D/PRDrmPlugInImp( 327): PRDRMPluginAPI::GetConstraints, path: playready://EAMAAAEAAQAGAzwAVwBSAE0ASABFAEEARABFAFIAIAB4AG0AbABuAHMAPQAiAGgAdAB0AHAAOgAvAC8AcwBjAGgAZQBtAGEAcwAuAG0AaQBjAHIAbwBzAG8AZgB0AC4AYwBvAG0ALwBEAFIATQAvADIAMAAwADcALwAwADMALwBQAGwAYQB5AFIAZQBhAGQAeQBIAGUAYQBkAGUAcgAiACAAdgBlAHIAcwBpAG8AbgA9ACIANAAuADAALgAwAC4AMAAiAD4APABEAEEAVABBAD4APABQAFIATwBUAEUAQwBUAEkATgBGAE8APgA8AEsARQBZAEwARQBOAD4AMQA2ADwALwBLAEUAWQBMAEUATgA+ADwAQQBMAEcASQBEAD4AQQBFAFMAQwBUAFIAPAAvAEEATABHAEkARAA+ADwALwBQAFIATwBUAEUAQwBUAEkATgBGAE8APgA8AEsASQBEAD4AQwBzADMAegBiAG0ASgBFADkAawA2AHEAdgBYAFAAVQBhAFIAaQBpAFkAUQA9AD0APAAvAEsASQBEAD4APABDAEgARQBDAEsAUwBVAE0APgBxAGYAZABDADAAOABmAGsAVQAwAE0APQA8AC8AQwBIAEUAQwBLAFMAVQBNAD4APABMAEEAXwBVAFIATAA+AGgAdAB0AHAAcwA6AC8ALwBwAHIAbABzAC4AYQB0AHYALQBlAHUALgBhAG0AYQB6AG8AbgAuAGMAbwBtAC8AYwBkAHAAPAAvAEwAQQBfAFUAUgBMAD4APABDAFUAUwBUAE8ATQBBAFQAVABSAEkAQgBVAFQARQBTAD4APABJAEkAUwBfAEQAUgBNAF8AVgBFAFIAUwBJAE8ATgA+ADcALgAxAC4AMQA1ADYANQAuADQAPAAvAEkASQBTAF8ARABSAE0AXwBWAEUAUgBTAEkATwBOAD4APAAvAEMAVQBTAFQATwBNAEE
D/PRDrmPlugInImp( 327): GetConstraints, extractSessionInfo
D/PRDrmPlugInImp( 327): PRDRMPluginAPI::extractSessionInfo
D/PRDrmPlugInImp( 327): extractSessionInfo:: Persistent license session
D/PRDrmPlugInImp( 327): PRDRMPluginAPI::extract_info_from_data, size = 1124
D/PRDrmPlugInImp( 327): PRDRMPluginAPI::extract_info_from_data, drm_head_ptr = 0X4106ae66
D/PRDrmPlugInImp( 327): PRDRMPluginAPI::extract_info_from_data, drm_tail_ptr = 0X4106b294
D/PRDrmPlugInImp( 327): PRDRMPluginAPI::extract_info_from_data, drm_head_ptr[0-3] = 0X70, 0X6c, 0X61, 0X79
D/PRDrmPlugInImp( 327): PRDRMPluginAPI::extract_info_from_data, last 4 bytes of drm_head_ptr = 0X65, 0X61, 0X64, 0X79
D/PRDrmPlugInImp( 327): PRDRMPluginAPI::extract_info_from_data, *cnt = 1070
D/PRDrmPlugInImp( 327): extractSessionInfo:: Read drm header count = 1070
D/PRDrmPlugInImp( 327): PRDRMPluginAPI::extract_info_from_data, size = 1124
D/PRDrmPlugInImp( 327): PRDRMPluginAPI::extract_info_from_data, drm_head_ptr = 0X4106b2a6
D/PRDrmPlugInImp( 327): PRDRMPluginAPI::extract_info_from_data, drm_tail_ptr = 0X4106b2ae
D/PRDrmPlugInImp( 327): PRDRMPluginAPI::extract_info_from_data, drm_head_ptr[0-3] = 0X30, 0X30, 0X30, 0X30
D/PRDrmPlugInImp( 327): PRDRMPluginAPI::extract_info_from_data, last 4 bytes of drm_head_ptr = 0X30, 0X30, 0X30, 0X32
D/PRDrmPlugInImp( 327): PRDRMPluginAPI::extract_info_from_data, *cnt = 8
D/PRDrmPlugInImp( 327): extractSessionInfo:: Read app_ctx_id_len = 8, app_ctx_id_long = 2
D/PRDrmPlugInImp( 327): extractSessionInfo:: app_ctx_id = 2
D/PRDrmPlugInImp( 327): PRDRMPluginAPI::GetConstraints: Header is now: EAMAAAEAAQAGAzwAVwBSAE0ASABFAEEARABFAFIAIAB4AG0AbABuAHMAPQAiAGgAdAB0AHAAOgAvAC8AcwBjAGgAZQBtAGEAcwAuAG0AaQBjAHIAbwBzAG8AZgB0AC4AYwBvAG0ALwBEAFIATQAvADIAMAAwADcALwAwADMALwBQAGwAYQB5AFIAZQBhAGQAeQBIAGUAYQBkAGUAcgAiACAAdgBlAHIAcwBpAG8AbgA9ACIANAAuADAALgAwAC4AMAAiAD4APABEAEEAVABBAD4APABQAFIATwBUAEUAQwBUAEkATgBGAE8APgA8AEsARQBZAEwARQBOAD4AMQA2ADwALwBLAEUAWQBMAEUATgA+ADwAQQBMAEcASQBEAD4AQQBFAFMAQwBUAFIAPAAvAEEATABHAEkARAA+ADwALwBQAFIATwBUAEUAQwBUAEkATgBGAE8APgA8AEsASQBEAD4AQwBzADMAegBiAG0ASgBFADkAawA2AHEAdgBYAFAAVQBhAFIAaQBpAFkAUQA9AD0APAAvAEsASQBEAD4APABDAEgARQBDAEsAUwBVAE0APgBxAGYAZABDADAAOABmAGsAVQAwAE0APQA8AC8AQwBIAEUAQwBLAFMAVQBNAD4APABMAEEAXwBVAFIATAA+AGgAdAB0AHAAcwA6AC8ALwBwAHIAbABzAC4AYQB0AHYALQBlAHUALgBhAG0AYQB6AG8AbgAuAGMAbwBtAC8AYwBkAHAAPAAvAEwAQQBfAFUAUgBMAD4APABDAFUAUwBUAE8ATQBBAFQAVABSAEkAQgBVAFQARQBTAD4APABJAEkAUwBfAEQAUgBNAF8AVgBFAFIAUwBJAE8ATgA+ADcALgAxAC4AMQA1ADYANQAuADQAPAAvAEkASQBTAF8ARABSAE0AXwBWAEUAUgBTAEkATwBOAD4APAAvAEMAVQBTAFQATwBNAEEAVABUAFIA
D/PRDrmPlugInImp( 327): PRDRMPluginAPI::createSession
D/PRDrmPlugInImp( 327): createSession, app_ctx_id = 2
D/PlayReady( 327): playready_reinitialize starts!
D/PlayReady( 327): playready_reinitialize returns 0
D/PRDrmPlugInImp( 327): createSession:: the playready_reinitialize succeeds, and returns = 0X00000000
D/PRDrmPlugInImp( 327): GetConstraints:: the playready_initialize succeeds, and returns = 0X00000000
D/PlayReady( 327): playready_set_header starts!
D/PlayReady( 327): playready_set_header returned handle = 0
D/PlayReady( 327): playready_get_license_rights starts!
D/PlayReady( 327): playready_get_license_rights returned handle = 0
D/PRDrmPlugInImp( 327): GetConstraints:: licStateData.dwStreamId = 0
D/PRDrmPlugInImp( 327): GetConstraints:: licStateData.dwCategory = 4
D/PRDrmPlugInImp( 327): GetConstraints:: licStateData.dwNumCounts = 0
D/PRDrmPlugInImp( 327): GetConstraints:: licStateData.dwCount[0] = 0
D/PRDrmPlugInImp( 327): GetConstraints:: licStateData.dwCount[1] = 0
D/PRDrmPlugInImp( 327): GetConstraints:: licStateData.dwNumDates = 1
D/PRDrmPlugInImp( 327): GetConstraints:: licStateData.datetime[0].dwLowDateTime = 3703015424
D/PRDrmPlugInImp( 327): GetConstraints:: licStateData.datetime[0].dwHighDateTime = 30496056
D/PRDrmPlugInImp( 327): GetConstraints:: licStateData.datetime[1].dwLowDateTime = 0
D/PRDrmPlugInImp( 327): GetConstraints:: licStateData.datetime[1].dwHighDateTime = 0
D/PRDrmPlugInImp( 327): GetConstraints:: licStateData.dwVague = 3
D/PRDrmPlugInImp( 327): PRDRMPluginAPI::releaseSession, app_ctx_id = 2
D/PRDrmPlugIn( 327): PRDrmPlugin::onGetConstraints, lastError = 0X0
D/PRDrmPlugIn( 327): PRDrmPlugin::onGetConstraints, count[0] = 0X0
D/PRDrmPlugIn( 327): PRDrmPlugin::onGetConstraints, count[1] = 0X0
D/PRDrmPlugIn( 327): PRDrmPlugin::onGetConstraints, count[2] = 0X0
D/PRDrmPlugIn( 327): PRDrmPlugin::onGetConstraints, count[3] = 0X0
D/PRDrmPlugIn( 327): PRDrmPlugin::onGetConstraints, datetime[0] = 0Xdcb78800
D/PRDrmPlugIn( 327): PRDrmPlugin::onGetConstraints, datetime[1] = 0X1d15538
D/PRDrmPlugIn( 327): PRDrmPlugin::onGetConstraints, datetime[2] = 0X0
D/PRDrmPlugIn( 327): PRDrmPlugin::onGetConstraints, datetime[3] = 0X0
D/PRDrmPlugIn( 327): onGetConstraints: time_consumed = 55
V/AudioFlinger( 328): releasing 54 from 1000
V/AudioFlinger( 328): decremented refcount to 0
V/AudioFlinger( 328): purging stale effects
V/AudioFlinger( 328): remove track (4098) and delete from mixer
V/AudioFlinger( 328): PlaybackThread::Track destructor
V/AudioFlinger( 328): removeClient_l() pid 1000, tid 328, calling tid 328
I/AudioPolicyManagerALSA( 328): getDeviceForStrategy() speaker device not found for STRATEGY_SONIFICATION
I/AudioPolicyManagerALSA( 328): getDeviceForStrategy() speaker device not found for STRATEGY_SONIFICATION
I/AudioPolicyManagerALSA( 328): getDeviceForStrategy() speaker device not found for STRATEGY_SONIFICATION
V/AudioFlinger( 328): createTrack() sessionId: 0
V/AudioFlinger( 328): createTrack() lSessionId: 55
V/AudioFlinger( 328): AUDIO_OUTPUT_FLAG_FAST accepted: frameCount=4096 mFrameCount=256
V/AudioFlinger( 328): Track constructor name 4098, calling pid 1000
V/AudioFlinger( 328): sendPrioConfigEvent_l() num events 1 pid 1000, tid 6046 prio 2
V/AudioFlinger( 328): acquiring 55 from 1000
V/AudioFlinger( 328): added new entry for 55
V/AudioFlinger( 328): start(4098), calling pid 1000 session 55
V/AudioFlinger( 328): ? => ACTIVE (4098) on thread 0x400a5650
I/AudioPolicyManagerALSA( 328): getDeviceForStrategy() speaker device not found for STRATEGY_SONIFICATION
I/AudioPolicyManagerALSA( 328): getDeviceForStrategy() speaker device not found for STRATEGY_SONIFICATION
I/AudioPolicyManagerALSA( 328): getDeviceForStrategy() speaker device not found for STRATEGY_SONIFICATION
V/AudioFlinger( 328): mWaitWorkCV.broadcast
V/AudioFlinger( 328): processConfigEvents() remaining events 1
V/AudioFlinger( 328): stop(4098), calling pid 1000
V/AudioFlinger( 328): not stopping/stopped => stopping/stopped (4098) on thread 0x41e4b678
I/AudioPolicyManagerALSA( 328): getDeviceForStrategy() speaker device not found for STRATEGY_SONIFICATION
I/AudioPolicyManagerALSA( 328): getDeviceForStrategy() speaker device not found for STRATEGY_SONIFICATION
I/AudioStreamOutALSA( 328): AudioStreamOutALSA::latency() returned: latency=22
V/ALSAStreamOps( 328): getParameters() voip_flag=
V/AudioFlinger( 328): presentationComplete() reset: mPresentationCompleteFrames 57376 audioHalFrames 1056
I/AudioStreamOutALSA( 328): AudioStreamOutALSA::latency() returned: latency=22
V/ALSAStreamOps( 328): getParameters() voip_flag=
I/AudioStreamOutALSA( 328): AudioStreamOutALSA::latency() returned: latency=22
V/ALSAStreamOps( 328): getParameters() voip_flag=
V/AudioFlinger( 328): presentationComplete() session 55 complete: framesWritten 58368
V/AudioFlinger( 328): TrackBase::reset
I/AudioPolicyManagerALSA( 328): getDeviceForStrategy() speaker device not found for STRATEGY_SONIFICATION
I/AudioPolicyManagerALSA( 328): getDeviceForStrategy() speaker device not found for STRATEGY_SONIFICATION
I/AudioPolicyManagerALSA( 328): getDeviceForStrategy() speaker device not found for STRATEGY_SONIFICATION
V/AudioFlinger( 328): createTrack() sessionId: 0
V/AudioFlinger( 328): createTrack() lSessionId: 56
V/AudioFlinger( 328): AUDIO_OUTPUT_FLAG_FAST accepted: frameCount=4096 mFrameCount=256
V/AudioFlinger( 328): Track constructor name 4099, calling pid 1000
V/AudioFlinger( 328): sendPrioConfigEvent_l() num events 1 pid 1000, tid 6063 prio 2
V/AudioFlinger( 328): acquiring 56 from 1000
V/AudioFlinger( 328): added new entry for 56
V/AudioFlinger( 328): start(4099), calling pid 1000 session 56
V/AudioFlinger( 328): ? => ACTIVE (4099) on thread 0x400a5710
I/AudioPolicyManagerALSA( 328): getDeviceForStrategy() speaker device not found for STRATEGY_SONIFICATION
I/AudioPolicyManagerALSA( 328): getDeviceForStrategy() speaker device not found for STRATEGY_SONIFICATION
I/AudioPolicyManagerALSA( 328): getDeviceForStrategy() speaker device not found for STRATEGY_SONIFICATION
V/AudioFlinger( 328): mWaitWorkCV.broadcast
V/AudioFlinger( 328): releasing 55 from 1000
V/AudioFlinger( 328): decremented refcount to 0
V/AudioFlinger( 328): purging stale effects
V/AudioFlinger( 328): remove track (4098) and delete from mixer
V/AudioFlinger( 328): PlaybackThread::Track destructor
D/InputManager( 698): Activity onCreate received.
I/ActivityManager( 698): START u0 {act=android.intent.action.VIEW cat=[com.amazon.device.intent.category.LAUNCHER_MENU] flg=0x14000000 cmp=com.amazon.tv.launcher/.ui.MoviesActivity (has extras)} from pid 1353
W/ContextImpl( 698): Calling a method in the system process without a qualified user: android.app.ContextImpl.sendBroadcast:1353 com.android.server.am.ActivityStack.startActivityMayWait:3199 com.android.server.am.ActivityManagerService.startActivityAsUser:2539 com.android.server.am.ActivityManagerService.startActivity:2528 android.app.ActivityManagerNative.onTransact:141
V/AudioFlinger( 328): processConfigEvents() remaining events 1
I/InputManager-JNI( 698): 'setPointerCursor' Setting cursor mode: - 2.
V/AudioFlinger( 328): stop(4099), calling pid 1000
D/AivPlayAudioTunnel( 328): CAivPlayAudioTunnelPlayer::HandleFlush --> Flush called in INVALID state, ignoring
D/AivPlayCodec( 328): send_command_proxy[20] - OMX_CommandFlush
V/AudioFlinger( 328): not stopping/stopped => stopping/stopped (4099) on thread 0x41e4b678
D/AivPlayCore( 328): ProcessResponse - EVENT
D/AivPlayCodec( 328): Eventhandler event - 0, data1 1, data2 0
D/AivPlayVideo( 328): CAivPlayVideoPlayer::HandleFlush
D/AivPlayVR( 328): CAivPlayVideoRenderer::Flush Queue size 0
D/AivPlayVR( 328): CAivPlayVideoRenderer::ProcessFlush Queue size 0 w/ NativeWindow 0
D/AivPlayVR( 328): ProcessFlush - Done returning buffers to Video Player
D/AivPlayCodec( 328): Eventhandler event - 0, data1 1, data2 1
I/AudioPolicyManagerALSA( 328): getDeviceForStrategy() speaker device not found for STRATEGY_SONIFICATION
I/AudioPolicyManagerALSA( 328): getDeviceForStrategy() speaker device not found for STRATEGY_SONIFICATION
D/AivPlayCodec( 328): SendCommadResponse[20] - OMX_CommandFlush
D/AivPlayCodec( 328): SendCommadResponse[20] - OMX_CommandFlush input port flush done.
D/AivPlayCodec( 328): SendCommadResponse[20] - OMX_CommandFlush
D/AivPlayCodec( 328): SendCommadResponse[20] - OMX_CommandFlush output port flush done.
D/AivPlayCodec( 328): ProcessResponse - RENDERER_FLUSH_DONE
D/AivPlayCodec( 328): CAivPlayCodec::ProcessRenderFlush[20]
D/AivPlayCore( 328): ProcessResponse - EVENT
D/AivPlayCodec( 328): SendCommandProxy - OMX_CommandStateSet Cur State 2, Requested State 1
D/AivPlayAudioTunnel( 328): SendCommandProxy - OMX_CommandStateSet Cur State 2, Requested State 1
D/AivPlayCore( 328): Free_Buffer buf 0x41e60888 port 20
D/AivPlayVideo( 328): Free_Buffer buf 0x41e60888 Port 20
D/AivPlayCore( 328): ProcessResponse - FREE_BUFFER_DONE
D/AivPlayCore( 328): free_buffer: free buffer done returned 0
I/OMXNodeInstance( 328): OMX_FreeBuffer for buffer header 0x41e60888 successful
D/AivPlayCore( 328): Free_Buffer buf 0x41e60618 port 20
D/AivPlayVideo( 328): Free_Buffer buf 0x41e60618 Port 20
D/AivPlayVideo( 328): CAivPlayVideoPlayer::ProcessFreeBuffer - uInBufCnt 1, bufHdr 0x400a6db8
D/AivPlayCore( 328): ProcessResponse - FREE_BUFFER_DONE
D/AivPlayVideo( 328): CAivPlayVideoPlayer::ProcessFreeBuffer - uInBufCnt 2, bufHdr 0x400a6e08
D/AivPlayCore( 328): free_buffer: free buffer done returned 0
I/OMXNodeInstance( 328): OMX_FreeBuffer for buffer header 0x41e60618 successful
D/AivPlayVideo( 328): Freeing output buffer for PlayerCore Port 20, bufhdr 0x40060600
D/AivPlayCore( 328): Free_Buffer buf 0x40063948 port 10
D/AivPlayVideo( 328): CAivPlayVideoPlayer::FreeOutputBuffer 0x40060600
D/AivPlayVR( 328): FreeNativeBuffer header 0x40060600, native 0x41e606f4
D/AivPlayCore( 328): ProcessResponse - FREE_BUFFER_DONE
D/AivPlayCore( 328): free_buffer: free buffer done returned 0
I/OMXNodeInstance( 328): OMX_FreeBuffer for buffer header 0x40063948 successful
D/AivPlayCore( 328): Free_Buffer buf 0x41e5f0a0 port 10
D/AivPlayCodec( 328): CAivPlayCodec::FreeOutputBuffer 0x40060600
D/AivPlayCore( 328): ProcessResponse - FREE_BUFFER_DONE
D/AivPlayCore( 328): free_buffer: free buffer done returned 0
I/OMXNodeInstance( 328): OMX_FreeBuffer for buffer header 0x41e5f0a0 successful
D/AivPlayVideo( 328): Freeing output buffer for PlayerCore Port 20, bufhdr 0x40060650
D/AivPlayVideo( 328): CAivPlayVideoPlayer::FreeOutputBuffer 0x40060650
D/AivPlayVR( 328): FreeNativeBuffer header 0x40060650, native 0x40602b14
D/AivPlayCodec( 328): CAivPlayCodec::FreeOutputBuffer 0x40060650
D/AivPlayCore( 328): Free_Buffer buf 0x41e48f68 port 10
D/AivPlayVideo( 328): Freeing output buffer for PlayerCore Port 20, bufhdr 0x400606a0
D/AivPlayVideo( 328): CAivPlayVideoPlayer::FreeOutputBuffer 0x400606a0
D/AivPlayVR( 328): FreeNativeBuffer header 0x400606a0, native 0x415a593c
D/AivPlayCodec( 328): CAivPlayCodec::FreeOutputBuffer 0x400606a0
D/AivPlayVideo( 328): Freeing output buffer for PlayerCore Port 20, bufhdr 0x400606f0
D/AivPlayVideo( 328): CAivPlayVideoPlayer::FreeOutputBuffer 0x400606f0
D/AivPlayVR( 328): FreeNativeBuffer header 0x400606f0, native 0x41e62ce4
D/AivPlayCore( 328): ProcessResponse - FREE_BUFFER_DONE
D/AivPlayCore( 328): free_buffer: free buffer done returned 0
D/AivPlayCodec( 328): CAivPlayCodec::FreeOutputBuffer 0x400606f0
D/AivPlayVideo( 328): Freeing output buffer for PlayerCore Port 20, bufhdr 0x40060740
D/AivPlayVideo( 328): CAivPlayVideoPlayer::FreeOutputBuffer 0x40060740
D/AivPlayVR( 328): FreeNativeBuffer header 0x40060740, native 0x41e62e2c
I/OMXNodeInstance( 328): OMX_FreeBuffer for buffer header 0x41e48f68 successful
D/AivPlayCodec( 328): CAivPlayCodec::FreeOutputBuffer 0x40060740
D/AivPlayVideo( 328): Freeing output buffer for PlayerCore Port 20, bufhdr 0x40060790
D/AivPlayVideo( 328): CAivPlayVideoPlayer::FreeOutputBuffer 0x40060790
D/AivPlayVR( 328): FreeNativeBuffer header 0x40060790, native 0x41e49154
D/AivPlayCore( 328): Free_Buffer buf 0x415a5808 port 10
D/AivPlayCodec( 328): CAivPlayCodec::FreeOutputBuffer 0x40060790
D/AivPlayVideo( 328): Freeing output buffer for PlayerCore Port 20, bufhdr 0x400607e0
D/AivPlayVideo( 328): CAivPlayVideoPlayer::FreeOutputBuffer 0x400607e0
D/AivPlayVR( 328): FreeNativeBuffer header 0x400607e0, native 0x41b86e64
D/AivPlayAudioTunnel( 328): All buffers are freed, move to Loaded State
D/AivPlayAudioTunnel( 328): setState 1 Notify 1
D/AivPlayCore( 328): ProcessResponse - FREE_BUFFER_DONE
D/AivPlayCore( 328): ProcessResponse - EVENT
D/AivPlayCore( 328): ProcessSendCommandResponse: OMX_CommandStateSet port 10
D/AivPlayCore( 328): Response from Audio Received
D/AivPlayCore( 328): free_buffer: free buffer done returned 0
I/OMXNodeInstance( 328): OMX_FreeBuffer for buffer header 0x415a5808 successful
D/AivPlayCodec( 328): CAivPlayCodec::FreeOutputBuffer 0x400607e0
D/AivPlayVideo( 328): Freeing output buffer for PlayerCore Port 20, bufhdr 0x40060830
D/AivPlayVideo( 328): CAivPlayVideoPlayer::FreeOutputBuffer 0x40060830
D/AivPlayVR( 328): FreeNativeBuffer header 0x40060830, native 0x400d4a24
D/AivPlayCodec( 328): CAivPlayCodec::FreeOutputBuffer 0x40060830
D/AivPlayVideo( 328): Freeing output buffer for PlayerCore Port 20, bufhdr 0x40060880
D/AivPlayVideo( 328): CAivPlayVideoPlayer::FreeOutputBuffer 0x40060880
D/AivPlayVR( 328): FreeNativeBuffer header 0x40060880, native 0x400d4bb4
D/AivPlayCodec( 328): CAivPlayCodec::FreeOutputBuffer 0x40060880
D/AivPlayVideo( 328): Freeing output buffer for PlayerCore Port 20, bufhdr 0x400608d0
D/AivPlayVideo( 328): CAivPlayVideoPlayer::FreeOutputBuffer 0x400608d0
D/AivPlayVR( 328): FreeNativeBuffer header 0x400608d0, native 0x400d4d44
D/AivPlayCodec( 328): CAivPlayCodec::FreeOutputBuffer 0x400608d0
D/AivPlayVideo( 328): Freeing output buffer for PlayerCore Port 20, bufhdr 0x40060920
D/AivPlayVideo( 328): CAivPlayVideoPlayer::FreeOutputBuffer 0x40060920
D/AivPlayVR( 328): FreeNativeBuffer header 0x40060920, native 0x400d4ed4
D/AivPlayCodec( 328): CAivPlayCodec::FreeOutputBuffer 0x40060920
D/AivPlayVideo( 328): Freeing output buffer for PlayerCore Port 20, bufhdr 0x40060970
D/AivPlayVideo( 328): CAivPlayVideoPlayer::FreeOutputBuffer 0x40060970
D/AivPlayVR( 328): FreeNativeBuffer header 0x40060970, native 0x40060e7c
D/AivPlayCodec( 328): CAivPlayCodec::FreeOutputBuffer 0x40060970
D/AivPlayVideo( 328): Freeing output buffer for PlayerCore Port 20, bufhdr 0x400609c0
D/AivPlayVideo( 328): CAivPlayVideoPlayer::FreeOutputBuffer 0x400609c0
D/AivPlayVR( 328): FreeNativeBuffer header 0x400609c0, native 0x4006100c
D/AivPlayCodec( 328): CAivPlayCodec::FreeOutputBuffer 0x400609c0
D/AivPlayVideo( 328): Freeing output buffer for PlayerCore Port 20, bufhdr 0x40060a10
D/AivPlayVideo( 328): CAivPlayVideoPlayer::FreeOutputBuffer 0x40060a10
D/AivPlayVR( 328): FreeNativeBuffer header 0x40060a10, native 0x4006119c
D/AivPlayCodec( 328): CAivPlayCodec::FreeOutputBuffer 0x40060a10
D/AivPlayVideo( 328): Freeing output buffer for PlayerCore Port 20, bufhdr 0x40060a60
D/AivPlayVideo( 328): CAivPlayVideoPlayer::FreeOutputBuffer 0x40060a60
D/AivPlayVR( 328): FreeNativeBuffer header 0x40060a60, native 0x4006132c
D/AivPlayCodec( 328): CAivPlayCodec::FreeOutputBuffer 0x40060a60
D/AivPlayVideo( 328): Freeing output buffer for PlayerCore Port 20, bufhdr 0x40060ab0
D/AivPlayVideo( 328): CAivPlayVideoPlayer::FreeOutputBuffer 0x40060ab0
D/AivPlayVR( 328): FreeNativeBuffer header 0x40060ab0, native 0x4006272c
D/AivPlayCodec( 328): CAivPlayCodec::FreeOutputBuffer 0x40060ab0
D/AivPlayVideo( 328): Freeing output buffer for PlayerCore Port 20, bufhdr 0x40060b00
D/AivPlayVideo( 328): CAivPlayVideoPlayer::FreeOutputBuffer 0x40060b00
D/AivPlayVR( 328): FreeNativeBuffer header 0x40060b00, native 0x400628bc
D/AivPlayCodec( 328): CAivPlayCodec::FreeOutputBuffer 0x40060b00
D/AivPlayVideo( 328): Freeing output buffer for PlayerCore Port 20, bufhdr 0x40060b50
D/AivPlayVideo( 328): CAivPlayVideoPlayer::FreeOutputBuffer 0x40060b50
D/AivPlayVR( 328): FreeNativeBuffer header 0x40060b50, native 0x40062a4c
D/AivPlayCodec( 328): CAivPlayCodec::FreeOutputBuffer 0x40060b50
D/AivPlayVideo( 328): Freeing output buffer for PlayerCore Port 20, bufhdr 0x40060ba0
D/AivPlayVideo( 328): CAivPlayVideoPlayer::FreeOutputBuffer 0x40060ba0
D/AivPlayVR( 328): FreeNativeBuffer header 0x40060ba0, native 0x40062bdc
D/AivPlayCodec( 328): CAivPlayCodec::FreeOutputBuffer 0x40060ba0
D/AivPlayVideo( 328): Freeing output buffer for PlayerCore Port 20, bufhdr 0x40060bf0
D/AivPlayVideo( 328): CAivPlayVideoPlayer::FreeOutputBuffer 0x40060bf0
D/AivPlayVR( 328): FreeNativeBuffer header 0x40060bf0, native 0x400a51a4
D/AivPlayCodec( 328): CAivPlayCodec::FreeOutputBuffer 0x40060bf0
D/AivPlayVideo( 328): Freeing output buffer for PlayerCore Port 20, bufhdr 0x40060c40
D/AivPlayVideo( 328): CAivPlayVideoPlayer::FreeOutputBuffer 0x40060c40
D/AivPlayVR( 328): FreeNativeBuffer header 0x40060c40, native 0x400a5334
D/AivPlayCodec( 328): CAivPlayCodec::FreeOutputBuffer 0x40060c40
D/AivPlayVideo( 328): Freeing output buffer for PlayerCore Port 20, bufhdr 0x40060c90
D/AivPlayVideo( 328): CAivPlayVideoPlayer::FreeOutputBuffer 0x40060c90
D/AivPlayVR( 328): FreeNativeBuffer header 0x40060c90, native 0x400a54c4
D/AivPlayCodec( 328): CAivPlayCodec::FreeOutputBuffer 0x40060c90
D/AivPlayCodec( 328): Eventhandler event - 0, data1 0, data2 1
D/AivPlayCodec( 328): SendCommadResponse OMX_CommandStateSet - Port 20, Confirmed State 1
D/AivPlayCore( 328): ProcessResponse - EVENT
D/AivPlayCore( 328): ProcessSendCommandResponse: OMX_CommandStateSet port 20
D/AivPlayCore( 328): Response from Video Received
D/AivPlayCore( 328): HandleStateTransition: Component requested to move from Idle to Loaded
D/AivPlayCore( 328): COMXAivPlayCore::FreeResource
D/AivPlayCore( 328): COMXAivPlayCore::ProcessDeinit - found Audio
D/AivPlayCore( 328): COMXAivPlayCore::ProcessDeinit -setting wait flag for audio
I/AivPlayCore( 328): HandleStateTransition Transitioning component from Idle->Loaded setting aiv system property sys.aiv_playback to off ret 0
D/AivPlayCore( 328): HandleStateTransition: current state 2, next state 1, bRet 1
D/AivPlayCore( 328): Handling state tranisition
D/AivPlayCore( 328): ProcessResponse - DEINIT_DONE
D/AivPlayCore( 328): COMXAivPlayCore::ProcessDeinitResp for Port 10
D/AivPlayCore( 328): ProcessDeinitResp: Audio Confrimed Deinit
D/AivPlaySvr( 328): omx_aivplay_thread_stop stop server
D/AivPlaySvr( 328): omx_aivplay_msg: message thread stop
D/AivPlaySvr( 328): AudioTunnelPlayerThread: message thread close fds-1 -1
D/AivPlayCore( 328): COMXAivPlayCore::ProcessDeinitResp - found Video
D/AivPlayCodec( 328): CAivPlayCodec::deinit
D/AivPlayCore( 328): COMXAivPlayCore::ProcessDeinitResp -setting wait flag for video
D/AivPlayCodec( 328): CAivPlayCodec::ProcessDeinit Port 20
D/AivPlayVideo( 328): CAivPlayVideoPlayer::HandleDeInit
D/SessionManagerService( 2088): Received intent: #Intent;action=qualcomm.intent.action.SECURE_END;launchFlags=0x10;end
I/Kernel ( 346): <6>[ 298.125305] msm_vidc_dec: Inside vid_dec_release_secure()
I/Kernel ( 346): <3>[ 298.139282] Unsecuring....
I/AudioStreamOutALSA( 328): AudioStreamOutALSA::latency() returned: latency=22
V/ALSAStreamOps( 328): getParameters() voip_flag=
V/AudioFlinger( 328): presentationComplete() reset: mPresentationCompleteFrames 121888 audioHalFrames 1056
E/ ( 328):
E/ ( 328): Destroy C2D instance
E/ ( 328):
E/ ( 328): Destroy C2D instance
D/AivPlayCodec( 328): CAivPlayCodec::ProcessDeinit - OMX_FreeHandle Done
D/AivPlayCore( 328): ProcessResponse - DEINIT_DONE
D/AivPlayCore( 328): COMXAivPlayCore::ProcessDeinitResp for Port 20
D/AivPlayCore( 328): ProcessDeinitResp: Video Confrimed Deinit
D/AivPlayFrmAsmblr( 328): Destroying FrameAssembler
D/AivPlaySvr( 328): omx_aivplay_thread_stop stop server
D/AivPlaySvr( 328): omx_aivplay_msg: message thread stop
D/AivPlaySvr( 328): AivPlayVRTh: message thread close fds-1 -1
D/AivPlayVR( 328): display_perf_boost_off
D/AivPlayCodec( 328): CAivPlayCodec::~CAivPlayCodec
D/AivPlaySvr( 328): omx_aivplay_thread_stop stop server
D/AivPlaySvr( 328): omx_aivplay_msg: message thread stop
D/AivPlaySvr( 328): VideoPlayerThread: message thread close fds-1 -1
D/AivPlayCodec( 328): CAivPlayCodec::UnLoadOmxCore port 20
D/AivPlayCodec( 328): UnLoadOmxCore: closing the omx core library
D/AivPlayCore( 328): ProcessDeinitResp clear secure flag
D/AivPlayCore( 328): COMXAivPlayCore::ProcessDeinitResp Deinit Done
D/AivPlayCore( 328): COMXAivPlayCore::ProcessDeinitResp moving to Loaded state
D/AivPlayCore( 328): SetState 2 --> 1
D/SessionManagerService( 2088): Received intent: #Intent;action=qualcomm.intent.action.SECURE_END_DONE;launchFlags=0x10;end
I/AudioStreamOutALSA( 328): AudioStreamOutALSA::latency() returned: latency=22
V/ALSAStreamOps( 328): getParameters() voip_flag=
I/AudioStreamOutALSA( 328): AudioStreamOutALSA::latency() returned: latency=22
V/ALSAStreamOps( 328): getParameters() voip_flag=
V/AudioFlinger( 328): presentationComplete() session 56 complete: framesWritten 122880
V/AudioFlinger( 328): TrackBase::reset
V/AudioFlinger( 328): createTrack() sessionId: 0
V/AudioFlinger( 328): createTrack() lSessionId: 57
V/AudioFlinger( 328): AUDIO_OUTPUT_FLAG_FAST denied: isTimed=0 sharedBuffer=0x0 frameCount=3763 mFrameCount=256 format=1 isLinear=1 channelMask=0x1 sampleRate=44100 mSampleRate=48000 hasFastMixer=1 tid=6076 fastTrackAvailMask=0xfa
I/AudioStreamOutALSA( 328): AudioStreamOutALSA::latency() returned: latency=22
V/AudioFlinger( 328): Track constructor name 4098, calling pid 698
V/AudioFlinger( 328): acquiring 57 from 698
V/AudioFlinger( 328): added new entry for 57
V/AudioFlinger( 328): start(4098), calling pid 698 session 57
V/AudioFlinger( 328): ? => ACTIVE (4098) on thread 0x41e63058
V/AudioFlinger( 328): mWaitWorkCV.broadcast
V/AudioFlinger( 328): releasing 49 from 698
V/AudioFlinger( 328): decremented refcount to 0
V/AudioFlinger( 328): purging stale effects
V/AudioFlinger( 328): remove track (4096) and delete from mixer
V/AudioFlinger( 328): PlaybackThread::Track destructor
V/AudioFlinger( 328): getNextBuffer() no more data for track 4098 on thread 0x41e4b678
V/AudioFlinger( 328): stop(4098), calling pid 698
V/AudioFlinger( 328): not stopping/stopped => stopping/stopped (4098) on thread 0x41e4b678
I/AudioStreamOutALSA( 328): AudioStreamOutALSA::latency() returned: latency=22
V/ALSAStreamOps( 328): getParameters() voip_flag=
V/AudioFlinger( 328): presentationComplete() reset: mPresentationCompleteFrames 176128 audioHalFrames 3072
I/AudioStreamOutALSA( 328): AudioStreamOutALSA::latency() returned: latency=22
V/ALSAStreamOps( 328): getParameters() voip_flag=
I/AudioStreamOutALSA( 328): AudioStreamOutALSA::latency() returned: latency=22
V/ALSAStreamOps( 328): getParameters() voip_flag=
I/AudioStreamOutALSA( 328): AudioStreamOutALSA::latency() returned: latency=22
V/ALSAStreamOps( 328): getParameters() voip_flag=
I/AudioStreamOutALSA( 328): AudioStreamOutALSA::latency() returned: latency=22
V/ALSAStreamOps( 328): getParameters() voip_flag=
I/AudioStreamOutALSA( 328): AudioStreamOutALSA::latency() returned: latency=22
V/ALSAStreamOps( 328): getParameters() voip_flag=
V/AudioFlinger( 328): presentationComplete() session 57 complete: framesWritten 176128
V/AudioFlinger( 328): TrackBase::reset
I/ActivityManager( 698): START u0 {act=android.intent.action.VIEW cat=[com.amazon.device.intent.category.LAUNCHER_MENU] flg=0x14000000 cmp=com.amazon.tv.launcher/.ui.SearchMenuActivity (has extras)} from pid 1353
D/dalvikvm( 698): GC_FOR_ALLOC freed 1797K, 25% free 11444K/15060K, paused 55ms, total 55ms
D/InputManager( 698): Activity onCreate received.
W/ContextImpl( 698): Calling a method in the system process without a qualified user: android.app.ContextImpl.sendBroadcast:1353 com.android.server.am.ActivityStack.startActivityMayWait:3199 com.android.server.am.ActivityManagerService.startActivityAsUser:2539 com.android.server.am.ActivityManagerService.startActivity:2528 android.app.ActivityManagerNative.onTransact:141
I/InputManager-JNI( 698): 'setPointerCursor' Setting cursor mode: - 2.
D/MediaExtractor( 328): returning default extractor
D/ ( 328): MPQ Mime Type: audio/raw, getMPQObjectsAlive = 0
I/ ( 328): MPQ Audio Enabled - MPQ Audio Player
D/ ( 328): Use tunnel player only for AUDIO_STREAM_MUSIC
D/ ( 328): Set Audio Track as Audio Source
D/ ( 328): MPQ Audio Player
D/ ( 328): MPQ Audio player created for mime audio/raw duration 342083
W/ ( 328): Trying to create tunnel player mIsTunnelAudio 0, LPAPlayer::objectsAlive 0, TunnelPlayer::mTunnelObjectsAlive = 0, (mAudioPlayer == NULL) 0
E/ ( 328): Audio Player set source
W/MPQAudioPlayer( 328): Sw Decoder
I/InputManager-JNI( 698): 'setPointerCursor' Setting cursor mode: - 2.
W/ContextImpl( 698): Calling a method in the system process without a qualified user: android.app.ContextImpl.sendBroadcast:1353 com.android.server.am.ActivityManagerService.activityResumed:4552 android.app.ActivityManagerNative.onTransact:420 com.android.server.am.ActivityManagerService.onTransact:1720 android.os.Binder.execTransact:351
D/MediaExtractor( 328): returning default extractor
D/ ( 328): MPQ Mime Type: audio/raw, getMPQObjectsAlive = 0
I/ ( 328): MPQ Audio Enabled - MPQ Audio Player
D/ ( 328): Use tunnel player only for AUDIO_STREAM_MUSIC
D/ ( 328): Set Audio Track as Audio Source
D/ ( 328): MPQ Audio Player
D/ ( 328): MPQ Audio player created for mime audio/raw duration 54833
W/ ( 328): Trying to create tunnel player mIsTunnelAudio 0, LPAPlayer::objectsAlive 0, TunnelPlayer::mTunnelObjectsAlive = 0, (mAudioPlayer == NULL) 0
E/ ( 328): Audio Player set source
W/MPQAudioPlayer( 328): Sw Decoder
D/MediaExtractor( 328): returning default extractor
D/ ( 328): MPQ Mime Type: audio/raw, getMPQObjectsAlive = 0
I/ ( 328): MPQ Audio Enabled - MPQ Audio Player
D/ ( 328): Use tunnel player only for AUDIO_STREAM_MUSIC
D/ ( 328): Set Audio Track as Audio Source
D/ ( 328): MPQ Audio Player
D/ ( 328): MPQ Audio player created for mime audio/raw duration 259854
W/ ( 328): Trying to create tunnel player mIsTunnelAudio 0, LPAPlayer::objectsAlive 0, TunnelPlayer::mTunnelObjectsAlive = 0, (mAudioPlayer == NULL) 0
E/ ( 328): Audio Player set source
W/MPQAudioPlayer( 328): Sw Decoder
V/AudioFlinger( 328): releasing 56 from 1000
V/AudioFlinger( 328): decremented refcount to 0
V/AudioFlinger( 328): purging stale effects
V/AudioFlinger( 328): remove track (4099) and delete from mixer
V/AudioFlinger( 328): PlaybackThread::Track destructor
V/AudioFlinger( 328): removeClient_l() pid 1000, tid 722, calling tid 328
V/AudioFlinger( 328): createTrack() sessionId: 0
V/AudioFlinger( 328): createTrack() lSessionId: 58
V/AudioFlinger( 328): AUDIO_OUTPUT_FLAG_FAST denied: isTimed=0 sharedBuffer=0x0 frameCount=3763 mFrameCount=256 format=1 isLinear=1 channelMask=0x1 sampleRate=44100 mSampleRate=48000 hasFastMixer=1 tid=6119 fastTrackAvailMask=0xfe
I/AudioStreamOutALSA( 328): AudioStreamOutALSA::latency() returned: latency=22
V/AudioFlinger( 328): Track constructor name 4096, calling pid 698
V/AudioFlinger( 328): acquiring 58 from 698
V/AudioFlinger( 328): added new entry for 58
V/AudioFlinger( 328): start(4096), calling pid 698 session 58
V/AudioFlinger( 328): ? => ACTIVE (4096) on thread 0x406026b8
V/AudioFlinger( 328): mWaitWorkCV.broadcast
V/AudioFlinger( 328): releasing 57 from 698
V/AudioFlinger( 328): decremented refcount to 0
V/AudioFlinger( 328): purging stale effects
V/AudioFlinger( 328): remove track (4098) and delete from mixer
V/AudioFlinger( 328): PlaybackThread::Track destructor
V/AudioFlinger( 328): getNextBuffer() no more data for track 4096 on thread 0x41e4b678
V/AudioFlinger( 328): stop(4096), calling pid 698
V/AudioFlinger( 328): not stopping/stopped => stopping/stopped (4096) on thread 0x41e4b678
I/AudioStreamOutALSA( 328): AudioStreamOutALSA::latency() returned: latency=22
V/ALSAStreamOps( 328): getParameters() voip_flag=
V/AudioFlinger( 328): presentationComplete() reset: mPresentationCompleteFrames 240640 audioHalFrames 3072
I/AudioStreamOutALSA( 328): AudioStreamOutALSA::latency() returned: latency=22
V/ALSAStreamOps( 328): getParameters() voip_flag=
I/AudioStreamOutALSA( 328): AudioStreamOutALSA::latency() returned: latency=22
V/ALSAStreamOps( 328): getParameters() voip_flag=
I/AudioStreamOutALSA( 328): AudioStreamOutALSA::latency() returned: latency=22
V/ALSAStreamOps( 328): getParameters() voip_flag=
I/AudioStreamOutALSA( 328): AudioStreamOutALSA::latency() returned: latency=22
V/ALSAStreamOps( 328): getParameters() voip_flag=
I/AudioStreamOutALSA( 328): AudioStreamOutALSA::latency() returned: latency=22
V/ALSAStreamOps( 328): getParameters() voip_flag=
V/AudioFlinger( 328): presentationComplete() session 58 complete: framesWritten 240640
V/AudioFlinger( 328): TrackBase::reset
I/ActivityManager( 698): START u0 {act=android.intent.action.VIEW cat=[com.amazon.device.intent.category.LAUNCHER_MENU] flg=0x14000000 cmp=com.amazon.tv.launcher/.ui.HomeActivity (has extras)} from pid 1353
D/dalvikvm( 698): GC_FOR_ALLOC freed 498K, 25% free 11428K/15060K, paused 43ms, total 43ms
D/InputManager( 698): Activity onCreate received.
W/ContextImpl( 698): Calling a method in the system process without a qualified user: android.app.ContextImpl.sendBroadcast:1353 com.android.server.am.ActivityStack.startActivityMayWait:3199 com.android.server.am.ActivityManagerService.startActivityAsUser:2539 com.android.server.am.ActivityManagerService.startActivity:2528 android.app.ActivityManagerNative.onTransact:141
D/MediaExtractor( 328): returning default extractor
D/ ( 328): MPQ Mime Type: audio/raw, getMPQObjectsAlive = 0
I/ ( 328): MPQ Audio Enabled - MPQ Audio Player
D/ ( 328): Use tunnel player only for AUDIO_STREAM_MUSIC
D/ ( 328): Set Audio Track as Audio Source
D/ ( 328): MPQ Audio Player
D/ ( 328): MPQ Audio player created for mime audio/raw duration 342083
W/ ( 328): Trying to create tunnel player mIsTunnelAudio 0, LPAPlayer::objectsAlive 0, TunnelPlayer::mTunnelObjectsAlive = 0, (mAudioPlayer == NULL) 0
E/ ( 328): Audio Player set source
W/MPQAudioPlayer( 328): Sw Decoder
D/MediaExtractor( 328): returning default extractor
D/ ( 328): MPQ Mime Type: audio/raw, getMPQObjectsAlive = 0
I/ ( 328): MPQ Audio Enabled - MPQ Audio Player
D/ ( 328): Use tunnel player only for AUDIO_STREAM_MUSIC
D/ ( 328): Set Audio Track as Audio Source
D/ ( 328): MPQ Audio Player
D/ ( 328): MPQ Audio player created for mime audio/raw duration 54833
W/ ( 328): Trying to create tunnel player mIsTunnelAudio 0, LPAPlayer::objectsAlive 0, TunnelPlayer::mTunnelObjectsAlive = 0, (mAudioPlayer == NULL) 0
E/ ( 328): Audio Player set source
W/MPQAudioPlayer( 328): Sw Decoder
I/InputManager-JNI( 698): 'setPointerCursor' Setting cursor mode: - 2.
I/InputManager-JNI( 698): 'setPointerCursor' Setting cursor mode: - 2.
W/ContextImpl( 698): Calling a method in the system process without a qualified user: android.app.ContextImpl.sendBroadcast:1353 com.android.server.am.ActivityManagerService.activityResumed:4552 android.app.ActivityManagerNative.onTransact:420 com.android.server.am.ActivityManagerService.onTransact:1720 android.os.Binder.execTransact:351
D/MediaExtractor( 328): returning default extractor
D/ ( 328): MPQ Mime Type: audio/raw, getMPQObjectsAlive = 0
I/ ( 328): MPQ Audio Enabled - MPQ Audio Player
D/ ( 328): Use tunnel player only for AUDIO_STREAM_MUSIC
D/ ( 328): Set Audio Track as Audio Source
D/ ( 328): MPQ Audio Player
D/ ( 328): MPQ Audio player created for mime audio/raw duration 259854
W/ ( 328): Trying to create tunnel player mIsTunnelAudio 0, LPAPlayer::objectsAlive 0, TunnelPlayer::mTunnelObjectsAlive = 0, (mAudioPlayer == NULL) 0
E/ ( 328): Audio Player set source
W/MPQAudioPlayer( 328): Sw Decoder
V/AudioFlinger( 328): createTrack() sessionId: 0
V/AudioFlinger( 328): createTrack() lSessionId: 59
V/AudioFlinger( 328): AUDIO_OUTPUT_FLAG_FAST denied: isTimed=0 sharedBuffer=0x0 frameCount=3763 mFrameCount=256 format=1 isLinear=1 channelMask=0x1 sampleRate=44100 mSampleRate=48000 hasFastMixer=1 tid=6159 fastTrackAvailMask=0xfe
I/AudioStreamOutALSA( 328): AudioStreamOutALSA::latency() returned: latency=22
V/AudioFlinger( 328): Track constructor name 4098, calling pid 698
V/AudioFlinger( 328): acquiring 59 from 698
V/AudioFlinger( 328): added new entry for 59
V/AudioFlinger( 328): start(4098), calling pid 698 session 59
V/AudioFlinger( 328): ? => ACTIVE (4098) on thread 0x41e63058
V/AudioFlinger( 328): mWaitWorkCV.broadcast
V/AudioFlinger( 328): releasing 58 from 698
V/AudioFlinger( 328): decremented refcount to 0
V/AudioFlinger( 328): purging stale effects
V/AudioFlinger( 328): remove track (4096) and delete from mixer
V/AudioFlinger( 328): PlaybackThread::Track destructor
D/InputManager( 698): Activity onCreate received.
I/InputManager-JNI( 698): 'setPointerCursor' Setting cursor mode: - 2.
I/ActivityManager( 698): START u0 {act=android.intent.action.VIEW cat=[com.amazon.device.intent.category.LAUNCHER_MENU] flg=0x14000000 cmp=com.amazon.tv.launcher/.ui.HomeActivity (has extras)} from pid 1353
W/ContextImpl( 698): Calling a method in the system process without a qualified user: android.app.ContextImpl.sendBroadcast:1353 com.android.server.am.ActivityStack.startActivityMayWait:3199 com.android.server.am.ActivityManagerService.startActivityAsUser:2539 com.android.server.am.ActivityManagerService.startActivity:2528 android.app.ActivityManagerNative.onTransact:141
V/AudioFlinger( 328): getNextBuffer() no more data for track 4098 on thread 0x41e4b678
V/AudioFlinger( 328): stop(4098), calling pid 698
V/AudioFlinger( 328): not stopping/stopped => stopping/stopped (4098) on thread 0x41e4b678
I/AudioStreamOutALSA( 328): AudioStreamOutALSA::latency() returned: latency=22
V/ALSAStreamOps( 328): getParameters() voip_flag=
V/AudioFlinger( 328): presentationComplete() reset: mPresentationCompleteFrames 282624 audioHalFrames 3072
I/AudioStreamOutALSA( 328): AudioStreamOutALSA::latency() returned: latency=22
V/ALSAStreamOps( 328): getParameters() voip_flag=
I/AudioStreamOutALSA( 328): AudioStreamOutALSA::latency() returned: latency=22
V/ALSAStreamOps( 328): getParameters() voip_flag=
I/AudioStreamOutALSA( 328): AudioStreamOutALSA::latency() returned: latency=22
V/ALSAStreamOps( 328): getParameters() voip_flag=
I/AudioStreamOutALSA( 328): AudioStreamOutALSA::latency() returned: latency=22
V/ALSAStreamOps( 328): getParameters() voip_flag=
I/AudioStreamOutALSA( 328): AudioStreamOutALSA::latency() returned: latency=22
V/ALSAStreamOps( 328): getParameters() voip_flag=
V/AudioFlinger( 328): presentationComplete() session 59 complete: framesWritten 282624
V/AudioFlinger( 328): TrackBase::reset
V/AudioFlinger( 328): createTrack() sessionId: 0
V/AudioFlinger( 328): createTrack() lSessionId: 60
V/AudioFlinger( 328): AUDIO_OUTPUT_FLAG_FAST denied: isTimed=0 sharedBuffer=0x0 frameCount=3763 mFrameCount=256 format=1 isLinear=1 channelMask=0x1 sampleRate=44100 mSampleRate=48000 hasFastMixer=1 tid=6166 fastTrackAvailMask=0xfe
I/AudioStreamOutALSA( 328): AudioStreamOutALSA::latency() returned: latency=22
V/AudioFlinger( 328): Track constructor name 4096, calling pid 698
V/AudioFlinger( 328): acquiring 60 from 698
V/AudioFlinger( 328): added new entry for 60
V/AudioFlinger( 328): start(4096), calling pid 698 session 60
V/AudioFlinger( 328): ? => ACTIVE (4096) on thread 0x406026b8
V/AudioFlinger( 328): mWaitWorkCV.broadcast
V/AudioFlinger( 328): releasing 59 from 698
V/AudioFlinger( 328): decremented refcount to 0
V/AudioFlinger( 328): purging stale effects
V/AudioFlinger( 328): remove track (4098) and delete from mixer
V/AudioFlinger( 328): PlaybackThread::Track destructor
V/AudioFlinger( 328): getNextBuffer() no more data for track 4096 on thread 0x41e4b678
V/AudioFlinger( 328): stop(4096), calling pid 698
V/AudioFlinger( 328): not stopping/stopped => stopping/stopped (4096) on thread 0x41e4b678
I/AudioStreamOutALSA( 328): AudioStreamOutALSA::latency() returned: latency=22
V/ALSAStreamOps( 328): getParameters() voip_flag=
V/AudioFlinger( 328): presentationComplete() reset: mPresentationCompleteFrames 307200 audioHalFrames 3072
I/AudioStreamOutALSA( 328): AudioStreamOutALSA::latency() returned: latency=22
V/ALSAStreamOps( 328): getParameters() voip_flag=
I/AudioStreamOutALSA( 328): AudioStreamOutALSA::latency() returned: latency=22
V/ALSAStreamOps( 328): getParameters() voip_flag=
I/AudioStreamOutALSA( 328): AudioStreamOutALSA::latency() returned: latency=22
V/ALSAStreamOps( 328): getParameters() voip_flag=
I/AudioStreamOutALSA( 328): AudioStreamOutALSA::latency() returned: latency=22
V/ALSAStreamOps( 328): getParameters() voip_flag=
I/AudioStreamOutALSA( 328): AudioStreamOutALSA::latency() returned: latency=22
V/ALSAStreamOps( 328): getParameters() voip_flag=
V/AudioFlinger( 328): presentationComplete() session 60 complete: framesWritten 307200
V/AudioFlinger( 328): TrackBase::reset
V/AudioFlinger( 328): createTrack() sessionId: 0
V/AudioFlinger( 328): createTrack() lSessionId: 61
V/AudioFlinger( 328): AUDIO_OUTPUT_FLAG_FAST denied: isTimed=0 sharedBuffer=0x0 frameCount=3763 mFrameCount=256 format=1 isLinear=1 channelMask=0x1 sampleRate=44100 mSampleRate=48000 hasFastMixer=1 tid=6167 fastTrackAvailMask=0xfe
I/AudioStreamOutALSA( 328): AudioStreamOutALSA::latency() returned: latency=22
V/AudioFlinger( 328): Track constructor name 4098, calling pid 698
V/AudioFlinger( 328): acquiring 61 from 698
V/AudioFlinger( 328): added new entry for 61
V/AudioFlinger( 328): start(4098), calling pid 698 session 61
V/AudioFlinger( 328): ? => ACTIVE (4098) on thread 0x41e63058
V/AudioFlinger( 328): mWaitWorkCV.broadcast
V/AudioFlinger( 328): releasing 60 from 698
V/AudioFlinger( 328): decremented refcount to 0
V/AudioFlinger( 328): purging stale effects
V/AudioFlinger( 328): remove track (4096) and delete from mixer
V/AudioFlinger( 328): PlaybackThread::Track destructor
V/AudioFlinger( 328): getNextBuffer() no more data for track 4098 on thread 0x41e4b678
V/AudioFlinger( 328): stop(4098), calling pid 698
V/AudioFlinger( 328): not stopping/stopped => stopping/stopped (4098) on thread 0x41e4b678
I/AudioStreamOutALSA( 328): AudioStreamOutALSA::latency() returned: latency=22
V/ALSAStreamOps( 328): getParameters() voip_flag=
V/AudioFlinger( 328): presentationComplete() reset: mPresentationCompleteFrames 321536 audioHalFrames 3072
I/AudioStreamOutALSA( 328): AudioStreamOutALSA::latency() returned: latency=22
V/ALSAStreamOps( 328): getParameters() voip_flag=
I/AudioStreamOutALSA( 328): AudioStreamOutALSA::latency() returned: latency=22
V/ALSAStreamOps( 328): getParameters() voip_flag=
I/AudioStreamOutALSA( 328): AudioStreamOutALSA::latency() returned: latency=22
V/ALSAStreamOps( 328): getParameters() voip_flag=
I/AudioStreamOutALSA( 328): AudioStreamOutALSA::latency() returned: latency=22
V/ALSAStreamOps( 328): getParameters() voip_flag=
I/AudioStreamOutALSA( 328): AudioStreamOutALSA::latency() returned: latency=22
V/ALSAStreamOps( 328): getParameters() voip_flag=
V/AudioFlinger( 328): presentationComplete() session 61 complete: framesWritten 321536
V/AudioFlinger( 328): TrackBase::reset
I/ActivityManager( 698): START u0 {flg=0x10000000 cmp=com.amazon.venezia/.pdi.AppLaunchActivity (has extras)} from pid 1000
D/dalvikvm( 698): GC_FOR_ALLOC freed 739K, 25% free 11434K/15060K, paused 43ms, total 43ms
D/InputManager( 698): Activity onCreate received.
W/ContextImpl( 698): Calling a method in the system process without a qualified user: android.app.ContextImpl.sendBroadcast:1353 com.android.server.am.ActivityStack.startActivityMayWait:3199 com.android.server.am.ActivityManagerService.startActivityAsUser:2539 com.android.server.am.ActivityManagerService.startActivity:2528 android.app.ActivityManagerNative.onTransact:141
I/InputManager-JNI( 698): 'setPointerCursor' Setting cursor mode: - 2.
D/InputManager( 698): Activity onCreate received.
I/InputManager-JNI( 698): 'setPointerCursor' Setting cursor mode: - 2.
I/ActivityManager( 698): START u0 {act=android.intent.action.MAIN cat=[android.intent.category.LAUNCHER] flg=0x10000000 pkg=org.ikonotv.smarttv cmp=org.ikonotv.smarttv/.Main} from pid 1743
W/ContextImpl( 698): Calling a method in the system process without a qualified user: android.app.ContextImpl.sendBroadcast:1353 com.android.server.am.ActivityStack.startActivityMayWait:3199 com.android.server.am.ActivityManagerService.startActivityAsUser:2539 com.android.server.am.ActivityManagerService.startActivity:2528 android.app.ActivityManagerNative.onTransact:141
W/ContextImpl( 698): Calling a method in the system process without a qualified user: android.app.ContextImpl.sendBroadcast:1353 com.android.server.am.ActivityManagerService.activityResumed:4552 android.app.ActivityManagerNative.onTransact:420 com.android.server.am.ActivityManagerService.onTransact:1720 android.os.Binder.execTransact:351
I/ActivityManager( 698): Start proc org.ikonotv.smarttv for activity org.ikonotv.smarttv/.Main: pid=6168 uid=10008 gids={50008, 3003, 1028}
E/Trace ( 6168): error opening trace file: No such file or directory (2)
D/ProfileManager( 6168): Create ProfileManager instance
I/Activity( 6168): No ActvityExender defined. Proceed with default activity behavior.
D/webcoreglue( 6168): netstack: Memory Cache feature is ON
I/AudioService( 698): AudioFocus requestAudioFocus() from android.media.AudioManager@41a0a268
D/Kiwi ( 6168): Kiwi: Starting initialization process for application: org.ikonotv.smarttv
D/Kiwi ( 6168): Kiwi: DRM enabled: true
D/Kiwi ( 6168): ResourceManagerImpl: Registering resource: com.amazon.android.framework.resource.c@41a0cd40
D/Kiwi ( 6168): ResourceManagerImpl: Registering resource: android.app.Application@418c5d40
D/Kiwi ( 6168): ResourceManagerImpl: Registering resource: com.amazon.android.framework.task.a@41a0e8a8
D/Kiwi ( 6168): ResourceManagerImpl: Registering resource: {}
D/Kiwi ( 6168): ResourceManagerImpl: Registering resource: com.amazon.android.e.c@41a11d60
D/Kiwi ( 6168): ResourceManagerImpl: Registering resource: com.amazon.android.framework.context.d@41a12cf8
D/Kiwi ( 6168): ResourceManagerImpl: Registering resource: com.amazon.android.framework.prompt.PromptManagerImpl@41a14168
D/Kiwi ( 6168): ResourceManagerImpl: Registering resource: com.amazon.android.n.b@41a15138
D/Kiwi ( 6168): ResourceManagerImpl: Registering resource: com.amazon.android.c.a@41a15f10
D/Kiwi ( 6168): ResourceManagerImpl: Registering resource: com.amazon.android.q.c@41a16c10
D/Kiwi ( 6168): ResourceManagerImpl: Registering resource: com.amazon.android.framework.task.command.b@41a179a8
D/Kiwi ( 6168): ResourceManagerImpl: Registering resource: com.amazon.android.m.c@41a19598
D/Kiwi ( 6168): ResourceManagerImpl: Registering resource: com.amazon.android.framework.task.command.e@41a1a030
D/Kiwi ( 6168): ResourceManagerImpl: Registering resource: com.amazon.android.g.a@41a1b1a8
D/Kiwi ( 6168): ResourceManagerImpl: Populating: com.amazon.android.framework.resource.c@41a0cd40
D/Kiwi ( 6168): ResourceManagerImpl: Populating: android.app.Application@418c5d40
D/Kiwi ( 6168): ResourceManagerImpl: Ignoring: android.app.Application@418c5d40, not a kiwi class
D/Kiwi ( 6168): ResourceManagerImpl: Populating: com.amazon.android.framework.task.a@41a0e8a8
D/Kiwi ( 6168): ResourceManagerImpl: Populating: com.amazon.android.framework.task.pipeline.a@41a0f770
D/Kiwi ( 6168): ResourceManagerImpl: Populating: com.amazon.android.framework.task.pipeline.e@41a10198
D/Kiwi ( 6168): EventManagerImpl: Registering listener for event: ACTIVITY_RESUME, ForegroundTaskPipeline:onResume listener
D/Kiwi ( 6168): EventListenerNotificationQueue: Adding listener: ForegroundTaskPipeline:onResume listener
D/Kiwi ( 6168): ResourceManagerImpl: Populating: com.amazon.android.framework.task.pipeline.a@41a0fc48
D/Kiwi ( 6168): EventManagerImpl: Registering listener for event: APPLICATION_DESTROY, com.amazon.android.framework.task.g@41a24000
D/Kiwi ( 6168): EventListenerNotificationQueue: Adding listener: com.amazon.android.framework.task.g@41a24000
D/Kiwi ( 6168): ResourceManagerImpl: Populating: {}
D/Kiwi ( 6168): ResourceManagerImpl: Populating: {}
D/Kiwi ( 6168): ResourceManagerImpl: Populating: com.amazon.android.e.c@41a11d60
D/Kiwi ( 6168): EventManagerImpl: Registering listener for event: ACTIVITY_RESUME, com.amazon.android.e.e@41a271b0
D/Kiwi ( 6168): EventListenerNotificationQueue: Adding listener: com.amazon.android.e.e@41a271b0
D/Kiwi ( 6168): ResourceManagerImpl: Populating: com.amazon.android.framework.context.d@41a12cf8
D/Kiwi ( 6168): ResourceManagerImpl: Populating: com.amazon.android.framework.prompt.PromptManagerImpl@41a14168
D/Kiwi ( 6168): EventManagerImpl: Registering listener for event: ACTIVITY_RESUME, com.amazon.android.framework.prompt.f@41a2be38
D/Kiwi ( 6168): EventListenerNotificationQueue: Adding listener: com.amazon.android.framework.prompt.f@41a2be38
D/Kiwi ( 6168): EventManagerImpl: Registering listener for event: APPLICATION_DESTROY, com.amazon.android.framework.prompt.i@41a2cca0
D/Kiwi ( 6168): EventListenerNotificationQueue: Adding listener: com.amazon.android.framework.prompt.i@41a2cca0
D/Kiwi ( 6168): EventManagerImpl: Registering listener for event: SwitchToTestModeEvent, com.amazon.android.framework.prompt.j@41a2dc40
D/Kiwi ( 6168): EventListenerNotificationQueue: Adding listener: com.amazon.android.framework.prompt.j@41a2dc40
D/Kiwi ( 6168): ResourceManagerImpl: Populating: com.amazon.android.n.b@41a15138
D/Kiwi ( 6168): ResourceManagerImpl: Populating: com.amazon.android.c.a@41a15f10
D/Kiwi ( 6168): CrashManagerImpl: Registering Crash Handler
D/Kiwi ( 6168): ResourceManagerImpl: Populating: com.amazon.android.q.c@41a16c10
D/Kiwi ( 6168): ResourceManagerImpl: Populating: com.amazon.android.framework.task.command.b@41a179a8
D/Kiwi ( 6168): ResourceManagerImpl: Populating: com.amazon.android.m.c@41a19598
D/Kiwi ( 6168): ResourceManagerImpl: Populating: com.amazon.android.framework.task.command.e@41a1a030
D/Kiwi ( 6168): ResourceManagerImpl: Populating: com.amazon.android.g.a@41a1b1a8
D/Kiwi ( 6168): ResourceManagerImpl: Populating: com.amazon.android.Kiwi@41a0c0f8
D/Kiwi ( 6168): EventManagerImpl: Registering listener for event: APPLICATION_CREATE, com.amazon.android.g@41a38480
D/Kiwi ( 6168): EventListenerNotificationQueue: Adding listener: com.amazon.android.g@41a38480
