V/Kodi ( 6433): CAndroidKey: key down (code: 20; repeat: 10; flags: 0x8; alt: no; shift: no; sym: no)
V/Kodi ( 6433): CAndroidKey: key down (code: 20; repeat: 11; flags: 0x8; alt: no; shift: no; sym: no)
V/Kodi ( 6433): CAndroidKey: key down (code: 20; repeat: 12; flags: 0x8; alt: no; shift: no; sym: no)
V/Kodi ( 6433): CAndroidKey: key down (code: 20; repeat: 13; flags: 0x8; alt: no; shift: no; sym: no)
V/Kodi ( 6433): CAndroidKey: key down (code: 20; repeat: 14; flags: 0x8; alt: no; shift: no; sym: no)
V/Kodi ( 6433): CAndroidKey: key down (code: 20; repeat: 15; flags: 0x8; alt: no; shift: no; sym: no)
V/Kodi ( 6433): CAndroidKey: key down (code: 20; repeat: 16; flags: 0x8; alt: no; shift: no; sym: no)
V/Kodi ( 6433): CAndroidKey: key down (code: 20; repeat: 17; flags: 0x8; alt: no; shift: no; sym: no)
V/Kodi ( 6433): CAndroidKey: key down (code: 20; repeat: 18; flags: 0x8; alt: no; shift: no; sym: no)
V/Kodi ( 6433): CAndroidKey: key down (code: 20; repeat: 19; flags: 0x8; alt: no; shift: no; sym: no)
V/Kodi ( 6433): CAndroidKey: key down (code: 20; repeat: 20; flags: 0x8; alt: no; shift: no; sym: no)
V/Kodi ( 6433): CAndroidKey: key down (code: 20; repeat: 21; flags: 0x8; alt: no; shift: no; sym: no)
V/Kodi ( 6433): CAndroidKey: key down (code: 20; repeat: 22; flags: 0x8; alt: no; shift: no; sym: no)
V/Kodi ( 6433): CAndroidKey: key down (code: 20; repeat: 23; flags: 0x8; alt: no; shift: no; sym: no)
V/Kodi ( 6433): CAndroidKey: key up (code: 20; repeat: 0; flags: 0x8; alt: no; shift: no; sym: no)
V/Kodi ( 6433): CAndroidKey: key down (code: 19; repeat: 0; flags: 0x8; alt: no; shift: no; sym: no)
V/Kodi ( 6433): CAndroidKey: key down (code: 19; repeat: 1; flags: 0x88; alt: no; shift: no; sym: no)
V/Kodi ( 6433): CAndroidKey: key down (code: 19; repeat: 2; flags: 0x8; alt: no; shift: no; sym: no)
V/Kodi ( 6433): CAndroidKey: key down (code: 19; repeat: 3; flags: 0x8; alt: no; shift: no; sym: no)
V/Kodi ( 6433): CAndroidKey: key down (code: 19; repeat: 4; flags: 0x8; alt: no; shift: no; sym: no)
V/Kodi ( 6433): CAndroidKey: key down (code: 19; repeat: 5; flags: 0x8; alt: no; shift: no; sym: no)
V/Kodi ( 6433): CAndroidKey: key down (code: 19; repeat: 6; flags: 0x8; alt: no; shift: no; sym: no)
V/Kodi ( 6433): CAndroidKey: key down (code: 19; repeat: 7; flags: 0x8; alt: no; shift: no; sym: no)
V/Kodi ( 6433): CAndroidKey: key down (code: 19; repeat: 8; flags: 0x8; alt: no; shift: no; sym: no)
V/Kodi ( 6433): CAndroidKey: key down (code: 19; repeat: 9; flags: 0x8; alt: no; shift: no; sym: no)
V/Kodi ( 6433): CAndroidKey: key down (code: 19; repeat: 10; flags: 0x8; alt: no; shift: no; sym: no)
V/Kodi ( 6433): CAndroidKey: key down (code: 19; repeat: 11; flags: 0x8; alt: no; shift: no; sym: no)
V/Kodi ( 6433): CAndroidKey: key down (code: 19; repeat: 12; flags: 0x8; alt: no; shift: no; sym: no)
V/Kodi ( 6433): CAndroidKey: key down (code: 19; repeat: 13; flags: 0x8; alt: no; shift: no; sym: no)
V/Kodi ( 6433): CAndroidKey: key down (code: 19; repeat: 14; flags: 0x8; alt: no; shift: no; sym: no)
V/Kodi ( 6433): CAndroidKey: key down (code: 19; repeat: 15; flags: 0x8; alt: no; shift: no; sym: no)
V/Kodi ( 6433): CAndroidKey: key down (code: 19; repeat: 16; flags: 0x8; alt: no; shift: no; sym: no)
V/Kodi ( 6433): CAndroidKey: key down (code: 19; repeat: 17; flags: 0x8; alt: no; shift: no; sym: no)
V/Kodi ( 6433): CAndroidKey: key down (code: 19; repeat: 18; flags: 0x8; alt: no; shift: no; sym: no)
V/Kodi ( 6433): CAndroidKey: key down (code: 19; repeat: 19; flags: 0x8; alt: no; shift: no; sym: no)
V/Kodi ( 6433): CAndroidKey: key down (code: 19; repeat: 20; flags: 0x8; alt: no; shift: no; sym: no)
V/Kodi ( 6433): CAndroidKey: key down (code: 19; repeat: 21; flags: 0x8; alt: no; shift: no; sym: no)
V/Kodi ( 6433): CAndroidKey: key up (code: 19; repeat: 0; flags: 0x8; alt: no; shift: no; sym: no)
V/Kodi ( 6433): CAndroidKey: key down (code: 19; repeat: 0; flags: 0x8; alt: no; shift: no; sym: no)
V/Kodi ( 6433): CAndroidKey: key up (code: 19; repeat: 0; flags: 0x8; alt: no; shift: no; sym: no)
V/Kodi ( 6433): CAndroidKey: key down (code: 19; repeat: 0; flags: 0x8; alt: no; shift: no; sym: no)
V/Kodi ( 6433): CAndroidKey: key up (code: 19; repeat: 0; flags: 0x8; alt: no; shift: no; sym: no)
D/dalvikvm( 698): GC_CONCURRENT freed 2177K, 27% free 11117K/15060K, paused 8ms+5ms, total 88ms
D/dalvikvm( 698): WAIT_FOR_CONCURRENT_GC blocked 76ms
V/Kodi ( 6433): CAndroidKey: key down (code: 19; repeat: 0; flags: 0x8; alt: no; shift: no; sym: no)
V/Kodi ( 6433): CAndroidKey: key up (code: 19; repeat: 0; flags: 0x8; alt: no; shift: no; sym: no)
V/AudioFlinger( 328): stop(4096), calling pid 6433
V/AudioFlinger( 328): not stopping/stopped => stopping/stopped (4096) on thread 0x41e4b678
I/AudioPolicyManagerALSA( 328): getDeviceForStrategy() speaker device not found for STRATEGY_SONIFICATION
I/AudioPolicyManagerALSA( 328): getDeviceForStrategy() speaker device not found for STRATEGY_SONIFICATION
V/AudioFlinger( 328): getNextBuffer() no more data for track 4096 on thread 0x41e4b678
I/AudioStreamOutALSA( 328): AudioStreamOutALSA::latency() returned: latency=22
V/ALSAStreamOps( 328): getParameters() voip_flag=
V/AudioFlinger( 328): presentationComplete() reset: mPresentationCompleteFrames 2886656 audioHalFrames 3072
I/AudioStreamOutALSA( 328): AudioStreamOutALSA::latency() returned: latency=22
V/ALSAStreamOps( 328): getParameters() voip_flag=
I/AudioStreamOutALSA( 328): AudioStreamOutALSA::latency() returned: latency=22
V/ALSAStreamOps( 328): getParameters() voip_flag=
I/AudioStreamOutALSA( 328): AudioStreamOutALSA::latency() returned: latency=22
V/ALSAStreamOps( 328): getParameters() voip_flag=
I/AudioStreamOutALSA( 328): AudioStreamOutALSA::latency() returned: latency=22
V/ALSAStreamOps( 328): getParameters() voip_flag=
I/AudioStreamOutALSA( 328): AudioStreamOutALSA::latency() returned: latency=22
V/ALSAStreamOps( 328): getParameters() voip_flag=
I/AudioStreamOutALSA( 328): AudioStreamOutALSA::latency() returned: latency=22
V/ALSAStreamOps( 328): getParameters() voip_flag=
V/AudioFlinger( 328): presentationComplete() session 63 complete: framesWritten 2886656
V/AudioFlinger( 328): TrackBase::reset
V/Kodi ( 6433): CAndroidKey: key down (code: 19; repeat: 0; flags: 0x8; alt: no; shift: no; sym: no)
V/Kodi ( 6433): CAndroidKey: key up (code: 19; repeat: 0; flags: 0x8; alt: no; shift: no; sym: no)
V/Kodi ( 6433): CAndroidKey: key down (code: 19; repeat: 0; flags: 0x8; alt: no; shift: no; sym: no)
V/Kodi ( 6433): CAndroidKey: key up (code: 19; repeat: 0; flags: 0x8; alt: no; shift: no; sym: no)
V/Kodi ( 6433): CAndroidKey: key down (code: 19; repeat: 0; flags: 0x8; alt: no; shift: no; sym: no)
V/Kodi ( 6433): CAndroidKey: key up (code: 19; repeat: 0; flags: 0x8; alt: no; shift: no; sym: no)
V/Kodi ( 6433): CAndroidKey: key down (code: 19; repeat: 0; flags: 0x8; alt: no; shift: no; sym: no)
V/Kodi ( 6433): CAndroidKey: key up (code: 19; repeat: 0; flags: 0x8; alt: no; shift: no; sym: no)
V/Kodi ( 6433): CAndroidKey: key down (code: 19; repeat: 0; flags: 0x8; alt: no; shift: no; sym: no)
V/Kodi ( 6433): CAndroidKey: key up (code: 19; repeat: 0; flags: 0x8; alt: no; shift: no; sym: no)
V/Kodi ( 6433): CAndroidKey: key down (code: 19; repeat: 0; flags: 0x8; alt: no; shift: no; sym: no)
V/Kodi ( 6433): CAndroidKey: key up (code: 19; repeat: 0; flags: 0x8; alt: no; shift: no; sym: no)
V/Kodi ( 6433): CAndroidKey: key down (code: 23; repeat: 0; flags: 0x8; alt: no; shift: no; sym: no)
V/Kodi ( 6433): CAndroidKey: key up (code: 23; repeat: 0; flags: 0x8; alt: no; shift: no; sym: no)
V/AudioFlinger( 328): Audio hardware entering standby, mixer 0x41e4b678, suspend count 0
D/AudioStreamOutALSA( 328): AudioStreamOut: standby()
V/AudioFlinger( 328): releaseWakeLock_l() AudioOut_2
V/AudioFlinger( 328): thread 0x41e4b678 type 0 TID 721 going to sleep
D/mDNS ( 2493): Read 592 bytes from mDNS socket, source 192.168.178.29:5353
D/mDNS ( 2493): ignoring packet with flags 0x8400
I/TemperatureSensorObserver( 698): read new temperature 40000
I/Kernel ( 346): <6>[ 428.009277] Bluetooth: Checking Controller's Role with remote device
I/Kernel ( 346): <6>[ 428.009674] Bluetooth: Controller is in MASTER mode
I/Kernel ( 346): <6>[ 428.009887] Bluetooth: Requesting Controller to enter into Sniff mode
D/XBMCBroadcastReceiver( 6433): Received Intent
V/Kodi ( 6433): CXBMCApp::onReceive Got intent. Action: android.intent.action.BATTERY_CHANGED
D/Bluetooth HS/HF( 1419): HandleMessage9
I/abtfilt ( 2359): all HID in sniff mode!
I/abtfilt ( 2359): BT Action
I/abtfilt ( 2359): WMI Cmd: 145 Len: 16
D/Bluetooth HS/HF( 1419): Battery State Changed, send update100Scale: 100
V/AudioFlinger( 328): flush(4096)
V/AudioFlinger( 328): releasing 63 from 6433
V/AudioFlinger( 328): decremented refcount to 0
V/AudioFlinger( 328): purging stale effects
V/AudioFlinger( 328): remove track (4096) and delete from mixer
V/AudioFlinger( 328): PlaybackThread::Track destructor
V/AudioFlinger( 328): removeClient_l() pid 6433, tid 2602, calling tid 328
D/dalvikvm( 698): GC_CONCURRENT freed 2155K, 27% free 11102K/15060K, paused 3ms+3ms, total 51ms
D/dalvikvm( 698): WAIT_FOR_CONCURRENT_GC blocked 45ms
I/ThermalDaemon( 335): Sensor[tmp105_1_wifi] Temperature : 40.0
V/Kodi ( 6433): CAndroidKey: key down (code: 20; repeat: 0; flags: 0x8; alt: no; shift: no; sym: no)
I/abtfilt ( 2359): HID active mode!
I/abtfilt ( 2359): BT Action
I/abtfilt ( 2359): WMI Cmd: 212 Len: 60
I/abtfilt ( 2359): BT Action
I/abtfilt ( 2359): WMI Cmd: 145 Len: 16
V/Kodi ( 6433): CAndroidKey: key up (code: 20; repeat: 0; flags: 0x8; alt: no; shift: no; sym: no)
V/Kodi ( 6433): CAndroidKey: key down (code: 20; repeat: 0; flags: 0x8; alt: no; shift: no; sym: no)
D/Bluetooth HS/HF( 1419): HandleMessage9
D/XBMCBroadcastReceiver( 6433): Received Intent
V/Kodi ( 6433): CXBMCApp::onReceive Got intent. Action: android.intent.action.BATTERY_CHANGED
D/Bluetooth HS/HF( 1419): Battery State Changed, send update100Scale: 100
V/Kodi ( 6433): CAndroidKey: key up (code: 20; repeat: 0; flags: 0x8; alt: no; shift: no; sym: no)
V/Kodi ( 6433): CAndroidKey: key down (code: 20; repeat: 0; flags: 0x8; alt: no; shift: no; sym: no)
V/Kodi ( 6433): CAndroidKey: key up (code: 20; repeat: 0; flags: 0x8; alt: no; shift: no; sym: no)
V/Kodi ( 6433): process_input: Failure reading next input event: Try again
V/Kodi ( 6433): CAndroidKey: key down (code: 4; repeat: 0; flags: 0x8; alt: no; shift: no; sym: no)
V/Kodi ( 6433): process_input: Failure reading next input event: Try again
V/Kodi ( 6433): CAndroidKey: key up (code: 4; repeat: 0; flags: 0x8; alt: no; shift: no; sym: no)
V/Kodi ( 6433): process_input: Failure reading next input event: Try again
V/Kodi ( 6433): CAndroidKey: key down (code: 4; repeat: 0; flags: 0x8; alt: no; shift: no; sym: no)
V/Kodi ( 6433): process_input: Failure reading next input event: Try again
V/Kodi ( 6433): CAndroidKey: key up (code: 4; repeat: 0; flags: 0x8; alt: no; shift: no; sym: no)
V/Kodi ( 6433): CAndroidKey: key down (code: 19; repeat: 0; flags: 0x8; alt: no; shift: no; sym: no)
V/Kodi ( 6433): CAndroidKey: key down (code: 19; repeat: 1; flags: 0x88; alt: no; shift: no; sym: no)
V/Kodi ( 6433): CAndroidKey: key down (code: 19; repeat: 2; flags: 0x8; alt: no; shift: no; sym: no)
V/Kodi ( 6433): CAndroidKey: key down (code: 19; repeat: 3; flags: 0x8; alt: no; shift: no; sym: no)
D/dalvikvm( 698): GC_CONCURRENT freed 2137K, 27% free 11101K/15060K, paused 2ms+4ms, total 57ms
D/dalvikvm( 698): WAIT_FOR_CONCURRENT_GC blocked 52ms
V/Kodi ( 6433): CAndroidKey: key down (code: 19; repeat: 4; flags: 0x8; alt: no; shift: no; sym: no)
V/Kodi ( 6433): CAndroidKey: key down (code: 19; repeat: 5; flags: 0x8; alt: no; shift: no; sym: no)
V/Kodi ( 6433): CAndroidKey: key down (code: 19; repeat: 6; flags: 0x8; alt: no; shift: no; sym: no)
V/Kodi ( 6433): CAndroidKey: key down (code: 19; repeat: 7; flags: 0x8; alt: no; shift: no; sym: no)
V/Kodi ( 6433): CAndroidKey: key down (code: 19; repeat: 8; flags: 0x8; alt: no; shift: no; sym: no)
V/Kodi ( 6433): CAndroidKey: key down (code: 19; repeat: 9; flags: 0x8; alt: no; shift: no; sym: no)
V/Kodi ( 6433): CAndroidKey: key down (code: 19; repeat: 10; flags: 0x8; alt: no; shift: no; sym: no)
V/Kodi ( 6433): CAndroidKey: key down (code: 19; repeat: 11; flags: 0x8; alt: no; shift: no; sym: no)
V/Kodi ( 6433): CAndroidKey: key down (code: 19; repeat: 12; flags: 0x8; alt: no; shift: no; sym: no)
V/Kodi ( 6433): CAndroidKey: key down (code: 19; repeat: 13; flags: 0x8; alt: no; shift: no; sym: no)
V/Kodi ( 6433): CAndroidKey: key down (code: 19; repeat: 14; flags: 0x8; alt: no; shift: no; sym: no)
V/Kodi ( 6433): CAndroidKey: key down (code: 19; repeat: 15; flags: 0x8; alt: no; shift: no; sym: no)
V/Kodi ( 6433): CAndroidKey: key down (code: 19; repeat: 16; flags: 0x8; alt: no; shift: no; sym: no)
V/Kodi ( 6433): CAndroidKey: key down (code: 19; repeat: 17; flags: 0x8; alt: no; shift: no; sym: no)
V/Kodi ( 6433): CAndroidKey: key down (code: 19; repeat: 18; flags: 0x8; alt: no; shift: no; sym: no)
V/Kodi ( 6433): CAndroidKey: key down (code: 19; repeat: 19; flags: 0x8; alt: no; shift: no; sym: no)
V/Kodi ( 6433): CAndroidKey: key down (code: 19; repeat: 20; flags: 0x8; alt: no; shift: no; sym: no)
V/Kodi ( 6433): CAndroidKey: key down (code: 19; repeat: 21; flags: 0x8; alt: no; shift: no; sym: no)
V/Kodi ( 6433): CAndroidKey: key down (code: 19; repeat: 22; flags: 0x8; alt: no; shift: no; sym: no)
V/Kodi ( 6433): CAndroidKey: key up (code: 19; repeat: 0; flags: 0x8; alt: no; shift: no; sym: no)
V/Kodi ( 6433): CAndroidKey: key down (code: 19; repeat: 0; flags: 0x8; alt: no; shift: no; sym: no)
V/Kodi ( 6433): CAndroidKey: key up (code: 19; repeat: 0; flags: 0x8; alt: no; shift: no; sym: no)
V/Kodi ( 6433): CAndroidKey: key down (code: 23; repeat: 0; flags: 0x8; alt: no; shift: no; sym: no)
V/Kodi ( 6433): CAndroidKey: key up (code: 23; repeat: 0; flags: 0x8; alt: no; shift: no; sym: no)
V/Kodi ( 6433): CAndroidKey: key down (code: 20; repeat: 0; flags: 0x8; alt: no; shift: no; sym: no)
V/Kodi ( 6433): CAndroidKey: key up (code: 20; repeat: 0; flags: 0x8; alt: no; shift: no; sym: no)
V/Kodi ( 6433): CAndroidKey: key down (code: 20; repeat: 0; flags: 0x8; alt: no; shift: no; sym: no)
V/Kodi ( 6433): CAndroidKey: key up (code: 20; repeat: 0; flags: 0x8; alt: no; shift: no; sym: no)
V/Kodi ( 6433): CAndroidKey: key down (code: 20; repeat: 0; flags: 0x8; alt: no; shift: no; sym: no)
V/Kodi ( 6433): CAndroidKey: key up (code: 20; repeat: 0; flags: 0x8; alt: no; shift: no; sym: no)
V/Kodi ( 6433): CAndroidKey: key down (code: 23; repeat: 0; flags: 0x8; alt: no; shift: no; sym: no)
V/Kodi ( 6433): CAndroidKey: key up (code: 23; repeat: 0; flags: 0x8; alt: no; shift: no; sym: no)
V/Kodi ( 6433): CAndroidKey: key down (code: 20; repeat: 0; flags: 0x8; alt: no; shift: no; sym: no)
V/Kodi ( 6433): CAndroidKey: key up (code: 20; repeat: 0; flags: 0x8; alt: no; shift: no; sym: no)
V/Kodi ( 6433): CAndroidKey: key down (code: 20; repeat: 0; flags: 0x8; alt: no; shift: no; sym: no)
V/Kodi ( 6433): CAndroidKey: key up (code: 20; repeat: 0; flags: 0x8; alt: no; shift: no; sym: no)
D/dalvikvm( 698): GC_CONCURRENT freed 2151K, 27% free 11099K/15060K, paused 15ms+4ms, total 76ms
D/dalvikvm( 698): WAIT_FOR_CONCURRENT_GC blocked 61ms
V/Kodi ( 6433): CAndroidKey: key down (code: 20; repeat: 0; flags: 0x8; alt: no; shift: no; sym: no)
V/Kodi ( 6433): CAndroidKey: key up (code: 20; repeat: 0; flags: 0x8; alt: no; shift: no; sym: no)
V/Kodi ( 6433): CAndroidKey: key down (code: 20; repeat: 0; flags: 0x8; alt: no; shift: no; sym: no)
V/Kodi ( 6433): CAndroidKey: key up (code: 20; repeat: 0; flags: 0x8; alt: no; shift: no; sym: no)
V/Kodi ( 6433): CAndroidKey: key down (code: 23; repeat: 0; flags: 0x8; alt: no; shift: no; sym: no)
V/Kodi ( 6433): CAndroidKey: key up (code: 23; repeat: 0; flags: 0x8; alt: no; shift: no; sym: no)
V/Kodi ( 6433): CAndroidKey: key down (code: 22; repeat: 0; flags: 0x8; alt: no; shift: no; sym: no)
V/Kodi ( 6433): CAndroidKey: key up (code: 22; repeat: 0; flags: 0x8; alt: no; shift: no; sym: no)
V/Kodi ( 6433): CAndroidKey: key down (code: 23; repeat: 0; flags: 0x8; alt: no; shift: no; sym: no)
V/Kodi ( 6433): CAndroidKey: key up (code: 23; repeat: 0; flags: 0x8; alt: no; shift: no; sym: no)
V/Kodi ( 6433): CAndroidKey: key down (code: 21; repeat: 0; flags: 0x8; alt: no; shift: no; sym: no)
V/Kodi ( 6433): CAndroidKey: key up (code: 21; repeat: 0; flags: 0x8; alt: no; shift: no; sym: no)
V/Kodi ( 6433): CAndroidKey: key down (code: 20; repeat: 0; flags: 0x8; alt: no; shift: no; sym: no)
V/Kodi ( 6433): CAndroidKey: key up (code: 20; repeat: 0; flags: 0x8; alt: no; shift: no; sym: no)
V/Kodi ( 6433): CAndroidKey: key down (code: 22; repeat: 0; flags: 0x8; alt: no; shift: no; sym: no)
V/Kodi ( 6433): CAndroidKey: key up (code: 22; repeat: 0; flags: 0x8; alt: no; shift: no; sym: no)
V/Kodi ( 6433): CAndroidKey: key down (code: 20; repeat: 0; flags: 0x8; alt: no; shift: no; sym: no)
V/Kodi ( 6433): CAndroidKey: key up (code: 20; repeat: 0; flags: 0x8; alt: no; shift: no; sym: no)
V/Kodi ( 6433): CAndroidKey: key down (code: 20; repeat: 0; flags: 0x8; alt: no; shift: no; sym: no)
V/Kodi ( 6433): CAndroidKey: key up (code: 20; repeat: 0; flags: 0x8; alt: no; shift: no; sym: no)
V/Kodi ( 6433): CAndroidKey: key down (code: 19; repeat: 0; flags: 0x8; alt: no; shift: no; sym: no)
V/Kodi ( 6433): CAndroidKey: key up (code: 19; repeat: 0; flags: 0x8; alt: no; shift: no; sym: no)
D/XBMCBroadcastReceiver( 6433): Received Intent
V/Kodi ( 6433): CXBMCApp::onReceive Got intent. Action: android.intent.action.BATTERY_CHANGED
D/Bluetooth HS/HF( 1419): HandleMessage9
D/Bluetooth HS/HF( 1419): Battery State Changed, send update100Scale: 100
V/Kodi ( 6433): CAndroidKey: key down (code: 20; repeat: 0; flags: 0x8; alt: no; shift: no; sym: no)
V/Kodi ( 6433): CAndroidKey: key up (code: 20; repeat: 0; flags: 0x8; alt: no; shift: no; sym: no)
D/dalvikvm( 698): GC_CONCURRENT freed 2155K, 27% free 11094K/15060K, paused 3ms+4ms, total 58ms
D/dalvikvm( 698): WAIT_FOR_CONCURRENT_GC blocked 37ms
V/Kodi ( 6433): CAndroidKey: key down (code: 20; repeat: 0; flags: 0x8; alt: no; shift: no; sym: no)
V/Kodi ( 6433): CAndroidKey: key up (code: 20; repeat: 0; flags: 0x8; alt: no; shift: no; sym: no)
V/Kodi ( 6433): CAndroidKey: key down (code: 20; repeat: 0; flags: 0x8; alt: no; shift: no; sym: no)
V/Kodi ( 6433): CAndroidKey: key up (code: 20; repeat: 0; flags: 0x8; alt: no; shift: no; sym: no)
V/Kodi ( 6433): CAndroidKey: key down (code: 21; repeat: 0; flags: 0x8; alt: no; shift: no; sym: no)
V/Kodi ( 6433): CAndroidKey: key up (code: 21; repeat: 0; flags: 0x8; alt: no; shift: no; sym: no)
V/Kodi ( 6433): CAndroidKey: key down (code: 20; repeat: 0; flags: 0x8; alt: no; shift: no; sym: no)
V/Kodi ( 6433): CAndroidKey: key up (code: 20; repeat: 0; flags: 0x8; alt: no; shift: no; sym: no)
V/Kodi ( 6433): CAndroidKey: key down (code: 20; repeat: 0; flags: 0x8; alt: no; shift: no; sym: no)
V/Kodi ( 6433): CAndroidKey: key up (code: 20; repeat: 0; flags: 0x8; alt: no; shift: no; sym: no)
V/Kodi ( 6433): CAndroidKey: key down (code: 20; repeat: 0; flags: 0x8; alt: no; shift: no; sym: no)
V/Kodi ( 6433): CAndroidKey: key up (code: 20; repeat: 0; flags: 0x8; alt: no; shift: no; sym: no)
V/Kodi ( 6433): CAndroidKey: key down (code: 22; repeat: 0; flags: 0x8; alt: no; shift: no; sym: no)
V/Kodi ( 6433): CAndroidKey: key up (code: 22; repeat: 0; flags: 0x8; alt: no; shift: no; sym: no)
V/Kodi ( 6433): CAndroidKey: key down (code: 20; repeat: 0; flags: 0x8; alt: no; shift: no; sym: no)
V/Kodi ( 6433): CAndroidKey: key up (code: 20; repeat: 0; flags: 0x8; alt: no; shift: no; sym: no)
V/Kodi ( 6433): CAndroidKey: key down (code: 20; repeat: 0; flags: 0x8; alt: no; shift: no; sym: no)
V/Kodi ( 6433): CAndroidKey: key up (code: 20; repeat: 0; flags: 0x8; alt: no; shift: no; sym: no)
V/Kodi ( 6433): CAndroidKey: key down (code: 20; repeat: 0; flags: 0x8; alt: no; shift: no; sym: no)
V/Kodi ( 6433): CAndroidKey: key up (code: 20; repeat: 0; flags: 0x8; alt: no; shift: no; sym: no)
V/Kodi ( 6433): CAndroidKey: key down (code: 22; repeat: 0; flags: 0x8; alt: no; shift: no; sym: no)
V/Kodi ( 6433): CAndroidKey: key up (code: 22; repeat: 0; flags: 0x8; alt: no; shift: no; sym: no)
V/Kodi ( 6433): CAndroidKey: key down (code: 23; repeat: 0; flags: 0x8; alt: no; shift: no; sym: no)
V/Kodi ( 6433): CAndroidKey: key up (code: 23; repeat: 0; flags: 0x8; alt: no; shift: no; sym: no)
D/dalvikvm( 698): GC_CONCURRENT freed 2150K, 27% free 11092K/15060K, paused 3ms+3ms, total 52ms
D/dalvikvm( 698): WAIT_FOR_CONCURRENT_GC blocked 44ms
V/Kodi ( 6433): CAndroidKey: key down (code: 20; repeat: 0; flags: 0x8; alt: no; shift: no; sym: no)
V/Kodi ( 6433): CAndroidKey: key up (code: 20; repeat: 0; flags: 0x8; alt: no; shift: no; sym: no)
V/Kodi ( 6433): CAndroidKey: key down (code: 20; repeat: 0; flags: 0x8; alt: no; shift: no; sym: no)
V/Kodi ( 6433): CAndroidKey: key up (code: 20; repeat: 0; flags: 0x8; alt: no; shift: no; sym: no)
V/Kodi ( 6433): CAndroidKey: key down (code: 19; repeat: 0; flags: 0x8; alt: no; shift: no; sym: no)
V/Kodi ( 6433): CAndroidKey: key up (code: 19; repeat: 0; flags: 0x8; alt: no; shift: no; sym: no)
V/Kodi ( 6433): CAndroidKey: key down (code: 23; repeat: 0; flags: 0x8; alt: no; shift: no; sym: no)
V/Kodi ( 6433): CAndroidKey: key up (code: 23; repeat: 0; flags: 0x8; alt: no; shift: no; sym: no)
V/Kodi ( 6433): CAndroidKey: key down (code: 22; repeat: 0; flags: 0x8; alt: no; shift: no; sym: no)
V/Kodi ( 6433): CAndroidKey: key up (code: 22; repeat: 0; flags: 0x8; alt: no; shift: no; sym: no)
V/Kodi ( 6433): CAndroidKey: key down (code: 22; repeat: 0; flags: 0x8; alt: no; shift: no; sym: no)
V/Kodi ( 6433): CAndroidKey: key up (code: 22; repeat: 0; flags: 0x8; alt: no; shift: no; sym: no)
V/Kodi ( 6433): CAndroidKey: key down (code: 19; repeat: 0; flags: 0x8; alt: no; shift: no; sym: no)
V/Kodi ( 6433): CAndroidKey: key up (code: 19; repeat: 0; flags: 0x8; alt: no; shift: no; sym: no)
V/Kodi ( 6433): CAndroidKey: key down (code: 22; repeat: 0; flags: 0x8; alt: no; shift: no; sym: no)
V/Kodi ( 6433): CAndroidKey: key up (code: 22; repeat: 0; flags: 0x8; alt: no; shift: no; sym: no)
V/Kodi ( 6433): CAndroidKey: key down (code: 19; repeat: 0; flags: 0x8; alt: no; shift: no; sym: no)
V/Kodi ( 6433): CAndroidKey: key up (code: 19; repeat: 0; flags: 0x8; alt: no; shift: no; sym: no)
V/Kodi ( 6433): CAndroidKey: key down (code: 23; repeat: 0; flags: 0x8; alt: no; shift: no; sym: no)
V/Kodi ( 6433): CAndroidKey: key up (code: 23; repeat: 0; flags: 0x8; alt: no; shift: no; sym: no)
V/Kodi ( 6433): CAndroidKey: key down (code: 21; repeat: 0; flags: 0x8; alt: no; shift: no; sym: no)
V/Kodi ( 6433): CAndroidKey: key down (code: 21; repeat: 1; flags: 0x88; alt: no; shift: no; sym: no)
V/Kodi ( 6433): CAndroidKey: key down (code: 21; repeat: 2; flags: 0x8; alt: no; shift: no; sym: no)
V/Kodi ( 6433): CAndroidKey: key down (code: 21; repeat: 3; flags: 0x8; alt: no; shift: no; sym: no)
V/Kodi ( 6433): CAndroidKey: key down (code: 21; repeat: 4; flags: 0x8; alt: no; shift: no; sym: no)
D/dalvikvm( 698): GC_CONCURRENT freed 2126K, 27% free 11102K/15060K, paused 2ms+5ms, total 57ms
D/dalvikvm( 698): WAIT_FOR_CONCURRENT_GC blocked 50ms
V/Kodi ( 6433): CAndroidKey: key down (code: 21; repeat: 5; flags: 0x8; alt: no; shift: no; sym: no)
V/Kodi ( 6433): CAndroidKey: key down (code: 21; repeat: 6; flags: 0x8; alt: no; shift: no; sym: no)
V/Kodi ( 6433): CAndroidKey: key down (code: 21; repeat: 7; flags: 0x8; alt: no; shift: no; sym: no)
V/Kodi ( 6433): CAndroidKey: key down (code: 21; repeat: 8; flags: 0x8; alt: no; shift: no; sym: no)
V/Kodi ( 6433): CAndroidKey: key up (code: 21; repeat: 0; flags: 0x8; alt: no; shift: no; sym: no)
V/Kodi ( 6433): CAndroidKey: key down (code: 22; repeat: 0; flags: 0x8; alt: no; shift: no; sym: no)
V/Kodi ( 6433): CAndroidKey: key up (code: 22; repeat: 0; flags: 0x8; alt: no; shift: no; sym: no)
V/Kodi ( 6433): CAndroidKey: key down (code: 22; repeat: 0; flags: 0x8; alt: no; shift: no; sym: no)
V/Kodi ( 6433): CAndroidKey: key up (code: 22; repeat: 0; flags: 0x8; alt: no; shift: no; sym: no)
V/Kodi ( 6433): CAndroidKey: key down (code: 20; repeat: 0; flags: 0x8; alt: no; shift: no; sym: no)
D/mDNS ( 2493): Read 592 bytes from mDNS socket, source 192.168.178.29:5353
D/mDNS ( 2493): ignoring packet with flags 0x8400
V/Kodi ( 6433): CAndroidKey: key up (code: 20; repeat: 0; flags: 0x8; alt: no; shift: no; sym: no)
V/Kodi ( 6433): CAndroidKey: key down (code: 23; repeat: 0; flags: 0x8; alt: no; shift: no; sym: no)
V/Kodi ( 6433): CAndroidKey: key up (code: 23; repeat: 0; flags: 0x8; alt: no; shift: no; sym: no)
V/Kodi ( 6433): CAndroidKey: key down (code: 19; repeat: 0; flags: 0x8; alt: no; shift: no; sym: no)
V/Kodi ( 6433): CAndroidKey: key up (code: 19; repeat: 0; flags: 0x8; alt: no; shift: no; sym: no)
V/Kodi ( 6433): CAndroidKey: key down (code: 22; repeat: 0; flags: 0x8; alt: no; shift: no; sym: no)
I/TemperatureSensorObserver( 698): read new temperature 40500
V/Kodi ( 6433): CAndroidKey: key up (code: 22; repeat: 0; flags: 0x8; alt: no; shift: no; sym: no)
V/Kodi ( 6433): CAndroidKey: key down (code: 22; repeat: 0; flags: 0x8; alt: no; shift: no; sym: no)
V/Kodi ( 6433): CAndroidKey: key up (code: 22; repeat: 0; flags: 0x8; alt: no; shift: no; sym: no)
V/Kodi ( 6433): CAndroidKey: key down (code: 22; repeat: 0; flags: 0x8; alt: no; shift: no; sym: no)
V/Kodi ( 6433): CAndroidKey: key up (code: 22; repeat: 0; flags: 0x8; alt: no; shift: no; sym: no)
V/Kodi ( 6433): CAndroidKey: key down (code: 22; repeat: 0; flags: 0x8; alt: no; shift: no; sym: no)
V/Kodi ( 6433): CAndroidKey: key up (code: 22; repeat: 0; flags: 0x8; alt: no; shift: no; sym: no)
V/Kodi ( 6433): CAndroidKey: key down (code: 23; repeat: 0; flags: 0x8; alt: no; shift: no; sym: no)
V/Kodi ( 6433): CAndroidKey: key up (code: 23; repeat: 0; flags: 0x8; alt: no; shift: no; sym: no)
V/Kodi ( 6433): CAndroidKey: key down (code: 21; repeat: 0; flags: 0x8; alt: no; shift: no; sym: no)
V/Kodi ( 6433): CAndroidKey: key up (code: 21; repeat: 0; flags: 0x8; alt: no; shift: no; sym: no)
V/Kodi ( 6433): CAndroidKey: key down (code: 21; repeat: 0; flags: 0x8; alt: no; shift: no; sym: no)
V/Kodi ( 6433): CAndroidKey: key up (code: 21; repeat: 0; flags: 0x8; alt: no; shift: no; sym: no)
V/Kodi ( 6433): CAndroidKey: key down (code: 21; repeat: 0; flags: 0x8; alt: no; shift: no; sym: no)
V/Kodi ( 6433): CAndroidKey: key up (code: 21; repeat: 0; flags: 0x8; alt: no; shift: no; sym: no)
V/Kodi ( 6433): CAndroidKey: key down (code: 21; repeat: 0; flags: 0x8; alt: no; shift: no; sym: no)
V/Kodi ( 6433): CAndroidKey: key up (code: 21; repeat: 0; flags: 0x8; alt: no; shift: no; sym: no)
V/Kodi ( 6433): CAndroidKey: key down (code: 20; repeat: 0; flags: 0x8; alt: no; shift: no; sym: no)
V/Kodi ( 6433): CAndroidKey: key up (code: 20; repeat: 0; flags: 0x8; alt: no; shift: no; sym: no)
V/Kodi ( 6433): CAndroidKey: key down (code: 23; repeat: 0; flags: 0x8; alt: no; shift: no; sym: no)
V/Kodi ( 6433): CAndroidKey: key up (code: 23; repeat: 0; flags: 0x8; alt: no; shift: no; sym: no)
V/Kodi ( 6433): CAndroidKey: key down (code: 19; repeat: 0; flags: 0x8; alt: no; shift: no; sym: no)
V/Kodi ( 6433): CAndroidKey: key up (code: 19; repeat: 0; flags: 0x8; alt: no; shift: no; sym: no)
V/Kodi ( 6433): CAndroidKey: key down (code: 22; repeat: 0; flags: 0x8; alt: no; shift: no; sym: no)
V/Kodi ( 6433): CAndroidKey: key up (code: 22; repeat: 0; flags: 0x8; alt: no; shift: no; sym: no)
V/Kodi ( 6433): CAndroidKey: key down (code: 22; repeat: 0; flags: 0x8; alt: no; shift: no; sym: no)
V/Kodi ( 6433): CAndroidKey: key up (code: 22; repeat: 0; flags: 0x8; alt: no; shift: no; sym: no)
V/Kodi ( 6433): CAndroidKey: key down (code: 22; repeat: 0; flags: 0x8; alt: no; shift: no; sym: no)
V/Kodi ( 6433): CAndroidKey: key up (code: 22; repeat: 0; flags: 0x8; alt: no; shift: no; sym: no)
V/Kodi ( 6433): CAndroidKey: key down (code: 22; repeat: 0; flags: 0x8; alt: no; shift: no; sym: no)
V/Kodi ( 6433): CAndroidKey: key up (code: 22; repeat: 0; flags: 0x8; alt: no; shift: no; sym: no)
V/Kodi ( 6433): CAndroidKey: key down (code: 22; repeat: 0; flags: 0x8; alt: no; shift: no; sym: no)
V/Kodi ( 6433): CAndroidKey: key up (code: 22; repeat: 0; flags: 0x8; alt: no; shift: no; sym: no)
V/Kodi ( 6433): CAndroidKey: key down (code: 23; repeat: 0; flags: 0x8; alt: no; shift: no; sym: no)
V/Kodi ( 6433): CAndroidKey: key up (code: 23; repeat: 0; flags: 0x8; alt: no; shift: no; sym: no)
V/Kodi ( 6433): CAndroidKey: key down (code: 21; repeat: 0; flags: 0x8; alt: no; shift: no; sym: no)
V/Kodi ( 6433): CAndroidKey: key up (code: 21; repeat: 0; flags: 0x8; alt: no; shift: no; sym: no)
V/Kodi ( 6433): CAndroidKey: key down (code: 21; repeat: 0; flags: 0x8; alt: no; shift: no; sym: no)
V/Kodi ( 6433): CAndroidKey: key up (code: 21; repeat: 0; flags: 0x8; alt: no; shift: no; sym: no)
V/Kodi ( 6433): CAndroidKey: key down (code: 21; repeat: 0; flags: 0x8; alt: no; shift: no; sym: no)
V/Kodi ( 6433): CAndroidKey: key up (code: 21; repeat: 0; flags: 0x8; alt: no; shift: no; sym: no)
V/Kodi ( 6433): CAndroidKey: key down (code: 21; repeat: 0; flags: 0x8; alt: no; shift: no; sym: no)
V/Kodi ( 6433): CAndroidKey: key up (code: 21; repeat: 0; flags: 0x8; alt: no; shift: no; sym: no)
V/Kodi ( 6433): CAndroidKey: key down (code: 23; repeat: 0; flags: 0x8; alt: no; shift: no; sym: no)
V/Kodi ( 6433): CAndroidKey: key up (code: 23; repeat: 0; flags: 0x8; alt: no; shift: no; sym: no)
V/Kodi ( 6433): CAndroidKey: key down (code: 19; repeat: 0; flags: 0x8; alt: no; shift: no; sym: no)
V/Kodi ( 6433): CAndroidKey: key up (code: 19; repeat: 0; flags: 0x8; alt: no; shift: no; sym: no)
V/Kodi ( 6433): CAndroidKey: key down (code: 22; repeat: 0; flags: 0x8; alt: no; shift: no; sym: no)
V/Kodi ( 6433): CAndroidKey: key up (code: 22; repeat: 0; flags: 0x8; alt: no; shift: no; sym: no)
V/Kodi ( 6433): CAndroidKey: key down (code: 22; repeat: 0; flags: 0x8; alt: no; shift: no; sym: no)
D/dalvikvm( 698): GC_CONCURRENT freed 2157K, 27% free 11093K/15060K, paused 4ms+11ms, total 71ms
D/dalvikvm( 698): WAIT_FOR_CONCURRENT_GC blocked 56ms
V/Kodi ( 6433): CAndroidKey: key up (code: 22; repeat: 0; flags: 0x8; alt: no; shift: no; sym: no)
V/Kodi ( 6433): CAndroidKey: key down (code: 23; repeat: 0; flags: 0x8; alt: no; shift: no; sym: no)
V/Kodi ( 6433): CAndroidKey: key up (code: 23; repeat: 0; flags: 0x8; alt: no; shift: no; sym: no)
V/Kodi ( 6433): CAndroidKey: key down (code: 22; repeat: 0; flags: 0x8; alt: no; shift: no; sym: no)
V/Kodi ( 6433): CAndroidKey: key up (code: 22; repeat: 0; flags: 0x8; alt: no; shift: no; sym: no)
V/Kodi ( 6433): CAndroidKey: key down (code: 23; repeat: 0; flags: 0x8; alt: no; shift: no; sym: no)
V/Kodi ( 6433): CAndroidKey: key up (code: 23; repeat: 0; flags: 0x8; alt: no; shift: no; sym: no)
V/Kodi ( 6433): CAndroidKey: key down (code: 22; repeat: 0; flags: 0x8; alt: no; shift: no; sym: no)
V/Kodi ( 6433): CAndroidKey: key up (code: 22; repeat: 0; flags: 0x8; alt: no; shift: no; sym: no)
V/Kodi ( 6433): CAndroidKey: key down (code: 23; repeat: 0; flags: 0x8; alt: no; shift: no; sym: no)
V/Kodi ( 6433): CAndroidKey: key up (code: 23; repeat: 0; flags: 0x8; alt: no; shift: no; sym: no)
V/Kodi ( 6433): CAndroidKey: key down (code: 20; repeat: 0; flags: 0x8; alt: no; shift: no; sym: no)
V/Kodi ( 6433): CAndroidKey: key up (code: 20; repeat: 0; flags: 0x8; alt: no; shift: no; sym: no)
V/Kodi ( 6433): CAndroidKey: key down (code: 20; repeat: 0; flags: 0x8; alt: no; shift: no; sym: no)
V/Kodi ( 6433): CAndroidKey: key up (code: 20; repeat: 0; flags: 0x8; alt: no; shift: no; sym: no)
V/Kodi ( 6433): CAndroidKey: key down (code: 22; repeat: 0; flags: 0x8; alt: no; shift: no; sym: no)
V/Kodi ( 6433): CAndroidKey: key up (code: 22; repeat: 0; flags: 0x8; alt: no; shift: no; sym: no)
V/Kodi ( 6433): CAndroidKey: key down (code: 23; repeat: 0; flags: 0x8; alt: no; shift: no; sym: no)
V/Kodi ( 6433): CAndroidKey: key up (code: 23; repeat: 0; flags: 0x8; alt: no; shift: no; sym: no)
V/Kodi ( 6433): CAndroidKey: key down (code: 19; repeat: 0; flags: 0x8; alt: no; shift: no; sym: no)
V/Kodi ( 6433): CAndroidKey: key up (code: 19; repeat: 0; flags: 0x8; alt: no; shift: no; sym: no)
V/Kodi ( 6433): CAndroidKey: key down (code: 19; repeat: 0; flags: 0x8; alt: no; shift: no; sym: no)
V/Kodi ( 6433): CAndroidKey: key up (code: 19; repeat: 0; flags: 0x8; alt: no; shift: no; sym: no)
V/Kodi ( 6433): CAndroidKey: key down (code: 21; repeat: 0; flags: 0x8; alt: no; shift: no; sym: no)
V/Kodi ( 6433): CAndroidKey: key up (code: 21; repeat: 0; flags: 0x8; alt: no; shift: no; sym: no)
V/Kodi ( 6433): CAndroidKey: key down (code: 21; repeat: 0; flags: 0x8; alt: no; shift: no; sym: no)
V/Kodi ( 6433): CAndroidKey: key up (code: 21; repeat: 0; flags: 0x8; alt: no; shift: no; sym: no)
V/Kodi ( 6433): CAndroidKey: key down (code: 21; repeat: 0; flags: 0x8; alt: no; shift: no; sym: no)
V/Kodi ( 6433): CAndroidKey: key up (code: 21; repeat: 0; flags: 0x8; alt: no; shift: no; sym: no)
V/Kodi ( 6433): CAndroidKey: key down (code: 23; repeat: 0; flags: 0x8; alt: no; shift: no; sym: no)
V/Kodi ( 6433): CAndroidKey: key up (code: 23; repeat: 0; flags: 0x8; alt: no; shift: no; sym: no)
V/Kodi ( 6433): CAndroidKey: key down (code: 22; repeat: 0; flags: 0x8; alt: no; shift: no; sym: no)
V/Kodi ( 6433): CAndroidKey: key up (code: 22; repeat: 0; flags: 0x8; alt: no; shift: no; sym: no)
V/Kodi ( 6433): CAndroidKey: key down (code: 23; repeat: 0; flags: 0x8; alt: no; shift: no; sym: no)
V/Kodi ( 6433): CAndroidKey: key up (code: 23; repeat: 0; flags: 0x8; alt: no; shift: no; sym: no)
D/dalvikvm( 698): GC_CONCURRENT freed 2147K, 27% free 11094K/15060K, paused 3ms+4ms, total 63ms
D/dalvikvm( 698): WAIT_FOR_CONCURRENT_GC blocked 49ms
V/Kodi ( 6433): CAndroidKey: key down (code: 22; repeat: 0; flags: 0x8; alt: no; shift: no; sym: no)
V/Kodi ( 6433): CAndroidKey: key down (code: 22; repeat: 1; flags: 0x88; alt: no; shift: no; sym: no)
V/Kodi ( 6433): CAndroidKey: key down (code: 22; repeat: 2; flags: 0x8; alt: no; shift: no; sym: no)
V/Kodi ( 6433): CAndroidKey: key down (code: 22; repeat: 3; flags: 0x8; alt: no; shift: no; sym: no)
V/Kodi ( 6433): CAndroidKey: key down (code: 22; repeat: 4; flags: 0x8; alt: no; shift: no; sym: no)
V/Kodi ( 6433): CAndroidKey: key down (code: 22; repeat: 5; flags: 0x8; alt: no; shift: no; sym: no)
V/Kodi ( 6433): CAndroidKey: key down (code: 22; repeat: 6; flags: 0x8; alt: no; shift: no; sym: no)
V/Kodi ( 6433): CAndroidKey: key down (code: 22; repeat: 7; flags: 0x8; alt: no; shift: no; sym: no)
V/Kodi ( 6433): CAndroidKey: key up (code: 22; repeat: 0; flags: 0x8; alt: no; shift: no; sym: no)
V/Kodi ( 6433): CAndroidKey: key down (code: 21; repeat: 0; flags: 0x8; alt: no; shift: no; sym: no)
V/Kodi ( 6433): CAndroidKey: key up (code: 21; repeat: 0; flags: 0x8; alt: no; shift: no; sym: no)
V/Kodi ( 6433): CAndroidKey: key down (code: 20; repeat: 0; flags: 0x8; alt: no; shift: no; sym: no)
V/Kodi ( 6433): CAndroidKey: key up (code: 20; repeat: 0; flags: 0x8; alt: no; shift: no; sym: no)
V/Kodi ( 6433): CAndroidKey: key down (code: 20; repeat: 0; flags: 0x8; alt: no; shift: no; sym: no)
V/Kodi ( 6433): CAndroidKey: key up (code: 20; repeat: 0; flags: 0x8; alt: no; shift: no; sym: no)
V/Kodi ( 6433): CAndroidKey: key down (code: 23; repeat: 0; flags: 0x8; alt: no; shift: no; sym: no)
V/Kodi ( 6433): CAndroidKey: key up (code: 23; repeat: 0; flags: 0x8; alt: no; shift: no; sym: no)
V/Kodi ( 6433): CAndroidKey: key down (code: 19; repeat: 0; flags: 0x8; alt: no; shift: no; sym: no)
V/Kodi ( 6433): CAndroidKey: key up (code: 19; repeat: 0; flags: 0x8; alt: no; shift: no; sym: no)
V/Kodi ( 6433): CAndroidKey: key down (code: 19; repeat: 0; flags: 0x8; alt: no; shift: no; sym: no)
V/Kodi ( 6433): CAndroidKey: key up (code: 19; repeat: 0; flags: 0x8; alt: no; shift: no; sym: no)
V/Kodi ( 6433): CAndroidKey: key down (code: 19; repeat: 0; flags: 0x8; alt: no; shift: no; sym: no)
V/Kodi ( 6433): CAndroidKey: key up (code: 19; repeat: 0; flags: 0x8; alt: no; shift: no; sym: no)
V/Kodi ( 6433): CAndroidKey: key down (code: 22; repeat: 0; flags: 0x8; alt: no; shift: no; sym: no)
V/Kodi ( 6433): CAndroidKey: key up (code: 22; repeat: 0; flags: 0x8; alt: no; shift: no; sym: no)
V/Kodi ( 6433): CAndroidKey: key down (code: 22; repeat: 0; flags: 0x8; alt: no; shift: no; sym: no)
V/Kodi ( 6433): CAndroidKey: key up (code: 22; repeat: 0; flags: 0x8; alt: no; shift: no; sym: no)
V/Kodi ( 6433): CAndroidKey: key down (code: 22; repeat: 0; flags: 0x8; alt: no; shift: no; sym: no)
V/Kodi ( 6433): CAndroidKey: key up (code: 22; repeat: 0; flags: 0x8; alt: no; shift: no; sym: no)
V/Kodi ( 6433): CAndroidKey: key down (code: 23; repeat: 0; flags: 0x8; alt: no; shift: no; sym: no)
V/Kodi ( 6433): CAndroidKey: key up (code: 23; repeat: 0; flags: 0x8; alt: no; shift: no; sym: no)
V/Kodi ( 6433): CAndroidKey: key down (code: 21; repeat: 0; flags: 0x8; alt: no; shift: no; sym: no)
V/Kodi ( 6433): CAndroidKey: key up (code: 21; repeat: 0; flags: 0x8; alt: no; shift: no; sym: no)
V/Kodi ( 6433): CAndroidKey: key down (code: 21; repeat: 0; flags: 0x8; alt: no; shift: no; sym: no)
V/Kodi ( 6433): CAndroidKey: key up (code: 21; repeat: 0; flags: 0x8; alt: no; shift: no; sym: no)
V/Kodi ( 6433): CAndroidKey: key down (code: 21; repeat: 0; flags: 0x8; alt: no; shift: no; sym: no)
V/Kodi ( 6433): CAndroidKey: key up (code: 21; repeat: 0; flags: 0x8; alt: no; shift: no; sym: no)
V/Kodi ( 6433): CAndroidKey: key down (code: 19; repeat: 0; flags: 0x8; alt: no; shift: no; sym: no)
V/Kodi ( 6433): CAndroidKey: key up (code: 19; repeat: 0; flags: 0x8; alt: no; shift: no; sym: no)
V/Kodi ( 6433): CAndroidKey: key down (code: 19; repeat: 0; flags: 0x8; alt: no; shift: no; sym: no)
V/Kodi ( 6433): CAndroidKey: key up (code: 19; repeat: 0; flags: 0x8; alt: no; shift: no; sym: no)
D/Bluetooth HS/HF( 1419): HandleMessage9
D/Bluetooth HS/HF( 1419): Battery State Changed, send update100Scale: 100
D/XBMCBroadcastReceiver( 6433): Received Intent
V/Kodi ( 6433): CXBMCApp::onReceive Got intent. Action: android.intent.action.BATTERY_CHANGED
V/Kodi ( 6433): CAndroidKey: key down (code: 23; repeat: 0; flags: 0x8; alt: no; shift: no; sym: no)
V/Kodi ( 6433): CAndroidKey: key up (code: 23; repeat: 0; flags: 0x8; alt: no; shift: no; sym: no)
V/Kodi ( 6433): CAndroidKey: key down (code: 19; repeat: 0; flags: 0x8; alt: no; shift: no; sym: no)
V/Kodi ( 6433): CAndroidKey: key up (code: 19; repeat: 0; flags: 0x8; alt: no; shift: no; sym: no)
V/Kodi ( 6433): CAndroidKey: key down (code: 19; repeat: 0; flags: 0x8; alt: no; shift: no; sym: no)
V/Kodi ( 6433): CAndroidKey: key down (code: 22; repeat: 0; flags: 0x8; alt: no; shift: no; sym: no)
V/Kodi ( 6433): CAndroidKey: key up (code: 22; repeat: 0; flags: 0x8; alt: no; shift: no; sym: no)
V/Kodi ( 6433): CAndroidKey: key up (code: 19; repeat: 0; flags: 0x8; alt: no; shift: no; sym: no)
V/Kodi ( 6433): CAndroidKey: key down (code: 22; repeat: 0; flags: 0x8; alt: no; shift: no; sym: no)
V/Kodi ( 6433): CAndroidKey: key up (code: 22; repeat: 0; flags: 0x8; alt: no; shift: no; sym: no)
V/Kodi ( 6433): CAndroidKey: key down (code: 22; repeat: 0; flags: 0x8; alt: no; shift: no; sym: no)
V/Kodi ( 6433): CAndroidKey: key up (code: 22; repeat: 0; flags: 0x8; alt: no; shift: no; sym: no)
V/Kodi ( 6433): CAndroidKey: key down (code: 22; repeat: 0; flags: 0x8; alt: no; shift: no; sym: no)
V/Kodi ( 6433): CAndroidKey: key up (code: 22; repeat: 0; flags: 0x8; alt: no; shift: no; sym: no)
V/Kodi ( 6433): CAndroidKey: key down (code: 22; repeat: 0; flags: 0x8; alt: no; shift: no; sym: no)
V/Kodi ( 6433): CAndroidKey: key up (code: 22; repeat: 0; flags: 0x8; alt: no; shift: no; sym: no)
V/Kodi ( 6433): CAndroidKey: key down (code: 22; repeat: 0; flags: 0x8; alt: no; shift: no; sym: no)
V/Kodi ( 6433): CAndroidKey: key up (code: 22; repeat: 0; flags: 0x8; alt: no; shift: no; sym: no)
V/Kodi ( 6433): CAndroidKey: key down (code: 22; repeat: 0; flags: 0x8; alt: no; shift: no; sym: no)
V/Kodi ( 6433): CAndroidKey: key up (code: 22; repeat: 0; flags: 0x8; alt: no; shift: no; sym: no)
V/Kodi ( 6433): CAndroidKey: key down (code: 22; repeat: 0; flags: 0x8; alt: no; shift: no; sym: no)
I/ThermalDaemon( 335): Sensor[tmp105_1_wifi] Temperature : 41.0
V/Kodi ( 6433): CAndroidKey: key up (code: 22; repeat: 0; flags: 0x8; alt: no; shift: no; sym: no)
V/Kodi ( 6433): CAndroidKey: key down (code: 22; repeat: 0; flags: 0x8; alt: no; shift: no; sym: no)
V/Kodi ( 6433): CAndroidKey: key up (code: 22; repeat: 0; flags: 0x8; alt: no; shift: no; sym: no)
V/Kodi ( 6433): CAndroidKey: key down (code: 23; repeat: 0; flags: 0x8; alt: no; shift: no; sym: no)
V/Kodi ( 6433): CAndroidKey: key up (code: 23; repeat: 0; flags: 0x8; alt: no; shift: no; sym: no)
V/Kodi ( 6433): CAndroidKey: key down (code: 21; repeat: 0; flags: 0x8; alt: no; shift: no; sym: no)
V/Kodi ( 6433): CAndroidKey: key up (code: 21; repeat: 0; flags: 0x8; alt: no; shift: no; sym: no)
V/Kodi ( 6433): CAndroidKey: key down (code: 21; repeat: 0; flags: 0x8; alt: no; shift: no; sym: no)
V/Kodi ( 6433): CAndroidKey: key up (code: 21; repeat: 0; flags: 0x8; alt: no; shift: no; sym: no)
V/Kodi ( 6433): CAndroidKey: key down (code: 23; repeat: 0; flags: 0x8; alt: no; shift: no; sym: no)
V/Kodi ( 6433): CAndroidKey: key up (code: 23; repeat: 0; flags: 0x8; alt: no; shift: no; sym: no)
V/Kodi ( 6433): CAndroidKey: key down (code: 21; repeat: 0; flags: 0x8; alt: no; shift: no; sym: no)
V/Kodi ( 6433): CAndroidKey: key up (code: 21; repeat: 0; flags: 0x8; alt: no; shift: no; sym: no)
V/Kodi ( 6433): CAndroidKey: key down (code: 21; repeat: 0; flags: 0x8; alt: no; shift: no; sym: no)
V/Kodi ( 6433): CAndroidKey: key up (code: 21; repeat: 0; flags: 0x8; alt: no; shift: no; sym: no)
V/Kodi ( 6433): CAndroidKey: key down (code: 23; repeat: 0; flags: 0x8; alt: no; shift: no; sym: no)
V/Kodi ( 6433): CAndroidKey: key up (code: 23; repeat: 0; flags: 0x8; alt: no; shift: no; sym: no)
V/Kodi ( 6433): CAndroidKey: key down (code: 20; repeat: 0; flags: 0x8; alt: no; shift: no; sym: no)
V/Kodi ( 6433): CAndroidKey: key up (code: 20; repeat: 0; flags: 0x8; alt: no; shift: no; sym: no)
V/Kodi ( 6433): CAndroidKey: key down (code: 22; repeat: 0; flags: 0x8; alt: no; shift: no; sym: no)
V/Kodi ( 6433): CAndroidKey: key up (code: 22; repeat: 0; flags: 0x8; alt: no; shift: no; sym: no)
V/Kodi ( 6433): CAndroidKey: key down (code: 22; repeat: 0; flags: 0x8; alt: no; shift: no; sym: no)
V/Kodi ( 6433): CAndroidKey: key up (code: 22; repeat: 0; flags: 0x8; alt: no; shift: no; sym: no)
V/Kodi ( 6433): CAndroidKey: key down (code: 22; repeat: 0; flags: 0x8; alt: no; shift: no; sym: no)
V/Kodi ( 6433): CAndroidKey: key up (code: 22; repeat: 0; flags: 0x8; alt: no; shift: no; sym: no)
V/Kodi ( 6433): CAndroidKey: key down (code: 22; repeat: 0; flags: 0x8; alt: no; shift: no; sym: no)
V/Kodi ( 6433): CAndroidKey: key up (code: 22; repeat: 0; flags: 0x8; alt: no; shift: no; sym: no)
V/Kodi ( 6433): CAndroidKey: key down (code: 23; repeat: 0; flags: 0x8; alt: no; shift: no; sym: no)
V/Kodi ( 6433): CAndroidKey: key up (code: 23; repeat: 0; flags: 0x8; alt: no; shift: no; sym: no)
V/Kodi ( 6433): CAndroidKey: key down (code: 19; repeat: 0; flags: 0x8; alt: no; shift: no; sym: no)
V/Kodi ( 6433): CAndroidKey: key up (code: 19; repeat: 0; flags: 0x8; alt: no; shift: no; sym: no)
V/Kodi ( 6433): CAndroidKey: key down (code: 23; repeat: 0; flags: 0x8; alt: no; shift: no; sym: no)
V/Kodi ( 6433): CAndroidKey: key up (code: 23; repeat: 0; flags: 0x8; alt: no; shift: no; sym: no)
V/Kodi ( 6433): CAndroidKey: key down (code: 23; repeat: 0; flags: 0x8; alt: no; shift: no; sym: no)
V/Kodi ( 6433): CAndroidKey: key up (code: 23; repeat: 0; flags: 0x8; alt: no; shift: no; sym: no)
V/Kodi ( 6433): CAndroidKey: key down (code: 21; repeat: 0; flags: 0x8; alt: no; shift: no; sym: no)
V/Kodi ( 6433): CAndroidKey: key up (code: 21; repeat: 0; flags: 0x8; alt: no; shift: no; sym: no)
V/Kodi ( 6433): CAndroidKey: key down (code: 20; repeat: 0; flags: 0x8; alt: no; shift: no; sym: no)
V/Kodi ( 6433): CAndroidKey: key up (code: 20; repeat: 0; flags: 0x8; alt: no; shift: no; sym: no)
V/Kodi ( 6433): CAndroidKey: key down (code: 23; repeat: 0; flags: 0x8; alt: no; shift: no; sym: no)
V/Kodi ( 6433): CAndroidKey: key up (code: 23; repeat: 0; flags: 0x8; alt: no; shift: no; sym: no)
V/Kodi ( 6433): CAndroidKey: key down (code: 22; repeat: 0; flags: 0x8; alt: no; shift: no; sym: no)
V/Kodi ( 6433): CAndroidKey: key up (code: 22; repeat: 0; flags: 0x8; alt: no; shift: no; sym: no)
V/Kodi ( 6433): CAndroidKey: key down (code: 22; repeat: 0; flags: 0x8; alt: no; shift: no; sym: no)
D/dalvikvm( 698): GC_CONCURRENT freed 2148K, 27% free 11093K/15060K, paused 2ms+4ms, total 74ms
D/dalvikvm( 698): WAIT_FOR_CONCURRENT_GC blocked 66ms
V/Kodi ( 6433): CAndroidKey: key up (code: 22; repeat: 0; flags: 0x8; alt: no; shift: no; sym: no)
V/Kodi ( 6433): CAndroidKey: key down (code: 20; repeat: 0; flags: 0x8; alt: no; shift: no; sym: no)
V/Kodi ( 6433): CAndroidKey: key up (code: 20; repeat: 0; flags: 0x8; alt: no; shift: no; sym: no)
V/Kodi ( 6433): CAndroidKey: key down (code: 23; repeat: 0; flags: 0x8; alt: no; shift: no; sym: no)
V/Kodi ( 6433): CAndroidKey: key up (code: 23; repeat: 0; flags: 0x8; alt: no; shift: no; sym: no)
V/Kodi ( 6433): CAndroidKey: key down (code: 19; repeat: 0; flags: 0x8; alt: no; shift: no; sym: no)
V/Kodi ( 6433): CAndroidKey: key up (code: 19; repeat: 0; flags: 0x8; alt: no; shift: no; sym: no)
V/Kodi ( 6433): CAndroidKey: key down (code: 22; repeat: 0; flags: 0x8; alt: no; shift: no; sym: no)
V/Kodi ( 6433): CAndroidKey: key up (code: 22; repeat: 0; flags: 0x8; alt: no; shift: no; sym: no)
V/Kodi ( 6433): CAndroidKey: key down (code: 22; repeat: 0; flags: 0x8; alt: no; shift: no; sym: no)
V/Kodi ( 6433): CAndroidKey: key up (code: 22; repeat: 0; flags: 0x8; alt: no; shift: no; sym: no)
V/Kodi ( 6433): CAndroidKey: key down (code: 22; repeat: 0; flags: 0x8; alt: no; shift: no; sym: no)
V/Kodi ( 6433): CAndroidKey: key up (code: 22; repeat: 0; flags: 0x8; alt: no; shift: no; sym: no)
V/Kodi ( 6433): CAndroidKey: key down (code: 22; repeat: 0; flags: 0x8; alt: no; shift: no; sym: no)
V/Kodi ( 6433): CAndroidKey: key up (code: 22; repeat: 0; flags: 0x8; alt: no; shift: no; sym: no)
V/Kodi ( 6433): CAndroidKey: key down (code: 23; repeat: 0; flags: 0x8; alt: no; shift: no; sym: no)
V/Kodi ( 6433): CAndroidKey: key up (code: 23; repeat: 0; flags: 0x8; alt: no; shift: no; sym: no)
V/Kodi ( 6433): CAndroidKey: key down (code: 21; repeat: 0; flags: 0x8; alt: no; shift: no; sym: no)
V/Kodi ( 6433): CAndroidKey: key up (code: 21; repeat: 0; flags: 0x8; alt: no; shift: no; sym: no)
V/Kodi ( 6433): CAndroidKey: key down (code: 21; repeat: 0; flags: 0x8; alt: no; shift: no; sym: no)
V/Kodi ( 6433): CAndroidKey: key up (code: 21; repeat: 0; flags: 0x8; alt: no; shift: no; sym: no)
V/Kodi ( 6433): CAndroidKey: key down (code: 21; repeat: 0; flags: 0x8; alt: no; shift: no; sym: no)
V/Kodi ( 6433): CAndroidKey: key up (code: 21; repeat: 0; flags: 0x8; alt: no; shift: no; sym: no)
V/Kodi ( 6433): CAndroidKey: key down (code: 21; repeat: 0; flags: 0x8; alt: no; shift: no; sym: no)
V/Kodi ( 6433): CAndroidKey: key up (code: 21; repeat: 0; flags: 0x8; alt: no; shift: no; sym: no)
V/Kodi ( 6433): CAndroidKey: key down (code: 20; repeat: 0; flags: 0x8; alt: no; shift: no; sym: no)
V/Kodi ( 6433): CAndroidKey: key up (code: 20; repeat: 0; flags: 0x8; alt: no; shift: no; sym: no)
V/Kodi ( 6433): CAndroidKey: key down (code: 23; repeat: 0; flags: 0x8; alt: no; shift: no; sym: no)
V/Kodi ( 6433): CAndroidKey: key up (code: 23; repeat: 0; flags: 0x8; alt: no; shift: no; sym: no)
V/Kodi ( 6433): CAndroidKey: key down (code: 19; repeat: 0; flags: 0x8; alt: no; shift: no; sym: no)
V/Kodi ( 6433): CAndroidKey: key up (code: 19; repeat: 0; flags: 0x8; alt: no; shift: no; sym: no)
V/Kodi ( 6433): CAndroidKey: key down (code: 22; repeat: 0; flags: 0x8; alt: no; shift: no; sym: no)
V/Kodi ( 6433): CAndroidKey: key up (code: 22; repeat: 0; flags: 0x8; alt: no; shift: no; sym: no)
V/Kodi ( 6433): CAndroidKey: key down (code: 22; repeat: 0; flags: 0x8; alt: no; shift: no; sym: no)
V/Kodi ( 6433): CAndroidKey: key up (code: 22; repeat: 0; flags: 0x8; alt: no; shift: no; sym: no)
V/Kodi ( 6433): CAndroidKey: key down (code: 21; repeat: 0; flags: 0x8; alt: no; shift: no; sym: no)
V/Kodi ( 6433): CAndroidKey: key up (code: 21; repeat: 0; flags: 0x8; alt: no; shift: no; sym: no)
V/Kodi ( 6433): CAndroidKey: key down (code: 20; repeat: 0; flags: 0x8; alt: no; shift: no; sym: no)
V/Kodi ( 6433): CAndroidKey: key up (code: 20; repeat: 0; flags: 0x8; alt: no; shift: no; sym: no)
V/Kodi ( 6433): CAndroidKey: key down (code: 22; repeat: 0; flags: 0x8; alt: no; shift: no; sym: no)
V/Kodi ( 6433): CAndroidKey: key up (code: 22; repeat: 0; flags: 0x8; alt: no; shift: no; sym: no)
V/Kodi ( 6433): CAndroidKey: key down (code: 22; repeat: 0; flags: 0x8; alt: no; shift: no; sym: no)
V/Kodi ( 6433): CAndroidKey: key up (code: 22; repeat: 0; flags: 0x8; alt: no; shift: no; sym: no)
V/Kodi ( 6433): CAndroidKey: key down (code: 23; repeat: 0; flags: 0x8; alt: no; shift: no; sym: no)
V/Kodi ( 6433): CAndroidKey: key up (code: 23; repeat: 0; flags: 0x8; alt: no; shift: no; sym: no)
V/Kodi ( 6433): CAndroidKey: key down (code: 19; repeat: 0; flags: 0x8; alt: no; shift: no; sym: no)
V/Kodi ( 6433): CAndroidKey: key up (code: 19; repeat: 0; flags: 0x8; alt: no; shift: no; sym: no)
V/Kodi ( 6433): CAndroidKey: key down (code: 19; repeat: 0; flags: 0x8; alt: no; shift: no; sym: no)
V/Kodi ( 6433): CAndroidKey: key up (code: 19; repeat: 0; flags: 0x8; alt: no; shift: no; sym: no)
V/Kodi ( 6433): CAndroidKey: key down (code: 19; repeat: 0; flags: 0x8; alt: no; shift: no; sym: no)
