V/Kodi ( 6433): CAndroidKey: key up (code: 19; repeat: 0; flags: 0x8; alt: no; shift: no; sym: no)
V/Kodi ( 6433): CAndroidKey: key down (code: 21; repeat: 0; flags: 0x8; alt: no; shift: no; sym: no)
V/Kodi ( 6433): CAndroidKey: key up (code: 21; repeat: 0; flags: 0x8; alt: no; shift: no; sym: no)
V/Kodi ( 6433): CAndroidKey: key down (code: 20; repeat: 0; flags: 0x8; alt: no; shift: no; sym: no)
V/Kodi ( 6433): CAndroidKey: key up (code: 20; repeat: 0; flags: 0x8; alt: no; shift: no; sym: no)
V/Kodi ( 6433): CAndroidKey: key down (code: 21; repeat: 0; flags: 0x8; alt: no; shift: no; sym: no)
V/Kodi ( 6433): CAndroidKey: key up (code: 21; repeat: 0; flags: 0x8; alt: no; shift: no; sym: no)
V/Kodi ( 6433): CAndroidKey: key down (code: 21; repeat: 0; flags: 0x8; alt: no; shift: no; sym: no)
V/Kodi ( 6433): CAndroidKey: key up (code: 21; repeat: 0; flags: 0x8; alt: no; shift: no; sym: no)
V/Kodi ( 6433): CAndroidKey: key down (code: 21; repeat: 0; flags: 0x8; alt: no; shift: no; sym: no)
V/Kodi ( 6433): CAndroidKey: key up (code: 21; repeat: 0; flags: 0x8; alt: no; shift: no; sym: no)
V/Kodi ( 6433): CAndroidKey: key down (code: 21; repeat: 0; flags: 0x8; alt: no; shift: no; sym: no)
V/Kodi ( 6433): CAndroidKey: key up (code: 21; repeat: 0; flags: 0x8; alt: no; shift: no; sym: no)
V/Kodi ( 6433): CAndroidKey: key down (code: 23; repeat: 0; flags: 0x8; alt: no; shift: no; sym: no)
V/Kodi ( 6433): CAndroidKey: key up (code: 23; repeat: 0; flags: 0x8; alt: no; shift: no; sym: no)
V/Kodi ( 6433): CAndroidKey: key down (code: 21; repeat: 0; flags: 0x8; alt: no; shift: no; sym: no)
D/dalvikvm( 698): GC_CONCURRENT freed 2149K, 27% free 11092K/15060K, paused 2ms+4ms, total 56ms
D/dalvikvm( 698): WAIT_FOR_CONCURRENT_GC blocked 47ms
V/Kodi ( 6433): CAndroidKey: key up (code: 21; repeat: 0; flags: 0x8; alt: no; shift: no; sym: no)
V/Kodi ( 6433): CAndroidKey: key down (code: 21; repeat: 0; flags: 0x8; alt: no; shift: no; sym: no)
V/Kodi ( 6433): CAndroidKey: key up (code: 21; repeat: 0; flags: 0x8; alt: no; shift: no; sym: no)
V/Kodi ( 6433): CAndroidKey: key down (code: 20; repeat: 0; flags: 0x8; alt: no; shift: no; sym: no)
V/Kodi ( 6433): CAndroidKey: key up (code: 20; repeat: 0; flags: 0x8; alt: no; shift: no; sym: no)
V/Kodi ( 6433): CAndroidKey: key down (code: 20; repeat: 0; flags: 0x8; alt: no; shift: no; sym: no)
V/Kodi ( 6433): CAndroidKey: key up (code: 20; repeat: 0; flags: 0x8; alt: no; shift: no; sym: no)
V/Kodi ( 6433): CAndroidKey: key down (code: 23; repeat: 0; flags: 0x8; alt: no; shift: no; sym: no)
V/Kodi ( 6433): CAndroidKey: key up (code: 23; repeat: 0; flags: 0x8; alt: no; shift: no; sym: no)
V/Kodi ( 6433): CAndroidKey: key down (code: 20; repeat: 0; flags: 0x8; alt: no; shift: no; sym: no)
V/Kodi ( 6433): CAndroidKey: key up (code: 20; repeat: 0; flags: 0x8; alt: no; shift: no; sym: no)
D/XBMCBroadcastReceiver( 6433): Received Intent
D/Bluetooth HS/HF( 1419): HandleMessage9
V/Kodi ( 6433): CXBMCApp::onReceive Got intent. Action: android.intent.action.BATTERY_CHANGED
D/Bluetooth HS/HF( 1419): Battery State Changed, send update100Scale: 100
V/Kodi ( 6433): CAndroidKey: key down (code: 21; repeat: 0; flags: 0x8; alt: no; shift: no; sym: no)
V/Kodi ( 6433): CAndroidKey: key up (code: 21; repeat: 0; flags: 0x8; alt: no; shift: no; sym: no)
V/Kodi ( 6433): CAndroidKey: key down (code: 21; repeat: 0; flags: 0x8; alt: no; shift: no; sym: no)
V/Kodi ( 6433): CAndroidKey: key up (code: 21; repeat: 0; flags: 0x8; alt: no; shift: no; sym: no)
V/Kodi ( 6433): CAndroidKey: key down (code: 23; repeat: 0; flags: 0x8; alt: no; shift: no; sym: no)
V/Kodi ( 6433): CAndroidKey: key up (code: 23; repeat: 0; flags: 0x8; alt: no; shift: no; sym: no)
I/ThermalDaemon( 335): Sensor[tmp105_2_pwrs] Temperature : 41.0
I/TemperatureSensorObserver( 698): read new temperature 41000
V/Kodi ( 6433): CAndroidKey: key down (code: 19; repeat: 0; flags: 0x8; alt: no; shift: no; sym: no)
V/Kodi ( 6433): CAndroidKey: key up (code: 19; repeat: 0; flags: 0x8; alt: no; shift: no; sym: no)
V/Kodi ( 6433): CAndroidKey: key down (code: 22; repeat: 0; flags: 0x8; alt: no; shift: no; sym: no)
V/Kodi ( 6433): CAndroidKey: key up (code: 22; repeat: 0; flags: 0x8; alt: no; shift: no; sym: no)
V/Kodi ( 6433): CAndroidKey: key down (code: 22; repeat: 0; flags: 0x8; alt: no; shift: no; sym: no)
V/Kodi ( 6433): CAndroidKey: key up (code: 22; repeat: 0; flags: 0x8; alt: no; shift: no; sym: no)
V/Kodi ( 6433): CAndroidKey: key down (code: 22; repeat: 0; flags: 0x8; alt: no; shift: no; sym: no)
V/Kodi ( 6433): CAndroidKey: key up (code: 22; repeat: 0; flags: 0x8; alt: no; shift: no; sym: no)
V/Kodi ( 6433): CAndroidKey: key down (code: 19; repeat: 0; flags: 0x8; alt: no; shift: no; sym: no)
V/Kodi ( 6433): CAndroidKey: key up (code: 19; repeat: 0; flags: 0x8; alt: no; shift: no; sym: no)
V/Kodi ( 6433): CAndroidKey: key down (code: 22; repeat: 0; flags: 0x8; alt: no; shift: no; sym: no)
V/Kodi ( 6433): CAndroidKey: key up (code: 22; repeat: 0; flags: 0x8; alt: no; shift: no; sym: no)
V/Kodi ( 6433): CAndroidKey: key down (code: 19; repeat: 0; flags: 0x8; alt: no; shift: no; sym: no)
V/Kodi ( 6433): CAndroidKey: key up (code: 19; repeat: 0; flags: 0x8; alt: no; shift: no; sym: no)
V/Kodi ( 6433): CAndroidKey: key down (code: 22; repeat: 0; flags: 0x8; alt: no; shift: no; sym: no)
V/Kodi ( 6433): CAndroidKey: key up (code: 22; repeat: 0; flags: 0x8; alt: no; shift: no; sym: no)
V/Kodi ( 6433): CAndroidKey: key down (code: 23; repeat: 0; flags: 0x8; alt: no; shift: no; sym: no)
V/Kodi ( 6433): CAndroidKey: key up (code: 23; repeat: 0; flags: 0x8; alt: no; shift: no; sym: no)
V/Kodi ( 6433): CAndroidKey: key down (code: 22; repeat: 0; flags: 0x8; alt: no; shift: no; sym: no)
V/Kodi ( 6433): CAndroidKey: key up (code: 22; repeat: 0; flags: 0x8; alt: no; shift: no; sym: no)
V/Kodi ( 6433): CAndroidKey: key down (code: 22; repeat: 0; flags: 0x8; alt: no; shift: no; sym: no)
V/Kodi ( 6433): CAndroidKey: key up (code: 22; repeat: 0; flags: 0x8; alt: no; shift: no; sym: no)
V/Kodi ( 6433): CAndroidKey: key down (code: 22; repeat: 0; flags: 0x8; alt: no; shift: no; sym: no)
V/Kodi ( 6433): CAndroidKey: key up (code: 22; repeat: 0; flags: 0x8; alt: no; shift: no; sym: no)
V/Kodi ( 6433): CAndroidKey: key down (code: 22; repeat: 0; flags: 0x8; alt: no; shift: no; sym: no)
V/Kodi ( 6433): CAndroidKey: key up (code: 22; repeat: 0; flags: 0x8; alt: no; shift: no; sym: no)
V/Kodi ( 6433): CAndroidKey: key down (code: 23; repeat: 0; flags: 0x8; alt: no; shift: no; sym: no)
V/Kodi ( 6433): CAndroidKey: key up (code: 23; repeat: 0; flags: 0x8; alt: no; shift: no; sym: no)
V/Kodi ( 6433): CAndroidKey: key down (code: 22; repeat: 0; flags: 0x8; alt: no; shift: no; sym: no)
V/Kodi ( 6433): CAndroidKey: key up (code: 22; repeat: 0; flags: 0x8; alt: no; shift: no; sym: no)
V/Kodi ( 6433): CAndroidKey: key down (code: 22; repeat: 0; flags: 0x8; alt: no; shift: no; sym: no)
V/Kodi ( 6433): CAndroidKey: key up (code: 22; repeat: 0; flags: 0x8; alt: no; shift: no; sym: no)
V/Kodi ( 6433): CAndroidKey: key down (code: 22; repeat: 0; flags: 0x8; alt: no; shift: no; sym: no)
V/Kodi ( 6433): CAndroidKey: key up (code: 22; repeat: 0; flags: 0x8; alt: no; shift: no; sym: no)
V/Kodi ( 6433): CAndroidKey: key down (code: 22; repeat: 0; flags: 0x8; alt: no; shift: no; sym: no)
V/Kodi ( 6433): CAndroidKey: key up (code: 22; repeat: 0; flags: 0x8; alt: no; shift: no; sym: no)
V/Kodi ( 6433): CAndroidKey: key down (code: 20; repeat: 0; flags: 0x8; alt: no; shift: no; sym: no)
V/Kodi ( 6433): CAndroidKey: key up (code: 20; repeat: 0; flags: 0x8; alt: no; shift: no; sym: no)
V/Kodi ( 6433): CAndroidKey: key down (code: 20; repeat: 0; flags: 0x8; alt: no; shift: no; sym: no)
V/Kodi ( 6433): CAndroidKey: key up (code: 20; repeat: 0; flags: 0x8; alt: no; shift: no; sym: no)
V/Kodi ( 6433): CAndroidKey: key down (code: 22; repeat: 0; flags: 0x8; alt: no; shift: no; sym: no)
V/Kodi ( 6433): CAndroidKey: key up (code: 22; repeat: 0; flags: 0x8; alt: no; shift: no; sym: no)
V/Kodi ( 6433): CAndroidKey: key down (code: 22; repeat: 0; flags: 0x8; alt: no; shift: no; sym: no)
V/Kodi ( 6433): CAndroidKey: key up (code: 22; repeat: 0; flags: 0x8; alt: no; shift: no; sym: no)
V/Kodi ( 6433): CAndroidKey: key down (code: 22; repeat: 0; flags: 0x8; alt: no; shift: no; sym: no)
V/Kodi ( 6433): CAndroidKey: key up (code: 22; repeat: 0; flags: 0x8; alt: no; shift: no; sym: no)
V/Kodi ( 6433): CAndroidKey: key down (code: 23; repeat: 0; flags: 0x8; alt: no; shift: no; sym: no)
V/Kodi ( 6433): CAndroidKey: key up (code: 23; repeat: 0; flags: 0x8; alt: no; shift: no; sym: no)
V/Kodi ( 6433): CAndroidKey: key down (code: 19; repeat: 0; flags: 0x8; alt: no; shift: no; sym: no)
V/Kodi ( 6433): CAndroidKey: key up (code: 19; repeat: 0; flags: 0x8; alt: no; shift: no; sym: no)
V/Kodi ( 6433): CAndroidKey: key down (code: 19; repeat: 0; flags: 0x8; alt: no; shift: no; sym: no)
V/Kodi ( 6433): CAndroidKey: key up (code: 19; repeat: 0; flags: 0x8; alt: no; shift: no; sym: no)
V/Kodi ( 6433): CAndroidKey: key down (code: 22; repeat: 0; flags: 0x8; alt: no; shift: no; sym: no)
V/Kodi ( 6433): CAndroidKey: key up (code: 22; repeat: 0; flags: 0x8; alt: no; shift: no; sym: no)
V/Kodi ( 6433): CAndroidKey: key down (code: 22; repeat: 0; flags: 0x8; alt: no; shift: no; sym: no)
V/Kodi ( 6433): CAndroidKey: key up (code: 22; repeat: 0; flags: 0x8; alt: no; shift: no; sym: no)
V/Kodi ( 6433): CAndroidKey: key down (code: 22; repeat: 0; flags: 0x8; alt: no; shift: no; sym: no)
V/Kodi ( 6433): CAndroidKey: key up (code: 22; repeat: 0; flags: 0x8; alt: no; shift: no; sym: no)
V/Kodi ( 6433): CAndroidKey: key down (code: 23; repeat: 0; flags: 0x8; alt: no; shift: no; sym: no)
V/Kodi ( 6433): CAndroidKey: key up (code: 23; repeat: 0; flags: 0x8; alt: no; shift: no; sym: no)
V/Kodi ( 6433): CAndroidKey: key down (code: 22; repeat: 0; flags: 0x8; alt: no; shift: no; sym: no)
V/Kodi ( 6433): CAndroidKey: key up (code: 22; repeat: 0; flags: 0x8; alt: no; shift: no; sym: no)
V/Kodi ( 6433): CAndroidKey: key down (code: 22; repeat: 0; flags: 0x8; alt: no; shift: no; sym: no)
V/Kodi ( 6433): CAndroidKey: key up (code: 22; repeat: 0; flags: 0x8; alt: no; shift: no; sym: no)
V/Kodi ( 6433): CAndroidKey: key down (code: 22; repeat: 0; flags: 0x8; alt: no; shift: no; sym: no)
V/Kodi ( 6433): CAndroidKey: key up (code: 22; repeat: 0; flags: 0x8; alt: no; shift: no; sym: no)
D/dalvikvm( 698): GC_CONCURRENT freed 2122K, 27% free 11105K/15060K, paused 3ms+4ms, total 56ms
D/dalvikvm( 698): WAIT_FOR_CONCURRENT_GC blocked 47ms
V/Kodi ( 6433): CAndroidKey: key down (code: 22; repeat: 0; flags: 0x8; alt: no; shift: no; sym: no)
V/Kodi ( 6433): CAndroidKey: key up (code: 22; repeat: 0; flags: 0x8; alt: no; shift: no; sym: no)
V/Kodi ( 6433): CAndroidKey: key down (code: 20; repeat: 0; flags: 0x8; alt: no; shift: no; sym: no)
V/Kodi ( 6433): CAndroidKey: key up (code: 20; repeat: 0; flags: 0x8; alt: no; shift: no; sym: no)
V/Kodi ( 6433): CAndroidKey: key down (code: 23; repeat: 0; flags: 0x8; alt: no; shift: no; sym: no)
V/Kodi ( 6433): CAndroidKey: key up (code: 23; repeat: 0; flags: 0x8; alt: no; shift: no; sym: no)
V/Kodi ( 6433): CAndroidKey: key down (code: 22; repeat: 0; flags: 0x8; alt: no; shift: no; sym: no)
V/Kodi ( 6433): CAndroidKey: key up (code: 22; repeat: 0; flags: 0x8; alt: no; shift: no; sym: no)
V/Kodi ( 6433): CAndroidKey: key down (code: 23; repeat: 0; flags: 0x8; alt: no; shift: no; sym: no)
V/Kodi ( 6433): CAndroidKey: key up (code: 23; repeat: 0; flags: 0x8; alt: no; shift: no; sym: no)
V/Kodi ( 6433): CAndroidKey: key down (code: 21; repeat: 0; flags: 0x8; alt: no; shift: no; sym: no)
V/Kodi ( 6433): CAndroidKey: key up (code: 21; repeat: 0; flags: 0x8; alt: no; shift: no; sym: no)
V/Kodi ( 6433): CAndroidKey: key down (code: 21; repeat: 0; flags: 0x8; alt: no; shift: no; sym: no)
V/Kodi ( 6433): CAndroidKey: key up (code: 21; repeat: 0; flags: 0x8; alt: no; shift: no; sym: no)
V/Kodi ( 6433): CAndroidKey: key down (code: 21; repeat: 0; flags: 0x8; alt: no; shift: no; sym: no)
V/Kodi ( 6433): CAndroidKey: key up (code: 21; repeat: 0; flags: 0x8; alt: no; shift: no; sym: no)
V/Kodi ( 6433): CAndroidKey: key down (code: 22; repeat: 0; flags: 0x8; alt: no; shift: no; sym: no)
V/Kodi ( 6433): CAndroidKey: key up (code: 22; repeat: 0; flags: 0x8; alt: no; shift: no; sym: no)
V/Kodi ( 6433): CAndroidKey: key down (code: 20; repeat: 0; flags: 0x8; alt: no; shift: no; sym: no)
V/Kodi ( 6433): CAndroidKey: key up (code: 20; repeat: 0; flags: 0x8; alt: no; shift: no; sym: no)
V/Kodi ( 6433): CAndroidKey: key down (code: 19; repeat: 0; flags: 0x8; alt: no; shift: no; sym: no)
V/Kodi ( 6433): CAndroidKey: key up (code: 19; repeat: 0; flags: 0x8; alt: no; shift: no; sym: no)
V/Kodi ( 6433): CAndroidKey: key down (code: 23; repeat: 0; flags: 0x8; alt: no; shift: no; sym: no)
V/Kodi ( 6433): CAndroidKey: key up (code: 23; repeat: 0; flags: 0x8; alt: no; shift: no; sym: no)
V/Kodi ( 6433): CAndroidKey: key down (code: 19; repeat: 0; flags: 0x8; alt: no; shift: no; sym: no)
V/Kodi ( 6433): CAndroidKey: key up (code: 19; repeat: 0; flags: 0x8; alt: no; shift: no; sym: no)
V/Kodi ( 6433): CAndroidKey: key down (code: 22; repeat: 0; flags: 0x8; alt: no; shift: no; sym: no)
V/Kodi ( 6433): CAndroidKey: key up (code: 22; repeat: 0; flags: 0x8; alt: no; shift: no; sym: no)
V/Kodi ( 6433): CAndroidKey: key down (code: 22; repeat: 0; flags: 0x8; alt: no; shift: no; sym: no)
V/Kodi ( 6433): CAndroidKey: key up (code: 22; repeat: 0; flags: 0x8; alt: no; shift: no; sym: no)
V/Kodi ( 6433): CAndroidKey: key down (code: 22; repeat: 0; flags: 0x8; alt: no; shift: no; sym: no)
V/Kodi ( 6433): CAndroidKey: key up (code: 22; repeat: 0; flags: 0x8; alt: no; shift: no; sym: no)
V/Kodi ( 6433): CAndroidKey: key down (code: 22; repeat: 0; flags: 0x8; alt: no; shift: no; sym: no)
V/Kodi ( 6433): CAndroidKey: key up (code: 22; repeat: 0; flags: 0x8; alt: no; shift: no; sym: no)
V/Kodi ( 6433): CAndroidKey: key down (code: 23; repeat: 0; flags: 0x8; alt: no; shift: no; sym: no)
V/Kodi ( 6433): CAndroidKey: key up (code: 23; repeat: 0; flags: 0x8; alt: no; shift: no; sym: no)
D/mDNS ( 2493): Read 134 bytes from mDNS socket, source 192.168.178.29:5353
D/mDNS ( 2493): read packet with 1 question 1 answer 0 authority 0 additional flags 0x0
D/mDNS ( 2493): read question for _ZmX9x2j1o6Md._sub._amzn-wplay._tcp.local. (0xc 0x1)
D/mDNS ( 2493): match _ZmX9x2j1o6Md._sub._amzn-wplay._tcp.local. (42) with android-7cd94dc6e51bdcfa (24) _spotify-connect._tcp.local. (28)
D/mDNS ( 2493): ignored, not matching service filter
V/Kodi ( 6433): CAndroidKey: key down (code: 22; repeat: 0; flags: 0x8; alt: no; shift: no; sym: no)
V/Kodi ( 6433): CAndroidKey: key up (code: 22; repeat: 0; flags: 0x8; alt: no; shift: no; sym: no)
V/Kodi ( 6433): CAndroidKey: key down (code: 22; repeat: 0; flags: 0x8; alt: no; shift: no; sym: no)
V/Kodi ( 6433): CAndroidKey: key up (code: 22; repeat: 0; flags: 0x8; alt: no; shift: no; sym: no)
V/Kodi ( 6433): CAndroidKey: key down (code: 22; repeat: 0; flags: 0x8; alt: no; shift: no; sym: no)
V/Kodi ( 6433): CAndroidKey: key up (code: 22; repeat: 0; flags: 0x8; alt: no; shift: no; sym: no)
V/Kodi ( 6433): CAndroidKey: key down (code: 22; repeat: 0; flags: 0x8; alt: no; shift: no; sym: no)
V/Kodi ( 6433): CAndroidKey: key up (code: 22; repeat: 0; flags: 0x8; alt: no; shift: no; sym: no)
V/Kodi ( 6433): CAndroidKey: key down (code: 22; repeat: 0; flags: 0x8; alt: no; shift: no; sym: no)
V/Kodi ( 6433): CAndroidKey: key up (code: 22; repeat: 0; flags: 0x8; alt: no; shift: no; sym: no)
V/Kodi ( 6433): CAndroidKey: key down (code: 23; repeat: 0; flags: 0x8; alt: no; shift: no; sym: no)
V/Kodi ( 6433): CAndroidKey: key up (code: 23; repeat: 0; flags: 0x8; alt: no; shift: no; sym: no)
V/Kodi ( 6433): CAndroidKey: key down (code: 22; repeat: 0; flags: 0x8; alt: no; shift: no; sym: no)
V/Kodi ( 6433): CAndroidKey: key up (code: 22; repeat: 0; flags: 0x8; alt: no; shift: no; sym: no)
V/Kodi ( 6433): CAndroidKey: key down (code: 22; repeat: 0; flags: 0x8; alt: no; shift: no; sym: no)
V/Kodi ( 6433): CAndroidKey: key up (code: 22; repeat: 0; flags: 0x8; alt: no; shift: no; sym: no)
V/Kodi ( 6433): CAndroidKey: key down (code: 22; repeat: 0; flags: 0x8; alt: no; shift: no; sym: no)
V/Kodi ( 6433): CAndroidKey: key up (code: 22; repeat: 0; flags: 0x8; alt: no; shift: no; sym: no)
V/Kodi ( 6433): CAndroidKey: key down (code: 20; repeat: 0; flags: 0x8; alt: no; shift: no; sym: no)
V/Kodi ( 6433): CAndroidKey: key up (code: 20; repeat: 0; flags: 0x8; alt: no; shift: no; sym: no)
V/Kodi ( 6433): CAndroidKey: key down (code: 20; repeat: 0; flags: 0x8; alt: no; shift: no; sym: no)
V/Kodi ( 6433): CAndroidKey: key up (code: 20; repeat: 0; flags: 0x8; alt: no; shift: no; sym: no)
V/Kodi ( 6433): CAndroidKey: key down (code: 22; repeat: 0; flags: 0x8; alt: no; shift: no; sym: no)
V/Kodi ( 6433): CAndroidKey: key up (code: 22; repeat: 0; flags: 0x8; alt: no; shift: no; sym: no)
V/Kodi ( 6433): CAndroidKey: key down (code: 22; repeat: 0; flags: 0x8; alt: no; shift: no; sym: no)
V/Kodi ( 6433): CAndroidKey: key up (code: 22; repeat: 0; flags: 0x8; alt: no; shift: no; sym: no)
D/Bluetooth HS/HF( 1419): HandleMessage9
D/Bluetooth HS/HF( 1419): Battery State Changed, send update100Scale: 100
D/XBMCBroadcastReceiver( 6433): Received Intent
V/Kodi ( 6433): CXBMCApp::onReceive Got intent. Action: android.intent.action.BATTERY_CHANGED
V/Kodi ( 6433): CAndroidKey: key down (code: 23; repeat: 0; flags: 0x8; alt: no; shift: no; sym: no)
V/Kodi ( 6433): CAndroidKey: key up (code: 23; repeat: 0; flags: 0x8; alt: no; shift: no; sym: no)
V/Kodi ( 6433): CAndroidKey: key down (code: 19; repeat: 0; flags: 0x8; alt: no; shift: no; sym: no)
V/Kodi ( 6433): CAndroidKey: key up (code: 19; repeat: 0; flags: 0x8; alt: no; shift: no; sym: no)
V/Kodi ( 6433): CAndroidKey: key down (code: 22; repeat: 0; flags: 0x8; alt: no; shift: no; sym: no)
V/Kodi ( 6433): CAndroidKey: key up (code: 22; repeat: 0; flags: 0x8; alt: no; shift: no; sym: no)
V/Kodi ( 6433): CAndroidKey: key down (code: 22; repeat: 0; flags: 0x8; alt: no; shift: no; sym: no)
V/Kodi ( 6433): CAndroidKey: key up (code: 22; repeat: 0; flags: 0x8; alt: no; shift: no; sym: no)
V/Kodi ( 6433): CAndroidKey: key down (code: 22; repeat: 0; flags: 0x8; alt: no; shift: no; sym: no)
V/Kodi ( 6433): CAndroidKey: key up (code: 22; repeat: 0; flags: 0x8; alt: no; shift: no; sym: no)
V/Kodi ( 6433): CAndroidKey: key down (code: 22; repeat: 0; flags: 0x8; alt: no; shift: no; sym: no)
V/Kodi ( 6433): CAndroidKey: key up (code: 22; repeat: 0; flags: 0x8; alt: no; shift: no; sym: no)
V/Kodi ( 6433): CAndroidKey: key down (code: 22; repeat: 0; flags: 0x8; alt: no; shift: no; sym: no)
V/Kodi ( 6433): CAndroidKey: key up (code: 22; repeat: 0; flags: 0x8; alt: no; shift: no; sym: no)
V/Kodi ( 6433): CAndroidKey: key down (code: 23; repeat: 0; flags: 0x8; alt: no; shift: no; sym: no)
V/Kodi ( 6433): CAndroidKey: key up (code: 23; repeat: 0; flags: 0x8; alt: no; shift: no; sym: no)
V/Kodi ( 6433): CAndroidKey: key down (code: 19; repeat: 0; flags: 0x8; alt: no; shift: no; sym: no)
V/Kodi ( 6433): CAndroidKey: key up (code: 19; repeat: 0; flags: 0x8; alt: no; shift: no; sym: no)
V/Kodi ( 6433): CAndroidKey: key down (code: 19; repeat: 0; flags: 0x8; alt: no; shift: no; sym: no)
V/Kodi ( 6433): CAndroidKey: key up (code: 19; repeat: 0; flags: 0x8; alt: no; shift: no; sym: no)
V/Kodi ( 6433): CAndroidKey: key down (code: 22; repeat: 0; flags: 0x8; alt: no; shift: no; sym: no)
V/Kodi ( 6433): CAndroidKey: key up (code: 22; repeat: 0; flags: 0x8; alt: no; shift: no; sym: no)
V/Kodi ( 6433): CAndroidKey: key down (code: 23; repeat: 0; flags: 0x8; alt: no; shift: no; sym: no)
V/Kodi ( 6433): CAndroidKey: key up (code: 23; repeat: 0; flags: 0x8; alt: no; shift: no; sym: no)
V/Kodi ( 6433): CAndroidKey: key down (code: 21; repeat: 0; flags: 0x8; alt: no; shift: no; sym: no)
V/Kodi ( 6433): CAndroidKey: key up (code: 21; repeat: 0; flags: 0x8; alt: no; shift: no; sym: no)
V/Kodi ( 6433): CAndroidKey: key down (code: 23; repeat: 0; flags: 0x8; alt: no; shift: no; sym: no)
V/Kodi ( 6433): CAndroidKey: key up (code: 23; repeat: 0; flags: 0x8; alt: no; shift: no; sym: no)
V/Kodi ( 6433): CAndroidKey: key down (code: 20; repeat: 0; flags: 0x8; alt: no; shift: no; sym: no)
V/Kodi ( 6433): CAndroidKey: key up (code: 20; repeat: 0; flags: 0x8; alt: no; shift: no; sym: no)
V/Kodi ( 6433): CAndroidKey: key down (code: 20; repeat: 0; flags: 0x8; alt: no; shift: no; sym: no)
V/Kodi ( 6433): CAndroidKey: key up (code: 20; repeat: 0; flags: 0x8; alt: no; shift: no; sym: no)
V/Kodi ( 6433): CAndroidKey: key down (code: 20; repeat: 0; flags: 0x8; alt: no; shift: no; sym: no)
V/Kodi ( 6433): CAndroidKey: key up (code: 20; repeat: 0; flags: 0x8; alt: no; shift: no; sym: no)
V/Kodi ( 6433): CAndroidKey: key down (code: 21; repeat: 0; flags: 0x8; alt: no; shift: no; sym: no)
V/Kodi ( 6433): CAndroidKey: key up (code: 21; repeat: 0; flags: 0x8; alt: no; shift: no; sym: no)
V/Kodi ( 6433): CAndroidKey: key down (code: 21; repeat: 0; flags: 0x8; alt: no; shift: no; sym: no)
V/Kodi ( 6433): CAndroidKey: key up (code: 21; repeat: 0; flags: 0x8; alt: no; shift: no; sym: no)
V/Kodi ( 6433): CAndroidKey: key down (code: 23; repeat: 0; flags: 0x8; alt: no; shift: no; sym: no)
V/Kodi ( 6433): CAndroidKey: key up (code: 23; repeat: 0; flags: 0x8; alt: no; shift: no; sym: no)
I/Kernel ( 346): <6>[ 560.059265] Bluetooth: Checking Controller's Role with remote device
I/Kernel ( 346): <6>[ 560.059448] Bluetooth: Controller is in MASTER mode
I/Kernel ( 346): <6>[ 560.059570] Bluetooth: Requesting Controller to enter into Sniff mode
I/abtfilt ( 2359): all HID in sniff mode!
I/abtfilt ( 2359): BT Action
I/abtfilt ( 2359): WMI Cmd: 145 Len: 16
V/Kodi ( 6433): CAndroidKey: key down (code: 20; repeat: 0; flags: 0x8; alt: no; shift: no; sym: no)
V/Kodi ( 6433): CAndroidKey: key up (code: 20; repeat: 0; flags: 0x8; alt: no; shift: no; sym: no)
I/abtfilt ( 2359): HID active mode!
I/abtfilt ( 2359): BT Action
I/abtfilt ( 2359): WMI Cmd: 212 Len: 60
I/abtfilt ( 2359): BT Action
I/abtfilt ( 2359): WMI Cmd: 145 Len: 16
V/Kodi ( 6433): CAndroidKey: key down (code: 23; repeat: 0; flags: 0x8; alt: no; shift: no; sym: no)
V/Kodi ( 6433): CAndroidKey: key up (code: 23; repeat: 0; flags: 0x8; alt: no; shift: no; sym: no)
I/ThermalDaemon( 335): Sensor[tmp105_2_pwrs] Temperature : 40.0
I/TemperatureSensorObserver( 698): read new temperature 40500
V/Kodi ( 6433): CAndroidKey: key down (code: 20; repeat: 0; flags: 0x8; alt: no; shift: no; sym: no)
V/Kodi ( 6433): CAndroidKey: key up (code: 20; repeat: 0; flags: 0x8; alt: no; shift: no; sym: no)
V/Kodi ( 6433): CAndroidKey: key down (code: 20; repeat: 0; flags: 0x8; alt: no; shift: no; sym: no)
V/Kodi ( 6433): CAndroidKey: key up (code: 20; repeat: 0; flags: 0x8; alt: no; shift: no; sym: no)
V/Kodi ( 6433): CAndroidKey: key down (code: 19; repeat: 0; flags: 0x8; alt: no; shift: no; sym: no)
V/Kodi ( 6433): CAndroidKey: key up (code: 19; repeat: 0; flags: 0x8; alt: no; shift: no; sym: no)
D/Bluetooth HS/HF( 1419): HandleMessage9
D/Bluetooth HS/HF( 1419): Battery State Changed, send update100Scale: 100
D/XBMCBroadcastReceiver( 6433): Received Intent
V/Kodi ( 6433): CXBMCApp::onReceive Got intent. Action: android.intent.action.BATTERY_CHANGED
V/Kodi ( 6433): CAndroidKey: key down (code: 23; repeat: 0; flags: 0x8; alt: no; shift: no; sym: no)
V/Kodi ( 6433): CAndroidKey: key up (code: 23; repeat: 0; flags: 0x8; alt: no; shift: no; sym: no)
D/dalvikvm( 698): GC_CONCURRENT freed 2148K, 27% free 11106K/15060K, paused 2ms+4ms, total 58ms
D/dalvikvm( 698): WAIT_FOR_CONCURRENT_GC blocked 51ms
V/Kodi ( 6433): process_input: Failure reading next input event: Try again
V/Kodi ( 6433): CAndroidKey: key down (code: 4; repeat: 0; flags: 0x8; alt: no; shift: no; sym: no)
V/Kodi ( 6433): process_input: Failure reading next input event: Try again
V/Kodi ( 6433): CAndroidKey: key up (code: 4; repeat: 0; flags: 0x8; alt: no; shift: no; sym: no)
V/Kodi ( 6433): process_input: Failure reading next input event: Try again
V/Kodi ( 6433): CAndroidKey: key down (code: 4; repeat: 0; flags: 0x8; alt: no; shift: no; sym: no)
V/Kodi ( 6433): process_input: Failure reading next input event: Try again
V/Kodi ( 6433): CAndroidKey: key up (code: 4; repeat: 0; flags: 0x8; alt: no; shift: no; sym: no)
V/Kodi ( 6433): CAndroidKey: key down (code: 20; repeat: 0; flags: 0x8; alt: no; shift: no; sym: no)
V/Kodi ( 6433): CAndroidKey: key up (code: 20; repeat: 0; flags: 0x8; alt: no; shift: no; sym: no)
V/Kodi ( 6433): CAndroidKey: key down (code: 23; repeat: 0; flags: 0x8; alt: no; shift: no; sym: no)
V/Kodi ( 6433): CAndroidKey: key up (code: 23; repeat: 0; flags: 0x8; alt: no; shift: no; sym: no)
V/Kodi ( 6433): CAndroidKey: key down (code: 20; repeat: 0; flags: 0x8; alt: no; shift: no; sym: no)
V/Kodi ( 6433): CAndroidKey: key up (code: 20; repeat: 0; flags: 0x8; alt: no; shift: no; sym: no)
V/Kodi ( 6433): CAndroidKey: key down (code: 20; repeat: 0; flags: 0x8; alt: no; shift: no; sym: no)
V/Kodi ( 6433): CAndroidKey: key up (code: 20; repeat: 0; flags: 0x8; alt: no; shift: no; sym: no)
V/Kodi ( 6433): process_input: Failure reading next input event: Try again
V/Kodi ( 6433): CAndroidKey: key down (code: 4; repeat: 0; flags: 0x8; alt: no; shift: no; sym: no)
V/Kodi ( 6433): process_input: Failure reading next input event: Try again
V/Kodi ( 6433): CAndroidKey: key up (code: 4; repeat: 0; flags: 0x8; alt: no; shift: no; sym: no)
V/Kodi ( 6433): process_input: Failure reading next input event: Try again
V/Kodi ( 6433): CAndroidKey: key down (code: 4; repeat: 0; flags: 0x8; alt: no; shift: no; sym: no)
V/Kodi ( 6433): process_input: Failure reading next input event: Try again
V/Kodi ( 6433): CAndroidKey: key up (code: 4; repeat: 0; flags: 0x8; alt: no; shift: no; sym: no)
V/Kodi ( 6433): CAndroidKey: key down (code: 20; repeat: 0; flags: 0x8; alt: no; shift: no; sym: no)
V/Kodi ( 6433): CAndroidKey: key up (code: 20; repeat: 0; flags: 0x8; alt: no; shift: no; sym: no)
V/Kodi ( 6433): CAndroidKey: key down (code: 23; repeat: 0; flags: 0x8; alt: no; shift: no; sym: no)
V/Kodi ( 6433): CAndroidKey: key up (code: 23; repeat: 0; flags: 0x8; alt: no; shift: no; sym: no)
V/Kodi ( 6433): CAndroidKey: key down (code: 20; repeat: 0; flags: 0x8; alt: no; shift: no; sym: no)
V/Kodi ( 6433): CAndroidKey: key up (code: 20; repeat: 0; flags: 0x8; alt: no; shift: no; sym: no)
V/Kodi ( 6433): CAndroidKey: key down (code: 20; repeat: 0; flags: 0x8; alt: no; shift: no; sym: no)
V/Kodi ( 6433): CAndroidKey: key up (code: 20; repeat: 0; flags: 0x8; alt: no; shift: no; sym: no)
V/Kodi ( 6433): CAndroidKey: key down (code: 23; repeat: 0; flags: 0x8; alt: no; shift: no; sym: no)
V/Kodi ( 6433): CAndroidKey: key up (code: 23; repeat: 0; flags: 0x8; alt: no; shift: no; sym: no)
D/Bluetooth HS/HF( 1419): HandleMessage9
D/Bluetooth HS/HF( 1419): Battery State Changed, send update100Scale: 100
D/XBMCBroadcastReceiver( 6433): Received Intent
V/Kodi ( 6433): CXBMCApp::onReceive Got intent. Action: android.intent.action.BATTERY_CHANGED
I/Kernel ( 346): <6>[ 591.719268] Bluetooth: Checking Controller's Role with remote device
I/Kernel ( 346): <6>[ 591.719390] Bluetooth: Controller is in MASTER mode
I/Kernel ( 346): <6>[ 591.719573] Bluetooth: Requesting Controller to enter into Sniff mode
I/abtfilt ( 2359): all HID in sniff mode!
I/abtfilt ( 2359): BT Action
I/abtfilt ( 2359): WMI Cmd: 145 Len: 16
V/Kodi ( 6433): CAndroidKey: key down (code: 20; repeat: 0; flags: 0x8; alt: no; shift: no; sym: no)
V/Kodi ( 6433): CAndroidKey: key up (code: 20; repeat: 0; flags: 0x8; alt: no; shift: no; sym: no)
I/abtfilt ( 2359): HID active mode!
I/abtfilt ( 2359): BT Action
I/abtfilt ( 2359): WMI Cmd: 212 Len: 60
I/abtfilt ( 2359): BT Action
I/abtfilt ( 2359): WMI Cmd: 145 Len: 16
V/Kodi ( 6433): CAndroidKey: key down (code: 20; repeat: 0; flags: 0x8; alt: no; shift: no; sym: no)
V/Kodi ( 6433): CAndroidKey: key up (code: 20; repeat: 0; flags: 0x8; alt: no; shift: no; sym: no)
V/Kodi ( 6433): CAndroidKey: key down (code: 20; repeat: 0; flags: 0x8; alt: no; shift: no; sym: no)
V/Kodi ( 6433): CAndroidKey: key up (code: 20; repeat: 0; flags: 0x8; alt: no; shift: no; sym: no)
V/Kodi ( 6433): CAndroidKey: key down (code: 23; repeat: 0; flags: 0x8; alt: no; shift: no; sym: no)
V/Kodi ( 6433): CAndroidKey: key up (code: 23; repeat: 0; flags: 0x8; alt: no; shift: no; sym: no)
V/Kodi-Amazon( 7518): Manufacturer: Amazon
V/Kodi-Amazon( 7519): Starting App: com.fivecent.amazonvideowrapper Video: B00UXZ63NA
I/ActivityManager( 698): START u0 {act=android.intent.action.MAIN cat=[android.intent.category.LAUNCHER] dat=B00UXZ63NA flg=0x10000000 pkg=com.fivecent.amazonvideowrapper cmp=com.fivecent.amazonvideowrapper/.StartAmazonVideo} from pid 6433
V/threaded_app( 6433): Pause: 0x5a40f9a8
V/threaded_app( 6433): activityState=13
V/Kodi ( 6433): virtual void CXBMCApp::onPause():
V/Kodi ( 6433): static bool CXBMCApp::EnableWakeLock(bool): false
D/InputManager( 698): Activity onCreate received.
W/ContextImpl( 698): Calling a method in the system process without a qualified user: android.app.ContextImpl.sendBroadcast:1353 com.android.server.am.ActivityStack.startActivityMayWait:3199 com.android.server.am.ActivityManagerService.startActivityAsUser:2539 com.android.server.am.ActivityManagerService.startActivity:2528 android.app.ActivityManagerNative.onTransact:141
I/ActivityManager( 698): Start proc com.fivecent.amazonvideowrapper for activity com.fivecent.amazonvideowrapper/.StartAmazonVideo: pid=7521 uid=10014 gids={50014, 1028}
V/threaded_app( 6433): WindowFocusChanged: 0x5a40f9a8 -- 0
V/Kodi ( 6433): virtual void CXBMCApp::onLostFocus():
E/Trace ( 7521): error opening trace file: No such file or directory (2)
V/threaded_app( 6433): NativeWindowDestroyed: 0x5a40f9a8 -- 0x40f42928
V/threaded_app( 6433): APP_CMD_TERM_WINDOW
V/Kodi ( 6433): virtual void CXBMCApp::onDestroyWindow():
V/Kodi ( 6433): XBMC_DestroyDisplay()
D/ProfileManager( 7521): Create ProfileManager instance
W/dalvikvm( 7521): VFY: return-1nr not expected
W/dalvikvm( 7521): VFY: return-1nr on invalid register v1
W/dalvikvm( 7521): VFY: rejecting opcode 0x0f at 0x000a
W/dalvikvm( 7521): VFY: rejected Lcom/fivecent/amazonvideowrapper/StartAmazonVideo;.getPlaybackActivity ()Ljava/lang/String;
W/dalvikvm( 7521): Verifier rejected class Lcom/fivecent/amazonvideowrapper/StartAmazonVideo;
W/dalvikvm( 7521): Class init failed in newInstance call (Lcom/fivecent/amazonvideowrapper/StartAmazonVideo;)
D/AndroidRuntime( 7521): Shutting down VM
W/dalvikvm( 7521): threadid=1: thread exiting with uncaught exception (group=0x415e8b28)
E/AndroidRuntime( 7521): FATAL EXCEPTION: main
E/AndroidRuntime( 7521): java.lang.VerifyError: com/fivecent/amazonvideowrapper/StartAmazonVideo
E/AndroidRuntime( 7521): at java.lang.Class.newInstanceImpl(Native Method)
E/AndroidRuntime( 7521): at java.lang.Class.newInstance(Class.java:1319)
E/AndroidRuntime( 7521): at android.app.Instrumentation.newActivity(Instrumentation.java:1061)
E/AndroidRuntime( 7521): at android.app.ActivityThread.performLaunchActivity(ActivityThread.java:2123)
E/AndroidRuntime( 7521): at android.app.ActivityThread.handleLaunchActivity(ActivityThread.java:2258)
E/AndroidRuntime( 7521): at android.app.ActivityThread.access$600(ActivityThread.java:146)
E/AndroidRuntime( 7521): at android.app.ActivityThread$H.handleMessage(ActivityThread.java:1243)
E/AndroidRuntime( 7521): at android.os.Handler.dispatchMessage(Handler.java:99)
E/AndroidRuntime( 7521): at android.os.Looper.loop(Looper.java:137)
E/AndroidRuntime( 7521): at android.app.ActivityThread.main(ActivityThread.java:5130)
E/AndroidRuntime( 7521): at java.lang.reflect.Method.invokeNative(Native Method)
E/AndroidRuntime( 7521): at java.lang.reflect.Method.invoke(Method.java:511)
E/AndroidRuntime( 7521): at com.android.internal.os.ZygoteInit$MethodAndArgsCaller.run(ZygoteInit.java:793)
E/AndroidRuntime( 7521): at com.android.internal.os.ZygoteInit.main(ZygoteInit.java:560)
E/AndroidRuntime( 7521): at dalvik.system.NativeStart.main(Native Method)
V/Kodi ( 6433): XBMC_Pause(true)
V/threaded_app( 6433): APP_CMD_TERM_WINDOW
D/dalvikvm( 698): GC_CONCURRENT freed 2343K, 28% free 10913K/15060K, paused 3ms+4ms, total 48ms
D/dalvikvm( 698): WAIT_FOR_CONCURRENT_GC blocked 40ms
D/dalvikvm( 698): WAIT_FOR_CONCURRENT_GC blocked 27ms
D/dalvikvm( 698): WAIT_FOR_CONCURRENT_GC blocked 35ms
W/ActivityManager( 698): Force finishing activity com.fivecent.amazonvideowrapper/.StartAmazonVideo
I/Process ( 7521): Sending signal. PID: 7521 SIG: 9
W/ActivityManager( 698): Force finishing activity org.xbmc.kodi/.Main
I/ActivityManager( 698): Process com.fivecent.amazonvideowrapper (pid 7521) has died.
I/InputManager-JNI( 698): 'setPointerCursor' Setting cursor mode: - 2.
D/MediaExtractor( 328): returning default extractor
D/ ( 328): MPQ Mime Type: audio/raw, getMPQObjectsAlive = 0
I/ ( 328): MPQ Audio Enabled - MPQ Audio Player
D/ ( 328): Use tunnel player only for AUDIO_STREAM_MUSIC
D/ ( 328): Set Audio Track as Audio Source
D/ ( 328): MPQ Audio Player
D/ ( 328): MPQ Audio player created for mime audio/raw duration 342083
W/ ( 328): Trying to create tunnel player mIsTunnelAudio 0, LPAPlayer::objectsAlive 0, TunnelPlayer::mTunnelObjectsAlive = 0, (mAudioPlayer == NULL) 0
E/ ( 328): Audio Player set source
W/MPQAudioPlayer( 328): Sw Decoder
W/ContextImpl( 698): Calling a method in the system process without a qualified user: android.app.ContextImpl.sendBroadcast:1353 com.android.server.am.ActivityManagerService.activityResumed:4552 android.app.ActivityManagerNative.onTransact:420 com.android.server.am.ActivityManagerService.onTransact:1720 android.os.Binder.execTransact:351
I/InputManager-JNI( 698): 'setPointerCursor' Setting cursor mode: - 2.
D/MediaExtractor( 328): returning default extractor
D/ ( 328): MPQ Mime Type: audio/raw, getMPQObjectsAlive = 0
I/ ( 328): MPQ Audio Enabled - MPQ Audio Player
D/ ( 328): Use tunnel player only for AUDIO_STREAM_MUSIC
D/ ( 328): Set Audio Track as Audio Source
D/ ( 328): MPQ Audio Player
D/MediaExtractor( 328): returning default extractor
D/ ( 328): MPQ Audio player created for mime audio/raw duration 342083
D/ ( 328): MPQ Mime Type: audio/raw, getMPQObjectsAlive = 0
I/ ( 328): MPQ Audio Enabled - MPQ Audio Player
W/ ( 328): Trying to create tunnel player mIsTunnelAudio 0, LPAPlayer::objectsAlive 0, TunnelPlayer::mTunnelObjectsAlive = 0, (mAudioPlayer == NULL) 0
D/ ( 328): Use tunnel player only for AUDIO_STREAM_MUSIC
E/ ( 328): Audio Player set source
W/MPQAudioPlayer( 328): Sw Decoder
D/ ( 328): Set Audio Track as Audio Source
D/ ( 328): MPQ Audio Player
D/ ( 328): MPQ Audio player created for mime audio/raw duration 54833
W/ ( 328): Trying to create tunnel player mIsTunnelAudio 0, LPAPlayer::objectsAlive 0, TunnelPlayer::mTunnelObjectsAlive = 0, (mAudioPlayer == NULL) 0
E/ ( 328): Audio Player set source
W/MPQAudioPlayer( 328): Sw Decoder
D/MediaExtractor( 328): returning default extractor
D/ ( 328): MPQ Mime Type: audio/raw, getMPQObjectsAlive = 0
I/ ( 328): MPQ Audio Enabled - MPQ Audio Player
D/ ( 328): Use tunnel player only for AUDIO_STREAM_MUSIC
D/ ( 328): Set Audio Track as Audio Source
D/MediaExtractor( 328): returning default extractor
D/ ( 328): MPQ Audio Player
D/ ( 328): MPQ Audio player created for mime audio/raw duration 259854
W/ ( 328): Trying to create tunnel player mIsTunnelAudio 0, LPAPlayer::objectsAlive 0, TunnelPlayer::mTunnelObjectsAlive = 0, (mAudioPlayer == NULL) 0
E/ ( 328): Audio Player set source
D/ ( 328): MPQ Mime Type: audio/raw, getMPQObjectsAlive = 0
I/ ( 328): MPQ Audio Enabled - MPQ Audio Player
W/MPQAudioPlayer( 328): Sw Decoder
D/ ( 328): Use tunnel player only for AUDIO_STREAM_MUSIC
D/ ( 328): Set Audio Track as Audio Source
D/ ( 328): MPQ Audio Player
D/ ( 328): MPQ Audio player created for mime audio/raw duration 54833
W/ ( 328): Trying to create tunnel player mIsTunnelAudio 0, LPAPlayer::objectsAlive 0, TunnelPlayer::mTunnelObjectsAlive = 0, (mAudioPlayer == NULL) 0
E/ ( 328): Audio Player set source
W/MPQAudioPlayer( 328): Sw Decoder
D/MediaExtractor( 328): returning default extractor
D/ ( 328): MPQ Mime Type: audio/raw, getMPQObjectsAlive = 0
I/ ( 328): MPQ Audio Enabled - MPQ Audio Player
D/ ( 328): Use tunnel player only for AUDIO_STREAM_MUSIC
D/ ( 328): Set Audio Track as Audio Source
D/ ( 328): MPQ Audio Player
D/ ( 328): MPQ Audio player created for mime audio/raw duration 259854
W/ ( 328): Trying to create tunnel player mIsTunnelAudio 0, LPAPlayer::objectsAlive 0, TunnelPlayer::mTunnelObjectsAlive = 0, (mAudioPlayer == NULL) 0
E/ ( 328): Audio Player set source
W/MPQAudioPlayer( 328): Sw Decoder
V/threaded_app( 6433): Stop: 0x5a40f9a8
V/threaded_app( 6433): activityState=14
V/Kodi ( 6433): virtual void CXBMCApp::onStop():
V/threaded_app( 6433): InputQueueDestroyed: 0x5a40f9a8 -- 0x40d8a008
V/threaded_app( 6433): APP_CMD_INPUT_CHANGED
V/threaded_app( 6433): Destroy: 0x5a40f9a8
V/threaded_app( 6433): APP_CMD_DESTROY
V/Kodi ( 6433): virtual void CXBMCApp::onDestroy()
D/mDNS ( 2493): Read 200 bytes from mDNS socket, source 192.168.178.29:5353
D/mDNS ( 2493): ignoring packet with flags 0x8400
E/libEGL ( 6433): call to OpenGL ES API with no current context (logged once per thread)
D/mDNS ( 2493): Read 200 bytes from mDNS socket, source 192.168.178.29:5353
D/mDNS ( 2493): ignoring packet with flags 0x8400
V/AudioFlinger( 328): createTrack() sessionId: 0
V/AudioFlinger( 328): createTrack() lSessionId: 64
V/AudioFlinger( 328): AUDIO_OUTPUT_FLAG_FAST denied: isTimed=0 sharedBuffer=0x0 frameCount=3763 mFrameCount=256 format=1 isLinear=1 channelMask=0x1 sampleRate=44100 mSampleRate=48000 hasFastMixer=1 tid=7587 fastTrackAvailMask=0xfe
I/AudioStreamOutALSA( 328): AudioStreamOutALSA::latency() returned: latency=22
V/AudioFlinger( 328): Track constructor name 4096, calling pid 698
V/AudioFlinger( 328): acquiring 64 from 698
V/AudioFlinger( 328): added new entry for 64
V/AudioFlinger( 328): start(4096), calling pid 698 session 64
V/AudioFlinger( 328): ? => ACTIVE (4096) on thread 0x40063130
V/AudioFlinger( 328): mWaitWorkCV.broadcast
V/AudioFlinger( 328): thread 0x41e4b678 type 0 TID 721 waking up
V/AudioFlinger( 328): acquireWakeLock_l() AudioOut_2 status 0
V/AudioFlinger( 328): anticipated start
V/AudioFlinger( 328): releasing 61 from 698
V/AudioFlinger( 328): decremented refcount to 0
V/AudioFlinger( 328): purging stale effects
V/AudioFlinger( 328): remove track (4098) and delete from mixer
V/AudioFlinger( 328): PlaybackThread::Track destructor
V/AudioFlinger( 328): getNextBuffer() no more data for track 4096 on thread 0x41e4b678
V/AudioFlinger( 328): stop(4096), calling pid 698
V/AudioFlinger( 328): not stopping/stopped => stopping/stopped (4096) on thread 0x41e4b678
I/AudioStreamOutALSA( 328): AudioStreamOutALSA::latency() returned: latency=22
V/ALSAStreamOps( 328): getParameters() voip_flag=
V/AudioFlinger( 328): presentationComplete() reset: mPresentationCompleteFrames 9216 audioHalFrames 3072
I/AudioStreamOutALSA( 328): AudioStreamOutALSA::latency() returned: latency=22
V/ALSAStreamOps( 328): getParameters() voip_flag=
I/AudioStreamOutALSA( 328): AudioStreamOutALSA::latency() returned: latency=22
V/ALSAStreamOps( 328): getParameters() voip_flag=
I/AudioStreamOutALSA( 328): AudioStreamOutALSA::latency() returned: latency=22
V/ALSAStreamOps( 328): getParameters() voip_flag=
I/AudioStreamOutALSA( 328): AudioStreamOutALSA::latency() returned: latency=22
V/ALSAStreamOps( 328): getParameters() voip_flag=
I/AudioStreamOutALSA( 328): AudioStreamOutALSA::latency() returned: latency=22
V/ALSAStreamOps( 328): getParameters() voip_flag=
V/AudioFlinger( 328): presentationComplete() session 64 complete: framesWritten 9216
V/AudioFlinger( 328): TrackBase::reset
V/AudioFlinger( 328): createTrack() sessionId: 0
V/AudioFlinger( 328): createTrack() lSessionId: 65
V/AudioFlinger( 328): AUDIO_OUTPUT_FLAG_FAST denied: isTimed=0 sharedBuffer=0x0 frameCount=3763 mFrameCount=256 format=1 isLinear=1 channelMask=0x1 sampleRate=44100 mSampleRate=48000 hasFastMixer=1 tid=7588 fastTrackAvailMask=0xfe
I/AudioStreamOutALSA( 328): AudioStreamOutALSA::latency() returned: latency=22
V/AudioFlinger( 328): Track constructor name 4098, calling pid 698
V/AudioFlinger( 328): acquiring 65 from 698
V/AudioFlinger( 328): added new entry for 65
V/AudioFlinger( 328): start(4098), calling pid 698 session 65
V/AudioFlinger( 328): ? => ACTIVE (4098) on thread 0x40063848
V/AudioFlinger( 328): mWaitWorkCV.broadcast
V/AudioFlinger( 328): releasing 64 from 698
V/AudioFlinger( 328): decremented refcount to 0
V/AudioFlinger( 328): purging stale effects
V/AudioFlinger( 328): remove track (4096) and delete from mixer
V/AudioFlinger( 328): PlaybackThread::Track destructor
V/AudioFlinger( 328): getNextBuffer() no more data for track 4098 on thread 0x41e4b678
V/AudioFlinger( 328): stop(4098), calling pid 698
V/AudioFlinger( 328): not stopping/stopped => stopping/stopped (4098) on thread 0x41e4b678
I/AudioStreamOutALSA( 328): AudioStreamOutALSA::latency() returned: latency=22
V/ALSAStreamOps( 328): getParameters() voip_flag=
V/AudioFlinger( 328): presentationComplete() reset: mPresentationCompleteFrames 35840 audioHalFrames 3072
I/AudioStreamOutALSA( 328): AudioStreamOutALSA::latency() returned: latency=22
V/ALSAStreamOps( 328): getParameters() voip_flag=
I/AudioStreamOutALSA( 328): AudioStreamOutALSA::latency() returned: latency=22
V/ALSAStreamOps( 328): getParameters() voip_flag=
I/AudioStreamOutALSA( 328): AudioStreamOutALSA::latency() returned: latency=22
V/ALSAStreamOps( 328): getParameters() voip_flag=
I/AudioStreamOutALSA( 328): AudioStreamOutALSA::latency() returned: latency=22
V/ALSAStreamOps( 328): getParameters() voip_flag=
I/AudioStreamOutALSA( 328): AudioStreamOutALSA::latency() returned: latency=22
V/ALSAStreamOps( 328): getParameters() voip_flag=
V/AudioFlinger( 328): presentationComplete() session 65 complete: framesWritten 35840
V/AudioFlinger( 328): TrackBase::reset
D/mDNS ( 2493): Read 200 bytes from mDNS socket, source 192.168.178.29:5353
D/mDNS ( 2493): ignoring packet with flags 0x8400
V/AudioFlinger( 328): Audio hardware entering standby, mixer 0x41e4b678, suspend count 0
D/AudioStreamOutALSA( 328): AudioStreamOut: standby()
V/AudioFlinger( 328): releaseWakeLock_l() AudioOut_2
V/AudioFlinger( 328): thread 0x41e4b678 type 0 TID 721 going to sleep
D/dalvikvm( 698): GC_CONCURRENT freed 1891K, 27% free 11125K/15060K, paused 3ms+5ms, total 68ms
D/dalvikvm( 698): WAIT_FOR_CONCURRENT_GC blocked 52ms
D/Bluetooth HS/HF( 1419): HandleMessage9
D/Bluetooth HS/HF( 1419): Battery State Changed, send update100Scale: 100
W/ActivityManager( 698): Activity destroy timeout for ActivityRecord{41f303e0 u0 org.xbmc.kodi/.Main}
I/Kernel ( 346): <6>[ 609.589233] Bluetooth: Checking Controller's Role with remote device
I/Kernel ( 346): <6>[ 609.589355] Bluetooth: Controller is in MASTER mode
I/Kernel ( 346): <6>[ 609.589416] Bluetooth: Requesting Controller to enter into Sniff mode
I/abtfilt ( 2359): all HID in sniff mode!
I/abtfilt ( 2359): BT Action
I/abtfilt ( 2359): WMI Cmd: 145 Len: 16
D/dalvikvm( 6433): threadid=13: thread exiting, not yet detached (count=0)
V/XBMC ( 6433): detaching thread
V/Kodi ( 6433): => XBMC_Run finished with 0
D/dalvikvm( 6433): threadid=12: thread exiting, not yet detached (count=0)
V/XBMC ( 6433): detaching thread
V/Kodi ( 6433): => XBMC finished
V/Kodi ( 6433): CEventLoop: we are being destroyed
V/Kodi ( 6433): android_main: Exiting
V/AudioFlinger( 328): 328 died, releasing its sessions
V/AudioFlinger( 328): pid 698 @ 0
V/AudioFlinger( 328): pid 3970 @ 1
V/AudioFlinger( 328): pid 6168 @ 2
V/AudioFlinger( 328): pid 698 @ 3
I/ActivityManager( 698): Process org.xbmc.kodi (pid 6433) has died.
I/WindowState( 698): WIN DEATH: Window{41a0e348 u0 org.xbmc.kodi/org.xbmc.kodi.Main}
D/dalvikvm( 698): GC_CONCURRENT freed 2168K, 27% free 11107K/15060K, paused 3ms+4ms, total 49ms
D/dalvikvm( 698): WAIT_FOR_CONCURRENT_GC blocked 39ms
I/TemperatureSensorObserver( 698): read new temperature 40000
I/ThermalDaemon( 335): Sensor[tmp105_1_wifi] Temperature : 40.0
D/Bluetooth HS/HF( 1419): HandleMessage9
D/Bluetooth HS/HF( 1419): Battery State Changed, send update100Scale: 100
D/dalvikvm( 698): GC_CONCURRENT freed 2150K, 27% free 11108K/15060K, paused 3ms+4ms, total 49ms
D/dalvikvm( 698): WAIT_FOR_CONCURRENT_GC blocked 39ms
D/dalvikvm( 698): GC_CONCURRENT freed 2168K, 27% free 11091K/15060K, paused 5ms+4ms, total 56ms
D/dalvikvm( 698): WAIT_FOR_CONCURRENT_GC blocked 46ms
I/ThermalDaemon( 335): Sensor[tmp105_2_pwrs] Temperature : 39.0
I/TemperatureSensorObserver( 698): read new temperature 39500
D/dalvikvm( 698): GC_CONCURRENT freed 2100K, 27% free 11089K/15060K, paused 4ms+6ms, total 81ms
I/ActivityManager( 698): START u0 {flg=0x10000000 cmp=com.amazon.venezia/.pdi.AppLaunchActivity (has extras)} from pid 1000
D/InputManager( 698): Activity onCreate received.
W/ContextImpl( 698): Calling a method in the system process without a qualified user: android.app.ContextImpl.sendBroadcast:1353 com.android.server.am.ActivityStack.startActivityMayWait:3199 com.android.server.am.ActivityManagerService.startActivityAsUser:2539 com.android.server.am.ActivityManagerService.startActivity:2528 android.app.ActivityManagerNative.onTransact:141
I/InputManager-JNI( 698): 'setPointerCursor' Setting cursor mode: - 2.
D/InputManager( 698): Activity onCreate received.
I/ActivityManager( 698): START u0 {act=android.intent.action.MAIN cat=[android.intent.category.LAUNCHER] flg=0x10000000 pkg=org.ikonotv.smarttv cmp=org.ikonotv.smarttv/.Main} from pid 1743
W/ContextImpl( 698): Calling a method in the system process without a qualified user: android.app.ContextImpl.sendBroadcast:1353 com.android.server.am.ActivityStack.startActivityMayWait:3199 com.android.server.am.ActivityManagerService.startActivityAsUser:2539 com.android.server.am.ActivityManagerService.startActivity:2528 android.app.ActivityManagerNative.onTransact:141
I/InputManager-JNI( 698): 'setPointerCursor' Setting cursor mode: - 2.
W/ContextImpl( 698): Calling a method in the system process without a qualified user: android.app.ContextImpl.sendBroadcast:1353 com.android.server.am.ActivityManagerService.activityResumed:4552 android.app.ActivityManagerNative.onTransact:420 com.android.server.am.ActivityManagerService.onTransact:1720 android.os.Binder.execTransact:351
I/ActivityManager( 698): Start proc org.ikonotv.smarttv for activity org.ikonotv.smarttv/.Main: pid=7690 uid=10008 gids={50008, 3003, 1028}
E/Trace ( 7690): error opening trace file: No such file or directory (2)
D/ProfileManager( 7690): Create ProfileManager instance
I/Activity( 7690): No ActvityExender defined. Proceed with default activity behavior.
I/abtfilt ( 2359): HID active mode!
I/abtfilt ( 2359): BT Action
I/abtfilt ( 2359): WMI Cmd: 212 Len: 60
I/abtfilt ( 2359): BT Action
I/abtfilt ( 2359): WMI Cmd: 145 Len: 16
D/webcoreglue( 7690): netstack: Memory Cache feature is ON
I/AudioService( 698): AudioFocus requestAudioFocus() from android.media.AudioManager@41a0cc70
D/Kiwi ( 7690): Kiwi: Starting initialization process for application: org.ikonotv.smarttv
D/Kiwi ( 7690): Kiwi: DRM enabled: true
D/Kiwi ( 7690): ResourceManagerImpl: Registering resource: com.amazon.android.framework.resource.c@41a0f748
D/Kiwi ( 7690): ResourceManagerImpl: Registering resource: android.app.Application@418c8748
D/Kiwi ( 7690): ResourceManagerImpl: Registering resource: com.amazon.android.framework.task.a@41a112b0
D/Kiwi ( 7690): ResourceManagerImpl: Registering resource: {}
D/Kiwi ( 7690): ResourceManagerImpl: Registering resource: com.amazon.android.e.c@41a14768
D/Kiwi ( 7690): ResourceManagerImpl: Registering resource: com.amazon.android.framework.context.d@41a15700
D/Kiwi ( 7690): ResourceManagerImpl: Registering resource: com.amazon.android.framework.prompt.PromptManagerImpl@41a16b70
D/Kiwi ( 7690): ResourceManagerImpl: Registering resource: com.amazon.android.n.b@41a17b40
D/Kiwi ( 7690): ResourceManagerImpl: Registering resource: com.amazon.android.c.a@41a18918
D/Kiwi ( 7690): ResourceManagerImpl: Registering resource: com.amazon.android.q.c@41a19618
D/Kiwi ( 7690): ResourceManagerImpl: Registering resource: com.amazon.android.framework.task.command.b@41a1a3b0
D/Kiwi ( 7690): ResourceManagerImpl: Registering resource: com.amazon.android.m.c@41a1bfa0
D/Kiwi ( 7690): ResourceManagerImpl: Registering resource: com.amazon.android.framework.task.command.e@41a1ca38
D/Kiwi ( 7690): ResourceManagerImpl: Registering resource: com.amazon.android.g.a@41a1dbb0
D/Kiwi ( 7690): ResourceManagerImpl: Populating: com.amazon.android.framework.resource.c@41a0f748
D/Kiwi ( 7690): ResourceManagerImpl: Populating: android.app.Application@418c8748
D/Kiwi ( 7690): ResourceManagerImpl: Ignoring: android.app.Application@418c8748, not a kiwi class
D/Kiwi ( 7690): ResourceManagerImpl: Populating: com.amazon.android.framework.task.a@41a112b0
D/Kiwi ( 7690): ResourceManagerImpl: Populating: com.amazon.android.framework.task.pipeline.a@41a12178
D/Kiwi ( 7690): ResourceManagerImpl: Populating: com.amazon.android.framework.task.pipeline.e@41a12ba0
D/Kiwi ( 7690): EventManagerImpl: Registering listener for event: ACTIVITY_RESUME, ForegroundTaskPipeline:onResume listener
D/Kiwi ( 7690): EventListenerNotificationQueue: Adding listener: ForegroundTaskPipeline:onResume listener
D/Kiwi ( 7690): ResourceManagerImpl: Populating: com.amazon.android.framework.task.pipeline.a@41a12650
D/Kiwi ( 7690): EventManagerImpl: Registering listener for event: APPLICATION_DESTROY, com.amazon.android.framework.task.g@41a26a08
D/Kiwi ( 7690): EventListenerNotificationQueue: Adding listener: com.amazon.android.framework.task.g@41a26a08
D/Kiwi ( 7690): ResourceManagerImpl: Populating: {}
D/Kiwi ( 7690): ResourceManagerImpl: Populating: {}
