D/Kiwi ( 7690): ResourceManagerImpl: Populating: com.amazon.android.e.c@41a14768
D/Kiwi ( 7690): EventManagerImpl: Registering listener for event: ACTIVITY_RESUME, com.amazon.android.e.e@41a29bb8
D/Kiwi ( 7690): EventListenerNotificationQueue: Adding listener: com.amazon.android.e.e@41a29bb8
D/Kiwi ( 7690): ResourceManagerImpl: Populating: com.amazon.android.framework.context.d@41a15700
D/Kiwi ( 7690): ResourceManagerImpl: Populating: com.amazon.android.framework.prompt.PromptManagerImpl@41a16b70
D/Kiwi ( 7690): EventManagerImpl: Registering listener for event: ACTIVITY_RESUME, com.amazon.android.framework.prompt.f@41a2e840
D/Kiwi ( 7690): EventListenerNotificationQueue: Adding listener: com.amazon.android.framework.prompt.f@41a2e840
D/Kiwi ( 7690): EventManagerImpl: Registering listener for event: APPLICATION_DESTROY, com.amazon.android.framework.prompt.i@41a2f6a8
D/Kiwi ( 7690): EventListenerNotificationQueue: Adding listener: com.amazon.android.framework.prompt.i@41a2f6a8
D/Kiwi ( 7690): EventManagerImpl: Registering listener for event: SwitchToTestModeEvent, com.amazon.android.framework.prompt.j@41a30648
D/Kiwi ( 7690): EventListenerNotificationQueue: Adding listener: com.amazon.android.framework.prompt.j@41a30648
D/Kiwi ( 7690): ResourceManagerImpl: Populating: com.amazon.android.n.b@41a17b40
D/Kiwi ( 7690): ResourceManagerImpl: Populating: com.amazon.android.c.a@41a18918
D/Kiwi ( 7690): CrashManagerImpl: Registering Crash Handler
D/Kiwi ( 7690): ResourceManagerImpl: Populating: com.amazon.android.q.c@41a19618
D/Kiwi ( 7690): ResourceManagerImpl: Populating: com.amazon.android.framework.task.command.b@41a1a3b0
D/Kiwi ( 7690): ResourceManagerImpl: Populating: com.amazon.android.m.c@41a1bfa0
D/Kiwi ( 7690): ResourceManagerImpl: Populating: com.amazon.android.framework.task.command.e@41a1ca38
D/Kiwi ( 7690): ResourceManagerImpl: Populating: com.amazon.android.g.a@41a1dbb0
D/HostStatisticManager( 7690): netstack: DNS Host Prioritization is: ON, Version: 5.0.1
I/ ( 7690): netstack: LIB_MGR - Lib loaded: libdnshostprio.so
I/ ( 7690): netstack: STAT_HUB - Succeeded to load plugin: libdnshostprio.so
E/ ( 7690): netstack: LIB_MGR - Error loading lib spl_proc_plugin.so
E/ ( 7690): netstack: STAT_HUB - Failed to load plugin: spl_proc_plugin.so
E/ ( 7690): netstack: LIB_MGR - Error loading lib pp_proc_plugin.so
E/ ( 7690): netstack: STAT_HUB - Failed to load plugin: pp_proc_plugin.so
E/ ( 7690): netstack: STAT_HUB - App org.ikonotv.smarttv isn't supported
D/Kiwi ( 7690): ResourceManagerImpl: Populating: com.amazon.android.Kiwi@41a0eb00
V/chromium( 7690): external/chromium/net/host_resolver_helper/host_resolver_helper.cc:66: [1223/182456:INFO:host_resolver_helper.cc(66)] DNSPreResolver::Init got hostprovider:0x40f9300c
V/chromium( 7690): external/chromium/net/base/host_resolver_impl.cc:1510: [1223/182456:INFO:host_resolver_impl.cc(1510)] HostResolverImpl::SetPreresolver preresolver:0x598593d8
D/Kiwi ( 7690): EventManagerImpl: Registering listener for event: APPLICATION_CREATE, com.amazon.android.g@41a3cbd8
D/Kiwi ( 7690): EventListenerNotificationQueue: Adding listener: com.amazon.android.g@41a3cbd8
D/Kiwi ( 7690): EventManagerImpl: Registering listener for event: APPLICATION_DESTROY, com.amazon.android.e@41a3daa8
D/Kiwi ( 7690): EventListenerNotificationQueue: Adding listener: com.amazon.android.e@41a3daa8
D/Kiwi ( 7690): EventManagerImpl: Registering listener for event: ACTIVITY_PAUSE, com.amazon.android.d@41a3e900
D/Kiwi ( 7690): EventListenerNotificationQueue: Adding listener: com.amazon.android.d@41a3e900
D/Kiwi ( 7690): EventManagerImpl: Registering listener for event: ACTIVITY_RESUME, com.amazon.android.f@41a3f6b8
D/Kiwi ( 7690): EventListenerNotificationQueue: Adding listener: com.amazon.android.f@41a3f6b8
D/Kiwi ( 7690): Kiwi: Kiwi.Constructor Time: 32
D/Kiwi ( 7690): Kiwi: onCreate: org.ikonotv.smarttv.Main@418c9bc8
D/Kiwi ( 7690): ContextManagerImpl: Activity->onCreate. Activity: org.ikonotv.smarttv.Main@418c9bc8, Total Activities: 1
D/Kiwi ( 7690): EventManagerImpl: Posting event: ACTIVITY_CREATE
D/Kiwi ( 7690): EventManagerImpl: No registered listeners, returning
D/Kiwi ( 7690): EventManagerImpl: Posting event: APPLICATION_CREATE
D/Kiwi ( 7690): EventListenerNotificationQueue: Notifying listener: com.amazon.android.g@41a3cbd8
D/Kiwi ( 7690): Kiwi: Enqueuing launch workflow
D/Kiwi ( 7690): TaskManagerImpl: Enqueue task on pipeline id: COMMAND
D/Kiwi ( 7690): TaskManagerImpl: Populating Task: DrmFullApplicationLaunchTaskWorkflow
D/Kiwi ( 7690): ResourceManagerImpl: Populating: DrmFullApplicationLaunchTaskWorkflow
D/Kiwi ( 7690): ResourceManagerImpl: Populating: com.amazon.android.i@41a445e8
D/Kiwi ( 7690): ResourceManagerImpl: Populating: com.amazon.android.r.a@41a44a88
D/Kiwi ( 7690): ResourceManagerImpl: Populating: LicenseEnforcementTaskWorkflow
E/ ( 7690): netstack: LIB_MGR - Error loading lib libsocketpoolextend.so
I/SockPoolExtend( 7690): Using default ClientSocketPoolExtend
D/ ( 7690): dl error message Cannot load library: load_library(linker.cpp:745): library "libtcpfinaggr.so" not found
D/Socket_Pool( 7690): Failed to create TCP Fin Aggregation interface.
D/Socket_Pool( 7690): netstack: CloseUnusedSockets is ON
D/Socket_Pool( 7690): netstack: system net.statistics value: 0
D/Socket_Pool( 7690): Failed to create TCP Fin Aggregation interface.
D/Socket_Pool( 7690): netstack: CloseUnusedSockets is ON
D/Socket_Pool( 7690): netstack: system net.statistics value: 0
D/ ( 7690): external/chromium/net/http/http_getzip_factory.cc: libgetzip.so successfully loaded
D/ ( 7690): external/chromium/net/http/http_getzip_factory.cc,: GETzip initializing method was found in libgetzip.so
D/ ( 7690): netstack: Getzip is: ON, Version: 5.0.1
D/Kiwi ( 7690): ResourceManagerImpl: Populating: com.amazon.android.licensing.l@41a452f0
D/Kiwi ( 7690): ResourceManagerImpl: Populating: com.amazon.android.f.a@41a53c10
D/Kiwi ( 7690): ResourceManagerImpl: Populating: com.amazon.android.licensing.b@41a53f80
D/Kiwi ( 7690): SimpleTaskPipeline: Scheduling task: DrmFullApplicationLaunchTaskWorkflow
D/Kiwi ( 7690): Kiwi: Kiwi.ActivityOnCreate Time: 41
D/Kiwi ( 7690): Kiwi: onStart: org.ikonotv.smarttv.Main@418c9bc8
D/Kiwi ( 7690): ContextManagerImpl: Activity started: org.ikonotv.smarttv.Main@418c9bc8
D/Kiwi ( 7690): EventManagerImpl: Posting event: ACTIVITY_START
D/Kiwi ( 7690): EventManagerImpl: No registered listeners, returning
D/Kiwi ( 7690): EventManagerImpl: Posting event: APPLICATION_START
D/Kiwi ( 7690): EventManagerImpl: No registered listeners, returning
D/Kiwi ( 7690): Kiwi: Kiwi.ActivityOnStart Time: 1
I/InputManager-JNI( 698): 'setPointerCursor' Setting cursor mode: - 0.
I/AudioService( 698): AudioFocus requestAudioFocus() from android.media.AudioManager@41a0cc70
D/Kiwi ( 7690): Kiwi: onResume: org.ikonotv.smarttv.Main@418c9bc8
D/Kiwi ( 7690): ContextManagerImpl: Activity resumed: org.ikonotv.smarttv.Main@418c9bc8, is child: false
D/Kiwi ( 7690): ContextManagerImpl: Setting visible to: org.ikonotv.smarttv.Main@418c9bc8
D/Kiwi ( 7690): ContextManagerImpl: Activity now visible: org.ikonotv.smarttv.Main@418c9bc8, publishing resume event
D/Kiwi ( 7690): EventManagerImpl: Posting event: ACTIVITY_RESUME
D/Kiwi ( 7690): EventListenerNotificationQueue: Notifying listener: ForegroundTaskPipeline:onResume listener
D/Kiwi ( 7690): ForegroundTaskPipeline: Activity resumed, scheduling tasks on UI thread
D/Kiwi ( 7690): EventListenerNotificationQueue: Notifying listener: com.amazon.android.e.e@41a29bb8
D/Kiwi ( 7690): EventListenerNotificationQueue: Notifying listener: com.amazon.android.framework.prompt.f@41a2e840
D/Kiwi ( 7690): EventListenerNotificationQueue: Notifying listener: com.amazon.android.f@41a3f6b8
D/Kiwi ( 7690): Kiwi: Adding lifecycle RESUME command to pipeline
D/Kiwi ( 7690): TaskManagerImpl: Enqueue task on pipeline id: COMMAND
D/Kiwi ( 7690): TaskManagerImpl: Populating Task: com.amazon.android.t.a@41a65be0
D/Kiwi ( 7690): ResourceManagerImpl: Populating: com.amazon.android.t.a@41a65be0
D/Kiwi ( 7690): SimpleTaskPipeline: Scheduling task: com.amazon.android.t.a@41a65be0
D/Kiwi ( 7690): Kiwi: Kiwi.ActivityOnResume Time: 3
I/InputManager-JNI( 698): 'setPointerCursor' Setting cursor mode: - 0.
W/ContextImpl( 698): Calling a method in the system process without a qualified user: android.app.ContextImpl.sendBroadcast:1353 com.android.server.am.ActivityManagerService.activityResumed:4552 android.app.ActivityManagerNative.onTransact:420 com.android.server.am.ActivityManagerService.onTransact:1720 android.os.Binder.execTransact:351
D/libEGL ( 7690): loaded /system/lib/egl/libEGL_adreno200.so
D/netstack( 7690): netstack: Request Priority is ON
D/libEGL ( 7690): loaded /system/lib/egl/libGLESv1_CM_adreno200.so
D/libEGL ( 7690): loaded /system/lib/egl/libGLESv2_adreno200.so
I/Adreno200-EGL( 7690): : EGL 1.4 QUALCOMM build: AU_LINUX_ANDROID_JB_2.5.4.04.02.02.073.286_msm8960_JB_2.5.4_CL3908834_release_AU (CL3908834)
I/Adreno200-EGL( 7690): Build Date: 04/20/15 Mon I/Adreno200-EGL( 7690): Local Branch: mybranch9205846
I/Adreno200-EGL( 7690): Remote Branch: quic/jb_2.5.4
I/Adreno200-EGL( 7690): Local Patches: NONE
I/Adreno200-EGL( 7690): Reconstruct Branch: AU_LINUX_ANDROID_JB_2.5.4.04.02.02.073.286 + 95b147b + NOTHING
D/OpenGLRenderer( 7690): Enabling debug mode 0
I/ViewRootImpl( 7690): Slow KeyEvent in org.ikonotv.smarttv/org.ikonotv.smarttv.Main device=6 action=Up latency=146ms processing=0ms
D/skia ( 7690): new locale
E/Bundle ( 1393): readBundle: bad magic number
E/Bundle ( 1393): readBundle: trace = java.lang.RuntimeException
E/Bundle ( 1393): at android.os.Bundle.readFromParcelInner(Bundle.java:1658)
E/Bundle ( 1393): at android.os.Bundle.(Bundle.java:83)
E/Bundle ( 1393): at android.os.Parcel.readBundle(Parcel.java:1574)
E/Bundle ( 1393): at android.os.Parcel.readBundle(Parcel.java:1559)
E/Bundle ( 1393): at android.content.Intent.readFromParcel(Intent.java:6795)
E/Bundle ( 1393): at android.content.Intent.(Intent.java:6761)
E/Bundle ( 1393): at android.content.Intent$1.createFromParcel(Intent.java:6752)
E/Bundle ( 1393): at android.content.Intent$1.createFromParcel(Intent.java:6750)
E/Bundle ( 1393): at android.os.Parcel.readParcelable(Parcel.java:2098)
E/Bundle ( 1393): at com.kebab.Helpers.GetParcelableFromString(Helpers.java:250)
E/Bundle ( 1393): at com.kebab.Llama.EventActions.RunAppAction.PerformAction(RunAppAction.java:52)
E/Bundle ( 1393): at com.kebab.Llama.Event.RunActions(Event.java:296)
E/Bundle ( 1393): at com.kebab.Llama.LlamaService.fireTriggeredEvent(LlamaService.java:3063)
E/Bundle ( 1393): at com.kebab.Llama.LlamaService.testEventsInternal(LlamaService.java:2866)
E/Bundle ( 1393): at com.kebab.Llama.LlamaService.testEvents(LlamaService.java:2762)
E/Bundle ( 1393): at com.kebab.Llama.ForegroundAppWatcher$1$1.R(ForegroundAppWatcher.java:32)
E/Bundle ( 1393): at com.kebab.Llama.X.run(X.java:19)
E/Bundle ( 1393): at com.kebab.Llama.LlamaService.IdeallyRunOnWorkerThread(LlamaService.java:5339)
E/Bundle ( 1393): at com.kebab.Llama.ForegroundAppWatcher$1.run(ForegroundAppWatcher.java:31)
E/Bundle ( 1393): at android.os.Handler.handleCallback(Handler.java:725)
E/Bundle ( 1393): at android.os.Handler.dispatchMessage(Handler.java:92)
E/Bundle ( 1393): at android.os.Looper.loop(Looper.java:137)
E/Bundle ( 1393): at android.app.ActivityThread.main(ActivityThread.java:5130)
E/Bundle ( 1393): at java.lang.reflect.Method.invokeNative(Native Method)
E/Bundle ( 1393): at java.lang.reflect.Method.invoke(Method.java:511)
E/Bundle ( 1393): at com.android.internal.os.ZygoteInit$MethodAndArgsCaller.run(ZygoteInit.java:793)
E/Bundle ( 1393): at com.android.internal.os.ZygoteInit.main(ZygoteInit.java:560)
E/Bundle ( 1393): at dalvik.system.NativeStart.main(Native Method)
I/ActivityManager( 698): START u0 {act=android.intent.action.MAIN cat=[android.intent.category.LAUNCHER] flg=0x10000000 cmp=org.xbmc.kodi/.Splash bnds=[0,0][1,1] (has extras)} from pid 1393
D/InputManager( 698): Activity onCreate received.
W/ContextImpl( 698): Calling a method in the system process without a qualified user: android.app.ContextImpl.sendBroadcast:1353 com.android.server.am.ActivityStack.startActivityMayWait:3199 com.android.server.am.ActivityManagerService.startActivityAsUser:2539 com.android.server.am.ActivityManagerService.startActivity:2528 android.app.ActivityManagerNative.onTransact:141
I/System ( 7690): Loaded time zone names for de_DE in 148ms (144ms in ICU)
D/Kiwi ( 7690): SimpleTaskPipeline: KIWI_COMMAND: Executing Task: DrmFullApplicationLaunchTaskWorkflow, current time: Wed Dec 23 18:24:56 MEZ 2015, uptime: 669051
D/Kiwi ( 7690): TaskWorkflow: Exiting task workflow: DrmFullApplicationLaunchTaskWorkflow
D/Kiwi ( 7690): AbstractCommandTask: ----------------------------------------------
D/Kiwi ( 7690): AbstractCommandTask: Executing: check_blocked_status
D/Kiwi ( 7690): AbstractCommandTask: ----------------------------------------------
D/Kiwi ( 7690): AbstractCommandTask: Executing Command: check_blocked_status
D/Kiwi ( 7690): CommandServiceClient: Binding Service!!!
D/Kiwi ( 7690): CommandServiceClient: Created intent with action com.amazon.venezia.CommandService
D/Kiwi ( 7690): CommandServiceClient: Found service on one or more packages
D/Kiwi ( 7690): CommandServiceClient: No previously determined package found, checking for suitable package.
D/Kiwi ( 7690): CommandServiceClient: Examining package com.amazon.venezia
D/Kiwi ( 7690): CommandServiceClient: Priority is 0
D/Kiwi ( 7690): CommandServiceClient: Checking signature of package com.amazon.venezia
D/Kiwi ( 7690): CommandServiceClient: isPackageSignatureTrusted com.amazon.venezia
D/Kiwi ( 7690): CommandResultVerifier: checkSignatures(com.amazon.venezia, [UMnMxqPqVAul56Dpcj4ektTiUO3TKzO1azQAubOpZIwqgw35kEAibdIj1k9oCIGSGI95DgpE2zIfSHd08RnOn3JSjlezhFaxfe86WTUyEfo+NRBQA1nnh+B1AH9S7fOaRc03anuJiJEOvvubCcKmrOVFJqVAq1C6xFflpF4/F6zCfC/3vu1pfEA/3KZDlgV+TDeA4h/0fNuhy3V573KsbAkX2NrRMIPWZIukKhr43FF2JY6iZfeqJVc4pCnqakNjypMYX7iuF3RoTDYzpnYrIvBYL4RPz0y2/iZuuYairAKOX3/Iz5nZGsNqVWpL6eolD6RAqVjixPmgU4ezM7lHrnpA4Qeo2d0osyfFZF9eX73RFPA3cJcPbCiLt8TOaQIJscROaDnEM8LDzOubKjLJijMUTtPTI6dJ3sHQ7Nc+DxvcN//8uJ7iwZtBP4RCrq8qqqInL1TOiGU73NXIEHPzLQeQd1DudbCSRMO7sWUwIVdCiRB/s5q+IiJ7iCXLT75Gm3rKAHtJ4/V3FsyW8PiXcCVCM8tO+Gs8nXanngQBgW7ZaVxbRyi+LfOEVQUAkaMYKWi/AqfNen0WmVokYxFsK3bqciy1UIZBRsUr6+qjnZrTKi2hVW3FTnnXxqPRZ1a/JsfrSZ5uNpFwtzLGfS7iN3044Vf0QOfGNkLVgepl3R4=, C2fUhy63IhXyqoGahh1qkUN7Bw3j1WsgC4kGTENzEgNtUuqM2U9Vf1vk0VTDR04hkZWWFdBkGZVEQjc72DSCWQGiGbt6ch/wFqm/p9SBpc/ei7HMFCNuqCabwQQkZdQzx4REwrLunIlPrIZfD2aNSGbA8BhKSAhvCU/OEkVs97s=, bvO9zFNa5ZSot1oWToLo95vuC59kRPRsdxzohpb62WAPxVaz/iDMEal8XqcucaYPV4Ud5TQCDOuluYiqAUz+CveNN4ngAc3ECy9v8vvsxrAZsXrVqWf2ojFN16ORwyGXf2rddCzL2+KTZ6t/7Sq0/G4t7HL1AbdjEFUFvXo7wIOXX0Xvvef9nvPT7MibwZax0WSv05qtVrACUiqx2Tjd25Q2Q17CCsB1uorjhwsYCTsjgAH96O3/6GTLMXhyGiFO977I4SG4u0h+m1q6sivrdDFLzWQbuGGsdTI8ixEu7u6rlb8FsF/mzYvyFNVTaCTIQ/bpv3x6JrIirVMJFcVQKQ==]
D/Kiwi ( 7690): Kiwi: onPause: org.ikonotv.smarttv.Main@418c9bc8
D/Kiwi ( 7690): ContextManagerImpl: Activity paused: org.ikonotv.smarttv.Main@418c9bc8, visible activity: org.ikonotv.smarttv.Main@418c9bc8
D/Kiwi ( 7690): ContextManagerImpl: Setting visible activity to null
D/Kiwi ( 7690): EventManagerImpl: Posting event: ACTIVITY_PAUSE
D/Kiwi ( 7690): EventListenerNotificationQueue: Notifying listener: com.amazon.android.d@41a3e900
D/Kiwi ( 7690): Kiwi: Adding lifecycle PAUSE command to pipeline
D/Kiwi ( 7690): TaskManagerImpl: Enqueue task on pipeline id: COMMAND
D/Kiwi ( 7690): CommandResultVerifier: Signature valid: true
D/Kiwi ( 7690): CommandServiceClient: Signature of package com.amazon.venezia is okay
D/Kiwi ( 7690): CommandServiceClient: Attempting to bind to service on com.amazon.venezia
D/Kiwi ( 7690): TaskManagerImpl: Populating Task: com.amazon.android.t.a@41ad1640
D/Kiwi ( 7690): ResourceManagerImpl: Populating: com.amazon.android.t.a@41ad1640
D/Kiwi ( 7690): SimpleTaskPipeline: Scheduling task: com.amazon.android.t.a@41ad1640
D/Kiwi ( 7690): Kiwi: Kiwi.ActivityOnPause Time: 5
D/Kiwi ( 7690): CommandServiceClient: Blocking while service is being bound!!
I/ActivityManager( 698): Start proc org.xbmc.kodi for activity org.xbmc.kodi/.Splash: pid=7737 uid=10007 gids={50007, 1015, 3003, 1028}
V/AudioFlinger( 328): registerClient() client 0x400613d0, binder 1105593576
V/AudioFlinger( 328): sendIoConfigEvent() num events 1 event 0, param 0
V/AudioFlinger( 328): thread 0x41e4b678 type 0 TID 721 waking up
V/AudioFlinger( 328): acquiring 66 from 7690
V/AudioFlinger( 328): added new entry for 66
D/MediaPlayer( 7690): Couldn't open file on client side, trying server side
I/ActivityManager( 698): Displayed org.ikonotv.smarttv/.Main: +370ms (total +1m10s418ms)
V/AudioFlinger( 328): acquireWakeLock_l() AudioOut_2 status 0
V/AudioFlinger( 328): processConfigEvents() remaining events 1
V/AudioFlinger( 328): PlaybackThread::audioConfigChanged_l, thread 0x41e4b678, event 0, param 0
I/AudioStreamOutALSA( 328): AudioStreamOutALSA::latency() returned: latency=22
V/AudioFlinger( 328): AudioFlinger::audioConfigChanged_l: event 0
D/TilesManager( 7690): Starting TG #0, 0x40f402e8
D/Kiwi ( 7690): CommandServiceClient: onServiceConnected
D/Kiwi ( 7690): CommandServiceClient: service bound, returning!!
D/Kiwi ( 7690): CommandServiceClient: Kiwi.BindService Time: 38
D/Kiwi ( 7690): ExpirableValueDataStore: Placing non-expiring value into store with key: PACKAGE
D/Kiwi ( 7690): ExpirableValueDataStore: Placing non-expiring value into store with key: COMMAND
D/dalvikvm( 698): GC_CONCURRENT freed 2067K, 26% free 11158K/15060K, paused 2ms+5ms, total 77ms
D/MediaPlayer( 7690): seekTo() mUri is http://stream2.telvi.de/ikonotv/live/playlist.m3u8
D/BluetoothA2dpService( 698): Received ACTION_METADATA_CHANGED
D/BluetoothA2dpService( 698): uri is http://stream2.telvi.de/ikonotv/live/playlist.m3u8mUri is null
D/BluetoothA2dpService( 698): Internal audio file data, ignoring
E/Trace ( 7737): error opening trace file: No such file or directory (2)
D/ProfileManager( 7737): Create ProfileManager instance
D/Kiwi ( 7690): CommandServiceClient: Blocking for result from service
D/Kiwi ( 7690): CommandServiceClient: Received result from service
D/Kiwi ( 7690): AbstractCommandTask: Received result from CommandService: CommandResult: [CallingUid: 32000, SuccessResult: com.amazon.venezia.command.x@41ad9930, FailureResult: null, DecisionResult: null, ExceptionResult: null]
D/Kiwi ( 7690): CommandResultVerifier: Verifying auth token: eiTaNCoAaLUOGGHrzssKCJpArWKclVLcAJM4j3RTpWigua5cg4fBSCd57OSaK5dsDHKlLkg37uc8XL+E4l1lHH4tlWNY0K/mmPQhm0hpWMD958VpnuauKYIshKo7SFG2Xh3bYIwE9zmt4Aqa6Uuxj9vfAAn1aQLpXGjvIyReJVHsJJbjOVIDTbjYgjfvjhPB0baskvX5n7iMzFQ5T55yZkqUVIHEdKu11ax/2X883INGxIqCSV9jZZVfJRvCkId+faimdhw542OC2SHfzXrhUHNZbKpnApiHliXqvtKBW1eXcezec0Tju9/aYd9j9Y1DREesIOV8IJ0pPjz3Et2ZYQ==
D/Kiwi ( 7690): DataAuthenticationKeyLoader: Loading data authentication key...
D/Kiwi ( 7690): DataAuthenticationKeyLoader: Checking KiwiDataStore for key...
D/Kiwi ( 7690): ExpirableValueDataStore: Fetching value: DATA_AUTHENTICATION_KEY
D/Kiwi ( 7690): ExpirableValueDataStore: Value not present in store, returning null
D/Kiwi ( 7690): DataAuthenticationKeyLoader: Key was cached: false
D/Kiwi ( 7690): DataAuthenticationKeyLoader: Loading authentication key from apk...
D/Kiwi ( 7690): DataAuthenticationKeyLoader: Opening apk: /data/app/org.ikonotv.smarttv-1.apk
I/Activity( 7737): No ActvityExender defined. Proceed with default activity behavior.
D/Kiwi ( 7690): DataAuthenticationKeyLoader: Searching for cert in apk
D/Kiwi ( 7690): DataAuthenticationKeyLoader: Extracting cert from entry: kiwi
D/Kiwi ( 7690): DataAuthenticationKeyLoader: Generating certificates from entry input stream
D/Kodi ( 7737): External storage = /storage/emulated/0; state = mounted
I/ActivityManager( 698): START u0 {act=android.intent.action.MAIN cat=[android.intent.category.LAUNCHER] flg=0x11000000 cmp=org.xbmc.kodi/.Main bnds=[0,0][1,1] (has extras)} from pid 7737
D/InputManager( 698): Activity onCreate received.
W/ContextImpl( 698): Calling a method in the system process without a qualified user: android.app.ContextImpl.sendBroadcast:1353 com.android.server.am.ActivityStack.startActivityMayWait:3199 com.android.server.am.ActivityManagerService.startActivityAsUser:2539 com.android.server.am.ActivityManagerService.startActivity:2528 android.app.ActivityManagerNative.onTransact:141
D/Kiwi ( 7690): DataAuthenticationKeyLoader: Kiwi Cert Details: CN=Amazon.com\, Inc.,OU=Digital ID Class 3 - Java Object Signing,OU=Digital ID Class 3 - Java Object Signing,O=Amazon.com\, Inc.,L=Seattle,ST=Washington,C=US
I/Activity( 7737): No ActvityExender defined. Proceed with default activity behavior.
D/dalvikvm( 7737): Trying to load lib /data/app-lib/org.xbmc.kodi-2/libsmbclient.so 0x418c7600
D/dalvikvm( 7737): Added shared lib /data/app-lib/org.xbmc.kodi-2/libsmbclient.so 0x418c7600
D/dalvikvm( 7737): No JNI_OnLoad found in /data/app-lib/org.xbmc.kodi-2/libsmbclient.so 0x418c7600, skipping init
D/dalvikvm( 7737): Trying to load lib /data/app-lib/org.xbmc.kodi-2/libkodi.so 0x418c7600
D/dalvikvm( 7737): Added shared lib /data/app-lib/org.xbmc.kodi-2/libkodi.so 0x418c7600
V/threaded_app( 7737): Creating: 0x5a4108d8
V/threaded_app( 7737): Config: mcc=0 mnc=0 lang=de cnt=DE orien=2 touch=1 dens=320 keys=1 nav=2 keysHid=3 navHid=0 sdk=17 size=3 long=2 modetype=4 modenight=1
V/threaded_app( 7737): Start: 0x5a4108d8
V/Kodi ( 7737): CEventLoop: AMotionEvent_getAxisValue: 0x40eb9f25, AMotionEvent_getButtonState: 0x40eb9e81
V/Kodi ( 7737): CEventLoop: starting event loop
V/threaded_app( 7737): activityState=10
V/Kodi ( 7737): virtual void CXBMCApp::onStart():
V/Kodi ( 7737): Kodi Started with action: android.intent.action.MAIN
V/Kodi ( 7737): => running XBMC_Run...
V/threaded_app( 7737): Resume: 0x5a4108d8
V/threaded_app( 7737): activityState=11
I/InputManager-JNI( 698): 'setPointerCursor' Setting cursor mode: - 0.
V/Kodi ( 7737): virtual void CXBMCApp::onResume():
V/Kodi ( 7737): static bool CXBMCApp::EnableWakeLock(bool): true
V/threaded_app( 7737): InputQueueCreated: 0x5a4108d8 -- 0x40d91610
V/threaded_app( 7737): APP_CMD_INPUT_CHANGED
V/threaded_app( 7737): Attaching input queue to looper
D/XBMCBroadcastReceiver( 7737): Received Intent
I/InputManager-JNI( 698): 'setPointerCursor' Setting cursor mode: - 0.
V/Kodi ( 7737): CXBMCApp::onReceive Got intent. Action: android.intent.action.BATTERY_CHANGED
W/ContextImpl( 698): Calling a method in the system process without a qualified user: android.app.ContextImpl.sendBroadcast:1353 com.android.server.am.ActivityManagerService.activityResumed:4552 android.app.ActivityManagerNative.onTransact:420 com.android.server.am.ActivityManagerService.onTransact:1720 android.os.Binder.execTransact:351
V/threaded_app( 7737): NativeWindowCreated: 0x5a4108d8 -- 0x40f43c40
V/threaded_app( 7737): APP_CMD_INIT_WINDOW
V/Kodi ( 7737): virtual void CXBMCApp::onCreateWindow(ANativeWindow*):
V/Kodi ( 7737): XBMC_SetupDisplay()
V/threaded_app( 7737): WindowFocusChanged: 0x5a4108d8 -- 1
W/IInputConnectionWrapper( 7690): showStatusIcon on inactive InputConnection
I/ActivityManager( 698): Displayed org.xbmc.kodi/.Main: +165ms (total +274ms)
V/AudioFlinger( 328): registerClient() client 0x40063dc0, binder 1074147328
V/AudioFlinger( 328): sendIoConfigEvent() num events 1 event 0, param 0
I/AudioStreamOutALSA( 328): AudioStreamOutALSA::latency() returned: latency=22
I/AudioStreamOutALSA( 328): AudioStreamOutALSA::latency() returned: latency=22
E/AudioTrack-Java( 7737): [ android.media.AudioTrack ] getMinBufferSize(): 96000Hz is not a supported sample rate.
E/AudioTrack-Java( 7737): [ android.media.AudioTrack ] getMinBufferSize(): 192000Hz is not a supported sample rate.
V/AudioFlinger( 328): processConfigEvents() remaining events 1
V/AudioFlinger( 328): PlaybackThread::audioConfigChanged_l, thread 0x41e4b678, event 0, param 0
I/AudioStreamOutALSA( 328): AudioStreamOutALSA::latency() returned: latency=22
V/AudioFlinger( 328): AudioFlinger::audioConfigChanged_l: event 0
V/AudioFlinger( 328): createTrack() sessionId: 0
V/AudioFlinger( 328): createTrack() lSessionId: 67
V/AudioFlinger( 328): Track constructor name 4096, calling pid 7737
V/AudioFlinger( 328): acquiring 67 from 7737
V/AudioFlinger( 328): added new entry for 67
I/AudioManager( 7737): Cleared FLAG_SHOW_UI in setStreamVolume
I/AudioManager( 7737): Cleared FLAG_SHOW_UI in setStreamVolume
V/AudioFlinger( 328): start(4096), calling pid 7737 session 67
V/AudioFlinger( 328): ? => ACTIVE (4096) on thread 0x41e48ee8
I/AudioPolicyManagerALSA( 328): getDeviceForStrategy() speaker device not found for STRATEGY_SONIFICATION
I/AudioPolicyManagerALSA( 328): getDeviceForStrategy() speaker device not found for STRATEGY_SONIFICATION
V/AudioFlinger( 328): mWaitWorkCV.broadcast
I/AudioManager( 7737): Cleared FLAG_SHOW_UI in setStreamVolume
D/libEGL ( 7737): loaded /system/lib/egl/libEGL_adreno200.so
D/libEGL ( 7737): loaded /system/lib/egl/libGLESv1_CM_adreno200.so
D/libEGL ( 7737): loaded /system/lib/egl/libGLESv2_adreno200.so
I/Adreno200-EGL( 7737): : EGL 1.4 QUALCOMM build: AU_LINUX_ANDROID_JB_2.5.4.04.02.02.073.286_msm8960_JB_2.5.4_CL3908834_release_AU (CL3908834)
I/Adreno200-EGL( 7737): Build Date: 04/20/15 Mon I/Adreno200-EGL( 7737): Local Branch: mybranch9205846
I/Adreno200-EGL( 7737): Remote Branch: quic/jb_2.5.4
I/Adreno200-EGL( 7737): Local Patches: NONE
I/Adreno200-EGL( 7737): Reconstruct Branch: AU_LINUX_ANDROID_JB_2.5.4.04.02.02.073.286 + 95b147b + NOTHING
D/dalvikvm( 7690): GC_CONCURRENT freed 6264K, 59% free 4504K/10972K, paused 3ms+4ms, total 46ms
I/Process ( 7690): Sending signal. PID: 7690 SIG: 9
V/AudioFlinger( 328): 328 died, releasing its sessions
W/AudioService( 698): AudioFocus audio focus client died
V/AudioFlinger( 328): pid 698 @ 0
V/AudioFlinger( 328): pid 3970 @ 1
V/AudioFlinger( 328): pid 6168 @ 2
V/AudioFlinger( 328): pid 698 @ 3
V/AudioFlinger( 328): pid 7690 @ 4
V/AudioFlinger( 328): pid 7737 @ 5
I/AudioService( 698): AudioFocus abandonAudioFocus(): removing entry for android.media.AudioManager@41a0cc70
I/WindowState( 698): WIN DEATH: Window{41cbeff0 u0 org.ikonotv.smarttv/org.ikonotv.smarttv.Main}
I/ActivityManager( 698): Process org.ikonotv.smarttv (pid 7690) has died.
W/ActivityManager( 698): Force removing ActivityRecord{41b4d430 u0 org.ikonotv.smarttv/.Main}: app died, no saved state
W/MediaPlayerService( 328): native_window_api_disconnect returned an error: Broken pipe (-32)
I/Kernel ( 346): <6>[ 669.999694] binder: 328:328 transaction failed 29189, size 68-0
V/Kodi ( 7737): XBMC_Pause(false)
V/Kodi ( 7737): virtual void CXBMCApp::onGainFocus():
W/Adreno200-ES20( 7737): : GL_INVALID_ENUM
D/mDNS ( 2493): Read 280 bytes from mDNS socket, source 192.168.178.29:5353
D/mDNS ( 2493): read packet with 5 question 0 answer 5 authority 0 additional flags 0x0
D/mDNS ( 2493): read question for localhost.local. (0xff 0x1)
D/mDNS ( 2493): ignored, unrecognized question type ff
D/mDNS ( 2493): read question for Kodi (localhost)._http._tcp. (0xff 0x1)
D/mDNS ( 2493): ignored, unrecognized question type ff
D/mDNS ( 2493): read question for Kodi (localhost)._xbmc-jsonrpc-h. (0xff 0x1)
D/mDNS ( 2493): ignored, unrecognized question type ff
D/mDNS ( 2493): read question for Kodi (localhost)._xbmc-jsonrpc. (0xff 0x1)
D/mDNS ( 2493): ignored, unrecognized question type ff
D/mDNS ( 2493): read question for Kodi (localhost)._xbmc-events._udp. (0xff 0x1)
D/mDNS ( 2493): ignored, unrecognized question type ff
D/mDNS ( 2493): Read 280 bytes from mDNS socket, source 192.168.178.29:5353
D/mDNS ( 2493): read packet with 5 question 0 answer 5 authority 0 additional flags 0x0
D/mDNS ( 2493): read question for localhost.local. (0xff 0x1)
D/mDNS ( 2493): ignored, unrecognized question type ff
D/mDNS ( 2493): read question for Kodi (localhost)._http._tcp. (0xff 0x1)
D/mDNS ( 2493): ignored, unrecognized question type ff
D/mDNS ( 2493): read question for Kodi (localhost)._xbmc-jsonrpc-h. (0xff 0x1)
D/mDNS ( 2493): ignored, unrecognized question type ff
D/mDNS ( 2493): read question for Kodi (localhost)._xbmc-jsonrpc. (0xff 0x1)
D/mDNS ( 2493): ignored, unrecognized question type ff
D/mDNS ( 2493): read question for Kodi (localhost)._xbmc-events._udp. (0xff 0x1)
D/mDNS ( 2493): ignored, unrecognized question type ff
D/mDNS ( 2493): Read 280 bytes from mDNS socket, source 192.168.178.29:5353
D/mDNS ( 2493): read packet with 5 question 0 answer 5 authority 0 additional flags 0x0
D/mDNS ( 2493): read question for localhost.local. (0xff 0x1)
D/mDNS ( 2493): ignored, unrecognized question type ff
D/mDNS ( 2493): read question for Kodi (localhost)._http._tcp. (0xff 0x1)
D/mDNS ( 2493): ignored, unrecognized question type ff
D/mDNS ( 2493): read question for Kodi (localhost)._xbmc-jsonrpc-h. (0xff 0x1)
D/mDNS ( 2493): ignored, unrecognized question type ff
D/mDNS ( 2493): read question for Kodi (localhost)._xbmc-jsonrpc. (0xff 0x1)
D/mDNS ( 2493): ignored, unrecognized question type ff
D/mDNS ( 2493): read question for Kodi (localhost)._xbmc-events._udp. (0xff 0x1)
D/mDNS ( 2493): ignored, unrecognized question type ff
D/mDNS ( 2493): Read 592 bytes from mDNS socket, source 192.168.178.29:5353
D/mDNS ( 2493): ignoring packet with flags 0x8400
D/mDNS ( 2493): Read 592 bytes from mDNS socket, source 192.168.178.29:5353
D/mDNS ( 2493): ignoring packet with flags 0x8400
D/mDNS ( 2493): Read 592 bytes from mDNS socket, source 192.168.178.29:5353
D/mDNS ( 2493): ignoring packet with flags 0x8400
I/Kernel ( 346): <6>[ 675.839263] Bluetooth: Checking Controller's Role with remote device
I/Kernel ( 346): <6>[ 675.839385] Bluetooth: Controller is in MASTER mode
I/Kernel ( 346): <6>[ 675.839447] Bluetooth: Requesting Controller to enter into Sniff mode
I/abtfilt ( 2359): all HID in sniff mode!
I/abtfilt ( 2359): BT Action
I/abtfilt ( 2359): WMI Cmd: 145 Len: 16
I/ThermalDaemon( 335): Sensor[tmp105_2_pwrs] Temperature : 40.0
I/TemperatureSensorObserver( 698): read new temperature 40000
D/mDNS ( 2493): Read 592 bytes from mDNS socket, source 192.168.178.29:5353
D/mDNS ( 2493): ignoring packet with flags 0x8400
V/Kodi ( 7737): CAndroidKey: key down (code: 20; repeat: 0; flags: 0x8; alt: no; shift: no; sym: no)
V/Kodi ( 7737): CAndroidKey: key down (code: 20; repeat: 1; flags: 0x88; alt: no; shift: no; sym: no)
V/Kodi ( 7737): CAndroidKey: key down (code: 20; repeat: 2; flags: 0x8; alt: no; shift: no; sym: no)
V/Kodi ( 7737): CAndroidKey: key down (code: 20; repeat: 3; flags: 0x8; alt: no; shift: no; sym: no)
V/Kodi ( 7737): CAndroidKey: key down (code: 20; repeat: 4; flags: 0x8; alt: no; shift: no; sym: no)
V/Kodi ( 7737): CAndroidKey: key up (code: 20; repeat: 0; flags: 0x8; alt: no; shift: no; sym: no)
I/abtfilt ( 2359): HID active mode!
I/abtfilt ( 2359): BT Action
I/abtfilt ( 2359): WMI Cmd: 212 Len: 60
I/abtfilt ( 2359): BT Action
I/abtfilt ( 2359): WMI Cmd: 145 Len: 16
I/TemperatureSensorObserver( 698): read new temperature 40500
V/Kodi ( 7737): CAndroidKey: key down (code: 20; repeat: 0; flags: 0x8; alt: no; shift: no; sym: no)
D/mDNS ( 2493): Read 592 bytes from mDNS socket, source 192.168.178.29:5353
D/mDNS ( 2493): ignoring packet with flags 0x8400
V/Kodi ( 7737): CAndroidKey: key up (code: 20; repeat: 0; flags: 0x8; alt: no; shift: no; sym: no)
V/Kodi ( 7737): CAndroidKey: key down (code: 20; repeat: 0; flags: 0x8; alt: no; shift: no; sym: no)
V/Kodi ( 7737): CAndroidKey: key up (code: 20; repeat: 0; flags: 0x8; alt: no; shift: no; sym: no)
V/Kodi ( 7737): CAndroidKey: key down (code: 20; repeat: 0; flags: 0x8; alt: no; shift: no; sym: no)
V/Kodi ( 7737): CAndroidKey: key up (code: 20; repeat: 0; flags: 0x8; alt: no; shift: no; sym: no)
D/Bluetooth HS/HF( 1419): HandleMessage9
D/Bluetooth HS/HF( 1419): Battery State Changed, send update100Scale: 100
D/XBMCBroadcastReceiver( 7737): Received Intent
V/Kodi ( 7737): CXBMCApp::onReceive Got intent. Action: android.intent.action.BATTERY_CHANGED
V/Kodi ( 7737): CAndroidKey: key down (code: 20; repeat: 0; flags: 0x8; alt: no; shift: no; sym: no)
V/Kodi ( 7737): CAndroidKey: key down (code: 20; repeat: 1; flags: 0x88; alt: no; shift: no; sym: no)
V/Kodi ( 7737): CAndroidKey: key down (code: 20; repeat: 2; flags: 0x8; alt: no; shift: no; sym: no)
V/Kodi ( 7737): CAndroidKey: key up (code: 20; repeat: 0; flags: 0x8; alt: no; shift: no; sym: no)
V/Kodi ( 7737): CAndroidKey: key down (code: 20; repeat: 0; flags: 0x8; alt: no; shift: no; sym: no)
V/Kodi ( 7737): CAndroidKey: key up (code: 20; repeat: 0; flags: 0x8; alt: no; shift: no; sym: no)
V/Kodi ( 7737): CAndroidKey: key down (code: 20; repeat: 0; flags: 0x8; alt: no; shift: no; sym: no)
V/Kodi ( 7737): CAndroidKey: key up (code: 20; repeat: 0; flags: 0x8; alt: no; shift: no; sym: no)
V/Kodi ( 7737): CAndroidKey: key down (code: 23; repeat: 0; flags: 0x8; alt: no; shift: no; sym: no)
V/Kodi ( 7737): CAndroidKey: key up (code: 23; repeat: 0; flags: 0x8; alt: no; shift: no; sym: no)
V/Kodi ( 7737): CAndroidKey: key down (code: 20; repeat: 0; flags: 0x8; alt: no; shift: no; sym: no)
V/Kodi ( 7737): CAndroidKey: key up (code: 20; repeat: 0; flags: 0x8; alt: no; shift: no; sym: no)
V/Kodi ( 7737): CAndroidKey: key down (code: 20; repeat: 0; flags: 0x8; alt: no; shift: no; sym: no)
V/Kodi ( 7737): CAndroidKey: key up (code: 20; repeat: 0; flags: 0x8; alt: no; shift: no; sym: no)
V/Kodi ( 7737): CAndroidKey: key down (code: 23; repeat: 0; flags: 0x8; alt: no; shift: no; sym: no)
V/Kodi ( 7737): CAndroidKey: key up (code: 23; repeat: 0; flags: 0x8; alt: no; shift: no; sym: no)
V/Kodi ( 7737): CAndroidKey: key down (code: 20; repeat: 0; flags: 0x8; alt: no; shift: no; sym: no)
V/Kodi ( 7737): CAndroidKey: key up (code: 20; repeat: 0; flags: 0x8; alt: no; shift: no; sym: no)
V/Kodi ( 7737): CAndroidKey: key down (code: 20; repeat: 0; flags: 0x8; alt: no; shift: no; sym: no)
V/Kodi ( 7737): CAndroidKey: key up (code: 20; repeat: 0; flags: 0x8; alt: no; shift: no; sym: no)
V/Kodi ( 7737): CAndroidKey: key down (code: 20; repeat: 0; flags: 0x8; alt: no; shift: no; sym: no)
V/Kodi ( 7737): CAndroidKey: key up (code: 20; repeat: 0; flags: 0x8; alt: no; shift: no; sym: no)
V/Kodi ( 7737): CAndroidKey: key down (code: 20; repeat: 0; flags: 0x8; alt: no; shift: no; sym: no)
V/Kodi ( 7737): CAndroidKey: key up (code: 20; repeat: 0; flags: 0x8; alt: no; shift: no; sym: no)
V/Kodi ( 7737): CAndroidKey: key down (code: 23; repeat: 0; flags: 0x8; alt: no; shift: no; sym: no)
V/Kodi ( 7737): CAndroidKey: key up (code: 23; repeat: 0; flags: 0x8; alt: no; shift: no; sym: no)
I/ThermalDaemon( 335): Sensor[tmp105_1_wifi] Temperature : 41.0
I/Kernel ( 346): <6>[ 700.659240] Bluetooth: Checking Controller's Role with remote device
I/Kernel ( 346): <6>[ 700.659332] Bluetooth: Controller is in MASTER mode
I/Kernel ( 346): <6>[ 700.659423] Bluetooth: Requesting Controller to enter into Sniff mode
I/abtfilt ( 2359): all HID in sniff mode!
I/abtfilt ( 2359): BT Action
I/abtfilt ( 2359): WMI Cmd: 145 Len: 16
I/ThermalDaemon( 335): Sensor[tmp105_2_pwrs] Temperature : 41.0
I/TemperatureSensorObserver( 698): read new temperature 41000
D/mDNS ( 2493): Read 592 bytes from mDNS socket, source 192.168.178.29:5353
D/mDNS ( 2493): ignoring packet with flags 0x8400
V/Kodi ( 7737): CAndroidKey: key down (code: 20; repeat: 0; flags: 0x8; alt: no; shift: no; sym: no)
V/Kodi ( 7737): CAndroidKey: key up (code: 20; repeat: 0; flags: 0x8; alt: no; shift: no; sym: no)
V/Kodi ( 7737): CAndroidKey: key down (code: 20; repeat: 0; flags: 0x8; alt: no; shift: no; sym: no)
I/abtfilt ( 2359): HID active mode!
I/abtfilt ( 2359): BT Action
I/abtfilt ( 2359): WMI Cmd: 212 Len: 60
I/abtfilt ( 2359): BT Action
I/abtfilt ( 2359): WMI Cmd: 145 Len: 16
V/Kodi ( 7737): CAndroidKey: key up (code: 20; repeat: 0; flags: 0x8; alt: no; shift: no; sym: no)
V/Kodi ( 7737): CAndroidKey: key down (code: 23; repeat: 0; flags: 0x8; alt: no; shift: no; sym: no)
V/Kodi ( 7737): CAndroidKey: key up (code: 23; repeat: 0; flags: 0x8; alt: no; shift: no; sym: no)
D/Bluetooth HS/HF( 1419): HandleMessage9
D/XBMCBroadcastReceiver( 7737): Received Intent
D/Bluetooth HS/HF( 1419): Battery State Changed, send update100Scale: 100
V/Kodi ( 7737): CXBMCApp::onReceive Got intent. Action: android.intent.action.BATTERY_CHANGED
I/Kernel ( 346): <6>[ 712.539215] Bluetooth: Checking Controller's Role with remote device
I/Kernel ( 346): <6>[ 712.539337] Bluetooth: Controller is in MASTER mode
I/Kernel ( 346): <6>[ 712.539398] Bluetooth: Requesting Controller to enter into Sniff mode
I/abtfilt ( 2359): all HID in sniff mode!
I/abtfilt ( 2359): BT Action
I/abtfilt ( 2359): WMI Cmd: 145 Len: 16
V/Kodi ( 7737): CAndroidKey: key down (code: 20; repeat: 0; flags: 0x8; alt: no; shift: no; sym: no)
V/Kodi ( 7737): CAndroidKey: key up (code: 20; repeat: 0; flags: 0x8; alt: no; shift: no; sym: no)
I/abtfilt ( 2359): HID active mode!
I/abtfilt ( 2359): BT Action
I/abtfilt ( 2359): WMI Cmd: 212 Len: 60
I/abtfilt ( 2359): BT Action
I/abtfilt ( 2359): WMI Cmd: 145 Len: 16
V/Kodi ( 7737): CAndroidKey: key down (code: 20; repeat: 0; flags: 0x8; alt: no; shift: no; sym: no)
V/Kodi ( 7737): CAndroidKey: key up (code: 20; repeat: 0; flags: 0x8; alt: no; shift: no; sym: no)
W/ThrottleService( 698): unable to find stats for iface rmnet0
V/Kodi ( 7737): CAndroidKey: key down (code: 23; repeat: 0; flags: 0x8; alt: no; shift: no; sym: no)
V/Kodi ( 7737): CAndroidKey: key up (code: 23; repeat: 0; flags: 0x8; alt: no; shift: no; sym: no)
I/Kernel ( 346): <6>[ 722.579223] Bluetooth: Checking Controller's Role with remote device
I/Kernel ( 346): <6>[ 722.579315] Bluetooth: Controller is in MASTER mode
I/Kernel ( 346): <6>[ 722.579406] Bluetooth: Requesting Controller to enter into Sniff mode
I/abtfilt ( 2359): all HID in sniff mode!
I/abtfilt ( 2359): BT Action
I/abtfilt ( 2359): WMI Cmd: 145 Len: 16
V/Kodi ( 7737): CAndroidKey: key down (code: 20; repeat: 0; flags: 0x8; alt: no; shift: no; sym: no)
V/Kodi ( 7737): CAndroidKey: key up (code: 20; repeat: 0; flags: 0x8; alt: no; shift: no; sym: no)
I/abtfilt ( 2359): HID active mode!
I/abtfilt ( 2359): BT Action
I/abtfilt ( 2359): WMI Cmd: 212 Len: 60
I/abtfilt ( 2359): BT Action
I/abtfilt ( 2359): WMI Cmd: 145 Len: 16
V/Kodi ( 7737): CAndroidKey: key down (code: 20; repeat: 0; flags: 0x8; alt: no; shift: no; sym: no)
D/Bluetooth HS/HF( 1419): HandleMessage9
D/XBMCBroadcastReceiver( 7737): Received Intent
V/Kodi ( 7737): CXBMCApp::onReceive Got intent. Action: android.intent.action.BATTERY_CHANGED
D/Bluetooth HS/HF( 1419): Battery State Changed, send update100Scale: 100
V/Kodi ( 7737): CAndroidKey: key down (code: 20; repeat: 1; flags: 0x88; alt: no; shift: no; sym: no)
V/Kodi ( 7737): CAndroidKey: key up (code: 20; repeat: 0; flags: 0x8; alt: no; shift: no; sym: no)
V/Kodi ( 7737): CAndroidKey: key down (code: 20; repeat: 0; flags: 0x8; alt: no; shift: no; sym: no)
V/Kodi ( 7737): CAndroidKey: key up (code: 20; repeat: 0; flags: 0x8; alt: no; shift: no; sym: no)
V/Kodi ( 7737): CAndroidKey: key down (code: 20; repeat: 0; flags: 0x8; alt: no; shift: no; sym: no)
V/Kodi ( 7737): CAndroidKey: key up (code: 20; repeat: 0; flags: 0x8; alt: no; shift: no; sym: no)
V/AudioFlinger( 328): stop(4096), calling pid 7737
V/AudioFlinger( 328): not stopping/stopped => stopping/stopped (4096) on thread 0x41e4b678
I/AudioPolicyManagerALSA( 328): getDeviceForStrategy() speaker device not found for STRATEGY_SONIFICATION
I/AudioPolicyManagerALSA( 328): getDeviceForStrategy() speaker device not found for STRATEGY_SONIFICATION
V/AudioFlinger( 328): getNextBuffer() no more data for track 4096 on thread 0x41e4b678
I/AudioStreamOutALSA( 328): AudioStreamOutALSA::latency() returned: latency=22
V/ALSAStreamOps( 328): getParameters() voip_flag=
V/AudioFlinger( 328): presentationComplete() reset: mPresentationCompleteFrames 2886656 audioHalFrames 3072
I/AudioStreamOutALSA( 328): AudioStreamOutALSA::latency() returned: latency=22
V/ALSAStreamOps( 328): getParameters() voip_flag=
I/AudioStreamOutALSA( 328): AudioStreamOutALSA::latency() returned: latency=22
V/ALSAStreamOps( 328): getParameters() voip_flag=
I/AudioStreamOutALSA( 328): AudioStreamOutALSA::latency() returned: latency=22
V/ALSAStreamOps( 328): getParameters() voip_flag=
I/AudioStreamOutALSA( 328): AudioStreamOutALSA::latency() returned: latency=22
V/ALSAStreamOps( 328): getParameters() voip_flag=
I/AudioStreamOutALSA( 328): AudioStreamOutALSA::latency() returned: latency=22
V/ALSAStreamOps( 328): getParameters() voip_flag=
I/AudioStreamOutALSA( 328): AudioStreamOutALSA::latency() returned: latency=22
V/ALSAStreamOps( 328): getParameters() voip_flag=
V/AudioFlinger( 328): presentationComplete() session 67 complete: framesWritten 2886656
V/AudioFlinger( 328): TrackBase::reset
I/ThermalDaemon( 335): Sensor[tmp105_2_pwrs] Temperature : 40.0
I/TemperatureSensorObserver( 698): read new temperature 40500
V/Kodi ( 7737): CAndroidKey: key down (code: 23; repeat: 0; flags: 0x8; alt: no; shift: no; sym: no)
V/Kodi ( 7737): CAndroidKey: key up (code: 23; repeat: 0; flags: 0x8; alt: no; shift: no; sym: no)
V/Kodi-Amazon( 8151): Manufacturer: Amazon
V/Kodi-Amazon( 8152): Starting App: com.fivecent.amazonvideowrapper Video: B00K1A9SDY
I/ActivityManager( 698): START u0 {act=android.intent.action.MAIN cat=[android.intent.category.LAUNCHER] dat=B00K1A9SDY flg=0x10000000 pkg=com.fivecent.amazonvideowrapper cmp=com.fivecent.amazonvideowrapper/.StartAmazonVideo} from pid 7737
V/threaded_app( 7737): Pause: 0x5a4108d8
V/threaded_app( 7737): activityState=13
V/Kodi ( 7737): virtual void CXBMCApp::onPause():
D/InputManager( 698): Activity onCreate received.
W/ContextImpl( 698): Calling a method in the system process without a qualified user: android.app.ContextImpl.sendBroadcast:1353 com.android.server.am.ActivityStack.startActivityMayWait:3199 com.android.server.am.ActivityManagerService.startActivityAsUser:2539 com.android.server.am.ActivityManagerService.startActivity:2528 android.app.ActivityManagerNative.onTransact:141
V/Kodi ( 7737): static bool CXBMCApp::EnableWakeLock(bool): false
I/ActivityManager( 698): Start proc com.fivecent.amazonvideowrapper for activity com.fivecent.amazonvideowrapper/.StartAmazonVideo: pid=8154 uid=10014 gids={50014, 1028}
D/dalvikvm( 326): GC_EXPLICIT freed 38K, 77% free 2599K/10972K, paused 2ms+2ms, total 25ms
D/dalvikvm( 326): GC_EXPLICIT freed <1K, 77% free 2599K/10972K, paused 1ms+1ms, total 20ms
D/dalvikvm( 326): GC_EXPLICIT freed <1K, 77% free 2599K/10972K, paused 1ms+1ms, total 13ms
E/Trace ( 8154): error opening trace file: No such file or directory (2)
V/threaded_app( 7737): WindowFocusChanged: 0x5a4108d8 -- 0
V/Kodi ( 7737): virtual void CXBMCApp::onLostFocus():
D/ProfileManager( 8154): Create ProfileManager instance
W/dalvikvm( 8154): VFY: return-1nr not expected
W/dalvikvm( 8154): VFY: return-1nr on invalid register v1
W/dalvikvm( 8154): VFY: rejecting opcode 0x0f at 0x000a
W/dalvikvm( 8154): VFY: rejected Lcom/fivecent/amazonvideowrapper/StartAmazonVideo;.getPlaybackActivity ()Ljava/lang/String;
W/dalvikvm( 8154): Verifier rejected class Lcom/fivecent/amazonvideowrapper/StartAmazonVideo;
W/dalvikvm( 8154): Class init failed in newInstance call (Lcom/fivecent/amazonvideowrapper/StartAmazonVideo;)
D/AndroidRuntime( 8154): Shutting down VM
W/dalvikvm( 8154): threadid=1: thread exiting with uncaught exception (group=0x415e8b28)
E/AndroidRuntime( 8154): FATAL EXCEPTION: main
E/AndroidRuntime( 8154): java.lang.VerifyError: com/fivecent/amazonvideowrapper/StartAmazonVideo
E/AndroidRuntime( 8154): at java.lang.Class.newInstanceImpl(Native Method)
E/AndroidRuntime( 8154): at java.lang.Class.newInstance(Class.java:1319)
E/AndroidRuntime( 8154): at android.app.Instrumentation.newActivity(Instrumentation.java:1061)
E/AndroidRuntime( 8154): at android.app.ActivityThread.performLaunchActivity(ActivityThread.java:2123)
E/AndroidRuntime( 8154): at android.app.ActivityThread.handleLaunchActivity(ActivityThread.java:2258)
E/AndroidRuntime( 8154): at android.app.ActivityThread.access$600(ActivityThread.java:146)
E/AndroidRuntime( 8154): at android.app.ActivityThread$H.handleMessage(ActivityThread.java:1243)
E/AndroidRuntime( 8154): at android.os.Handler.dispatchMessage(Handler.java:99)
E/AndroidRuntime( 8154): at android.os.Looper.loop(Looper.java:137)
E/AndroidRuntime( 8154): at android.app.ActivityThread.main(ActivityThread.java:5130)
E/AndroidRuntime( 8154): at java.lang.reflect.Method.invokeNative(Native Method)
E/AndroidRuntime( 8154): at java.lang.reflect.Method.invoke(Method.java:511)
E/AndroidRuntime( 8154): at com.android.internal.os.ZygoteInit$MethodAndArgsCaller.run(ZygoteInit.java:793)
E/AndroidRuntime( 8154): at com.android.internal.os.ZygoteInit.main(ZygoteInit.java:560)
E/AndroidRuntime( 8154): at dalvik.system.NativeStart.main(Native Method)
V/threaded_app( 7737): NativeWindowDestroyed: 0x5a4108d8 -- 0x40f43c40
V/threaded_app( 7737): APP_CMD_TERM_WINDOW
V/Kodi ( 7737): virtual void CXBMCApp::onDestroyWindow():
V/Kodi ( 7737): XBMC_DestroyDisplay()
V/Kodi ( 7737): XBMC_Pause(true)
V/threaded_app( 7737): APP_CMD_TERM_WINDOW
E/libEGL ( 7737): call to OpenGL ES API with no current context (logged once per thread)
D/dalvikvm( 698): GC_CONCURRENT freed 2368K, 27% free 11004K/15060K, paused 4ms+35ms, total 101ms
W/JavaBinder( 698): Binder has been finalized when calling linkToDeath() with recip=0x1d800005)
W/ActivityManager( 698): Force finishing activity com.fivecent.amazonvideowrapper/.StartAmazonVideo
I/Process ( 8154): Sending signal. PID: 8154 SIG: 9
W/ActivityManager( 698): Force finishing activity org.xbmc.kodi/.Main
I/ActivityManager( 698): Process com.fivecent.amazonvideowrapper (pid 8154) has died.
I/InputManager-JNI( 698): 'setPointerCursor' Setting cursor mode: - 2.
D/MediaExtractor( 328): returning default extractor
D/ ( 328): MPQ Mime Type: audio/raw, getMPQObjectsAlive = 0
I/ ( 328): MPQ Audio Enabled - MPQ Audio Player
D/ ( 328): Use tunnel player only for AUDIO_STREAM_MUSIC
D/ ( 328): Set Audio Track as Audio Source
D/ ( 328): MPQ Audio Player
D/ ( 328): MPQ Audio player created for mime audio/raw duration 342083
W/ ( 328): Trying to create tunnel player mIsTunnelAudio 0, LPAPlayer::objectsAlive 0, TunnelPlayer::mTunnelObjectsAlive = 0, (mAudioPlayer == NULL) 0
E/ ( 328): Audio Player set source
W/MPQAudioPlayer( 328): Sw Decoder
I/InputManager-JNI( 698): 'setPointerCursor' Setting cursor mode: - 2.
W/ContextImpl( 698): Calling a method in the system process without a qualified user: android.app.ContextImpl.sendBroadcast:1353 com.android.server.am.ActivityManagerService.activityResumed:4552 android.app.ActivityManagerNative.onTransact:420 com.android.server.am.ActivityManagerService.onTransact:1720 android.os.Binder.execTransact:351
D/MediaExtractor( 328): returning default extractor
D/ ( 328): MPQ Mime Type: audio/raw, getMPQObjectsAlive = 0
I/ ( 328): MPQ Audio Enabled - MPQ Audio Player
D/ ( 328): Use tunnel player only for AUDIO_STREAM_MUSIC
D/ ( 328): Set Audio Track as Audio Source
D/ ( 328): MPQ Audio Player
D/ ( 328): MPQ Audio player created for mime audio/raw duration 54833
W/ ( 328): Trying to create tunnel player mIsTunnelAudio 0, LPAPlayer::objectsAlive 0, TunnelPlayer::mTunnelObjectsAlive = 0, (mAudioPlayer == NULL) 0
E/ ( 328): Audio Player set source
W/MPQAudioPlayer( 328): Sw Decoder
D/MediaExtractor( 328): returning default extractor
D/ ( 328): MPQ Mime Type: audio/raw, getMPQObjectsAlive = 0
I/ ( 328): MPQ Audio Enabled - MPQ Audio Player
D/ ( 328): Use tunnel player only for AUDIO_STREAM_MUSIC
D/ ( 328): Set Audio Track as Audio Source
D/ ( 328): MPQ Audio Player
D/ ( 328): MPQ Audio player created for mime audio/raw duration 342083
W/ ( 328): Trying to create tunnel player mIsTunnelAudio 0, LPAPlayer::objectsAlive 0, TunnelPlayer::mTunnelObjectsAlive = 0, (mAudioPlayer == NULL) 0
E/ ( 328): Audio Player set source
W/MPQAudioPlayer( 328): Sw Decoder
D/MediaExtractor( 328): returning default extractor
D/ ( 328): MPQ Mime Type: audio/raw, getMPQObjectsAlive = 0
I/ ( 328): MPQ Audio Enabled - MPQ Audio Player
D/ ( 328): Use tunnel player only for AUDIO_STREAM_MUSIC
D/ ( 328): Set Audio Track as Audio Source
D/ ( 328): MPQ Audio Player
D/ ( 328): MPQ Audio player created for mime audio/raw duration 54833
W/ ( 328): Trying to create tunnel player mIsTunnelAudio 0, LPAPlayer::objectsAlive 0, TunnelPlayer::mTunnelObjectsAlive = 0, (mAudioPlayer == NULL) 0
E/ ( 328): Audio Player set source
W/MPQAudioPlayer( 328): Sw Decoder
D/MediaExtractor( 328): returning default extractor
D/ ( 328): MPQ Mime Type: audio/raw, getMPQObjectsAlive = 0
I/ ( 328): MPQ Audio Enabled - MPQ Audio Player
D/ ( 328): Use tunnel player only for AUDIO_STREAM_MUSIC
D/ ( 328): Set Audio Track as Audio Source
D/ ( 328): MPQ Audio Player
D/ ( 328): MPQ Audio player created for mime audio/raw duration 259854
W/ ( 328): Trying to create tunnel player mIsTunnelAudio 0, LPAPlayer::objectsAlive 0, TunnelPlayer::mTunnelObjectsAlive = 0, (mAudioPlayer == NULL) 0
E/ ( 328): Audio Player set source
W/MPQAudioPlayer( 328): Sw Decoder
D/MediaExtractor( 328): returning default extractor
D/ ( 328): MPQ Mime Type: audio/raw, getMPQObjectsAlive = 0
I/ ( 328): MPQ Audio Enabled - MPQ Audio Player
D/ ( 328): Use tunnel player only for AUDIO_STREAM_MUSIC
D/ ( 328): Set Audio Track as Audio Source
D/ ( 328): MPQ Audio Player
D/ ( 328): MPQ Audio player created for mime audio/raw duration 259854
W/ ( 328): Trying to create tunnel player mIsTunnelAudio 0, LPAPlayer::objectsAlive 0, TunnelPlayer::mTunnelObjectsAlive = 0, (mAudioPlayer == NULL) 0
E/ ( 328): Audio Player set source
W/MPQAudioPlayer( 328): Sw Decoder
W/InputMethodManagerService( 698): Window already focused, ignoring focus gain of: com.android.internal.view.IInputMethodClient$Stub$Proxy@41f73da0 attribute=null, token = android.os.BinderProxy@41c61588
V/threaded_app( 7737): Stop: 0x5a4108d8
V/threaded_app( 7737): activityState=14
