D/Kiwi ( 6168): EventManagerImpl: Registering listener for event: APPLICATION_DESTROY, com.amazon.android.e@41a39350
D/Kiwi ( 6168): EventListenerNotificationQueue: Adding listener: com.amazon.android.e@41a39350
D/Kiwi ( 6168): EventManagerImpl: Registering listener for event: ACTIVITY_PAUSE, com.amazon.android.d@41a3a1a8
D/Kiwi ( 6168): EventListenerNotificationQueue: Adding listener: com.amazon.android.d@41a3a1a8
D/Kiwi ( 6168): EventManagerImpl: Registering listener for event: ACTIVITY_RESUME, com.amazon.android.f@41a3af60
D/Kiwi ( 6168): EventListenerNotificationQueue: Adding listener: com.amazon.android.f@41a3af60
D/Kiwi ( 6168): Kiwi: Kiwi.Constructor Time: 36
D/Kiwi ( 6168): Kiwi: onCreate: org.ikonotv.smarttv.Main@418c71c0
D/Kiwi ( 6168): ContextManagerImpl: Activity->onCreate. Activity: org.ikonotv.smarttv.Main@418c71c0, Total Activities: 1
D/Kiwi ( 6168): EventManagerImpl: Posting event: ACTIVITY_CREATE
D/Kiwi ( 6168): EventManagerImpl: No registered listeners, returning
D/Kiwi ( 6168): EventManagerImpl: Posting event: APPLICATION_CREATE
D/Kiwi ( 6168): EventListenerNotificationQueue: Notifying listener: com.amazon.android.g@41a38480
D/Kiwi ( 6168): Kiwi: Enqueuing launch workflow
D/Kiwi ( 6168): TaskManagerImpl: Enqueue task on pipeline id: COMMAND
D/Kiwi ( 6168): TaskManagerImpl: Populating Task: DrmFullApplicationLaunchTaskWorkflow
D/Kiwi ( 6168): ResourceManagerImpl: Populating: DrmFullApplicationLaunchTaskWorkflow
D/Kiwi ( 6168): ResourceManagerImpl: Populating: com.amazon.android.i@41a3f6c8
D/Kiwi ( 6168): ResourceManagerImpl: Populating: com.amazon.android.r.a@41a3fb68
D/Kiwi ( 6168): ResourceManagerImpl: Populating: LicenseEnforcementTaskWorkflow
D/Kiwi ( 6168): ResourceManagerImpl: Populating: com.amazon.android.licensing.l@41a401f8
D/Kiwi ( 6168): ResourceManagerImpl: Populating: com.amazon.android.f.a@41a468d8
D/Kiwi ( 6168): ResourceManagerImpl: Populating: com.amazon.android.licensing.b@41a46c48
D/Kiwi ( 6168): SimpleTaskPipeline: Scheduling task: DrmFullApplicationLaunchTaskWorkflow
D/Kiwi ( 6168): Kiwi: Kiwi.ActivityOnCreate Time: 47
D/HostStatisticManager( 6168): netstack: DNS Host Prioritization is: ON, Version: 5.0.1
I/ ( 6168): netstack: LIB_MGR - Lib loaded: libdnshostprio.so
I/ ( 6168): netstack: STAT_HUB - Succeeded to load plugin: libdnshostprio.so
E/ ( 6168): netstack: LIB_MGR - Error loading lib spl_proc_plugin.so
E/ ( 6168): netstack: STAT_HUB - Failed to load plugin: spl_proc_plugin.so
E/ ( 6168): netstack: LIB_MGR - Error loading lib pp_proc_plugin.so
E/ ( 6168): netstack: STAT_HUB - Failed to load plugin: pp_proc_plugin.so
E/ ( 6168): netstack: STAT_HUB - App org.ikonotv.smarttv isn't supported
D/Kiwi ( 6168): Kiwi: onStart: org.ikonotv.smarttv.Main@418c71c0
D/Kiwi ( 6168): ContextManagerImpl: Activity started: org.ikonotv.smarttv.Main@418c71c0
D/Kiwi ( 6168): EventManagerImpl: Posting event: ACTIVITY_START
D/Kiwi ( 6168): EventManagerImpl: No registered listeners, returning
D/Kiwi ( 6168): EventManagerImpl: Posting event: APPLICATION_START
D/Kiwi ( 6168): EventManagerImpl: No registered listeners, returning
D/Kiwi ( 6168): Kiwi: Kiwi.ActivityOnStart Time: 1
I/AudioService( 698): AudioFocus requestAudioFocus() from android.media.AudioManager@41a0a268
D/Kiwi ( 6168): Kiwi: onResume: org.ikonotv.smarttv.Main@418c71c0
D/Kiwi ( 6168): ContextManagerImpl: Activity resumed: org.ikonotv.smarttv.Main@418c71c0, is child: false
D/Kiwi ( 6168): ContextManagerImpl: Setting visible to: org.ikonotv.smarttv.Main@418c71c0
D/Kiwi ( 6168): ContextManagerImpl: Activity now visible: org.ikonotv.smarttv.Main@418c71c0, publishing resume event
I/InputManager-JNI( 698): 'setPointerCursor' Setting cursor mode: - 0.
D/Kiwi ( 6168): EventManagerImpl: Posting event: ACTIVITY_RESUME
D/Kiwi ( 6168): EventListenerNotificationQueue: Notifying listener: ForegroundTaskPipeline:onResume listener
D/Kiwi ( 6168): ForegroundTaskPipeline: Activity resumed, scheduling tasks on UI thread
D/Kiwi ( 6168): EventListenerNotificationQueue: Notifying listener: com.amazon.android.e.e@41a271b0
D/Kiwi ( 6168): EventListenerNotificationQueue: Notifying listener: com.amazon.android.framework.prompt.f@41a2be38
D/Kiwi ( 6168): EventListenerNotificationQueue: Notifying listener: com.amazon.android.f@41a3af60
D/Kiwi ( 6168): Kiwi: Adding lifecycle RESUME command to pipeline
D/Kiwi ( 6168): TaskManagerImpl: Enqueue task on pipeline id: COMMAND
D/Kiwi ( 6168): TaskManagerImpl: Populating Task: com.amazon.android.t.a@41a58b48
D/Kiwi ( 6168): ResourceManagerImpl: Populating: com.amazon.android.t.a@41a58b48
D/Kiwi ( 6168): SimpleTaskPipeline: Scheduling task: com.amazon.android.t.a@41a58b48
D/Kiwi ( 6168): Kiwi: Kiwi.ActivityOnResume Time: 2
I/InputManager-JNI( 698): 'setPointerCursor' Setting cursor mode: - 0.
W/ContextImpl( 698): Calling a method in the system process without a qualified user: android.app.ContextImpl.sendBroadcast:1353 com.android.server.am.ActivityManagerService.activityResumed:4552 android.app.ActivityManagerNative.onTransact:420 com.android.server.am.ActivityManagerService.onTransact:1720 android.os.Binder.execTransact:351
V/chromium( 6168): external/chromium/net/host_resolver_helper/host_resolver_helper.cc:66: [1223/181850:INFO:host_resolver_helper.cc(66)] DNSPreResolver::Init got hostprovider:0x4103c00c
V/chromium( 6168): external/chromium/net/base/host_resolver_impl.cc:1510: [1223/181850:INFO:host_resolver_impl.cc(1510)] HostResolverImpl::SetPreresolver preresolver:0x5958c618
E/ ( 6168): netstack: LIB_MGR - Error loading lib libsocketpoolextend.so
I/SockPoolExtend( 6168): Using default ClientSocketPoolExtend
D/ ( 6168): dl error message Cannot load library: load_library(linker.cpp:745): library "libtcpfinaggr.so" not found
D/Socket_Pool( 6168): Failed to create TCP Fin Aggregation interface.
D/Socket_Pool( 6168): netstack: CloseUnusedSockets is ON
D/Socket_Pool( 6168): netstack: system net.statistics value: 0
D/Socket_Pool( 6168): Failed to create TCP Fin Aggregation interface.
D/Socket_Pool( 6168): netstack: CloseUnusedSockets is ON
D/Socket_Pool( 6168): netstack: system net.statistics value: 0
D/ ( 6168): external/chromium/net/http/http_getzip_factory.cc: libgetzip.so successfully loaded
D/ ( 6168): external/chromium/net/http/http_getzip_factory.cc,: GETzip initializing method was found in libgetzip.so
D/ ( 6168): netstack: Getzip is: ON, Version: 5.0.1
D/libEGL ( 6168): loaded /system/lib/egl/libEGL_adreno200.so
D/libEGL ( 6168): loaded /system/lib/egl/libGLESv1_CM_adreno200.so
D/libEGL ( 6168): loaded /system/lib/egl/libGLESv2_adreno200.so
I/Adreno200-EGL( 6168): : EGL 1.4 QUALCOMM build: AU_LINUX_ANDROID_JB_2.5.4.04.02.02.073.286_msm8960_JB_2.5.4_CL3908834_release_AU (CL3908834)
I/Adreno200-EGL( 6168): Build Date: 04/20/15 Mon I/Adreno200-EGL( 6168): Local Branch: mybranch9205846
I/Adreno200-EGL( 6168): Remote Branch: quic/jb_2.5.4
I/Adreno200-EGL( 6168): Local Patches: NONE
I/Adreno200-EGL( 6168): Reconstruct Branch: AU_LINUX_ANDROID_JB_2.5.4.04.02.02.073.286 + 95b147b + NOTHING
D/netstack( 6168): netstack: Request Priority is ON
D/OpenGLRenderer( 6168): Enabling debug mode 0
I/ViewRootImpl( 6168): Slow KeyEvent in org.ikonotv.smarttv/org.ikonotv.smarttv.Main device=6 action=Up latency=218ms processing=1ms
D/skia ( 6168): new locale
E/Web Console( 6168): Uncaught ReferenceError: androidPlay is not defined at null:1
I/ActivityManager( 698): Displayed org.ikonotv.smarttv/.Main: +325ms (total +346ms)
D/TilesManager( 6168): Starting TG #0, 0x4005f7f0
D/TilesManager( 6168): new EGLContext from framework: 414f3f10
D/GLWebViewState( 6168): Reinit shader
I/System ( 6168): Loaded time zone names for de_DE in 182ms (179ms in ICU)
D/Kiwi ( 6168): SimpleTaskPipeline: KIWI_COMMAND: Executing Task: DrmFullApplicationLaunchTaskWorkflow, current time: Wed Dec 23 18:18:50 MEZ 2015, uptime: 303112
D/Kiwi ( 6168): TaskWorkflow: Exiting task workflow: DrmFullApplicationLaunchTaskWorkflow
D/Kiwi ( 6168): AbstractCommandTask: ----------------------------------------------
D/Kiwi ( 6168): AbstractCommandTask: Executing: check_blocked_status
D/Kiwi ( 6168): AbstractCommandTask: ----------------------------------------------
D/Kiwi ( 6168): AbstractCommandTask: Executing Command: check_blocked_status
D/Kiwi ( 6168): CommandServiceClient: Binding Service!!!
D/Kiwi ( 6168): CommandServiceClient: Created intent with action com.amazon.venezia.CommandService
D/Kiwi ( 6168): CommandServiceClient: Found service on one or more packages
D/Kiwi ( 6168): CommandServiceClient: No previously determined package found, checking for suitable package.
D/Kiwi ( 6168): CommandServiceClient: Examining package com.amazon.venezia
D/Kiwi ( 6168): CommandServiceClient: Priority is 0
D/Kiwi ( 6168): CommandServiceClient: Checking signature of package com.amazon.venezia
D/Kiwi ( 6168): CommandServiceClient: isPackageSignatureTrusted com.amazon.venezia
D/Kiwi ( 6168): CommandResultVerifier: checkSignatures(com.amazon.venezia, [UMnMxqPqVAul56Dpcj4ektTiUO3TKzO1azQAubOpZIwqgw35kEAibdIj1k9oCIGSGI95DgpE2zIfSHd08RnOn3JSjlezhFaxfe86WTUyEfo+NRBQA1nnh+B1AH9S7fOaRc03anuJiJEOvvubCcKmrOVFJqVAq1C6xFflpF4/F6zCfC/3vu1pfEA/3KZDlgV+TDeA4h/0fNuhy3V573KsbAkX2NrRMIPWZIukKhr43FF2JY6iZfeqJVc4pCnqakNjypMYX7iuF3RoTDYzpnYrIvBYL4RPz0y2/iZuuYairAKOX3/Iz5nZGsNqVWpL6eolD6RAqVjixPmgU4ezM7lHrnpA4Qeo2d0osyfFZF9eX73RFPA3cJcPbCiLt8TOaQIJscROaDnEM8LDzOubKjLJijMUTtPTI6dJ3sHQ7Nc+DxvcN//8uJ7iwZtBP4RCrq8qqqInL1TOiGU73NXIEHPzLQeQd1DudbCSRMO7sWUwIVdCiRB/s5q+IiJ7iCXLT75Gm3rKAHtJ4/V3FsyW8PiXcCVCM8tO+Gs8nXanngQBgW7ZaVxbRyi+LfOEVQUAkaMYKWi/AqfNen0WmVokYxFsK3bqciy1UIZBRsUr6+qjnZrTKi2hVW3FTnnXxqPRZ1a/JsfrSZ5uNpFwtzLGfS7iN3044Vf0QOfGNkLVgepl3R4=, C2fUhy63IhXyqoGahh1qkUN7Bw3j1WsgC4kGTENzEgNtUuqM2U9Vf1vk0VTDR04hkZWWFdBkGZVEQjc72DSCWQGiGbt6ch/wFqm/p9SBpc/ei7HMFCNuqCabwQQkZdQzx4REwrLunIlPrIZfD2aNSGbA8BhKSAhvCU/OEkVs97s=, bvO9zFNa5ZSot1oWToLo95vuC59kRPRsdxzohpb62WAPxVaz/iDMEal8XqcucaYPV4Ud5TQCDOuluYiqAUz+CveNN4ngAc3ECy9v8vvsxrAZsXrVqWf2ojFN16ORwyGXf2rddCzL2+KTZ6t/7Sq0/G4t7HL1AbdjEFUFvXo7wIOXX0Xvvef9nvPT7MibwZax0WSv05qtVrACUiqx2Tjd25Q2Q17CCsB1uorjhwsYCTsjgAH96O3/6GTLMXhyGiFO977I4SG4u0h+m1q6sivrdDFLzWQbuGGsdTI8ixEu7u6rlb8FsF/mzYvyFNVTaCTIQ/bpv3x6JrIirVMJFcVQKQ==]
D/Kiwi ( 6168): CommandResultVerifier: Signature valid: true
D/Kiwi ( 6168): CommandServiceClient: Signature of package com.amazon.venezia is okay
D/Kiwi ( 6168): CommandServiceClient: Attempting to bind to service on com.amazon.venezia
D/Kiwi ( 6168): CommandServiceClient: Blocking while service is being bound!!
D/GLWebViewState( 6168): Reinit transferQueue
V/AudioFlinger( 328): registerClient() client 0x40060d08, binder 1105497760
V/AudioFlinger( 328): sendIoConfigEvent() num events 1 event 0, param 0
V/AudioFlinger( 328): acquiring 62 from 6168
V/AudioFlinger( 328): added new entry for 62
V/AudioFlinger( 328): processConfigEvents() remaining events 1
V/AudioFlinger( 328): PlaybackThread::audioConfigChanged_l, thread 0x41e4b678, event 0, param 0
I/AudioStreamOutALSA( 328): AudioStreamOutALSA::latency() returned: latency=22
V/AudioFlinger( 328): AudioFlinger::audioConfigChanged_l: event 0
D/MediaPlayer( 6168): Couldn't open file on client side, trying server side
D/Kiwi ( 6168): CommandServiceClient: onServiceConnected
D/Kiwi ( 6168): CommandServiceClient: service bound, returning!!
D/Kiwi ( 6168): CommandServiceClient: Kiwi.BindService Time: 85
D/Kiwi ( 6168): ExpirableValueDataStore: Placing non-expiring value into store with key: PACKAGE
D/Kiwi ( 6168): ExpirableValueDataStore: Placing non-expiring value into store with key: COMMAND
I/LiveSession( 328): onConnect
D/MediaPlayer( 6168): seekTo() mUri is http://stream2.telvi.de/ikonotv/live/playlist.m3u8
D/BluetoothA2dpService( 698): Received ACTION_METADATA_CHANGED
D/BluetoothA2dpService( 698): uri is http://stream2.telvi.de/ikonotv/live/playlist.m3u8mUri is null
D/BluetoothA2dpService( 698): Internal audio file data, ignoring
D/MediaPlayer( 6168): start() mUri is http://stream2.telvi.de/ikonotv/live/playlist.m3u8
D/BluetoothA2dpService( 698): Received ACTION_METADATA_CHANGED
D/BluetoothA2dpService( 698): uri is http://stream2.telvi.de/ikonotv/live/playlist.m3u8mUri is null
D/BluetoothA2dpService( 698): Internal audio file data, ignoring
D/BluetoothA2dpService( 698): Received ACTION_METADATA_CHANGED
D/BluetoothA2dpService( 698): uri is http://stream2.telvi.de/ikonotv/live/playlist.m3u8mUri is null
D/BluetoothA2dpService( 698): Internal audio file data, ignoring
D/Kiwi ( 6168): CommandServiceClient: Blocking for result from service
D/Kiwi ( 6168): CommandServiceClient: Received result from service
D/Kiwi ( 6168): AbstractCommandTask: Received result from CommandService: CommandResult: [CallingUid: 32000, SuccessResult: com.amazon.venezia.command.x@41ad4578, FailureResult: null, DecisionResult: null, ExceptionResult: null]
D/Kiwi ( 6168): CommandResultVerifier: Verifying auth token: eiTaNCoAaLUOGGHrzssKCJpArWKclVLcAJM4j3RTpWigua5cg4fBSCd57OSaK5dsDHKlLkg37uc8XL+E4l1lHH4tlWNY0K/mmPQhm0hpWMD958VpnuauKYIshKo7SFG2Xh3bYIwE9zmt4Aqa6Uuxj9vfAAn1aQLpXGjvIyReJVHsJJbjOVIDTbjYgjfvjhPB0baskvX5n7iMzFQ5T55yZkqUVIHEdKu11ax/2X883INGxIqCSV9jZZVfJRvCkId+faimdhw542OC2SHfzXrhUHNZbKpnApiHliXqvtKBW1eXcezec0Tju9/aYd9j9Y1DREesIOV8IJ0pPjz3Et2ZYQ==
D/Kiwi ( 6168): DataAuthenticationKeyLoader: Loading data authentication key...
D/Kiwi ( 6168): DataAuthenticationKeyLoader: Checking KiwiDataStore for key...
D/Kiwi ( 6168): ExpirableValueDataStore: Fetching value: DATA_AUTHENTICATION_KEY
D/Kiwi ( 6168): ExpirableValueDataStore: Value not present in store, returning null
D/Kiwi ( 6168): DataAuthenticationKeyLoader: Key was cached: false
D/Kiwi ( 6168): DataAuthenticationKeyLoader: Loading authentication key from apk...
D/Kiwi ( 6168): DataAuthenticationKeyLoader: Opening apk: /data/app/org.ikonotv.smarttv-1.apk
D/Kiwi ( 6168): DataAuthenticationKeyLoader: Searching for cert in apk
D/Kiwi ( 6168): DataAuthenticationKeyLoader: Extracting cert from entry: kiwi
D/Kiwi ( 6168): DataAuthenticationKeyLoader: Generating certificates from entry input stream
E/Bundle ( 1393): readBundle: bad magic number
E/Bundle ( 1393): readBundle: trace = java.lang.RuntimeException
E/Bundle ( 1393): at android.os.Bundle.readFromParcelInner(Bundle.java:1658)
E/Bundle ( 1393): at android.os.Bundle.(Bundle.java:83)
E/Bundle ( 1393): at android.os.Parcel.readBundle(Parcel.java:1574)
E/Bundle ( 1393): at android.os.Parcel.readBundle(Parcel.java:1559)
E/Bundle ( 1393): at android.content.Intent.readFromParcel(Intent.java:6795)
E/Bundle ( 1393): at android.content.Intent.(Intent.java:6761)
E/Bundle ( 1393): at android.content.Intent$1.createFromParcel(Intent.java:6752)
E/Bundle ( 1393): at android.content.Intent$1.createFromParcel(Intent.java:6750)
E/Bundle ( 1393): at android.os.Parcel.readParcelable(Parcel.java:2098)
E/Bundle ( 1393): at com.kebab.Helpers.GetParcelableFromString(Helpers.java:250)
E/Bundle ( 1393): at com.kebab.Llama.EventActions.RunAppAction.PerformAction(RunAppAction.java:52)
E/Bundle ( 1393): at com.kebab.Llama.Event.RunActions(Event.java:296)
E/Bundle ( 1393): at com.kebab.Llama.LlamaService.fireTriggeredEvent(LlamaService.java:3063)
E/Bundle ( 1393): at com.kebab.Llama.LlamaService.testEventsInternal(LlamaService.java:2866)
E/Bundle ( 1393): at com.kebab.Llama.LlamaService.testEvents(LlamaService.java:2762)
E/Bundle ( 1393): at com.kebab.Llama.ForegroundAppWatcher$1$1.R(ForegroundAppWatcher.java:32)
E/Bundle ( 1393): at com.kebab.Llama.X.run(X.java:19)
E/Bundle ( 1393): at com.kebab.Llama.LlamaService.IdeallyRunOnWorkerThread(LlamaService.java:5339)
E/Bundle ( 1393): at com.kebab.Llama.ForegroundAppWatcher$1.run(ForegroundAppWatcher.java:31)
E/Bundle ( 1393): at android.os.Handler.handleCallback(Handler.java:725)
E/Bundle ( 1393): at android.os.Handler.dispatchMessage(Handler.java:92)
E/Bundle ( 1393): at android.os.Looper.loop(Looper.java:137)
E/Bundle ( 1393): at android.app.ActivityThread.main(ActivityThread.java:5130)
E/Bundle ( 1393): at java.lang.reflect.Method.invokeNative(Native Method)
E/Bundle ( 1393): at java.lang.reflect.Method.invoke(Method.java:511)
E/Bundle ( 1393): at com.android.internal.os.ZygoteInit$MethodAndArgsCaller.run(ZygoteInit.java:793)
E/Bundle ( 1393): at com.android.internal.os.ZygoteInit.main(ZygoteInit.java:560)
E/Bundle ( 1393): at dalvik.system.NativeStart.main(Native Method)
I/ActivityManager( 698): START u0 {act=android.intent.action.MAIN cat=[android.intent.category.LAUNCHER] flg=0x10000000 cmp=org.xbmc.kodi/.Splash bnds=[0,0][1,1] (has extras)} from pid 1393
D/Kiwi ( 6168): DataAuthenticationKeyLoader: Kiwi Cert Details: CN=Amazon.com\, Inc.,OU=Digital ID Class 3 - Java Object Signing,OU=Digital ID Class 3 - Java Object Signing,O=Amazon.com\, Inc.,L=Seattle,ST=Washington,C=US
D/dalvikvm( 698): GC_FOR_ALLOC freed 1369K, 29% free 10743K/15060K, paused 43ms, total 43ms
D/Kiwi ( 6168): Kiwi: onPause: org.ikonotv.smarttv.Main@418c71c0
D/Kiwi ( 6168): ContextManagerImpl: Activity paused: org.ikonotv.smarttv.Main@418c71c0, visible activity: org.ikonotv.smarttv.Main@418c71c0
D/Kiwi ( 6168): ContextManagerImpl: Setting visible activity to null
D/Kiwi ( 6168): EventManagerImpl: Posting event: ACTIVITY_PAUSE
D/Kiwi ( 6168): EventListenerNotificationQueue: Notifying listener: com.amazon.android.d@41a3a1a8
D/Kiwi ( 6168): Kiwi: Adding lifecycle PAUSE command to pipeline
D/Kiwi ( 6168): TaskManagerImpl: Enqueue task on pipeline id: COMMAND
D/Kiwi ( 6168): TaskManagerImpl: Populating Task: com.amazon.android.t.a@41b79ec8
D/Kiwi ( 6168): ResourceManagerImpl: Populating: com.amazon.android.t.a@41b79ec8
D/Kiwi ( 6168): SimpleTaskPipeline: Scheduling task: com.amazon.android.t.a@41b79ec8
D/Kiwi ( 6168): Kiwi: Kiwi.ActivityOnPause Time: 2
W/ContextImpl( 698): Calling a method in the system process without a qualified user: android.app.ContextImpl.sendBroadcast:1353 com.android.server.am.ActivityStack.startActivityMayWait:3199 com.android.server.am.ActivityManagerService.startActivityAsUser:2539 com.android.server.am.ActivityManagerService.startActivity:2528 android.app.ActivityManagerNative.onTransact:141
D/InputManager( 698): Activity onCreate received.
D/MediaPlayer( 6168): pause() mUri is http://stream2.telvi.de/ikonotv/live/playlist.m3u8
D/BluetoothA2dpService( 698): Received ACTION_METADATA_CHANGED
D/BluetoothA2dpService( 698): uri is http://stream2.telvi.de/ikonotv/live/playlist.m3u8mUri is null
D/BluetoothA2dpService( 698): Internal audio file data, ignoring
I/Process ( 6168): Sending signal. PID: 6168 SIG: 9
W/AudioService( 698): AudioFocus audio focus client died
V/AudioFlinger( 328): 328 died, releasing its sessions
V/AudioFlinger( 328): pid 698 @ 0
V/AudioFlinger( 328): pid 3970 @ 1
V/AudioFlinger( 328): pid 328 @ 2
V/AudioFlinger( 328): removing entry for pid 328 session 52
V/AudioFlinger( 328): pid 698 @ 2
V/AudioFlinger( 328): pid 6168 @ 3
V/AudioFlinger( 328): purging stale effects
E/LiveSession( 328): unable to fetch master playlist 'http://stream2.telvi.de/ikonotv/live/playlist.m3u8'.
W/InputDispatcher( 698): channel '41ed89c0 org.ikonotv.smarttv/org.ikonotv.smarttv.Main (server)' ~ Consumer closed input channel or an error occurred. events=0x9
E/InputDispatcher( 698): channel '41ed89c0 org.ikonotv.smarttv/org.ikonotv.smarttv.Main (server)' ~ Channel is unrecoverably broken and will be disposed!
I/AudioService( 698): AudioFocus abandonAudioFocus(): removing entry for android.media.AudioManager@41a0a268
W/MediaPlayerService( 328): native_window_api_disconnect returned an error: Broken pipe (-32)
I/ActivityManager( 698): Process org.ikonotv.smarttv (pid 6168) has died.
W/ActivityManager( 698): Force removing ActivityRecord{419a42d0 u0 org.ikonotv.smarttv/.Main}: app died, no saved state
I/Kernel ( 346): <6>[ 298.170532] msm_vidc_dec: Return from vid_dec_release_secure()
I/Kernel ( 346): <6>[ 303.405822] binder: 328:786 transaction failed 29189, size 68-0
W/InputDispatcher( 698): Attempted to unregister already unregistered input channel '41ed89c0 org.ikonotv.smarttv/org.ikonotv.smarttv.Main (server)'
I/WindowState( 698): WIN DEATH: Window{41ed89c0 u0 org.ikonotv.smarttv/org.ikonotv.smarttv.Main EXITING}
D/mDNS ( 2493): Read 592 bytes from mDNS socket, source 192.168.178.29:5353
D/mDNS ( 2493): ignoring packet with flags 0x8400
V/AudioFlinger( 328): Audio hardware entering standby, mixer 0x41e4b678, suspend count 0
D/AudioStreamOutALSA( 328): AudioStreamOut: standby()
V/AudioFlinger( 328): releaseWakeLock_l() AudioOut_2
V/AudioFlinger( 328): thread 0x41e4b678 type 0 TID 721 going to sleep
D/Bluetooth HS/HF( 1419): HandleMessage9
D/Bluetooth HS/HF( 1419): Battery State Changed, send update100Scale: 100
I/ThermalDaemon( 335): Sensor[tmp105_2_pwrs] Temperature : 40.0
I/TemperatureSensorObserver( 698): read new temperature 40500
I/Kernel ( 346): <6>[ 309.819396] Bluetooth: Checking Controller's Role with remote device
I/Kernel ( 346): <6>[ 309.819580] Bluetooth: Controller is in MASTER mode
I/Kernel ( 346): <6>[ 309.819671] Bluetooth: Requesting Controller to enter into Sniff mode
I/abtfilt ( 2359): all HID in sniff mode!
I/abtfilt ( 2359): BT Action
I/abtfilt ( 2359): WMI Cmd: 145 Len: 16
W/ActivityManager( 698): Launch timeout has expired, giving up wake lock!
W/ActivityManager( 698): Activity idle timeout for ActivityRecord{41a4afc8 u0 org.xbmc.kodi/.Splash}
D/dalvikvm( 698): GC_CONCURRENT freed 2056K, 29% free 10747K/15060K, paused 3ms+4ms, total 50ms
W/JavaBinder( 698): Binder has been finalized when calling linkToDeath() with recip=0x1d700005)
D/dalvikvm( 698): WAIT_FOR_CONCURRENT_GC blocked 44ms
D/dalvikvm( 698): GC_CONCURRENT freed 2059K, 29% free 10745K/15060K, paused 2ms+4ms, total 51ms
D/dalvikvm( 698): WAIT_FOR_CONCURRENT_GC blocked 45ms
D/Bluetooth HS/HF( 1419): HandleMessage9
D/Bluetooth HS/HF( 1419): Battery State Changed, send update100Scale: 100
I/TemperatureSensorObserver( 698): read new temperature 40000
D/dalvikvm( 698): GC_CONCURRENT freed 2080K, 29% free 10725K/15060K, paused 3ms+5ms, total 54ms
D/dalvikvm( 698): WAIT_FOR_CONCURRENT_GC blocked 41ms
D/mDNS ( 2493): Read 200 bytes from mDNS socket, source 192.168.178.29:5353
D/mDNS ( 2493): ignoring packet with flags 0x8400
E/libEGL ( 4023): call to OpenGL ES API with no current context (logged once per thread)
I/ThermalDaemon( 335): Sensor[tmp105_1_wifi] Temperature : 40.0
D/mDNS ( 2493): Read 200 bytes from mDNS socket, source 192.168.178.29:5353
D/mDNS ( 2493): ignoring packet with flags 0x8400
D/dalvikvm( 698): GC_CONCURRENT freed 2053K, 29% free 10727K/15060K, paused 5ms+3ms, total 60ms
D/dalvikvm( 698): WAIT_FOR_CONCURRENT_GC blocked 45ms
D/mDNS ( 2493): Read 200 bytes from mDNS socket, source 192.168.178.29:5353
D/mDNS ( 2493): ignoring packet with flags 0x8400
D/Bluetooth HS/HF( 1419): HandleMessage9
D/Bluetooth HS/HF( 1419): Battery State Changed, send update100Scale: 100
D/dalvikvm( 4023): threadid=14: thread exiting, not yet detached (count=0)
V/XBMC ( 4023): detaching thread
V/Kodi ( 4023): => XBMC_Run finished with 0
D/dalvikvm( 4023): threadid=13: thread exiting, not yet detached (count=0)
V/XBMC ( 4023): detaching thread
V/Kodi ( 4023): => XBMC finished
V/Kodi ( 4023): CEventLoop: we are being destroyed
V/Kodi ( 4023): android_main: Exiting
V/AudioFlinger( 328): 328 died, releasing its sessions
V/AudioFlinger( 328): pid 698 @ 0
V/AudioFlinger( 328): pid 3970 @ 1
V/AudioFlinger( 328): pid 698 @ 2
V/AudioFlinger( 328): pid 6168 @ 3
I/WindowState( 698): WIN DEATH: Window{41f30b40 u0 org.xbmc.kodi/org.xbmc.kodi.Main}
I/ActivityManager( 698): Process org.xbmc.kodi (pid 4023) has died.
I/ActivityManager( 698): Start proc org.xbmc.kodi for activity org.xbmc.kodi/.Splash: pid=6433 uid=10007 gids={50007, 1015, 3003, 1028}
E/Trace ( 6433): error opening trace file: No such file or directory (2)
D/ProfileManager( 6433): Create ProfileManager instance
I/Activity( 6433): No ActvityExender defined. Proceed with default activity behavior.
D/Kodi ( 6433): External storage = /storage/emulated/0; state = mounted
I/ActivityManager( 698): START u0 {act=android.intent.action.MAIN cat=[android.intent.category.LAUNCHER] flg=0x11000000 cmp=org.xbmc.kodi/.Main bnds=[0,0][1,1] (has extras)} from pid 6433
D/InputManager( 698): Activity onCreate received.
W/ContextImpl( 698): Calling a method in the system process without a qualified user: android.app.ContextImpl.sendBroadcast:1353 com.android.server.am.ActivityStack.startActivityMayWait:3199 com.android.server.am.ActivityManagerService.startActivityAsUser:2539 com.android.server.am.ActivityManagerService.startActivity:2528 android.app.ActivityManagerNative.onTransact:141
I/Activity( 6433): No ActvityExender defined. Proceed with default activity behavior.
D/dalvikvm( 6433): Trying to load lib /data/app-lib/org.xbmc.kodi-2/libsmbclient.so 0x418c4c00
D/dalvikvm( 6433): Added shared lib /data/app-lib/org.xbmc.kodi-2/libsmbclient.so 0x418c4c00
D/dalvikvm( 6433): No JNI_OnLoad found in /data/app-lib/org.xbmc.kodi-2/libsmbclient.so 0x418c4c00, skipping init
D/dalvikvm( 6433): Trying to load lib /data/app-lib/org.xbmc.kodi-2/libkodi.so 0x418c4c00
D/dalvikvm( 6433): Added shared lib /data/app-lib/org.xbmc.kodi-2/libkodi.so 0x418c4c00
V/threaded_app( 6433): Creating: 0x5a40f9a8
V/threaded_app( 6433): Config: mcc=0 mnc=0 lang=de cnt=DE orien=2 touch=1 dens=320 keys=1 nav=2 keysHid=3 navHid=0 sdk=17 size=3 long=2 modetype=4 modenight=1
V/threaded_app( 6433): Start: 0x5a40f9a8
D/dalvikvm( 698): GC_CONCURRENT freed 1549K, 27% free 11122K/15060K, paused 2ms+5ms, total 59ms
V/Kodi ( 6433): CEventLoop: AMotionEvent_getAxisValue: 0x40eb9f25, AMotionEvent_getButtonState: 0x40eb9e81
V/Kodi ( 6433): CEventLoop: starting event loop
V/threaded_app( 6433): activityState=10
V/threaded_app( 6433): Resume: 0x5a40f9a8
V/Kodi ( 6433): virtual void CXBMCApp::onStart():
V/threaded_app( 6433): activityState=11
V/Kodi ( 6433): virtual void CXBMCApp::onResume():
I/InputManager-JNI( 698): 'setPointerCursor' Setting cursor mode: - 0.
V/Kodi ( 6433): static bool CXBMCApp::EnableWakeLock(bool): true
V/Kodi ( 6433): Kodi Started with action: android.intent.action.MAIN
V/Kodi ( 6433): => running XBMC_Run...
V/threaded_app( 6433): InputQueueCreated: 0x5a40f9a8 -- 0x40d8a008
V/threaded_app( 6433): APP_CMD_INPUT_CHANGED
V/threaded_app( 6433): Attaching input queue to looper
I/InputManager-JNI( 698): 'setPointerCursor' Setting cursor mode: - 0.
D/XBMCBroadcastReceiver( 6433): Received Intent
V/Kodi ( 6433): CXBMCApp::onReceive Got intent. Action: android.intent.action.BATTERY_CHANGED
W/ContextImpl( 698): Calling a method in the system process without a qualified user: android.app.ContextImpl.sendBroadcast:1353 com.android.server.am.ActivityManagerService.activityResumed:4552 android.app.ActivityManagerNative.onTransact:420 com.android.server.am.ActivityManagerService.onTransact:1720 android.os.Binder.execTransact:351
V/threaded_app( 6433): NativeWindowCreated: 0x5a40f9a8 -- 0x40f42928
V/threaded_app( 6433): APP_CMD_INIT_WINDOW
V/Kodi ( 6433): virtual void CXBMCApp::onCreateWindow(ANativeWindow*):
V/Kodi ( 6433): XBMC_SetupDisplay()
V/threaded_app( 6433): WindowFocusChanged: 0x5a40f9a8 -- 1
W/InputMethodManagerService( 698): Got RemoteException sending setActive(false) notification to pid 6168 uid 10008
I/Kernel ( 346): <6>[ 358.873840] binder: 864:864 transaction failed 29189, size 92-0
I/ActivityManager( 698): Displayed org.xbmc.kodi/.Main: +218ms (total +55s567ms)
V/AudioFlinger( 328): registerClient() client 0x41e635b8, binder 1096445848
V/AudioFlinger( 328): sendIoConfigEvent() num events 1 event 0, param 0
V/AudioFlinger( 328): thread 0x41e4b678 type 0 TID 721 waking up
V/AudioFlinger( 328): acquireWakeLock_l() AudioOut_2 status 0
V/AudioFlinger( 328): processConfigEvents() remaining events 1
V/AudioFlinger( 328): PlaybackThread::audioConfigChanged_l, thread 0x41e4b678, event 0, param 0
I/AudioStreamOutALSA( 328): AudioStreamOutALSA::latency() returned: latency=22
V/AudioFlinger( 328): AudioFlinger::audioConfigChanged_l: event 0
E/AudioTrack-Java( 6433): [ android.media.AudioTrack ] getMinBufferSize(): 96000Hz is not a supported sample rate.
E/AudioTrack-Java( 6433): [ android.media.AudioTrack ] getMinBufferSize(): 192000Hz is not a supported sample rate.
V/AudioFlinger( 328): createTrack() sessionId: 0
V/AudioFlinger( 328): createTrack() lSessionId: 63
V/AudioFlinger( 328): Track constructor name 4096, calling pid 6433
V/AudioFlinger( 328): acquiring 63 from 6433
V/AudioFlinger( 328): added new entry for 63
I/AudioManager( 6433): Cleared FLAG_SHOW_UI in setStreamVolume
I/AudioManager( 6433): Cleared FLAG_SHOW_UI in setStreamVolume
I/AudioManager( 6433): Cleared FLAG_SHOW_UI in setStreamVolume
V/AudioFlinger( 328): start(4096), calling pid 6433 session 63
V/AudioFlinger( 328): ? => ACTIVE (4096) on thread 0x40064438
I/AudioPolicyManagerALSA( 328): getDeviceForStrategy() speaker device not found for STRATEGY_SONIFICATION
I/AudioPolicyManagerALSA( 328): getDeviceForStrategy() speaker device not found for STRATEGY_SONIFICATION
V/AudioFlinger( 328): mWaitWorkCV.broadcast
D/libEGL ( 6433): loaded /system/lib/egl/libEGL_adreno200.so
D/libEGL ( 6433): loaded /system/lib/egl/libGLESv1_CM_adreno200.so
D/libEGL ( 6433): loaded /system/lib/egl/libGLESv2_adreno200.so
I/Adreno200-EGL( 6433): : EGL 1.4 QUALCOMM build: AU_LINUX_ANDROID_JB_2.5.4.04.02.02.073.286_msm8960_JB_2.5.4_CL3908834_release_AU (CL3908834)
I/Adreno200-EGL( 6433): Build Date: 04/20/15 Mon I/Adreno200-EGL( 6433): Local Branch: mybranch9205846
I/Adreno200-EGL( 6433): Remote Branch: quic/jb_2.5.4
I/Adreno200-EGL( 6433): Local Patches: NONE
I/Adreno200-EGL( 6433): Reconstruct Branch: AU_LINUX_ANDROID_JB_2.5.4.04.02.02.073.286 + 95b147b + NOTHING
I/ThermalDaemon( 335): Sensor[tmp105_2_pwrs] Temperature : 39.0
I/TemperatureSensorObserver( 698): read new temperature 39500
V/Kodi ( 6433): XBMC_Pause(false)
V/Kodi ( 6433): virtual void CXBMCApp::onGainFocus():
W/Adreno200-ES20( 6433): : GL_INVALID_ENUM
D/mDNS ( 2493): Read 280 bytes from mDNS socket, source 192.168.178.29:5353
D/mDNS ( 2493): read packet with 5 question 0 answer 5 authority 0 additional flags 0x0
D/mDNS ( 2493): read question for localhost.local. (0xff 0x1)
D/mDNS ( 2493): ignored, unrecognized question type ff
D/mDNS ( 2493): read question for Kodi (localhost)._http._tcp. (0xff 0x1)
D/mDNS ( 2493): ignored, unrecognized question type ff
D/mDNS ( 2493): read question for Kodi (localhost)._xbmc-jsonrpc-h. (0xff 0x1)
D/mDNS ( 2493): ignored, unrecognized question type ff
D/mDNS ( 2493): read question for Kodi (localhost)._xbmc-jsonrpc. (0xff 0x1)
D/mDNS ( 2493): ignored, unrecognized question type ff
D/mDNS ( 2493): read question for Kodi (localhost)._xbmc-events._udp. (0xff 0x1)
D/mDNS ( 2493): ignored, unrecognized question type ff
D/mDNS ( 2493): Read 280 bytes from mDNS socket, source 192.168.178.29:5353
D/mDNS ( 2493): read packet with 5 question 0 answer 5 authority 0 additional flags 0x0
D/mDNS ( 2493): read question for localhost.local. (0xff 0x1)
D/mDNS ( 2493): ignored, unrecognized question type ff
D/mDNS ( 2493): read question for Kodi (localhost)._http._tcp. (0xff 0x1)
D/mDNS ( 2493): ignored, unrecognized question type ff
D/mDNS ( 2493): read question for Kodi (localhost)._xbmc-jsonrpc-h. (0xff 0x1)
D/mDNS ( 2493): ignored, unrecognized question type ff
D/mDNS ( 2493): read question for Kodi (localhost)._xbmc-jsonrpc. (0xff 0x1)
D/mDNS ( 2493): ignored, unrecognized question type ff
D/mDNS ( 2493): read question for Kodi (localhost)._xbmc-events._udp. (0xff 0x1)
D/mDNS ( 2493): ignored, unrecognized question type ff
D/mDNS ( 2493): Read 280 bytes from mDNS socket, source 192.168.178.29:5353
D/mDNS ( 2493): read packet with 5 question 0 answer 5 authority 0 additional flags 0x0
D/mDNS ( 2493): read question for localhost.local. (0xff 0x1)
D/mDNS ( 2493): ignored, unrecognized question type ff
D/mDNS ( 2493): read question for Kodi (localhost)._http._tcp. (0xff 0x1)
D/mDNS ( 2493): ignored, unrecognized question type ff
D/mDNS ( 2493): read question for Kodi (localhost)._xbmc-jsonrpc-h. (0xff 0x1)
D/mDNS ( 2493): ignored, unrecognized question type ff
D/mDNS ( 2493): read question for Kodi (localhost)._xbmc-jsonrpc. (0xff 0x1)
D/mDNS ( 2493): ignored, unrecognized question type ff
D/mDNS ( 2493): read question for Kodi (localhost)._xbmc-events._udp. (0xff 0x1)
D/mDNS ( 2493): ignored, unrecognized question type ff
I/ThermalDaemon( 335): Sensor[tmp105_2_pwrs] Temperature : 40.0
I/TemperatureSensorObserver( 698): read new temperature 40000
D/mDNS ( 2493): Read 592 bytes from mDNS socket, source 192.168.178.29:5353
D/mDNS ( 2493): ignoring packet with flags 0x8400
D/mDNS ( 2493): Read 592 bytes from mDNS socket, source 192.168.178.29:5353
D/mDNS ( 2493): ignoring packet with flags 0x8400
D/mDNS ( 2493): Read 592 bytes from mDNS socket, source 192.168.178.29:5353
D/mDNS ( 2493): ignoring packet with flags 0x8400
D/XBMCBroadcastReceiver( 6433): Received Intent
V/Kodi ( 6433): CXBMCApp::onReceive Got intent. Action: android.intent.action.BATTERY_CHANGED
D/Bluetooth HS/HF( 1419): HandleMessage9
D/Bluetooth HS/HF( 1419): Battery State Changed, send update100Scale: 100
D/mDNS ( 2493): Read 592 bytes from mDNS socket, source 192.168.178.29:5353
D/mDNS ( 2493): ignoring packet with flags 0x8400
I/TemperatureSensorObserver( 698): read new temperature 40500
D/mDNS ( 2493): Read 592 bytes from mDNS socket, source 192.168.178.29:5353
D/mDNS ( 2493): ignoring packet with flags 0x8400
I/ThermalDaemon( 335): Sensor[tmp105_2_pwrs] Temperature : 41.0
I/TemperatureSensorObserver( 698): read new temperature 41000
I/ThermalDaemon( 335): Sensor[tmp105_1_wifi] Temperature : 41.0
V/Kodi ( 6433): CAndroidKey: key down (code: 20; repeat: 0; flags: 0x8; alt: no; shift: no; sym: no)
I/abtfilt ( 2359): HID active mode!
I/abtfilt ( 2359): BT Action
I/abtfilt ( 2359): WMI Cmd: 212 Len: 60
I/abtfilt ( 2359): BT Action
I/abtfilt ( 2359): WMI Cmd: 145 Len: 16
V/Kodi ( 6433): CAndroidKey: key up (code: 20; repeat: 0; flags: 0x8; alt: no; shift: no; sym: no)
V/Kodi ( 6433): CAndroidKey: key down (code: 20; repeat: 0; flags: 0x8; alt: no; shift: no; sym: no)
V/Kodi ( 6433): CAndroidKey: key up (code: 20; repeat: 0; flags: 0x8; alt: no; shift: no; sym: no)
V/Kodi ( 6433): CAndroidKey: key down (code: 20; repeat: 0; flags: 0x8; alt: no; shift: no; sym: no)
V/Kodi ( 6433): CAndroidKey: key up (code: 20; repeat: 0; flags: 0x8; alt: no; shift: no; sym: no)
V/Kodi ( 6433): CAndroidKey: key down (code: 20; repeat: 0; flags: 0x8; alt: no; shift: no; sym: no)
V/Kodi ( 6433): CAndroidKey: key up (code: 20; repeat: 0; flags: 0x8; alt: no; shift: no; sym: no)
V/Kodi ( 6433): CAndroidKey: key down (code: 20; repeat: 0; flags: 0x8; alt: no; shift: no; sym: no)
V/Kodi ( 6433): CAndroidKey: key up (code: 20; repeat: 0; flags: 0x8; alt: no; shift: no; sym: no)
V/Kodi ( 6433): CAndroidKey: key down (code: 20; repeat: 0; flags: 0x8; alt: no; shift: no; sym: no)
V/Kodi ( 6433): CAndroidKey: key up (code: 20; repeat: 0; flags: 0x8; alt: no; shift: no; sym: no)
V/Kodi ( 6433): CAndroidKey: key down (code: 20; repeat: 0; flags: 0x8; alt: no; shift: no; sym: no)
V/Kodi ( 6433): CAndroidKey: key up (code: 20; repeat: 0; flags: 0x8; alt: no; shift: no; sym: no)
V/Kodi ( 6433): CAndroidKey: key down (code: 20; repeat: 0; flags: 0x8; alt: no; shift: no; sym: no)
V/Kodi ( 6433): CAndroidKey: key up (code: 20; repeat: 0; flags: 0x8; alt: no; shift: no; sym: no)
V/Kodi ( 6433): CAndroidKey: key down (code: 20; repeat: 0; flags: 0x8; alt: no; shift: no; sym: no)
V/Kodi ( 6433): CAndroidKey: key up (code: 20; repeat: 0; flags: 0x8; alt: no; shift: no; sym: no)
V/Kodi ( 6433): CAndroidKey: key down (code: 20; repeat: 0; flags: 0x8; alt: no; shift: no; sym: no)
V/Kodi ( 6433): CAndroidKey: key up (code: 20; repeat: 0; flags: 0x8; alt: no; shift: no; sym: no)
V/Kodi ( 6433): CAndroidKey: key down (code: 20; repeat: 0; flags: 0x8; alt: no; shift: no; sym: no)
V/Kodi ( 6433): CAndroidKey: key up (code: 20; repeat: 0; flags: 0x8; alt: no; shift: no; sym: no)
V/Kodi ( 6433): CAndroidKey: key down (code: 20; repeat: 0; flags: 0x8; alt: no; shift: no; sym: no)
V/Kodi ( 6433): CAndroidKey: key up (code: 20; repeat: 0; flags: 0x8; alt: no; shift: no; sym: no)
V/Kodi ( 6433): CAndroidKey: key down (code: 20; repeat: 0; flags: 0x8; alt: no; shift: no; sym: no)
V/Kodi ( 6433): CAndroidKey: key up (code: 20; repeat: 0; flags: 0x8; alt: no; shift: no; sym: no)
V/Kodi ( 6433): CAndroidKey: key down (code: 20; repeat: 0; flags: 0x8; alt: no; shift: no; sym: no)
V/Kodi ( 6433): CAndroidKey: key up (code: 20; repeat: 0; flags: 0x8; alt: no; shift: no; sym: no)
V/Kodi ( 6433): CAndroidKey: key down (code: 20; repeat: 0; flags: 0x8; alt: no; shift: no; sym: no)
V/Kodi ( 6433): CAndroidKey: key up (code: 20; repeat: 0; flags: 0x8; alt: no; shift: no; sym: no)
V/Kodi ( 6433): CAndroidKey: key down (code: 20; repeat: 0; flags: 0x8; alt: no; shift: no; sym: no)
V/Kodi ( 6433): CAndroidKey: key up (code: 20; repeat: 0; flags: 0x8; alt: no; shift: no; sym: no)
V/Kodi ( 6433): CAndroidKey: key down (code: 20; repeat: 0; flags: 0x8; alt: no; shift: no; sym: no)
D/dalvikvm( 698): GC_CONCURRENT freed 2114K, 26% free 11147K/15060K, paused 2ms+5ms, total 62ms
D/dalvikvm( 698): WAIT_FOR_CONCURRENT_GC blocked 55ms
V/Kodi ( 6433): CAndroidKey: key up (code: 20; repeat: 0; flags: 0x8; alt: no; shift: no; sym: no)
V/Kodi ( 6433): CAndroidKey: key down (code: 20; repeat: 0; flags: 0x8; alt: no; shift: no; sym: no)
V/Kodi ( 6433): CAndroidKey: key up (code: 20; repeat: 0; flags: 0x8; alt: no; shift: no; sym: no)
V/Kodi ( 6433): CAndroidKey: key down (code: 20; repeat: 0; flags: 0x8; alt: no; shift: no; sym: no)
I/TemperatureSensorObserver( 698): read new temperature 41500
V/Kodi ( 6433): CAndroidKey: key up (code: 20; repeat: 0; flags: 0x8; alt: no; shift: no; sym: no)
V/Kodi ( 6433): CAndroidKey: key down (code: 20; repeat: 0; flags: 0x8; alt: no; shift: no; sym: no)
V/Kodi ( 6433): CAndroidKey: key up (code: 20; repeat: 0; flags: 0x8; alt: no; shift: no; sym: no)
V/Kodi ( 6433): CAndroidKey: key down (code: 20; repeat: 0; flags: 0x8; alt: no; shift: no; sym: no)
V/Kodi ( 6433): CAndroidKey: key up (code: 20; repeat: 0; flags: 0x8; alt: no; shift: no; sym: no)
V/Kodi ( 6433): CAndroidKey: key down (code: 20; repeat: 0; flags: 0x8; alt: no; shift: no; sym: no)
V/Kodi ( 6433): CAndroidKey: key up (code: 20; repeat: 0; flags: 0x8; alt: no; shift: no; sym: no)
V/Kodi ( 6433): CAndroidKey: key down (code: 23; repeat: 0; flags: 0x8; alt: no; shift: no; sym: no)
V/Kodi ( 6433): CAndroidKey: key up (code: 23; repeat: 0; flags: 0x8; alt: no; shift: no; sym: no)
V/Kodi ( 6433): CAndroidKey: key down (code: 20; repeat: 0; flags: 0x8; alt: no; shift: no; sym: no)
V/Kodi ( 6433): CAndroidKey: key up (code: 20; repeat: 0; flags: 0x8; alt: no; shift: no; sym: no)
V/Kodi ( 6433): CAndroidKey: key down (code: 20; repeat: 0; flags: 0x8; alt: no; shift: no; sym: no)
V/Kodi ( 6433): CAndroidKey: key up (code: 20; repeat: 0; flags: 0x8; alt: no; shift: no; sym: no)
V/Kodi ( 6433): CAndroidKey: key down (code: 20; repeat: 0; flags: 0x8; alt: no; shift: no; sym: no)
V/Kodi ( 6433): CAndroidKey: key up (code: 20; repeat: 0; flags: 0x8; alt: no; shift: no; sym: no)
V/Kodi ( 6433): CAndroidKey: key down (code: 19; repeat: 0; flags: 0x8; alt: no; shift: no; sym: no)
V/Kodi ( 6433): CAndroidKey: key up (code: 19; repeat: 0; flags: 0x8; alt: no; shift: no; sym: no)
D/Bluetooth HS/HF( 1419): HandleMessage9
D/XBMCBroadcastReceiver( 6433): Received Intent
V/Kodi ( 6433): CXBMCApp::onReceive Got intent. Action: android.intent.action.BATTERY_CHANGED
D/Bluetooth HS/HF( 1419): Battery State Changed, send update100Scale: 100
V/Kodi ( 6433): CAndroidKey: key down (code: 19; repeat: 0; flags: 0x8; alt: no; shift: no; sym: no)
V/Kodi ( 6433): CAndroidKey: key up (code: 19; repeat: 0; flags: 0x8; alt: no; shift: no; sym: no)
V/Kodi ( 6433): CAndroidKey: key down (code: 23; repeat: 0; flags: 0x8; alt: no; shift: no; sym: no)
V/Kodi ( 6433): CAndroidKey: key up (code: 23; repeat: 0; flags: 0x8; alt: no; shift: no; sym: no)
V/Kodi ( 6433): CAndroidKey: key down (code: 20; repeat: 0; flags: 0x8; alt: no; shift: no; sym: no)
V/Kodi ( 6433): CAndroidKey: key up (code: 20; repeat: 0; flags: 0x8; alt: no; shift: no; sym: no)
V/Kodi ( 6433): CAndroidKey: key down (code: 20; repeat: 0; flags: 0x8; alt: no; shift: no; sym: no)
V/Kodi ( 6433): CAndroidKey: key up (code: 20; repeat: 0; flags: 0x8; alt: no; shift: no; sym: no)
V/Kodi ( 6433): CAndroidKey: key down (code: 20; repeat: 0; flags: 0x8; alt: no; shift: no; sym: no)
V/Kodi ( 6433): CAndroidKey: key up (code: 20; repeat: 0; flags: 0x8; alt: no; shift: no; sym: no)
V/Kodi ( 6433): CAndroidKey: key down (code: 20; repeat: 0; flags: 0x8; alt: no; shift: no; sym: no)
V/Kodi ( 6433): CAndroidKey: key up (code: 20; repeat: 0; flags: 0x8; alt: no; shift: no; sym: no)
V/Kodi ( 6433): CAndroidKey: key down (code: 20; repeat: 0; flags: 0x8; alt: no; shift: no; sym: no)
V/Kodi ( 6433): CAndroidKey: key up (code: 20; repeat: 0; flags: 0x8; alt: no; shift: no; sym: no)
V/Kodi ( 6433): CAndroidKey: key down (code: 20; repeat: 0; flags: 0x8; alt: no; shift: no; sym: no)
V/Kodi ( 6433): CAndroidKey: key up (code: 20; repeat: 0; flags: 0x8; alt: no; shift: no; sym: no)
V/Kodi ( 6433): CAndroidKey: key down (code: 20; repeat: 0; flags: 0x8; alt: no; shift: no; sym: no)
V/Kodi ( 6433): CAndroidKey: key up (code: 20; repeat: 0; flags: 0x8; alt: no; shift: no; sym: no)
V/Kodi ( 6433): CAndroidKey: key down (code: 22; repeat: 0; flags: 0x8; alt: no; shift: no; sym: no)
V/Kodi ( 6433): CAndroidKey: key up (code: 22; repeat: 0; flags: 0x8; alt: no; shift: no; sym: no)
V/Kodi ( 6433): CAndroidKey: key down (code: 20; repeat: 0; flags: 0x8; alt: no; shift: no; sym: no)
V/Kodi ( 6433): CAndroidKey: key up (code: 20; repeat: 0; flags: 0x8; alt: no; shift: no; sym: no)
V/Kodi ( 6433): CAndroidKey: key down (code: 20; repeat: 0; flags: 0x8; alt: no; shift: no; sym: no)
V/Kodi ( 6433): CAndroidKey: key up (code: 20; repeat: 0; flags: 0x8; alt: no; shift: no; sym: no)
V/Kodi ( 6433): CAndroidKey: key down (code: 20; repeat: 0; flags: 0x8; alt: no; shift: no; sym: no)
V/Kodi ( 6433): CAndroidKey: key up (code: 20; repeat: 0; flags: 0x8; alt: no; shift: no; sym: no)
V/Kodi ( 6433): CAndroidKey: key down (code: 20; repeat: 0; flags: 0x8; alt: no; shift: no; sym: no)
V/Kodi ( 6433): CAndroidKey: key up (code: 20; repeat: 0; flags: 0x8; alt: no; shift: no; sym: no)
D/mDNS ( 2493): Read 592 bytes from mDNS socket, source 192.168.178.29:5353
D/mDNS ( 2493): ignoring packet with flags 0x8400
V/Kodi ( 6433): CAndroidKey: key down (code: 20; repeat: 0; flags: 0x8; alt: no; shift: no; sym: no)
V/Kodi ( 6433): CAndroidKey: key up (code: 20; repeat: 0; flags: 0x8; alt: no; shift: no; sym: no)
V/Kodi ( 6433): CAndroidKey: key down (code: 21; repeat: 0; flags: 0x8; alt: no; shift: no; sym: no)
V/Kodi ( 6433): CAndroidKey: key up (code: 21; repeat: 0; flags: 0x8; alt: no; shift: no; sym: no)
V/Kodi ( 6433): CAndroidKey: key down (code: 20; repeat: 0; flags: 0x8; alt: no; shift: no; sym: no)
V/Kodi ( 6433): CAndroidKey: key up (code: 20; repeat: 0; flags: 0x8; alt: no; shift: no; sym: no)
V/Kodi ( 6433): CAndroidKey: key down (code: 20; repeat: 0; flags: 0x8; alt: no; shift: no; sym: no)
V/Kodi ( 6433): CAndroidKey: key up (code: 20; repeat: 0; flags: 0x8; alt: no; shift: no; sym: no)
V/Kodi ( 6433): CAndroidKey: key down (code: 20; repeat: 0; flags: 0x8; alt: no; shift: no; sym: no)
V/Kodi ( 6433): CAndroidKey: key up (code: 20; repeat: 0; flags: 0x8; alt: no; shift: no; sym: no)
V/Kodi ( 6433): CAndroidKey: key down (code: 20; repeat: 0; flags: 0x8; alt: no; shift: no; sym: no)
V/Kodi ( 6433): CAndroidKey: key up (code: 20; repeat: 0; flags: 0x8; alt: no; shift: no; sym: no)
V/Kodi ( 6433): CAndroidKey: key down (code: 20; repeat: 0; flags: 0x8; alt: no; shift: no; sym: no)
V/Kodi ( 6433): CAndroidKey: key up (code: 20; repeat: 0; flags: 0x8; alt: no; shift: no; sym: no)
V/Kodi ( 6433): CAndroidKey: key down (code: 19; repeat: 0; flags: 0x8; alt: no; shift: no; sym: no)
V/Kodi ( 6433): CAndroidKey: key up (code: 19; repeat: 0; flags: 0x8; alt: no; shift: no; sym: no)
V/Kodi ( 6433): CAndroidKey: key down (code: 23; repeat: 0; flags: 0x8; alt: no; shift: no; sym: no)
V/Kodi ( 6433): CAndroidKey: key up (code: 23; repeat: 0; flags: 0x8; alt: no; shift: no; sym: no)
I/TemperatureSensorObserver( 698): read new temperature 41000
V/Kodi ( 6433): CAndroidKey: key down (code: 20; repeat: 0; flags: 0x8; alt: no; shift: no; sym: no)
V/Kodi ( 6433): CAndroidKey: key up (code: 20; repeat: 0; flags: 0x8; alt: no; shift: no; sym: no)
V/Kodi ( 6433): CAndroidKey: key down (code: 20; repeat: 0; flags: 0x8; alt: no; shift: no; sym: no)
V/Kodi ( 6433): CAndroidKey: key up (code: 20; repeat: 0; flags: 0x8; alt: no; shift: no; sym: no)
V/Kodi ( 6433): CAndroidKey: key down (code: 23; repeat: 0; flags: 0x8; alt: no; shift: no; sym: no)
V/Kodi ( 6433): CAndroidKey: key up (code: 23; repeat: 0; flags: 0x8; alt: no; shift: no; sym: no)
V/Kodi ( 6433): CAndroidKey: key down (code: 19; repeat: 0; flags: 0x8; alt: no; shift: no; sym: no)
V/Kodi ( 6433): CAndroidKey: key up (code: 19; repeat: 0; flags: 0x8; alt: no; shift: no; sym: no)
V/Kodi ( 6433): CAndroidKey: key down (code: 19; repeat: 0; flags: 0x8; alt: no; shift: no; sym: no)
V/Kodi ( 6433): CAndroidKey: key up (code: 19; repeat: 0; flags: 0x8; alt: no; shift: no; sym: no)
V/Kodi ( 6433): CAndroidKey: key down (code: 23; repeat: 0; flags: 0x8; alt: no; shift: no; sym: no)
V/Kodi ( 6433): CAndroidKey: key up (code: 23; repeat: 0; flags: 0x8; alt: no; shift: no; sym: no)
V/Kodi ( 6433): CAndroidKey: key down (code: 20; repeat: 0; flags: 0x8; alt: no; shift: no; sym: no)
V/Kodi ( 6433): CAndroidKey: key up (code: 20; repeat: 0; flags: 0x8; alt: no; shift: no; sym: no)
V/Kodi ( 6433): CAndroidKey: key down (code: 23; repeat: 0; flags: 0x8; alt: no; shift: no; sym: no)
V/Kodi ( 6433): CAndroidKey: key up (code: 23; repeat: 0; flags: 0x8; alt: no; shift: no; sym: no)
V/Kodi ( 6433): CAndroidKey: key down (code: 20; repeat: 0; flags: 0x8; alt: no; shift: no; sym: no)
V/Kodi ( 6433): CAndroidKey: key up (code: 20; repeat: 0; flags: 0x8; alt: no; shift: no; sym: no)
V/Kodi ( 6433): CAndroidKey: key down (code: 20; repeat: 0; flags: 0x8; alt: no; shift: no; sym: no)
V/Kodi ( 6433): CAndroidKey: key up (code: 20; repeat: 0; flags: 0x8; alt: no; shift: no; sym: no)
V/Kodi ( 6433): CAndroidKey: key down (code: 23; repeat: 0; flags: 0x8; alt: no; shift: no; sym: no)
V/Kodi ( 6433): CAndroidKey: key up (code: 23; repeat: 0; flags: 0x8; alt: no; shift: no; sym: no)
V/Kodi ( 6433): CAndroidKey: key down (code: 20; repeat: 0; flags: 0x8; alt: no; shift: no; sym: no)
V/Kodi ( 6433): CAndroidKey: key up (code: 20; repeat: 0; flags: 0x8; alt: no; shift: no; sym: no)
V/Kodi ( 6433): CAndroidKey: key down (code: 20; repeat: 0; flags: 0x8; alt: no; shift: no; sym: no)
V/Kodi ( 6433): CAndroidKey: key up (code: 20; repeat: 0; flags: 0x8; alt: no; shift: no; sym: no)
V/Kodi ( 6433): CAndroidKey: key down (code: 20; repeat: 0; flags: 0x8; alt: no; shift: no; sym: no)
V/Kodi ( 6433): CAndroidKey: key up (code: 20; repeat: 0; flags: 0x8; alt: no; shift: no; sym: no)
D/XBMCBroadcastReceiver( 6433): Received Intent
D/Bluetooth HS/HF( 1419): HandleMessage9
V/Kodi ( 6433): CXBMCApp::onReceive Got intent. Action: android.intent.action.BATTERY_CHANGED
D/Bluetooth HS/HF( 1419): Battery State Changed, send update100Scale: 100
V/Kodi ( 6433): CAndroidKey: key down (code: 20; repeat: 0; flags: 0x8; alt: no; shift: no; sym: no)
V/Kodi ( 6433): CAndroidKey: key up (code: 20; repeat: 0; flags: 0x8; alt: no; shift: no; sym: no)
V/Kodi ( 6433): CAndroidKey: key down (code: 23; repeat: 0; flags: 0x8; alt: no; shift: no; sym: no)
V/Kodi ( 6433): CAndroidKey: key up (code: 23; repeat: 0; flags: 0x8; alt: no; shift: no; sym: no)
V/Kodi ( 6433): process_input: Failure reading next input event: Try again
V/Kodi ( 6433): CAndroidKey: key down (code: 4; repeat: 0; flags: 0x8; alt: no; shift: no; sym: no)
V/Kodi ( 6433): process_input: Failure reading next input event: Try again
V/Kodi ( 6433): CAndroidKey: key up (code: 4; repeat: 0; flags: 0x8; alt: no; shift: no; sym: no)
V/Kodi ( 6433): CAndroidKey: key down (code: 19; repeat: 0; flags: 0x8; alt: no; shift: no; sym: no)
V/Kodi ( 6433): CAndroidKey: key up (code: 19; repeat: 0; flags: 0x8; alt: no; shift: no; sym: no)
V/Kodi ( 6433): CAndroidKey: key down (code: 19; repeat: 0; flags: 0x8; alt: no; shift: no; sym: no)
V/Kodi ( 6433): CAndroidKey: key up (code: 19; repeat: 0; flags: 0x8; alt: no; shift: no; sym: no)
V/Kodi ( 6433): CAndroidKey: key down (code: 23; repeat: 0; flags: 0x8; alt: no; shift: no; sym: no)
V/Kodi ( 6433): CAndroidKey: key up (code: 23; repeat: 0; flags: 0x8; alt: no; shift: no; sym: no)
I/ThermalDaemon( 335): Sensor[tmp105_2_pwrs] Temperature : 40.0
I/TemperatureSensorObserver( 698): read new temperature 40500
V/Kodi ( 6433): CAndroidKey: key down (code: 20; repeat: 0; flags: 0x8; alt: no; shift: no; sym: no)
V/Kodi ( 6433): CAndroidKey: key down (code: 20; repeat: 1; flags: 0x88; alt: no; shift: no; sym: no)
V/Kodi ( 6433): CAndroidKey: key down (code: 20; repeat: 2; flags: 0x8; alt: no; shift: no; sym: no)
V/Kodi ( 6433): CAndroidKey: key down (code: 20; repeat: 3; flags: 0x8; alt: no; shift: no; sym: no)
V/Kodi ( 6433): CAndroidKey: key down (code: 20; repeat: 4; flags: 0x8; alt: no; shift: no; sym: no)
V/Kodi ( 6433): CAndroidKey: key down (code: 20; repeat: 5; flags: 0x8; alt: no; shift: no; sym: no)
V/Kodi ( 6433): CAndroidKey: key down (code: 20; repeat: 6; flags: 0x8; alt: no; shift: no; sym: no)
V/Kodi ( 6433): CAndroidKey: key down (code: 20; repeat: 7; flags: 0x8; alt: no; shift: no; sym: no)
V/Kodi ( 6433): CAndroidKey: key down (code: 20; repeat: 8; flags: 0x8; alt: no; shift: no; sym: no)
V/Kodi ( 6433): CAndroidKey: key down (code: 20; repeat: 9; flags: 0x8; alt: no; shift: no; sym: no)
