shell@android:/ $ logcat logcat --------- beginning of /dev/log/system
I/ActivityManager( 698): START u0 {act=com.amazon.device.settings.action.APPS cmp=com.amazon.tv.settings/.tv.BuellerApplicationsSettingsActivity (has extras)} from pid 1000
W/ContextImpl( 698): Calling a method in the system process without a qualified user: android.app.ContextImpl.sendBroadcast:1353 com.android.server.am.ActivityStack.startActivityMayWait:3199 com.android.server.am.ActivityManagerService.startActivityAsUser:2539 com.android.server.am.ActivityManagerService.startActivity:2528 android.app.ActivityManagerNative.onTransact:141
I/ActivityManager( 698): Start proc com.amazon.tv.settings for activity com.amazon.tv.settings/.tv.BuellerApplicationsSettingsActivity: pid=3106 uid=1000 gids={41000, 3003, 3001, 1015, 1028, 3002, 1007, 9001}
W/ContextImpl( 3106): Calling a method in the system process without a qualified user: android.app.ContextImpl.sendBroadcast:1339 android.app.Instrumentation.sendLifecycleEventBroadcast:1786 android.app.Instrumentation.callActivityOnStart:1212 android.app.Activity.performStart:5223 android.app.ActivityThread.performLaunchActivity:2179
W/ContextImpl( 3106): Calling a method in the system process without a qualified user: android.app.ContextImpl.sendBroadcast:1339 android.app.Instrumentation.sendLifecycleEventBroadcast:1786 android.app.Instrumentation.callActivityOnResume:1265 android.app.Activity.performResume:5313 android.app.ActivityThread.performResumeActivity:2761
W/ContextImpl( 698): Calling a method in the system process without a qualified user: android.app.ContextImpl.sendBroadcast:1353 com.android.server.am.ActivityManagerService.activityResumed:4552 android.app.ActivityManagerNative.onTransact:420 com.android.server.am.ActivityManagerService.onTransact:1720 android.os.Binder.execTransact:351
I/ActivityManager( 698): START u0 {act=com.amazon.device.settings.action.MANAGE_APPLICATIONS cmp=com.amazon.tv.settings/.tv.AllApplicationsSettingsActivity (has extras)} from pid 3106
W/ContextImpl( 698): Calling a method in the system process without a qualified user: android.app.ContextImpl.sendBroadcast:1353 com.android.server.am.ActivityStack.startActivityMayWait:3199 com.android.server.am.ActivityManagerService.startActivityAsUser:2539 com.android.server.am.ActivityManagerService.startActivity:2528 android.app.ActivityManagerNative.onTransact:141
W/ContextImpl( 3106): Calling a method in the system process without a qualified user: android.app.ContextImpl.sendBroadcast:1339 android.app.Instrumentation.sendLifecycleEventBroadcast:1786 android.app.Instrumentation.callActivityOnStart:1212 android.app.Activity.performStart:5223 android.app.ActivityThread.performLaunchActivity:2179
W/ContextImpl( 3106): Calling a method in the system process without a qualified user: android.app.ContextImpl.sendBroadcast:1339 android.app.Instrumentation.sendLifecycleEventBroadcast:1786 android.app.Instrumentation.callActivityOnResume:1265 android.app.Activity.performResume:5313 android.app.ActivityThread.performResumeActivity:2761
I/ActivityManager( 698): Start proc com.android.defcontainer for service com.android.defcontainer/.DefaultContainerService: pid=3202 uid=32010 gids={72010, 1015, 2001, 1028, 9001}
W/ContextImpl( 698): Calling a method in the system process without a qualified user: android.app.ContextImpl.sendBroadcast:1353 com.android.server.am.ActivityManagerService.activityResumed:4552 android.app.ActivityManagerNative.onTransact:420 com.android.server.am.ActivityManagerService.onTransact:1720 android.os.Binder.execTransact:351
I/ActivityManager( 698): START u0 {act=com.amazon.device.settings.action.APPLICATION_SETTINGS cmp=com.amazon.tv.settings/.tv.BuellerApplicationDetailSettingsActivity (has extras)} from pid 3106
W/ContextImpl( 698): Calling a method in the system process without a qualified user: android.app.ContextImpl.sendBroadcast:1353 com.android.server.am.ActivityStack.startActivityMayWait:3199 com.android.server.am.ActivityManagerService.startActivityAsUser:2539 com.android.server.am.ActivityManagerService.startActivity:2528 android.app.ActivityManagerNative.onTransact:141
W/ContextImpl( 3106): Calling a method in the system process without a qualified user: android.app.ContextImpl.sendBroadcast:1339 android.app.Instrumentation.sendLifecycleEventBroadcast:1786 android.app.Instrumentation.callActivityOnStart:1212 android.app.Activity.performStart:5223 android.app.ActivityThread.performLaunchActivity:2179
W/ContextImpl( 3106): Calling a method in the system process without a qualified user: android.app.ContextImpl.sendBroadcast:1339 android.app.Instrumentation.sendLifecycleEventBroadcast:1786 android.app.Instrumentation.callActivityOnResume:1265 android.app.Activity.performResume:5313 android.app.ActivityThread.performResumeActivity:2761
W/ContextImpl( 698): Calling a method in the system process without a qualified user: android.app.ContextImpl.sendBroadcast:1353 com.android.server.am.ActivityManagerService.activityResumed:4552 android.app.ActivityManagerNative.onTransact:420 com.android.server.am.ActivityManagerService.onTransact:1720 android.os.Binder.execTransact:351
I/TemperatureSensorObserver( 698): read new temperature 40000
I/ActivityManager( 698): START u0 {act=android.intent.action.MAIN cat=[android.intent.category.LAUNCHER] flg=0x10000000 pkg=com.fivecent.amazonvideowrapper cmp=com.fivecent.amazonvideowrapper/.StartAmazonVideo} from pid 3106
W/ContextImpl( 698): Calling a method in the system process without a qualified user: android.app.ContextImpl.sendBroadcast:1353 com.android.server.am.ActivityStack.startActivityMayWait:3199 com.android.server.am.ActivityManagerService.startActivityAsUser:2539 com.android.server.am.ActivityManagerService.startActivity:2528 android.app.ActivityManagerNative.onTransact:141
I/ActivityManager( 698): Start proc com.fivecent.amazonvideowrapper for activity com.fivecent.amazonvideowrapper/.StartAmazonVideo: pid=3268 uid=10014 gids={50014, 1028}
W/ContextImpl( 3106): Calling a method in the system process without a qualified user: android.app.ContextImpl.sendBroadcast:1339 android.app.Instrumentation.sendLifecycleEventBroadcast:1786 android.app.Instrumentation.callActivityOnStop:1303 android.app.Activity.performStop:5412 android.app.ActivityThread.performStopActivityInner:3197
W/ContextImpl( 3106): Calling a method in the system process without a qualified user: android.app.ContextImpl.sendBroadcast:1339 android.app.Instrumentation.sendLifecycleEventBroadcast:1786 android.app.Instrumentation.callActivityOnStop:1303 android.app.Activity.performStop:5412 android.app.ActivityThread.performStopActivityInner:3197
E/AndroidRuntime( 3268): FATAL EXCEPTION: main
E/AndroidRuntime( 3268): java.lang.VerifyError: com/fivecent/amazonvideowrapper/StartAmazonVideo
E/AndroidRuntime( 3268): at java.lang.Class.newInstanceImpl(Native Method)
E/AndroidRuntime( 3268): at java.lang.Class.newInstance(Class.java:1319)
E/AndroidRuntime( 3268): at android.app.Instrumentation.newActivity(Instrumentation.java:1061)
E/AndroidRuntime( 3268): at android.app.ActivityThread.performLaunchActivity(ActivityThread.java:2123)
E/AndroidRuntime( 3268): at android.app.ActivityThread.handleLaunchActivity(ActivityThread.java:2258)
E/AndroidRuntime( 3268): at android.app.ActivityThread.access$600(ActivityThread.java:146)
E/AndroidRuntime( 3268): at android.app.ActivityThread$H.handleMessage(ActivityThread.java:1243)
E/AndroidRuntime( 3268): at android.os.Handler.dispatchMessage(Handler.java:99)
E/AndroidRuntime( 3268): at android.os.Looper.loop(Looper.java:137)
E/AndroidRuntime( 3268): at android.app.ActivityThread.main(ActivityThread.java:5130)
E/AndroidRuntime( 3268): at java.lang.reflect.Method.invokeNative(Native Method)
E/AndroidRuntime( 3268): at java.lang.reflect.Method.invoke(Method.java:511)
E/AndroidRuntime( 3268): at com.android.internal.os.ZygoteInit$MethodAndArgsCaller.run(ZygoteInit.java:793)
E/AndroidRuntime( 3268): at com.android.internal.os.ZygoteInit.main(ZygoteInit.java:560)
E/AndroidRuntime( 3268): at dalvik.system.NativeStart.main(Native Method)
W/ActivityManager( 698): Force finishing activity com.fivecent.amazonvideowrapper/.StartAmazonVideo
W/ActivityManager( 698): Force finishing activity com.amazon.tv.settings/.tv.BuellerApplicationDetailSettingsActivity
I/ActivityManager( 698): Process com.fivecent.amazonvideowrapper (pid 3268) has died.
W/ContextImpl( 3106): Calling a method in the system process without a qualified user: android.app.ContextImpl.sendBroadcast:1339 android.app.Instrumentation.sendLifecycleEventBroadcast:1786 android.app.Instrumentation.callActivityOnStart:1212 android.app.Activity.performStart:5223 android.app.Activity.performRestart:5291
W/ContextImpl( 3106): Calling a method in the system process without a qualified user: android.app.ContextImpl.sendBroadcast:1339 android.app.Instrumentation.sendLifecycleEventBroadcast:1786 android.app.Instrumentation.callActivityOnStart:1212 android.app.Activity.performStart:5223 android.app.Activity.performRestart:5291
W/ContextImpl( 3106): Calling a method in the system process without a qualified user: android.app.ContextImpl.sendBroadcast:1339 android.app.Instrumentation.sendLifecycleEventBroadcast:1786 android.app.Instrumentation.callActivityOnResume:1265 android.app.Activity.performResume:5313 android.app.ActivityThread.performResumeActivity:2761
W/ContextImpl( 698): Calling a method in the system process without a qualified user: android.app.ContextImpl.sendBroadcast:1353 com.android.server.am.ActivityManagerService.activityResumed:4552 android.app.ActivityManagerNative.onTransact:420 com.android.server.am.ActivityManagerService.onTransact:1720 android.os.Binder.execTransact:351
W/ContextImpl( 3106): Calling a method in the system process without a qualified user: android.app.ContextImpl.sendBroadcast:1339 android.app.Instrumentation.sendLifecycleEventBroadcast:1786 android.app.Instrumentation.callActivityOnStop:1303 android.app.Activity.performStop:5412 android.app.ActivityThread.performDestroyActivity:3468
I/ActivityManager( 698): START u0 {act=com.amazon.device.settings.action.APPLICATION_SETTINGS cmp=com.amazon.tv.settings/.tv.BuellerApplicationDetailSettingsActivity (has extras)} from pid 3106
W/ContextImpl( 698): Calling a method in the system process without a qualified user: android.app.ContextImpl.sendBroadcast:1353 com.android.server.am.ActivityStack.startActivityMayWait:3199 com.android.server.am.ActivityManagerService.startActivityAsUser:2539 com.android.server.am.ActivityManagerService.startActivity:2528 android.app.ActivityManagerNative.onTransact:141
W/ContextImpl( 3106): Calling a method in the system process without a qualified user: android.app.ContextImpl.sendBroadcast:1339 android.app.Instrumentation.sendLifecycleEventBroadcast:1786 android.app.Instrumentation.callActivityOnStart:1212 android.app.Activity.performStart:5223 android.app.ActivityThread.performLaunchActivity:2179
W/ContextImpl( 3106): Calling a method in the system process without a qualified user: android.app.ContextImpl.sendBroadcast:1339 android.app.Instrumentation.sendLifecycleEventBroadcast:1786 android.app.Instrumentation.callActivityOnResume:1265 android.app.Activity.performResume:5313 android.app.ActivityThread.performResumeActivity:2761
W/ContextImpl( 698): Calling a method in the system process without a qualified user: android.app.ContextImpl.sendBroadcast:1353 com.android.server.am.ActivityManagerService.activityResumed:4552 android.app.ActivityManagerNative.onTransact:420 com.android.server.am.ActivityManagerService.onTransact:1720 android.os.Binder.execTransact:351
I/ActivityManager( 698): START u0 {act=android.intent.action.MAIN cat=[android.intent.category.LAUNCHER] flg=0x10000000 pkg=com.fivecent.amazonvideowrapper cmp=com.fivecent.amazonvideowrapper/.StartAmazonVideo} from pid 3106
W/ContextImpl( 698): Calling a method in the system process without a qualified user: android.app.ContextImpl.sendBroadcast:1353 com.android.server.am.ActivityStack.startActivityMayWait:3199 com.android.server.am.ActivityManagerService.startActivityAsUser:2539 com.android.server.am.ActivityManagerService.startActivity:2528 android.app.ActivityManagerNative.onTransact:141
I/ActivityManager( 698): Start proc com.fivecent.amazonvideowrapper for activity com.fivecent.amazonvideowrapper/.StartAmazonVideo: pid=3326 uid=10014 gids={50014, 1028}
W/ContextImpl( 3106): Calling a method in the system process without a qualified user: android.app.ContextImpl.sendBroadcast:1339 android.app.Instrumentation.sendLifecycleEventBroadcast:1786 android.app.Instrumentation.callActivityOnStop:1303 android.app.Activity.performStop:5412 android.app.ActivityThread.performStopActivityInner:3197
W/ContextImpl( 3106): Calling a method in the system process without a qualified user: android.app.ContextImpl.sendBroadcast:1339 android.app.Instrumentation.sendLifecycleEventBroadcast:1786 android.app.Instrumentation.callActivityOnStop:1303 android.app.Activity.performStop:5412 android.app.ActivityThread.performStopActivityInner:3197
E/AndroidRuntime( 3326): FATAL EXCEPTION: main
E/AndroidRuntime( 3326): java.lang.VerifyError: com/fivecent/amazonvideowrapper/StartAmazonVideo
E/AndroidRuntime( 3326): at java.lang.Class.newInstanceImpl(Native Method)
E/AndroidRuntime( 3326): at java.lang.Class.newInstance(Class.java:1319)
E/AndroidRuntime( 3326): at android.app.Instrumentation.newActivity(Instrumentation.java:1061)
E/AndroidRuntime( 3326): at android.app.ActivityThread.performLaunchActivity(ActivityThread.java:2123)
E/AndroidRuntime( 3326): at android.app.ActivityThread.handleLaunchActivity(ActivityThread.java:2258)
E/AndroidRuntime( 3326): at android.app.ActivityThread.access$600(ActivityThread.java:146)
E/AndroidRuntime( 3326): at android.app.ActivityThread$H.handleMessage(ActivityThread.java:1243)
E/AndroidRuntime( 3326): at android.os.Handler.dispatchMessage(Handler.java:99)
E/AndroidRuntime( 3326): at android.os.Looper.loop(Looper.java:137)
E/AndroidRuntime( 3326): at android.app.ActivityThread.main(ActivityThread.java:5130)
E/AndroidRuntime( 3326): at java.lang.reflect.Method.invokeNative(Native Method)
E/AndroidRuntime( 3326): at java.lang.reflect.Method.invoke(Method.java:511)
E/AndroidRuntime( 3326): at com.android.internal.os.ZygoteInit$MethodAndArgsCaller.run(ZygoteInit.java:793)
E/AndroidRuntime( 3326): at com.android.internal.os.ZygoteInit.main(ZygoteInit.java:560)
E/AndroidRuntime( 3326): at dalvik.system.NativeStart.main(Native Method)
W/ActivityManager( 698): Force finishing activity com.fivecent.amazonvideowrapper/.StartAmazonVideo
W/ActivityManager( 698): Force finishing activity com.amazon.tv.settings/.tv.BuellerApplicationDetailSettingsActivity
I/ActivityManager( 698): Process com.fivecent.amazonvideowrapper (pid 3326) has died.
W/ContextImpl( 3106): Calling a method in the system process without a qualified user: android.app.ContextImpl.sendBroadcast:1339 android.app.Instrumentation.sendLifecycleEventBroadcast:1786 android.app.Instrumentation.callActivityOnStart:1212 android.app.Activity.performStart:5223 android.app.Activity.performRestart:5291
W/ContextImpl( 3106): Calling a method in the system process without a qualified user: android.app.ContextImpl.sendBroadcast:1339 android.app.Instrumentation.sendLifecycleEventBroadcast:1786 android.app.Instrumentation.callActivityOnStart:1212 android.app.Activity.performStart:5223 android.app.Activity.performRestart:5291
W/ContextImpl( 3106): Calling a method in the system process without a qualified user: android.app.ContextImpl.sendBroadcast:1339 android.app.Instrumentation.sendLifecycleEventBroadcast:1786 android.app.Instrumentation.callActivityOnResume:1265 android.app.Activity.performResume:5313 android.app.ActivityThread.performResumeActivity:2761
W/ContextImpl( 698): Calling a method in the system process without a qualified user: android.app.ContextImpl.sendBroadcast:1353 com.android.server.am.ActivityManagerService.activityResumed:4552 android.app.ActivityManagerNative.onTransact:420 com.android.server.am.ActivityManagerService.onTransact:1720 android.os.Binder.execTransact:351
W/ContextImpl( 3106): Calling a method in the system process without a qualified user: android.app.ContextImpl.sendBroadcast:1339 android.app.Instrumentation.sendLifecycleEventBroadcast:1786 android.app.Instrumentation.callActivityOnStop:1303 android.app.Activity.performStop:5412 android.app.ActivityThread.performDestroyActivity:3468
W/ContextImpl( 3106): Calling a method in the system process without a qualified user: android.app.ContextImpl.sendBroadcast:1339 android.app.Instrumentation.sendLifecycleEventBroadcast:1786 android.app.Instrumentation.callActivityOnResume:1265 android.app.Activity.performResume:5313 android.app.ActivityThread.performResumeActivity:2761
W/ContextImpl( 698): Calling a method in the system process without a qualified user: android.app.ContextImpl.sendBroadcast:1353 com.android.server.am.ActivityManagerService.activityResumed:4552 android.app.ActivityManagerNative.onTransact:420 com.android.server.am.ActivityManagerService.onTransact:1720 android.os.Binder.execTransact:351
W/ContextImpl( 3106): Calling a method in the system process without a qualified user: android.app.ContextImpl.sendBroadcast:1339 android.app.Instrumentation.sendLifecycleEventBroadcast:1786 android.app.Instrumentation.callActivityOnStop:1303 android.app.Activity.performStop:5412 android.app.ActivityThread.performDestroyActivity:3468
W/ContextImpl( 698): Calling a method in the system process without a qualified user: android.app.ContextImpl.sendBroadcast:1353 com.android.server.am.ActivityManagerService.activityResumed:4552 android.app.ActivityManagerNative.onTransact:420 com.android.server.am.ActivityManagerService.onTransact:1720 android.os.Binder.execTransact:351
I/ActivityManager( 698): No longer want com.amazon.kso.blackbird (pid 2629): empty #17
W/ContextImpl( 3106): Calling a method in the system process without a qualified user: android.app.ContextImpl.sendBroadcast:1339 android.app.Instrumentation.sendLifecycleEventBroadcast:1786 android.app.Instrumentation.callActivityOnStop:1303 android.app.Activity.performStop:5412 android.app.ActivityThread.performDestroyActivity:3468
I/ActivityManager( 698): START u0 {act=android.intent.action.VIEW cat=[com.amazon.device.intent.category.LAUNCHER_MENU] flg=0x14000000 cmp=com.amazon.tv.launcher/.ui.SettingsActivity (has extras)} from pid 1353
W/ContextImpl( 698): Calling a method in the system process without a qualified user: android.app.ContextImpl.sendBroadcast:1353 com.android.server.am.ActivityStack.startActivityMayWait:3199 com.android.server.am.ActivityManagerService.startActivityAsUser:2539 com.android.server.am.ActivityManagerService.startActivity:2528 android.app.ActivityManagerNative.onTransact:141
W/InputMethodManagerService( 698): Starting input on non-focused client com.android.internal.view.IInputMethodClient$Stub$Proxy@41951010 (uid=32066 pid=1000)
I/ActivityManager( 698): START u0 {act=android.intent.action.VIEW cat=[com.amazon.device.intent.category.LAUNCHER_MENU] flg=0x14000000 cmp=com.amazon.tv.launcher/.ui.SearchMenuActivity (has extras)} from pid 1353
W/ContextImpl( 698): Calling a method in the system process without a qualified user: android.app.ContextImpl.sendBroadcast:1353 com.android.server.am.ActivityStack.startActivityMayWait:3199 com.android.server.am.ActivityManagerService.startActivityAsUser:2539 com.android.server.am.ActivityManagerService.startActivity:2528 android.app.ActivityManagerNative.onTransact:141
W/ContextImpl( 698): Calling a method in the system process without a qualified user: android.app.ContextImpl.sendBroadcast:1353 com.android.server.am.ActivityManagerService.activityResumed:4552 android.app.ActivityManagerNative.onTransact:420 com.android.server.am.ActivityManagerService.onTransact:1720 android.os.Binder.execTransact:351
I/ActivityManager( 698): START u0 {act=android.intent.action.VIEW cat=[com.amazon.device.intent.category.LAUNCHER_MENU] flg=0x14000000 cmp=com.amazon.tv.launcher/.ui.HomeActivity (has extras)} from pid 1353
W/ContextImpl( 698): Calling a method in the system process without a qualified user: android.app.ContextImpl.sendBroadcast:1353 com.android.server.am.ActivityStack.startActivityMayWait:3199 com.android.server.am.ActivityManagerService.startActivityAsUser:2539 com.android.server.am.ActivityManagerService.startActivity:2528 android.app.ActivityManagerNative.onTransact:141
W/ContextImpl( 698): Calling a method in the system process without a qualified user: android.app.ContextImpl.sendBroadcast:1353 com.android.server.am.ActivityManagerService.activityResumed:4552 android.app.ActivityManagerNative.onTransact:420 com.android.server.am.ActivityManagerService.onTransact:1720 android.os.Binder.execTransact:351
I/ActivityManager( 698): START u0 {act=android.intent.action.VIEW cat=[com.amazon.device.intent.category.LAUNCHER_MENU] flg=0x14000000 cmp=com.amazon.tv.launcher/.ui.HomeActivity (has extras)} from pid 1353
W/ContextImpl( 698): Calling a method in the system process without a qualified user: android.app.ContextImpl.sendBroadcast:1353 com.android.server.am.ActivityStack.startActivityMayWait:3199 com.android.server.am.ActivityManagerService.startActivityAsUser:2539 com.android.server.am.ActivityManagerService.startActivity:2528 android.app.ActivityManagerNative.onTransact:141
I/ActivityManager( 698): START u0 {act=com.amazon.venezia.Apps.Detail cmp=com.amazon.venezia/.details.AppDetailsActivity (has extras)} from pid 1000
W/ContextImpl( 698): Calling a method in the system process without a qualified user: android.app.ContextImpl.sendBroadcast:1353 com.android.server.am.ActivityStack.startActivityMayWait:3199 com.android.server.am.ActivityManagerService.startActivityAsUser:2539 com.android.server.am.ActivityManagerService.startActivity:2528 android.app.ActivityManagerNative.onTransact:141
W/ContextImpl( 698): Calling a method in the system process without a qualified user: android.app.ContextImpl.sendBroadcast:1353 com.android.server.am.ActivityManagerService.activityResumed:4552 android.app.ActivityManagerNative.onTransact:420 com.android.server.am.ActivityManagerService.onTransact:1720 android.os.Binder.execTransact:351
I/TemperatureSensorObserver( 698): read new temperature 40500
W/ContextImpl( 698): Calling a method in the system process without a qualified user: android.app.ContextImpl.sendBroadcast:1353 com.android.server.am.ActivityManagerService.activityResumed:4552 android.app.ActivityManagerNative.onTransact:420 com.android.server.am.ActivityManagerService.onTransact:1720 android.os.Binder.execTransact:351
I/ActivityManager( 698): No longer want com.amazon.parentalcontrols (pid 1955): empty #17
I/TemperatureSensorObserver( 698): read new temperature 40000
I/ActivityManager( 698): No longer want com.amazon.tahoe (pid 1684): empty #17
I/PackageManager( 698): mcs_unbind
W/PackageManager( 698): Empty queue
I/TemperatureSensorObserver( 698): read new temperature 39500
I/PackageManager( 698): mcs_unbind
I/PackageManager( 698): calling disconnectService()
I/ActivityManager( 698): No longer want com.android.chrome (pid 2575): empty #17
W/ThrottleService( 698): unable to find stats for iface rmnet0
I/TemperatureSensorObserver( 698): read new temperature 39000
I/ActivityManager( 698): START u0 {flg=0x10000000 cmp=com.amazon.venezia/.pdi.AppLaunchActivity (has extras)} from pid 1000
W/ContextImpl( 698): Calling a method in the system process without a qualified user: android.app.ContextImpl.sendBroadcast:1353 com.android.server.am.ActivityStack.startActivityMayWait:3199 com.android.server.am.ActivityManagerService.startActivityAsUser:2539 com.android.server.am.ActivityManagerService.startActivity:2528 android.app.ActivityManagerNative.onTransact:141
D/AGUS2 ( 1743): com.amazon.venezia setAttributes. nosoftkeys: false
W/ContextImpl( 698): Calling a method in the system process without a qualified user: android.app.ContextImpl.sendBroadcast:1353 com.android.server.am.ActivityManagerService.activityResumed:4552 android.app.ActivityManagerNative.onTransact:420 com.android.server.am.ActivityManagerService.onTransact:1720 android.os.Binder.execTransact:351
I/ActivityManager( 698): START u0 {act=android.intent.action.MAIN cat=[android.intent.category.LAUNCHER] flg=0x10000000 pkg=org.ikonotv.smarttv cmp=org.ikonotv.smarttv/.Main} from pid 1743
W/ContextImpl( 698): Calling a method in the system process without a qualified user: android.app.ContextImpl.sendBroadcast:1353 com.android.server.am.ActivityStack.startActivityMayWait:3199 com.android.server.am.ActivityManagerService.startActivityAsUser:2539 com.android.server.am.ActivityManagerService.startActivity:2528 android.app.ActivityManagerNative.onTransact:141
I/ActivityManager( 698): Start proc org.ikonotv.smarttv for activity org.ikonotv.smarttv/.Main: pid=3970 uid=10008 gids={50008, 3003, 1028}
D/webcoreglue( 3970): netstack: Memory Cache feature is ON
W/ContextImpl( 698): Calling a method in the system process without a qualified user: android.app.ContextImpl.sendBroadcast:1353 com.android.server.am.ActivityManagerService.activityResumed:4552 android.app.ActivityManagerNative.onTransact:420 com.android.server.am.ActivityManagerService.onTransact:1720 android.os.Binder.execTransact:351
D/HostStatisticManager( 3970): netstack: DNS Host Prioritization is: ON, Version: 5.0.1
I/ ( 3970): netstack: LIB_MGR - Lib loaded: libdnshostprio.so
I/ ( 3970): netstack: STAT_HUB - Succeeded to load plugin: libdnshostprio.so
E/ ( 3970): netstack: LIB_MGR - Error loading lib spl_proc_plugin.so
E/ ( 3970): netstack: STAT_HUB - Failed to load plugin: spl_proc_plugin.so
E/ ( 3970): netstack: LIB_MGR - Error loading lib pp_proc_plugin.so
E/ ( 3970): netstack: STAT_HUB - Failed to load plugin: pp_proc_plugin.so
E/ ( 3970): netstack: STAT_HUB - App org.ikonotv.smarttv isn't supported
E/ ( 3970): netstack: LIB_MGR - Error loading lib libsocketpoolextend.so
I/SockPoolExtend( 3970): Using default ClientSocketPoolExtend
D/ ( 3970): dl error message Cannot load library: load_library(linker.cpp:745): library "libtcpfinaggr.so" not found
D/Socket_Pool( 3970): Failed to create TCP Fin Aggregation interface.
D/Socket_Pool( 3970): netstack: CloseUnusedSockets is ON
D/Socket_Pool( 3970): netstack: system net.statistics value: 0
D/Socket_Pool( 3970): Failed to create TCP Fin Aggregation interface.
D/Socket_Pool( 3970): netstack: CloseUnusedSockets is ON
D/Socket_Pool( 3970): netstack: system net.statistics value: 0
D/ ( 3970): external/chromium/net/http/http_getzip_factory.cc: libgetzip.so successfully loaded
D/ ( 3970): external/chromium/net/http/http_getzip_factory.cc,: GETzip initializing method was found in libgetzip.so
D/ ( 3970): netstack: Getzip is: ON, Version: 5.0.1
I/ActivityManager( 698): No longer want com.amazon.connectivitydiag (pid 2720): empty #17
D/HostStatisticManager( 328): netstack: DNS Host Prioritization is: ON, Version: 5.0.1
I/ ( 328): netstack: LIB_MGR - Lib loaded: libdnshostprio.so
I/ ( 328): netstack: STAT_HUB - Succeeded to load plugin: libdnshostprio.so
E/ ( 328): netstack: LIB_MGR - Error loading lib spl_proc_plugin.so
E/ ( 328): netstack: STAT_HUB - Failed to load plugin: spl_proc_plugin.so
E/ ( 328): netstack: LIB_MGR - Error loading lib pp_proc_plugin.so
E/ ( 328): netstack: STAT_HUB - Failed to load plugin: pp_proc_plugin.so
E/ ( 328): netstack: STAT_HUB - App /system/bin/mediaserver isn't supported
E/ ( 328): netstack: LIB_MGR - Error loading lib libsocketpoolextend.so
I/SockPoolExtend( 328): Using default ClientSocketPoolExtend
D/ ( 328): dl error message Cannot load library: load_library(linker.cpp:745): library "libtcpfinaggr.so" not found
D/Socket_Pool( 328): Failed to create TCP Fin Aggregation interface.
D/Socket_Pool( 328): netstack: CloseUnusedSockets is ON
D/Socket_Pool( 328): netstack: system net.statistics value: 0
D/Socket_Pool( 328): Failed to create TCP Fin Aggregation interface.
D/Socket_Pool( 328): netstack: CloseUnusedSockets is ON
D/Socket_Pool( 328): netstack: system net.statistics value: 0
D/ ( 328): external/chromium/net/http/http_getzip_factory.cc: libgetzip.so successfully loaded
D/ ( 328): external/chromium/net/http/http_getzip_factory.cc,: GETzip initializing method was found in libgetzip.so
D/ ( 328): netstack: Getzip is: ON, Version: 5.0.1
D/VideoUrlCaching( 328): libvideo_cor.so was successfully loaded
D/VideoUrlCaching( 328): VideoCOR is: ON, Version: 5.0.1
D/ ( 328): Failed to load DoObserveConnections symbol in tcp-connections.so
I/ActivityManager( 698): START u0 {act=android.intent.action.MAIN cat=[android.intent.category.LAUNCHER] flg=0x10000000 cmp=org.xbmc.kodi/.Splash bnds=[0,0][1,1] (has extras)} from pid 1393
W/ContextImpl( 698): Calling a method in the system process without a qualified user: android.app.ContextImpl.sendBroadcast:1353 com.android.server.am.ActivityStack.startActivityMayWait:3199 com.android.server.am.ActivityManagerService.startActivityAsUser:2539 com.android.server.am.ActivityManagerService.startActivity:2528 android.app.ActivityManagerNative.onTransact:141
I/ActivityManager( 698): Start proc org.xbmc.kodi for activity org.xbmc.kodi/.Splash: pid=4023 uid=10007 gids={50007, 1015, 3003, 1028}
I/ActivityManager( 698): START u0 {act=android.intent.action.MAIN cat=[android.intent.category.LAUNCHER] flg=0x11000000 cmp=org.xbmc.kodi/.Main bnds=[0,0][1,1] (has extras)} from pid 4023
W/ContextImpl( 698): Calling a method in the system process without a qualified user: android.app.ContextImpl.sendBroadcast:1353 com.android.server.am.ActivityStack.startActivityMayWait:3199 com.android.server.am.ActivityManagerService.startActivityAsUser:2539 com.android.server.am.ActivityManagerService.startActivity:2528 android.app.ActivityManagerNative.onTransact:141
W/ContextImpl( 698): Calling a method in the system process without a qualified user: android.app.ContextImpl.sendBroadcast:1353 com.android.server.am.ActivityManagerService.activityResumed:4552 android.app.ActivityManagerNative.onTransact:420 com.android.server.am.ActivityManagerService.onTransact:1720 android.os.Binder.execTransact:351
I/WindowState( 698): WIN DEATH: Window{41c4f2f0 u0 org.ikonotv.smarttv/org.ikonotv.smarttv.Main}
I/ActivityManager( 698): Process org.ikonotv.smarttv (pid 3970) has died.
W/ActivityManager( 698): Force removing ActivityRecord{41f60830 u0 org.ikonotv.smarttv/.Main}: app died, no saved state
I/TemperatureSensorObserver( 698): read new temperature 39500
W/ProcessStats( 698): Skipping unknown process pid 4095
W/ProcessStats( 698): Skipping unknown process pid 4100
W/ProcessStats( 698): Skipping unknown process pid 4105
I/TemperatureSensorObserver( 698): read new temperature 40000
I/TemperatureSensorObserver( 698): read new temperature 40500
I/ActivityManager( 698): START u0 {act=android.intent.action.MAIN cat=[android.intent.category.LAUNCHER] dat=B00XQSJDVA flg=0x10000000 pkg=com.fivecent.amazonvideowrapper cmp=com.fivecent.amazonvideowrapper/.StartAmazonVideo} from pid 4023
W/ContextImpl( 698): Calling a method in the system process without a qualified user: android.app.ContextImpl.sendBroadcast:1353 com.android.server.am.ActivityStack.startActivityMayWait:3199 com.android.server.am.ActivityManagerService.startActivityAsUser:2539 com.android.server.am.ActivityManagerService.startActivity:2528 android.app.ActivityManagerNative.onTransact:141
I/ActivityManager( 698): Start proc com.fivecent.amazonvideowrapper for activity com.fivecent.amazonvideowrapper/.StartAmazonVideo: pid=4498 uid=10014 gids={50014, 1028}
E/AndroidRuntime( 4498): FATAL EXCEPTION: main
E/AndroidRuntime( 4498): java.lang.VerifyError: com/fivecent/amazonvideowrapper/StartAmazonVideo
E/AndroidRuntime( 4498): at java.lang.Class.newInstanceImpl(Native Method)
E/AndroidRuntime( 4498): at java.lang.Class.newInstance(Class.java:1319)
E/AndroidRuntime( 4498): at android.app.Instrumentation.newActivity(Instrumentation.java:1061)
E/AndroidRuntime( 4498): at android.app.ActivityThread.performLaunchActivity(ActivityThread.java:2123)
E/AndroidRuntime( 4498): at android.app.ActivityThread.handleLaunchActivity(ActivityThread.java:2258)
E/AndroidRuntime( 4498): at android.app.ActivityThread.access$600(ActivityThread.java:146)
E/AndroidRuntime( 4498): at android.app.ActivityThread$H.handleMessage(ActivityThread.java:1243)
E/AndroidRuntime( 4498): at android.os.Handler.dispatchMessage(Handler.java:99)
E/AndroidRuntime( 4498): at android.os.Looper.loop(Looper.java:137)
E/AndroidRuntime( 4498): at android.app.ActivityThread.main(ActivityThread.java:5130)
E/AndroidRuntime( 4498): at java.lang.reflect.Method.invokeNative(Native Method)
E/AndroidRuntime( 4498): at java.lang.reflect.Method.invoke(Method.java:511)
E/AndroidRuntime( 4498): at com.android.internal.os.ZygoteInit$MethodAndArgsCaller.run(ZygoteInit.java:793)
E/AndroidRuntime( 4498): at com.android.internal.os.ZygoteInit.main(ZygoteInit.java:560)
E/AndroidRuntime( 4498): at dalvik.system.NativeStart.main(Native Method)
W/ActivityManager( 698): Force finishing activity com.fivecent.amazonvideowrapper/.StartAmazonVideo
W/ActivityManager( 698): Force finishing activity org.xbmc.kodi/.Main
I/ActivityManager( 698): Process com.fivecent.amazonvideowrapper (pid 4498) has died.
W/ContextImpl( 698): Calling a method in the system process without a qualified user: android.app.ContextImpl.sendBroadcast:1353 com.android.server.am.ActivityManagerService.activityResumed:4552 android.app.ActivityManagerNative.onTransact:420 com.android.server.am.ActivityManagerService.onTransact:1720 android.os.Binder.execTransact:351
W/InputMethodManagerService( 698): Focus gain on non-focused client com.android.internal.view.IInputMethodClient$Stub$Proxy@41951010 (uid=32066 pid=1000)
I/TemperatureSensorObserver( 698): read new temperature 40000
I/ActivityManager( 698): START u0 {act=android.intent.action.VIEW cat=[com.amazon.device.intent.category.LAUNCHER_MENU] flg=0x14000000 cmp=com.amazon.tv.launcher/.ui.HomeActivity (has extras)} from pid 1353
W/ContextImpl( 698): Calling a method in the system process without a qualified user: android.app.ContextImpl.sendBroadcast:1353 com.android.server.am.ActivityStack.startActivityMayWait:3199 com.android.server.am.ActivityManagerService.startActivityAsUser:2539 com.android.server.am.ActivityManagerService.startActivity:2528 android.app.ActivityManagerNative.onTransact:141
I/ActivityManager( 698): START u0 {act=android.intent.action.VIEW cat=[com.amazon.device.intent.category.LAUNCHER_MENU] flg=0x14000000 cmp=com.amazon.tv.launcher/.ui.PrimeVideoActivity (has extras)} from pid 1353
W/ContextImpl( 698): Calling a method in the system process without a qualified user: android.app.ContextImpl.sendBroadcast:1353 com.android.server.am.ActivityStack.startActivityMayWait:3199 com.android.server.am.ActivityManagerService.startActivityAsUser:2539 com.android.server.am.ActivityManagerService.startActivity:2528 android.app.ActivityManagerNative.onTransact:141
W/ContextImpl( 698): Calling a method in the system process without a qualified user: android.app.ContextImpl.sendBroadcast:1353 com.android.server.am.ActivityManagerService.activityResumed:4552 android.app.ActivityManagerNative.onTransact:420 com.android.server.am.ActivityManagerService.onTransact:1720 android.os.Binder.execTransact:351
I/ActivityManager( 698): START u0 {act=android.intent.action.VIEW cat=[com.amazon.device.intent.category.LAUNCHER_MENU] flg=0x14000000 cmp=com.amazon.tv.launcher/.ui.MoviesActivity (has extras)} from pid 1353
W/ContextImpl( 698): Calling a method in the system process without a qualified user: android.app.ContextImpl.sendBroadcast:1353 com.android.server.am.ActivityStack.startActivityMayWait:3199 com.android.server.am.ActivityManagerService.startActivityAsUser:2539 com.android.server.am.ActivityManagerService.startActivity:2528 android.app.ActivityManagerNative.onTransact:141
W/ContextImpl( 698): Calling a method in the system process without a qualified user: android.app.ContextImpl.sendBroadcast:1353 com.android.server.am.ActivityManagerService.activityResumed:4552 android.app.ActivityManagerNative.onTransact:420 com.android.server.am.ActivityManagerService.onTransact:1720 android.os.Binder.execTransact:351
I/ActivityManager( 698): START u0 {act=android.intent.action.VIEW cat=[com.amazon.device.intent.category.LAUNCHER_MENU] flg=0x14000000 cmp=com.amazon.tv.launcher/.ui.MoviesActivity (has extras)} from pid 1353
W/ContextImpl( 698): Calling a method in the system process without a qualified user: android.app.ContextImpl.sendBroadcast:1353 com.android.server.am.ActivityStack.startActivityMayWait:3199 com.android.server.am.ActivityManagerService.startActivityAsUser:2539 com.android.server.am.ActivityManagerService.startActivity:2528 android.app.ActivityManagerNative.onTransact:141
I/TemperatureSensorObserver( 698): read new temperature 40500
W/ActivityManager( 698): Activity destroy timeout for ActivityRecord{41983be0 u0 org.xbmc.kodi/.Main}
I/TemperatureSensorObserver( 698): read new temperature 40000
I/ActivityManager( 698): START u0 {cmp=com.amazon.tv.launcher/.ui.details.movie.MovieDetailsActivity (has extras)} from pid 1000
W/ContextImpl( 698): Calling a method in the system process without a qualified user: android.app.ContextImpl.sendBroadcast:1353 com.android.server.am.ActivityStack.startActivityMayWait:3199 com.android.server.am.ActivityManagerService.startActivityAsUser:2539 com.android.server.am.ActivityManagerService.startActivity:2528 android.app.ActivityManagerNative.onTransact:141
W/ContextImpl( 698): Calling a method in the system process without a qualified user: android.app.ContextImpl.sendBroadcast:1353 com.android.server.am.ActivityManagerService.activityResumed:4552 android.app.ActivityManagerNative.onTransact:420 com.android.server.am.ActivityManagerService.onTransact:1720 android.os.Binder.execTransact:351
W/WindowManager( 698): Rebuild removed 7 windows but added 6
W/WindowManager( 698): This window was lost: Window{41f30b40 u0 org.xbmc.kodi/org.xbmc.kodi.Main}
W/WindowManager( 698): attachedWindow=nullmTouchableRegion=SkRegion((0,0,1920,1080))mDisplayId=0 mSession=Session{41e0cc50 4023:u0a10007} mClient=android.os.BinderProxy@41cd7968
W/WindowManager( 698): mOwnerUid=10007 mShowToOwnerOnly=true
W/WindowManager( 698): mAttrs=WM.LayoutParams{(0,0)(fillxfill) sim=#110 ty=1 fl=#9810500 pfl=0x8 fmt=-2 wanim=0x1030001 sysuil=true amzOverscan=0}
W/WindowManager( 698): Requested w=1920 h=1080 mLayoutSeq=166
W/WindowManager( 698): mBaseLayer=21000 mSubLayer=0 mAnimLayer=21015+0=21015 mLastLayer=21015
W/WindowManager( 698): mToken=AppWindowToken{420160e8 token=Token{41b05888 ActivityRecord{41983be0 u0 org.xbmc.kodi/.Main}}}
W/WindowManager( 698): mRootToken=AppWindowToken{420160e8 token=Token{41b05888 ActivityRecord{41983be0 u0 org.xbmc.kodi/.Main}}}
W/WindowManager( 698): mAppToken=AppWindowToken{420160e8 token=Token{41b05888 ActivityRecord{41983be0 u0 org.xbmc.kodi/.Main}}}
W/WindowManager( 698): mViewVisibility=0x8 mHaveFrame=true mObscured=false
W/WindowManager( 698): mSeq=0 mSystemUiVisibility=0x0
W/WindowManager( 698): mGivenContentInsets=[0,0][0,0] mGivenVisibleInsets=[0,0][0,0]
W/WindowManager( 698): mConfiguration={1.0 ?mcc?mnc de_DE ldltr sw540dp w960dp h506dp 320dpi lrg long land television -touch -keyb/v/h dpad/v s.8}
W/WindowManager( 698): mHasSurface=false mShownFrame=[0.0,0.0][1920.0,1080.0] isReadyForDisplay()=false
W/WindowManager( 698): mFrame=[0,0][1920,1080] last=[0,0][1920,1080]
W/WindowManager( 698): mSystemDecorRect=[0,0][1920,1080] last=[0,0][1920,1080]
W/WindowManager( 698): Frames: containing=[0,0][1920,1080] parent=[0,0][1920,1080] display=[0,0][1920,1080]
W/WindowManager( 698): content=[0,0][1920,1080] visible=[0,0][1920,1080]
W/WindowManager( 698): Cur insets: content=[0,0][0,0] visible=[0,0][0,0]
W/WindowManager( 698): Lst insets: content=[0,0][0,0] visible=[0,0][0,0]
W/WindowManager( 698): WindowStateAnimator{41ec9398 org.xbmc.kodi/org.xbmc.kodi.Main}:
W/WindowManager( 698): mShownAlpha=1.0 mAlpha=1.0 mLastAlpha=0.0
W/WindowManager( 698): Current app token list:
V/WindowManager( 698): #5: Token{41b1e500 ActivityRecord{41c0e328 u0 com.amazon.tv.launcher/.ui.details.movie.MovieDetailsActivity}}
V/WindowManager( 698): #4: Token{41f594c0 ActivityRecord{41f59378 u0 com.amazon.tv.launcher/.ui.MoviesActivity}}
V/WindowManager( 698): #3: Token{41cc4e18 ActivityRecord{41a99dc8 u0 com.amazon.tv.launcher/.ui.PrimeVideoActivity}}
V/WindowManager( 698): #2: Token{41e297a0 ActivityRecord{41e0d638 u0 com.amazon.tv.launcher/.ui.HomeActivity}}
V/WindowManager( 698): #1: Token{41fb0f60 ActivityRecord{419b5ae0 u0 com.amazon.tv.launcher/.ui.SearchMenuActivity}}
V/WindowManager( 698): #0: Token{41b55658 ActivityRecord{41a44b70 u0 com.amazon.tv.launcher/.ui.SettingsActivity}}
W/WindowManager( 698): Final window list:
V/WindowManager( 698): #0: Window{41c3deb8 u0 }
V/WindowManager( 698): #1: Window{41c652d8 u0 com.amazon.tv.launcher/com.amazon.tv.launcher.ui.details.movie.MovieDetailsActivity}
V/WindowManager( 698): #2: Window{41a7f4f8 u0 com.amazon.tv.launcher/com.amazon.tv.launcher.ui.MoviesActivity}
V/WindowManager( 698): #3: Window{41c184b8 u0 com.amazon.tv.launcher/com.amazon.tv.launcher.ui.PrimeVideoActivity}
V/WindowManager( 698): #4: Window{41d45668 u0 com.amazon.tv.launcher/com.amazon.tv.launcher.ui.HomeActivity}
V/WindowManager( 698): #5: Window{41bcaf90 u0 com.amazon.tv.launcher/com.amazon.tv.launcher.ui.SearchMenuActivity}
V/WindowManager( 698): #6: Window{41e4e570 u0 com.amazon.tv.launcher/com.amazon.tv.launcher.ui.SettingsActivity}
I/TemperatureSensorObserver( 698): read new temperature 40500
I/ActivityManager( 698): START u0 {act=android.intent.action.MAIN flg=0x14000000 cmp=com.amazon.avod/.playbackclient.EdPlaybackActivity (has extras)} from pid 1000
W/ContextImpl( 698): Calling a method in the system process without a qualified user: android.app.ContextImpl.sendBroadcast:1353 com.android.server.am.ActivityStack.startActivityMayWait:3199 com.android.server.am.ActivityManagerService.startActivityAsUser:2539 com.android.server.am.ActivityManagerService.startActivity:2528 android.app.ActivityManagerNative.onTransact:141
W/ContextImpl( 698): Calling a method in the system process without a qualified user: android.app.ContextImpl.sendBroadcast:1353 com.android.server.am.ActivityManagerService.activityResumed:4552 android.app.ActivityManagerNative.onTransact:420 com.android.server.am.ActivityManagerService.onTransact:1720 android.os.Binder.execTransact:351
I/TemperatureSensorObserver( 698): read new temperature 41000
I/NotificationService( 698): cancelToast pkg=com.amazon.avod callback=android.app.ITransientNotification$Stub$Proxy@42044790
W/ContextImpl( 698): Calling a method in the system process without a qualified user: android.app.ContextImpl.sendBroadcast:1353 com.android.server.am.ActivityManagerService.activityResumed:4552 android.app.ActivityManagerNative.onTransact:420 com.android.server.am.ActivityManagerService.onTransact:1720 android.os.Binder.execTransact:351
I/ActivityManager( 698): No longer want com.amazon.tv.device (pid 2779): empty #17
W/ContextImpl( 698): Calling a method in the system process without a qualified user: android.app.ContextImpl.sendBroadcast:1353 com.android.server.am.ActivityManagerService.activityResumed:4552 android.app.ActivityManagerNative.onTransact:420 com.android.server.am.ActivityManagerService.onTransact:1720 android.os.Binder.execTransact:351 --------- beginning of /dev/log/main
D/AivPlayCodec( 328): AllocateOutputPortBuffers - allocated buffer for output port, bufHdr 0x40060a60 buf count 15
D/AivPlayCodec( 328): CAivPlayCodec::AllocateOutputPortBuffers Port 20 Buf index 15
D/AivPlayVR( 328): RegisterBuffer header 0x40060ab0, native 0x4006272c
D/AivPlayVideo( 328): CAivPlayVideoPlayer::AllocateOutputPortBuffer Done 0x40060ab0
D/AivPlayCodec( 328): AllocateOutputPortBuffers - allocated buffer for output port, bufHdr 0x40060ab0 buf count 16
D/AivPlayCodec( 328): CAivPlayCodec::AllocateOutputPortBuffers Port 20 Buf index 16
D/AivPlayVR( 328): RegisterBuffer header 0x40060b00, native 0x400628bc
D/AivPlayVideo( 328): CAivPlayVideoPlayer::AllocateOutputPortBuffer Done 0x40060b00
D/AivPlayCodec( 328): AllocateOutputPortBuffers - allocated buffer for output port, bufHdr 0x40060b00 buf count 17
D/AivPlayCodec( 328): CAivPlayCodec::AllocateOutputPortBuffers Port 20 Buf index 17
D/AivPlayVR( 328): RegisterBuffer header 0x40060b50, native 0x40062a4c
D/AivPlayVideo( 328): CAivPlayVideoPlayer::AllocateOutputPortBuffer Done 0x40060b50
D/AivPlayCodec( 328): AllocateOutputPortBuffers - allocated buffer for output port, bufHdr 0x40060b50 buf count 18
D/AivPlayCodec( 328): CAivPlayCodec::AllocateOutputPortBuffers Port 20 Buf index 18
D/AivPlayVR( 328): RegisterBuffer header 0x40060ba0, native 0x40062bdc
D/AivPlayVideo( 328): CAivPlayVideoPlayer::AllocateOutputPortBuffer Done 0x40060ba0
D/AivPlayCodec( 328): AllocateOutputPortBuffers - allocated buffer for output port, bufHdr 0x40060ba0 buf count 19
D/AivPlayCodec( 328): CAivPlayCodec::AllocateOutputPortBuffers Port 20 Buf index 19
D/AivPlayVR( 328): RegisterBuffer header 0x40060bf0, native 0x400a51a4
D/AivPlayVideo( 328): CAivPlayVideoPlayer::AllocateOutputPortBuffer Done 0x40060bf0
D/AivPlayCodec( 328): AllocateOutputPortBuffers - allocated buffer for output port, bufHdr 0x40060bf0 buf count 20
D/AivPlayCodec( 328): CAivPlayCodec::AllocateOutputPortBuffers Port 20 Buf index 20
D/AivPlayVR( 328): RegisterBuffer header 0x40060c40, native 0x400a5334
D/AivPlayVideo( 328): CAivPlayVideoPlayer::AllocateOutputPortBuffer Done 0x40060c40
D/AivPlayCodec( 328): AllocateOutputPortBuffers - allocated buffer for output port, bufHdr 0x40060c40 buf count 21
D/AivPlayCodec( 328): CAivPlayCodec::AllocateOutputPortBuffers Port 20 Buf index 21
D/AivPlayVR( 328): RegisterBuffer header 0x40060c90, native 0x400a54c4
D/AivPlayCodec( 328): Eventhandler event - 0, data1 0, data2 2
D/AivPlayVideo( 328): CAivPlayVideoPlayer::AllocateOutputPortBuffer Done 0x40060c90
D/AivPlayCodec( 328): AllocateOutputPortBuffers - allocated buffer for output port, bufHdr 0x40060c90 buf count 22
D/AivPlayCore( 328): ProcessResponse - USE_BUFFER_DONE
D/AivPlayCore( 328): use_buffer: use buffer done returned 0x0
D/AivPlayVideo( 328): Use Buffer proxy for port 0
D/AivPlayCodec( 328): SendCommadResponse OMX_CommandStateSet - Port 20, Confirmed State 2
D/AivPlayCore( 328): ProcessResponse - EVENT
D/AivPlayCore( 328): ProcessSendCommandResponse: OMX_CommandStateSet port 20
D/AivPlayCore( 328): Response from Video Received
D/AivPlayCore( 328): HandleStateTransition: current state 1, next state 2, bRet 0
D/AivPlayCore( 328): SetState 1 --> 2
I/AivPlayCore( 328): ProcessCommandResponse Processing Loaded->Idle transition setting aiv system property sys.aiv_playback to on ret 0
D/PlayReady( 327): playready_get_license_rights returned handle = 0
D/PRDrmPlugInImp( 327): GetConstraints:: licStateData.dwStreamId = 0
D/PRDrmPlugInImp( 327): GetConstraints:: licStateData.dwCategory = 4
D/PRDrmPlugInImp( 327): GetConstraints:: licStateData.dwNumCounts = 0
D/PRDrmPlugInImp( 327): GetConstraints:: licStateData.dwCount[0] = 0
D/PRDrmPlugInImp( 327): GetConstraints:: licStateData.dwCount[1] = 0
D/PRDrmPlugInImp( 327): GetConstraints:: licStateData.dwNumDates = 1
D/PRDrmPlugInImp( 327): GetConstraints:: licStateData.datetime[0].dwLowDateTime = 3703015424
D/PRDrmPlugInImp( 327): GetConstraints:: licStateData.datetime[0].dwHighDateTime = 30496056
D/PRDrmPlugInImp( 327): GetConstraints:: licStateData.datetime[1].dwLowDateTime = 0
D/PRDrmPlugInImp( 327): GetConstraints:: licStateData.datetime[1].dwHighDateTime = 0
D/PRDrmPlugInImp( 327): GetConstraints:: licStateData.dwVague = 3
D/PRDrmPlugInImp( 327): PRDRMPluginAPI::releaseSession, app_ctx_id = 2
D/PRDrmPlugIn( 327): PRDrmPlugin::onGetConstraints, lastError = 0X0
D/PRDrmPlugIn( 327): PRDrmPlugin::onGetConstraints, count[0] = 0X0
D/PRDrmPlugIn( 327): PRDrmPlugin::onGetConstraints, count[1] = 0X0
D/PRDrmPlugIn( 327): PRDrmPlugin::onGetConstraints, count[2] = 0X0
D/PRDrmPlugIn( 327): PRDrmPlugin::onGetConstraints, count[3] = 0X0
D/PRDrmPlugIn( 327): PRDrmPlugin::onGetConstraints, datetime[0] = 0Xdcb78800
D/PRDrmPlugIn( 327): PRDrmPlugin::onGetConstraints, datetime[1] = 0X1d15538
D/PRDrmPlugIn( 327): PRDrmPlugin::onGetConstraints, datetime[2] = 0X0
D/PRDrmPlugIn( 327): PRDrmPlugin::onGetConstraints, datetime[3] = 0X0
D/PRDrmPlugIn( 327): onGetConstraints: time_consumed = 59
D/PRDrmPlugIn( 327): PRDrmPlugin::onCanHandle, path = playready://EAMAAAEAAQAGAzwAVwBSAE0ASABFAEEARABFAFIAIAB4AG0AbABuAHMAPQAiAGgAdAB0AHAAOgAvAC8AcwBjAGgAZQBtAGEAcwAuAG0AaQBjAHIAbwBzAG8AZgB0AC4AYwBvAG0ALwBEAFIATQAvADIAMAAwADcALwAwADMALwBQAGwAYQB5AFIAZQBhAGQAeQBIAGUAYQBkAGUAcgAiACAAdgBlAHIAcwBpAG8AbgA9ACIANAAuADAALgAwAC4AMAAiAD4APABEAEEAVABBAD4APABQAFIATwBUAEUAQwBUAEkATgBGAE8APgA8AEsARQBZAEwARQBOAD4AMQA2ADwALwBLAEUAWQBMAEUATgA+ADwAQQBMAEcASQBEAD4AQQBFAFMAQwBUAFIAPAAvAEEATABHAEkARAA+ADwALwBQAFIATwBUAEUAQwBUAEkATgBGAE8APgA8AEsASQBEAD4AQwBzADMAegBiAG0ASgBFADkAawA2AHEAdgBYAFAAVQBhAFIAaQBpAFkAUQA9AD0APAAvAEsASQBEAD4APABDAEgARQBDAEsAUwBVAE0APgBxAGYAZABDADAAOABmAGsAVQAwAE0APQA8AC8AQwBIAEUAQwBLAFMAVQBNAD4APABMAEEAXwBVAFIATAA+AGgAdAB0AHAAcwA6AC8ALwBwAHIAbABzAC4AYQB0AHYALQBlAHUALgBhAG0AYQB6AG8AbgAuAGMAbwBtAC8AYwBkAHAAPAAvAEwAQQBfAFUAUgBMAD4APABDAFUAUwBUAE8ATQBBAFQAVABSAEkAQgBVAFQARQBTAD4APABJAEkAUwBfAEQAUgBNAF8AVgBFAFIAUwBJAE8ATgA+ADcALgAxAC4AMQA1ADYANQAuADQAPAAvAEkASQBTAF8ARABSAE0AXwBWAEUAUgBTAEkATwBOAD4APAAvAEMAVQBTAFQATwBNAEEAVABU
D/PRDrmPlugIn( 327): PRDrmPlugin::onGetConstraints
