--------- beginning of main
03-25 18:48:55.284 3353 3498 D NvOsDebugPrintf: NvRmStreamFree: WARN: pStream is NULL
03-25 18:49:00.288 3353 3498 V hdcp up : tsec_version: 1
03-25 18:49:00.947 3353 3498 D NvOsDebugPrintf: NvRmStreamFree: WARN: pStream is NULL
03-25 18:49:03.765 3710 3780 D WindowManager: handleComboKeys keyCode: 21, keyAction: 0
03-25 18:49:03.766 3710 3780 D WindowManager: isOnHomeScreen mLastTopComponent: null, componentName: ComponentInfo{com.google.android.tvlauncher/com.google.android.tvlauncher.MainActivity}
03-25 18:49:03.766 3710 3780 D WindowManager: isOnHomeScreen activity.name: com.google.android.tvlauncher.MainActivity
03-25 18:49:03.767 3710 3780 D WindowManager: handleComboKeys isOnHomeScreen: true
03-25 18:49:03.775 3710 4169 I system_server: oneway function results will be dropped but finished with status OK and parcel size 4
03-25 18:49:03.775 4373 4373 I GoogleInputMethodService: GoogleInputMethodService.onFinishInput():3466
03-25 18:49:03.775 4373 4373 I GoogleInputMethodService: GoogleInputMethodService.onStartInput():2045
03-25 18:49:03.776 3710 4169 I system_server: oneway function results will be dropped but finished with status OK and parcel size 4
03-25 18:49:03.776 4373 4373 I DeviceUnlockedTag: DeviceUnlockedTag.notifyDeviceLockStatusChanged():38 Notify device unlocked.
03-25 18:49:03.905 3710 3780 D WindowManager: handleComboKeys keyCode: 21, keyAction: 1
03-25 18:49:03.905 3710 3780 D WindowManager: isOnHomeScreen mLastTopComponent: ComponentInfo{com.google.android.tvlauncher/com.google.android.tvlauncher.MainActivity}, componentName: ComponentInfo{com.google.android.tvlauncher/com.google.android.tvlauncher.MainActivity}
03-25 18:49:03.906 3710 3780 D WindowManager: isOnHomeScreen activity.name: com.google.android.tvlauncher.MainActivity
03-25 18:49:03.906 3710 3780 D WindowManager: handleComboKeys isOnHomeScreen: true
03-25 18:49:03.925 3710 4923 I system_server: oneway function results will be dropped but finished with status OK and parcel size 4
03-25 18:49:05.096 3710 3780 D WindowManager: handleComboKeys keyCode: 21, keyAction: 0
03-25 18:49:05.097 3710 3780 D WindowManager: isOnHomeScreen mLastTopComponent: null, componentName: ComponentInfo{com.google.android.tvlauncher/com.google.android.tvlauncher.MainActivity}
03-25 18:49:05.097 3710 3780 D WindowManager: isOnHomeScreen activity.name: com.google.android.tvlauncher.MainActivity
03-25 18:49:05.098 3710 3780 D WindowManager: handleComboKeys isOnHomeScreen: true
03-25 18:49:05.108 4373 4373 I GoogleInputMethodService: GoogleInputMethodService.onFinishInput():3466
03-25 18:49:05.108 4373 4373 I GoogleInputMethodService: GoogleInputMethodService.onStartInput():2045
03-25 18:49:05.109 4373 4373 I DeviceUnlockedTag: DeviceUnlockedTag.notifyDeviceLockStatusChanged():38 Notify device unlocked.
03-25 18:49:05.109 3710 4169 I system_server: oneway function results will be dropped but finished with status OK and parcel size 4
03-25 18:49:05.206 3710 3780 D WindowManager: handleComboKeys keyCode: 21, keyAction: 1
03-25 18:49:05.206 3710 3780 D WindowManager: isOnHomeScreen mLastTopComponent: ComponentInfo{com.google.android.tvlauncher/com.google.android.tvlauncher.MainActivity}, componentName: ComponentInfo{com.google.android.tvlauncher/com.google.android.tvlauncher.MainActivity}
03-25 18:49:05.207 3710 3780 D WindowManager: isOnHomeScreen activity.name: com.google.android.tvlauncher.MainActivity
03-25 18:49:05.207 3710 3780 D WindowManager: handleComboKeys isOnHomeScreen: true
03-25 18:49:05.253 3710 4923 I system_server: oneway function results will be dropped but finished with status OK and parcel size 4
03-25 18:49:05.366 3710 3780 D WindowManager: handleComboKeys keyCode: 21, keyAction: 0
03-25 18:49:05.366 3710 3780 D WindowManager: isOnHomeScreen mLastTopComponent: null, componentName: ComponentInfo{com.google.android.tvlauncher/com.google.android.tvlauncher.MainActivity}
03-25 18:49:05.367 3710 3780 D WindowManager: isOnHomeScreen activity.name: com.google.android.tvlauncher.MainActivity
03-25 18:49:05.367 3710 3780 D WindowManager: handleComboKeys isOnHomeScreen: true
03-25 18:49:05.378 4373 4373 I GoogleInputMethodService: GoogleInputMethodService.onFinishInput():3466
03-25 18:49:05.378 4373 4373 I GoogleInputMethodService: GoogleInputMethodService.onStartInput():2045
03-25 18:49:05.379 4373 4373 I DeviceUnlockedTag: DeviceUnlockedTag.notifyDeviceLockStatusChanged():38 Notify device unlocked.
03-25 18:49:05.379 3710 4923 I system_server: oneway function results will be dropped but finished with status OK and parcel size 4
03-25 18:49:05.385 5116 5116 E Clearcut-EventLogger: Unexpected log parameter tray_notification_count
03-25 18:49:05.488 3888 4352 I nv_bt_stats: btif_nv_stats_update_host_stats() addr: ff:ff:ff:ff:ff:ff , json string: cmd_timeout_rsp_after_to
03-25 18:49:05.493 3888 4352 I nv_bt_stats: btif_nv_stats_update_host_stats() addr: ff:ff:ff:ff:ff:ff , json string: cmd_timeout_rsp_after_to
03-25 18:49:05.499 3710 3780 D WindowManager: handleComboKeys keyCode: 21, keyAction: 1
03-25 18:49:05.499 3710 3780 D WindowManager: isOnHomeScreen mLastTopComponent: ComponentInfo{com.google.android.tvlauncher/com.google.android.tvlauncher.MainActivity}, componentName: ComponentInfo{com.google.android.tvlauncher/com.google.android.tvlauncher.MainActivity}
03-25 18:49:05.499 3710 3780 D WindowManager: isOnHomeScreen activity.name: com.google.android.tvlauncher.MainActivity
03-25 18:49:05.500 3710 3780 D WindowManager: handleComboKeys isOnHomeScreen: true
03-25 18:49:05.503 3888 4352 I nv_bt_stats: btif_nv_stats_update_host_stats() addr: ff:ff:ff:ff:ff:ff , json string: cmd_timeout_rsp_after_to
03-25 18:49:05.507 3888 4352 I nv_bt_stats: btif_nv_stats_update_host_stats() addr: ff:ff:ff:ff:ff:ff , json string: cmd_timeout_rsp_after_to
03-25 18:49:05.512 3710 4923 I system_server: oneway function results will be dropped but finished with status OK and parcel size 4
03-25 18:49:05.691 5116 5116 W View : requestLayout() improperly called by android.widget.FrameLayout{4f6b701 V.E...... ......ID 0,0-1920,1080 #7f0b0063 app:id/background_image_container} during layout: running second layout pass
03-25 18:49:05.691 5116 5116 W View : requestLayout() improperly called by android.widget.FrameLayout{28e3201 V.E...... ......I. 640,0-1920,720 #7f0b00aa app:id/current_image} during layout: running second layout pass
03-25 18:49:05.692 5116 5116 W View : requestLayout() improperly called by android.widget.FrameLayout{78dc8a6 I.E...... ......ID 640,0-1920,720 #7f0b01f7 app:id/old_image} during layout: running second layout pass
03-25 18:49:05.952 3353 3498 V hdcp up : tsec_version: 1
03-25 18:49:06.611 3353 3498 D NvOsDebugPrintf: NvRmStreamFree: WARN: pStream is NULL
03-25 18:49:06.881 3710 3780 D WindowManager: handleComboKeys keyCode: 20, keyAction: 0
03-25 18:49:06.890 4373 4373 I GoogleInputMethodService: GoogleInputMethodService.onFinishInput():3466
03-25 18:49:06.890 4373 4373 I GoogleInputMethodService: GoogleInputMethodService.onStartInput():2045
03-25 18:49:06.891 4373 4373 I DeviceUnlockedTag: DeviceUnlockedTag.notifyDeviceLockStatusChanged():38 Notify device unlocked.
03-25 18:49:06.897 3710 4169 I system_server: oneway function results will be dropped but finished with status OK and parcel size 4
03-25 18:49:06.916 5116 5116 W Glide : Load failed for null with size [0x0]
03-25 18:49:06.916 5116 5116 W Glide : class boe: Received null model
03-25 18:49:06.928 5116 5116 I chatty : uid=10063(com.google.android.tvlauncher) identical 2 lines
03-25 18:49:06.933 5116 5116 W Glide : Load failed for null with size [0x0]
03-25 18:49:06.933 5116 5116 W Glide : class boe: Received null model
03-25 18:49:06.962 5116 5116 W View : requestLayout() improperly called by android.widget.FrameLayout{4f6b701 V.E...... ......ID 0,0-1920,1080 #7f0b0063 app:id/background_image_container} during layout: running second layout pass
03-25 18:49:06.962 5116 5116 W View : requestLayout() improperly called by android.widget.FrameLayout{28e3201 V.E...... ......ID 640,0-1920,720 #7f0b00aa app:id/current_image} during layout: running second layout pass
03-25 18:49:06.962 5116 5116 W View : requestLayout() improperly called by android.widget.FrameLayout{78dc8a6 I.E...... ......ID 640,0-1920,720 #7f0b01f7 app:id/old_image} during layout: running second layout pass
03-25 18:49:07.018 3710 3780 D WindowManager: handleComboKeys keyCode: 20, keyAction: 1
03-25 18:49:07.031 3710 4169 I system_server: oneway function results will be dropped but finished with status OK and parcel size 4
03-25 18:49:07.669 3710 3780 D WindowManager: handleComboKeys keyCode: 20, keyAction: 0
03-25 18:49:07.680 3710 4169 I system_server: oneway function results will be dropped but finished with status OK and parcel size 4
03-25 18:49:07.714 5116 5116 W View : requestLayout() improperly called by android.widget.FrameLayout{4f6b701 V.E...... ......ID 0,0-1920,1080 #7f0b0063 app:id/background_image_container} during layout: running second layout pass
03-25 18:49:07.714 5116 5116 W View : requestLayout() improperly called by android.widget.FrameLayout{28e3201 V.E...... ......ID 512,-32-1984,796 #7f0b00aa app:id/current_image} during layout: running second layout pass
03-25 18:49:07.714 5116 5116 W View : requestLayout() improperly called by android.widget.FrameLayout{78dc8a6 I.E...... ......ID 512,-32-1984,796 #7f0b01f7 app:id/old_image} during layout: running second layout pass
03-25 18:49:07.720 4373 4373 I GoogleInputMethodService: GoogleInputMethodService.onFinishInput():3466
03-25 18:49:07.720 4373 4373 I GoogleInputMethodService: GoogleInputMethodService.onStartInput():2045
03-25 18:49:07.720 4373 4373 I DeviceUnlockedTag: DeviceUnlockedTag.notifyDeviceLockStatusChanged():38 Notify device unlocked.
03-25 18:49:07.776 3710 3780 D WindowManager: handleComboKeys keyCode: 20, keyAction: 1
03-25 18:49:07.814 3710 4627 I system_server: oneway function results will be dropped but finished with status OK and parcel size 4
03-25 18:49:09.582 3710 3780 D WindowManager: handleComboKeys keyCode: 23, keyAction: 0
03-25 18:49:09.846 3710 3780 D WindowManager: handleComboKeys keyCode: 23, keyAction: 1
03-25 18:49:09.854 3710 3735 D EventSequenceValidator: Transition from INTENT_FAILED to INTENT_STARTED --------- beginning of system
03-25 18:49:09.854 3710 4169 I ActivityTaskManager: START u0 {act=android.intent.action.MAIN cat=[android.intent.category.LEANBACK_LAUNCHER] flg=0x10000000 pkg=org.xbmc.kodi cmp=org.xbmc.kodi/.Splash} from uid 10063
03-25 18:49:09.856 3710 4923 I system_server: oneway function results will be dropped but finished with status OK and parcel size 4
03-25 18:49:09.861 3358 3358 W powerHAL::common: Power hint:0x8 is not supported in PowerHAL
03-25 18:49:09.865 3710 3735 D EventSequenceValidator: Transition from INTENT_STARTED to ACTIVITY_LAUNCHED
03-25 18:49:09.880 3710 3736 I android_os_HwBinder: HwBinder: Starting thread pool for getting: vendor.nvidia.hardware.cpl.service_common@1.0::INvCplHalCommonService/default
03-25 18:49:09.888 3710 26620 W NvAppProfileService: App Profiles: Enabled
03-25 18:49:09.893 4872 5657 I android_os_HwBinder: HwBinder: Starting thread pool for getting: vendor.nvidia.hardware.power@1.0::IPower/default
03-25 18:49:09.896 5116 5116 W View : requestLayout() improperly called by android.widget.FrameLayout{4f6b701 V.E...... ......ID 0,0-1920,1080 #7f0b0063 app:id/background_image_container} during layout: running second layout pass
03-25 18:49:09.897 5116 5116 W View : requestLayout() improperly called by android.widget.FrameLayout{28e3201 V.E...... ......I. 640,0-1920,720 #7f0b00aa app:id/current_image} during layout: running second layout pass
03-25 18:49:09.897 5116 5116 W View : requestLayout() improperly called by android.widget.FrameLayout{78dc8a6 I.E...... ......ID 640,0-1920,720 #7f0b01f7 app:id/old_image} during layout: running second layout pass
03-25 18:49:09.911 25903 25903 I Kodi : ABI: arm64-v8a
03-25 18:49:09.911 25903 25903 I Kodi : ABI: armeabi-v7a
03-25 18:49:09.911 25903 25903 I Kodi : ABI: armeabi
03-25 18:49:09.915 25903 25903 D Kodi : External storage = /storage/emulated/0; state = mounted
03-25 18:49:09.991 3710 6693 I system_server: oneway function results will be dropped but finished with status OK and parcel size 4
03-25 18:49:10.060 25903 25903 I android_os_HwBinder: HwBinder: Starting thread pool for getting: vendor.nvidia.hardware.cpl.service_common@1.0::INvCplHalCommonService/default
03-25 18:49:10.065 25903 26624 D Kodi : Removing existing /mnt/expand/0c9c9a81-1781-48f6-95ab-465365484836/user/0/org.xbmc.kodi/cache/apk
03-25 18:49:10.076 25903 25903 I android_os_HwBinder: HwBinder: Starting thread pool for getting: vendor.nvidia.hardware.cpl.service_common@1.0::INvCplHalCommonService/default
03-25 18:49:10.086 25903 25903 I android_os_HwBinder: HwBinder: Starting thread pool for getting: vendor.nvidia.hardware.cpl.service_common@1.0::INvCplHalCommonService/default
03-25 18:49:10.094 3710 6693 I NvUtils : onActivityResumed AM packageName = org.xbmc.kodi
03-25 18:49:10.095 3710 6693 E AudioSystem-JNI: Command failed for android_media_AudioSystem_setParameters: -22
03-25 18:49:10.097 3710 6693 I chatty : uid=1000(system) Binder:3710_1A identical 4 lines
03-25 18:49:10.097 3710 6693 E AudioSystem-JNI: Command failed for android_media_AudioSystem_setParameters: -22
03-25 18:49:10.251 2859 2859 I hwservicemanager: getTransport: Cannot find entry android.hardware.graphics.mapper@4.0::IMapper/default in either framework or device manifest.
03-25 18:49:10.252 25903 26617 I Gralloc4: mapper 4.x is not supported
03-25 18:49:10.252 2859 2859 I hwservicemanager: getTransport: Cannot find entry android.hardware.graphics.mapper@3.0::IMapper/default in either framework or device manifest.
03-25 18:49:10.252 25903 26617 W Gralloc3: mapper 3.x is not supported
03-25 18:49:10.286 25903 26617 W libc : invalid pthread_t (0) passed to pthread_join
03-25 18:49:10.353 5116 5276 E Surface : freeAllBuffers: 1 buffers were freed while being dequeued!
03-25 18:49:10.446 3710 3740 D ArtManagerInternalImpl: /data/misc/iorapd/org.xbmc.kodi/1990102/org.xbmc.kodi.Splash/compiled_traces/compiled_trace.pb doesn't exist
03-25 18:49:10.446 3358 3358 W powerHAL::common: Power hint:0x8 is not supported in PowerHAL
03-25 18:49:10.447 3710 3740 I ActivityTaskManager: Displayed org.xbmc.kodi/.Splash: +591ms
03-25 18:49:10.449 3710 3735 D EventSequenceValidator: Transition from ACTIVITY_LAUNCHED to ACTIVITY_FINISHED
03-25 18:49:10.462 4373 4373 I GoogleInputMethodService: GoogleInputMethodService.onFinishInput():3466
03-25 18:49:10.463 4373 4373 I GoogleInputMethodService: GoogleInputMethodService.onStartInput():2045
03-25 18:49:10.463 4373 4373 I DeviceUnlockedTag: DeviceUnlockedTag.notifyDeviceLockStatusChanged():38 Notify device unlocked.
03-25 18:49:10.478 3710 6693 I NvUtils : onActivityStopped AM packageName = com.google.android.tvlauncher
03-25 18:49:10.480 3710 6693 E AudioSystem-JNI: Command failed for android_media_AudioSystem_setParameters: -22
03-25 18:49:10.481 3710 6693 E AudioSystem-JNI: Command failed for android_media_AudioSystem_setParameters: -22
03-25 18:49:10.484 3710 6693 I android_os_HwBinder: HwBinder: Starting thread pool for getting: vendor.nvidia.hardware.graphics.display@1.0::INvDisplay/default
03-25 18:49:11.130 4606 4635 I ShieldBluetoothScanPolicy: Scans disallowed due to PACKAGE POLL
03-25 18:49:11.130 4606 4635 D BluetoothAdapter: isLeEnabled(): ON
03-25 18:49:11.133 3888 4352 I nv_bt_stats: btif_nv_stats_update_host_stats() addr: ff:ff:ff:ff:ff:ff , json string: cmd_timeout_rsp_after_to
03-25 18:49:11.135 3888 4032 D AdapterProperties: Discoverable Timeout:0
03-25 18:49:11.135 3888 4032 D AdapterProperties: Scan Mode:21
03-25 18:49:11.137 3888 4352 I nv_bt_stats: btif_nv_stats_update_host_stats() addr: ff:ff:ff:ff:ff:ff , json string: cmd_timeout_rsp_after_to
03-25 18:49:11.192 3888 4352 I chatty : uid=1002(bluetooth) HwBinder:3888_1 identical 6 lines
03-25 18:49:11.194 3888 4352 I nv_bt_stats: btif_nv_stats_update_host_stats() addr: ff:ff:ff:ff:ff:ff , json string: cmd_timeout_rsp_after_to
03-25 18:49:11.616 3353 3498 V hdcp up : tsec_version: 1
03-25 18:49:12.275 3353 3498 D NvOsDebugPrintf: NvRmStreamFree: WARN: pStream is NULL
03-25 18:49:12.907 3710 4486 E TaskPersister: File error accessing recents directory (directory doesn't exist?).
03-25 18:49:12.970 3330 3382 W nvaudio_hw: stop_output_stream: 1 underruns seen on pcm device hdmi-playback
03-25 18:49:12.971 3710 4627 I system_server: oneway function results will be dropped but finished with status OK and parcel size 4
03-25 18:49:14.511 3710 3710 E ActivityThread: Failed to find provider info for com.nvidia.ibeta
03-25 18:49:17.279 3353 3498 V hdcp up : tsec_version: 1
03-25 18:49:17.938 3353 3498 D NvOsDebugPrintf: NvRmStreamFree: WARN: pStream is NULL
03-25 18:49:19.863 3888 4541 W bt_btm_pm: Sniff Interval For Device MAC 00:04:4b:45:2c:f4 is 100.000000 msec.
03-25 18:49:22.653 3710 3735 D EventSequenceValidator: Transition from ACTIVITY_FINISHED to INTENT_STARTED
03-25 18:49:14.512 3710 3710 E ActivityThread: Failed to find provider info for com.nvidia.ibeta
03-25 18:49:22.654 3710 4169 I ActivityTaskManager: START u0 {act=android.intent.action.MAIN cat=[android.intent.category.LEANBACK_LAUNCHER] flg=0x11000000 pkg=org.xbmc.kodi cmp=org.xbmc.kodi/.Main bnds=[976,449][1224,629]} from uid 10111
03-25 18:49:22.657 3358 3358 W powerHAL::common: Power hint:0x8 is not supported in PowerHAL
03-25 18:49:22.662 3710 3735 D EventSequenceValidator: Transition from INTENT_STARTED to INTENT_FAILED
03-25 18:49:22.663 3710 3736 I android_os_HwBinder: HwBinder: Starting thread pool for getting: vendor.nvidia.hardware.cpl.service_common@1.0::INvCplHalCommonService/default
03-25 18:49:22.691 3710 4169 W ActivityTaskManager: Tried to set launchTime (0) < mLastActivityLaunchTime (27744558)
03-25 18:49:22.693 6461 6461 I chromium: [6461:6461:INFO:metrics_stat_logger.cc(55)] Metrics stat for the past 60 secs : total=0
03-25 18:49:22.707 3710 26629 W NvAppProfileService: App Profiles: Enabled
03-25 18:49:22.709 4872 5657 I android_os_HwBinder: HwBinder: Starting thread pool for getting: vendor.nvidia.hardware.power@1.0::IPower/default
03-25 18:49:22.797 25903 25903 V threaded_app: Creating: 0x290414a8f0
03-25 18:49:22.797 25903 26631 V threaded_app: Config: mcc=0 mnc=0 lang=de cnt=DE orien=2 touch=1 dens=320 keys=1 nav=2 keysHid=3 navHid=0 sdk=30 size=3 long=2 modetype=4 modenight=1
03-25 18:49:22.803 25903 26631 V Kodi : CXBMCApp: Created
03-25 18:49:22.803 25903 26631 V Kodi : CEventLoop: starting event loop
03-25 18:49:22.806 25903 25903 D TvUtil : Scheduled channel creation.
03-25 18:49:22.814 25903 25903 D XBMCMainView: Created
03-25 18:49:22.819 25903 25903 V threaded_app: Start: 0x290414a8f0
03-25 18:49:22.819 25903 26631 V threaded_app: activityState=10
03-25 18:49:22.819 25903 26631 V Kodi : virtual void CXBMCApp::onStart():
03-25 18:49:22.821 25903 25903 V threaded_app: Resume: 0x290414a8f0
03-25 18:49:22.823 25903 26631 D XBMCMediaSession: XBMCMediaSession init
03-25 18:49:22.824 3710 4627 D MediaSessionService: Media button session is changed to org.xbmc.kodi/XBMC_session (userId=0)
03-25 18:49:22.825 5523 5523 D DeviceControlManagerService: no active session
03-25 18:49:22.826 6461 6461 D WargMsAppMgr: A new media session detected: null
03-25 18:49:22.826 6461 6461 D WargMsAppMgr: A new media session detected: null
03-25 18:49:22.826 5523 5523 D DeviceControlManagerService: no active session
03-25 18:49:22.826 25903 26631 V Kodi : CXBMCApp: installing DisplayManager::DisplayListener
03-25 18:49:22.827 25903 26631 V threaded_app: activityState=11
03-25 18:49:22.827 25903 26631 V Kodi : virtual void CXBMCApp::onResume():
03-25 18:49:22.830 25903 25903 I android_os_HwBinder: HwBinder: Starting thread pool for getting: vendor.nvidia.hardware.cpl.service_common@1.0::INvCplHalCommonService/default
03-25 18:49:22.833 3888 3888 W AvrcpMediaPlayerList: onMediaKeyEventSessionChanged(Token): Addressed Player changed to a player we didn't have a session for
03-25 18:49:22.833 25903 25903 I android_os_HwBinder: HwBinder: Starting thread pool for getting: vendor.nvidia.hardware.cpl.service_common@1.0::INvCplHalCommonService/default
03-25 18:49:22.838 25903 25903 V threaded_app: InputQueueCreated: 0x290414a8f0 -- 0x29140e8bd0
03-25 18:49:22.838 25903 26631 V threaded_app: APP_CMD_INPUT_CHANGED
03-25 18:49:22.838 25903 26631 V threaded_app: Attaching input queue to looper
03-25 18:49:22.839 3710 6693 I NvUtils : onActivityResumed AM packageName = org.xbmc.kodi
03-25 18:49:22.840 3710 6693 E AudioSystem-JNI: Command failed for android_media_AudioSystem_setParameters: -22
03-25 18:49:22.841 3710 6693 I chatty : uid=1000(system) Binder:3710_1A identical 2 lines
03-25 18:49:22.841 3710 6693 E AudioSystem-JNI: Command failed for android_media_AudioSystem_setParameters: -22
03-25 18:49:22.842 25903 25903 D XBMCMediaSession: XBMCMediaSession callback
03-25 18:49:22.845 3888 3888 I AvrcpMediaPlayerList: Adding wrapped media player: org.xbmc.kodi at key: 3
03-25 18:49:22.845 3888 3888 I AvrcpMediaPlayerList: onMediaKeyEventSessionChanged: token=org.xbmc.kodi
03-25 18:49:22.846 3888 3888 D AvrcpMediaPlayerList: setActivePlayer(): setting player to org.xbmc.kodi
03-25 18:49:22.846 3888 3888 D AvrcpMediaPlayerList: sendMediaUpdate
03-25 18:49:22.846 3888 3888 I AvrcpMediaPlayerList: sendMediaUpdate: Creating a one item queue for a player with no queue
03-25 18:49:22.846 3888 3888 D AvrcpMediaPlayerList: sendMediaUpdate state=null
03-25 18:49:22.846 3888 3888 D AvrcpTargetService: onMediaUpdated: track_changed=false state=false queue=false
03-25 18:49:22.846 3888 3888 D AvrcpNativeInterface: sendMediaUpdate: metadata=false playStatus=false queue=false
03-25 18:49:22.846 3888 3888 D AvrcpTargetJni: sendMediaUpdateNative
03-25 18:49:22.846 3888 3888 I bt_stack: [INFO:avrcp_service.cc(346)] virtual void bluetooth::avrcp::AvrcpService::SendMediaUpdate(bool, bool, bool) track_changed=0 : play_state=0 : queue=0
03-25 18:49:22.846 3888 3888 V AvrcpMediaPlayerList: onActiveSessionsChanged: number of controllers: 0
03-25 18:49:22.846 3888 3888 V AvrcpMediaPlayerList: onActiveSessionsChanged: number of controllers: 0
03-25 18:49:22.852 25903 25903 D View : com.nvidia.immediateInput = false
03-25 18:49:22.852 25903 25903 D View : com.nvidia.mRawCursorInputRequested = false
03-25 18:49:22.865 25903 25903 D XBMCMainView: Surface Created
03-25 18:49:22.865 25903 25903 W org.xbmc.kodi: Attempt to remove non-JNI local reference, dumping thread
03-25 18:49:22.865 25903 25903 V Kodi : virtual void CXBMCApp::surfaceCreated(CJNISurfaceHolder):
03-25 18:49:22.865 25903 25903 W org.xbmc.kodi: Attempt to remove non-JNI local reference, dumping thread
03-25 18:49:22.865 25903 26632 V Kodi : => running XBMC_Run...
03-25 18:49:22.865 25903 25903 D XBMCMainView: Surface Changed, format:-2, width:1920, height:1080
03-25 18:49:22.865 25903 25903 V Kodi : virtual void CXBMCApp::surfaceChanged(CJNISurfaceHolder, int, int, int):
03-25 18:49:22.865 25903 25903 W org.xbmc.kodi: Attempt to remove non-JNI local reference, dumping thread
03-25 18:49:22.866 25903 26632 I Kodi : 2022-03-25 18:49:22.866 T:26632 INFO : Log level changed to "TRACE"
03-25 18:49:22.892 3710 3740 I ActivityTaskManager: Displayed org.xbmc.kodi/.Main: +239ms
03-25 18:49:22.893 3358 3358 W powerHAL::common: Power hint:0x8 is not supported in PowerHAL
03-25 18:49:22.908 25903 26632 D Kodi : 2022-03-25 18:49:22.908 T:26632 DEBUG : CSettings: loaded settings definition from special://xbmc/system/settings/settings.xml
03-25 18:49:22.917 25903 25903 V threaded_app: WindowFocusChanged: 0x290414a8f0 -- 1
03-25 18:49:22.917 25903 26631 V Kodi : virtual void CXBMCApp::onGainFocus():
03-25 18:49:22.921 4373 4373 I GoogleInputMethodService: GoogleInputMethodService.onFinishInput():3466
03-25 18:49:22.921 4373 4373 I GoogleInputMethodService: GoogleInputMethodService.onStartInput():2045
03-25 18:49:22.922 4373 4373 I DeviceUnlockedTag: DeviceUnlockedTag.notifyDeviceLockStatusChanged():38 Notify device unlocked.
03-25 18:49:22.936 25903 26632 D Kodi : 2022-03-25 18:49:22.936 T:26632 DEBUG : CSettings: loaded settings definition from special://xbmc/system/settings/android.xml
03-25 18:49:22.937 25903 26632 F org.xbmc.kodi: java_vm_ext.cc:577] JNI DETECTED ERROR IN APPLICATION: thread Thread[18,tid=26632,Native,Thread*=0x29b4125cc0,peer=0x12e80000,"Thread-3"] using JNIEnv* from thread Thread[5,tid=26631,Runnable,Thread*=0x29b4129460,peer=0x12e40000,"Thread-2"]
03-25 18:49:22.937 25903 26632 F org.xbmc.kodi: java_vm_ext.cc:577] in call to CallStaticObjectMethodV
03-25 18:49:22.942 3353 3498 V hdcp up : tsec_version: 1
03-25 18:49:23.125 25903 26617 E Surface : freeAllBuffers: 1 buffers were freed while being dequeued!
03-25 18:49:23.602 3353 3498 D NvOsDebugPrintf: NvRmStreamFree: WARN: pStream is NULL
03-25 18:49:26.773 3710 4486 E TaskPersister: File error accessing recents directory (directory doesn't exist?).
03-25 18:49:28.606 3353 3498 V hdcp up : tsec_version: 1
03-25 18:49:29.266 3353 3498 D NvOsDebugPrintf: NvRmStreamFree: WARN: pStream is NULL
03-25 18:49:32.820 25903 25903 D RecommendChannelJobSvc: Starting channel creation job --------- beginning of crash
03-25 18:49:32.822 25903 26624 F libc : Fatal signal 11 (SIGSEGV), code 1 (SEGV_MAPERR), fault addr 0x20 in tid 26624 (AsyncTask #1), pid 25903 (org.xbmc.kodi)
03-25 18:49:32.892 26638 26638 I crash_dump64: obtaining output fd from tombstoned, type: kDebuggerdTombstone
03-25 18:49:32.896 3310 3310 I tombstoned: received crash request for pid 26624
03-25 18:49:32.897 26638 26638 I crash_dump64: performing dump of process 25903 (target tid = 26624)
03-25 18:49:32.908 26638 26638 F DEBUG : *** *** *** *** *** *** *** *** *** *** *** *** *** *** *** ***
03-25 18:49:32.909 26638 26638 F DEBUG : Build fingerprint: 'NVIDIA/foster_e/foster:11/RQ1A.210105.003/7094531_2987.3472:user/release-keys'
03-25 18:49:32.909 26638 26638 F DEBUG : Revision: '0'
03-25 18:49:32.909 26638 26638 F DEBUG : ABI: 'arm64'
03-25 18:49:32.909 26638 26638 F DEBUG : Timestamp: 2022-03-25 18:49:32+0100
03-25 18:49:32.909 26638 26638 F DEBUG : pid: 25903, tid: 26624, name: AsyncTask #1 >>> org.xbmc.kodi <<<
03-25 18:49:32.909 26638 26638 F DEBUG : uid: 10111
03-25 18:49:32.909 26638 26638 F DEBUG : signal 11 (SIGSEGV), code 1 (SEGV_MAPERR), fault addr 0x20
03-25 18:49:32.909 26638 26638 F DEBUG : Cause: null pointer dereference
03-25 18:49:32.910 26638 26638 F DEBUG : Abort message: 'JNI DETECTED ERROR IN APPLICATION: thread Thread[18,tid=26632,Native,Thread*=0x29b4125cc0,peer=0x12e80000,"Thread-3"] using JNIEnv* from thread Thread[5,tid=26631,Runnable,Thread*=0x29b4129460,peer=0x12e40000,"Thread-2"]
03-25 18:49:32.910 26638 26638 F DEBUG : in call to CallStaticObjectMethodV'
03-25 18:49:32.910 26638 26638 F DEBUG : x0 0000002a64a35018 x1 0000000000000020 x2 0000002a64a34dc4 x3 00000028941248b0
03-25 18:49:32.910 26638 26638 F DEBUG : x4 0000002a64a34e58 x5 0000002a64a34e58 x6 000000007373656d x7 0000000065676173
03-25 18:49:32.910 26638 26638 F DEBUG : x8 0000002a64a35018 x9 195457e592670143 x10 0000002ac2096450 x11 0000000000000000
03-25 18:49:32.910 26638 26638 F DEBUG : x12 00000000b6122499 x13 2e646e756f662074 x14 0000000000000001 x15 00000000ebad6a89
03-25 18:49:32.910 26638 26638 F DEBUG : x16 0000002abf0f2908 x17 00000027c06bfb8c x18 0000002a651cc000 x19 0000002a64a350a0
03-25 18:49:32.910 26638 26638 F DEBUG : x20 0000000000000001 x21 0000002a64a350d0 x22 0000002a64a350b8 x23 0000002a64a37000
03-25 18:49:32.910 26638 26638 F DEBUG : x24 0000002a5c2e4940 x25 0000002a64a37000 x26 000000000000000b x27 0000000000000002
03-25 18:49:32.910 26638 26638 F DEBUG : x28 0000002a64a35130 x29 0000002a64a35090
03-25 18:49:32.910 26638 26638 F DEBUG : lr 0000002ac27a6f1c sp 0000002a64a35010 pc 0000002ac24b48f0 pst 0000000060000000
03-25 18:49:32.903 26638 26638 W crash_dump64: type=1400 audit(0.0:562): avc: denied { search } for name="expand" dev="tmpfs" ino=14351 scontext=u:r:crash_dump:s0:c111,c256,c512,c768 tcontext=u:object_r:mnt_expand_file:s0 tclass=dir permissive=0 app=org.xbmc.kodi
03-25 18:49:32.911 26638 26638 F DEBUG : backtrace:
03-25 18:49:32.911 26638 26638 F DEBUG : NOTE: Function names and BuildId information is missing for some frames due
03-25 18:49:32.911 26638 26638 F DEBUG : NOTE: to unreadable libraries. For unwinds of apps, only shared libraries
03-25 18:49:32.911 26638 26638 F DEBUG : NOTE: found under the lib/ directory are readable.
03-25 18:49:32.911 26638 26638 F DEBUG : #00 pc 0000000001aac8f0 /mnt/expand/0c9c9a81-1781-48f6-95ab-465365484836/app/~~TA7KD5GbbawPsF9R_tBBxA==/org.xbmc.kodi-qDkPydXW5Zm3mlViFVT3Dw==/lib/arm64/libkodi.so
03-25 18:49:34.170 3710 26642 I DropBoxManagerService: add tag=data_app_native_crash isTagEnabled=true flags=0x2
03-25 18:49:34.170 3710 26641 W ActivityTaskManager: Force finishing activity org.xbmc.kodi/.Main
03-25 18:49:33.483 26638 26638 I chatty : uid=10111(org.xbmc.kodi) crash_dump64 identical 3 lines
03-25 18:49:33.483 26638 26638 W crash_dump64: type=1400 audit(0.0:566): avc: denied { search } for name="expand" dev="tmpfs" ino=14351 scontext=u:r:crash_dump:s0:c111,c256,c512,c768 tcontext=u:object_r:mnt_expand_file:s0 tclass=dir permissive=0 app=org.xbmc.kodi
03-25 18:49:34.171 3310 3310 E tombstoned: Tombstone written to: /data/tombstones/tombstone_04
03-25 18:49:34.173 3710 3740 V RescueParty: Disabled because of manual property
03-25 18:49:34.178 3710 3748 I BootReceiver: Copying /data/tombstones/tombstone_04 to DropBox (SYSTEM_TOMBSTONE)
03-25 18:49:34.179 3710 3748 I DropBoxManagerService: add tag=SYSTEM_TOMBSTONE isTagEnabled=true flags=0x2
03-25 18:49:34.198 25903 25903 V threaded_app: Pause: 0x290414a8f0
03-25 18:49:34.198 25903 26631 V threaded_app: activityState=13
03-25 18:49:34.198 25903 26631 V Kodi : virtual void CXBMCApp::onPause():
03-25 18:49:34.198 25903 26631 V Kodi : bool CXBMCApp::EnableWakeLock(bool): false
03-25 18:49:34.204 3710 3741 W BroadcastQueue: Background execution not allowed: receiving Intent { act=android.intent.action.DROPBOX_ENTRY_ADDED flg=0x10 (has extras) } to com.google.android.gms/.stats.service.DropBoxEntryAddedReceiver
03-25 18:49:34.205 3710 3741 W BroadcastQueue: Background execution not allowed: receiving Intent { act=android.intent.action.DROPBOX_ENTRY_ADDED flg=0x10 (has extras) } to com.google.android.gms/.chimera.GmsIntentOperationService$PersistentTrustedReceiver
03-25 18:49:34.205 3710 3741 W BroadcastQueue: Background execution not allowed: receiving Intent { act=android.intent.action.DROPBOX_ENTRY_ADDED flg=0x10 (has extras) } to com.nvidia.stats/.CollectionsReceiver
03-25 18:49:34.205 3710 3741 W BroadcastQueue: Background execution not allowed: receiving Intent { act=android.intent.action.DROPBOX_ENTRY_ADDED flg=0x10 (has extras) } to com.google.android.gms/.stats.service.DropBoxEntryAddedReceiver
03-25 18:49:34.205 3710 3741 W BroadcastQueue: Background execution not allowed: receiving Intent { act=android.intent.action.DROPBOX_ENTRY_ADDED flg=0x10 (has extras) } to com.google.android.gms/.chimera.GmsIntentOperationService$PersistentTrustedReceiver
03-25 18:49:34.205 3710 3741 W BroadcastQueue: Background execution not allowed: receiving Intent { act=android.intent.action.DROPBOX_ENTRY_ADDED flg=0x10 (has extras) } to com.nvidia.stats/.CollectionsReceiver
03-25 18:49:34.209 3710 4169 I android_os_HwBinder: HwBinder: Starting thread pool for getting: vendor.nvidia.hardware.graphics.display@1.0::INvDisplay/default
03-25 18:49:34.219 25903 25903 V threaded_app: WindowFocusChanged: 0x290414a8f0 -- 0
03-25 18:49:34.242 5116 26475 E ActivityThread: Failed to find provider info for tvlauncher.mic
03-25 18:49:34.243 3710 3710 W RenderThread: type=1400 audit(0.0:591): avc: denied { execute } for path=2F6D656D66643A2F2E676C585858585858202864656C6574656429 dev="tmpfs" ino=233111 scontext=u:r:system_server:s0 tcontext=u:object_r:system_server_tmpfs:s0 tclass=file permissive=0
03-25 18:49:34.243 3710 3710 W RenderThread: type=1400 audit(0.0:592): avc: denied { execute } for path=2F6D656D66643A2F2E676C585858585858202864656C6574656429 dev="tmpfs" ino=233112 scontext=u:r:system_server:s0 tcontext=u:object_r:system_server_tmpfs:s0 tclass=file permissive=0
03-25 18:49:34.271 3353 3498 V hdcp up : tsec_version: 1
03-25 18:49:34.274 4872 5657 I android_os_HwBinder: HwBinder: Starting thread pool for getting: vendor.nvidia.hardware.power@1.0::IPower/default
03-25 18:49:34.298 25943 25943 E TVNotifService.NotifMgr: Cannot show unshown notifications, notification service is null
03-25 18:49:34.298 3710 6696 I NvUtils : onActivityResumed AM packageName = com.google.android.tvlauncher
03-25 18:49:34.300 3710 6696 E AudioSystem-JNI: Command failed for android_media_AudioSystem_setParameters: -22
03-25 18:49:34.301 3710 6696 I chatty : uid=1000(system) Binder:3710_1D identical 2 lines
03-25 18:49:34.302 3710 6696 E AudioSystem-JNI: Command failed for android_media_AudioSystem_setParameters: -22
03-25 18:49:34.322 5116 5116 W View : requestLayout() improperly called by android.widget.FrameLayout{4f6b701 V.E...... ......ID 0,0-1920,1080 #7f0b0063 app:id/background_image_container} during layout: running second layout pass
03-25 18:49:34.322 5116 5116 W View : requestLayout() improperly called by android.widget.FrameLayout{28e3201 V.E...... ......ID 640,0-1920,720 #7f0b00aa app:id/current_image} during layout: running second layout pass
03-25 18:49:34.322 5116 5116 W View : requestLayout() improperly called by android.widget.FrameLayout{78dc8a6 I.E...... ......ID 640,0-1920,720 #7f0b01f7 app:id/old_image} during layout: running second layout pass
03-25 18:49:34.322 5116 5116 E Clearcut-EventLogger: Unexpected log parameter home_selected_row_position
03-25 18:49:34.322 5116 5116 W HomeController: onResume: List view global layout completed.
03-25 18:49:34.346 3912 3924 I ndroid.systemu: NativeAlloc concurrent copying GC freed 1402(144KB) AllocSpace objects, 0(0B) LOS objects, 49% free, 3509KB/7019KB, paused 66us total 142.751ms
03-25 18:49:34.346 3912 3926 W System : A resource failed to call release.
03-25 18:49:34.347 5116 5116 E Clearcut-EventLogger: Unexpected log parameter watch_next
03-25 18:49:34.357 4345 4345 D BoundBrokerSvc: onBind: Intent { act=com.google.android.gms.udc.service.START cmp=com.google.android.gms/.chimera.PersistentApiService }
03-25 18:49:34.357 4345 4345 D BoundBrokerSvc: Loading bound service for intent: Intent { act=com.google.android.gms.udc.service.START cmp=com.google.android.gms/.chimera.PersistentApiService }
03-25 18:49:34.362 5116 5116 E Clearcut-EventLogger: Unexpected log parameter shown_channel_count
03-25 18:49:34.386 3710 4627 D MediaSessionService: Media button session is changed to null
03-25 18:49:34.388 3710 7712 I ActivityManager: Process org.xbmc.kodi (pid 25903) has died: prcl TRNB
03-25 18:49:34.388 3888 3888 W AvrcpMediaPlayerWrapper: The session was destroyed org.xbmc.kodi
03-25 18:49:34.388 3710 7712 W ActivityManager: Scheduling restart of crashed service org.xbmc.kodi/.channels.SyncChannelJobService in 1000ms for connection
03-25 18:49:34.388 3888 3888 D AvrcpMediaPlayerList: sessionUpdatedCallback(): packageName: org.xbmc.kodi
03-25 18:49:34.389 3888 3888 D AvrcpMediaPlayerList: sendMediaUpdate
03-25 18:49:34.389 3888 3888 D AvrcpMediaPlayerList: sendMediaUpdate state=null
03-25 18:49:34.389 3888 3888 D AvrcpTargetService: onMediaUpdated: track_changed=false state=false queue=false
03-25 18:49:34.389 3888 3888 D AvrcpNativeInterface: sendMediaUpdate: metadata=false playStatus=false queue=false
03-25 18:49:34.389 3888 3888 D AvrcpTargetJni: sendMediaUpdateNative
03-25 18:49:34.389 3888 3888 I bt_stack: [INFO:avrcp_service.cc(346)] virtual void bluetooth::avrcp::AvrcpService::SendMediaUpdate(bool, bool, bool) track_changed=0 : play_state=0 : queue=0
03-25 18:49:34.389 3888 3888 D AvrcpMediaPlayerList: Removing media player org.xbmc.kodi
03-25 18:49:34.389 3888 3888 D AvrcpMediaPlayerList: org.xbmc.kodi doesn't have a browse service. Recycle player ID.
03-25 18:49:34.394 3888 3888 V AvrcpMediaPlayerList: onActiveSessionsChanged: number of controllers: 0
03-25 18:49:34.394 6461 6461 D WargMsAppMgr: A new media session detected: null
03-25 18:49:34.396 5523 5523 D DeviceControlManagerService: no active session
03-25 18:49:34.397 3321 3321 I Zygote : Process 25903 exited due to signal 11 (Segmentation fault)
03-25 18:49:34.398 4373 4373 I GoogleInputMethodService: GoogleInputMethodService.onFinishInput():3466
03-25 18:49:34.398 4373 4373 I GoogleInputMethodService: GoogleInputMethodService.onStartInput():2045
03-25 18:49:34.399 4373 4373 I DeviceUnlockedTag: DeviceUnlockedTag.notifyDeviceLockStatusChanged():38 Notify device unlocked.
03-25 18:49:34.431 3710 3744 I libprocessgroup: Successfully killed process cgroup uid 10111 pid 25903 in 42ms
03-25 18:49:34.456 4345 4345 D BoundBrokerSvc: onBind: Intent { act=com.google.android.gms.auth.account.workaccount.START cmp=com.google.android.gms/.chimera.PersistentApiService }
03-25 18:49:34.456 4345 4345 D BoundBrokerSvc: Loading bound service for intent: Intent { act=com.google.android.gms.auth.account.workaccount.START cmp=com.google.android.gms/.chimera.PersistentApiService }
03-25 18:49:34.515 5116 5116 E Clearcut-EventLogger: Unexpected log parameter tray_notification_count
03-25 18:49:34.930 3353 3498 D NvOsDebugPrintf: NvRmStreamFree: WARN: pStream is NULL
03-25 18:49:35.497 4606 4635 I ShieldBluetoothScanPolicy: Scans allowed due to PACKAGE POLL
03-25 18:49:35.497 4606 4635 D BluetoothAdapter: isLeEnabled(): ON
03-25 18:49:35.499 3888 4541 I bt_stack: [INFO:gatt_api.cc(947)] GATT_Register b015867a-f5f2-edd8-0047-cdc4b0302ac1
03-25 18:49:35.499 3888 4541 I bt_stack: [INFO:gatt_api.cc(967)] allocated gatt_if=5
03-25 18:49:35.499 4606 4720 D BluetoothLeScanner: onScannerRegistered() - status=0 scannerId=5 mScannerId=0
03-25 18:49:35.501 3888 3906 E BluetoothUtils: Permission denial: Location is off.
03-25 18:49:35.505 3888 4032 D AdapterProperties: Discoverable Timeout:0
03-25 18:49:35.506 3888 4032 D AdapterProperties: Scan Mode:23
03-25 18:49:35.510 3888 4352 I nv_bt_stats: btif_nv_stats_update_host_stats() addr: ff:ff:ff:ff:ff:ff , json string: cmd_timeout_rsp_after_to
03-25 18:49:37.419 3710 4486 E TaskPersister: File error accessing recents directory (directory doesn't exist?).
03-25 18:49:35.580 3888 4352 I chatty : uid=1002(bluetooth) HwBinder:3888_1 identical 19 lines
03-25 18:49:35.584 3888 4352 I nv_bt_stats: btif_nv_stats_update_host_stats() addr: ff:ff:ff:ff:ff:ff , json string: cmd_timeout_rsp_after_to
03-25 18:49:38.003 6461 6461 I chromium: [6461:6461:INFO:robot_account_auth_manager.cc(393)] Sending oauth request for client_id: 0
03-25 18:49:38.004 6461 6461 I chromium: [6461:6461:INFO:metrics_recorder.cc(188)] cast event: Cast.RobotAccountAuth.FetchToken
03-25 18:49:38.004 6461 6627 I chromium: [6461:6627:INFO:chromium_http_connection.cc(443)] Creating a new chromium http url loader factory
03-25 18:49:38.132 6461 6461 I chromium: [6461:6461:INFO:robot_account_auth_manager.cc(534)] Got CAS response: 200
03-25 18:49:38.132 6461 6461 I chromium: [6461:6461:INFO:metrics_recorder.cc(188)] cast event: Cast.RobotAccountAuth.Update.NO_ERROR.NO_ERROR
03-25 18:49:38.132 6461 6461 I chromium: [6461:6461:INFO:robot_account_auth_manager.cc(777)] Current error: NO_ERROR, new error: NO_ERROR
03-25 18:49:38.132 6461 6461 I chromium: [6461:6461:INFO:user_auth_impl.cc(172)] Notified all the observers of new auth tokens.
03-25 18:49:39.431 6461 6668 I chromium: [6461:6668:INFO:wifi_proximity.cc(177)] Request scan.
03-25 18:49:39.935 3353 3498 V hdcp up : tsec_version: 1
03-25 18:49:40.594 3353 3498 D NvOsDebugPrintf: NvRmStreamFree: WARN: pStream is NULL
03-25 18:49:45.599 3353 3498 V hdcp up : tsec_version: 1
03-25 18:49:46.258 3353 3498 D NvOsDebugPrintf: NvRmStreamFree: WARN: pStream is NULL
03-25 18:49:49.245 25943 25962 E TVNotifService: getConnectedInstanceBlockingWithTimeout - Exited on timeout
03-25 18:49:49.245 25943 25962 E TVNotifService.NotifMgr: Cannot get notification service while fetching tray notifications
03-25 18:49:49.258 25943 25961 E TVNotifService: getConnectedInstanceBlockingWithTimeout - Exited on timeout
03-25 18:49:49.258 25943 25961 E TVNotifService.NotifMgr: Cannot get notification service while fetching total notifications count
03-25 18:49:49.390 4345 4345 D BoundBrokerSvc: onUnbind: Intent { act=com.google.android.gms.udc.service.START cmp=com.google.android.gms/.chimera.PersistentApiService }
03-25 18:49:49.461 4345 4345 D BoundBrokerSvc: onUnbind: Intent { act=com.google.android.gms.auth.account.workaccount.START cmp=com.google.android.gms/.chimera.PersistentApiService }
03-25 18:49:51.263 3353 3498 V hdcp up : tsec_version: 1
03-25 18:49:51.922 3353 3498 D NvOsDebugPrintf: NvRmStreamFree: WARN: pStream is NULL
03-25 18:49:53.357 3710 6693 D CompatibilityChangeReporter: Compat change id reported: 149924527; UID 2000; state: ENABLED
03-25 18:49:53.358 3710 6693 D CompatibilityChangeReporter: Compat change id reported: 132649864; UID 2000; state: DISABLED