10-21 19:39:40.594 I/Kernel ( 35): [ 3174.473673].(1)[35:kworker/1:1] ABB T=92700
10-21 19:39:41.014 I/Vlog ( 979): Thermal:Screen_On_Thermal_Throttling_P2P_Off:fgtracking=false;DV;1,key=1;DV;1,Timer=2.7805555555555553E-4;TI;1,unit=hours;DV;1,metadata=org.xbmc.kodi;DV;1:HI
10-21 19:39:41.284 I/Kernel ( 8542): [ 3175.163660].(2)[8542:kworker/2:0][MUSB] USB is ready for connect
10-21 19:39:41.594 I/Kernel ( 35): [ 3175.473625].(1)[35:kworker/1:1] ABB T=92900
10-21 19:39:41.734 I/Kernel ( 29): [ 3175.613639].(1)[29:update_secureti]enter TEE_Icnt_time
10-21 19:39:41.734 I/Kernel ( 29): [ 3175.613917].(1)[29:update_secureti]update_securetime_thread_gb updata inc count
10-21 19:39:42.594 I/Kernel ( 35): [ 3176.473616].(1)[35:kworker/1:1] ABB T=93300
10-21 19:39:43.594 I/Kernel ( 35): [ 3177.473608].(1)[35:kworker/1:1] ABB T=92900
10-21 19:39:44.594 I/Kernel ( 35): [ 3178.473620].(1)[35:kworker/1:1] ABB T=92900
10-21 19:39:45.594 I/Kernel ( 35): [ 3179.473646].(1)[35:kworker/1:1] ABB T=92200
10-21 19:39:46.594 I/Kernel ( 35): [ 3180.473601].(1)[35:kworker/1:1] ABB T=95100
10-21 19:39:46.734 I/Kernel ( 29): [ 3180.613659].(1)[29:update_secureti]enter TEE_Icnt_time
10-21 19:39:46.734 I/Kernel ( 29): [ 3180.613950].(1)[29:update_secureti]update_securetime_thread_gb updata inc count
10-21 19:39:47.019 I/Vlog ( 979): Thermal:Screen_On_Thermal_Throttling_P2P_Off:fgtracking=false;DV;1,key=0;DV;1,Timer=0.0016680555555555557;TI;1,unit=hours;DV;1,metadata=org.xbmc.kodi;DV;1:HI
10-21 19:39:47.304 I/Kernel ( 8542): [ 3181.183681].(2)[8542:kworker/2:0][MUSB] USB is ready for connect
10-21 19:39:47.594 I/Kernel ( 35): [ 3181.473643].(1)[35:kworker/1:1] ABB T=96600
10-21 19:39:48.014 I/Vlog ( 979): Thermal:Screen_On_Thermal_Throttling_P2P_Off:fgtracking=false;DV;1,key=1;DV;1,Timer=2.761111111111111E-4;TI;1,unit=hours;DV;1,metadata=org.xbmc.kodi;DV;1:HI
10-21 19:39:48.594 I/Kernel ( 35): [ 3182.473673].(1)[35:kworker/1:1] ABB T=93200
10-21 19:39:48.794 I/Kernel ( 0): [ 3182.673560]-(1)[0:swapper/1][printk_delayed:start]
10-21 19:39:48.794 I/Kernel ( 0): [ 3182.673613]-(1)[0:swapper/1][WDK], local_bit:0x8, cpu:1,RT[3182663609799]
10-21 19:39:48.794 I/Kernel ( 0): [ 3182.673613][WDK], local_bit:0xa, cpu:1, check bit0x:f,RT[3182663626876]
10-21 19:39:48.794 I/Kernel ( 0): [ 3182.673613][thread:60][RT:3182663638415] 2019-10-21 17:39:48.792004 UTC; android time 2019-10-21 18:39:48.792004
10-21 19:39:48.794 I/Kernel ( 0): [ 3182.673652]-(1)[0:swapper/1][printk_delayed:done]
10-21 19:39:48.804 I/Kernel ( 0): [ 3182.683548]-(2)[0:swapper/2][printk_delayed:start]
10-21 19:39:48.804 I/Kernel ( 0): [ 3182.683561]-(0)[0:swapper/0][printk_delayed:start]
10-21 19:39:48.804 I/Kernel ( 0): [ 3182.683583]-(0)[0:swapper/0][WDK], local_bit:0xa, cpu:0,RT[3182673624107]
10-21 19:39:48.804 I/Kernel ( 0): [ 3182.683583][WDK], local_bit:0xb, cpu:0, check bit0x:f,RT[3182673634568]
10-21 19:39:48.804 I/Kernel ( 0): [ 3182.683583][thread:59][RT:3182673644491] 2019-10-21 17:39:48.802011 UTC; android time 2019-10-21 18:39:48.802011
10-21 19:39:48.804 I/Kernel ( 0): [ 3182.683591]-(0)[0:swapper/0][printk_delayed:done]
10-21 19:39:48.804 I/Kernel ( 0): [ 3182.683665]-(2)[0:swapper/2][WDK], local_bit:0xb, cpu:2,RT[3182678719261]
10-21 19:39:48.804 I/Kernel ( 0): [ 3182.683665][WDK], local_bit:0xf, cpu:2, check bit0x:f,RT[3182678734107]
10-21 19:39:48.804 I/Kernel ( 0): [ 3182.683665][WDK]: kick Ex WDT,RT[3182678740645]
10-21 19:39:48.804 I/Kernel ( 0): [ 3182.683665][thread:61][RT:3182678873799] 2019-10-21 17:39:48.807241 UTC; android time 2019-10-21 18:39:48.807241
10-21 19:39:48.804 I/Kernel ( 0): [ 3182.683711]-(2)[0:swapper/2][printk_delayed:done]
10-21 19:39:49.013 I/Vlog ( 979): Thermal:Screen_On_Thermal_Throttling_P2P_Off:fgtracking=false;DV;1,key=2;DV;1,Timer=2.775E-4;TI;1,unit=hours;DV;1,metadata=org.xbmc.kodi;DV;1:HI
10-21 19:39:49.514 I/Kernel ( 0): [ 3183.393537]-(3)[0:swapper/3][printk_delayed:start]
10-21 19:39:49.514 I/Kernel ( 0): [ 3183.393574]-(3)[0:swapper/3][WDK], local_bit:0x0, cpu:3,RT[3183383547491]
10-21 19:39:49.514 I/Kernel ( 0): [ 3183.393574][WDK], local_bit:0x8, cpu:3, check bit0x:f,RT[3183383559645]
10-21 19:39:49.514 I/Kernel ( 0): [ 3183.393574][thread:62][RT:3183383566799] 2019-10-21 17:39:49.511934 UTC; android time 2019-10-21 18:39:49.511934
10-21 19:39:49.514 I/Kernel ( 0): [ 3183.393598]-(3)[0:swapper/3][printk_delayed:done]
10-21 19:39:49.594 I/Kernel ( 35): [ 3183.473618].(1)[35:kworker/1:1] ABB T=93300
10-21 19:39:50.594 I/Kernel ( 35): [ 3184.473650].(1)[35:kworker/1:1] ABB T=93300
10-21 19:39:51.594 I/Kernel ( 35): [ 3185.473638].(1)[35:kworker/1:1] ABB T=92300
10-21 19:39:51.734 I/Kernel ( 29): [ 3185.613589].(1)[29:update_secureti]enter TEE_Icnt_time
10-21 19:39:51.734 I/Kernel ( 29): [ 3185.613856].(1)[29:update_secureti]update_securetime_thread_gb updata inc count
10-21 19:39:52.560 I/Vlog ( 135): logd:performance:fgtracking=false;DV;1,key=TotalMessages;DV;1,Counter=763;CT;1,unit=count;DV;1:HI
10-21 19:39:52.560 I/Vlog ( 135): logd:performance:fgtracking=false;DV;1,key=DroppedMessages;DV;1,Counter=0;CT;1,unit=count;DV;1:HI
10-21 19:39:52.560 I/Vlog ( 135): logd:performance:fgtracking=false;DV;1,key=Throughput;DV;1,Counter=11.28;CT;1,unit=kbps;DV;1:HI
10-21 19:39:52.594 I/Kernel ( 35): [ 3186.473613].(1)[35:kworker/1:1] ABB T=92300
10-21 19:39:52.874 I/Kernel ( 136): [ 3186.755955].(1)[136:healthd]healthd: battery l=100 v=4200 t=2.2 h=2 st=5 chg=u
10-21 19:39:53.324 I/Kernel ( 8542): [ 3187.203578].(2)[8542:kworker/2:0][MUSB] USB is ready for connect
10-21 19:39:53.594 I/Kernel ( 35): [ 3187.473629].(1)[35:kworker/1:1] ABB T=92500
10-21 19:39:54.444 I/Kernel ( 434): [ 3188.323593][hdmi]#1506
10-21 19:39:54.444 I/Kernel ( 434): [hdmi] list empty 106000, sleeping
10-21 19:39:54.594 I/Kernel ( 35): [ 3188.473611].(1)[35:kworker/1:1] ABB T=92500
10-21 19:39:55.594 I/Kernel ( 35): [ 3189.473623].(1)[35:kworker/1:1] ABB T=92700
10-21 19:39:56.594 I/Kernel ( 35): [ 3190.473590].(1)[35:kworker/1:1] ABB T=92700
10-21 19:39:56.734 I/Kernel ( 29): [ 3190.613613].(1)[29:update_secureti]enter TEE_Icnt_time
10-21 19:39:56.734 I/Kernel ( 29): [ 3190.613921].(1)[29:update_secureti]update_securetime_thread_gb updata inc count
10-21 19:39:57.594 I/Kernel ( 35): [ 3191.473634].(1)[35:kworker/1:1] ABB T=92700
10-21 19:39:58.594 I/Kernel ( 35): [ 3192.473619].(1)[35:kworker/1:1] ABB T=92500
10-21 19:39:59.344 I/Kernel ( 8542): [ 3193.223605].(2)[8542:kworker/2:0][MUSB] USB is ready for connect
10-21 19:39:59.594 I/Kernel ( 35): [ 3193.473610].(1)[35:kworker/1:1] ABB T=92500
10-21 19:40:00.594 I/Kernel ( 35): [ 3194.473640].(1)[35:kworker/1:1] ABB T=94100
10-21 19:40:01.594 I/Kernel ( 35): [ 3195.473631].(1)[35:kworker/1:1] ABB T=92900
10-21 19:40:01.734 I/Kernel ( 29): [ 3195.613585].(1)[29:update_secureti]enter TEE_Icnt_time
10-21 19:40:01.734 I/Kernel ( 29): [ 3195.613850].(1)[29:update_secureti]update_securetime_thread_gb updata inc count
10-21 19:40:02.594 I/Kernel ( 35): [ 3196.473658].(1)[35:kworker/1:1] ABB T=92900
10-21 19:40:03.594 I/Kernel ( 35): [ 3197.473617].(1)[35:kworker/1:1] ABB T=93300
10-21 19:40:04.594 I/Kernel ( 35): [ 3198.473626].(1)[35:kworker/1:1] ABB T=92500
10-21 19:40:05.364 I/Kernel ( 8542): [ 3199.243604].(2)[8542:kworker/2:0][MUSB] USB is ready for connect
10-21 19:40:05.594 I/Kernel ( 35): [ 3199.473627].(1)[35:kworker/1:1] ABB T=92700
10-21 19:40:06.594 I/Kernel ( 35): [ 3200.473625].(1)[35:kworker/1:1] ABB T=93100
10-21 19:40:06.734 I/Kernel ( 29): [ 3200.613591].(1)[29:update_secureti]enter TEE_Icnt_time
10-21 19:40:06.734 I/Kernel ( 29): [ 3200.613867].(1)[29:update_secureti]update_securetime_thread_gb updata inc count
10-21 19:40:07.594 I/Kernel ( 35): [ 3201.473624].(1)[35:kworker/1:1] ABB T=91900
10-21 19:40:08.594 I/Kernel ( 35): [ 3202.473613].(1)[35:kworker/1:1] ABB T=92000
10-21 19:40:08.804 I/Kernel ( 0): [ 3202.683544]-(1)[0:swapper/1][printk_delayed:start]
10-21 19:40:08.804 I/Kernel ( 0): [ 3202.683581]-(1)[0:swapper/1][WDK], local_bit:0x8, cpu:1,RT[3202673578570]
10-21 19:40:08.804 I/Kernel ( 0): [ 3202.683581][WDK], local_bit:0xa, cpu:1, check bit0x:f,RT[3202673592108]
10-21 19:40:08.804 I/Kernel ( 0): [ 3202.683581][thread:60][RT:3202673599570] 2019-10-21 17:40:08.801967 UTC; android time 2019-10-21 18:40:08.801967
10-21 19:40:08.804 I/Kernel ( 0): [ 3202.683720]-(1)[0:swapper/1][printk_delayed:done]
10-21 19:40:08.814 I/Kernel ( 0): [ 3202.693543]-(2)[0:swapper/2][printk_delayed:start]
10-21 19:40:08.814 I/Kernel ( 0): [ 3202.693552]-(0)[329:HWC_vsync][printk_delayed:start]
10-21 19:40:08.814 I/Kernel ( 0): [ 3202.693568]-(0)[329:HWC_vsync][WDK], local_bit:0xe, cpu:0,RT[3202683581262]
10-21 19:40:08.814 I/Kernel ( 0): [ 3202.693568][WDK], local_bit:0xf, cpu:0, check bit0x:f,RT[3202683586185]
10-21 19:40:08.814 I/Kernel ( 0): [ 3202.693568][WDK]: kick Ex WDT,RT[3202683589646]
10-21 19:40:08.814 I/Kernel ( 0): [ 3202.693568][thread:59][RT:3202683722262] 2019-10-21 17:40:08.812091 UTC; android time 2019-10-21 18:40:08.812091
10-21 19:40:08.814 I/Kernel ( 0): [ 3202.693573]-(0)[329:HWC_vsync][printk_delayed:done]
10-21 19:40:08.814 I/Kernel ( 0): [ 3202.693622]-(2)[0:swapper/2][WDK], local_bit:0xa, cpu:2,RT[3202683571031]
10-21 19:40:08.814 I/Kernel ( 0): [ 3202.693622][WDK], local_bit:0xe, cpu:2, check bit0x:f,RT[3202683577339]
10-21 19:40:08.814 I/Kernel ( 0): [ 3202.693622][thread:61][RT:3202683583570] 2019-10-21 17:40:08.811951 UTC; android time 2019-10-21 18:40:08.811951
10-21 19:40:08.814 I/Kernel ( 0): [ 3202.693645]-(2)[0:swapper/2][printk_delayed:done]
10-21 19:40:09.444 I/Kernel ( 434): [ 3203.323603][hdmi]#1506
10-21 19:40:09.444 I/Kernel ( 434): [hdmi] list empty 106500, sleeping
10-21 19:40:09.524 I/Kernel ( 0): [ 3203.403532]-(3)[0:swapper/3][printk_delayed:start]
10-21 19:40:09.524 I/Kernel ( 0): [ 3203.403566]-(3)[0:swapper/3][WDK], local_bit:0x0, cpu:3,RT[3203393594954]
10-21 19:40:09.524 I/Kernel ( 0): [ 3203.403566][WDK], local_bit:0x8, cpu:3, check bit0x:f,RT[3203393607800]
10-21 19:40:09.524 I/Kernel ( 0): [ 3203.403566][thread:62][RT:3203393615800] 2019-10-21 17:40:09.521983 UTC; android time 2019-10-21 18:40:09.521983
10-21 19:40:09.524 I/Kernel ( 0): [ 3203.403591]-(3)[0:swapper/3][printk_delayed:done]
10-21 19:40:09.594 I/Kernel ( 35): [ 3203.473675].(1)[35:kworker/1:1] ABB T=91900
10-21 19:40:10.594 I/Kernel ( 35): [ 3204.473606].(1)[35:kworker/1:1] ABB T=92500
10-21 19:40:11.334 I/wpa_supplicant( 1270): wifi:wpa_supplicant:freq_2437=1;CT;1:NR
10-21 19:40:11.334 I/wpa_supplicant( 1270): wifi:wpa_supplicant:rssi_4_bar=1;CT;1,rssi=38;CT;1:NR
10-21 19:40:11.324 I/Kernel ( 1270): [ 3205.206420].(2)[1270:wpa_supplicant]kck:
10-21 19:40:11.324 I/Kernel ( 1270): [ 3205.206461].(2)[1270:wpa_supplicant] 0000: c6 3d c8 cb b8 30 72 02 fa 9e ae 26 c1 b8 32 2b
10-21 19:40:11.324 I/Kernel ( 1270): [ 3205.206475].(2)[1270:wpa_supplicant]kek:
10-21 19:40:11.324 I/Kernel ( 1270): [ 3205.206498].(2)[1270:wpa_supplicant] 0000: 67 53 e1 a5 02 a6 6a 60 d9 82 44 62 b8 63 72 af
10-21 19:40:11.324 I/Kernel ( 1270): [ 3205.206513].(2)[1270:wpa_supplicant]replay_ctr:
10-21 19:40:11.324 I/Kernel ( 1270): [ 3205.206530].(2)[1270:wpa_supplicant] 0000: 00 00 00 00 00 00 00 08
10-21 19:40:11.384 I/Kernel ( 8542): [ 3205.263632].(2)[8542:kworker/2:0][MUSB] USB is ready for connect
10-21 19:40:11.594 I/Kernel ( 35): [ 3205.473617].(1)[35:kworker/1:1] ABB T=92000
10-21 19:40:11.734 I/Kernel ( 29): [ 3205.613586].(1)[29:update_secureti]enter TEE_Icnt_time
10-21 19:40:11.734 I/Kernel ( 29): [ 3205.613879].(1)[29:update_secureti]update_securetime_thread_gb updata inc count
10-21 19:40:12.594 I/Kernel ( 35): [ 3206.473635].(1)[35:kworker/1:1] ABB T=92300
10-21 19:40:13.594 I/Kernel ( 35): [ 3207.473604].(1)[35:kworker/1:1] ABB T=92600
10-21 19:40:14.594 I/Kernel ( 35): [ 3208.473603].(1)[35:kworker/1:1] ABB T=91800
10-21 19:40:15.594 I/Kernel ( 35): [ 3209.473625].(1)[35:kworker/1:1] ABB T=92000
10-21 19:40:16.594 I/Kernel ( 35): [ 3210.473630].(1)[35:kworker/1:1] ABB T=91900
10-21 19:40:16.734 I/Kernel ( 29): [ 3210.613597].(1)[29:update_secureti]enter TEE_Icnt_time
10-21 19:40:16.734 I/Kernel ( 29): [ 3210.613894].(1)[29:update_secureti]update_securetime_thread_gb updata inc count
10-21 19:40:17.404 I/Kernel ( 8542): [ 3211.283678].(2)[8542:kworker/2:0][MUSB] USB is ready for connect
10-21 19:40:17.594 I/Kernel ( 35): [ 3211.473613].(1)[35:kworker/1:1] ABB T=92200
10-21 19:40:18.594 I/Kernel ( 35): [ 3212.473673].(1)[35:kworker/1:1] ABB T=92100
10-21 19:40:19.594 I/Kernel ( 35): [ 3213.473613].(1)[35:kworker/1:1] ABB T=92200
10-21 19:40:20.594 I/Kernel ( 35): [ 3214.473616].(1)[35:kworker/1:1] ABB T=92200
10-21 19:40:21.594 I/Kernel ( 35): [ 3215.473633].(1)[35:kworker/1:1] ABB T=92500
10-21 19:40:21.734 I/Kernel ( 29): [ 3215.613597].(1)[29:update_secureti]enter TEE_Icnt_time
10-21 19:40:21.734 I/Kernel ( 29): [ 3215.613880].(1)[29:update_secureti]update_securetime_thread_gb updata inc count
10-21 19:40:22.594 I/Kernel ( 35): [ 3216.473617].(1)[35:kworker/1:1] ABB T=92300
10-21 19:40:23.424 I/Kernel ( 8542): [ 3217.303621].(2)[8542:kworker/2:0][MUSB] USB is ready for connect
10-21 19:40:23.594 I/Kernel ( 35): [ 3217.473612].(1)[35:kworker/1:1] ABB T=92300
10-21 19:40:24.444 I/Kernel ( 434): [ 3218.323609][hdmi]#1506
10-21 19:40:24.444 I/Kernel ( 434): [hdmi] list empty 107000, sleeping
10-21 19:40:24.594 I/Kernel ( 35): [ 3218.473617].(1)[35:kworker/1:1] ABB T=92100
10-21 19:40:25.594 I/Kernel ( 35): [ 3219.473620].(1)[35:kworker/1:1] ABB T=92500
10-21 19:40:26.594 I/Kernel ( 35): [ 3220.473618].(1)[35:kworker/1:1] ABB T=92900
10-21 19:40:26.734 I/Kernel ( 29): [ 3220.613597].(1)[29:update_secureti]enter TEE_Icnt_time
10-21 19:40:26.734 I/Kernel ( 29): [ 3220.613895].(1)[29:update_secureti]update_securetime_thread_gb updata inc count
10-21 19:40:27.594 I/Kernel ( 35): [ 3221.473644].(1)[35:kworker/1:1] ABB T=91900
10-21 19:40:28.594 I/Kernel ( 35): [ 3222.473622].(1)[35:kworker/1:1] ABB T=91800
10-21 19:40:28.814 I/Kernel ( 1385): [ 3222.693545]-(1)[8386:Binder_5][printk_delayed:start]
10-21 19:40:28.814 I/Kernel ( 1385): [ 3222.693582]-(1)[8386:Binder_5][WDK], local_bit:0x8, cpu:1,RT[3222683596725]
10-21 19:40:28.814 I/Kernel ( 1385): [ 3222.693582][WDK], local_bit:0xa, cpu:1, check bit0x:f,RT[3222683613263]
10-21 19:40:28.814 I/Kernel ( 1385): [ 3222.693582][thread:60][RT:3222683621109] 2019-10-21 17:40:28.811988 UTC; android time 2019-10-21 18:40:28.811988
10-21 19:40:28.814 I/Kernel ( 1385): [ 3222.693606]-(1)[8386:Binder_5][printk_delayed:done]
10-21 19:40:28.824 I/Kernel ( 0): [ 3222.703539]-(0)[0:swapper/0][printk_delayed:start]
10-21 19:40:28.824 I/Kernel ( 0): [ 3222.703548]-(2)[7923:Thread-732][printk_delayed:start]
10-21 19:40:28.824 I/Kernel ( 0): [ 3222.703564]-(2)[7923:Thread-732][WDK], local_bit:0xa, cpu:2,RT[3222693562494]
10-21 19:40:28.824 I/Kernel ( 0): [ 3222.703564][WDK], local_bit:0xe, cpu:2, check bit0x:f,RT[3222693568955]
10-21 19:40:28.824 I/Kernel ( 0): [ 3222.703564][thread:61][RT:3222693575725] 2019-10-21 17:40:28.821943 UTC; android time 2019-10-21 18:40:28.821943
10-21 19:40:28.824 I/Kernel ( 0): [ 3222.703569]-(2)[7923:Thread-732][printk_delayed:done]
10-21 19:40:28.824 I/Kernel ( 0): [ 3222.703615]-(0)[0:swapper/0][WDK], local_bit:0xe, cpu:0,RT[3222693595263]
10-21 19:40:28.824 I/Kernel ( 0): [ 3222.703615][WDK], local_bit:0xf, cpu:0, check bit0x:f,RT[3222693600955]
10-21 19:40:28.824 I/Kernel ( 0): [ 3222.703615][WDK]: kick Ex WDT,RT[3222693604571]
10-21 19:40:28.824 I/Kernel ( 0): [ 3222.703615][thread:59][RT:3222693777186] 2019-10-21 17:40:28.822145 UTC; android time 2019-10-21 18:40:28.822145
10-21 19:40:28.824 I/Kernel ( 0): [ 3222.703643]-(0)[0:swapper/0][printk_delayed:done]
10-21 19:40:29.444 I/Kernel ( 8542): [ 3223.323592].(2)[8542:kworker/2:0][MUSB] USB is ready for connect
10-21 19:40:29.534 I/Kernel ( 0): [ 3223.413552]-(3)[0:swapper/3][printk_delayed:start]
10-21 19:40:29.534 I/Kernel ( 0): [ 3223.413601]-(3)[0:swapper/3][WDK], local_bit:0x0, cpu:3,RT[3223403559648]
10-21 19:40:29.534 I/Kernel ( 0): [ 3223.413601][WDK], local_bit:0x8, cpu:3, check bit0x:f,RT[3223403572186]
10-21 19:40:29.534 I/Kernel ( 0): [ 3223.413601][thread:62][RT:3223403579571] 2019-10-21 17:40:29.531947 UTC; android time 2019-10-21 18:40:29.531947
10-21 19:40:29.534 I/Kernel ( 0): [ 3223.413626]-(3)[0:swapper/3][printk_delayed:done]
10-21 19:40:29.594 I/Kernel ( 35): [ 3223.473592].(1)[35:kworker/1:1] ABB T=91700
10-21 19:40:30.594 I/Kernel ( 35): [ 3224.473653].(1)[35:kworker/1:1] ABB T=91800
10-21 19:40:31.594 I/Kernel ( 35): [ 3225.473600].(1)[35:kworker/1:1] ABB T=91800
10-21 19:40:31.734 I/Kernel ( 29): [ 3225.613624].(1)[29:update_secureti]enter TEE_Icnt_time
10-21 19:40:31.734 I/Kernel ( 29): [ 3225.613913].(1)[29:update_secureti]update_securetime_thread_gb updata inc count
10-21 19:40:32.594 I/Kernel ( 35): [ 3226.473605].(1)[35:kworker/1:1] ABB T=91500
10-21 19:40:33.594 I/Kernel ( 35): [ 3227.473631].(1)[35:kworker/1:1] ABB T=91700
10-21 19:40:34.594 I/Kernel ( 35): [ 3228.473634].(1)[35:kworker/1:1] ABB T=91800
10-21 19:40:35.464 I/Kernel ( 8542): [ 3229.343766].(2)[8542:kworker/2:0][MUSB] USB is ready for connect
10-21 19:40:35.594 I/Kernel ( 35): [ 3229.473613].(1)[35:kworker/1:1] ABB T=91700
10-21 19:40:36.594 I/Kernel ( 35): [ 3230.473622].(1)[35:kworker/1:1] ABB T=91500
10-21 19:40:36.734 I/Kernel ( 29): [ 3230.613586].(1)[29:update_secureti]enter TEE_Icnt_time
10-21 19:40:36.734 I/Kernel ( 29): [ 3230.613865].(1)[29:update_secureti]update_securetime_thread_gb updata inc count
10-21 19:40:37.594 I/Kernel ( 35): [ 3231.473609].(1)[35:kworker/1:1] ABB T=91400
10-21 19:40:38.594 I/Kernel ( 35): [ 3232.473605].(1)[35:kworker/1:1] ABB T=92000
10-21 19:40:39.444 I/Kernel ( 434): [ 3233.323582][hdmi]#1506
10-21 19:40:39.444 I/Kernel ( 434): [hdmi] list empty 107500, sleeping
10-21 19:40:39.594 I/Kernel ( 35): [ 3233.473641].(1)[35:kworker/1:1] ABB T=91900
10-21 19:40:40.594 I/Kernel ( 35): [ 3234.473630].(1)[35:kworker/1:1] ABB T=92000
10-21 19:40:41.484 I/Kernel ( 8542): [ 3235.363621].(2)[8542:kworker/2:0][MUSB] USB is ready for connect
10-21 19:40:41.594 I/Kernel ( 35): [ 3235.473690].(1)[35:kworker/1:1] ABB T=92000
10-21 19:40:41.734 I/Kernel ( 29): [ 3235.613601].(1)[29:update_secureti]enter TEE_Icnt_time
10-21 19:40:41.734 I/Kernel ( 29): [ 3235.613895].(1)[29:update_secureti]update_securetime_thread_gb updata inc count
10-21 19:40:42.594 I/Kernel ( 35): [ 3236.473649].(1)[35:kworker/1:1] ABB T=92000
10-21 19:40:43.594 I/Kernel ( 35): [ 3237.473627].(1)[35:kworker/1:1] ABB T=92000
10-21 19:40:44.594 I/Kernel ( 35): [ 3238.473605].(1)[35:kworker/1:1] ABB T=92100
10-21 19:40:45.594 I/Kernel ( 35): [ 3239.473609].(1)[35:kworker/1:1] ABB T=92000
10-21 19:40:46.594 I/Kernel ( 35): [ 3240.473627].(1)[35:kworker/1:1] ABB T=92300
10-21 19:40:46.734 I/Kernel ( 29): [ 3240.613642].(1)[29:update_secureti]enter TEE_Icnt_time
10-21 19:40:46.734 I/Kernel ( 29): [ 3240.613930].(1)[29:update_secureti]update_securetime_thread_gb updata inc count
10-21 19:40:47.504 I/Kernel ( 8542): [ 3241.383594].(2)[8542:kworker/2:0][MUSB] USB is ready for connect
10-21 19:40:47.594 I/Kernel ( 35): [ 3241.473602].(1)[35:kworker/1:1] ABB T=91900
10-21 19:40:48.594 I/Kernel ( 35): [ 3242.473642].(1)[35:kworker/1:1] ABB T=91400
10-21 19:40:48.824 I/Kernel ( 0): [ 3242.703540]-(1)[0:swapper/1][printk_delayed:start]
10-21 19:40:48.824 I/Kernel ( 0): [ 3242.703577]-(1)[0:swapper/1][WDK], local_bit:0x8, cpu:1,RT[3242693573110]
10-21 19:40:48.824 I/Kernel ( 0): [ 3242.703577][WDK], local_bit:0xa, cpu:1, check bit0x:f,RT[3242693585264]
10-21 19:40:48.824 I/Kernel ( 0): [ 3242.703577][thread:60][RT:3242693593264] 2019-10-21 17:40:48.821961 UTC; android time 2019-10-21 18:40:48.821961
10-21 19:40:48.824 I/Kernel ( 0): [ 3242.703736]-(1)[0:swapper/1][printk_delayed:done]
10-21 19:40:48.834 I/Kernel ( 0): [ 3242.713540]-(2)[0:swapper/2][printk_delayed:start]
10-21 19:40:48.834 I/Kernel ( 0): [ 3242.713548]-(0)[0:swapper/0][printk_delayed:start]
10-21 19:40:48.834 I/Kernel ( 0): [ 3242.713564]-(0)[0:swapper/0][WDK], local_bit:0xa, cpu:0,RT[3242703567803]
10-21 19:40:48.834 I/Kernel ( 0): [ 3242.713564][WDK], local_bit:0xb, cpu:0, check bit0x:f,RT[3242703574341]
10-21 19:40:48.834 I/Kernel ( 0): [ 3242.713564][thread:59][RT:3242703581187] 2019-10-21 17:40:48.831948 UTC; android time 2019-10-21 18:40:48.831948
10-21 19:40:48.834 I/Kernel ( 0): [ 3242.713569]-(0)[0:swapper/0][printk_delayed:done]
10-21 19:40:48.834 I/Kernel ( 0): [ 3242.713613]-(2)[0:swapper/2][WDK], local_bit:0xb, cpu:2,RT[3242703578033]
10-21 19:40:48.834 I/Kernel ( 0): [ 3242.713613][WDK], local_bit:0xf, cpu:2, check bit0x:f,RT[3242703583033]
10-21 19:40:48.834 I/Kernel ( 0): [ 3242.713613][WDK]: kick Ex WDT,RT[3242703586495]
10-21 19:40:48.834 I/Kernel ( 0): [ 3242.713613][thread:61][RT:3242703738803] 2019-10-21 17:40:48.832107 UTC; android time 2019-10-21 18:40:48.832107
10-21 19:40:48.834 I/Kernel ( 0): [ 3242.713641]-(2)[0:swapper/2][printk_delayed:done]
10-21 19:40:49.544 I/Kernel ( 0): [ 3243.423540]-(3)[0:swapper/3][printk_delayed:start]
10-21 19:40:49.544 I/Kernel ( 0): [ 3243.423577]-(3)[0:swapper/3][WDK], local_bit:0x0, cpu:3,RT[3243413607110]
10-21 19:40:49.544 I/Kernel ( 0): [ 3243.423577][WDK], local_bit:0x8, cpu:3, check bit0x:f,RT[3243413620803]
10-21 19:40:49.544 I/Kernel ( 0): [ 3243.423577][thread:62][RT:3243413628649] 2019-10-21 17:40:49.541996 UTC; android time 2019-10-21 18:40:49.541996
10-21 19:40:49.544 I/Kernel ( 0): [ 3243.423602]-(3)[0:swapper/3][printk_delayed:done]
10-21 19:40:49.594 I/Kernel ( 35): [ 3243.473602].(1)[35:kworker/1:1] ABB T=91100
10-21 19:40:50.594 I/Kernel ( 35): [ 3244.473616].(1)[35:kworker/1:1] ABB T=91500
10-21 19:40:51.594 I/Kernel ( 35): [ 3245.473626].(1)[35:kworker/1:1] ABB T=91500
10-21 19:40:51.734 I/Kernel ( 29): [ 3245.613575].(1)[29:update_secureti]enter TEE_Icnt_time
10-21 19:40:51.734 I/Kernel ( 29): [ 3245.613845].(1)[29:update_secureti]update_securetime_thread_gb updata inc count
10-21 19:40:52.561 I/Vlog ( 135): logd:performance:fgtracking=false;DV;1,key=TotalMessages;DV;1,Counter=689;CT;1,unit=count;DV;1:HI
10-21 19:40:52.561 I/Vlog ( 135): logd:performance:fgtracking=false;DV;1,key=DroppedMessages;DV;1,Counter=0;CT;1,unit=count;DV;1:HI
10-21 19:40:52.561 I/Vlog ( 135): logd:performance:fgtracking=false;DV;1,key=Throughput;DV;1,Counter=9.79;CT;1,unit=kbps;DV;1:HI
10-21 19:40:52.594 I/Kernel ( 35): [ 3246.473608].(1)[35:kworker/1:1] ABB T=92200
10-21 19:40:52.874 I/Kernel ( 136): [ 3246.755867].(1)[136:healthd]healthd: battery l=100 v=4200 t=2.2 h=2 st=5 chg=u
10-21 19:40:53.524 I/Kernel ( 8542): [ 3247.403609].(2)[8542:kworker/2:0][MUSB] USB is ready for connect
10-21 19:40:53.594 I/Kernel ( 35): [ 3247.473607].(1)[35:kworker/1:1] ABB T=91100
10-21 19:40:54.444 I/Kernel ( 434): [ 3248.323575][hdmi]#1506
10-21 19:40:54.444 I/Kernel ( 434): [hdmi] list empty 108000, sleeping
10-21 19:40:54.594 I/Kernel ( 35): [ 3248.473626].(1)[35:kworker/1:1] ABB T=91400
10-21 19:40:55.594 I/Kernel ( 35): [ 3249.473612].(1)[35:kworker/1:1] ABB T=91900
10-21 19:40:56.594 I/Kernel ( 35): [ 3250.473630].(1)[35:kworker/1:1] ABB T=90900
10-21 19:40:56.734 I/Kernel ( 29): [ 3250.613586].(1)[29:update_secureti]enter TEE_Icnt_time
10-21 19:40:56.734 I/Kernel ( 29): [ 3250.613856].(1)[29:update_secureti]update_securetime_thread_gb updata inc count
10-21 19:40:57.594 I/Kernel ( 35): [ 3251.473634].(1)[35:kworker/1:1] ABB T=91400
10-21 19:40:58.594 I/Kernel ( 35): [ 3252.473605].(1)[35:kworker/1:1] ABB T=91500
10-21 19:40:59.544 I/Kernel ( 8542): [ 3253.423680].(2)[8542:kworker/2:0][MUSB] USB is ready for connect
10-21 19:40:59.594 I/Kernel ( 35): [ 3253.473651].(1)[35:kworker/1:1] ABB T=92000
10-21 19:41:00.594 I/Kernel ( 35): [ 3254.473637].(1)[35:kworker/1:1] ABB T=92200
10-21 19:41:01.594 I/Kernel ( 35): [ 3255.473594].(1)[35:kworker/1:1] ABB T=91800
10-21 19:41:01.734 I/Kernel ( 29): [ 3255.613661].(1)[29:update_secureti]enter TEE_Icnt_time
10-21 19:41:01.734 I/Kernel ( 29): [ 3255.614021].(1)[29:update_secureti]update_securetime_thread_gb updata inc count
10-21 19:41:02.594 I/Kernel ( 35): [ 3256.473614].(1)[35:kworker/1:1] ABB T=91900
10-21 19:41:03.594 I/Kernel ( 35): [ 3257.473632].(1)[35:kworker/1:1] ABB T=92700
10-21 19:41:04.594 I/Kernel ( 35): [ 3258.473621].(1)[35:kworker/1:1] ABB T=92000
10-21 19:41:05.564 I/Kernel ( 8542): [ 3259.443591].(2)[8542:kworker/2:0][MUSB] USB is ready for connect
10-21 19:41:05.594 I/Kernel ( 35): [ 3259.473607].(1)[35:kworker/1:1] ABB T=91900
10-21 19:41:06.594 I/Kernel ( 35): [ 3260.473657].(1)[35:kworker/1:1] ABB T=92700
10-21 19:41:06.734 I/Kernel ( 29): [ 3260.613569].(1)[29:update_secureti]enter TEE_Icnt_time
10-21 19:41:06.734 I/Kernel ( 29): [ 3260.613839].(1)[29:update_secureti]update_securetime_thread_gb updata inc count
10-21 19:41:07.594 I/Kernel ( 35): [ 3261.473607].(1)[35:kworker/1:1] ABB T=92000
10-21 19:41:08.594 I/Kernel ( 35): [ 3262.473610].(1)[35:kworker/1:1] ABB T=91900
10-21 19:41:08.834 I/Kernel ( 0): [ 3262.713536]-(1)[0:swapper/1][printk_delayed:start]
10-21 19:41:08.834 I/Kernel ( 0): [ 3262.713571]-(1)[0:swapper/1][WDK], local_bit:0x8, cpu:1,RT[3262703588112]
10-21 19:41:08.834 I/Kernel ( 0): [ 3262.713571][WDK], local_bit:0xa, cpu:1, check bit0x:f,RT[3262703600727]
10-21 19:41:08.834 I/Kernel ( 0): [ 3262.713571][thread:60][RT:3262703608496] 2019-10-21 17:41:08.831976 UTC; android time 2019-10-21 18:41:08.831976
10-21 19:41:08.834 I/Kernel ( 0): [ 3262.713714]-(1)[0:swapper/1][printk_delayed:done]
10-21 19:41:08.844 I/Kernel ( 0): [ 3262.723541]-(2)[0:swapper/2][printk_delayed:start]
10-21 19:41:08.844 I/Kernel ( 0): [ 3262.723549]-(0)[0:swapper/0][printk_delayed:start]
10-21 19:41:08.844 I/Kernel ( 0): [ 3262.723566]-(0)[0:swapper/0][WDK], local_bit:0xa, cpu:0,RT[3262713553265]
10-21 19:41:08.844 I/Kernel ( 0): [ 3262.723566][WDK], local_bit:0xb, cpu:0, check bit0x:f,RT[3262713559419]
10-21 19:41:08.844 I/Kernel ( 0): [ 3262.723566][thread:59][RT:3262713565035] 2019-10-21 17:41:08.841933 UTC; android time 2019-10-21 18:41:08.841933
10-21 19:41:08.844 I/Kernel ( 0): [ 3262.723570]-(0)[0:swapper/0][printk_delayed:done]
10-21 19:41:08.844 I/Kernel ( 0): [ 3262.723615]-(2)[0:swapper/2][WDK], local_bit:0xb, cpu:2,RT[3262713563573]
10-21 19:41:08.844 I/Kernel ( 0): [ 3262.723615][WDK], local_bit:0xf, cpu:2, check bit0x:f,RT[3262713568727]
10-21 19:41:08.844 I/Kernel ( 0): [ 3262.723615][WDK]: kick Ex WDT,RT[3262713572265]
10-21 19:41:08.844 I/Kernel ( 0): [ 3262.723615][thread:61][RT:3262713716342] 2019-10-21 17:41:08.842085 UTC; android time 2019-10-21 18:41:08.842085
10-21 19:41:08.844 I/Kernel ( 0): [ 3262.723642]-(2)[0:swapper/2][printk_delayed:done]
10-21 19:41:09.444 I/Kernel ( 434): [ 3263.323579][hdmi]#1506
10-21 19:41:09.444 I/Kernel ( 434): [hdmi] list empty 108500, sleeping
10-21 19:41:09.554 I/Kernel ( 140): [ 3263.433535]-(3)[471:EventThread][printk_delayed:start]
10-21 19:41:09.554 I/Kernel ( 140): [ 3263.433570]-(3)[471:EventThread][WDK], local_bit:0x0, cpu:3,RT[3263423557265]
10-21 19:41:09.554 I/Kernel ( 140): [ 3263.433570][WDK], local_bit:0x8, cpu:3, check bit0x:f,RT[3263423570650]
10-21 19:41:09.554 I/Kernel ( 140): [ 3263.433570][thread:62][RT:3263423578419] 2019-10-21 17:41:09.551946 UTC; android time 2019-10-21 18:41:09.551946
10-21 19:41:09.554 I/Kernel ( 140): [ 3263.433595]-(3)[471:EventThread][printk_delayed:done]
10-21 19:41:09.594 I/Kernel ( 35): [ 3263.473629].(1)[35:kworker/1:1] ABB T=92100
10-21 19:41:10.594 I/Kernel ( 35): [ 3264.473624].(1)[35:kworker/1:1] ABB T=91400
10-21 19:41:11.584 I/Kernel ( 8542): [ 3265.463601].(2)[8542:kworker/2:0][MUSB] USB is ready for connect
10-21 19:41:11.594 I/Kernel ( 35): [ 3265.473608].(1)[35:kworker/1:1] ABB T=91300
10-21 19:41:11.734 I/Kernel ( 29): [ 3265.613631].(0)[29:update_secureti]enter TEE_Icnt_time
10-21 19:41:11.734 I/Kernel ( 29): [ 3265.613915].(0)[29:update_secureti]update_securetime_thread_gb updata inc count
10-21 19:41:12.594 I/Kernel ( 35): [ 3266.473634].(1)[35:kworker/1:1] ABB T=91500
10-21 19:41:13.594 I/Kernel ( 35): [ 3267.473632].(1)[35:kworker/1:1] ABB T=91400
10-21 19:41:14.594 I/Kernel ( 35): [ 3268.473622].(1)[35:kworker/1:1] ABB T=92000
10-21 19:41:15.594 I/Kernel ( 35): [ 3269.473645].(1)[35:kworker/1:1] ABB T=91100
10-21 19:41:16.594 I/Kernel ( 35): [ 3270.473619].(1)[35:kworker/1:1] ABB T=91100
10-21 19:41:16.734 I/Kernel ( 29): [ 3270.613612].(0)[29:update_secureti]enter TEE_Icnt_time
10-21 19:41:16.734 I/Kernel ( 29): [ 3270.613911].(0)[29:update_secureti]update_securetime_thread_gb updata inc count
10-21 19:41:17.374 I/Kernel ( 7530): [ 3271.257669].(1)[7544:GCDaemon]name:Log.amazon_main_462 unmap vm_start 9b83b000 end: 9b844000
10-21 19:41:17.594 I/Kernel ( 35): [ 3271.473601].(1)[35:kworker/1:1] ABB T=91500
10-21 19:41:17.604 I/Kernel ( 8542): [ 3271.483655].(2)[8542:kworker/2:0][MUSB] USB is ready for connect
10-21 19:41:18.594 I/Kernel ( 35): [ 3272.473629].(1)[35:kworker/1:1] ABB T=91400
10-21 19:41:19.594 I/Kernel ( 35): [ 3273.473609].(1)[35:kworker/1:1] ABB T=91100
10-21 19:41:20.594 I/Kernel ( 35): [ 3274.473615].(1)[35:kworker/1:1] ABB T=91800
10-21 19:41:21.594 I/Kernel ( 35): [ 3275.473624].(1)[35:kworker/1:1] ABB T=91800
10-21 19:41:21.734 I/Kernel ( 29): [ 3275.613627].(0)[29:update_secureti]enter TEE_Icnt_time
10-21 19:41:21.734 I/Kernel ( 29): [ 3275.613930].(0)[29:update_secureti]update_securetime_thread_gb updata inc count
10-21 19:41:22.594 I/Kernel ( 35): [ 3276.473639].(1)[35:kworker/1:1] ABB T=92000
10-21 19:41:23.594 I/Kernel ( 35): [ 3277.473625].(1)[35:kworker/1:1] ABB T=92200
10-21 19:41:23.624 I/Kernel ( 8542): [ 3277.503605].(2)[8542:kworker/2:0][MUSB] USB is ready for connect
10-21 19:41:24.444 I/Kernel ( 434): [ 3278.323594][hdmi]#1506
10-21 19:41:24.444 I/Kernel ( 434): [hdmi] list empty 109000, sleeping
10-21 19:41:24.594 I/Kernel ( 35): [ 3278.473633].(1)[35:kworker/1:1] ABB T=91800
10-21 19:41:25.594 I/Kernel ( 35): [ 3279.473613].(1)[35:kworker/1:1] ABB T=91800
10-21 19:41:26.594 I/Kernel ( 35): [ 3280.473602].(1)[35:kworker/1:1] ABB T=92000
10-21 19:41:26.734 I/Kernel ( 29): [ 3280.613637].(0)[29:update_secureti]enter TEE_Icnt_time
10-21 19:41:26.734 I/Kernel ( 29): [ 3280.614030].(0)[29:update_secureti]update_securetime_thread_gb updata inc count
10-21 19:41:27.594 I/Kernel ( 35): [ 3281.473629].(1)[35:kworker/1:1] ABB T=91800
10-21 19:41:28.594 I/Kernel ( 35): [ 3282.473621].(1)[35:kworker/1:1] ABB T=92300
10-21 19:41:28.844 I/Kernel ( 0): [ 3282.723545]-(1)[0:swapper/1][printk_delayed:start]
10-21 19:41:28.844 I/Kernel ( 0): [ 3282.723583]-(1)[0:swapper/1][WDK], local_bit:0x8, cpu:1,RT[3282713570036]
10-21 19:41:28.844 I/Kernel ( 0): [ 3282.723583][WDK], local_bit:0xa, cpu:1, check bit0x:f,RT[3282713583344]
10-21 19:41:28.844 I/Kernel ( 0): [ 3282.723583][thread:60][RT:3282713590805] 2019-10-21 17:41:28.841958 UTC; android time 2019-10-21 18:41:28.841958
10-21 19:41:28.844 I/Kernel ( 0): [ 3282.723607]-(1)[0:swapper/1][printk_delayed:done]
10-21 19:41:28.854 I/Kernel ( 0): [ 3282.733524]-(2)[0:swapper/2]
10-21 19:41:28.854 I/Kernel ( 0): [ 3282.733530]-(0)[0:swapper/0][printk_delayed:start]
10-21 19:41:28.854 I/Kernel ( 0): [ 3282.733543]-(0)[0:swapper/0][WDK], local_bit:0xe, cpu:0,RT[3282723607344]
10-21 19:41:28.854 I/Kernel ( 0): [ 3282.733543][WDK], local_bit:0xf, cpu:0, check bit0x:f,RT[3282723612190]
10-21 19:41:28.854 I/Kernel ( 0): [ 3282.733543][WDK]: kick Ex WDT,RT[3282723615728]
10-21 19:41:28.854 I/Kernel ( 0): [ 3282.733543][thread:59][RT:3282723755190] 2019-10-21 17:41:28.852124 UTC; android time 2019-10-21 18:41:28.852124
10-21 19:41:28.854 I/Kernel ( 0): [ 3282.733549]-(0)[0:swapper/0][printk_delayed:done]
10-21 19:41:28.854 I/Kernel ( 0): [ 3282.733589]-(2)[0:swapper/2][WDK], local_bit:0xa, cpu:2,RT[3282723566113]
10-21 19:41:28.854 I/Kernel ( 0): [ 3282.733589][WDK], local_bit:0xe, cpu:2, check bit0x:f,RT[3282723573036]
10-21 19:41:28.854 I/Kernel ( 0): [ 3282.733589][thread:61][RT:3282723579574] 2019-10-21 17:41:28.851947 UTC; android time 2019-10-21 18:41:28.851947
10-21 19:41:28.854 I/Kernel ( 0): [ 3282.733612]-(2)[0:swapper/2][printk_delayed:done]
10-21 19:41:29.564 I/Kernel ( 0): [ 3283.443541]-(3)[0:swapper/3][printk_delayed:start]
10-21 19:41:29.564 I/Kernel ( 0): [ 3283.443579]-(3)[0:swapper/3][WDK], local_bit:0x0, cpu:3,RT[3283433585421]
10-21 19:41:29.564 I/Kernel ( 0): [ 3283.443579][WDK], local_bit:0x8, cpu:3, check bit0x:f,RT[3283433599113]
10-21 19:41:29.564 I/Kernel ( 0): [ 3283.443579][thread:62][RT:3283433606497] 2019-10-21 17:41:29.561974 UTC; android time 2019-10-21 18:41:29.561974
10-21 19:41:29.564 I/Kernel ( 0): [ 3283.443604]-(3)[0:swapper/3][printk_delayed:done]
10-21 19:41:29.594 I/Kernel ( 35): [ 3283.473628].(1)[35:kworker/1:1] ABB T=91800
10-21 19:41:29.644 I/Kernel ( 8542): [ 3283.523622].(2)[8542:kworker/2:0][MUSB] USB is ready for connect
10-21 19:41:30.594 I/Kernel ( 35): [ 3284.473635].(1)[35:kworker/1:1] ABB T=92000
10-21 19:41:31.594 I/Kernel ( 35): [ 3285.473623].(1)[35:kworker/1:1] ABB T=91500
10-21 19:41:31.734 I/Kernel ( 29): [ 3285.613601].(3)[29:update_secureti]enter TEE_Icnt_time
10-21 19:41:31.734 I/Kernel ( 29): [ 3285.614185].(3)[29:update_secureti]update_securetime_thread_gb updata inc count
10-21 19:41:32.594 I/Kernel ( 35): [ 3286.473591].(1)[35:kworker/1:1] ABB T=91400
10-21 19:41:33.594 I/Kernel ( 35): [ 3287.473641].(1)[35:kworker/1:1] ABB T=91300
10-21 19:41:34.594 I/Kernel ( 35): [ 3288.473616].(1)[35:kworker/1:1] ABB T=91500
10-21 19:41:35.594 I/Kernel ( 35): [ 3289.473604].(1)[35:kworker/1:1] ABB T=91700
10-21 19:41:35.664 I/Kernel ( 8542): [ 3289.543592].(2)[8542:kworker/2:0][MUSB] USB is ready for connect
10-21 19:41:36.594 I/Kernel ( 35): [ 3290.473611].(1)[35:kworker/1:1] ABB T=91100
10-21 19:41:36.734 I/Kernel ( 29): [ 3290.613607].(1)[29:update_secureti]enter TEE_Icnt_time
10-21 19:41:36.734 I/Kernel ( 29): [ 3290.613894].(1)[29:update_secureti]update_securetime_thread_gb updata inc count
10-21 19:41:37.594 I/Kernel ( 35): [ 3291.473648].(1)[35:kworker/1:1] ABB T=91300
10-21 19:41:38.594 I/Kernel ( 35): [ 3292.473652].(1)[35:kworker/1:1] ABB T=91100
10-21 19:41:39.444 I/Kernel ( 434): [ 3293.323592][hdmi]#1506
10-21 19:41:39.444 I/Kernel ( 434): [hdmi] list empty 109500, sleeping
10-21 19:41:39.594 I/Kernel ( 35): [ 3293.473632].(1)[35:kworker/1:1] ABB T=91100
10-21 19:41:40.594 I/Kernel ( 35): [ 3294.473608].(1)[35:kworker/1:1] ABB T=91100
10-21 19:41:41.594 I/Kernel ( 35): [ 3295.473609].(1)[35:kworker/1:1] ABB T=91800
10-21 19:41:41.684 I/Kernel ( 8542): [ 3295.563589].(2)[8542:kworker/2:0][MUSB] USB is ready for connect
10-21 19:41:41.734 I/Kernel ( 29): [ 3295.613596].(1)[29:update_secureti]enter TEE_Icnt_time
10-21 19:41:41.734 I/Kernel ( 29): [ 3295.613866].(1)[29:update_secureti]update_securetime_thread_gb updata inc count
10-21 19:41:42.594 I/Kernel ( 35): [ 3296.473634].(1)[35:kworker/1:1] ABB T=92300
10-21 19:41:43.594 I/Kernel ( 35): [ 3297.473801].(1)[35:kworker/1:1] ABB T=91800
10-21 19:41:44.594 I/Kernel ( 35): [ 3298.473628].(1)[35:kworker/1:1] ABB T=91500
10-21 19:41:45.594 I/Kernel ( 35): [ 3299.473652].(1)[35:kworker/1:1] ABB T=91500
10-21 19:41:46.594 I/Kernel ( 35): [ 3300.473626].(1)[35:kworker/1:1] ABB T=91700
10-21 19:41:46.734 I/Kernel ( 29): [ 3300.613608].(1)[29:update_secureti]enter TEE_Icnt_time
10-21 19:41:46.734 I/Kernel ( 29): [ 3300.613883].(1)[29:update_secureti]update_securetime_thread_gb updata inc count
10-21 19:41:47.594 I/Kernel ( 35): [ 3301.473603].(1)[35:kworker/1:1] ABB T=91800
10-21 19:41:47.704 I/Kernel ( 8542): [ 3301.583597].(2)[8542:kworker/2:0][MUSB] USB is ready for connect
10-21 19:41:48.594 I/Kernel ( 35): [ 3302.473630].(1)[35:kworker/1:1] ABB T=91400
10-21 19:41:48.854 I/Kernel ( 0): [ 3302.733546]-(1)[0:swapper/1][printk_delayed:start]
10-21 19:41:48.854 I/Kernel ( 0): [ 3302.733730]-(1)[0:swapper/1][WDK], local_bit:0x8, cpu:1,RT[3302723578422]
10-21 19:41:48.854 I/Kernel ( 0): [ 3302.733730][WDK], local_bit:0xa, cpu:1, check bit0x:f,RT[3302723596268]
10-21 19:41:48.854 I/Kernel ( 0): [ 3302.733730][thread:60][RT:3302723604960] 2019-10-21 17:41:48.851971 UTC; android time 2019-10-21 18:41:48.851971
10-21 19:41:48.854 I/Kernel ( 0): [ 3302.733754]-(1)[0:swapper/1][printk_delayed:done]
10-21 19:41:48.864 I/Kernel ( 0): [ 3302.743533]-(2)[0:swapper/2][printk_delayed:start]
10-21 19:41:48.864 I/Kernel ( 0): [ 3302.743541]-(0)[0:swapper/0][printk_delayed:start]
10-21 19:41:48.864 I/Kernel ( 0): [ 3302.743557]-(0)[0:swapper/0][WDK], local_bit:0xe, cpu:0,RT[3302733571499]
10-21 19:41:48.864 I/Kernel ( 0): [ 3302.743557][WDK], local_bit:0xf, cpu:0, check bit0x:f,RT[3302733576883]
10-21 19:41:48.864 I/Kernel ( 0): [ 3302.743557][WDK]: kick Ex WDT,RT[3302733580422]
10-21 19:41:48.864 I/Kernel ( 0): [ 3302.743557][thread:59][RT:3302733732960] 2019-10-21 17:41:48.862101 UTC; android time 2019-10-21 18:41:48.862101
10-21 19:41:48.864 I/Kernel ( 0): [ 3302.743562]-(0)[0:swapper/0][printk_delayed:done]
10-21 19:41:48.864 I/Kernel ( 0): [ 3302.743609]-(2)[0:swapper/2][WDK], local_bit:0xa, cpu:2,RT[3302733560499]
10-21 19:41:48.864 I/Kernel ( 0): [ 3302.743609][WDK], local_bit:0xe, cpu:2, check bit0x:f,RT[3302733567268]
10-21 19:41:48.864 I/Kernel ( 0): [ 3302.743609][thread:61][RT:3302733574037] 2019-10-21 17:41:48.861941 UTC; android time 2019-10-21 18:41:48.861941
10-21 19:41:48.864 I/Kernel ( 0): [ 3302.743632]-(2)[0:swapper/2][printk_delayed:done]
10-21 19:41:49.574 I/Kernel ( 0): [ 3303.453526]-(3)[0:swapper/3][printk_delayed:start]
10-21 19:41:49.574 I/Kernel ( 0): [ 3303.453560]-(3)[0:swapper/3][WDK], local_bit:0x0, cpu:3,RT[3303443584422]
10-21 19:41:49.574 I/Kernel ( 0): [ 3303.453560][WDK], local_bit:0x8, cpu:3, check bit0x:f,RT[3303443597422]
10-21 19:41:49.574 I/Kernel ( 0): [ 3303.453560][thread:62][RT:3303443605037] 2019-10-21 17:41:49.571972 UTC; android time 2019-10-21 18:41:49.571972
10-21 19:41:49.574 I/Kernel ( 0): [ 3303.453583]-(3)[0:swapper/3][printk_delayed:done]
10-21 19:41:49.594 I/Kernel ( 35): [ 3303.473609].(1)[35:kworker/1:1] ABB T=91800
10-21 19:41:50.594 I/Kernel ( 35): [ 3304.473598].(1)[35:kworker/1:1] ABB T=91700
10-21 19:41:51.594 I/Kernel ( 35): [ 3305.473646].(1)[35:kworker/1:1] ABB T=91800
10-21 19:41:51.734 I/Kernel ( 29): [ 3305.613616].(1)[29:update_secureti]enter TEE_Icnt_time
10-21 19:41:51.734 I/Kernel ( 29): [ 3305.613929].(1)[29:update_secureti]update_securetime_thread_gb updata inc count
10-21 19:41:52.561 I/Vlog ( 135): logd:performance:fgtracking=false;DV;1,key=TotalMessages;DV;1,Counter=674;CT;1,unit=count;DV;1:HI
10-21 19:41:52.561 I/Vlog ( 135): logd:performance:fgtracking=false;DV;1,key=DroppedMessages;DV;1,Counter=0;CT;1,unit=count;DV;1:HI
10-21 19:41:52.561 I/Vlog ( 135): logd:performance:fgtracking=false;DV;1,key=Throughput;DV;1,Counter=9.46;CT;1,unit=kbps;DV;1:HI
10-21 19:41:52.594 I/Kernel ( 35): [ 3306.473634].(1)[35:kworker/1:1] ABB T=91100
10-21 19:41:52.874 I/Kernel ( 136): [ 3306.755870].(1)[136:healthd] ABB T=91100
10-21 19:41:52.874 I/Kernel ( 136): [ 3306.756259].(1)[136:healthd]healthd: Could not open '/sys/class/thermal/thermal_zone5/temp'
10-21 19:41:52.874 I/Kernel ( 136): [ 3306.756309].(1)[136:healthd]healthd: Could not open '/sys/class/thermal/thermal_zone6/temp'
10-21 19:41:52.874 I/Kernel ( 136): [ 3306.756455].(1)[136:healthd]healthd: battery l=100 v=4200 t=2.2 h=2 st=5 chg=u
10-21 19:41:53.594 I/Kernel ( 35): [ 3307.473607].(1)[35:kworker/1:1] ABB T=90900
10-21 19:41:53.724 I/Kernel ( 8542): [ 3307.603598].(2)[8542:kworker/2:0][MUSB] USB is ready for connect
10-21 19:41:54.444 I/Kernel ( 434): [ 3308.323570][hdmi]#1506
10-21 19:41:54.444 I/Kernel ( 434): [hdmi] list empty 110000, sleeping
10-21 19:41:54.594 I/Kernel ( 35): [ 3308.473616].(1)[35:kworker/1:1] ABB T=91400
10-21 19:41:55.594 I/Kernel ( 35): [ 3309.473612].(1)[35:kworker/1:1] ABB T=91100
10-21 19:41:56.594 I/Kernel ( 35): [ 3310.473654].(1)[35:kworker/1:1] ABB T=91500
10-21 19:41:56.734 I/Kernel ( 29): [ 3310.613595].(1)[29:update_secureti]enter TEE_Icnt_time
10-21 19:41:56.734 I/Kernel ( 29): [ 3310.613873].(1)[29:update_secureti]update_securetime_thread_gb updata inc count
10-21 19:41:57.594 I/Kernel ( 35): [ 3311.473637].(1)[35:kworker/1:1] ABB T=91100
10-21 19:41:58.594 I/Kernel ( 35): [ 3312.473766].(1)[35:kworker/1:1] ABB T=91100
10-21 19:41:59.594 I/Kernel ( 35): [ 3313.473626].(1)[35:kworker/1:1] ABB T=90800
10-21 19:41:59.744 I/Kernel ( 8542): [ 3313.623603].(2)[8542:kworker/2:0][MUSB] USB is ready for connect
10-21 19:42:00.594 I/Kernel ( 35): [ 3314.473628].(1)[35:kworker/1:1] ABB T=91100
10-21 19:42:01.594 I/Kernel ( 35): [ 3315.473616].(1)[35:kworker/1:1] ABB T=91100
10-21 19:42:01.734 I/Kernel ( 29): [ 3315.613617].(1)[29:update_secureti]enter TEE_Icnt_time
10-21 19:42:01.734 I/Kernel ( 29): [ 3315.613888].(1)[29:update_secureti]update_securetime_thread_gb updata inc count
10-21 19:42:02.594 I/Kernel ( 35): [ 3316.473635].(1)[35:kworker/1:1] ABB T=90900
10-21 19:42:03.594 I/Kernel ( 35): [ 3317.473634].(1)[35:kworker/1:1] ABB T=91400
10-21 19:42:04.594 I/Kernel ( 35): [ 3318.473615].(1)[35:kworker/1:1] ABB T=91500
10-21 19:42:05.594 I/Kernel ( 35): [ 3319.473611].(1)[35:kworker/1:1] ABB T=91300
10-21 19:42:05.764 I/Kernel ( 8542): [ 3319.643602].(2)[8542:kworker/2:0][MUSB] USB is ready for connect
10-21 19:42:06.414 I/Kernel ( 7530): [ 3320.299606].(0)[7544:GCDaemon]name:Log.amazon_main_464 unmap vm_start 99d3a000 end: 99d43000
10-21 19:42:06.594 I/Kernel ( 35): [ 3320.473621].(1)[35:kworker/1:1] ABB T=91400
10-21 19:42:06.734 I/Kernel ( 29): [ 3320.613595].(1)[29:update_secureti]enter TEE_Icnt_time
10-21 19:42:06.734 I/Kernel ( 29): [ 3320.613883].(1)[29:update_secureti]update_securetime_thread_gb updata inc count
10-21 19:42:07.594 I/Kernel ( 35): [ 3321.473604].(1)[35:kworker/1:1] ABB T=91500
10-21 19:42:08.594 I/Kernel ( 35): [ 3322.473604].(1)[35:kworker/1:1] ABB T=91400
10-21 19:42:08.864 I/Kernel ( 0): [ 3322.743536]-(1)[0:swapper/1][printk_delayed:start]
10-21 19:42:08.864 I/Kernel ( 0): [ 3322.743572]-(1)[0:swapper/1][WDK], local_bit:0x8, cpu:1,RT[3322733573654]
10-21 19:42:08.864 I/Kernel ( 0): [ 3322.743572][WDK], local_bit:0xa, cpu:1, check bit0x:f,RT[3322733589038]
10-21 19:42:08.864 I/Kernel ( 0): [ 3322.743572][thread:60][RT:3322733596961] 2019-10-21 17:42:08.861964 UTC; android time 2019-10-21 18:42:08.861964
10-21 19:42:08.864 I/Kernel ( 0): [ 3322.743596]-(1)[0:swapper/1][printk_delayed:done]
10-21 19:42:08.874 I/Kernel ( 0): [ 3322.753540]-(2)[0:swapper/2][printk_delayed:start]
10-21 19:42:08.874 I/Kernel ( 0): [ 3322.753547]-(0)[0:swapper/0][printk_delayed:start]
10-21 19:42:08.874 I/Kernel ( 0): [ 3322.753562]-(0)[0:swapper/0][WDK], local_bit:0xa, cpu:0,RT[3322743581731]
10-21 19:42:08.874 I/Kernel ( 0): [ 3322.753562][WDK], local_bit:0xb, cpu:0, check bit0x:f,RT[3322743587423]
10-21 19:42:08.874 I/Kernel ( 0): [ 3322.753562][thread:59][RT:3322743593884] 2019-10-21 17:42:08.871961 UTC; android time 2019-10-21 18:42:08.871961
10-21 19:42:08.874 I/Kernel ( 0): [ 3322.753567]-(0)[0:swapper/0][printk_delayed:done]
10-21 19:42:08.874 I/Kernel ( 0): [ 3322.753611]-(2)[0:swapper/2][WDK], local_bit:0xb, cpu:2,RT[3322743591038]
10-21 19:42:08.874 I/Kernel ( 0): [ 3322.753611][WDK], local_bit:0xf, cpu:2, check bit0x:f,RT[3322743596192]
10-21 19:42:08.874 I/Kernel ( 0): [ 3322.753611][WDK]: kick Ex WDT,RT[3322743599731]
10-21 19:42:08.874 I/Kernel ( 0): [ 3322.753611][thread:61][RT:3322743749500] 2019-10-21 17:42:08.872110 UTC; android time 2019-10-21 18:42:08.872110
10-21 19:42:08.874 I/Kernel ( 0): [ 3322.753639]-(2)[0:swapper/2][printk_delayed:done]
10-21 19:42:09.444 I/Kernel ( 434): [ 3323.323584][hdmi]#1506
10-21 19:42:09.444 I/Kernel ( 434): [hdmi] list empty 110500, sleeping
10-21 19:42:09.584 I/Kernel ( 0): [ 3323.463543]-(3)[0:swapper/3][printk_delayed:start]
10-21 19:42:09.584 I/Kernel ( 0): [ 3323.463581]-(3)[0:swapper/3][WDK], local_bit:0x0, cpu:3,RT[3323453577884]
10-21 19:42:09.584 I/Kernel ( 0): [ 3323.463581][WDK], local_bit:0x8, cpu:3, check bit0x:f,RT[3323453593115]
10-21 19:42:09.584 I/Kernel ( 0): [ 3323.463581][thread:62][RT:3323453600654] 2019-10-21 17:42:09.581968 UTC; android time 2019-10-21 18:42:09.581968
10-21 19:42:09.584 I/Kernel ( 0): [ 3323.463604]-(3)[0:swapper/3][printk_delayed:done]
10-21 19:42:09.594 I/Kernel ( 35): [ 3323.473613].(1)[35:kworker/1:1] ABB T=91700
10-21 19:42:10.594 I/Kernel ( 35): [ 3324.473655].(1)[35:kworker/1:1] ABB T=91300
10-21 19:42:11.594 I/Kernel ( 35): [ 3325.473603].(1)[35:kworker/1:1] ABB T=91400
10-21 19:42:11.734 I/Kernel ( 29): [ 3325.613598].(1)[29:update_secureti]enter TEE_Icnt_time
10-21 19:42:11.734 I/Kernel ( 29): [ 3325.613878].(1)[29:update_secureti]update_securetime_thread_gb updata inc count
10-21 19:42:11.784 I/Kernel ( 8542): [ 3325.664827].(2)[8542:kworker/2:0][MUSB] USB is ready for connect
10-21 19:42:11.994 I/Kernel ( 979): [ 3325.881076].(2)[1069:Timer-1] ABB T=92300
10-21 19:42:12.008 I/SysfsTemperatureObserverBase( 979): MetricsTimerUpdateTask wifiRemotePairedState=bluetooth
10-21 19:42:12.009 I/SysfsTemperatureObserverBase( 979): MetricsTimerUpdateTask tmon_mtktsabb_screen_on_bluetooth=92300
10-21 19:42:12.010 I/SysfsTemperatureObserverBase( 979): MetricsTimerUpdateTask tmon_mtkts_bts0_screen_on_bluetooth=76000
10-21 19:42:12.010 I/SysfsTemperatureObserverBase( 979): MetricsTimerUpdateTask tmon_mtkts_bts1_screen_on_bluetooth=74000
10-21 19:42:12.011 I/SysfsTemperatureObserverBase( 979): MetricsTimerUpdateTask tmon_mtktscpu_screen_on_bluetooth=89500
10-21 19:42:12.011 I/SysfsTemperatureObserverBase( 979): MetricsTimerUpdateTask tmon_virtual_sensor_screen_on_bluetooth=48108
10-21 19:42:12.012 I/LoggerMetricsFactoryImpl( 979): ThermalEvent:tmon:tmon_mtktsabb_screen_on_bluetooth=92300.0;CT;1,tmon_virtual_sensor_screen_on_bluetooth=48108.0;CT;1,tmon_mtkts_bts1_screen_on_bluetooth=74000.0;CT;1,tmon_mtkts_bts0_screen_on_bluetooth=76000.0;CT;1,tmon_mtktscpu_screen_on_bluetooth=89500.0;CT;1:NR
10-21 19:42:12.594 I/Kernel ( 35): [ 3326.473658].(1)[35:kworker/1:1] ABB T=91500
10-21 19:42:13.594 I/Kernel ( 35): [ 3327.473622].(1)[35:kworker/1:1] ABB T=90800
10-21 19:42:14.594 I/Kernel ( 35): [ 3328.473605].(1)[35:kworker/1:1] ABB T=90800
10-21 19:42:15.594 I/Kernel ( 35): [ 3329.473629].(1)[35:kworker/1:1] ABB T=90900
10-21 19:42:16.594 I/Kernel ( 35): [ 3330.473621].(1)[35:kworker/1:1] ABB T=90800
10-21 19:42:16.734 I/Kernel ( 29): [ 3330.613605].(1)[29:update_secureti]enter TEE_Icnt_time
10-21 19:42:16.734 I/Kernel ( 29): [ 3330.613872].(1)[29:update_secureti]update_securetime_thread_gb updata inc count
10-21 19:42:17.594 I/Kernel ( 35): [ 3331.473990].(1)[35:kworker/1:1] ABB T=91400
10-21 19:42:17.804 I/Kernel ( 8542): [ 3331.683592].(2)[8542:kworker/2:0][MUSB] USB is ready for connect
10-21 19:42:18.594 I/Kernel ( 35): [ 3332.473655].(1)[35:kworker/1:1] ABB T=90900
10-21 19:42:19.594 I/Kernel ( 35): [ 3333.473642].(1)[35:kworker/1:1] ABB T=90900
10-21 19:42:20.594 I/Kernel ( 35): [ 3334.473623].(1)[35:kworker/1:1] ABB T=90700
10-21 19:42:21.594 I/Kernel ( 35): [ 3335.473635].(1)[35:kworker/1:1] ABB T=90700
10-21 19:42:21.734 I/Kernel ( 29): [ 3335.613604].(3)[29:update_secureti]enter TEE_Icnt_time
10-21 19:42:21.734 I/Kernel ( 29): [ 3335.613892].(3)[29:update_secureti]update_securetime_thread_gb updata inc count
10-21 19:42:22.594 I/Kernel ( 35): [ 3336.473609].(1)[35:kworker/1:1] ABB T=90500
10-21 19:42:23.594 I/Kernel ( 35): [ 3337.473598].(1)[35:kworker/1:1] ABB T=91100
10-21 19:42:23.824 I/Kernel ( 8542): [ 3337.703605].(2)[8542:kworker/2:0][MUSB] USB is ready for connect
10-21 19:42:24.444 I/Kernel ( 434): [ 3338.323574][hdmi]#1506
10-21 19:42:24.444 I/Kernel ( 434): [hdmi] list empty 111000, sleeping
10-21 19:42:24.594 I/Kernel ( 35): [ 3338.473634].(1)[35:kworker/1:1] ABB T=91500
10-21 19:42:25.594 I/Kernel ( 35): [ 3339.473599].(1)[35:kworker/1:1] ABB T=91300
10-21 19:42:26.594 I/Kernel ( 35): [ 3340.473618].(1)[35:kworker/1:1] ABB T=91500
10-21 19:42:26.734 I/Kernel ( 29): [ 3340.613591].(3)[29:update_secureti]enter TEE_Icnt_time
10-21 19:42:26.734 I/Kernel ( 29): [ 3340.613910].(3)[29:update_secureti]update_securetime_thread_gb updata inc count
10-21 19:42:27.594 I/Kernel ( 35): [ 3341.473636].(1)[35:kworker/1:1] ABB T=91300
10-21 19:42:28.594 I/Kernel ( 35): [ 3342.473616].(1)[35:kworker/1:1] ABB T=91700
10-21 19:42:28.874 I/Kernel ( 0): [ 3342.753546]-(1)[0:swapper/1][printk_delayed:start]
10-21 19:42:28.874 I/Kernel ( 0): [ 3342.753582]-(1)[0:swapper/1][WDK], local_bit:0x8, cpu:1,RT[3342743566116]
10-21 19:42:28.874 I/Kernel ( 0): [ 3342.753582][WDK], local_bit:0xa, cpu:1, check bit0x:f,RT[3342743580039]
10-21 19:42:28.874 I/Kernel ( 0): [ 3342.753582][thread:60][RT:3342743587039] 2019-10-21 17:42:28.871954 UTC; android time 2019-10-21 18:42:28.871954
10-21 19:42:28.874 I/Kernel ( 0): [ 3342.753716]-(1)[0:swapper/1][printk_delayed:done]
10-21 19:42:28.884 I/Kernel ( 0): [ 3342.763525]-(0)[0:swapper/0][printk_delayed:start]
10-21 19:42:28.884 I/Kernel ( 0): [ 3342.763532]-(2)[469:EventThread][printk_delayed:start]
10-21 19:42:28.884 I/Kernel ( 0): [ 3342.763546]-(2)[469:EventThread][WDK], local_bit:0xa, cpu:2,RT[3342753562501]
10-21 19:42:28.884 I/Kernel ( 0): [ 3342.763546][WDK], local_bit:0xe, cpu:2, check bit0x:f,RT[3342753569116]
10-21 19:42:28.884 I/Kernel ( 0): [ 3342.763546][thread:61][RT:3342753576116] 2019-10-21 17:42:28.881943 UTC; android time 2019-10-21 18:42:28.881943
10-21 19:42:28.884 I/Kernel ( 0): [ 3342.763554]-(2)[469:EventThread][printk_delayed:done]
10-21 19:42:28.884 I/Kernel ( 0): [ 3342.763591]-(0)[0:swapper/0][WDK], local_bit:0xe, cpu:0,RT[3342753573270]
10-21 19:42:28.884 I/Kernel ( 0): [ 3342.763591][WDK], local_bit:0xf, cpu:0, check bit0x:f,RT[3342753578424]
10-21 19:42:28.884 I/Kernel ( 0): [ 3342.763591][WDK]: kick Ex WDT,RT[3342753581809]
