10-21 19:47:15.100 V/Avrcp ( 3244): MediaController playback changed: PlaybackState {state=3, position=1989127, buffered position=0, speed=1.0, updated=3628956, actions=-1, custom actions=[], active item id=-1, error=null}
10-21 19:47:15.594 I/Kernel ( 35): [ 3629.473619].(1)[35:kworker/1:1] ABB T=89600
10-21 19:47:15.617 V/Avrcp ( 3244): MediaController playback changed: PlaybackState {state=3, position=1989545, buffered position=0, speed=1.0, updated=3629473, actions=-1, custom actions=[], active item id=-1, error=null}
10-21 19:47:16.134 V/Avrcp ( 3244): MediaController playback changed: PlaybackState {state=3, position=1990168, buffered position=0, speed=1.0, updated=3629990, actions=-1, custom actions=[], active item id=-1, error=null}
10-21 19:47:16.594 I/Kernel ( 35): [ 3630.473625].(1)[35:kworker/1:1] ABB T=89700
10-21 19:47:16.634 V/Avrcp ( 3244): MediaController playback changed: PlaybackState {state=3, position=1990574, buffered position=0, speed=1.0, updated=3630491, actions=-1, custom actions=[], active item id=-1, error=null}
10-21 19:47:16.734 I/Kernel ( 29): [ 3630.613589].(2)[29:update_secureti]enter TEE_Icnt_time
10-21 19:47:16.734 I/Kernel ( 29): [ 3630.613865].(2)[29:update_secureti]update_securetime_thread_gb updata inc count
10-21 19:47:17.135 V/Avrcp ( 3244): MediaController playback changed: PlaybackState {state=3, position=1991201, buffered position=0, speed=1.0, updated=3630992, actions=-1, custom actions=[], active item id=-1, error=null}
10-21 19:47:17.594 I/Kernel ( 35): [ 3631.473627].(1)[35:kworker/1:1] ABB T=89900
10-21 19:47:17.657 V/Avrcp ( 3244): MediaController playback changed: PlaybackState {state=3, position=1991612, buffered position=0, speed=1.0, updated=3631509, actions=-1, custom actions=[], active item id=-1, error=null}
10-21 19:47:18.155 V/Avrcp ( 3244): MediaController playback changed: PlaybackState {state=3, position=1992028, buffered position=0, speed=1.0, updated=3632009, actions=-1, custom actions=[], active item id=-1, error=null}
10-21 19:47:18.594 I/Kernel ( 35): [ 3632.473624].(1)[35:kworker/1:1] ABB T=89900
10-21 19:47:18.670 V/Avrcp ( 3244): MediaController playback changed: PlaybackState {state=3, position=1992642, buffered position=0, speed=1.0, updated=3632526, actions=-1, custom actions=[], active item id=-1, error=null}
10-21 19:47:18.804 I/Kernel ( 8542): [ 3632.683573].(2)[8542:kworker/2:0][MUSB] USB is ready for connect
10-21 19:47:19.171 V/Avrcp ( 3244): MediaController playback changed: PlaybackState {state=3, position=1993060, buffered position=0, speed=1.0, updated=3633027, actions=-1, custom actions=[], active item id=-1, error=null}
10-21 19:47:19.594 I/Kernel ( 35): [ 3633.473620].(1)[35:kworker/1:1] ABB T=90500
10-21 19:47:19.688 V/Avrcp ( 3244): MediaController playback changed: PlaybackState {state=3, position=1993682, buffered position=0, speed=1.0, updated=3633544, actions=-1, custom actions=[], active item id=-1, error=null}
10-21 19:47:19.827 I/MediaCodecLogger( 7530): com.android.mediaplayer.HW.video.avc.bitrateInKbps = 8531
10-21 19:47:20.205 V/Avrcp ( 3244): MediaController playback changed: PlaybackState {state=3, position=1994091, buffered position=0, speed=1.0, updated=3634061, actions=-1, custom actions=[], active item id=-1, error=null}
10-21 19:47:20.594 I/Kernel ( 35): [ 3634.473600].(1)[35:kworker/1:1] ABB T=90000
10-21 19:47:20.707 V/Avrcp ( 3244): MediaController playback changed: PlaybackState {state=3, position=1994711, buffered position=0, speed=1.0, updated=3634562, actions=-1, custom actions=[], active item id=-1, error=null}
10-21 19:47:21.223 V/Avrcp ( 3244): MediaController playback changed: PlaybackState {state=3, position=1995121, buffered position=0, speed=1.0, updated=3635079, actions=-1, custom actions=[], active item id=-1, error=null}
10-21 19:47:21.594 I/Kernel ( 35): [ 3635.473629].(1)[35:kworker/1:1] ABB T=89900
10-21 19:47:21.740 V/Avrcp ( 3244): MediaController playback changed: PlaybackState {state=3, position=1995738, buffered position=0, speed=1.0, updated=3635596, actions=-1, custom actions=[], active item id=-1, error=null}
10-21 19:47:21.734 I/Kernel ( 29): [ 3635.613601].(3)[29:update_secureti]enter TEE_Icnt_time
10-21 19:47:21.734 I/Kernel ( 29): [ 3635.613905].(3)[29:update_secureti]update_securetime_thread_gb updata inc count
10-21 19:47:22.241 V/Avrcp ( 3244): MediaController playback changed: PlaybackState {state=3, position=1996154, buffered position=0, speed=1.0, updated=3636097, actions=-1, custom actions=[], active item id=-1, error=null}
10-21 19:47:22.594 I/ThermalEvent( 35): thermzone:def:mtktsabb=90;CT;1:NR
10-21 19:47:22.594 I/ThermalEvent( 35): thermzone:def:mtkts_bts0=74;CT;1:NR
10-21 19:47:22.594 I/ThermalEvent( 35): thermzone:def:mtkts_bts1=72;CT;1:NR
10-21 19:47:22.594 I/Kernel ( 35): [ 3636.473619].(1)[35:kworker/1:1] ABB T=90300
10-21 19:47:22.758 V/Avrcp ( 3244): MediaController playback changed: PlaybackState {state=3, position=1996773, buffered position=0, speed=1.0, updated=3636614, actions=-1, custom actions=[], active item id=-1, error=null}
10-21 19:47:22.994 I/ThermalEvent( 8542): thermzone:def:virtual_sensor=46;CT;1:NR
10-21 19:47:23.014 I/ThermalEvent( 8542): thermzone:def:mtktscpu=89;CT;1:NR
10-21 19:47:23.258 V/Avrcp ( 3244): MediaController playback changed: PlaybackState {state=3, position=1997191, buffered position=0, speed=1.0, updated=3637114, actions=-1, custom actions=[], active item id=-1, error=null}
10-21 19:47:23.594 I/Kernel ( 35): [ 3637.473626].(1)[35:kworker/1:1] ABB T=90000
10-21 19:47:23.776 V/Avrcp ( 3244): MediaController playback changed: PlaybackState {state=3, position=1997817, buffered position=0, speed=1.0, updated=3637632, actions=-1, custom actions=[], active item id=-1, error=null}
10-21 19:47:24.292 V/Avrcp ( 3244): MediaController playback changed: PlaybackState {state=3, position=1998223, buffered position=0, speed=1.0, updated=3638149, actions=-1, custom actions=[], active item id=-1, error=null}
10-21 19:47:24.444 I/Kernel ( 434): [ 3638.323578][hdmi]#1506
10-21 19:47:24.444 I/Kernel ( 434): [hdmi] list empty 121000, sleeping
10-21 19:47:24.594 I/Kernel ( 35): [ 3638.473624].(1)[35:kworker/1:1] ABB T=89900
10-21 19:47:24.793 V/Avrcp ( 3244): MediaController playback changed: PlaybackState {state=3, position=1998841, buffered position=0, speed=1.0, updated=3638649, actions=-1, custom actions=[], active item id=-1, error=null}
10-21 19:47:24.824 I/Kernel ( 8542): [ 3638.703594].(2)[8542:kworker/2:0][MUSB] USB is ready for connect
10-21 19:47:24.865 I/MediaCodecLogger( 7530): com.android.mediaplayer.HW.video.avc.bitrateInKbps = 7933
10-21 19:47:25.311 V/Avrcp ( 3244): MediaController playback changed: PlaybackState {state=3, position=1999253, buffered position=0, speed=1.0, updated=3639166, actions=-1, custom actions=[], active item id=-1, error=null}
10-21 19:47:25.332 I/Vitals ( 177): VitalsCollectionAgent:heartbeat:KDMv3_Data=[['CPU_uptime'!1.000492!1.000492!1.000492!1.000000!]!['heartbeat_sequence'!1!1!1!1.000000!]!['metrics_sent'!22!22!22!1.000000!]!['screen_on_time'!0.000000!0.000000!0.000000!1.000000!]!['vitals_service_crash'!0!0!0!1.000000!]];DV;1,KDMv3_Unit=count;DV;1:HI
10-21 19:47:25.594 I/Kernel ( 35): [ 3639.473605].(1)[35:kworker/1:1] ABB T=90300
10-21 19:47:25.812 V/Avrcp ( 3244): MediaController playback changed: PlaybackState {state=3, position=1999876, buffered position=0, speed=1.0, updated=3639669, actions=-1, custom actions=[], active item id=-1, error=null}
10-21 19:47:26.327 V/Avrcp ( 3244): MediaController playback changed: PlaybackState {state=3, position=2000289, buffered position=0, speed=1.0, updated=3640184, actions=-1, custom actions=[], active item id=-1, error=null}
10-21 19:47:26.594 I/Kernel ( 35): [ 3640.473607].(1)[35:kworker/1:1] ABB T=90000
10-21 19:47:26.734 I/Kernel ( 29): [ 3640.613564].(3)[29:update_secureti]enter TEE_Icnt_time
10-21 19:47:26.734 I/Kernel ( 29): [ 3640.613830].(3)[29:update_secureti]update_securetime_thread_gb updata inc count
10-21 19:47:26.846 V/Avrcp ( 3244): MediaController playback changed: PlaybackState {state=3, position=2000705, buffered position=0, speed=1.0, updated=3640701, actions=-1, custom actions=[], active item id=-1, error=null}
10-21 19:47:27.362 V/Avrcp ( 3244): MediaController playback changed: PlaybackState {state=3, position=2001325, buffered position=0, speed=1.0, updated=3641218, actions=-1, custom actions=[], active item id=-1, error=null}
10-21 19:47:27.594 I/Kernel ( 35): [ 3641.473632].(1)[35:kworker/1:1] ABB T=90000
10-21 19:47:27.862 V/Avrcp ( 3244): MediaController playback changed: PlaybackState {state=3, position=2001734, buffered position=0, speed=1.0, updated=3641719, actions=-1, custom actions=[], active item id=-1, error=null}
10-21 19:47:28.379 V/Avrcp ( 3244): MediaController playback changed: PlaybackState {state=3, position=2002354, buffered position=0, speed=1.0, updated=3642236, actions=-1, custom actions=[], active item id=-1, error=null}
10-21 19:47:28.594 I/Kernel ( 35): [ 3642.473610].(1)[35:kworker/1:1] ABB T=90200
10-21 19:47:28.898 V/Avrcp ( 3244): MediaController playback changed: PlaybackState {state=3, position=2002773, buffered position=0, speed=1.0, updated=3642753, actions=-1, custom actions=[], active item id=-1, error=null}
10-21 19:47:29.024 I/Kernel ( 0): [ 3642.903540]-(1)[0:swapper/1][printk_delayed:start]
10-21 19:47:29.024 I/Kernel ( 0): [ 3642.903577]-(1)[0:swapper/1][WDK], local_bit:0x8, cpu:1,RT[3642893584826]
10-21 19:47:29.024 I/Kernel ( 0): [ 3642.903577][WDK], local_bit:0xa, cpu:1, check bit0x:f,RT[3642893595980]
10-21 19:47:29.024 I/Kernel ( 0): [ 3642.903577][thread:60][RT:3642893603672] 2019-10-21 17:47:29.21971 UTC; android time 2019-10-21 18:47:29.21971
10-21 19:47:29.024 I/Kernel ( 0): [ 3642.903718]-(1)[0:swapper/1][printk_delayed:done]
10-21 19:47:29.034 I/Kernel ( 0): [ 3642.913526]-(0)[0:swapper/0]
10-21 19:47:29.034 I/Kernel ( 0): [ 3642.913533]-(2)[0:swapper/2][printk_delayed:start]
10-21 19:47:29.034 I/Kernel ( 0): [ 3642.913546]-(2)[0:swapper/2][WDK], local_bit:0xa, cpu:2,RT[3642903566749]
10-21 19:47:29.034 I/Kernel ( 0): [ 3642.913546][WDK], local_bit:0xe, cpu:2, check bit0x:f,RT[3642903572903]
10-21 19:47:29.034 I/Kernel ( 0): [ 3642.913546][thread:61][RT:3642903579287] 2019-10-21 17:47:29.31947 UTC; android time 2019-10-21 18:47:29.31947
10-21 19:47:29.034 I/Kernel ( 0): [ 3642.913551]-(2)[0:swapper/2][printk_delayed:done]
10-21 19:47:29.034 I/Kernel ( 0): [ 3642.913594]-(0)[0:swapper/0][WDK], local_bit:0xe, cpu:0,RT[3642903577134]
10-21 19:47:29.034 I/Kernel ( 0): [ 3642.913594][WDK], local_bit:0xf, cpu:0, check bit0x:f,RT[3642903582134]
10-21 19:47:29.034 I/Kernel ( 0): [ 3642.913594][WDK]: kick Ex WDT,RT[3642903585518]
10-21 19:47:29.034 I/Kernel ( 0): [ 3642.913594][thread:59][RT:3642903720210] 2019-10-21 17:47:29.32089 UTC; android time 2019-10-21 18:47:29.32089
10-21 19:47:29.034 I/Kernel ( 0): [ 3642.913621]-(0)[0:swapper/0][printk_delayed:done]
10-21 19:47:29.414 V/Avrcp ( 3244): MediaController playback changed: PlaybackState {state=3, position=2003392, buffered position=0, speed=1.0, updated=3643270, actions=-1, custom actions=[], active item id=-1, error=null}
10-21 19:47:29.417 D/MtkOmxVdec( 180): [0xb812ea08] 0xb812ea08 Output [0xB807D968] is not free.
10-21 19:47:29.594 I/Kernel ( 35): [ 3643.473613].(1)[35:kworker/1:1] ABB T=89600
10-21 19:47:29.744 I/Kernel ( 0): [ 3643.623544]-(3)[0:swapper/3][printk_delayed:start]
10-21 19:47:29.744 I/Kernel ( 0): [ 3643.623581]-(3)[0:swapper/3][WDK], local_bit:0x0, cpu:3,RT[3643613563980]
10-21 19:47:29.744 I/Kernel ( 0): [ 3643.623581][WDK], local_bit:0x8, cpu:3, check bit0x:f,RT[3643613575134]
10-21 19:47:29.744 I/Kernel ( 0): [ 3643.623581][thread:62][RT:3643613582518] 2019-10-21 17:47:29.741950 UTC; android time 2019-10-21 18:47:29.741950
10-21 19:47:29.744 I/Kernel ( 0): [ 3643.623606]-(3)[0:swapper/3][printk_delayed:done]
10-21 19:47:29.914 V/Avrcp ( 3244): MediaController playback changed: PlaybackState {state=3, position=2003808, buffered position=0, speed=1.0, updated=3643771, actions=-1, custom actions=[], active item id=-1, error=null}
10-21 19:47:29.917 I/MediaCodecLogger( 7530): com.android.mediaplayer.HW.video.avc.bitrateInKbps = 7067
10-21 19:47:30.433 V/Avrcp ( 3244): MediaController playback changed: PlaybackState {state=3, position=2004431, buffered position=0, speed=1.0, updated=3644288, actions=-1, custom actions=[], active item id=-1, error=null}
10-21 19:47:30.594 I/Kernel ( 35): [ 3644.473640].(1)[35:kworker/1:1] ABB T=89400
10-21 19:47:30.844 I/Kernel ( 8542): [ 3644.723594].(2)[8542:kworker/2:0][MUSB] USB is ready for connect
10-21 19:47:30.949 V/Avrcp ( 3244): MediaController playback changed: PlaybackState {state=3, position=2004843, buffered position=0, speed=1.0, updated=3644805, actions=-1, custom actions=[], active item id=-1, error=null}
10-21 19:47:31.466 V/Avrcp ( 3244): MediaController playback changed: PlaybackState {state=3, position=2005465, buffered position=0, speed=1.0, updated=3645322, actions=-1, custom actions=[], active item id=-1, error=null}
10-21 19:47:31.594 I/Kernel ( 35): [ 3645.473609].(1)[35:kworker/1:1] ABB T=89300
10-21 19:47:31.734 I/Kernel ( 29): [ 3645.613579].(3)[29:update_secureti]enter TEE_Icnt_time
10-21 19:47:31.734 I/Kernel ( 29): [ 3645.613852].(3)[29:update_secureti]update_securetime_thread_gb updata inc count
10-21 19:47:31.967 V/Avrcp ( 3244): MediaController playback changed: PlaybackState {state=3, position=2005880, buffered position=0, speed=1.0, updated=3645823, actions=-1, custom actions=[], active item id=-1, error=null}
10-21 19:47:32.484 V/Avrcp ( 3244): MediaController playback changed: PlaybackState {state=3, position=2006501, buffered position=0, speed=1.0, updated=3646340, actions=-1, custom actions=[], active item id=-1, error=null}
10-21 19:47:32.594 I/Kernel ( 35): [ 3646.473642].(1)[35:kworker/1:1] ABB T=89300
10-21 19:47:33.001 V/Avrcp ( 3244): MediaController playback changed: PlaybackState {state=3, position=2006918, buffered position=0, speed=1.0, updated=3646858, actions=-1, custom actions=[], active item id=-1, error=null}
10-21 19:47:33.502 V/Avrcp ( 3244): MediaController playback changed: PlaybackState {state=3, position=2007539, buffered position=0, speed=1.0, updated=3647358, actions=-1, custom actions=[], active item id=-1, error=null}
10-21 19:47:33.594 I/Kernel ( 35): [ 3647.473640].(1)[35:kworker/1:1] ABB T=89800
10-21 19:47:34.018 V/Avrcp ( 3244): MediaController playback changed: PlaybackState {state=3, position=2007952, buffered position=0, speed=1.0, updated=3647875, actions=-1, custom actions=[], active item id=-1, error=null}
10-21 19:47:34.536 V/Avrcp ( 3244): MediaController playback changed: PlaybackState {state=3, position=2008575, buffered position=0, speed=1.0, updated=3648392, actions=-1, custom actions=[], active item id=-1, error=null}
10-21 19:47:34.594 I/Kernel ( 35): [ 3648.473609].(1)[35:kworker/1:1] ABB T=90000
10-21 19:47:34.954 I/MediaCodecLogger( 7530): com.android.mediaplayer.HW.video.avc.bitrateInKbps = 6077
10-21 19:47:35.036 V/Avrcp ( 3244): MediaController playback changed: PlaybackState {state=3, position=2008989, buffered position=0, speed=1.0, updated=3648893, actions=-1, custom actions=[], active item id=-1, error=null}
10-21 19:47:35.554 V/Avrcp ( 3244): MediaController playback changed: PlaybackState {state=3, position=2009612, buffered position=0, speed=1.0, updated=3649410, actions=-1, custom actions=[], active item id=-1, error=null}
10-21 19:47:35.594 I/Kernel ( 35): [ 3649.473624].(1)[35:kworker/1:1] ABB T=89300
10-21 19:47:36.071 V/Avrcp ( 3244): MediaController playback changed: PlaybackState {state=3, position=2010023, buffered position=0, speed=1.0, updated=3649927, actions=-1, custom actions=[], active item id=-1, error=null}
10-21 19:47:36.590 V/Avrcp ( 3244): MediaController playback changed: PlaybackState {state=3, position=2010644, buffered position=0, speed=1.0, updated=3650447, actions=-1, custom actions=[], active item id=-1, error=null}
10-21 19:47:36.594 I/Kernel ( 35): [ 3650.473639].(1)[35:kworker/1:1] ABB T=89700
10-21 19:47:36.734 I/Kernel ( 29): [ 3650.613603].(3)[29:update_secureti]enter TEE_Icnt_time
10-21 19:47:36.734 I/Kernel ( 29): [ 3650.613899].(3)[29:update_secureti]update_securetime_thread_gb updata inc count
10-21 19:47:36.864 I/Kernel ( 8542): [ 3650.743609].(2)[8542:kworker/2:0][MUSB] USB is ready for connect
10-21 19:47:37.105 V/Avrcp ( 3244): MediaController playback changed: PlaybackState {state=3, position=2011054, buffered position=0, speed=1.0, updated=3650962, actions=-1, custom actions=[], active item id=-1, error=null}
10-21 19:47:37.606 V/Avrcp ( 3244): MediaController playback changed: PlaybackState {state=3, position=2011472, buffered position=0, speed=1.0, updated=3651462, actions=-1, custom actions=[], active item id=-1, error=null}
10-21 19:47:37.594 I/Kernel ( 35): [ 3651.473630].(1)[35:kworker/1:1] ABB T=89700
10-21 19:47:38.123 V/Avrcp ( 3244): MediaController playback changed: PlaybackState {state=3, position=2012093, buffered position=0, speed=1.0, updated=3651979, actions=-1, custom actions=[], active item id=-1, error=null}
10-21 19:47:38.594 I/Kernel ( 35): [ 3652.473610].(1)[35:kworker/1:1] ABB T=89700
10-21 19:47:38.624 V/Avrcp ( 3244): MediaController playback changed: PlaybackState {state=3, position=2012509, buffered position=0, speed=1.0, updated=3652480, actions=-1, custom actions=[], active item id=-1, error=null}
10-21 19:47:39.142 V/Avrcp ( 3244): MediaController playback changed: PlaybackState {state=3, position=2013130, buffered position=0, speed=1.0, updated=3652998, actions=-1, custom actions=[], active item id=-1, error=null}
10-21 19:47:39.444 I/Kernel ( 434): [ 3653.323588][hdmi]#1506
10-21 19:47:39.444 I/Kernel ( 434): [hdmi] list empty 121500, sleeping
10-21 19:47:39.594 I/Kernel ( 35): [ 3653.473628].(1)[35:kworker/1:1] ABB T=89400
10-21 19:47:39.658 V/Avrcp ( 3244): MediaController playback changed: PlaybackState {state=3, position=2013546, buffered position=0, speed=1.0, updated=3653514, actions=-1, custom actions=[], active item id=-1, error=null}
10-21 19:47:40.030 I/MediaCodecLogger( 7530): com.android.mediaplayer.HW.video.avc.bitrateInKbps = 4572
10-21 19:47:40.159 V/Avrcp ( 3244): MediaController playback changed: PlaybackState {state=3, position=2014168, buffered position=0, speed=1.0, updated=3654015, actions=-1, custom actions=[], active item id=-1, error=null}
10-21 19:47:40.594 I/Kernel ( 35): [ 3654.473612].(1)[35:kworker/1:1] ABB T=89600
10-21 19:47:40.675 V/Avrcp ( 3244): MediaController playback changed: PlaybackState {state=3, position=2014583, buffered position=0, speed=1.0, updated=3654532, actions=-1, custom actions=[], active item id=-1, error=null}
10-21 19:47:41.193 V/Avrcp ( 3244): MediaController playback changed: PlaybackState {state=3, position=2015202, buffered position=0, speed=1.0, updated=3655049, actions=-1, custom actions=[], active item id=-1, error=null}
10-21 19:47:41.594 I/Kernel ( 35): [ 3655.473613].(1)[35:kworker/1:1] ABB T=90200
10-21 19:47:41.709 V/Avrcp ( 3244): MediaController playback changed: PlaybackState {state=3, position=2015620, buffered position=0, speed=1.0, updated=3655566, actions=-1, custom actions=[], active item id=-1, error=null}
10-21 19:47:41.734 I/Kernel ( 29): [ 3655.613627].(0)[29:update_secureti]enter TEE_Icnt_time
10-21 19:47:41.734 I/Kernel ( 29): [ 3655.613910].(0)[29:update_secureti]update_securetime_thread_gb updata inc count
10-21 19:47:41.822 I/ProcessStatsService( 979): Prepared write state in 7ms
10-21 19:47:41.832 I/ProcessStatsService( 979): Prepared write state in 9ms
10-21 19:47:42.211 V/Avrcp ( 3244): MediaController playback changed: PlaybackState {state=3, position=2016242, buffered position=0, speed=1.0, updated=3656068, actions=-1, custom actions=[], active item id=-1, error=null}
10-21 19:47:42.594 I/Kernel ( 35): [ 3656.473619].(1)[35:kworker/1:1] ABB T=91100
10-21 19:47:42.728 V/Avrcp ( 3244): MediaController playback changed: PlaybackState {state=3, position=2016657, buffered position=0, speed=1.0, updated=3656585, actions=-1, custom actions=[], active item id=-1, error=null}
10-21 19:47:42.884 I/Kernel ( 8542): [ 3656.763610].(2)[8542:kworker/2:0][MUSB] USB is ready for connect
10-21 19:47:43.246 V/Avrcp ( 3244): MediaController playback changed: PlaybackState {state=3, position=2017277, buffered position=0, speed=1.0, updated=3657101, actions=-1, custom actions=[], active item id=-1, error=null}
10-21 19:47:43.594 I/Kernel ( 35): [ 3657.473605].(1)[35:kworker/1:1] ABB T=89900
10-21 19:47:43.762 V/Avrcp ( 3244): MediaController playback changed: PlaybackState {state=3, position=2017692, buffered position=0, speed=1.0, updated=3657618, actions=-1, custom actions=[], active item id=-1, error=null}
10-21 19:47:44.262 V/Avrcp ( 3244): MediaController playback changed: PlaybackState {state=3, position=2018314, buffered position=0, speed=1.0, updated=3658119, actions=-1, custom actions=[], active item id=-1, error=null}
10-21 19:47:44.594 I/Kernel ( 35): [ 3658.473621].(1)[35:kworker/1:1] ABB T=90000
10-21 19:47:44.781 V/Avrcp ( 3244): MediaController playback changed: PlaybackState {state=3, position=2018729, buffered position=0, speed=1.0, updated=3658637, actions=-1, custom actions=[], active item id=-1, error=null}
10-21 19:47:45.080 I/MediaCodecLogger( 7530): com.android.mediaplayer.HW.video.avc.bitrateInKbps = 4817
10-21 19:47:45.297 V/Avrcp ( 3244): MediaController playback changed: PlaybackState {state=3, position=2019350, buffered position=0, speed=1.0, updated=3659153, actions=-1, custom actions=[], active item id=-1, error=null}
10-21 19:47:45.594 I/Kernel ( 35): [ 3659.473629].(1)[35:kworker/1:1] ABB T=89800
10-21 19:47:45.797 V/Avrcp ( 3244): MediaController playback changed: PlaybackState {state=3, position=2019765, buffered position=0, speed=1.0, updated=3659654, actions=-1, custom actions=[], active item id=-1, error=null}
10-21 19:47:46.314 V/Avrcp ( 3244): MediaController playback changed: PlaybackState {state=3, position=2020178, buffered position=0, speed=1.0, updated=3660171, actions=-1, custom actions=[], active item id=-1, error=null}
10-21 19:47:46.594 I/Kernel ( 35): [ 3660.473640].(1)[35:kworker/1:1] ABB T=90000
10-21 19:47:46.734 I/Kernel ( 29): [ 3660.613593].(0)[29:update_secureti]enter TEE_Icnt_time
10-21 19:47:46.734 I/Kernel ( 29): [ 3660.613868].(0)[29:update_secureti]update_securetime_thread_gb updata inc count
10-21 19:47:46.815 V/Avrcp ( 3244): MediaController playback changed: PlaybackState {state=3, position=2020801, buffered position=0, speed=1.0, updated=3660671, actions=-1, custom actions=[], active item id=-1, error=null}
10-21 19:47:47.315 V/Avrcp ( 3244): MediaController playback changed: PlaybackState {state=3, position=2021216, buffered position=0, speed=1.0, updated=3661172, actions=-1, custom actions=[], active item id=-1, error=null}
10-21 19:47:47.594 I/Kernel ( 35): [ 3661.473624].(1)[35:kworker/1:1] ABB T=90000
10-21 19:47:47.832 V/Avrcp ( 3244): MediaController playback changed: PlaybackState {state=3, position=2021837, buffered position=0, speed=1.0, updated=3661689, actions=-1, custom actions=[], active item id=-1, error=null}
10-21 19:47:48.349 V/Avrcp ( 3244): MediaController playback changed: PlaybackState {state=3, position=2022253, buffered position=0, speed=1.0, updated=3662206, actions=-1, custom actions=[], active item id=-1, error=null}
10-21 19:47:48.594 I/Kernel ( 35): [ 3662.473619].(1)[35:kworker/1:1] ABB T=89900
10-21 19:47:48.867 V/Avrcp ( 3244): MediaController playback changed: PlaybackState {state=3, position=2022875, buffered position=0, speed=1.0, updated=3662723, actions=-1, custom actions=[], active item id=-1, error=null}
10-21 19:47:48.904 I/Kernel ( 8542): [ 3662.785151].(2)[8542:kworker/2:0][MUSB] USB is ready for connect
10-21 19:47:49.034 I/Kernel ( 0): [ 3662.913544]-(1)[0:swapper/1][printk_delayed:start]
10-21 19:47:49.034 I/Kernel ( 0): [ 3662.913582]-(1)[0:swapper/1][WDK], local_bit:0x8, cpu:1,RT[3662903579058]
10-21 19:47:49.034 I/Kernel ( 0): [ 3662.913582][WDK], local_bit:0xa, cpu:1, check bit0x:f,RT[3662903595442]
10-21 19:47:49.034 I/Kernel ( 0): [ 3662.913582][thread:60][RT:3662903605135] 2019-10-21 17:47:49.31971 UTC; android time 2019-10-21 18:47:49.31971
10-21 19:47:49.034 I/Kernel ( 0): [ 3662.913726]-(1)[0:swapper/1][printk_delayed:done]
10-21 19:47:49.044 I/Kernel ( 0): [ 3662.923540]-(0)[0:swapper/0][printk_delayed:start]
10-21 19:47:49.044 I/Kernel ( 0): [ 3662.923548]-(2)[0:swapper/2][printk_delayed:start]
10-21 19:47:49.044 I/Kernel ( 0): [ 3662.923564]-(2)[0:swapper/2][WDK], local_bit:0xa, cpu:2,RT[3662913566596]
10-21 19:47:49.044 I/Kernel ( 0): [ 3662.923564][WDK], local_bit:0xe, cpu:2, check bit0x:f,RT[3662913573366]
10-21 19:47:49.044 I/Kernel ( 0): [ 3662.923564][thread:61][RT:3662913579750] 2019-10-21 17:47:49.41947 UTC; android time 2019-10-21 18:47:49.41947
10-21 19:47:49.044 I/Kernel ( 0): [ 3662.923569]-(2)[0:swapper/2][printk_delayed:done]
10-21 19:47:49.044 I/Kernel ( 0): [ 3662.923615]-(0)[0:swapper/0][WDK], local_bit:0xe, cpu:0,RT[3662913578212]
10-21 19:47:49.044 I/Kernel ( 0): [ 3662.923615][WDK], local_bit:0xf, cpu:0, check bit0x:f,RT[3662913583366]
10-21 19:47:49.044 I/Kernel ( 0): [ 3662.923615][WDK]: kick Ex WDT,RT[3662913586904]
10-21 19:47:49.044 I/Kernel ( 0): [ 3662.923615][thread:59][RT:3662913728442] 2019-10-21 17:47:49.42097 UTC; android time 2019-10-21 18:47:49.42097
10-21 19:47:49.044 I/Kernel ( 0): [ 3662.923642]-(0)[0:swapper/0][printk_delayed:done]
10-21 19:47:49.368 V/Avrcp ( 3244): MediaController playback changed: PlaybackState {state=3, position=2023278, buffered position=0, speed=1.0, updated=3663224, actions=-1, custom actions=[], active item id=-1, error=null}
10-21 19:47:49.594 I/Kernel ( 35): [ 3663.473610].(1)[35:kworker/1:1] ABB T=89900
10-21 19:47:49.754 I/Kernel ( 0): [ 3663.633538]-(3)[0:swapper/3][printk_delayed:start]
10-21 19:47:49.754 I/Kernel ( 0): [ 3663.633575]-(3)[0:swapper/3][WDK], local_bit:0x0, cpu:3,RT[3663623571135]
10-21 19:47:49.754 I/Kernel ( 0): [ 3663.633575][WDK], local_bit:0x8, cpu:3, check bit0x:f,RT[3663623585673]
10-21 19:47:49.754 I/Kernel ( 0): [ 3663.633575][thread:62][RT:3663623592981] 2019-10-21 17:47:49.751960 UTC; android time 2019-10-21 18:47:49.751960
10-21 19:47:49.754 I/Kernel ( 0): [ 3663.633600]-(3)[0:swapper/3][printk_delayed:done]
10-21 19:47:49.885 V/Avrcp ( 3244): MediaController playback changed: PlaybackState {state=3, position=2023904, buffered position=0, speed=1.0, updated=3663741, actions=-1, custom actions=[], active item id=-1, error=null}
10-21 19:47:50.119 I/MediaCodecLogger( 7530): com.android.mediaplayer.HW.video.avc.bitrateInKbps = 5158
10-21 19:47:50.402 V/Avrcp ( 3244): MediaController playback changed: PlaybackState {state=3, position=2024319, buffered position=0, speed=1.0, updated=3664258, actions=-1, custom actions=[], active item id=-1, error=null}
10-21 19:47:50.594 I/Kernel ( 35): [ 3664.473603].(1)[35:kworker/1:1] ABB T=89800
10-21 19:47:50.902 V/Avrcp ( 3244): MediaController playback changed: PlaybackState {state=3, position=2024939, buffered position=0, speed=1.0, updated=3664759, actions=-1, custom actions=[], active item id=-1, error=null}
10-21 19:47:51.186 D/MtkOmxVdec( 180): [0xb812ea08] 0xb812ea08 Output [0xB807EE80] is not free.
10-21 19:47:51.433 V/Avrcp ( 3244): MediaController playback changed: PlaybackState {state=3, position=2025348, buffered position=0, speed=1.0, updated=3665276, actions=-1, custom actions=[], active item id=-1, error=null}
10-21 19:47:51.594 I/Kernel ( 35): [ 3665.473665].(1)[35:kworker/1:1] ABB T=89800
10-21 19:47:51.734 I/Kernel ( 29): [ 3665.613642].(0)[29:update_secureti]enter TEE_Icnt_time
10-21 19:47:51.734 I/Kernel ( 29): [ 3665.613953].(0)[29:update_secureti]update_securetime_thread_gb updata inc count
10-21 19:47:51.938 V/Avrcp ( 3244): MediaController playback changed: PlaybackState {state=3, position=2025955, buffered position=0, speed=1.0, updated=3665793, actions=-1, custom actions=[], active item id=-1, error=null}
10-21 19:47:52.454 V/Avrcp ( 3244): MediaController playback changed: PlaybackState {state=3, position=2026368, buffered position=0, speed=1.0, updated=3666310, actions=-1, custom actions=[], active item id=-1, error=null}
10-21 19:47:52.563 I/Vlog ( 135): logd:performance:fgtracking=false;DV;1,key=TotalMessages;DV;1,Counter=731;CT;1,unit=count;DV;1:HI
10-21 19:47:52.563 I/Vlog ( 135): logd:performance:fgtracking=false;DV;1,key=DroppedMessages;DV;1,Counter=0;CT;1,unit=count;DV;1:HI
10-21 19:47:52.563 I/Vlog ( 135): logd:performance:fgtracking=false;DV;1,key=Throughput;DV;1,Counter=10.09;CT;1,unit=kbps;DV;1:HI
10-21 19:47:52.594 I/Kernel ( 35): [ 3666.473603].(1)[35:kworker/1:1] ABB T=89400
10-21 19:47:52.874 I/Kernel ( 136): [ 3666.755920].(1)[136:healthd]healthd: battery l=100 v=4200 t=2.2 h=2 st=5 chg=u
10-21 19:47:52.954 V/Avrcp ( 3244): MediaController playback changed: PlaybackState {state=3, position=2026986, buffered position=0, speed=1.0, updated=3666811, actions=-1, custom actions=[], active item id=-1, error=null}
10-21 19:47:53.473 V/Avrcp ( 3244): MediaController playback changed: PlaybackState {state=3, position=2027399, buffered position=0, speed=1.0, updated=3667330, actions=-1, custom actions=[], active item id=-1, error=null}
10-21 19:47:53.594 I/Kernel ( 35): [ 3667.473605].(1)[35:kworker/1:1] ABB T=89400
10-21 19:47:53.988 V/Avrcp ( 3244): MediaController playback changed: PlaybackState {state=3, position=2028026, buffered position=0, speed=1.0, updated=3667845, actions=-1, custom actions=[], active item id=-1, error=null}
10-21 19:47:54.444 I/Kernel ( 434): [ 3668.323585][hdmi]#1506
10-21 19:47:54.444 I/Kernel ( 434): [hdmi] list empty 122000, sleeping
10-21 19:47:54.506 V/Avrcp ( 3244): MediaController playback changed: PlaybackState {state=3, position=2028430, buffered position=0, speed=1.0, updated=3668362, actions=-1, custom actions=[], active item id=-1, error=null}
10-21 19:47:54.594 I/Kernel ( 35): [ 3668.473632].(1)[35:kworker/1:1] ABB T=89300
10-21 19:47:54.924 I/Kernel ( 8542): [ 3668.803584].(2)[8542:kworker/2:0][MUSB] USB is ready for connect
10-21 19:47:55.008 V/Avrcp ( 3244): MediaController playback changed: PlaybackState {state=3, position=2029053, buffered position=0, speed=1.0, updated=3668863, actions=-1, custom actions=[], active item id=-1, error=null}
10-21 19:47:55.157 I/MediaCodecLogger( 7530): com.android.mediaplayer.HW.video.avc.bitrateInKbps = 6520
10-21 19:47:55.524 V/Avrcp ( 3244): MediaController playback changed: PlaybackState {state=3, position=2029470, buffered position=0, speed=1.0, updated=3669380, actions=-1, custom actions=[], active item id=-1, error=null}
10-21 19:47:55.594 I/Kernel ( 35): [ 3669.473610].(1)[35:kworker/1:1] ABB T=89800
10-21 19:47:56.041 V/Avrcp ( 3244): MediaController playback changed: PlaybackState {state=3, position=2030092, buffered position=0, speed=1.0, updated=3669897, actions=-1, custom actions=[], active item id=-1, error=null}
10-21 19:47:56.542 V/Avrcp ( 3244): MediaController playback changed: PlaybackState {state=3, position=2030508, buffered position=0, speed=1.0, updated=3670398, actions=-1, custom actions=[], active item id=-1, error=null}
10-21 19:47:56.594 I/Kernel ( 35): [ 3670.473611].(1)[35:kworker/1:1] ABB T=90300
10-21 19:47:56.734 I/Kernel ( 29): [ 3670.613599].(1)[29:update_secureti]enter TEE_Icnt_time
10-21 19:47:56.734 I/Kernel ( 29): [ 3670.613910].(1)[29:update_secureti]update_securetime_thread_gb updata inc count
10-21 19:47:57.058 V/Avrcp ( 3244): MediaController playback changed: PlaybackState {state=3, position=2030925, buffered position=0, speed=1.0, updated=3670915, actions=-1, custom actions=[], active item id=-1, error=null}
10-21 19:47:57.576 V/Avrcp ( 3244): MediaController playback changed: PlaybackState {state=3, position=2031539, buffered position=0, speed=1.0, updated=3671432, actions=-1, custom actions=[], active item id=-1, error=null}
10-21 19:47:57.594 I/Kernel ( 35): [ 3671.473648].(1)[35:kworker/1:1] ABB T=89800
10-21 19:47:58.093 V/Avrcp ( 3244): MediaController playback changed: PlaybackState {state=3, position=2032156, buffered position=0, speed=1.0, updated=3671949, actions=-1, custom actions=[], active item id=-1, error=null}
10-21 19:47:58.594 V/Avrcp ( 3244): MediaController playback changed: PlaybackState {state=3, position=2032568, buffered position=0, speed=1.0, updated=3672450, actions=-1, custom actions=[], active item id=-1, error=null}
10-21 19:47:58.594 I/Kernel ( 35): [ 3672.473637].(1)[35:kworker/1:1] ABB T=89600
10-21 19:47:59.110 V/Avrcp ( 3244): MediaController playback changed: PlaybackState {state=3, position=2032977, buffered position=0, speed=1.0, updated=3672967, actions=-1, custom actions=[], active item id=-1, error=null}
10-21 19:47:59.594 I/Kernel ( 35): [ 3673.473612].(1)[35:kworker/1:1] ABB T=89700
10-21 19:47:59.628 V/Avrcp ( 3244): MediaController playback changed: PlaybackState {state=3, position=2033599, buffered position=0, speed=1.0, updated=3673485, actions=-1, custom actions=[], active item id=-1, error=null}
10-21 19:48:00.145 V/Avrcp ( 3244): MediaController playback changed: PlaybackState {state=3, position=2034004, buffered position=0, speed=1.0, updated=3674001, actions=-1, custom actions=[], active item id=-1, error=null}
10-21 19:48:00.224 I/MediaCodecLogger( 7530): com.android.mediaplayer.HW.video.avc.bitrateInKbps = 7429
10-21 19:48:00.594 I/Kernel ( 35): [ 3674.473629].(1)[35:kworker/1:1] ABB T=89200
10-21 19:48:00.635 I/BluetoothAdapterProperties( 3244): checkMetrics
10-21 19:48:00.639 I/BluetoothAdapterProperties( 3244): start_time =1571676514949
10-21 19:48:00.639 I/BluetoothAdapterProperties( 3244): cur_time = 1571680080626
10-21 19:48:00.639 I/BluetoothAdapterProperties( 3244): elapsedTime=3565677
10-21 19:48:00.644 I/LoggerMetricsFactoryImpl( 979): AmazonWifiService:WifiMetricsHeartbeat:heartbeat=3647310.0;CT;1:NR
10-21 19:48:00.646 V/Avrcp ( 3244): MediaController playback changed: PlaybackState {state=3, position=2034630, buffered position=0, speed=1.0, updated=3674502, actions=-1, custom actions=[], active item id=-1, error=null}
10-21 19:48:00.650 I/LoggerMetricsFactoryImpl( 979): AmazonWifiService:ConnectionType:NetworkType_WIFI=1.0;CT;1:NR
10-21 19:48:00.668 I/LoggerMetricsFactoryImpl( 979): AmazonWifiService:WifiSecurityType:WPA_PSK=1.0;CT;1:NR
10-21 19:48:00.669 I/LoggerMetricsFactoryImpl( 979): AmazonWifiService:WifiHiddenNetwork:notHidden=1.0;CT;1:NR
10-21 19:48:00.672 I/LoggerMetricsFactoryImpl( 979): AmazonWifiService:WifiNumConfiguredNetworks:num=1.0;CT;1:NR
10-21 19:48:00.750 W/AmazonGidPackageManagerCallback( 979): Launching com.amazon.bueller.photos (32049) with AMZ_APP_GID
10-21 19:48:00.756 W/art ( 191): PreZygoteFork called when we already have a zygote space.
10-21 19:48:00.777 I/ActivityManager( 979): Start proc 9205:com.amazon.bueller.photos/u0a22049 for service com.amazon.bueller.photos/com.amazon.gallery.framework.network.upload.PeriodicalUploadServiceRefreshJobService
10-21 19:48:00.781 W/AmazonGidPackageManagerCallback( 979): Launching com.amazon.ceviche (32102) with AMZ_APP_GID
10-21 19:48:00.819 I/art ( 191): Explicit concurrent mark sweep GC freed 8667(368KB) AllocSpace objects, 0(0B) LOS objects, 39% free, 2MB/3MB, paused 395us total 39.366ms
10-21 19:48:00.845 I/art ( 191): Explicit concurrent mark sweep GC freed 5(160B) AllocSpace objects, 0(0B) LOS objects, 39% free, 2MB/3MB, paused 257us total 25.971ms
10-21 19:48:00.871 I/art ( 191): Explicit concurrent mark sweep GC freed 5(160B) AllocSpace objects, 0(0B) LOS objects, 39% free, 2MB/3MB, paused 352us total 24.939ms
10-21 19:48:00.875 W/art ( 191): PreZygoteFork called when we already have a zygote space.
10-21 19:48:00.889 I/ActivityManager( 979): Start proc 9222:com.amazon.ceviche/u0a22102 for service com.amazon.ceviche/.transport.BatchPurgeTransportJobService
10-21 19:48:00.928 W/ResourcesManager( 9205): Asset path '/system/framework/android.amazon.res.jar' does not exist or contains no resources.
10-21 19:48:00.947 W/AmazonGidPackageManagerCallback( 979): Launching com.amazon.device.crashmanager (32007) with AMZ_APP_GID
10-21 19:48:00.944 I/Kernel ( 8542): [ 3674.823631].(2)[8542:kworker/2:0][MUSB] USB is ready for connect
10-21 19:48:00.962 W/art ( 191): PreZygoteFork called when we already have a zygote space.
10-21 19:48:00.975 I/ActivityManager( 979): Start proc 9239:com.amazon.device.crashmanager/u0a22007 for service com.amazon.device.crashmanager/.CrashJobService
10-21 19:48:00.964 I/Kernel ( 9222): [ 3674.852438].(1)[9222:.amazon.ceviche]name:dev/ashmem/dalvik-main space unmap vm_start b05b9000 end: b05ba000
10-21 19:48:00.964 I/Kernel ( 9222): [ 3674.852974].(1)[9222:.amazon.ceviche]name:dev/ashmem/dalvik-main space unmap vm_start a31d7000 end: a34f6000
10-21 19:48:01.074 I/Kernel ( 38): [ 3674.956266].(2)[38:kswapd0]lowmemorykiller: Killing 'tify.tv.android' (8802), adj 12, score_adj 705,
10-21 19:48:01.074 I/Kernel ( 38): [ 3674.956266] to free 47680kB on behalf of 'kswapd0' (38) because
10-21 19:48:01.074 I/Kernel ( 38): [ 3674.956266] cache 165896kB is below limit 170800kB for oom_score_adj 529
10-21 19:48:01.074 I/Kernel ( 38): [ 3674.956266] Free memory is 27416kB above reserved
10-21 19:48:01.124 I/Kernel ( 38): [ 3675.011418].(2)[38:kswapd0]lowmemorykiller: Killing 'n.middleware.np' (8684), adj 12, score_adj 705,
10-21 19:48:01.124 I/Kernel ( 38): [ 3675.011418] to free 45636kB on behalf of 'kswapd0' (38) because
10-21 19:48:01.124 I/Kernel ( 38): [ 3675.011418] cache 163400kB is below limit 170800kB for oom_score_adj 529
10-21 19:48:01.124 I/Kernel ( 38): [ 3675.011418] Free memory is 34632kB above reserved
10-21 19:48:01.145 D/AudioFlinger( 180): Disable DS for device=0x400profile=0x1
10-21 19:48:01.146 V/Avrcp ( 3244): Active sessions changed, 2 sessions
10-21 19:48:01.147 I/ActivityManager( 979): Process com.spotify.tv.android (pid 8802) has died
10-21 19:48:01.147 D/ActivityManager( 979): cleanUpApplicationRecord -- 8802
10-21 19:48:01.147 V/Avrcp ( 3244): MediaController changed to org.xbmc.kodi
10-21 19:48:01.148 W/ActivityManager( 979): Scheduling restart of crashed service com.spotify.tv.android/.service.SpotifyTVService in 1000ms
10-21 19:48:01.156 V/Avrcp ( 3244): Updated [MediaAttributes: Die Daedalus-Variationen - by (0/0) ] but no change!
10-21 19:48:01.165 V/Avrcp ( 3244): MediaController playback changed: PlaybackState {state=3, position=2035048, buffered position=0, speed=1.0, updated=3675021, actions=-1, custom actions=[], active item id=-1, error=null}
10-21 19:48:01.194 I/Kernel ( 38): [ 3675.080960].(0)[38:kswapd0]lowmemorykiller: Killing 'ce.core.android' (8853), adj 11, score_adj 647,
10-21 19:48:01.194 I/Kernel ( 38): [ 3675.080960] to free 40796kB on behalf of 'kswapd0' (38) because
10-21 19:48:01.194 I/Kernel ( 38): [ 3675.080960] cache 163400kB is below limit 170800kB for oom_score_adj 529
10-21 19:48:01.194 I/Kernel ( 38): [ 3675.080960] Free memory is 41456kB above reserved
10-21 19:48:01.228 I/ActivityManager( 979): Process com.amazon.whisperjoin.middleware.np (pid 8684) has died
10-21 19:48:01.228 D/ActivityManager( 979): cleanUpApplicationRecord -- 8684
10-21 19:48:01.229 W/ActivityManager( 979): Scheduling restart of crashed service com.amazon.whisperjoin.middleware.np/.services.MiddlewareService in 10919ms
10-21 19:48:01.229 W/ActivityManager( 979): Scheduling restart of crashed service com.amazon.whisperjoin.middleware.np/com.amazon.whisperjoin.deviceprovisioningservice.service.FFSBackgroundProvisioningServiceBinder in 20919ms
10-21 19:48:01.231 D/BtGatt.GattService( 3244): Binder is dead - unregistering client (5)!
10-21 19:48:01.232 D/BtGatt.GattService( 3244): stopScan() - queue size =1
10-21 19:48:01.241 D/BtGatt.GattService( 3244): onScanFilterParamsConfigured() - clientIf=5, status=0, action=1, availableSpace=32
10-21 19:48:01.241 D/BtGatt.ScanManager( 3244): callback done for clientIf - 5 status - 0
10-21 19:48:01.241 D/BtGatt.ScanManager( 3244): stop scan
10-21 19:48:01.241 D/BtGatt.ScanManager( 3244): configureRegularScanParams() - queue=0
10-21 19:48:01.241 D/BtGatt.ScanManager( 3244): configureRegularScanParams() - ScanSetting Scan mode=-2147483648 mLastConfiguredScanSetting=0
10-21 19:48:01.242 D/BtGatt.ScanManager( 3244): configureRegularScanParams() - queue emtpy, scan stopped
10-21 19:48:01.242 D/BtGatt.ScanManager( 3244): app died, unregister client - 5
10-21 19:48:01.242 D/BtGatt.GattService( 3244): unregisterClient() - clientIf=5
10-21 19:48:01.313 E/WifiService( 979): Multicaster binderDied
10-21 19:48:01.313 D/WifiService( 979): releaseWifiLockLocked: WifiLock{AndroidRouter type=3 binder=android.os.BinderProxy@2ddcf389}
10-21 19:48:01.313 D/WifiService( 979): Client connection lost with reason: 4
10-21 19:48:01.316 I/ActivityManager( 979): Process com.amazon.discoveryservice.core.android (pid 8853) has died
10-21 19:48:01.316 D/ActivityManager( 979): cleanUpApplicationRecord -- 8853
10-21 19:48:01.316 W/ActivityManager( 979): Scheduling restart of crashed service com.amazon.dialservice/.DialService in 20832ms
10-21 19:48:01.399 W/AmazonGidPackageManagerCallback( 979): Launching com.amazon.device.settings (32033) with AMZ_APP_GID
10-21 19:48:01.414 W/art ( 191): PreZygoteFork called when we already have a zygote space.
10-21 19:48:01.438 I/ActivityManager( 979): Start proc 9269:com.amazon.device.settings/u0a22033 for content provider com.amazon.device.settings/.SettingsProvider
10-21 19:48:01.444 I/Kernel ( 38): [ 3675.324451].(0)[38:kswapd0]lowmemorykiller: Killing 'nk.core.android' (8927), adj 10, score_adj 588,
10-21 19:48:01.444 I/Kernel ( 38): [ 3675.324451] to free 53288kB on behalf of 'kswapd0' (38) because
10-21 19:48:01.444 I/Kernel ( 38): [ 3675.324451] cache 165448kB is below limit 170800kB for oom_score_adj 529
10-21 19:48:01.444 I/Kernel ( 38): [ 3675.324451] Free memory is 46848kB above reserved
10-21 19:48:01.470 E/lowmemorykiller( 137): Error writing /proc/8927/oom_score_adj; errno=22
10-21 19:48:01.556 E/WifiService( 979): Multicaster binderDied
10-21 19:48:01.557 D/WifiService( 979): Client connection lost with reason: 4
10-21 19:48:01.567 I/ActivityManager( 979): Process com.amazon.whisperlink.core.android (pid 8927) has died
10-21 19:48:01.567 D/ActivityManager( 979): cleanUpApplicationRecord -- 8927
10-21 19:48:01.568 W/ActivityManager( 979): Scheduling restart of crashed service com.amazon.whisperlink.core.android/.WhisperLinkCoreService in 30580ms
10-21 19:48:01.594 I/Kernel ( 9266): [ 3675.473641].(1)[9266:kworker/1:0] ABB T=93700
10-21 19:48:01.681 V/Avrcp ( 3244): MediaController playback changed: PlaybackState {state=3, position=2035654, buffered position=0, speed=1.0, updated=3675536, actions=-1, custom actions=[], active item id=-1, error=null}
10-21 19:48:01.734 I/Kernel ( 29): [ 3675.613587].(1)[29:update_secureti]enter TEE_Icnt_time
10-21 19:48:01.734 I/Kernel ( 29): [ 3675.613830].(1)[29:update_secureti]update_securetime_thread_gb updata inc count
10-21 19:48:02.022 D/hdmi_u_event( 190): handle hdmi uevents: s=change@/devices/virtual/thermal/thermal_zone3, len=191
10-21 19:48:02.022 D/hdmi_u_event( 190): change_hdmi=0, change_hdmi_res=0
10-21 19:48:02.023 I/Vlog ( 979): Thermal:Screen_On_Thermal_Throttling_P2P_Off:fgtracking=false;DV;1,key=0;DV;1,Timer=0.13694722222222222;TI;1,unit=hours;DV;1,metadata=org.xbmc.kodi;DV;1:HI
10-21 19:48:02.024 D/hdmi_u_event( 190): handle hdmi uevents: s=change@/devices/virtual/thermal/thermal_zone3, len=191
10-21 19:48:02.024 D/hdmi_u_event( 190): change_hdmi=0, change_hdmi_res=0
10-21 19:48:02.024 I/Vlog ( 979): Thermal:Screen_On_Thermal_Throttling_P2P_Off:fgtracking=false;DV;1,key=1;DV;1,Timer=2.7777777777777776E-7;TI;1,unit=hours;DV;1,metadata=org.xbmc.kodi;DV;1:HI
10-21 19:48:02.024 I/ThermalEventMonitorWindowCallback( 979): Thermal Notification sent with Extra Thermal State 1
10-21 19:48:02.154 W/art ( 191): PreZygoteFork called when we already have a zygote space.
10-21 19:48:02.171 I/ActivityManager( 979): Start proc 9309:com.spotify.tv.android/u0a21 for service com.spotify.tv.android/.service.SpotifyTVService
10-21 19:48:02.181 V/Avrcp ( 3244): MediaController playback changed: PlaybackState {state=3, position=2036070, buffered position=0, speed=1.0, updated=3676037, actions=-1, custom actions=[], active item id=-1, error=null}
10-21 19:48:02.204 D/ActivityManager( 9309): default service binder = android.os.BinderProxy@315ff5a7
10-21 19:48:02.204 D/ActivityManager( 9309): default service = android.app.ActivityManagerProxy@28deaa54
10-21 19:48:02.234 I/AmazonStorageUtil( 979): Secondary Storage not mounted. Do not create directory at:/storage/sdcard1/Android/data/com.amazon.bueller.photos/files/Pictures
10-21 19:48:02.306 I/ContextImpl( 9309): com.amazon.client.metrics.api registered service at i = 76
10-21 19:48:02.318 D/ProfileManager( 9309): Create ProfileManager instance
10-21 19:48:02.327 I/CrashlyticsInitProvider( 9309): CrashlyticsInitProvider skipping initialization
10-21 19:48:02.467 W/linker ( 9309): libcrashlytics.so: unused DT entry: type 0x6ffffffe arg 0x78b4
10-21 19:48:02.468 W/linker ( 9309): libcrashlytics.so: unused DT entry: type 0x6fffffff arg 0x2
10-21 19:48:02.477 D/libcrashlytics( 9309): Initializing libcrashlytics version 2.0.5
10-21 19:48:02.477 D/libcrashlytics( 9309): Initializing native crash handling successful.
10-21 19:48:02.482 I/CrashlyticsCore( 9309): Initializing Crashlytics Core 2.7.0.33
10-21 19:48:02.552 I/ ( 9309): BridgeService initializing
10-21 19:48:02.567 I/AudioService( 979): Sending max volume for fixed volume device. device: 1024 index: 150
10-21 19:48:02.594 I/Kernel ( 9266): [ 3676.473671].(1)[9266:kworker/1:0] ABB T=95700
10-21 19:48:02.624 V/RenderScript( 9309): 0xb7edd2a8 Launching thread(s), CPUs 4
10-21 19:48:02.635 W/CrashlyticsCore( 9309): No minidump data found in directory /data/data/com.spotify.tv.android/files/.Fabric/com.crashlytics.sdk.android.crashlytics-ndk/native/1571679144256
10-21 19:48:02.636 W/ActivityManager( 979): getRunningAppProcesses: caller 32049 does not hold REAL_GET_TASKS; limiting output
10-21 19:48:02.685 V/Avrcp ( 3244): Active sessions changed, 2 sessions
10-21 19:48:02.687 V/Avrcp ( 3244): MediaController changed to org.xbmc.kodi
10-21 19:48:02.689 V/Avrcp ( 3244): Updated [MediaAttributes: Die Daedalus-Variationen - by (0/0) ] but no change!
10-21 19:48:02.698 V/Avrcp ( 3244): MediaController playback changed: PlaybackState {state=3, position=2036680, buffered position=0, speed=1.0, updated=3676554, actions=-1, custom actions=[], active item id=-1, error=null}
10-21 19:48:02.694 I/Kernel ( 38): [ 3676.582965].(1)[38:kswapd0]lowmemorykiller: Killing '.amazon.ceviche' (9222), adj 12, score_adj 705,
10-21 19:48:02.694 I/Kernel ( 38): [ 3676.582965] to free 40948kB on behalf of 'kswapd0' (38) because
10-21 19:48:02.694 I/Kernel ( 38): [ 3676.582965] cache 169880kB is below limit 170800kB for oom_score_adj 529
10-21 19:48:02.694 I/Kernel ( 38): [ 3676.582965] Free memory is 30768kB above reserved
10-21 19:48:02.752 I/AmazonStorageUtil( 979): Secondary Storage not mounted. Do not create directory at:/storage/sdcard1/Android/data/com.amazon.bueller.photos/files/Pictures
10-21 19:48:02.804 I/ActivityManager( 979): Process com.amazon.ceviche (pid 9222) has died
10-21 19:48:02.804 D/ActivityManager( 979): cleanUpApplicationRecord -- 9222
10-21 19:48:02.891 W/linker ( 9309): libspotify_tv_jni.so: unused DT entry: type 0x6ffffef5 arg 0xb5c0
10-21 19:48:02.892 W/linker ( 9309): libspotify_tv_jni.so: unused DT entry: type 0x6ffffffe arg 0xedfc
10-21 19:48:02.892 W/linker ( 9309): libspotify_tv_jni.so: unused DT entry: type 0x6fffffff arg 0x2
10-21 19:48:02.910 I/SpotifyTV( 9309): JNI_OnLoad()
10-21 19:48:02.920 W/AudioTrack( 9309): AUDIO_OUTPUT_FLAG_FAST denied by client
10-21 19:48:02.925 I/SALE_MyNotificationListener( 1125): onNotificationPosted(): Recommendation Received Package Name com.spotify.tv.android
10-21 19:48:02.926 W/SALE_NotificationExtrasUtil( 1125): Recommendation Partner Name is missing
10-21 19:48:02.926 W/SALE_AbstractRecommendationHandler( 1125): Recommendation Partner Name is missing
10-21 19:48:02.927 I/LoggerMetricsFactoryImpl( 1125): FireTvSaleService:recordPMRPerfData:RecommendationDetails=com.spotify.tv.android;DV;1:NR
10-21 19:48:02.958 I/SALE_ProcessImageTask( 1125): LetterBox the image, Width :448 to 448 Height : 252 to 252
10-21 19:48:02.981 I/ ( 9309): BridgeService initialized
10-21 19:48:02.983 I/ ( 9309): [PlayerStateManager] Starting
10-21 19:48:02.991 W/ ( 9309): [PlayerStateManager] Ignoring metadata update due to error
10-21 19:48:03.011 I/SALE_ImageCache( 1125): add(id=f5f0f55f-0d60-4320-b8d2-a1b27730bd06, key=largeicon, memSize=451584, diskSize=32938, url=/storage/emulated/0/Pictures/SaleImageCache/f5f0f55f-0d60-4320-b8d2-a1b27730bd06/largeicon
10-21 19:48:03.023 I/Vlog ( 979): Thermal:Screen_On_Thermal_Throttling_P2P_Off:fgtracking=false;DV;1,key=2;DV;1,Timer=2.775E-4;TI;1,unit=hours;DV;1,metadata=org.xbmc.kodi;DV;1:HI
10-21 19:48:03.023 D/hdmi_u_event( 190): handle hdmi uevents: s=change@/devices/virtual/thermal/thermal_zone3, len=191
10-21 19:48:03.023 D/hdmi_u_event( 190): change_hdmi=0, change_hdmi_res=0
10-21 19:48:03.215 V/Avrcp ( 3244): MediaController playback changed: PlaybackState {state=3, position=2037096, buffered position=0, speed=1.0, updated=3677071, actions=-1, custom actions=[], active item id=-1, error=null}
10-21 19:48:03.325 W/SALE_SaleDatabase( 1125): notifyToSharedRow() : No Lrs present
10-21 19:48:03.325 W/SALE_SaleDatabase( 1125): RecommendationCardChange(com.spotify.tv.android, f5f0f55f-0d60-4320-b8d2-a1b27730bd06): Unable to locate LRS, Skipping call to notifyChange()
10-21 19:48:03.594 I/Kernel ( 9266): [ 3677.473696].(1)[9266:kworker/1:0] ABB T=94800
