10-21 18:54:14.392 W/ActivityManager( 979): getRunningAppProcesses: caller 10015 does not hold REAL_GET_TASKS; limiting output
10-21 18:54:24.399 W/ActivityManager( 979): getRunningAppProcesses: caller 10015 does not hold REAL_GET_TASKS; limiting output
10-21 18:54:34.410 W/ActivityManager( 979): getRunningAppProcesses: caller 10015 does not hold REAL_GET_TASKS; limiting output
10-21 18:54:44.412 W/ActivityManager( 979): getRunningAppProcesses: caller 10015 does not hold REAL_GET_TASKS; limiting output
10-21 18:54:52.529 I/Vlog ( 135): logd:performance:fgtracking=false;DV;1,key=TotalMessages;DV;1,Counter=138;CT;1,unit=count;DV;1:HI
10-21 18:54:52.529 I/Vlog ( 135): logd:performance:fgtracking=false;DV;1,key=DroppedMessages;DV;1,Counter=0;CT;1,unit=count;DV;1:HI
10-21 18:54:52.529 I/Vlog ( 135): logd:performance:fgtracking=false;DV;1,key=Throughput;DV;1,Counter=2.11;CT;1,unit=kbps;DV;1:HI
10-21 18:54:54.422 W/ActivityManager( 979): getRunningAppProcesses: caller 10015 does not hold REAL_GET_TASKS; limiting output
10-21 18:55:04.432 W/ActivityManager( 979): getRunningAppProcesses: caller 10015 does not hold REAL_GET_TASKS; limiting output
10-21 18:55:14.443 W/ActivityManager( 979): getRunningAppProcesses: caller 10015 does not hold REAL_GET_TASKS; limiting output
10-21 18:55:24.452 W/ActivityManager( 979): getRunningAppProcesses: caller 10015 does not hold REAL_GET_TASKS; limiting output
10-21 18:55:34.462 W/ActivityManager( 979): getRunningAppProcesses: caller 10015 does not hold REAL_GET_TASKS; limiting output
10-21 18:55:44.473 W/ActivityManager( 979): getRunningAppProcesses: caller 10015 does not hold REAL_GET_TASKS; limiting output
10-21 18:55:52.529 I/Vlog ( 135): logd:performance:fgtracking=false;DV;1,key=TotalMessages;DV;1,Counter=133;CT;1,unit=count;DV;1:HI
10-21 18:55:52.529 I/Vlog ( 135): logd:performance:fgtracking=false;DV;1,key=DroppedMessages;DV;1,Counter=0;CT;1,unit=count;DV;1:HI
10-21 18:55:52.529 I/Vlog ( 135): logd:performance:fgtracking=false;DV;1,key=Throughput;DV;1,Counter=1.72;CT;1,unit=kbps;DV;1:HI
10-21 18:55:54.484 W/ActivityManager( 979): getRunningAppProcesses: caller 10015 does not hold REAL_GET_TASKS; limiting output
10-21 18:56:00.187 I/PowerManagerService( 979): Nap time (uid 1000)...
10-21 18:56:00.202 I/DreamManagerService( 979): Entering dreamland.
10-21 18:56:00.203 I/PowerManagerService( 979): Dreaming...
10-21 18:56:00.204 I/DreamController( 979): Starting dream: name=ComponentInfo{com.amazon.ftv.screensaver/com.amazon.ftv.screensaver.app.services.ScreensaverService}, isTest=false, canDoze=false, userId=0
10-21 18:56:00.225 I/ActivityManager( 979): Start proc 6773:com.amazon.ftv.screensaver/u0a22108 for service com.amazon.ftv.screensaver/.app.services.ScreensaverService
10-21 18:56:00.308 W/ResourcesManager( 6773): Asset path '/system/framework/android.amazon.res.jar' does not exist or contains no resources.
10-21 18:56:00.490 I/SysfsTemperatureObserverBase( 979): SCREEN ON
10-21 18:56:00.562 D/AmazonProductPolicyServ( 979): android.intent.action.SCREEN_ON received
10-21 18:56:00.565 W/ContextImpl( 979): Calling a method in the system process without a qualified user: android.app.ContextImpl.sendBroadcast:1420 com.amazon.android.service.action.IntentAction.performAction:47 com.amazon.android.service.AmazonProductPolicyService$EventHandler.handleMessage:319 android.os.Handler.dispatchMessage:102 android.os.Looper.loop:135
10-21 18:56:00.628 W/KeyguardServiceDelegate( 979): onScreenTurnedOn(): no keyguard service!
10-21 18:56:01.065 W/SchedPolicy( 979): Failed to set io priority for tid 6793 (No such process)
10-21 18:56:01.263 I/FrameworkJumpTable( 6773): Successfully loaded all classes
10-21 18:56:01.298 I/FrameworkJumpTable( 6773): Successfully loaded all methods
10-21 18:56:01.322 I/FrameworkJumpTable( 6773): Successfully loaded all fields
10-21 18:56:01.517 W/ActivityManager( 979): getRunningAppProcesses: caller 10015 does not hold REAL_GET_TASKS; limiting output
10-21 18:56:01.590 I/PowerManagerNotifier( 979): BroadcastedInteractiveState=1 ActualInteractiveState=1
10-21 18:56:01.824 I/ActivityManager( 979): Start proc 6821:com.amazon.kso.blackbird/u0a22066 for content provider com.amazon.kso.blackbird/.sync.StubProvider
10-21 18:56:01.898 W/ResourcesManager( 6821): Asset path '/system/framework/android.amazon.res.jar' does not exist or contains no resources.
10-21 18:56:01.901 W/SchedPolicy( 979): Failed to set io priority for tid 6809 (No such process)
10-21 18:56:01.984 D/ConnectivityService( 979): listenForNetwork for NetworkRequest [ id=5, legacyType=-1, [ Capabilities: NOT_RESTRICTED&TRUSTED&NOT_VPN] ]
10-21 18:56:01.985 D/ConnectivityService( 979): handleRegisterNetworkRequest checking NetworkAgentInfo [WIFI () - 100]
10-21 18:56:01.985 D/ConnectivityService( 979): apparently satisfied. currentScore=60
10-21 18:56:02.049 D/ConnectivityService( 979): listenForNetwork for NetworkRequest [ id=6, legacyType=-1, [ Capabilities: NOT_RESTRICTED&TRUSTED&NOT_VPN] ]
10-21 18:56:02.050 D/ConnectivityService( 979): handleRegisterNetworkRequest checking NetworkAgentInfo [WIFI () - 100]
10-21 18:56:02.050 D/ConnectivityService( 979): apparently satisfied. currentScore=60
10-21 18:56:02.546 I/ActivityManager( 979): Killing 6425:com.amazon.identity.auth.device.authorization/u0a22060 (adj 12): empty #17
10-21 18:56:02.660 D/ActivityManager( 979): cleanUpApplicationRecord -- 6425
10-21 18:56:02.678 I/LoggerMetricsFactoryImpl( 979): PhoneWindowManager:ActivityChanged:com.amazon.ftv.screensaver=1.0;CT;1:NR
10-21 18:56:02.678 I/Vlog ( 979): Thermal:Screen_On_Thermal_Throttling_P2P_Off:fgtracking=false;DV;1,key=0;DV;1,Timer=0.14486194444444445;TI;1,unit=hours;DV;1,metadata=com.amazon.tv.launcher;DV;1:HI
10-21 18:56:02.678 I/Vlog ( 979): ScreenTime:PackageScreenTime:fgtracking=false;DV;1,key=com.amazon.tv.launcher;DV;1,Timer=0.14486166666666667;TI;1,unit=hours;DV;1,metadata=!{"d"#{"app_version"#"618081110"}};DV;1:HI
10-21 18:56:02.684 I/LoggerMetricsFactoryImpl( 979): PhoneWindowManager:ScreenTime:com.amazon.tv.launcher=521502.0;TI;1,endTimeMs=1.571676962677E12;TI;1,startTimeMs=1.571676441191E12;TI;1:NR
10-21 18:56:02.882 W/InputMethodManagerService( 979): Starting input on non-focused client com.android.internal.view.IInputMethodClient$Stub$Proxy@3c948dcc (uid=32080 pid=1549)
10-21 18:56:03.448 I/ActivityManager( 979): Killing 5668:com.amazon.device.messaging/u0a22011 (adj 12): empty #17
10-21 18:56:03.546 D/WifiService( 979): Client connection lost with reason: 4
10-21 18:56:03.563 D/ActivityManager( 979): cleanUpApplicationRecord -- 5668
10-21 18:56:04.497 W/ActivityManager( 979): getRunningAppProcesses: caller 10015 does not hold REAL_GET_TASKS; limiting output
10-21 18:56:12.226 I/ActivityManager( 979): Start proc 6901:com.amazon.unifiedshare.actionchooser/1000 for broadcast com.amazon.unifiedshare.actionchooser/.receivers.PackageChangeReceiver
10-21 18:56:12.307 W/ResourcesManager( 1385): Asset path '/system/framework/android.amazon.res.jar' does not exist or contains no resources.
10-21 18:56:12.717 W/ResourcesManager( 1385): Asset path '/system/framework/android.amazon.res.jar' does not exist or contains no resources.
10-21 18:56:12.866 I/ActivityManager( 979): Start proc 6919:com.amazon.tv.nimh/u0a22083 for broadcast com.amazon.tv.nimh/com.amazon.device.management.PackageChangedReceiver
10-21 18:56:12.896 I/ActivityManager( 979): Killing 6309:com.amazon.ags.app/u0a22044 (adj 7): empty #17
10-21 18:56:13.041 D/ActivityManager( 979): cleanUpApplicationRecord -- 6309
10-21 18:56:13.415 I/ActivityManager( 979): Start proc 6937:com.amazon.platform.fdrw/1000 for broadcast com.amazon.platform.fdrw/.PackageWhitelistingHandler
10-21 18:56:13.708 I/ActivityManager( 979): Killing 5541:com.android.providers.downloads/u0a22017 (adj 12): empty #17
10-21 18:56:13.844 D/ActivityManager( 979): cleanUpApplicationRecord -- 5541
10-21 18:56:13.884 I/ActivityManager( 979): Killing 5773:com.amazon.device.software.ota/u0a22014 (adj 12): empty #17
10-21 18:56:13.998 D/ActivityManager( 979): cleanUpApplicationRecord -- 5773
10-21 18:56:14.512 W/ActivityManager( 979): getRunningAppProcesses: caller 10015 does not hold REAL_GET_TASKS; limiting output
10-21 18:56:24.524 W/ActivityManager( 979): getRunningAppProcesses: caller 10015 does not hold REAL_GET_TASKS; limiting output
10-21 18:56:32.122 W/ResourcesManager( 1125): Asset path '/system/framework/android.amazon.res.jar' does not exist or contains no resources.
10-21 18:56:32.123 W/ResourcesManager( 1125): Asset path '/system/framework/android.amazon.res.jar' does not exist or contains no resources.
10-21 18:56:32.215 D/AmazonHdmiService( 979): isMediaPlaying return=false
10-21 18:56:32.299 D/AmazonHdmiService( 979): isMediaPlaying return=false
10-21 18:56:32.406 I/ActivityManager( 979): Process com.netflix.ninja (pid 5432) has died
10-21 18:56:32.406 D/ActivityManager( 979): cleanUpApplicationRecord -- 5432
10-21 18:56:32.453 W/ActivityManager( 979): Scheduling restart of crashed service com.netflix.ninja/.NetflixService in 1000ms
10-21 18:56:45.145 I/syseng_board_status( 6965): syseng_board_status:tempstat:tmon_mtktsabb=82900;CT;1,tmon_mtkts_bts0=64000;CT;1,tmon_mtkts_bts1=62000;CT;1,tmon_mtktscpu=78900;CT;1,tmon_virtual_sensor=33546;CT;1:NR
10-21 18:56:45.162 I/syseng_board_status( 6966): syseng_board_status:cooling_device:thermal_state_cpuhotplug=0;CT;1,thermal_state_wifi=0;CT;1,thermal_state_vsync=0;CT;1,thermal_state_thermal-cpufreq-0=0;CT;1,thermal_state_thermal-cpufreq-1=0;CT;1:NR
10-21 18:56:52.530 I/Vlog ( 135): logd:performance:fgtracking=false;DV;1,key=TotalMessages;DV;1,Counter=1523;CT;1,unit=count;DV;1:HI
10-21 18:56:52.530 I/Vlog ( 135): logd:performance:fgtracking=false;DV;1,key=DroppedMessages;DV;1,Counter=0;CT;1,unit=count;DV;1:HI
10-21 18:56:52.530 I/Vlog ( 135): logd:performance:fgtracking=false;DV;1,key=Throughput;DV;1,Counter=19.31;CT;1,unit=kbps;DV;1:HI
10-21 18:57:12.007 I/SysfsTemperatureObserverBase( 979): MetricsTimerUpdateTask wifiRemotePairedState=bluetooth
10-21 18:57:12.008 I/SysfsTemperatureObserverBase( 979): MetricsTimerUpdateTask tmon_mtktsabb_screen_on_bluetooth=84500
10-21 18:57:12.009 I/SysfsTemperatureObserverBase( 979): MetricsTimerUpdateTask tmon_mtkts_bts0_screen_on_bluetooth=64000
10-21 18:57:12.009 I/SysfsTemperatureObserverBase( 979): MetricsTimerUpdateTask tmon_mtkts_bts1_screen_on_bluetooth=63000
10-21 18:57:12.010 I/SysfsTemperatureObserverBase( 979): MetricsTimerUpdateTask tmon_mtktscpu_screen_on_bluetooth=80200
10-21 18:57:12.010 I/SysfsTemperatureObserverBase( 979): MetricsTimerUpdateTask tmon_virtual_sensor_screen_on_bluetooth=34468
10-21 18:57:12.010 I/LoggerMetricsFactoryImpl( 979): ThermalEvent:tmon:tmon_mtktsabb_screen_on_bluetooth=84500.0;CT;1,tmon_virtual_sensor_screen_on_bluetooth=34468.0;CT;1,tmon_mtkts_bts1_screen_on_bluetooth=63000.0;CT;1,tmon_mtkts_bts0_screen_on_bluetooth=64000.0;CT;1,tmon_mtktscpu_screen_on_bluetooth=80200.0;CT;1:NR
10-21 18:57:52.530 I/Vlog ( 135): logd:performance:fgtracking=false;DV;1,key=TotalMessages;DV;1,Counter=422;CT;1,unit=count;DV;1:HI
10-21 18:57:52.530 I/Vlog ( 135): logd:performance:fgtracking=false;DV;1,key=DroppedMessages;DV;1,Counter=0;CT;1,unit=count;DV;1:HI
10-21 18:57:52.530 I/Vlog ( 135): logd:performance:fgtracking=false;DV;1,key=Throughput;DV;1,Counter=4.29;CT;1,unit=kbps;DV;1:HI
10-21 18:58:24.364 D/ActivityManager( 979): single user service: com.amazon.vizzini
10-21 18:58:24.383 D/ActivityManager( 979): app = com.amazon.vizzini, has single user service, setting process record.
10-21 18:58:52.530 I/Vlog ( 135): logd:performance:fgtracking=false;DV;1,key=TotalMessages;DV;1,Counter=467;CT;1,unit=count;DV;1:HI
10-21 18:58:52.530 I/Vlog ( 135): logd:performance:fgtracking=false;DV;1,key=DroppedMessages;DV;1,Counter=0;CT;1,unit=count;DV;1:HI
10-21 18:58:52.530 I/Vlog ( 135): logd:performance:fgtracking=false;DV;1,key=Throughput;DV;1,Counter=5.24;CT;1,unit=kbps;DV;1:HI
10-21 18:59:52.530 I/Vlog ( 135): logd:performance:fgtracking=false;DV;1,key=TotalMessages;DV;1,Counter=412;CT;1,unit=count;DV;1:HI
10-21 18:59:52.530 I/Vlog ( 135): logd:performance:fgtracking=false;DV;1,key=DroppedMessages;DV;1,Counter=0;CT;1,unit=count;DV;1:HI
10-21 18:59:52.530 I/Vlog ( 135): logd:performance:fgtracking=false;DV;1,key=Throughput;DV;1,Counter=3.99;CT;1,unit=kbps;DV;1:HI
10-21 19:00:11.415 I/wpa_supplicant( 1270): wifi:wpa_supplicant:freq_2437=1;CT;1:NR
10-21 19:00:11.415 I/wpa_supplicant( 1270): wifi:wpa_supplicant:rssi_4_bar=1;CT;1,rssi=38;CT;1:NR
10-21 19:00:52.530 I/Vlog ( 135): logd:performance:fgtracking=false;DV;1,key=TotalMessages;DV;1,Counter=433;CT;1,unit=count;DV;1:HI
10-21 19:00:52.530 I/Vlog ( 135): logd:performance:fgtracking=false;DV;1,key=DroppedMessages;DV;1,Counter=0;CT;1,unit=count;DV;1:HI
10-21 19:00:52.530 I/Vlog ( 135): logd:performance:fgtracking=false;DV;1,key=Throughput;DV;1,Counter=4.40;CT;1,unit=kbps;DV;1:HI
10-21 19:01:52.531 I/Vlog ( 135): logd:performance:fgtracking=false;DV;1,key=TotalMessages;DV;1,Counter=443;CT;1,unit=count;DV;1:HI
10-21 19:01:52.531 I/Vlog ( 135): logd:performance:fgtracking=false;DV;1,key=DroppedMessages;DV;1,Counter=0;CT;1,unit=count;DV;1:HI
10-21 19:01:52.531 I/Vlog ( 135): logd:performance:fgtracking=false;DV;1,key=Throughput;DV;1,Counter=4.27;CT;1,unit=kbps;DV;1:HI
10-21 19:02:12.008 I/SysfsTemperatureObserverBase( 979): MetricsTimerUpdateTask wifiRemotePairedState=bluetooth
10-21 19:02:12.008 I/SysfsTemperatureObserverBase( 979): MetricsTimerUpdateTask tmon_mtktsabb_screen_on_bluetooth=86900
10-21 19:02:12.009 I/SysfsTemperatureObserverBase( 979): MetricsTimerUpdateTask tmon_mtkts_bts0_screen_on_bluetooth=71000
10-21 19:02:12.009 I/SysfsTemperatureObserverBase( 979): MetricsTimerUpdateTask tmon_mtkts_bts1_screen_on_bluetooth=69000
10-21 19:02:12.010 I/SysfsTemperatureObserverBase( 979): MetricsTimerUpdateTask tmon_mtktscpu_screen_on_bluetooth=85200
10-21 19:02:12.010 I/SysfsTemperatureObserverBase( 979): MetricsTimerUpdateTask tmon_virtual_sensor_screen_on_bluetooth=42537
10-21 19:02:12.010 I/LoggerMetricsFactoryImpl( 979): ThermalEvent:tmon:tmon_mtktsabb_screen_on_bluetooth=86900.0;CT;1,tmon_virtual_sensor_screen_on_bluetooth=42537.0;CT;1,tmon_mtkts_bts1_screen_on_bluetooth=69000.0;CT;1,tmon_mtkts_bts0_screen_on_bluetooth=71000.0;CT;1,tmon_mtktscpu_screen_on_bluetooth=85200.0;CT;1:NR
10-21 19:02:22.014 I/ThermalEvent( 72): thermzone:def:mtktscpu=88;CT;1:NR
10-21 19:02:22.014 I/ThermalEvent( 72): thermzone:def:virtual_sensor=42;CT;1:NR
10-21 19:02:22.174 I/ThermalEvent( 35): thermzone:def:mtktsabb=92;CT;1:NR
10-21 19:02:22.174 I/ThermalEvent( 35): thermzone:def:mtkts_bts0=72;CT;1:NR
10-21 19:02:22.174 I/ThermalEvent( 35): thermzone:def:mtkts_bts1=69;CT;1:NR
10-21 19:02:45.038 I/Vlog ( 979): Thermal:Screen_On_Thermal_Throttling_P2P_Off:fgtracking=false;DV;1,key=0;DV;1,Timer=0.11176694444444445;TI;1,unit=hours;DV;1,metadata=com.amazon.ftv.screensaver_dream;DV;1:HI
10-21 19:02:46.024 I/Vlog ( 979): Thermal:Screen_On_Thermal_Throttling_P2P_Off:fgtracking=false;DV;1,key=1;DV;1,Timer=2.738888888888889E-4;TI;1,unit=hours;DV;1,metadata=com.amazon.ftv.screensaver_dream;DV;1:HI
10-21 19:02:52.531 I/Vlog ( 135): logd:performance:fgtracking=false;DV;1,key=TotalMessages;DV;1,Counter=478;CT;1,unit=count;DV;1:HI
10-21 19:02:52.531 I/Vlog ( 135): logd:performance:fgtracking=false;DV;1,key=DroppedMessages;DV;1,Counter=0;CT;1,unit=count;DV;1:HI
10-21 19:02:52.531 I/Vlog ( 135): logd:performance:fgtracking=false;DV;1,key=Throughput;DV;1,Counter=5.27;CT;1,unit=kbps;DV;1:HI
10-21 19:03:52.531 I/Vlog ( 135): logd:performance:fgtracking=false;DV;1,key=TotalMessages;DV;1,Counter=455;CT;1,unit=count;DV;1:HI
10-21 19:03:52.531 I/Vlog ( 135): logd:performance:fgtracking=false;DV;1,key=DroppedMessages;DV;1,Counter=0;CT;1,unit=count;DV;1:HI
10-21 19:03:52.531 I/Vlog ( 135): logd:performance:fgtracking=false;DV;1,key=Throughput;DV;1,Counter=4.39;CT;1,unit=kbps;DV;1:HI
10-21 19:04:10.910 I/DreamManagerService( 979): Leaving dreamland.
10-21 19:04:10.923 I/DreamController( 979): Stopping dream: name=ComponentInfo{com.amazon.ftv.screensaver/com.amazon.ftv.screensaver.app.services.ScreensaverService}, isTest=false, canDoze=false, userId=0
10-21 19:04:10.928 I/PowerManagerService( 979): Waking up from dream (uid 1000)...
10-21 19:04:10.935 I/Vlog ( 979): Thermal:Screen_On_Thermal_Throttling_P2P_Off:fgtracking=false;DV;1,key=0;DV;1,Timer=0.02358638888888889;TI;1,unit=hours;DV;1,metadata=com.amazon.ftv.screensaver_dream;DV;1:HI
10-21 19:04:10.936 I/LoggerMetricsFactoryImpl( 979): PhoneWindowManager:ActivityChanged:com.amazon.tv.launcher=1.0;CT;1:NR
10-21 19:04:10.936 I/Vlog ( 979): ScreenTime:PackageScreenTime:fgtracking=false;DV;1,key=com.amazon.ftv.screensaver;DV;1,Timer=0.1356275;TI;1,unit=hours;DV;1,metadata=!{"d"#{"app_version"#"5001510"}};DV;1:HI
10-21 19:04:10.936 I/LoggerMetricsFactoryImpl( 979): PhoneWindowManager:ScreenTime:com.amazon.ftv.screensaver=488259.0;TI;1,endTimeMs=1.571677450935E12;TI;1,startTimeMs=1.571676962677E12;TI;1:NR
10-21 19:04:10.995 W/EMP.LoggerMetricsFactoryImpl( 979): EMP.MetricsCollectionAgent:UsageReporterFOSTest:Product_Mode=DEFAULT;DV;1,page-type=UsageStats;CK;1,hitType=deviceAction;CK;1,team-name=KindleFramework;CK;1,site_variant=KindleApplication;CK;1,page-action=USER_PRESENT;CK;1,RequestId=5A3D1ABD4411859F0DC1;DV;1:NA
10-21 19:04:10.995 W/EMP.LoggerMetricsFactoryImpl( 979): EMP.MetricsCollectionAgent:UsageReporter:Product_Mode=DEFAULT;DV;1,page-type=UsageStats;CK;1,hitType=deviceAction;CK;1,team-name=KindleFramework;CK;1,site_variant=KindleApplication;CK;1,page-action=USER_PRESENT;CK;1,RequestId=A7F5A304053817A4E4F8;DV;1:NA
10-21 19:04:11.170 I/ActivityManager( 979): Killing 5816:com.amazon.bueller.photos/u0a22049 (adj 12): empty #17
10-21 19:04:11.282 D/ActivityManager( 979): cleanUpApplicationRecord -- 5816
10-21 19:04:11.429 I/ActivityManager( 979): Start proc 7104:com.amazon.tv.notificationcenter/u0a22084 for content provider com.amazon.tv.notificationcenter/.count.NotificationCountProvider
10-21 19:04:11.523 D/ActivityManager( 979): single user service: com.amazon.imp
10-21 19:04:11.556 D/ActivityManager( 979): app = com.amazon.imp, has single user service, setting process record.
10-21 19:04:11.941 W/EMP.LoggerMetricsFactoryImpl( 979): EMP.MetricsCollectionAgent:AppUsageReporter:appVersionName=1.4.0.15;DV;1,appCollectionReason=amazonCertificate;DV;1,appVersionCode=5001510;DV;1,Product_Mode=DEFAULT;DV;1,appUsageCollection=required;DV;1,durationMS=490802;DV;1,startTimeEpoch=1571676960206;DV;1,launchCount=1;DV;1,appPackageName=com.amazon.ftv.screensaver;DV;1,page-type=AppUsageStats;CK;1,hitType=appAction;CK;1,team-name=KindleFramework;CK;1,site_variant=KindleApplication;CK;1,page-action=DISPLAY_USAGE;CK;1,RequestId=2548B3BFE5A2491C8FE9;DV;1:NA
10-21 19:04:13.023 I/Vlog ( 979): Thermal:Screen_On_Thermal_Throttling_P2P_Off:fgtracking=false;DV;1,key=0;DV;1,Timer=5.8E-4;TI;1,unit=hours;DV;1,metadata=com.amazon.tv.launcher;DV;1:HI
10-21 19:04:14.023 I/Vlog ( 979): Thermal:Screen_On_Thermal_Throttling_P2P_Off:fgtracking=false;DV;1,key=1;DV;1,Timer=2.777777777777778E-4;TI;1,unit=hours;DV;1,metadata=com.amazon.tv.launcher;DV;1:HI
10-21 19:04:15.022 I/Vlog ( 979): Thermal:Screen_On_Thermal_Throttling_P2P_Off:fgtracking=false;DV;1,key=0;DV;1,Timer=2.775E-4;TI;1,unit=hours;DV;1,metadata=com.amazon.tv.launcher;DV;1:HI
10-21 19:04:16.023 I/Vlog ( 979): Thermal:Screen_On_Thermal_Throttling_P2P_Off:fgtracking=false;DV;1,key=1;DV;1,Timer=2.777777777777778E-4;TI;1,unit=hours;DV;1,metadata=com.amazon.tv.launcher;DV;1:HI
10-21 19:04:17.566 I/AudioALSAStreamOut( 180): audio:audio_open:format=1;CT;1,channel_mask=3;CT;1,sample_rate=48000;CT;1:NR
10-21 19:04:19.023 I/Vlog ( 979): Thermal:Screen_On_Thermal_Throttling_P2P_Off:fgtracking=false;DV;1,key=0;DV;1,Timer=8.333333333333334E-4;TI;1,unit=hours;DV;1,metadata=com.amazon.tv.launcher;DV;1:HI
10-21 19:04:20.023 I/Vlog ( 979): Thermal:Screen_On_Thermal_Throttling_P2P_Off:fgtracking=false;DV;1,key=1;DV;1,Timer=2.777777777777778E-4;TI;1,unit=hours;DV;1,metadata=com.amazon.tv.launcher;DV;1:HI
10-21 19:04:23.023 I/Vlog ( 979): Thermal:Screen_On_Thermal_Throttling_P2P_Off:fgtracking=false;DV;1,key=0;DV;1,Timer=8.333333333333334E-4;TI;1,unit=hours;DV;1,metadata=com.amazon.tv.launcher;DV;1:HI
10-21 19:04:24.023 I/Vlog ( 979): Thermal:Screen_On_Thermal_Throttling_P2P_Off:fgtracking=false;DV;1,key=1;DV;1,Timer=2.777777777777778E-4;TI;1,unit=hours;DV;1,metadata=com.amazon.tv.launcher;DV;1:HI
10-21 19:04:52.531 I/Vlog ( 135): logd:performance:fgtracking=false;DV;1,key=TotalMessages;DV;1,Counter=818;CT;1,unit=count;DV;1:HI
10-21 19:04:52.531 I/Vlog ( 135): logd:performance:fgtracking=false;DV;1,key=DroppedMessages;DV;1,Counter=0;CT;1,unit=count;DV;1:HI
10-21 19:04:52.531 I/Vlog ( 135): logd:performance:fgtracking=false;DV;1,key=Throughput;DV;1,Counter=8.88;CT;1,unit=kbps;DV;1:HI
10-21 19:04:59.848 I/AudioALSAStreamOut( 180): audio:audio_open:format=1;CT;1,channel_mask=3;CT;1,sample_rate=48000;CT;1:NR
10-21 19:05:01.023 I/Vlog ( 979): Thermal:Screen_On_Thermal_Throttling_P2P_Off:fgtracking=false;DV;1,key=0;DV;1,Timer=0.010277777777777778;TI;1,unit=hours;DV;1,metadata=com.amazon.tv.launcher;DV;1:HI
10-21 19:05:01.099 D/ActivityManager( 979): single user service: com.amazon.imp
10-21 19:05:01.119 D/ActivityManager( 979): app = com.amazon.imp, has single user service, setting process record.
10-21 19:05:02.024 I/Vlog ( 979): Thermal:Screen_On_Thermal_Throttling_P2P_Off:fgtracking=false;DV;1,key=1;DV;1,Timer=2.7805555555555553E-4;TI;1,unit=hours;DV;1,metadata=com.amazon.tv.launcher;DV;1:HI
10-21 19:05:06.650 I/AudioALSAStreamOut( 180): audio:audio_open:format=1;CT;1,channel_mask=3;CT;1,sample_rate=48000;CT;1:NR
10-21 19:05:07.154 I/ActivityManager( 979): Start proc 7198:com.amazon.tv.settings.v2/u0a22121 for broadcast com.amazon.tv.settings.v2/.tv.WarmStartReceiver
10-21 19:05:07.241 W/ResourcesManager( 7198): Asset path '/system/framework/android.amazon.res.jar' does not exist or contains no resources.
10-21 19:05:07.565 I/AmazonHdmiService( 979): Get Current HDCP Version
10-21 19:05:07.697 I/ActivityManager( 979): Start proc 7224:com.amazon.tv.parentalcontrols/u0a22088 for broadcast com.amazon.tv.parentalcontrols/.WarmStartReceiver
10-21 19:05:07.713 I/ActivityManager( 979): Killing 6182:com.amazon.kindle.cms/u0a22062 (adj 12): empty #17
10-21 19:05:07.855 D/ActivityManager( 979): cleanUpApplicationRecord -- 6182
10-21 19:05:07.886 W/ResourcesManager( 7224): Asset path '/system/framework/android.amazon.res.jar' does not exist or contains no resources.
10-21 19:05:08.238 I/ActivityManager( 979): Killing 6623:com.amazon.device.bluetoothkeymaplib/u0a22096 (adj 12): empty #17
10-21 19:05:08.370 D/ActivityManager( 979): cleanUpApplicationRecord -- 6623
10-21 19:05:25.447 I/AudioALSAStreamOut( 180): audio:audio_open:format=1;CT;1,channel_mask=3;CT;1,sample_rate=48000;CT;1:NR
10-21 19:05:29.037 I/ActivityManager( 979): START u0 {act=com.amazon.device.settings.action.DEVICE cmp=com.amazon.tv.settings.v2/.tv.device.DeviceActivity (has extras)} from uid 32080 on display 0
10-21 19:05:29.045 W/ResourcesManager( 979): Asset path '/system/framework/android.amazon.res.jar' does not exist or contains no resources.
10-21 19:05:29.058 W/ActivityManager( 979): Input dispatching paused for current ActivityRecord: ActivityRecord{1d687f37 u0 com.amazon.tv.settings.v2/.tv.device.DeviceActivity t540}
10-21 19:05:29.058 V/WindowManager( 979): addAppToken: AppWindowToken{2f0d5a0d token=Token{37cb1ca4 ActivityRecord{1d687f37 u0 com.amazon.tv.settings.v2/.tv.device.DeviceActivity t540}}} to stack=0 task=540 at 1
10-21 19:05:29.147 W/EMP.LoggerMetricsFactoryImpl( 979): EMP.MetricsCollectionAgent:AppUsageReporter:appVersionName=6.1.8.0-811;DV;1,appCollectionReason=amazonCertificate;DV;1,appVersionCode=618081110;DV;1,Product_Mode=DEFAULT;DV;1,appUsageCollection=required;DV;1,durationMS=77176;DV;1,startTimeEpoch=1571677451941;DV;1,launchCount=1;DV;1,appPackageName=com.amazon.tv.launcher;DV;1,page-type=AppUsageStats;CK;1,hitType=appAction;CK;1,team-name=KindleFramework;CK;1,site_variant=KindleApplication;CK;1,page-action=DISPLAY_USAGE;CK;1,RequestId=DC9E415F8585C6AEB05C;DV;1:NA
10-21 19:05:29.233 I/FrameworkJumpTable( 7198): Successfully loaded all classes
10-21 19:05:29.259 I/FrameworkJumpTable( 7198): Successfully loaded all methods
10-21 19:05:29.264 I/FrameworkJumpTable( 7198): Successfully loaded all fields
10-21 19:05:29.427 I/ActivityManager( 979): Start proc 7268:com.amazon.tv.livetv/u0a22082 for broadcast com.amazon.tv.livetv/.config.ConfigurationSyncReceiver
10-21 19:05:29.568 W/ResourcesManager( 7268): Asset path '/system/framework/android.amazon.res.jar' does not exist or contains no resources.
10-21 19:05:29.748 I/ActivityManager( 979): Start proc 7285:com.amazon.tv.settings.core/1000 for service com.amazon.tv.settings.core/.service.SettingsCoreService
10-21 19:05:29.772 D/ActivityManager( 979): single user service: com.amazon.device.software.ota
10-21 19:05:29.811 I/ActivityManager( 979): Start proc 7303:com.amazon.device.software.ota/u0a22014 for service com.amazon.device.software.ota/.OtaService
10-21 19:05:29.811 D/ActivityManager( 979): app = com.amazon.device.software.ota, has single user service, setting process record!
10-21 19:05:29.848 V/WindowManager( 979): Adding window Window{a80f6d4 u0 com.amazon.tv.settings.v2/com.amazon.tv.settings.v2.tv.device.DeviceActivity} at 1 of 2 (after Window{1124b75f u0 com.amazon.tv.launcher/com.amazon.tv.launcher.ui.HomeActivity_vNext})
10-21 19:05:30.129 I/Vlog ( 979): Thermal:Screen_On_Thermal_Throttling_P2P_Off:fgtracking=false;DV;1,key=0;DV;1,Timer=0.007806666666666667;TI;1,unit=hours;DV;1,metadata=com.amazon.tv.launcher;DV;1:HI
10-21 19:05:30.129 I/LoggerMetricsFactoryImpl( 979): PhoneWindowManager:ActivityChanged:com.amazon.tv.settings.v2=1.0;CT;1:NR
10-21 19:05:30.129 I/Vlog ( 979): ScreenTime:PackageScreenTime:fgtracking=false;DV;1,key=com.amazon.tv.launcher;DV;1,Timer=0.021998055555555555;TI;1,unit=hours;DV;1,metadata=!{"d"#{"app_version"#"618081110"}};DV;1:HI
10-21 19:05:30.129 I/LoggerMetricsFactoryImpl( 979): PhoneWindowManager:ScreenTime:com.amazon.tv.launcher=79193.0;TI;1,endTimeMs=1.571677530129E12;TI;1,startTimeMs=1.571677450935E12;TI;1:NR
10-21 19:05:30.132 I/Vlog ( 979): performance:warm_app_cool_transition_launch_time:fgtracking=false;DV;1,key=com.amazon.tv.settings.v2;DV;1,Timer=1092.0;TI;1,unit=ms;DV;1,metadata=com.amazon.tv.settings.v2/.tv.device.DeviceActivity!{"d"#{"app_version"#"613035210"}$"m"#{"context"#"S1T0A0D0I0L1E0M99"$"prev"#"com.amazon.tv.launcher/.ui.HomeActivity_vNext"}};DV;1:HI
10-21 19:05:30.132 I/LoggerMetricsFactoryImpl( 979): FosPerformance:warm_app_cool_transition_launch_time:com.amazon.tv.settings.v2=1092.0;CT;1,activity=com.amazon.tv.settings.v2/.tv.device.DeviceActivity;DV;1:NR
10-21 19:05:30.166 I/Vlog ( 979): performance:user_app_launch_warm:fgtracking=false;DV;1,key=com.amazon.tv.settings.v2;DV;1,Counter=1.0;CT;1,unit=count;DV;1,metadata=com.amazon.tv.settings.v2/.tv.device.DeviceActivity;DV;1:HI
10-21 19:05:30.177 I/Vlog ( 979): performance:cool_activity_launch_time:fgtracking=false;DV;1,key=com.amazon.tv.settings.v2;DV;1,Timer=1014.0;TI;1,unit=ms;DV;1,metadata=com.amazon.tv.settings.v2/.tv.device.DeviceActivity!{"d"#{"app_version"#"613035210"}$"m"#{"context"#"S1T0A0D0I0L1E0M99"$"prev"#"com.amazon.tv.launcher/.ui.HomeActivity_vNext"}};DV;1:HI
10-21 19:05:30.639 I/ActivityManager( 979): Killing 6492:com.amazon.device.bluetoothdfu/u0a22053 (adj 12): empty #17
10-21 19:05:30.755 D/ActivityManager( 979): cleanUpApplicationRecord -- 6492
10-21 19:05:30.832 D/ActivityManager( 979): single user service: com.amazon.vizzini
10-21 19:05:30.853 D/ActivityManager( 979): app = com.amazon.vizzini, has single user service, setting process record.
10-21 19:05:30.988 I/ActivityManager( 979): Start proc 7364:com.android.providers.tv/u0a22037 for content provider com.android.providers.tv/.TvProvider
10-21 19:05:31.085 I/Vlog ( 979): performance:SkippedVsyncsBucket1:fgtracking=false;DV;1,key=com.amazon.tv.launcher;DV;1,Counter=29.0;CT;1,unit=count;DV;1,metadata=com.amazon.tv.launcher/.ui.HomeActivity_vNext!{"d"#{"app_version"#"618081110"}$"m"#{"context"#"S1T0A0D0I0L0E0M99"$"prev"#"com.amazon.tv.launcher/.ui.HomeActivity_vNext"}};DV;1:HI
10-21 19:05:31.087 I/Vlog ( 979): performance:SkippedVsyncsBucket2:fgtracking=false;DV;1,key=com.amazon.tv.launcher;DV;1,Counter=3.0;CT;1,unit=count;DV;1,metadata=com.amazon.tv.launcher/.ui.HomeActivity_vNext!{"d"#{"app_version"#"618081110"}$"m"#{"context"#"S1T0A0D0I0L0E0M99"$"prev"#"com.amazon.tv.launcher/.ui.HomeActivity_vNext"}};DV;1:HI
10-21 19:05:31.087 I/Vlog ( 979): performance:SkippedVsyncsBucket3:fgtracking=false;DV;1,key=com.amazon.tv.launcher;DV;1,Counter=3.0;CT;1,unit=count;DV;1,metadata=com.amazon.tv.launcher/.ui.HomeActivity_vNext!{"d"#{"app_version"#"618081110"}$"m"#{"context"#"S1T0A0D0I0L0E0M99"$"prev"#"com.amazon.tv.launcher/.ui.HomeActivity_vNext"}};DV;1:HI
10-21 19:05:31.087 I/Vlog ( 979): performance:SkippedVsyncsBucket5:fgtracking=false;DV;1,key=com.amazon.tv.launcher;DV;1,Counter=10.0;CT;1,unit=count;DV;1,metadata=com.amazon.tv.launcher/.ui.HomeActivity_vNext!{"d"#{"app_version"#"618081110"}$"m"#{"context"#"S1T0A0D0I0L0E0M99"$"prev"#"com.amazon.tv.launcher/.ui.HomeActivity_vNext"}};DV;1:HI
10-21 19:05:31.088 I/Vlog ( 979): performance:SkippedVsyncsBucket25:fgtracking=false;DV;1,key=com.amazon.tv.launcher;DV;1,Counter=4.0;CT;1,unit=count;DV;1,metadata=com.amazon.tv.launcher/.ui.HomeActivity_vNext!{"d"#{"app_version"#"618081110"}$"m"#{"context"#"S1T0A0D0I0L0E0M99"$"prev"#"com.amazon.tv.launcher/.ui.HomeActivity_vNext"}};DV;1:HI
10-21 19:05:31.090 I/Vlog ( 979): performance:FrameDropTotal:fgtracking=false;DV;1,key=com.amazon.tv.launcher;DV;1,Counter=392.0;CT;1,unit=count;DV;1,metadata=com.amazon.tv.launcher/.ui.HomeActivity_vNext!{"d"#{"app_version"#"618081110"}$"m"#{"context"#"S1T0A0D0I0L0E0M99"$"prev"#"com.amazon.tv.launcher/.ui.HomeActivity_vNext"}};DV;1:HI
10-21 19:05:31.091 I/Vlog ( 979): performance:FramesTotal:fgtracking=false;DV;1,key=com.amazon.tv.launcher;DV;1,Counter=3052.0;CT;1,unit=count;DV;1,metadata=com.amazon.tv.launcher/.ui.HomeActivity_vNext!{"d"#{"app_version"#"618081110"}$"m"#{"context"#"S1T0A0D0I0L0E0M99"$"prev"#"com.amazon.tv.launcher/.ui.HomeActivity_vNext"}};DV;1:HI
10-21 19:05:31.091 I/Vlog ( 979): performance:DelayedFirstFrames:fgtracking=false;DV;1,key=com.amazon.tv.launcher;DV;1,Counter=15.0;CT;1,unit=count;DV;1,metadata=com.amazon.tv.launcher/.ui.HomeActivity_vNext!{"d"#{"app_version"#"618081110"}$"m"#{"context"#"S1T0A0D0I0L0E0M99"$"prev"#"com.amazon.tv.launcher/.ui.HomeActivity_vNext"}};DV;1:HI
10-21 19:05:31.091 I/Vlog ( 979): performance:FirstFramesTotal:fgtracking=false;DV;1,key=com.amazon.tv.launcher;DV;1,Counter=84.0;CT;1,unit=count;DV;1,metadata=com.amazon.tv.launcher/.ui.HomeActivity_vNext!{"d"#{"app_version"#"618081110"}$"m"#{"context"#"S1T0A0D0I0L0E0M99"$"prev"#"com.amazon.tv.launcher/.ui.HomeActivity_vNext"}};DV;1:HI
10-21 19:05:31.093 I/ActivityManager( 979): Start proc 7384:com.android.providers.downloads/u0a22017 for service com.android.providers.downloads/.DownloadService
10-21 19:05:31.096 I/Vlog ( 979): performance:SkippedVsyncsBucket5:fgtracking=false;DV;1,key=com.amazon.tv.settings.v2;DV;1,Counter=1.0;CT;1,unit=count;DV;1,metadata=com.amazon.tv.settings.v2/.tv.device.DeviceActivity!{"d"#{"app_version"#"613035210"}$"m"#{"context"#"S1T0A0D0I0L0E0M99"$"prev"#"com.amazon.tv.launcher/.ui.HomeActivity_vNext"}};DV;1:HI
10-21 19:05:31.096 I/Vlog ( 979): performance:FrameDropTotal:fgtracking=false;DV;1,key=com.amazon.tv.settings.v2;DV;1,Counter=5.0;CT;1,unit=count;DV;1,metadata=com.amazon.tv.settings.v2/.tv.device.DeviceActivity!{"d"#{"app_version"#"613035210"}$"m"#{"context"#"S1T0A0D0I0L0E0M99"$"prev"#"com.amazon.tv.launcher/.ui.HomeActivity_vNext"}};DV;1:HI
10-21 19:05:31.097 I/Vlog ( 979): performance:FramesTotal:fgtracking=false;DV;1,key=com.amazon.tv.settings.v2;DV;1,Counter=1.0;CT;1,unit=count;DV;1,metadata=com.amazon.tv.settings.v2/.tv.device.DeviceActivity!{"d"#{"app_version"#"613035210"}$"m"#{"context"#"S1T0A0D0I0L0E0M99"$"prev"#"com.amazon.tv.launcher/.ui.HomeActivity_vNext"}};DV;1:HI
10-21 19:05:31.097 I/Vlog ( 979): performance:DelayedFirstFrames:fgtracking=false;DV;1,key=com.amazon.tv.settings.v2;DV;1,Counter=1.0;CT;1,unit=count;DV;1,metadata=com.amazon.tv.settings.v2/.tv.device.DeviceActivity!{"d"#{"app_version"#"613035210"}$"m"#{"context"#"S1T0A0D0I0L0E0M99"$"prev"#"com.amazon.tv.launcher/.ui.HomeActivity_vNext"}};DV;1:HI
10-21 19:05:31.098 W/ActivityManager( 979): Unable to start service Intent { cmp=com.amazon.tv.csg.dnwstateservice/.DNWStateService } U=0: not found
10-21 19:05:31.099 I/Vlog ( 979): performance:FirstFramesTotal:fgtracking=false;DV;1,key=com.amazon.tv.settings.v2;DV;1,Counter=1.0;CT;1,unit=count;DV;1,metadata=com.amazon.tv.settings.v2/.tv.device.DeviceActivity!{"d"#{"app_version"#"613035210"}$"m"#{"context"#"S1T0A0D0I0L0E0M99"$"prev"#"com.amazon.tv.launcher/.ui.HomeActivity_vNext"}};DV;1:HI
10-21 19:05:31.325 I/ActivityManager( 979): Start proc 7403:com.amazon.providers.tv/u0a22114 for content provider com.amazon.providers.tv/.FireTvProvider
10-21 19:05:31.656 I/ActivityManager( 979): Killing 6117:com.amazon.device.controllermanager:BluetoothReceiver/u0a2 (adj 12): empty #17
10-21 19:05:31.770 I/ActivityManager( 979): Killing 6683:com.amazon.tv.devicecontrolsettings/u0a22117 (adj 12): empty #18
10-21 19:05:31.881 D/ActivityManager( 979): cleanUpApplicationRecord -- 6117
10-21 19:05:31.914 D/ActivityManager( 979): cleanUpApplicationRecord -- 6683
10-21 19:05:32.023 I/Vlog ( 979): Thermal:Screen_On_Thermal_Throttling_P2P_Off:fgtracking=false;DV;1,key=0;DV;1,Timer=5.263888888888888E-4;TI;1,unit=hours;DV;1,metadata=com.amazon.tv.settings.v2;DV;1:HI
10-21 19:05:32.695 E/UsbDeviceManager( 979): unknown state HWDISCONNECTED
10-21 19:05:32.724 E/UsbDeviceManager( 979): unknown state HWDISCONNECTED
10-21 19:05:33.023 I/Vlog ( 979): Thermal:Screen_On_Thermal_Throttling_P2P_Off:fgtracking=false;DV;1,key=1;DV;1,Timer=2.777777777777778E-4;TI;1,unit=hours;DV;1,metadata=com.amazon.tv.settings.v2;DV;1:HI
10-21 19:05:34.742 D/UsbDebuggingManager( 979): Received public key: QAAAACcz/CFp85fpFXxPFczFl/3Uw4FDa9LBo2MNokK/fc4PmndHp/2zXKi/I4Zls4WTcQsBSK381Xo3m7WuiR4lf0lo71EaKO52VMXZ+/Q+hVwEMvrXRrfqE7+7XwF+3RzpRoh3d3pWOiyGAyxyzXlcF1MK9adcm1yj7O6M3XBX/s3zV6PuZ7vVNjaZJYwHCgZZb1F1Z+mmohpxtDSRd+ZRsy1YgAQRA3Pc9cIxXcWS2LI+bk5RHxvzm/4/pD/xVL1klgh06i0pY6NwiPnoCOfxrPjz/ZHXMk+/XkNlUswdDjxGpst8m7MfCEZ2HF49AtX6PC6gP9KwHpWjpuPDRaG5qU+K5bmSPfmiN+gAB3nNkthrrNRc49lKrGpahJDSSbtUeZ0yaUqIxNz9oHFzrCppXVkcYcfOqGlbMpwsinxO4iIPBWCfQZVwF541Lggy8MbHUk/PRFO3m6sRmicGLNWq/fS17hcd4QhC52hSKTkbO9UGcWgtBKlbcbnNutZIJ2AebH1OS7yPLsgJFtbTiNcYZrsGTTEsEIZAcYYytY1FeA2eXy83h3OHPMxnq6qGBTpzo5iHFRsYD++XKbOLV0tcgC5i/zxcPhPBxSrI5WmdzGZdQDbrvXMoPPq56YEti2/6zEU/wNWUn93vlpPeW/7zkZOmj8hi3Q9FG8/mowEme0LtL0QcjAEAAQA= @unknown
10-21 19:05:34.753 W/ContextImpl( 979): Calling a method in the system process without a qualified user: android.app.ContextImpl.startActivity:1317 com.android.server.usb.UsbDebuggingManager.startConfirmationActivity:282 com.android.server.usb.UsbDebuggingManager.startConfirmation:264 com.android.server.usb.UsbDebuggingManager.access$900:49 com.android.server.usb.UsbDebuggingManager$UsbDebuggingHandler.handleMessage:216
10-21 19:05:34.754 W/ContextImpl( 979): Calling a method in the system process without a qualified user: android.app.ContextImpl.startActivity:1329 android.app.ContextImpl.startActivity:1318 com.android.server.usb.UsbDebuggingManager.startConfirmationActivity:282 com.android.server.usb.UsbDebuggingManager.startConfirmation:264 com.android.server.usb.UsbDebuggingManager.access$900:49
10-21 19:05:34.754 I/ActivityManager( 979): START u0 {flg=0x10000000 cmp=com.android.systemui/.usb.UsbDebuggingActivity (has extras)} from uid 1000 on display 0
10-21 19:05:34.755 D/PerfBoost( 979): CPU boost not available on this platform
10-21 19:05:34.776 W/ActivityManager( 979): Input dispatching paused for current ActivityRecord: ActivityRecord{37c00d64 u0 com.android.systemui/.usb.UsbDebuggingActivity t541}
10-21 19:05:34.776 V/WindowManager( 979): addAppToken: AppWindowToken{3af7bc82 token=Token{325bcd ActivityRecord{37c00d64 u0 com.android.systemui/.usb.UsbDebuggingActivity t541}}} to stack=1 task=541 at 0
10-21 19:05:34.850 I/ActivityManager( 979): Killing 6138:com.amazon.device.controllermanager:WifiReceiver/u0a2 (adj 12): empty #17
10-21 19:05:34.864 W/EMP.LoggerMetricsFactoryImpl( 979): EMP.MetricsCollectionAgent:AppUsageReporter:appVersionName=1.0.530.0-com.amazon.tv.settings.v2_613035210;DV;1,appCollectionReason=amazonCertificate;DV;1,appVersionCode=613035210;DV;1,Product_Mode=DEFAULT;DV;1,appUsageCollection=required;DV;1,durationMS=5679;DV;1,startTimeEpoch=1571677529147;DV;1,launchCount=1;DV;1,appPackageName=com.amazon.tv.settings.v2;DV;1,page-type=AppUsageStats;CK;1,hitType=appAction;CK;1,team-name=KindleFramework;CK;1,site_variant=KindleApplication;CK;1,page-action=DISPLAY_USAGE;CK;1,RequestId=C844530946D862DD3575;DV;1:NA
10-21 19:05:34.940 D/ActivityManager( 979): cleanUpApplicationRecord -- 6138
10-21 19:05:35.057 V/WindowManager( 979): Adding window Window{2b7911ef u0 com.android.systemui/com.android.systemui.usb.UsbDebuggingActivity} at 2 of 3 (after Window{a80f6d4 u0 com.amazon.tv.settings.v2/com.amazon.tv.settings.v2.tv.device.DeviceActivity})
10-21 19:05:35.193 I/Vlog ( 979): performance:cool_app_launch_time:fgtracking=false;DV;1,key=com.android.systemui;DV;1,Timer=438.0;TI;1,unit=ms;DV;1,metadata=com.android.systemui/.usb.UsbDebuggingActivity!{"d"#{"app_version"#"22"}$"m"#{"context"#"S1T0A1D0I0L1E0M99"$"prev"#"com.amazon.tv.settings.v2/.tv.device.DeviceActivity"}};DV;1:HI
10-21 19:05:35.194 I/LoggerMetricsFactoryImpl( 979): FosPerformance:cool_app_launch_time:com.android.systemui=438.0;CT;1,activity=com.android.systemui/.usb.UsbDebuggingActivity;DV;1:NR
10-21 19:05:35.194 I/Vlog ( 979): performance:user_app_launch_cool:fgtracking=false;DV;1,key=com.android.systemui;DV;1,Counter=1.0;CT;1,unit=count;DV;1,metadata=com.android.systemui/.usb.UsbDebuggingActivity;DV;1:HI
10-21 19:05:35.194 I/Vlog ( 979): performance:cool_activity_launch_time:fgtracking=false;DV;1,key=com.android.systemui;DV;1,Timer=367.0;TI;1,unit=ms;DV;1,metadata=com.android.systemui/.usb.UsbDebuggingActivity!{"d"#{"app_version"#"22"}$"m"#{"context"#"S1T0A1D0I0L1E0M99"$"prev"#"com.amazon.tv.settings.v2/.tv.device.DeviceActivity"}};DV;1:HI
10-21 19:05:37.343 I/AudioALSAStreamOut( 180): audio:audio_open:format=1;CT;1,channel_mask=3;CT;1,sample_rate=48000;CT;1:NR
10-21 19:05:38.098 W/InputMethodManagerService( 979): Window already focused, ignoring focus gain of: com.android.internal.view.IInputMethodClient$Stub$Proxy@26eede0b attribute=null, token = android.os.BinderProxy@3b21a427
10-21 19:05:38.175 I/Vlog ( 979): performance:SkippedVsyncsBucket1:fgtracking=false;DV;1,key=com.amazon.tv.settings.v2;DV;1,Counter=2.0;CT;1,unit=count;DV;1,metadata=com.amazon.tv.settings.v2/.tv.device.DeviceActivity!{"d"#{"app_version"#"613035210"}$"m"#{"context"#"S1T0A1D0I0L0E0M99"$"prev"#"com.android.systemui/.usb.UsbDebuggingActivity"}};DV;1:HI
10-21 19:05:38.175 I/Vlog ( 979): performance:SkippedVsyncsBucket5:fgtracking=false;DV;1,key=com.amazon.tv.settings.v2;DV;1,Counter=1.0;CT;1,unit=count;DV;1,metadata=com.amazon.tv.settings.v2/.tv.device.DeviceActivity!{"d"#{"app_version"#"613035210"}$"m"#{"context"#"S1T0A1D0I0L0E0M99"$"prev"#"com.android.systemui/.usb.UsbDebuggingActivity"}};DV;1:HI
10-21 19:05:38.175 I/Vlog ( 979): performance:FrameDropTotal:fgtracking=false;DV;1,key=com.amazon.tv.settings.v2;DV;1,Counter=7.0;CT;1,unit=count;DV;1,metadata=com.amazon.tv.settings.v2/.tv.device.DeviceActivity!{"d"#{"app_version"#"613035210"}$"m"#{"context"#"S1T0A1D0I0L0E0M99"$"prev"#"com.android.systemui/.usb.UsbDebuggingActivity"}};DV;1:HI
10-21 19:05:38.175 I/Vlog ( 979): performance:FramesTotal:fgtracking=false;DV;1,key=com.amazon.tv.settings.v2;DV;1,Counter=60.0;CT;1,unit=count;DV;1,metadata=com.amazon.tv.settings.v2/.tv.device.DeviceActivity!{"d"#{"app_version"#"613035210"}$"m"#{"context"#"S1T0A1D0I0L0E0M99"$"prev"#"com.android.systemui/.usb.UsbDebuggingActivity"}};DV;1:HI
10-21 19:05:38.175 I/Vlog ( 979): performance:DelayedFirstFrames:fgtracking=false;DV;1,key=com.amazon.tv.settings.v2;DV;1,Counter=1.0;CT;1,unit=count;DV;1,metadata=com.amazon.tv.settings.v2/.tv.device.DeviceActivity!{"d"#{"app_version"#"613035210"}$"m"#{"context"#"S1T0A1D0I0L0E0M99"$"prev"#"com.android.systemui/.usb.UsbDebuggingActivity"}};DV;1:HI
10-21 19:05:38.182 I/Vlog ( 979): performance:FirstFramesTotal:fgtracking=false;DV;1,key=com.amazon.tv.settings.v2;DV;1,Counter=3.0;CT;1,unit=count;DV;1,metadata=com.amazon.tv.settings.v2/.tv.device.DeviceActivity!{"d"#{"app_version"#"613035210"}$"m"#{"context"#"S1T0A1D0I0L0E0M99"$"prev"#"com.android.systemui/.usb.UsbDebuggingActivity"}};DV;1:HI
10-21 19:05:38.182 I/Vlog ( 979): performance:SkippedVsyncsBucket1:fgtracking=false;DV;1,key=com.android.systemui;DV;1,Counter=1.0;CT;1,unit=count;DV;1,metadata=com.android.systemui/.usb.UsbDebuggingActivity!{"d"#{"app_version"#"22"}$"m"#{"context"#"S1T0A1D0I0L0E0M99"$"prev"#"com.android.systemui/.usb.UsbDebuggingActivity"}};DV;1:HI
10-21 19:05:38.185 I/Vlog ( 979): performance:SkippedVsyncsBucket3:fgtracking=false;DV;1,key=com.android.systemui;DV;1,Counter=1.0;CT;1,unit=count;DV;1,metadata=com.android.systemui/.usb.UsbDebuggingActivity!{"d"#{"app_version"#"22"}$"m"#{"context"#"S1T0A1D0I0L0E0M99"$"prev"#"com.android.systemui/.usb.UsbDebuggingActivity"}};DV;1:HI
10-21 19:05:38.185 I/Vlog ( 979): performance:FrameDropTotal:fgtracking=false;DV;1,key=com.android.systemui;DV;1,Counter=4.0;CT;1,unit=count;DV;1,metadata=com.android.systemui/.usb.UsbDebuggingActivity!{"d"#{"app_version"#"22"}$"m"#{"context"#"S1T0A1D0I0L0E0M99"$"prev"#"com.android.systemui/.usb.UsbDebuggingActivity"}};DV;1:HI
10-21 19:05:38.185 I/Vlog ( 979): performance:FramesTotal:fgtracking=false;DV;1,key=com.android.systemui;DV;1,Counter=69.0;CT;1,unit=count;DV;1,metadata=com.android.systemui/.usb.UsbDebuggingActivity!{"d"#{"app_version"#"22"}$"m"#{"context"#"S1T0A1D0I0L0E0M99"$"prev"#"com.android.systemui/.usb.UsbDebuggingActivity"}};DV;1:HI
10-21 19:05:38.185 I/Vlog ( 979): performance:DelayedFirstFrames:fgtracking=false;DV;1,key=com.android.systemui;DV;1,Counter=2.0;CT;1,unit=count;DV;1,metadata=com.android.systemui/.usb.UsbDebuggingActivity!{"d"#{"app_version"#"22"}$"m"#{"context"#"S1T0A1D0I0L0E0M99"$"prev"#"com.android.systemui/.usb.UsbDebuggingActivity"}};DV;1:HI
10-21 19:05:38.200 I/Vlog ( 979): performance:FirstFramesTotal:fgtracking=false;DV;1,key=com.android.systemui;DV;1,Counter=4.0;CT;1,unit=count;DV;1,metadata=com.android.systemui/.usb.UsbDebuggingActivity!{"d"#{"app_version"#"22"}$"m"#{"context"#"S1T0A1D0I0L0E0M99"$"prev"#"com.android.systemui/.usb.UsbDebuggingActivity"}};DV;1:HI
10-21 19:05:38.203 W/EMP.LoggerMetricsFactoryImpl( 979): EMP.MetricsCollectionAgent:AppUsageReporter:appVersionName=5.1.1-288.6.4.8_user_648594620;DV;1,appCollectionReason=platformKey;DV;1,appVersionCode=22;DV;1,Product_Mode=DEFAULT;DV;1,appUsageCollection=required;DV;1,durationMS=3288;DV;1,startTimeEpoch=1571677534864;DV;1,launchCount=1;DV;1,appPackageName=com.android.systemui;DV;1,page-type=AppUsageStats;CK;1,hitType=appAction;CK;1,team-name=KindleFramework;CK;1,site_variant=KindleApplication;CK;1,page-action=DISPLAY_USAGE;CK;1,RequestId=7663FF4BDBB56FC5218C;DV;1:NA
10-21 19:05:45.352 I/Vlog ( 979): package_recency:broadcast_notification:fgtracking=false;DV;1,key=time_in_queue;DV;1,Timer=10527.0;TI;1,unit=ms;DV;1:HI
10-21 19:05:52.532 I/Vlog ( 135): logd:performance:fgtracking=false;DV;1,key=TotalMessages;DV;1,Counter=2654;CT;1,unit=count;DV;1:HI
10-21 19:05:52.532 I/Vlog ( 135): logd:performance:fgtracking=false;DV;1,key=DroppedMessages;DV;1,Counter=0;CT;1,unit=count;DV;1:HI
10-21 19:05:52.532 I/Vlog ( 135): logd:performance:fgtracking=false;DV;1,key=Throughput;DV;1,Counter=29.21;CT;1,unit=kbps;DV;1:HI
10-21 19:06:27.733 D/ActivityManager( 979): single user service: com.amazon.vizzini
10-21 19:06:27.754 D/ActivityManager( 979): app = com.amazon.vizzini, has single user service, setting process record.
10-21 19:06:38.288 I/syseng_board_status( 7466): syseng_board_status:tempstat:tmon_mtktsabb=83800;CT;1,tmon_mtkts_bts0=70000;CT;1,tmon_mtkts_bts1=69000;CT;1,tmon_mtktscpu=82800;CT;1,tmon_virtual_sensor=43741;CT;1:NR
10-21 19:06:38.301 I/syseng_board_status( 7467): syseng_board_status:cooling_device:thermal_state_cpuhotplug=0;CT;1,thermal_state_wifi=0;CT;1,thermal_state_vsync=0;CT;1,thermal_state_thermal-cpufreq-0=0;CT;1,thermal_state_thermal-cpufreq-1=0;CT;1:NR
10-21 19:06:52.532 I/Vlog ( 135): logd:performance:fgtracking=false;DV;1,key=TotalMessages;DV;1,Counter=320;CT;1,unit=count;DV;1:HI
10-21 19:06:52.532 I/Vlog ( 135): logd:performance:fgtracking=false;DV;1,key=DroppedMessages;DV;1,Counter=0;CT;1,unit=count;DV;1:HI
10-21 19:06:52.532 I/Vlog ( 135): logd:performance:fgtracking=false;DV;1,key=Throughput;DV;1,Counter=3.53;CT;1,unit=kbps;DV;1:HI
10-21 19:06:54.158 I/ActivityManager( 979): Next activity is on the same task, skipping moveHomeStackTaskToTop()
10-21 19:06:54.203 I/ActivityManager( 979): Killing 3290:com.amazon.device.controllermanager/u0a2 (adj 12): empty #17
10-21 19:06:54.419 D/ActivityManager( 979): cleanUpApplicationRecord -- 3290
10-21 19:06:54.454 I/Vlog ( 979): performance:DelayedFirstFrames:fgtracking=false;DV;1,key=com.amazon.tv.launcher;DV;1,Counter=1.0;CT;1,unit=count;DV;1,metadata=com.amazon.tv.launcher/.ui.HomeActivity_vNext!{"d"#{"app_version"#"618081110"}$"m"#{"context"#"S1T0A1D0I0L0E0M99"$"prev"#"com.android.systemui/.usb.UsbDebuggingActivity"}};DV;1:HI
10-21 19:06:54.455 I/Vlog ( 979): performance:FirstFramesTotal:fgtracking=false;DV;1,key=com.amazon.tv.launcher;DV;1,Counter=3.0;CT;1,unit=count;DV;1,metadata=com.amazon.tv.launcher/.ui.HomeActivity_vNext!{"d"#{"app_version"#"618081110"}$"m"#{"context"#"S1T0A1D0I0L0E0M99"$"prev"#"com.android.systemui/.usb.UsbDebuggingActivity"}};DV;1:HI
10-21 19:06:54.547 I/Vlog ( 979): Thermal:Screen_On_Thermal_Throttling_P2P_Off:fgtracking=false;DV;1,key=0;DV;1,Timer=0.022645555555555554;TI;1,unit=hours;DV;1,metadata=com.amazon.tv.settings.v2;DV;1:HI
10-21 19:06:54.547 I/LoggerMetricsFactoryImpl( 979): PhoneWindowManager:ActivityChanged:com.amazon.tv.launcher=1.0;CT;1:NR
10-21 19:06:54.548 I/Vlog ( 979): ScreenTime:PackageScreenTime:fgtracking=false;DV;1,key=com.amazon.tv.settings.v2;DV;1,Timer=0.023449444444444443;TI;1,unit=hours;DV;1,metadata=!{"d"#{"app_version"#"613035210"}};DV;1:HI
10-21 19:06:54.548 I/LoggerMetricsFactoryImpl( 979): PhoneWindowManager:ScreenTime:endTimeMs=1.571677614547E12;TI;1,startTimeMs=1.571677530129E12;TI;1,com.amazon.tv.settings.v2=84418.0;TI;1:NR
10-21 19:06:54.557 I/Vlog ( 979): performance:FramesTotal:fgtracking=false;DV;1,key=com.amazon.tv.settings.v2;DV;1,Counter=30.0;CT;1,unit=count;DV;1,metadata=com.amazon.tv.settings.v2/.tv.device.DeviceActivity!{"d"#{"app_version"#"613035210"}$"m"#{"context"#"S1T0A1D0I0L0E0M99"$"prev"#"com.amazon.tv.settings.v2/.tv.device.DeviceActivity"}};DV;1:HI
10-21 19:06:54.557 I/Vlog ( 979): performance:FirstFramesTotal:fgtracking=false;DV;1,key=com.amazon.tv.settings.v2;DV;1,Counter=4.0;CT;1,unit=count;DV;1,metadata=com.amazon.tv.settings.v2/.tv.device.DeviceActivity!{"d"#{"app_version"#"613035210"}$"m"#{"context"#"S1T0A1D0I0L0E0M99"$"prev"#"com.amazon.tv.settings.v2/.tv.device.DeviceActivity"}};DV;1:HI
10-21 19:06:54.594 W/EMP.LoggerMetricsFactoryImpl( 979): EMP.MetricsCollectionAgent:AppUsageReporter:appVersionName=1.0.530.0-com.amazon.tv.settings.v2_613035210;DV;1,appCollectionReason=amazonCertificate;DV;1,appVersionCode=613035210;DV;1,Product_Mode=DEFAULT;DV;1,appUsageCollection=required;DV;1,durationMS=76272;DV;1,startTimeEpoch=1571677538203;DV;1,launchCount=1;DV;1,appPackageName=com.amazon.tv.settings.v2;DV;1,page-type=AppUsageStats;CK;1,hitType=appAction;CK;1,team-name=KindleFramework;CK;1,site_variant=KindleApplication;CK;1,page-action=DISPLAY_USAGE;CK;1,RequestId=25A5A4048278D0B038E4;DV;1:NA
10-21 19:06:54.632 I/Vlog ( 979): performance:warm_app_warm_transition_launch_time:fgtracking=false;DV;1,key=com.amazon.tv.launcher;DV;1,Timer=151.0;TI;1,unit=ms;DV;1,metadata=com.amazon.tv.launcher/.ui.HomeActivity_vNext!{"d"#{"app_version"#"618081110"}$"m"#{"context"#"S1T0A1D0I0L0E0M99"$"prev"#"com.amazon.tv.settings.v2/.tv.device.DeviceActivity"}};DV;1:HI
10-21 19:06:54.633 I/LoggerMetricsFactoryImpl( 979): FosPerformance:warm_app_warm_transition_launch_time:com.amazon.tv.launcher=151.0;CT;1,activity=com.amazon.tv.launcher/.ui.HomeActivity_vNext;DV;1:NR
10-21 19:06:54.633 I/Vlog ( 979): performance:warm_activity_launch_time:fgtracking=false;DV;1,key=com.amazon.tv.launcher;DV;1,Timer=151.0;TI;1,unit=ms;DV;1,metadata=com.amazon.tv.launcher/.ui.HomeActivity_vNext!{"d"#{"app_version"#"618081110"}$"m"#{"context"#"S1T0A1D0I0L0E0M99"$"prev"#"com.amazon.tv.settings.v2/.tv.device.DeviceActivity"}};DV;1:HI
10-21 19:06:55.231 I/ActivityManager( 979): Killing 6821:com.amazon.kso.blackbird/u0a22066 (adj 12): empty #17
10-21 19:06:55.343 D/ActivityManager( 979): cleanUpApplicationRecord -- 6821
10-21 19:07:03.676 I/AudioALSAStreamOut( 180): audio:audio_open:format=1;CT;1,channel_mask=3;CT;1,sample_rate=48000;CT;1:NR
10-21 19:07:03.707 I/Vlog ( 979): performance:SkippedVsyncsBucket1:fgtracking=false;DV;1,key=com.amazon.tv.launcher;DV;1,Counter=1.0;CT;1,unit=count;DV;1,metadata=com.amazon.tv.launcher/.ui.HomeActivity_vNext!{"d"#{"app_version"#"618081110"}$"m"#{"context"#"S1T0A1D0I0L0E0M99"$"prev"#"com.amazon.tv.settings.v2/.tv.device.DeviceActivity"}};DV;1:HI
