10-21 19:59:21.244 I/Kernel ( 8542): [ 4355.123665].(2)[8542:kworker/2:0][MUSB] USB is ready for connect
10-21 19:59:21.644 I/Kernel ( 9266): [ 4355.523717].(1)[9266:kworker/1:0] ABB T=111200
10-21 19:59:21.734 I/Kernel ( 29): [ 4355.613649].(3)[29:update_secureti]enter TEE_Icnt_time
10-21 19:59:21.734 I/Kernel ( 29): [ 4355.614193].(3)[29:update_secureti]update_securetime_thread_gb updata inc count
10-21 19:59:22.644 I/Kernel ( 9266): [ 4356.523819].(1)[9266:kworker/1:0] ABB T=109300
10-21 19:59:23.644 I/Kernel ( 9266): [ 4357.524488].(1)[9266:kworker/1:0] ABB T=111100
10-21 19:59:24.444 I/Kernel ( 434): [ 4358.323682][hdmi]#1506
10-21 19:59:24.444 I/Kernel ( 434): [hdmi] list empty 145000, sleeping
10-21 19:59:24.644 I/Kernel ( 9266): [ 4358.524721].(1)[9266:kworker/1:0] ABB T=112100
10-21 19:59:25.644 I/Kernel ( 9266): [ 4359.523774].(1)[9266:kworker/1:0] ABB T=112200
10-21 19:59:26.644 I/Kernel ( 9266): [ 4360.523696].(1)[9266:kworker/1:0] ABB T=113100
10-21 19:59:26.734 I/Kernel ( 29): [ 4360.613599].(3)[29:update_secureti]enter TEE_Icnt_time
10-21 19:59:26.734 I/Kernel ( 29): [ 4360.613991].(3)[29:update_secureti]update_securetime_thread_gb updata inc count
10-21 19:59:27.264 I/Kernel ( 8542): [ 4361.143636].(2)[8542:kworker/2:0][MUSB] USB is ready for connect
10-21 19:59:27.644 I/Kernel ( 9266): [ 4361.523743].(1)[9266:kworker/1:0] ABB T=111800
10-21 19:59:28.644 I/Kernel ( 9266): [ 4362.523712].(1)[9266:kworker/1:0] ABB T=111400
10-21 19:59:29.384 I/Kernel ( 7530): [ 4363.263588]-(1)[7546:Binder_2][printk_delayed:start]
10-21 19:59:29.384 I/Kernel ( 7530): [ 4363.263800]-(1)[7546:Binder_2][WDK], local_bit:0x8, cpu:1,RT[4363253606867]
10-21 19:59:29.384 I/Kernel ( 7530): [ 4363.263800][WDK], local_bit:0xa, cpu:1, check bit0x:f,RT[4363253626175]
10-21 19:59:29.384 I/Kernel ( 7530): [ 4363.263800][thread:60][RT:4363253638867] 2019-10-21 17:59:29.382005 UTC; android time 2019-10-21 18:59:29.382005
10-21 19:59:29.384 I/Kernel ( 7530): [ 4363.263842]-(1)[7546:Binder_2][printk_delayed:done]
10-21 19:59:29.394 I/Kernel ( 0): [ 4363.273578]-(0)[0:swapper/0][printk_delayed:start]
10-21 19:59:29.394 I/Kernel ( 0): [ 4363.273594]-(2)[9662:Thread-768][printk_delayed:start]
10-21 19:59:29.394 I/Kernel ( 0): [ 4363.273625]-(2)[9662:Thread-768][WDK], local_bit:0xa, cpu:2,RT[4363263616329]
10-21 19:59:29.394 I/Kernel ( 0): [ 4363.273625][WDK], local_bit:0xe, cpu:2, check bit0x:f,RT[4363263630329]
10-21 19:59:29.394 I/Kernel ( 0): [ 4363.273625][thread:61][RT:4363263642867] 2019-10-21 17:59:29.392007 UTC; android time 2019-10-21 18:59:29.392007
10-21 19:59:29.394 I/Kernel ( 0): [ 4363.273633]-(2)[9662:Thread-768][printk_delayed:done]
10-21 19:59:29.394 I/Kernel ( 0): [ 4363.273716]-(0)[0:swapper/0][WDK], local_bit:0xe, cpu:0,RT[4363263637560]
10-21 19:59:29.394 I/Kernel ( 0): [ 4363.273716][WDK], local_bit:0xf, cpu:0, check bit0x:f,RT[4363263646252]
10-21 19:59:29.394 I/Kernel ( 0): [ 4363.273716][WDK]: kick Ex WDT,RT[4363263652098]
10-21 19:59:29.394 I/Kernel ( 0): [ 4363.273716][thread:59][RT:4363263804252] 2019-10-21 17:59:29.392172 UTC; android time 2019-10-21 18:59:29.392172
10-21 19:59:29.394 I/Kernel ( 0): [ 4363.273765]-(0)[0:swapper/0][printk_delayed:done]
10-21 19:59:29.644 I/Kernel ( 9266): [ 4363.523673].(1)[9266:kworker/1:0] ABB T=111600
10-21 19:59:30.104 I/Kernel ( 0): [ 4363.983551]-(3)[0:swapper/3][printk_delayed:start]
10-21 19:59:30.104 I/Kernel ( 0): [ 4363.983605]-(3)[0:swapper/3][WDK], local_bit:0x0, cpu:3,RT[4363973707252]
10-21 19:59:30.104 I/Kernel ( 0): [ 4363.983605][WDK], local_bit:0x8, cpu:3, check bit0x:f,RT[4363973732867]
10-21 19:59:30.104 I/Kernel ( 0): [ 4363.983605][thread:62][RT:4363973748175] 2019-10-21 17:59:30.102113 UTC; android time 2019-10-21 18:59:30.102113
10-21 19:59:30.104 I/Kernel ( 0): [ 4363.983646]-(3)[0:swapper/3][printk_delayed:done]
10-21 19:59:30.644 I/Kernel ( 9266): [ 4364.523700].(1)[9266:kworker/1:0] ABB T=111800
10-21 19:59:31.644 I/Kernel ( 9266): [ 4365.524665].(1)[9266:kworker/1:0] ABB T=112500
10-21 19:59:31.734 I/Kernel ( 29): [ 4365.613830].(3)[29:update_secureti]enter TEE_Icnt_time
10-21 19:59:31.734 I/Kernel ( 29): [ 4365.614356].(3)[29:update_secureti]update_securetime_thread_gb updata inc count
10-21 19:59:32.644 I/Kernel ( 9266): [ 4366.523739].(1)[9266:kworker/1:0] ABB T=113300
10-21 19:59:33.284 I/Kernel ( 8542): [ 4367.163850].(2)[8542:kworker/2:0][MUSB] USB is ready for connect
10-21 19:59:33.644 I/Kernel ( 9266): [ 4367.523776].(1)[9266:kworker/1:0] ABB T=113300
10-21 19:59:34.581 D/AndroidAlexa( 1385): Calling getApiGateway. apiGateway: null - mConnectionInFlight: false - mInRetryMode: true
10-21 19:59:34.581 D/AndroidAlexa( 1385): Initiating connection to the API Gateway
10-21 19:59:34.584 I/AndroidAlexa( 1385): API Gateway Retry Connection. Attempt: 78
10-21 19:59:34.644 I/Kernel ( 9266): [ 4368.523772].(1)[9266:kworker/1:0] ABB T=110500
10-21 19:59:35.644 I/Kernel ( 9266): [ 4369.523738].(1)[9266:kworker/1:0] ABB T=111800
10-21 19:59:36.644 I/Kernel ( 9266): [ 4370.523687].(1)[9266:kworker/1:0] ABB T=112700
10-21 19:59:36.674 I/Kernel ( 0): [ 4370.558270]-(2)[0:swapper/2][MUSBFSH] musbfsh_host_tx 1222: extra TX2 ready, csr 0000
10-21 19:59:36.734 I/Kernel ( 29): [ 4370.613665].(3)[29:update_secureti]enter TEE_Icnt_time
10-21 19:59:36.734 I/Kernel ( 29): [ 4370.614225].(3)[29:update_secureti]update_securetime_thread_gb updata inc count
10-21 19:59:37.644 I/Kernel ( 9266): [ 4371.523763].(1)[9266:kworker/1:0] ABB T=112700
10-21 19:59:38.644 I/Kernel ( 9266): [ 4372.523684].(1)[9266:kworker/1:0] ABB T=112300
10-21 19:59:39.304 I/Kernel ( 8542): [ 4373.183671].(2)[8542:kworker/2:0][MUSB] USB is ready for connect
10-21 19:59:39.444 I/Kernel ( 434): [ 4373.323690][hdmi]#1506
10-21 19:59:39.444 I/Kernel ( 434): [hdmi] list empty 145500, sleeping
10-21 19:59:39.644 I/Kernel ( 9266): [ 4373.523769].(1)[9266:kworker/1:0] ABB T=112200
10-21 19:59:40.644 I/Kernel ( 9266): [ 4374.523807].(1)[9266:kworker/1:0] ABB T=112500
10-21 19:59:41.644 I/Kernel ( 9266): [ 4375.523752].(1)[9266:kworker/1:0] ABB T=112600
10-21 19:59:41.734 I/Kernel ( 29): [ 4375.613608].(3)[29:update_secureti]enter TEE_Icnt_time
10-21 19:59:41.734 I/Kernel ( 29): [ 4375.614016].(3)[29:update_secureti]update_securetime_thread_gb updata inc count
10-21 19:59:42.324 I/Kernel ( 7530): [ 4376.205779]-(2)[9674:Thread-769][MUSBFSH] musbfsh_host_tx 1222: extra TX2 ready, csr 0000
10-21 19:59:42.644 I/Kernel ( 9266): [ 4376.523725].(1)[9266:kworker/1:0] ABB T=112000
10-21 19:59:43.134 I/Kernel ( 9309): [ 4377.017428]-(2)[9359:Thread-868][MUSBFSH] musbfsh_host_tx 1222: extra TX2 ready, csr 0000
10-21 19:59:43.644 I/Kernel ( 9266): [ 4377.523725].(1)[9266:kworker/1:0] ABB T=112500
10-21 19:59:44.644 I/Kernel ( 9266): [ 4378.523720].(1)[9266:kworker/1:0] ABB T=112500
10-21 19:59:45.324 I/Kernel ( 8542): [ 4379.203656].(2)[8542:kworker/2:0][MUSB] USB is ready for connect
10-21 19:59:45.374 I/Kernel ( 7530): [ 4379.258807]-(2)[9674:Thread-769][MUSBFSH] musbfsh_host_tx 1222: extra TX2 ready, csr 0000
10-21 19:59:45.644 I/Kernel ( 9266): [ 4379.523706].(1)[9266:kworker/1:0] ABB T=112000
10-21 19:59:45.671 I/DiebusMetric( 1549): Starting reporting metrics
10-21 19:59:45.674 D/DiebusMetricData( 1549): Metrics reported counter:0 timer:0
10-21 19:59:45.674 I/DiebusMetric( 1549): End reporting metrics
10-21 19:59:46.644 I/Kernel ( 9266): [ 4380.523667].(1)[9266:kworker/1:0] ABB T=112000
10-21 19:59:46.734 I/Kernel ( 29): [ 4380.613620].(3)[29:update_secureti]enter TEE_Icnt_time
10-21 19:59:46.734 I/Kernel ( 29): [ 4380.614018].(3)[29:update_secureti]update_securetime_thread_gb updata inc count
10-21 19:59:47.304 I/Kernel ( 7530): [ 4381.192358]-(2)[9662:Thread-768][MUSBFSH] musbfsh_host_tx 1222: extra TX2 ready, csr 0000
10-21 19:59:47.422 I/PeriodicMetricReporter( 1549): Starting reporting metrics
10-21 19:59:47.422 I/PeriodicMetricReporter( 1549): End reporting metrics