10-21 18:47:39.718 W/BroadcastQueue( 979): Permission Denial: receiving Intent { act=android.bluetooth.device.action.CLASS_CHANGED flg=0x4000010 (has extras) } to ProcessRecord{151f17a1 3094:com.amazon.venezia/u0a22089} (pid=3094, uid=32089) requires android.permission.BLUETOOTH due to sender com.android.bluetooth (uid 1002)
10-21 18:47:39.722 W/BroadcastQueue( 979): Permission Denial: receiving Intent { act=android.bluetooth.device.action.UUID flg=0x10 (has extras) } to ProcessRecord{cc9fc36 2654:com.amazon.aca/u0a22098} (pid=2654, uid=32098) requires android.permission.BLUETOOTH_ADMIN due to sender com.android.bluetooth (uid 1002)
10-21 18:47:39.722 W/BroadcastQueue( 979): Permission Denial: receiving Intent { act=android.bluetooth.device.action.UUID flg=0x10 (has extras) } to ProcessRecord{151f17a1 3094:com.amazon.venezia/u0a22089} (pid=3094, uid=32089) requires android.permission.BLUETOOTH_ADMIN due to sender com.android.bluetooth (uid 1002)
10-21 18:47:39.724 D/WifiService( 979): releaseWifiLockLocked: WifiLock{com.amazon.dcp.framework.iuc.ConnectionEstablisherWithConnectivityEnforcement type=1 binder=android.os.BinderProxy@3afaf4fe}
10-21 18:47:39.726 W/BroadcastQueue( 979): Permission Denial: receiving Intent { act=android.bluetooth.device.action.NAME_CHANGED flg=0x4000010 (has extras) } to ProcessRecord{cc9fc36 2654:com.amazon.aca/u0a22098} (pid=2654, uid=32098) requires android.permission.BLUETOOTH due to sender com.android.bluetooth (uid 1002)
10-21 18:47:39.727 W/BroadcastQueue( 979): Permission Denial: receiving Intent { act=android.bluetooth.device.action.NAME_CHANGED flg=0x4000010 (has extras) } to ProcessRecord{151f17a1 3094:com.amazon.venezia/u0a22089} (pid=3094, uid=32089) requires android.permission.BLUETOOTH due to sender com.android.bluetooth (uid 1002)
10-21 18:47:39.727 W/BroadcastQueue( 979): Permission Denial: receiving Intent { act=android.bluetooth.device.action.CLASS_CHANGED flg=0x4000010 (has extras) } to ProcessRecord{cc9fc36 2654:com.amazon.aca/u0a22098} (pid=2654, uid=32098) requires android.permission.BLUETOOTH due to sender com.android.bluetooth (uid 1002)
10-21 18:47:39.727 W/BroadcastQueue( 979): Permission Denial: receiving Intent { act=android.bluetooth.device.action.CLASS_CHANGED flg=0x4000010 (has extras) } to ProcessRecord{151f17a1 3094:com.amazon.venezia/u0a22089} (pid=3094, uid=32089) requires android.permission.BLUETOOTH due to sender com.android.bluetooth (uid 1002)
10-21 18:47:39.729 W/BroadcastQueue( 979): Permission Denial: receiving Intent { act=android.bluetooth.device.action.UUID flg=0x10 (has extras) } to ProcessRecord{cc9fc36 2654:com.amazon.aca/u0a22098} (pid=2654, uid=32098) requires android.permission.BLUETOOTH_ADMIN due to sender com.android.bluetooth (uid 1002)
10-21 18:47:39.729 W/BroadcastQueue( 979): Permission Denial: receiving Intent { act=android.bluetooth.device.action.UUID flg=0x10 (has extras) } to ProcessRecord{151f17a1 3094:com.amazon.venezia/u0a22089} (pid=3094, uid=32089) requires android.permission.BLUETOOTH_ADMIN due to sender com.android.bluetooth (uid 1002)
10-21 18:47:39.739 W/SchedPolicy( 979): Failed to set io priority for tid 3186 (No such process)
10-21 18:47:39.771 W/BroadcastQueue( 979): Permission Denial: receiving Intent { act=android.bluetooth.adapter.action.SCAN_MODE_CHANGED flg=0x4000010 (has extras) } to ProcessRecord{cc9fc36 2654:com.amazon.aca/u0a22098} (pid=2654, uid=32098) requires android.permission.BLUETOOTH due to sender com.android.bluetooth (uid 1002)
10-21 18:47:39.771 W/BroadcastQueue( 979): Permission Denial: receiving Intent { act=android.bluetooth.adapter.action.SCAN_MODE_CHANGED flg=0x4000010 (has extras) } to ProcessRecord{151f17a1 3094:com.amazon.venezia/u0a22089} (pid=3094, uid=32089) requires android.permission.BLUETOOTH due to sender com.android.bluetooth (uid 1002)
10-21 18:47:40.097 D/ActivityManager( 979): single user service: com.amazon.imp
10-21 18:47:40.118 D/ActivityManager( 979): app = com.amazon.imp, has single user service, setting process record.
10-21 18:47:40.372 I/ActivityManager( 979): Start proc 3426:com.amazon.device.software.ota/u0a22014 for broadcast com.amazon.device.software.ota.override/.OTAOverrideTimeChangeReceiver
10-21 18:47:40.448 I/ActivityManager( 979): Killing 1090:android.process.media/u0a22027 (adj 12): empty #17
10-21 18:47:40.653 D/ActivityManager( 979): cleanUpApplicationRecord -- 1090
10-21 18:47:40.741 D/ActivityManager( 979): single user service: system
10-21 18:47:40.758 D/ActivityManager( 979): app = system, has single user service, setting process record.
10-21 18:47:40.863 W/EMP.LoggerMetricsFactoryImpl( 979): EMP.MetricsCollectionAgent:AppUsageReporter:durationMS=6269174;DV;1,startTimeEpoch=1571522400000;DV;1,page-type=AppUsageStats;CK;1,hitType=appAction;CK;1,team-name=KindleFramework;CK;1,site_variant=KindleApplication;CK;1,page-action=TOTAL_USAGE;CK;1,RequestId=D204FE0D94D7D9992A2A;DV;1:NA
10-21 18:47:41.297 W/ActivityThread( 3426): ClassLoader.loadClass: The class loader returned by Thread.getContextClassLoader() may fail for processes that host multiple applications. You should explicitly specify a context class loader. For example: Thread.setContextClassLoader(getClass().getClassLoader());
10-21 18:47:41.380 I/ActivityManager( 979): Start proc 3486:com.amazon.bueller.photos/u0a22049 for broadcast com.amazon.bueller.photos/com.amazon.gallery.thor.thisday.SystemTimeChangedReceiver
10-21 18:47:41.476 D/ActivityManager( 979): single user service: com.amazon.device.software.ota
10-21 18:47:41.519 D/ActivityManager( 979): app = com.amazon.device.software.ota, has single user service, setting process record.
10-21 18:47:41.682 W/ResourcesManager( 3486): Asset path '/system/framework/android.amazon.res.jar' does not exist or contains no resources.
10-21 18:47:44.186 W/SchedPolicy( 979): Failed to set io priority for tid 3455 (No such process)
10-21 18:47:44.520 W/ActivityManager( 979): getRunningAppProcesses: caller 32049 does not hold REAL_GET_TASKS; limiting output
10-21 18:47:45.601 I/ActivityManager( 979): Start proc 3574:com.amazon.device.bluetoothdfu/u0a22053 for broadcast com.amazon.device.bluetoothdfu/com.amazon.identity.auth.device.storage.LambortishClock$ChangeTimestampsBroadcastReceiver
10-21 18:47:45.674 D/ActivityManager( 979): single user service: com.amazon.vizzini
10-21 18:47:45.708 D/ActivityManager( 979): app = com.amazon.vizzini, has single user service, setting process record.
10-21 18:47:45.740 I/ActivityManager( 979): Killing 1736:com.amazon.whisperjoin.middleware.np/u0a22122 (adj 12): empty #17
10-21 18:47:45.885 D/ActivityManager( 979): cleanUpApplicationRecord -- 1736
10-21 18:47:45.926 D/ActivityManager( 979): single user service: com.amazon.device.software.ota
10-21 18:47:45.946 D/ActivityManager( 979): app = com.amazon.device.software.ota, has single user service, setting process record.
10-21 18:47:46.003 I/ActivityManager( 979): Killing 2329:com.amazon.kindle.cms/u0a22062 (adj 12): empty #17
10-21 18:47:46.059 W/ResourcesManager( 3574): Asset path '/system/framework/android.amazon.res.jar' does not exist or contains no resources.
10-21 18:47:46.181 D/ActivityManager( 979): cleanUpApplicationRecord -- 2329
10-21 18:47:46.351 I/ActivityManager( 979): Waited long enough for: ServiceRecord{10201f91 u0 com.amazon.aca/.avt.AppLaunchService}
10-21 18:47:46.558 I/ActivityManager( 979): Start proc 3599:com.amazon.firebat/u0a22104 for broadcast com.amazon.firebat/androidx.work.impl.background.systemalarm.RescheduleReceiver
10-21 18:47:46.577 I/ActivityManager( 979): Killing 1806:com.amazon.wifilocker/u0a22008 (adj 12): empty #17
10-21 18:47:46.669 D/WifiService( 979): Client connection lost with reason: 4
10-21 18:47:46.711 D/ActivityManager( 979): cleanUpApplicationRecord -- 1806
10-21 18:47:47.514 I/ActivityManager( 979): Start proc 3624:com.amazon.wifilocker/u0a22008 for broadcast com.amazon.wifilocker/.receivers.WifiChangeReceiver
10-21 18:47:47.691 I/ActivityManager( 979): Killing 2731:com.amazon.device.messaging/u0a22011 (adj 12): empty #17
10-21 18:47:47.791 D/WifiService( 979): Client connection lost with reason: 4
10-21 18:47:47.806 D/ActivityManager( 979): cleanUpApplicationRecord -- 2731
10-21 18:47:47.825 D/WifiService( 979): New client listening to asynchronous messages
10-21 18:47:48.589 D/ActivityManager( 979): single user service: com.amazon.wifilocker
10-21 18:47:48.625 D/ActivityManager( 979): app = com.amazon.wifilocker, has single user service, setting process record.
10-21 18:47:49.183 D/ActivityManager( 979): single user service: com.amazon.imp
10-21 18:47:49.207 D/ActivityManager( 979): app = com.amazon.imp, has single user service, setting process record.
10-21 18:47:49.269 W/SchedPolicy( 979): Failed to set io priority for tid 3539 (No such process)
10-21 18:47:50.134 D/WifiService( 979): New client listening to asynchronous messages
10-21 18:47:50.140 D/WifiService( 979): acquireWifiLockLocked: WifiLock{HTTPMetricsTransport type=3 binder=android.os.BinderProxy@f70f35f}
10-21 18:47:50.311 D/ActivityManager( 979): single user service: com.amazon.imp
10-21 18:47:50.335 D/ActivityManager( 979): app = com.amazon.imp, has single user service, setting process record.
10-21 18:47:50.350 W/ResourcesManager( 1385): Asset path '/system/framework/android.amazon.res.jar' does not exist or contains no resources.
10-21 18:47:50.446 I/ActivityManager( 979): Start proc 3684:com.amazon.device.messaging/u0a22011 for broadcast com.amazon.device.messaging/.ADMMessageHandler$CheckingTodoReceiver
10-21 18:47:50.516 W/ResourcesManager( 1385): Asset path '/system/framework/android.amazon.res.jar' does not exist or contains no resources.
10-21 18:47:51.198 D/ActivityManager( 979): single user service: com.amazon.imp
10-21 18:47:51.223 D/ActivityManager( 979): app = com.amazon.imp, has single user service, setting process record.
10-21 18:47:51.394 D/WifiService( 979): New client listening to asynchronous messages
10-21 18:47:51.694 D/AmazonLibraryRegistry( 979): Could not find library com.amazon.tv.uilibrary
10-21 18:47:51.728 D/ActivityManager( 979): single user service: com.amazon.device.services
10-21 18:47:51.757 D/ActivityManager( 979): app = com.amazon.device.services, has single user service, setting process record.
10-21 18:47:51.781 W/ContextImpl( 1125): Calling a method in the system process without a qualified user: android.app.ContextImpl.startService:1785 android.content.ContextWrapper.startService:541 android.content.ContextWrapper.startService:541 com.amazon.bueller.notification.BootReceiver.onReceive:30 android.app.ActivityThread.handleReceiver:2769
10-21 18:47:51.814 I/ActivityManager( 979): Start proc 3715:com.amazon.identity.auth.device.authorization/u0a22060 for service com.amazon.identity.auth.device.authorization/.AmazonCredentialManagerService
10-21 18:47:51.826 W/ContextImpl( 1125): Calling a method in the system process without a qualified user: android.app.ContextImpl.bindService:1849 android.content.ContextWrapper.bindService:564 com.amazon.client.metrics.MetricsServiceConnection.getService:72 com.amazon.client.metrics.MetricsServiceWrapper.getBoundService:46 com.amazon.client.metrics.MetricsServiceWrapper.:37
10-21 18:47:51.865 I/AmazonHdmiServiceManager( 1125): AmazonHdmiServiceManager created
10-21 18:47:51.931 I/ActivityManager( 979): Start proc 3735:com.android.keychain/1000 for service com.android.keychain/.KeyChainService
10-21 18:47:51.984 W/ActivityManager( 979): Service attempted to set foreground with invalid notification
10-21 18:47:51.987 W/ActivityManager( 979): Service attempted to set foreground with invalid notification
10-21 18:47:52.217 I/ActivityManager( 979): Killing 3162:com.android.providers.downloads/u0a22017 (adj 12): empty #17
10-21 18:47:52.333 D/ActivityManager( 979): cleanUpApplicationRecord -- 3162
10-21 18:47:52.436 I/ActivityManager( 979): Start proc 3769:com.amazon.tv.releasenotes/u0a22119 for broadcast com.amazon.tv.releasenotes/.BootCompleteReceiver
10-21 18:47:52.437 I/Vlog ( 979): dropbox:SYSTEM_BOOT:fgtracking=false;DV;1,Counter=1.0;CT;1,unit=count;DV;1,metadata=UNKNOWN!{"d"#{"app_version"#"UNKNOWN"$"source"#"dropbox"}};DV;1:HI
10-21 18:47:52.519 I/ActivityManager( 979): Killing 1641:com.amazon.device.settings/u0a22033 (adj 12): empty #17
10-21 18:47:52.526 I/BootReceiver( 979): Copying audit failures to DropBox
10-21 18:47:52.551 I/BootReceiver( 979): Copying /data/system/SYSTEM_LAST_KMSG to DropBox (SYSTEM_LAST_KMSG)
10-21 18:47:52.555 I/Vlog ( 135): logd:performance:fgtracking=false;DV;1,key=TotalMessages;DV;1,Counter=16615;CT;1,unit=count;DV;1:HI
10-21 18:47:52.555 I/Vlog ( 135): logd:performance:fgtracking=false;DV;1,key=DroppedMessages;DV;1,Counter=119;CT;1,unit=count;DV;1:HI
10-21 18:47:52.555 I/Vlog ( 135): logd:performance:fgtracking=false;DV;1,key=Throughput;DV;1,Counter=0.09;CT;1,unit=kbps;DV;1:HI
10-21 18:47:52.569 I/Vlog ( 979): LifeCycleReason:LCR_normal:fgtracking=false;DV;1,key=Cold_Boot_By_Power_Supply;DV;1,Counter=1.0;CT;1,unit=count;DV;1,metadata=Cold_Boot_By_Power_Supply;DV;1:HI
10-21 18:47:52.628 I/CrashDescriptorUtil( 979): addErrorToCommonLog Hash already present in file
10-21 18:47:52.636 I/Vlog ( 979): LifeCycleReason:LCR:fgtracking=false;DV;1,key=Cold_Boot_By_Power_Supply;DV;1,Counter=1.0;CT;1,unit=count;DV;1,metadata=Cold_Boot_By_Power_Supply!{"d"#{"app_version"#"UNKNOWN"$"source"#"dropbox"}};DV;1:HI
10-21 18:47:52.809 D/ActivityManager( 979): single user service: com.amazon.imp
10-21 18:47:52.848 D/ActivityManager( 979): app = com.amazon.imp, has single user service, setting process record.
10-21 18:47:52.856 D/ActivityManager( 979): cleanUpApplicationRecord -- 1641
10-21 18:47:52.921 W/BroadcastQueue( 979): Permission Denial: receiving Intent { act=android.intent.action.DROPBOX_ENTRY_ADDED flg=0x40000010 (has extras) } to ProcessRecord{cc9fc36 2654:com.amazon.aca/u0a22098} (pid=2654, uid=32098) requires android.permission.READ_LOGS due to sender android (uid 1000)
10-21 18:47:52.984 I/ActivityManager( 979): Start proc 3795:com.amazon.tv.routing/u0a22120 for broadcast com.amazon.tv.routing/.receivers.BootCompleteReceiver
10-21 18:47:53.002 I/BootReceiver( 979): Checking for fsck errors
10-21 18:47:53.004 I/ActivityManager( 979): Killing 3216:com.amazon.tv.ottssocompanionapp/u0a22086 (adj 12): empty #17
10-21 18:47:53.107 D/WifiService( 979): releaseWifiLockLocked: WifiLock{HTTPMetricsTransport type=3 binder=android.os.BinderProxy@f70f35f}
10-21 18:47:53.156 I/ActivityManager( 979): Start proc 3813:com.android.providers.downloads/u0a22017 for content provider com.android.providers.downloads/.DownloadProvider
10-21 18:47:53.214 D/ActivityManager( 979): cleanUpApplicationRecord -- 3216
10-21 18:47:53.253 W/BroadcastQueue( 979): Permission Denial: receiving Intent { act=android.intent.action.DROPBOX_ENTRY_ADDED flg=0x40000010 (has extras) } to ProcessRecord{cc9fc36 2654:com.amazon.aca/u0a22098} (pid=2654, uid=32098) requires android.permission.READ_LOGS due to sender android (uid 1000)
10-21 18:47:53.326 W/ResourcesManager( 3795): Asset path '/system/framework/android.amazon.res.jar' does not exist or contains no resources.
10-21 18:47:53.628 I/ActivityManager( 979): Start proc 3834:com.amazon.whisperjoin.middleware.np/u0a22122 for broadcast com.amazon.whisperjoin.middleware.np/.receivers.BootCompleteReceiver
10-21 18:47:53.990 I/ActivityManager( 979): Start proc 3863:android.process.media/u0a22027 for broadcast com.android.providers.media/.MediaScannerReceiver
10-21 18:47:54.298 I/ActivityManager( 979): Killing 1273:com.amazon.tv.settings.core/1000 (adj 12): empty #17
10-21 18:47:54.412 D/ActivityManager( 979): cleanUpApplicationRecord -- 1273
10-21 18:47:54.469 I/ActivityManager( 979): Start proc 3889:com.amazon.kindle.cms/u0a22062 for broadcast com.amazon.kindle.cms/.MaintenanceService$BootCompletedListener
10-21 18:47:54.693 D/ActivityManager( 979): single user service: com.amazon.imp
10-21 18:47:54.720 D/ActivityManager( 979): app = com.amazon.imp, has single user service, setting process record.
10-21 18:47:55.437 I/ActivityManager( 979): Killing 2077:com.amazon.tv.notificationcenter/u0a22084 (adj 12): empty #17
10-21 18:47:55.549 D/ActivityManager( 979): cleanUpApplicationRecord -- 2077
10-21 18:47:55.571 D/ActivityManager( 979): single user service: com.amazon.kindle.cms
10-21 18:47:55.598 D/ActivityManager( 979): app = com.amazon.kindle.cms, has single user service, setting process record.
10-21 18:47:55.639 I/ActivityManager( 979): Start proc 3932:com.amazon.sync.service/u0a22094 for broadcast com.amazon.sync.service/com.amazon.sync.framework.receivers.DelegatedBroadcastReceiver$BootCompleteBroadcastListener
10-21 18:47:56.087 I/ActivityManager( 979): Killing 2131:com.amazon.naatyam/u0a22112 (adj 12): empty #17
10-21 18:47:56.199 D/ActivityManager( 979): cleanUpApplicationRecord -- 2131
10-21 18:47:56.587 W/MountService( 979): Duplicate state transition (mounted -> mounted) for /storage/emulated/0
10-21 18:47:56.673 I/AmazonHdmiService( 979): Boot complete broadcast received
10-21 18:47:56.673 I/AmazonHdmiService( 979): applyDefaultResOnBoot called. Apply committed resolution pref if necessary
10-21 18:47:56.673 I/AmazonHdmiService( 979): Reading the initial hdmi state
10-21 18:47:56.674 I/AmazonHdmiService( 979): /sys/class/switch/mode_hdmi/stateSwitch state: 1
10-21 18:47:56.684 I/AmazonHdmiService( 979): Apply stored audio preference
10-21 18:47:56.684 I/AudioOutputFormatManager( 979): Request to get dolby device id
10-21 18:47:56.684 I/AudioOutputFormatManager( 979): applyPrefOnBootCompleted for audio on device ordinal= 3
10-21 18:47:56.684 I/AudioOutputFormatManager( 979): enableAudioFormat with device ordinal: 3 format: 1
10-21 18:47:56.767 D/WifiService( 979): acquireWifiLockLocked: WifiLock{HTTPMetricsTransport type=3 binder=android.os.BinderProxy@3187c1e2}
10-21 18:47:56.789 I/AudioOutputFormatManager( 979): KeyValuePair: spdif_format=0;hdmi_format=5;Status: 0
10-21 18:47:56.789 I/AudioOutputFormatManager( 979): Storing new dolby device with id: 3
10-21 18:47:56.789 I/AudioOutputFormatManager( 979): setDolbyPassthroughAvailability()
10-21 18:47:56.789 I/AudioOutputFormatManager( 979): Request to get dolby device id
10-21 18:47:56.789 I/AudioOutputFormatManager( 979): setDolbyPassthroughAvailability(): Value calculated for Dolby passthrough availability: 0
10-21 18:47:56.882 I/ActivityManager( 979): Start proc 3969:com.amazon.sync.provider.ipc/u0a22093 for service com.amazon.sync.provider.ipc/.ProviderService
10-21 18:47:56.921 D/ActivityManager( 979): single user service: com.amazon.imp
10-21 18:47:56.958 D/ActivityManager( 979): app = com.amazon.imp, has single user service, setting process record.
10-21 18:47:57.026 I/ActivityManager( 979): Start proc 3987:com.amazon.logan/u0a22092 for broadcast com.amazon.logan/.metrics.AppUsageMetricsLauncher
10-21 18:47:57.355 I/ActivityManager( 979): Start proc 4013:com.amazon.logan:a11ymetrics/u0a22092 for service com.amazon.logan/.metrics.A11ySettingsWatcher
10-21 18:47:57.473 I/ActivityManager( 979): Killing 3388:com.amazon.connectivitydiag/1000 (adj 12): empty #17
10-21 18:47:57.612 D/ActivityManager( 979): cleanUpApplicationRecord -- 3388
10-21 18:47:57.667 W/ActivityManager( 979): Permission Denial: opening provider com.amazon.identity.framework.GenericIPCContentProvider from ProcessRecord{f9bab3a 3969:com.amazon.sync.provider.ipc/u0a22093} (pid=3969, uid=32093) requires com.amazon.identity.permission.GENERIC_IPC or com.amazon.identity.permission.GENERIC_IPC
10-21 18:47:57.740 W/ActivityManager( 979): Permission Denial: opening provider com.amazon.identity.framework.GenericIPCContentProvider from ProcessRecord{f9bab3a 3969:com.amazon.sync.provider.ipc/u0a22093} (pid=3969, uid=32093) requires com.amazon.identity.permission.GENERIC_IPC or com.amazon.identity.permission.GENERIC_IPC
10-21 18:47:57.875 I/ActivityManager( 979): Delay finish: com.amazon.venezia/.device.AppstoreDeviceBootCompletedReceiver
10-21 18:47:57.908 I/ActivityManager( 979): Resuming delayed broadcast
10-21 18:47:57.946 I/ActivityManager( 979): Start proc 4049:com.netflix.ninja/u0a15 for broadcast com.netflix.ninja/.BootCompleteReceiver
10-21 18:47:58.111 D/WifiService( 979): releaseWifiLockLocked: WifiLock{HTTPMetricsTransport type=3 binder=android.os.BinderProxy@3187c1e2}
10-21 18:47:58.803 E/ActivityThread( 4049): Failed to find provider info for com.google.android.gms.phenotype
10-21 18:47:59.337 I/ActivityManager( 979): Killing 2099:com.amazon.ceviche/u0a22102 (adj 12): empty #17
10-21 18:47:59.474 D/ActivityManager( 979): cleanUpApplicationRecord -- 2099
10-21 18:47:59.855 I/ActivityManager( 979): Start proc 4094:com.amazon.device.crashmanager/u0a22007 for broadcast com.amazon.device.crashmanager/.CrashManagerSystemReceiver
10-21 18:48:00.191 I/ActivityManager( 979): Start proc 4112:com.amazon.device.settings/u0a22033 for content provider com.amazon.device.settings/.SettingsProvider
10-21 18:48:00.508 D/ActivityManager( 979): single user service: com.amazon.device.crashmanager
10-21 18:48:00.541 D/ActivityManager( 979): app = com.amazon.device.crashmanager, has single user service, setting process record.
10-21 18:48:00.660 I/ActivityManager( 979): Delay finish: com.amazon.device.messaging/.OdotService$ScheduleFlushReceiver
10-21 18:48:00.689 I/ActivityManager( 979): Resuming delayed broadcast
10-21 18:48:00.742 I/ActivityManager( 979): Killing 3574:com.amazon.device.bluetoothdfu/u0a22053 (adj 12): empty #17
10-21 18:48:00.852 D/ActivityManager( 979): cleanUpApplicationRecord -- 3574
10-21 18:48:01.044 I/ActivityManager( 979): Delay finish: com.amazon.device.messaging/.MessageProcessingSchedulerService$MessageProcessingSchedulerReceiver
10-21 18:48:01.276 I/ActivityManager( 979): Resuming delayed broadcast
10-21 18:48:01.353 I/ActivityManager( 979): Delay finish: com.amazon.device.messaging/.SPHService$BootTimeReceiverForSPH
10-21 18:48:01.592 I/ActivityManager( 979): Resuming delayed broadcast
10-21 18:48:01.705 I/ActivityManager( 979): Delay finish: com.amazon.device.messaging/.receiver.ConfigurationSyncReceiver
10-21 18:48:01.796 I/ActivityManager( 979): Killing 2654:com.amazon.aca/u0a22098 (adj 12): empty #17
10-21 18:48:01.857 I/ActivityManager( 979): Resuming delayed broadcast
10-21 18:48:01.887 D/ActivityManager( 979): cleanUpApplicationRecord -- 2654
10-21 18:48:02.073 I/ActivityManager( 979): Start proc 4147:com.amazon.discoveryservice.core.android/u0a22016 for broadcast com.amazon.dialservice/.StartupIntentReceiver
10-21 18:48:02.237 I/ActivityManager( 979): Killing 3486:com.amazon.bueller.photos/u0a22049 (adj 12): empty #17
10-21 18:48:02.401 D/ActivityManager( 979): cleanUpApplicationRecord -- 3486
10-21 18:48:02.462 W/ActivityManager( 979): Unable to start service Intent { cmp=com.amazon.tv.csg.dnwstateservice/.DNWStateService } U=0: not found
10-21 18:48:02.594 I/ActivityManager( 979): Killing 1710:com.amazon.kindleautomatictimezone/u0a22064 (adj 12): empty #17
10-21 18:48:02.707 D/ActivityManager( 979): single user service: com.amazon.imp
10-21 18:48:02.731 D/ActivityManager( 979): app = com.amazon.imp, has single user service, setting process record.
10-21 18:48:02.735 D/ActivityManager( 979): cleanUpApplicationRecord -- 1710
10-21 18:48:02.945 I/ActivityManager( 979): Delay finish: com.android.providers.downloads/.DownloadReceiver
10-21 18:48:03.086 I/ActivityManager( 979): Killing 3624:com.amazon.wifilocker/u0a22008 (adj 12): empty #17
10-21 18:48:03.150 D/WifiService( 979): Client connection lost with reason: 4
10-21 18:48:03.196 D/ActivityManager( 979): cleanUpApplicationRecord -- 3624
10-21 18:48:03.393 D/ActivityManager( 979): single user service: com.amazon.imp
10-21 18:48:03.418 D/ActivityManager( 979): app = com.amazon.imp, has single user service, setting process record.
10-21 18:48:03.453 D/WifiService( 979): New client listening to asynchronous messages
10-21 18:48:03.472 W/ActivityThread( 4147): ClassLoader.loadClass: The class loader returned by Thread.getContextClassLoader() may fail for processes that host multiple applications. You should explicitly specify a context class loader. For example: Thread.setContextClassLoader(getClass().getClassLoader());
10-21 18:48:03.604 D/WifiService( 979): acquireWifiLockLocked: WifiLock{AndroidRouter type=3 binder=android.os.BinderProxy@2f3acd67}
10-21 18:48:03.631 D/WifiService( 979): releaseWifiLockLocked: WifiLock{AndroidRouter type=3 binder=android.os.BinderProxy@2f3acd67}
10-21 18:48:03.675 I/ActivityManager( 979): Resuming delayed broadcast
10-21 18:48:03.693 D/WifiService( 979): acquireWifiLockLocked: WifiLock{AndroidRouter type=3 binder=android.os.BinderProxy@1ebecafe}
10-21 18:48:03.702 W/SchedPolicy( 979): Failed to set io priority for tid 4174 (No such process)
10-21 18:48:03.803 I/ActivityManager( 979): Start proc 4207:com.android.managedprovisioning/u0a22026 for broadcast com.android.managedprovisioning/.BootReminder
10-21 18:48:04.272 I/ActivityManager( 979): Killing 2291:com.android.providers.tv/u0a22037 (adj 12): empty #17
10-21 18:48:04.458 D/ActivityManager( 979): cleanUpApplicationRecord -- 2291
10-21 18:48:04.683 I/ActivityManager( 979): Start proc 4230:com.android.onetimeinitializer/u0a22030 for broadcast com.android.onetimeinitializer/.OneTimeInitializerReceiver
10-21 18:48:04.885 I/ActivityManager( 979): Delay finish: com.android.onetimeinitializer/.OneTimeInitializerReceiver
10-21 18:48:04.921 I/ActivityManager( 979): Resuming delayed broadcast
10-21 18:48:04.976 D/ActivityManager( 979): single user service: com.amazon.device.settings
10-21 18:48:05.003 D/ActivityManager( 979): app = com.amazon.device.settings, has single user service, setting process record.
10-21 18:48:05.010 I/ActivityManager( 979): Delay finish: com.amazon.device.settings/.SettingsService$FetchingTrigger
10-21 18:48:05.233 I/ActivityManager( 979): Resuming delayed broadcast
10-21 18:48:05.255 I/ActivityManager( 979): Killing 2672:com.amazon.providers.tv/u0a22114 (adj 12): empty #17
10-21 18:48:05.383 I/ActivityManager( 979): Killing 3715:com.amazon.identity.auth.device.authorization/u0a22060 (adj 12): empty #17
10-21 18:48:05.516 D/ActivityManager( 979): cleanUpApplicationRecord -- 2672
10-21 18:48:05.544 D/ActivityManager( 979): cleanUpApplicationRecord -- 3715
10-21 18:48:05.971 W/SchedPolicy( 979): Failed to set io priority for tid 4228 (No such process)
10-21 18:48:06.156 I/ActivityManager( 979): Killing 3735:com.android.keychain/1000 (adj 12): empty #17
10-21 18:48:06.163 W/ContextImpl( 1125): Calling a method in the system process without a qualified user: android.app.ContextImpl.startService:1785 android.content.ContextWrapper.startService:541 android.content.ContextWrapper.startService:541 com.amazon.tifobserver.BootCompleteReceiver.onReceive:29 android.app.ActivityThread.handleReceiver:2769
10-21 18:48:06.246 D/ActivityManager( 979): cleanUpApplicationRecord -- 3735
10-21 18:48:06.316 I/ActivityManager( 979): Start proc 4255:com.amazon.wcast.sink/1000 for broadcast com.amazon.wcast.sink/.WfdReceiver
10-21 18:48:06.384 I/ActivityManager( 979): Start proc 4272:com.amazon.tv.notificationcenter/u0a22084 for content provider com.amazon.tv.notificationcenter/.count.NotificationCountProvider
10-21 18:48:06.453 W/ResourcesManager( 4255): Asset path '/system/framework/android.amazon.res.jar' does not exist or contains no resources.
10-21 18:48:06.468 D/AmazonLibraryRegistry( 979): Could not find library com.amazon.tv.launcher
10-21 18:48:06.668 I/ActivityManager( 979): Waited long enough for: ServiceRecord{3db55c47 u0 com.amazon.device.controllermanager/.ControllerService}
10-21 18:48:06.776 I/ActivityManager( 979): Start proc 4301:com.amazon.whisperlink.core.android/u0a22041 for broadcast com.amazon.whisperlink.core.android/.StartupIntentReceiver
10-21 18:48:06.797 I/ActivityManager( 979): Killing 3769:com.amazon.tv.releasenotes/u0a22119 (adj 12): empty #17
10-21 18:48:06.938 D/ActivityManager( 979): cleanUpApplicationRecord -- 3769
10-21 18:48:07.330 I/ActivityManager( 979): Killing 3795:com.amazon.tv.routing/u0a22120 (adj 12): empty #17
10-21 18:48:07.388 D/ActivityManager( 979): cleanUpApplicationRecord -- 3795
10-21 18:48:07.479 I/ActivityManager( 979): Killing 3599:com.amazon.firebat/u0a22104 (adj 12): empty #17
10-21 18:48:07.590 D/ActivityManager( 979): cleanUpApplicationRecord -- 3599
10-21 18:48:07.964 D/ActivityManager( 979): single user service: com.amazon.whisperlink.core.android
10-21 18:48:07.995 D/ActivityManager( 979): app = com.amazon.whisperlink.core.android, has single user service, setting process record.
10-21 18:48:08.028 I/ActivityManager( 979): Start proc 4329:com.amazon.alexashopping/u0a22045 for broadcast com.amazon.alexashopping/.receiver.BootReceiver
10-21 18:48:08.635 D/WifiService( 979): New client listening to asynchronous messages
10-21 18:48:08.960 I/ActivityManager( 979): Waited long enough for: ServiceRecord{35104b17 u0 com.amazon.whisperjoin.middleware.np/.services.MiddlewareService}
10-21 18:48:09.275 I/ActivityManager( 979): Waited long enough for: ServiceRecord{91a4f6e u0 com.android.providers.media/.MediaScannerService}
10-21 18:48:09.934 W/ActivityManager( 979): Unable to start service Intent { cmp=com.amazon.webview.chromium/org.chromium.android_webview.services.VariationsSeedServer } U=0: not found
10-21 18:48:10.096 I/ActivityManager( 979): Start proc 4402:com.amazon.webview.chromium:AWVArcusServiceProcess/u0a22095 for service com.amazon.webview.chromium/com.amazon.webview.awvdeploymentservice.service.AWVArcusService
10-21 18:48:10.126 I/ActivityManager( 979): Start proc 4420:com.amazon.webview.chromium/u0a22095 for content provider com.amazon.webview.chromium/com.amazon.webview.awvdeploymentservice.service.AWVArcusContentProvider
10-21 18:48:10.327 I/ActivityManager( 979): Start proc 4437:com.amazon.webview.chromium:AWVMetricsProcess/u0a22095 for service com.amazon.webview.chromium/com.amazon.webview.metrics.service.AWVMetricsService
10-21 18:48:10.470 D/ActivityManager( 979): single user service: com.amazon.imp
10-21 18:48:10.507 D/ActivityManager( 979): app = com.amazon.imp, has single user service, setting process record.
10-21 18:48:10.906 I/ActivityManager( 979): Start proc 4476:com.amazon.ceviche/u0a22102 for broadcast com.amazon.ceviche/.boot.completed.BootCompletedReceiver
10-21 18:48:10.941 I/ActivityManager( 979): Killing 4049:com.netflix.ninja/u0a15 (adj 12): empty #17
10-21 18:48:11.049 I/ActivityManager( 979): Killing 3987:com.amazon.logan/u0a22092 (adj 12): empty #18
10-21 18:48:11.155 I/ActivityManager( 979): Killing 3932:com.amazon.sync.service/u0a22094 (adj 12): empty #19
10-21 18:48:11.261 I/ActivityManager( 979): Killing 3889:com.amazon.kindle.cms/u0a22062 (adj 12): empty #20
10-21 18:48:11.514 D/ActivityManager( 979): cleanUpApplicationRecord -- 4049
10-21 18:48:11.553 D/ActivityManager( 979): cleanUpApplicationRecord -- 3987
10-21 18:48:11.624 D/ActivityManager( 979): cleanUpApplicationRecord -- 3932
10-21 18:48:11.647 W/ActivityThread( 4301): ClassLoader.loadClass: The class loader returned by Thread.getContextClassLoader() may fail for processes that host multiple applications. You should explicitly specify a context class loader. For example: Thread.setContextClassLoader(getClass().getClassLoader());
10-21 18:48:11.663 D/ActivityManager( 979): cleanUpApplicationRecord -- 3889
10-21 18:48:11.927 I/ActivityManager( 979): Start proc 4508:com.amazon.dpcclient/u0a22103 for broadcast com.amazon.dpcclient/.DeviceBootCompleteReceiver
10-21 18:48:11.985 I/ActivityManager( 979): Killing 4094:com.amazon.device.crashmanager/u0a22007 (adj 12): empty #17
10-21 18:48:12.075 D/ActivityManager( 979): cleanUpApplicationRecord -- 4094
10-21 18:48:12.356 I/ActivityManager( 979): Waited long enough for: ServiceRecord{3b64b3c7 u0 com.amazon.logan/.metrics.A11ySettingsWatcher}
10-21 18:48:12.388 I/ActivityManager( 979): Start proc 4529:com.amazon.firerestapiframework/u0a22106 for broadcast com.amazon.firerestapiframework/.receivers.FRAServiceInitEventReceiver
10-21 18:48:12.409 I/ActivityManager( 979): Killing 3684:com.amazon.device.messaging/u0a22011 (adj 12): empty #17
10-21 18:48:12.461 D/WifiService( 979): Client connection lost with reason: 4
10-21 18:48:12.524 D/ActivityManager( 979): cleanUpApplicationRecord -- 3684
10-21 18:48:12.709 I/ActivityManager( 979): Start proc 4548:com.amazon.franktvinput/u0a22107 for broadcast com.amazon.franktvinput/.BootCompletedReceiver
10-21 18:48:12.731 I/ActivityManager( 979): Killing 3426:com.amazon.device.software.ota/u0a22014 (adj 12): empty #17
10-21 18:48:12.844 D/ActivityManager( 979): single user service: com.amazon.imp
10-21 18:48:12.872 D/ActivityManager( 979): app = com.amazon.imp, has single user service, setting process record.
10-21 18:48:12.902 D/ActivityManager( 979): cleanUpApplicationRecord -- 3426
10-21 18:48:14.294 I/ActivityManager( 979): Start proc 4582:com.amazon.alta.h2clientservice/u0a22059 for broadcast com.amazon.alta.h2clientservice/.receivers.SyncReceiver
10-21 18:48:14.454 W/SchedPolicy( 979): Failed to set io priority for tid 4599 (No such process)
10-21 18:48:14.580 I/ActivityManager( 979): Killing 3969:com.amazon.sync.provider.ipc/u0a22093 (adj 12): empty #17
10-21 18:48:14.739 D/ActivityManager( 979): cleanUpApplicationRecord -- 3969
10-21 18:48:14.778 I/ActivityManager( 979): Start proc 4604:com.android.providers.tv/u0a22037 for content provider com.android.providers.tv/.TvProvider
10-21 18:48:14.813 I/ActivityManager( 979): Start proc 4621:com.amazon.kindle.devicecontrols/u0a22063 for broadcast com.amazon.kindle.devicecontrols/.receivers.BootCompleteEventHandler
10-21 18:48:14.957 W/ResourcesManager( 4621): Asset path '/system/framework/android.amazon.res.jar' does not exist or contains no resources.
10-21 18:48:15.089 I/ActivityManager( 979): Start proc 4640:com.amazon.naatyam/u0a22112 for broadcast com.amazon.naatyam/.receiver.BootCompleteListener
10-21 18:48:15.110 I/ActivityManager( 979): Killing 1868:com.amazon.tv.livetv/u0a22082 (adj 12): empty #17
10-21 18:48:15.171 W/BroadcastQueue( 979): Permission Denial: receiving Intent { act=android.bluetooth.adapter.action.LOCAL_NAME_CHANGED flg=0x4000010 (has extras) } to ProcessRecord{151f17a1 3094:com.amazon.venezia/u0a22089} (pid=3094, uid=32089) requires android.permission.BLUETOOTH due to sender com.android.bluetooth (uid 1002)
10-21 18:48:15.172 D/ActivityManager( 979): cleanUpApplicationRecord -- 1868
10-21 18:48:15.284 W/BroadcastQueue( 979): Permission Denial: receiving Intent { act=android.bluetooth.adapter.action.LOCAL_NAME_CHANGED flg=0x4000010 (has extras) } to ProcessRecord{151f17a1 3094:com.amazon.venezia/u0a22089} (pid=3094, uid=32089) requires android.permission.BLUETOOTH due to sender com.android.bluetooth (uid 1002)
10-21 18:48:15.612 I/ActivityManager( 979): Killing 3813:com.android.providers.downloads/u0a22017 (adj 12): empty #17
10-21 18:48:15.750 D/ActivityManager( 979): cleanUpApplicationRecord -- 3813
10-21 18:48:15.937 I/ActivityManager( 979): Start proc 4678:com.amazon.net.smartconnect.SmartConnectService/u0a22113 for broadcast com.amazon.net.smartconnect/.SmartConnectService$BootReceiver
10-21 18:48:16.171 I/ActivityManager( 979): Killing 4207:com.android.managedprovisioning/u0a22026 (adj 12): empty #17
10-21 18:48:16.307 D/ActivityManager( 979): cleanUpApplicationRecord -- 4207
10-21 18:48:16.428 D/WifiService( 979): acquireWifiLockLocked: WifiLock{com.amazon.dcp.framework.iuc.ConnectionEstablisherWithConnectivityEnforcement type=1 binder=android.os.BinderProxy@33124c06}
10-21 18:48:16.463 D/WifiService( 979): New client listening to asynchronous messages
10-21 18:48:16.482 I/ActivityManager( 979): Start proc 4705:com.amazon.ods.kindleconnect/u0a22069 for broadcast com.amazon.ods.kindleconnect/.receivers.BootActionsReceiver
10-21 18:48:16.598 D/ActivityManager( 979): single user service: com.amazon.imp
10-21 18:48:16.624 D/ActivityManager( 979): app = com.amazon.imp, has single user service, setting process record.
10-21 18:48:16.834 I/ActivityManager( 979): Killing 4230:com.android.onetimeinitializer/u0a22030 (adj 12): empty #17
10-21 18:48:16.970 D/ActivityManager( 979): cleanUpApplicationRecord -- 4230
10-21 18:48:17.019 I/ActivityManager( 979): Start proc 4735:com.amazon.securitysyncclient/u0a22070 for broadcast com.amazon.securitysyncclient/.BootCompleteReceiver
10-21 18:48:17.039 I/ActivityManager( 979): Killing 3094:com.amazon.venezia/u0a22089 (adj 12): empty #17
10-21 18:48:17.205 D/ActivityManager( 979): cleanUpApplicationRecord -- 3094
10-21 18:48:17.430 I/ActivityManager( 979): Start proc 4766:com.amazon.storm.lightning.services/u0a22073 for broadcast com.amazon.storm.lightning.services/.broadcastreceivers.StartServiceReceiver
10-21 18:48:17.455 I/ActivityManager( 979): Waited long enough for: ServiceRecord{3ffa3c6d u0 com.amazon.dialservice/.DialService}
10-21 18:48:17.625 D/ActivityManager( 979): single user service: com.amazon.storm.lightning.services
10-21 18:48:17.647 D/ActivityManager( 979): app = com.amazon.storm.lightning.services, has single user service, setting process record.
10-21 18:48:17.727 I/ActivityManager( 979): Start proc 4786:com.amazon.tv.nimh/u0a22083 for broadcast com.amazon.tv.nimh/com.amazon.device.management.BootCompleteReceiver
10-21 18:48:17.788 D/WifiService( 979): releaseWifiLockLocked: WifiLock{com.amazon.dcp.framework.iuc.ConnectionEstablisherWithConnectivityEnforcement type=1 binder=android.os.BinderProxy@33124c06}
10-21 18:48:17.896 I/ActivityManager( 979): Killing 4255:com.amazon.wcast.sink/1000 (adj 12): empty #17
10-21 18:48:18.012 D/ActivityManager( 979): cleanUpApplicationRecord -- 4255
10-21 18:48:18.258 I/ActivityManager( 979): Start proc 4814:com.amazon.tv.oobe/u0a22085 for broadcast com.amazon.tv.oobe/.BootReceiver
10-21 18:48:18.372 W/ResourcesManager( 4814): Asset path '/system/framework/android.amazon.res.jar' does not exist or contains no resources.
10-21 18:48:18.460 W/SchedPolicy( 979): Failed to set io priority for tid 4813 (No such process)
10-21 18:48:18.639 D/WifiService( 979): acquireWifiLockLocked: WifiLock{com.amazon.dcp.framework.iuc.ConnectionEstablisherWithConnectivityEnforcement type=1 binder=android.os.BinderProxy@162dd043}
10-21 18:48:18.711 D/ActivityManager( 979): single user service: com.amazon.imp
10-21 18:48:18.738 D/ActivityManager( 979): app = com.amazon.imp, has single user service, setting process record.
10-21 18:48:18.757 D/WifiService( 979): acquireWifiLockLocked: WifiLock{com.amazon.dcp.framework.iuc.ConnectionEstablisherWithConnectivityEnforcement type=1 binder=android.os.BinderProxy@36f72d4a}
10-21 18:48:18.806 D/ActivityManager( 979): single user service: com.amazon.imp
10-21 18:48:18.832 D/ActivityManager( 979): app = com.amazon.imp, has single user service, setting process record.
10-21 18:48:18.901 I/ActivityManager( 979): Start proc 4859:com.amazon.tv.parentalcontrols/u0a22088 for broadcast com.amazon.tv.parentalcontrols/.update.ApplicationUpdateReceiver
10-21 18:48:18.920 I/ActivityManager( 979): Killing 4329:com.amazon.alexashopping/u0a22045 (adj 12): empty #17
10-21 18:48:19.063 D/ActivityManager( 979): cleanUpApplicationRecord -- 4329
10-21 18:48:19.102 W/ResourcesManager( 4859): Asset path '/system/framework/android.amazon.res.jar' does not exist or contains no resources.
10-21 18:48:19.229 D/WifiService( 979): releaseWifiLockLocked: WifiLock{com.amazon.dcp.framework.iuc.ConnectionEstablisherWithConnectivityEnforcement type=1 binder=android.os.BinderProxy@162dd043}
10-21 18:48:19.529 W/ContextImpl( 1125): Calling a method in the system process without a qualified user: android.app.ContextImpl.sendBroadcast:1434 android.content.ContextWrapper.sendBroadcast:407 com.amazon.tifobserver.TvInputObserver$OnTvInputChangeRunnable.run:95 android.os.Handler.handleCallback:739 android.os.Handler.dispatchMessage:95
10-21 18:48:19.545 I/ActivityManager( 979): Killing 4402:com.amazon.webview.chromium:AWVArcusServiceProcess/u0a22095 (adj 12): empty #17
10-21 18:48:19.683 D/ActivityManager( 979): cleanUpApplicationRecord -- 4402
10-21 18:48:19.781 I/ActivityManager( 979): Start proc 4901:com.amazon.tv.settings.core/1000 for broadcast com.amazon.tv.settings.core/.AppDataUsageMetricReceiver
10-21 18:48:19.833 D/WifiService( 979): releaseWifiLockLocked: WifiLock{com.amazon.dcp.framework.iuc.ConnectionEstablisherWithConnectivityEnforcement type=1 binder=android.os.BinderProxy@36f72d4a}
10-21 18:48:19.945 I/ActivityManager( 979): Killing 4420:com.amazon.webview.chromium/u0a22095 (adj 12): empty #17
10-21 18:48:20.034 W/ContextImpl( 4901): Calling a method in the system process without a qualified user: android.app.ContextImpl.startService:1785 android.content.ContextWrapper.startService:541 android.content.ContextWrapper.startService:541 com.amazon.tv.settings.core.AppDataUsageMetricReceiver.onReceive:25 android.app.ActivityThread.handleReceiver:2769
10-21 18:48:20.065 D/ActivityManager( 979): cleanUpApplicationRecord -- 4420
10-21 18:48:20.188 D/WifiService( 979): New client listening to asynchronous messages
10-21 18:48:20.208 I/ActivityManager( 979): Killing 4437:com.amazon.webview.chromium:AWVMetricsProcess/u0a22095 (adj 12): empty #17
10-21 18:48:20.322 D/ActivityManager( 979): cleanUpApplicationRecord -- 4437
10-21 18:48:20.337 W/ContextImpl( 4901): Calling a method in the system process without a qualified user: android.app.ContextImpl.bindService:1849 android.content.ContextWrapper.bindService:564 com.amazon.client.metrics.MetricsServiceConnection.getService:72 com.amazon.client.metrics.MetricsServiceWrapper.getBoundService:46 com.amazon.client.metrics.MetricsServiceWrapper.:37
10-21 18:48:20.380 I/ActivityManager( 979): Start proc 4927:com.amazon.tv.settings.v2/u0a22121 for broadcast com.amazon.tv.settings.v2/.tv.AppDisableReceiver
10-21 18:48:20.464 W/ResourcesManager( 4927): Asset path '/system/framework/android.amazon.res.jar' does not exist or contains no resources.
10-21 18:48:20.555 D/WifiService( 979): acquireWifiLockLocked: WifiLock{com.amazon.dcp.framework.iuc.ConnectionEstablisherWithConnectivityEnforcement type=1 binder=android.os.BinderProxy@2cdab152}
10-21 18:48:20.591 D/WifiService( 979): acquireWifiLockLocked: WifiLock{com.amazon.dcp.framework.iuc.ConnectionEstablisherWithConnectivityEnforcement type=1 binder=android.os.BinderProxy@3290ac23}
10-21 18:48:20.593 D/ActivityManager( 979): single user service: com.amazon.imp
10-21 18:48:20.620 D/ActivityManager( 979): app = com.amazon.imp, has single user service, setting process record.
10-21 18:48:20.638 I/ActivityManager( 979): Killing 4476:com.amazon.ceviche/u0a22102 (adj 12): empty #17
10-21 18:48:20.753 D/ActivityManager( 979): cleanUpApplicationRecord -- 4476
10-21 18:48:20.892 I/AmazonHdmiService( 979): Get Current HDCP Version
10-21 18:48:21.238 D/WifiService( 979): releaseWifiLockLocked: WifiLock{com.amazon.dcp.framework.iuc.ConnectionEstablisherWithConnectivityEnforcement type=1 binder=android.os.BinderProxy@2cdab152}
10-21 18:48:21.412 W/ActivityManager( 979): Unable to start service Intent { act=android.intent.action.BOOT_COMPLETED flg=0x8000010 cmp=com.amazon.vizzini/com.amazon.swags.SpotifyWHAGroupService (has extras) } U=0: not found
10-21 18:48:21.448 I/ActivityManager( 979): Start proc 4970:com.amznfuse.operatorredirection/u0a22123 for broadcast com.amznfuse.operatorredirection/.capability.AppCapabilityRequestReceiver
10-21 18:48:21.471 D/WifiService( 979): releaseWifiLockLocked: WifiLock{com.amazon.dcp.framework.iuc.ConnectionEstablisherWithConnectivityEnforcement type=1 binder=android.os.BinderProxy@3290ac23}
10-21 18:48:21.595 W/ContextImpl( 1125): Calling a method in the system process without a qualified user: android.app.ContextImpl.sendBroadcast:1434 android.content.ContextWrapper.sendBroadcast:407 com.amazon.tifobserver.TvInputObserver$OnTvInputChangeRunnable.run:95 android.os.Handler.handleCallback:739 android.os.Handler.dispatchMessage:95
10-21 18:48:21.678 I/ActivityManager( 979): Killing 4508:com.amazon.dpcclient/u0a22103 (adj 12): empty #17
10-21 18:48:21.805 W/ContextImpl( 979): Calling a method in the system process without a qualified user: android.app.ContextImpl.startService:1785 android.content.ContextWrapper.startService:541 android.content.ContextWrapper.startService:541 com.amazon.android.marketplace.MarketplaceServiceReceiver.onReceive:38 android.app.ActivityThread.handleReceiver:2769
10-21 18:48:21.830 D/ActivityManager( 979): cleanUpApplicationRecord -- 4508
10-21 18:48:21.854 D/ActivityManager( 979): single user service: system
10-21 18:48:21.877 D/ActivityManager( 979): app = system, has single user service, setting process record.
10-21 18:48:21.907 I/ActivityManager( 979): Start proc 4988:com.amazon.device.metrics/u0a19 for broadcast com.amazon.device.metrics/.MetricsReceiver
10-21 18:48:22.061 I/ActivityManager( 979): Start proc 5008:com.amazon.tv.fw.metrics/u0a6 for broadcast com.amazon.tv.fw.metrics/.MetricsReceiver
10-21 18:48:22.082 I/ActivityManager( 979): Killing 4529:com.amazon.firerestapiframework/u0a22106 (adj 12): empty #17
10-21 18:48:22.226 D/ActivityManager( 979): cleanUpApplicationRecord -- 4529
10-21 18:48:22.257 W/SchedPolicy( 979): Failed to set io priority for tid 4956 (No such process)
10-21 18:48:22.292 W/ContextImpl( 979): Calling a method in the system process without a qualified user: android.app.ContextImpl.sendBroadcast:1434 com.amazon.android.service.MarketplaceService$BinderService.writeMarketplaceInfo:375 com.amazon.android.marketplace.MarketplaceServiceManager.writeMarketplaceInfo:138 com.amazon.android.marketplace.MarketplaceServiceHandler.onHandleIntent:65 android.app.IntentService$ServiceHandler.handleMessage:65
10-21 18:48:22.334 I/ActivityManager( 979): Start proc 5028:com.amazon.alexa.externalmediaplayer.fireos/u0a22124 for broadcast com.amazon.alexa.externalmediaplayer.fireos/com.amazon.alexa.externalmediaplayeragent.receivers.AgentServiceProxyingBroadcastReceiver
10-21 18:48:22.355 I/ActivityManager( 979): Killing 4582:com.amazon.alta.h2clientservice/u0a22059 (adj 12): empty #17
10-21 18:48:22.498 D/ActivityManager( 979): cleanUpApplicationRecord -- 4582
10-21 18:48:22.725 W/ContextImpl( 1507): Calling a method in the system process without a qualified user: android.app.ContextImpl.startService:1785 android.content.ContextWrapper.startService:541 android.content.ContextWrapper.startService:541 com.dolby.service.DsBooter.onReceive:64 android.app.ActivityThread.handleReceiver:2769
10-21 18:48:22.725 D/ActivityManager( 979): single user service: com.dolby
10-21 18:48:22.748 D/ActivityManager( 979): app = com.dolby, has single user service, setting process record.
10-21 18:48:22.781 I/ActivityManager( 979): Start proc 5045:com.amazon.tv.livetv/u0a22082 for broadcast com.amazon.tv.livetv/.config.ConfigurationSyncReceiver
10-21 18:48:22.933 W/ResourcesManager( 5045): Asset path '/system/framework/android.amazon.res.jar' does not exist or contains no resources.
10-21 18:48:23.062 I/platform_audio( 1507): audio_sw:dolby_service:start_success=1;CT;1:NR
10-21 18:48:23.791 I/ActivityManager( 979): Start proc 5088:com.amazon.ftv.glorialist/u0a22058 for broadcast com.amazon.ftv.glorialist/com.amazon.gloria.runtime.BootCompleteReceiver
10-21 18:48:24.017 W/SchedPolicy( 979): Failed to set io priority for tid 5114 (No such process)
10-21 18:48:25.173 I/ActivityManager( 979): Start proc 5116:com.amazon.avl.ftv/u0a22101 for broadcast com.amazon.avl.ftv/com.amazon.avl.stark.receiver.AVLStartupReceiver
10-21 18:48:25.191 I/ActivityManager( 979): Killing 4548:com.amazon.franktvinput/u0a22107 (adj 12): empty #17
10-21 18:48:25.332 D/ActivityManager( 979): cleanUpApplicationRecord -- 4548
10-21 18:48:25.373 I/ActivityManager( 979): Killing 4621:com.amazon.kindle.devicecontrols/u0a22063 (adj 12): empty #17
10-21 18:48:25.517 I/ActivityManager( 979): Start proc 5134:com.amazon.firebat/u0a22104 for broadcast com.amazon.firebat/androidx.work.impl.background.systemalarm.RescheduleReceiver
10-21 18:48:25.536 I/ActivityManager( 979): Killing 4640:com.amazon.naatyam/u0a22112 (adj 12): empty #17
10-21 18:48:25.652 D/ActivityManager( 979): cleanUpApplicationRecord -- 4621
10-21 18:48:25.704 D/ActivityManager( 979): cleanUpApplicationRecord -- 4640
10-21 18:48:26.039 W/BroadcastQueue( 979): Permission Denial: receiving Intent { act=android.intent.action.BOOT_COMPLETED flg=0x8000010 (has extras) } to com.amazon.shoptv.client/com.amazon.shoptv.platform.DeviceBootCompleteReceiver requires android.permission.RECEIVE_BOOT_COMPLETED due to sender null (uid 1000)
10-21 18:48:26.094 I/ActivityManager( 979): Start proc 5160:com.amazon.ftv.screensaver/u0a22108 for broadcast com.amazon.ftv.screensaver/.app.receivers.OnBootAndPackageUpdateReceiver
10-21 18:48:26.197 W/ResourcesManager( 5160): Asset path '/system/framework/android.amazon.res.jar' does not exist or contains no resources.
10-21 18:48:26.201 I/ActivityManager( 979): Killing 4678:com.amazon.net.smartconnect.SmartConnectService/u0a22113 (adj 12): empty #17
10-21 18:48:26.260 D/WifiService( 979): Client connection lost with reason: 4
10-21 18:48:26.316 D/ActivityManager( 979): cleanUpApplicationRecord -- 4678
10-21 18:48:26.936 I/ActivityManager( 979): Killing 4705:com.amazon.ods.kindleconnect/u0a22069 (adj 12): empty #17
10-21 18:48:27.074 D/ActivityManager( 979): cleanUpApplicationRecord -- 4705
10-21 18:48:27.117 I/ActivityManager( 979): Start proc 5205:org.xbmc.kodi/u0a17 for broadcast org.xbmc.kodi/.XBMCBroadcastReceiver
10-21 18:48:27.297 I/ActivityManager( 979): Start proc 5222:com.spotify.tv.android/u0a21 for broadcast com.spotify.tv.android/.service.SpotifyTVServiceStarter
10-21 18:48:27.315 I/ActivityManager( 979): Killing 4112:com.amazon.device.settings/u0a22033 (adj 12): empty #17
10-21 18:48:27.453 D/ActivityManager( 979): cleanUpApplicationRecord -- 4112
