10-21 19:55:49.284 I/Kernel ( 0): [ 4143.163535]-(0)[0:swapper/0][printk_delayed:start]
10-21 19:55:49.284 I/Kernel ( 0): [ 4143.163543]-(2)[0:swapper/2][printk_delayed:start]
10-21 19:55:49.284 I/Kernel ( 0): [ 4143.163558]-(2)[0:swapper/2][WDK], local_bit:0xa, cpu:2,RT[4143153577086]
10-21 19:55:49.284 I/Kernel ( 0): [ 4143.163558][WDK], local_bit:0xe, cpu:2, check bit0x:f,RT[4143153584778]
10-21 19:55:49.284 I/Kernel ( 0): [ 4143.163558][thread:61][RT:4143153591778] 2019-10-21 17:55:49.281959 UTC; android time 2019-10-21 18:55:49.281959
10-21 19:55:49.284 I/Kernel ( 0): [ 4143.163563]-(2)[0:swapper/2][printk_delayed:done]
10-21 19:55:49.284 I/Kernel ( 0): [ 4143.163606]-(0)[0:swapper/0][WDK], local_bit:0xe, cpu:0,RT[4143153607855]
10-21 19:55:49.284 I/Kernel ( 0): [ 4143.163606][WDK], local_bit:0xf, cpu:0, check bit0x:f,RT[4143153612932]
10-21 19:55:49.284 I/Kernel ( 0): [ 4143.163606][WDK]: kick Ex WDT,RT[4143153616394]
10-21 19:55:49.284 I/Kernel ( 0): [ 4143.163606][thread:59][RT:4143153773547] 2019-10-21 17:55:49.282142 UTC; android time 2019-10-21 18:55:49.282142
10-21 19:55:49.284 I/Kernel ( 0): [ 4143.163635]-(0)[0:swapper/0][printk_delayed:done]
10-21 19:55:49.453 W/bt-btif ( 3244): bta_hh_co_is_no_unsniff_amazon_remote: result = 1, vid = 0x1949, pid = 0x410
10-21 19:55:49.456 V/Kodi ( 7530): CAndroidKey: key down (dev:5; src:769; code: 19; repeat: 0; flags: 0x8; alt: no; shift: no; sym: no)
10-21 19:55:49.566 W/bt-btif ( 3244): bta_hh_co_is_no_unsniff_amazon_remote: result = 1, vid = 0x1949, pid = 0x410
10-21 19:55:49.611 W/bt-btif ( 3244): bta_hh_co_is_no_unsniff_amazon_remote: result = 1, vid = 0x1949, pid = 0x410
10-21 19:55:49.594 I/Kernel ( 9266): [ 4143.473688].(1)[9266:kworker/1:0] ABB T=94000
10-21 19:55:49.614 V/Kodi ( 7530): CAndroidKey: key up (dev:5; src:769; code: 19; repeat: 0; flags: 0x8; alt: no; shift: no; sym: no)
10-21 19:55:49.994 I/Kernel ( 0): [ 4143.873532]-(3)[0:swapper/3][printk_delayed:start]
10-21 19:55:49.994 I/Kernel ( 0): [ 4143.873568]-(3)[0:swapper/3][WDK], local_bit:0x0, cpu:3,RT[4143863556547]
10-21 19:55:49.994 I/Kernel ( 0): [ 4143.873568][WDK], local_bit:0x8, cpu:3, check bit0x:f,RT[4143863569701]
10-21 19:55:49.994 I/Kernel ( 0): [ 4143.873568][thread:62][RT:4143863577778] 2019-10-21 17:55:49.991945 UTC; android time 2019-10-21 18:55:49.991945
10-21 19:55:49.994 I/Kernel ( 0): [ 4143.873593]-(3)[0:swapper/3][printk_delayed:done]
10-21 19:55:50.504 I/Kernel ( 8542): [ 4144.383598].(2)[8542:kworker/2:0][MUSB] USB is ready for connect
10-21 19:55:50.594 I/Kernel ( 9266): [ 4144.473621].(1)[9266:kworker/1:0] ABB T=92100
10-21 19:55:51.594 I/Kernel ( 9266): [ 4145.473642].(1)[9266:kworker/1:0] ABB T=91500
10-21 19:55:51.734 I/Kernel ( 29): [ 4145.613578].(3)[29:update_secureti]enter TEE_Icnt_time
10-21 19:55:51.734 I/Kernel ( 29): [ 4145.613841].(3)[29:update_secureti]update_securetime_thread_gb updata inc count
10-21 19:55:52.043 I/Vlog ( 979): Thermal:Screen_On_Thermal_Throttling_P2P_Off:fgtracking=false;DV;1,key=0;DV;1,Timer=0.0011111111111111111;TI;1,unit=hours;DV;1,metadata=org.xbmc.kodi;DV;1:HI
10-21 19:55:52.043 D/hdmi_u_event( 190): handle hdmi uevents: s=change@/devices/virtual/thermal/thermal_zone3, len=191
10-21 19:55:52.043 D/hdmi_u_event( 190): change_hdmi=0, change_hdmi_res=0
10-21 19:55:52.046 D/hdmi_u_event( 190): handle hdmi uevents: s=change@/devices/virtual/thermal/thermal_zone3, len=191
10-21 19:55:52.046 D/hdmi_u_event( 190): change_hdmi=0, change_hdmi_res=0
10-21 19:55:52.047 I/Vlog ( 979): Thermal:Screen_On_Thermal_Throttling_P2P_Off:fgtracking=false;DV;1,key=1;DV;1,Timer=1.111111111111111E-6;TI;1,unit=hours;DV;1,metadata=org.xbmc.kodi;DV;1:HI
10-21 19:55:52.047 I/ThermalEventMonitorWindowCallback( 979): Thermal Notification sent with Extra Thermal State 1
10-21 19:55:52.565 I/Vlog ( 135): logd:performance:fgtracking=false;DV;1,key=TotalMessages;DV;1,Counter=809;CT;1,unit=count;DV;1:HI
10-21 19:55:52.565 I/Vlog ( 135): logd:performance:fgtracking=false;DV;1,key=DroppedMessages;DV;1,Counter=0;CT;1,unit=count;DV;1:HI
10-21 19:55:52.565 I/Vlog ( 135): logd:performance:fgtracking=false;DV;1,key=Throughput;DV;1,Counter=10.60;CT;1,unit=kbps;DV;1:HI
10-21 19:55:52.594 I/Kernel ( 9266): [ 4146.473618].(1)[9266:kworker/1:0] ABB T=95700
10-21 19:55:52.874 I/Kernel ( 136): [ 4146.755978].(2)[136:healthd]healthd: battery l=100 v=4200 t=2.2 h=2 st=5 chg=u
10-21 19:55:53.015 D/Kodi ( 7530): tdb(__NULL__): tdb_open_ex: called with name == NULL
10-21 19:55:53.015 D/Kodi ( 7530): tdb(__NULL__): tdb_open_ex: called with name == NULL
10-21 19:55:53.019 D/Kodi ( 7530): tdb(__NULL__): tdb_open_ex: called with name == NULL
10-21 19:55:53.270 I/Vizzini_2.0.2362.0:VizUserActivityModel( 1385): Not emitting user inactivity report event since user is not actively using Vizzini.
10-21 19:55:53.594 I/Kernel ( 9266): [ 4147.474488].(1)[9266:kworker/1:0] ABB T=94700
10-21 19:55:53.950 I/art ( 1549): Explicit concurrent mark sweep GC freed 8658(399KB) AllocSpace objects, 21(336KB) LOS objects, 9% free, 18MB/20MB, paused 2.639ms total 181.264ms
10-21 19:55:54.044 I/Vlog ( 979): Thermal:Screen_On_Thermal_Throttling_P2P_Off:fgtracking=false;DV;1,key=2;DV;1,Timer=5.547222222222222E-4;TI;1,unit=hours;DV;1,metadata=org.xbmc.kodi;DV;1:HI
10-21 19:55:54.044 D/hdmi_u_event( 190): handle hdmi uevents: s=change@/devices/virtual/thermal/thermal_zone3, len=191
10-21 19:55:54.044 D/hdmi_u_event( 190): change_hdmi=0, change_hdmi_res=0
10-21 19:55:54.444 I/Kernel ( 434): [ 4148.323590][hdmi]#1506
10-21 19:55:54.444 I/Kernel ( 434): [hdmi] list empty 138000, sleeping
10-21 19:55:54.594 I/Kernel ( 9266): [ 4148.473654].(1)[9266:kworker/1:0] ABB T=95700
10-21 19:55:54.754 W/logcat ( 9678): type=1400 audit(0.0:202): avc: denied { module_request } for kmod="personality-8" scontext=u:r:shell:s0 tcontext=u:r:kernel:s0 tclass=system permissive=0
10-21 19:55:54.754 I/Kernel ( 9678): [ 4148.637912].(0)[9678:logcat]audit avc scontext:u:r:shell:s0
10-21 19:55:55.594 I/Kernel ( 9266): [ 4149.473626].(1)[9266:kworker/1:0] ABB T=94600
10-21 19:55:56.316 W/bt-btif ( 3244): bta_hh_co_is_no_unsniff_amazon_remote: result = 1, vid = 0x1949, pid = 0x410
10-21 19:55:56.319 V/Kodi ( 7530): CAndroidKey: key down (dev:5; src:769; code: 23; repeat: 0; flags: 0x8; alt: no; shift: no; sym: no)
10-21 19:55:56.428 W/bt-btif ( 3244): bta_hh_co_is_no_unsniff_amazon_remote: result = 1, vid = 0x1949, pid = 0x410
10-21 19:55:56.431 V/Kodi ( 7530): CAndroidKey: key up (dev:5; src:769; code: 23; repeat: 0; flags: 0x8; alt: no; shift: no; sym: no)
10-21 19:55:56.524 I/Kernel ( 8542): [ 4150.403677].(2)[8542:kworker/2:0][MUSB] USB is ready for connect
10-21 19:55:56.594 I/Kernel ( 9266): [ 4150.473681].(1)[9266:kworker/1:0] ABB T=94900
10-21 19:55:56.734 I/Kernel ( 29): [ 4150.613908].(0)[29:update_secureti]enter TEE_Icnt_time
10-21 19:55:56.734 I/Kernel ( 29): [ 4150.614602].(0)[29:update_secureti]update_securetime_thread_gb updata inc count
10-21 19:55:57.594 I/Kernel ( 9266): [ 4151.473719].(1)[9266:kworker/1:0] ABB T=97500
10-21 19:55:58.594 I/Kernel ( 9266): [ 4152.473688].(1)[9266:kworker/1:0] ABB T=97900
10-21 19:55:59.594 I/Kernel ( 9266): [ 4153.473667].(1)[9266:kworker/1:0] ABB T=98400
10-21 19:56:00.594 I/Kernel ( 9266): [ 4154.473660].(1)[9266:kworker/1:0] ABB T=98500
10-21 19:56:01.043 I/Vlog ( 979): Thermal:Screen_On_Thermal_Throttling_P2P_Off:fgtracking=false;DV;1,key=1;DV;1,Timer=0.0019441666666666667;TI;1,unit=hours;DV;1,metadata=org.xbmc.kodi;DV;1:HI
10-21 19:56:01.043 D/hdmi_u_event( 190): handle hdmi uevents: s=change@/devices/virtual/thermal/thermal_zone3, len=191
10-21 19:56:01.043 D/hdmi_u_event( 190): change_hdmi=0, change_hdmi_res=0
10-21 19:56:01.594 I/Kernel ( 9266): [ 4155.473726].(1)[9266:kworker/1:0] ABB T=98300
10-21 19:56:01.734 I/Kernel ( 29): [ 4155.613655].(0)[29:update_secureti]enter TEE_Icnt_time
10-21 19:56:01.734 I/Kernel ( 29): [ 4155.614051].(0)[29:update_secureti]update_securetime_thread_gb updata inc count
10-21 19:56:02.544 I/Kernel ( 8542): [ 4156.423670].(2)[8542:kworker/2:0][MUSB] USB is ready for connect
10-21 19:56:02.594 I/Kernel ( 9266): [ 4156.473627].(1)[9266:kworker/1:0] ABB T=99300
10-21 19:56:03.043 D/hdmi_u_event( 190): handle hdmi uevents: s=change@/devices/virtual/thermal/thermal_zone3, len=191
10-21 19:56:03.043 D/hdmi_u_event( 190): change_hdmi=0, change_hdmi_res=0
10-21 19:56:03.043 I/Vlog ( 979): Thermal:Screen_On_Thermal_Throttling_P2P_Off:fgtracking=false;DV;1,key=2;DV;1,Timer=5.555555555555556E-4;TI;1,unit=hours;DV;1,metadata=org.xbmc.kodi;DV;1:HI
10-21 19:56:03.594 I/Kernel ( 9266): [ 4157.473653].(1)[9266:kworker/1:0] ABB T=100300
10-21 19:56:04.043 D/hdmi_u_event( 190): handle hdmi uevents: s=change@/devices/virtual/thermal/thermal_zone3, len=191
10-21 19:56:04.043 D/hdmi_u_event( 190): change_hdmi=0, change_hdmi_res=0
10-21 19:56:04.043 I/Vlog ( 979): Thermal:Screen_On_Thermal_Throttling_P2P_Off:fgtracking=false;DV;1,key=1;DV;1,Timer=2.777777777777778E-4;TI;1,unit=hours;DV;1,metadata=org.xbmc.kodi;DV;1:HI
10-21 19:56:04.124 I/Kernel ( 148): [ 4158.006826].(3)[148:syseng.sh] ABB T=101200
10-21 19:56:04.134 I/Kernel ( 9681): [ 4158.014402].(1)[9681:log]audit avc scontext:u:r:sysengd:s0
10-21 19:56:04.134 W/log ( 9681): type=1400 audit(0.0:203): avc: denied { module_request } for kmod="personality-8" scontext=u:r:sysengd:s0 tcontext=u:r:kernel:s0 tclass=system permissive=0
10-21 19:56:04.157 I/syseng_board_status( 9681): syseng_board_status:tempstat:tmon_mtktsabb=101200;CT;1,tmon_mtkts_bts0=74000;CT;1,tmon_mtkts_bts1=72000;CT;1,tmon_mtktscpu=95700;CT;1,tmon_virtual_sensor=45565;CT;1:NR
10-21 19:56:04.144 W/log ( 9682): type=1400 audit(0.0:204): avc: denied { module_request } for kmod="personality-8" scontext=u:r:sysengd:s0 tcontext=u:r:kernel:s0 tclass=system permissive=0
10-21 19:56:04.144 I/Kernel ( 9682): [ 4158.032813].(3)[9682:log]audit avc scontext:u:r:sysengd:s0
10-21 19:56:04.175 I/syseng_board_status( 9682): syseng_board_status:cooling_device:thermal_state_cpuhotplug=0;CT;1,thermal_state_wifi=0;CT;1,thermal_state_vsync=0;CT;1,thermal_state_thermal-cpufreq-0=2;CT;1,thermal_state_thermal-cpufreq-1=0;CT;1:NR
10-21 19:56:04.164 W/rm ( 9683): type=1400 audit(0.0:205): avc: denied { module_request } for kmod="personality-8" scontext=u:r:sysengd:s0 tcontext=u:r:kernel:s0 tclass=system permissive=0
10-21 19:56:04.164 I/Kernel ( 9683): [ 4158.049872].(2)[9683:rm]audit avc scontext:u:r:sysengd:s0
10-21 19:56:04.594 I/Kernel ( 9266): [ 4158.473697].(1)[9266:kworker/1:0] ABB T=98900
10-21 19:56:05.594 I/Kernel ( 9266): [ 4159.473688].(1)[9266:kworker/1:0] ABB T=101200
10-21 19:56:06.184 I/Kernel ( 0): [ 4160.070854]-(2)[0:swapper/2][MUSBFSH] musbfsh_host_tx 1222: extra TX2 ready, csr 0000
10-21 19:56:06.594 I/Kernel ( 9266): [ 4160.473731].(1)[9266:kworker/1:0] ABB T=100200
10-21 19:56:06.734 I/Kernel ( 29): [ 4160.614625].(0)[29:update_secureti]enter TEE_Icnt_time
10-21 19:56:06.734 I/Kernel ( 29): [ 4160.614914].(0)[29:update_secureti]update_securetime_thread_gb updata inc count
10-21 19:56:06.894 I/Kernel ( 7530): [ 4160.777548]-(2)[7550:Thread-732][MUSBFSH] musbfsh_host_tx 1291: extra TX2 ready, csr 1000
10-21 19:56:07.044 I/Vlog ( 979): Thermal:Screen_On_Thermal_Throttling_P2P_Off:fgtracking=false;DV;1,key=2;DV;1,Timer=8.336111111111111E-4;TI;1,unit=hours;DV;1,metadata=org.xbmc.kodi;DV;1:HI
10-21 19:56:07.046 D/hdmi_u_event( 190): handle hdmi uevents: s=change@/devices/virtual/thermal/thermal_zone3, len=191
10-21 19:56:07.046 D/hdmi_u_event( 190): change_hdmi=0, change_hdmi_res=0
10-21 19:56:07.594 I/Kernel ( 9266): [ 4161.474250].(1)[9266:kworker/1:0] ABB T=102200
10-21 19:56:08.043 I/Vlog ( 979): Thermal:Screen_On_Thermal_Throttling_P2P_Off:fgtracking=false;DV;1,key=3;DV;1,Timer=2.775E-4;TI;1,unit=hours;DV;1,metadata=org.xbmc.kodi;DV;1:HI
10-21 19:56:08.043 D/hdmi_u_event( 190): handle hdmi uevents: s=change@/devices/virtual/thermal/thermal_zone3, len=191
10-21 19:56:08.043 D/hdmi_u_event( 190): change_hdmi=0, change_hdmi_res=0
10-21 19:56:08.564 I/Kernel ( 8542): [ 4162.443680].(2)[8542:kworker/2:0][MUSB] USB is ready for connect
10-21 19:56:08.594 I/Kernel ( 9266): [ 4162.473682].(1)[9266:kworker/1:0] ABB T=101200
10-21 19:56:09.284 I/Kernel ( 7530): [ 4163.163550]-(1)[7550:Thread-732][printk_delayed:start]
10-21 19:56:09.284 I/Kernel ( 7530): [ 4163.163588]-(1)[7550:Thread-732][WDK], local_bit:0x8, cpu:1,RT[4163153599625]
10-21 19:56:09.284 I/Kernel ( 7530): [ 4163.163588][WDK], local_bit:0xa, cpu:1, check bit0x:f,RT[4163153619779]
10-21 19:56:09.284 I/Kernel ( 7530): [ 4163.163588][thread:60][RT:4163153629625] 2019-10-21 17:56:09.281995 UTC; android time 2019-10-21 18:56:09.281995
10-21 19:56:09.284 I/Kernel ( 7530): [ 4163.163613]-(1)[7550:Thread-732][printk_delayed:done]
10-21 19:56:09.294 I/Kernel ( 7530): [ 4163.173560]-(2)[9662:Thread-768][printk_delayed:start]
10-21 19:56:09.294 I/Kernel ( 7530): [ 4163.173570]-(0)[0:swapper/0][printk_delayed:start]
10-21 19:56:09.294 I/Kernel ( 7530): [ 4163.173590]-(0)[0:swapper/0][WDK], local_bit:0xe, cpu:0,RT[4163163610933]
10-21 19:56:09.294 I/Kernel ( 7530): [ 4163.173590][WDK], local_bit:0xf, cpu:0, check bit0x:f,RT[4163163615779]
10-21 19:56:09.294 I/Kernel ( 7530): [ 4163.173590][WDK]: kick Ex WDT,RT[4163163619241]
10-21 19:56:09.294 I/Kernel ( 7530): [ 4163.173590][thread:59][RT:4163163810779] 2019-10-21 17:56:09.292179 UTC; android time 2019-10-21 18:56:09.292179
10-21 19:56:09.294 I/Kernel ( 7530): [ 4163.173596]-(0)[0:swapper/0][printk_delayed:done]
10-21 19:56:09.294 I/Kernel ( 7530): [ 4163.173654]-(2)[9662:Thread-768][WDK], local_bit:0xa, cpu:2,RT[4163163589856]
10-21 19:56:09.294 I/Kernel ( 7530): [ 4163.173654][WDK], local_bit:0xe, cpu:2, check bit0x:f,RT[4163163596010]
10-21 19:56:09.294 I/Kernel ( 7530): [ 4163.173654][thread:61][RT:4163163603549] 2019-10-21 17:56:09.291971 UTC; android time 2019-10-21 18:56:09.291971
10-21 19:56:09.294 I/Kernel ( 7530): [ 4163.173679]-(2)[9662:Thread-768][printk_delayed:done]
10-21 19:56:09.444 I/Kernel ( 434): [ 4163.323600][hdmi]#1506
10-21 19:56:09.444 I/Kernel ( 434): [hdmi] list empty 138500, sleeping
10-21 19:56:09.594 I/Kernel ( 9266): [ 4163.473680].(1)[9266:kworker/1:0] ABB T=100700
10-21 19:56:10.004 I/Kernel ( 0): [ 4163.883548]-(3)[0:swapper/3][printk_delayed:start]
10-21 19:56:10.004 I/Kernel ( 0): [ 4163.883593]-(3)[0:swapper/3][WDK], local_bit:0x0, cpu:3,RT[4163873584010]
10-21 19:56:10.004 I/Kernel ( 0): [ 4163.883593][WDK], local_bit:0x8, cpu:3, check bit0x:f,RT[4163873602318]
10-21 19:56:10.004 I/Kernel ( 0): [ 4163.883593][thread:62][RT:4163873614241] 2019-10-21 17:56:10.1979 UTC; android time 2019-10-21 18:56:10.1979
10-21 19:56:10.004 I/Kernel ( 0): [ 4163.883617]-(3)[0:swapper/3][printk_delayed:done]
10-21 19:56:10.043 D/hdmi_u_event( 190): handle hdmi uevents: s=change@/devices/virtual/thermal/thermal_zone3, len=191
10-21 19:56:10.043 D/hdmi_u_event( 190): change_hdmi=0, change_hdmi_res=0
10-21 19:56:10.046 I/Vlog ( 979): Thermal:Screen_On_Thermal_Throttling_P2P_Off:fgtracking=false;DV;1,key=2;DV;1,Timer=5.561111111111111E-4;TI;1,unit=hours;DV;1,metadata=org.xbmc.kodi;DV;1:HI
10-21 19:56:10.594 I/Kernel ( 9266): [ 4164.473656].(1)[9266:kworker/1:0] ABB T=100600
10-21 19:56:11.043 I/Vlog ( 979): Thermal:Screen_On_Thermal_Throttling_P2P_Off:fgtracking=false;DV;1,key=3;DV;1,Timer=2.7694444444444446E-4;TI;1,unit=hours;DV;1,metadata=org.xbmc.kodi;DV;1:HI
10-21 19:56:11.044 D/hdmi_u_event( 190): handle hdmi uevents: s=change@/devices/virtual/thermal/thermal_zone3, len=191
10-21 19:56:11.044 D/hdmi_u_event( 190): change_hdmi=0, change_hdmi_res=0
10-21 19:56:11.594 I/Kernel ( 9266): [ 4165.476544].(1)[9266:kworker/1:0] ABB T=102500
10-21 19:56:11.734 I/Kernel ( 29): [ 4165.613690].(0)[29:update_secureti]enter TEE_Icnt_time
10-21 19:56:11.734 I/Kernel ( 29): [ 4165.614097].(0)[29:update_secureti]update_securetime_thread_gb updata inc count
10-21 19:56:12.045 I/Vlog ( 979): Thermal:Screen_On_Thermal_Throttling_P2P_Off:fgtracking=false;DV;1,key=2;DV;1,Timer=2.7833333333333334E-4;TI;1,unit=hours;DV;1,metadata=org.xbmc.kodi;DV;1:HI
10-21 19:56:12.046 D/hdmi_u_event( 190): handle hdmi uevents: s=change@/devices/virtual/thermal/thermal_zone3, len=191
10-21 19:56:12.046 D/hdmi_u_event( 190): change_hdmi=0, change_hdmi_res=0
10-21 19:56:12.594 I/Kernel ( 9266): [ 4166.473740].(1)[9266:kworker/1:0] ABB T=101700
10-21 19:56:13.594 I/Kernel ( 9266): [ 4167.473767].(1)[9266:kworker/1:0] ABB T=103100
10-21 19:56:14.584 I/Kernel ( 8542): [ 4168.463736].(2)[8542:kworker/2:0][MUSB] USB is ready for connect
10-21 19:56:14.594 I/Kernel ( 9266): [ 4168.473678].(1)[9266:kworker/1:0] ABB T=102200
10-21 19:56:15.594 I/Kernel ( 9266): [ 4169.473670].(1)[9266:kworker/1:0] ABB T=102000
10-21 19:56:16.397 I/Vlog ( 979): performance:FramesTotal:fgtracking=false;DV;1,key=org.xbmc.kodi;DV;1,Counter=3747.0;CT;1,unit=count;DV;1,metadata=org.xbmc.kodi/.Main!{"d"#{"app_version"#"1804000"}$"m"#{"context"#"S1T3A1D0I0L0E0M99"$"prev"#"org.xbmc.kodi/.Splash"}};DV;1:HI
10-21 19:56:16.399 I/Vlog ( 979): performance:DelayedFirstFrames:fgtracking=false;DV;1,key=org.xbmc.kodi;DV;1,Counter=1.0;CT;1,unit=count;DV;1,metadata=org.xbmc.kodi/.Main!{"d"#{"app_version"#"1804000"}$"m"#{"context"#"S1T3A1D0I0L0E0M99"$"prev"#"org.xbmc.kodi/.Splash"}};DV;1:HI
10-21 19:56:16.400 I/Vlog ( 979): performance:FirstFramesTotal:fgtracking=false;DV;1,key=org.xbmc.kodi;DV;1,Counter=1.0;CT;1,unit=count;DV;1,metadata=org.xbmc.kodi/.Main!{"d"#{"app_version"#"1804000"}$"m"#{"context"#"S1T3A1D0I0L0E0M99"$"prev"#"org.xbmc.kodi/.Splash"}};DV;1:HI
10-21 19:56:16.424 I/Vizzini_2.0.2362.0:HealthLogger( 1385): Current State = {"DeviceFamily":"SMP","Gateway":"avs-alexa-18-eu.amazon.com:443","SupportsFarField":"false","ConnectionState":"CONNECTED","AlexaExperience":"FULL"}
10-21 19:56:16.424 I/DeviceEvent( 1385): CSMSIM#device_event_contract#0#1.0
10-21 19:56:16.594 I/Kernel ( 9266): [ 4170.473755].(1)[9266:kworker/1:0] ABB T=102500
10-21 19:56:16.734 I/Kernel ( 29): [ 4170.613632].(0)[29:update_secureti]enter TEE_Icnt_time
10-21 19:56:16.734 I/Kernel ( 29): [ 4170.614060].(0)[29:update_secureti]update_securetime_thread_gb updata inc count
10-21 19:56:17.594 I/Kernel ( 9266): [ 4171.473725].(1)[9266:kworker/1:0] ABB T=101400
10-21 19:56:18.045 I/Vlog ( 979): Thermal:Screen_On_Thermal_Throttling_P2P_Off:fgtracking=false;DV;1,key=3;DV;1,Timer=0.0016666666666666668;TI;1,unit=hours;DV;1,metadata=org.xbmc.kodi;DV;1:HI
10-21 19:56:18.045 D/hdmi_u_event( 190): handle hdmi uevents: s=change@/devices/virtual/thermal/thermal_zone3, len=191
10-21 19:56:18.045 D/hdmi_u_event( 190): change_hdmi=0, change_hdmi_res=0
10-21 19:56:18.594 I/Kernel ( 9266): [ 4172.473625].(1)[9266:kworker/1:0] ABB T=102600
10-21 19:56:18.604 I/Kernel ( 0): [ 4172.492917]-(2)[0:swapper/2][MUSBFSH] musbfsh_host_tx 1222: extra TX2 ready, csr 0000
10-21 19:56:18.934 I/Kernel ( 7530): [ 4172.820253]-(2)[9674:Thread-769][MUSBFSH] musbfsh_host_tx 1222: extra TX2 ready, csr 0000
10-21 19:56:19.043 I/Vlog ( 979): Thermal:Screen_On_Thermal_Throttling_P2P_Off:fgtracking=false;DV;1,key=2;DV;1,Timer=2.772222222222222E-4;TI;1,unit=hours;DV;1,metadata=org.xbmc.kodi;DV;1:HI
10-21 19:56:19.044 D/hdmi_u_event( 190): handle hdmi uevents: s=change@/devices/virtual/thermal/thermal_zone3, len=191
10-21 19:56:19.044 D/hdmi_u_event( 190): change_hdmi=0, change_hdmi_res=0
10-21 19:56:19.049 D/hdmi_u_event( 190): handle hdmi uevents: s=change@/devices/virtual/thermal/thermal_zone3, len=191
10-21 19:56:19.049 D/hdmi_u_event( 190): change_hdmi=0, change_hdmi_res=0
10-21 19:56:19.067 I/Vlog ( 979): Thermal:Screen_On_Thermal_Throttling_P2P_Off:fgtracking=false;DV;1,key=3;DV;1,Timer=6.666666666666667E-6;TI;1,unit=hours;DV;1,metadata=org.xbmc.kodi;DV;1:HI
10-21 19:56:19.070 I/ThermalEventMonitorWindowCallback( 979): Thermal Notification sent with Extra Thermal State 2
10-21 19:56:19.594 I/Kernel ( 9266): [ 4173.473741].(1)[9266:kworker/1:0] ABB T=101200
10-21 19:56:19.854 I/Kernel ( 0): [ 4173.735808]-(2)[0:swapper/2][MUSBFSH] musbfsh_host_tx 1222: extra TX2 ready, csr 0000
10-21 19:56:20.043 I/Vlog ( 979): Thermal:Screen_On_Thermal_Throttling_P2P_Off:fgtracking=false;DV;1,key=4;DV;1,Timer=2.708333333333333E-4;TI;1,unit=hours;DV;1,metadata=org.xbmc.kodi;DV;1:HI
10-21 19:56:20.043 I/ThermalEventMonitorWindowCallback( 979): Thermal Notification sent with Extra Thermal State 1
10-21 19:56:20.045 D/hdmi_u_event( 190): handle hdmi uevents: s=change@/devices/virtual/thermal/thermal_zone3, len=191
10-21 19:56:20.045 D/hdmi_u_event( 190): change_hdmi=0, change_hdmi_res=0
10-21 19:56:20.594 I/Kernel ( 9266): [ 4174.473741].(1)[9266:kworker/1:0] ABB T=100800
10-21 19:56:20.604 I/Kernel ( 8542): [ 4174.483651].(2)[8542:kworker/2:0][MUSB] USB is ready for connect
10-21 19:56:21.043 I/Vlog ( 979): Thermal:Screen_On_Thermal_Throttling_P2P_Off:fgtracking=false;DV;1,key=2;DV;1,Timer=2.777777777777778E-4;TI;1,unit=hours;DV;1,metadata=org.xbmc.kodi;DV;1:HI
10-21 19:56:21.044 D/hdmi_u_event( 190): handle hdmi uevents: s=change@/devices/virtual/thermal/thermal_zone3, len=191
10-21 19:56:21.044 D/hdmi_u_event( 190): change_hdmi=0, change_hdmi_res=0
10-21 19:56:21.594 I/Kernel ( 9266): [ 4175.473726].(1)[9266:kworker/1:0] ABB T=102000
10-21 19:56:21.734 I/Kernel ( 29): [ 4175.613657].(1)[29:update_secureti]enter TEE_Icnt_time
10-21 19:56:21.734 I/Kernel ( 29): [ 4175.614019].(1)[29:update_secureti]update_securetime_thread_gb updata inc count
10-21 19:56:22.043 I/Vlog ( 979): Thermal:Screen_On_Thermal_Throttling_P2P_Off:fgtracking=false;DV;1,key=3;DV;1,Timer=2.777777777777778E-4;TI;1,unit=hours;DV;1,metadata=org.xbmc.kodi;DV;1:HI
10-21 19:56:22.044 D/hdmi_u_event( 190): handle hdmi uevents: s=change@/devices/virtual/thermal/thermal_zone3, len=191
10-21 19:56:22.044 D/hdmi_u_event( 190): change_hdmi=0, change_hdmi_res=0
10-21 19:56:22.594 I/Kernel ( 9266): [ 4176.473698].(1)[9266:kworker/1:0] ABB T=102600
10-21 19:56:23.043 I/Vlog ( 979): Thermal:Screen_On_Thermal_Throttling_P2P_Off:fgtracking=false;DV;1,key=2;DV;1,Timer=2.777777777777778E-4;TI;1,unit=hours;DV;1,metadata=org.xbmc.kodi;DV;1:HI
10-21 19:56:23.043 D/hdmi_u_event( 190): handle hdmi uevents: s=change@/devices/virtual/thermal/thermal_zone3, len=191
10-21 19:56:23.043 D/hdmi_u_event( 190): change_hdmi=0, change_hdmi_res=0
10-21 19:56:23.594 I/Kernel ( 9266): [ 4177.473677].(1)[9266:kworker/1:0] ABB T=102000
10-21 19:56:24.444 I/Kernel ( 434): [ 4178.323614][hdmi]#1506
10-21 19:56:24.444 I/Kernel ( 434): [hdmi] list empty 139000, sleeping
10-21 19:56:24.594 I/Kernel ( 9266): [ 4178.473850].(1)[9266:kworker/1:0] ABB T=101800
10-21 19:56:25.594 I/Kernel ( 9266): [ 4179.473642].(1)[9266:kworker/1:0] ABB T=101800
10-21 19:56:26.594 I/Kernel ( 9266): [ 4180.473706].(1)[9266:kworker/1:0] ABB T=102300
10-21 19:56:26.624 I/Kernel ( 8542): [ 4180.503636].(2)[8542:kworker/2:0][MUSB] USB is ready for connect
10-21 19:56:26.734 I/Kernel ( 29): [ 4180.613706].(1)[29:update_secureti]enter TEE_Icnt_time
10-21 19:56:26.734 I/Kernel ( 29): [ 4180.614255].(1)[29:update_secureti]update_securetime_thread_gb updata inc count
10-21 19:56:26.805 W/art ( 7530): Native thread exiting without having called DetachCurrentThread (maybe it's going to use a pthread_key_create destructor?): Thread[29,tid=9661,Native,Thread*=0xb9a66998,peer=0x12c4c3a0,"Thread-770"]
10-21 19:56:26.805 V/XBMC ( 7530): detaching thread
10-21 19:56:27.594 I/Kernel ( 9266): [ 4181.473737].(1)[9266:kworker/1:0] ABB T=102000
10-21 19:56:28.594 I/Kernel ( 9266): [ 4182.473674].(1)[9266:kworker/1:0] ABB T=102600
10-21 19:56:29.294 I/Kernel ( 0): [ 4183.173583]-(1)[0:swapper/1][printk_delayed:start]
10-21 19:56:29.294 I/Kernel ( 0): [ 4183.173646]-(1)[0:swapper/1][WDK], local_bit:0x8, cpu:1,RT[4183163645319]
10-21 19:56:29.294 I/Kernel ( 0): [ 4183.173646][WDK], local_bit:0xa, cpu:1, check bit0x:f,RT[4183163662319]
10-21 19:56:29.294 I/Kernel ( 0): [ 4183.173646][thread:60][RT:4183163671934] 2019-10-21 17:56:29.292039 UTC; android time 2019-10-21 18:56:29.292039
10-21 19:56:29.294 I/Kernel ( 0): [ 4183.173787]-(1)[0:swapper/1][printk_delayed:done]
10-21 19:56:29.304 I/Kernel ( 0): [ 4183.183550]-(0)[0:swapper/0][printk_delayed:start]
10-21 19:56:29.304 I/Kernel ( 0): [ 4183.183561]-(2)[9674:Thread-769][printk_delayed:start]
10-21 19:56:29.304 I/Kernel ( 0): [ 4183.183582]-(2)[9674:Thread-769][WDK], local_bit:0xa, cpu:2,RT[4183173630396]
10-21 19:56:29.304 I/Kernel ( 0): [ 4183.183582][WDK], local_bit:0xe, cpu:2, check bit0x:f,RT[4183173640934]
10-21 19:56:29.304 I/Kernel ( 0): [ 4183.183582][thread:61][RT:4183173651396] 2019-10-21 17:56:29.302017 UTC; android time 2019-10-21 18:56:29.302017
10-21 19:56:29.304 I/Kernel ( 0): [ 4183.183588]-(2)[9674:Thread-769][printk_delayed:done]
10-21 19:56:29.304 I/Kernel ( 0): [ 4183.183648]-(0)[0:swapper/0][WDK], local_bit:0xe, cpu:0,RT[4183173646781]
10-21 19:56:29.304 I/Kernel ( 0): [ 4183.183648][WDK], local_bit:0xf, cpu:0, check bit0x:f,RT[4183173654011]
10-21 19:56:29.304 I/Kernel ( 0): [ 4183.183648][WDK]: kick Ex WDT,RT[4183173658704]
10-21 19:56:29.304 I/Kernel ( 0): [ 4183.183648][thread:59][RT:4183173790781] 2019-10-21 17:56:29.302159 UTC; android time 2019-10-21 18:56:29.302159
10-21 19:56:29.304 I/Kernel ( 0): [ 4183.183686]-(0)[0:swapper/0][printk_delayed:done]
10-21 19:56:29.594 I/Kernel ( 9266): [ 4183.473652].(1)[9266:kworker/1:0] ABB T=103000
10-21 19:56:30.014 I/Kernel ( 0): [ 4183.893557]-(3)[0:swapper/3][printk_delayed:start]
10-21 19:56:30.014 I/Kernel ( 0): [ 4183.893620]-(3)[0:swapper/3][WDK], local_bit:0x0, cpu:3,RT[4183883669550]
10-21 19:56:30.014 I/Kernel ( 0): [ 4183.893620][WDK], local_bit:0x8, cpu:3, check bit0x:f,RT[4183883690396]
10-21 19:56:30.014 I/Kernel ( 0): [ 4183.893620][thread:62][RT:4183883701857] 2019-10-21 17:56:30.12067 UTC; android time 2019-10-21 18:56:30.12067
10-21 19:56:30.014 I/Kernel ( 0): [ 4183.893655]-(3)[0:swapper/3][printk_delayed:done]
10-21 19:56:30.044 I/Vlog ( 979): Thermal:Screen_On_Thermal_Throttling_P2P_Off:fgtracking=false;DV;1,key=3;DV;1,Timer=0.0019447222222222223;TI;1,unit=hours;DV;1,metadata=org.xbmc.kodi;DV;1:HI
10-21 19:56:30.044 I/ThermalEventMonitorWindowCallback( 979): Thermal Notification sent with Extra Thermal State 2
10-21 19:56:30.045 D/hdmi_u_event( 190): handle hdmi uevents: s=change@/devices/virtual/thermal/thermal_zone3, len=191
10-21 19:56:30.045 D/hdmi_u_event( 190): change_hdmi=0, change_hdmi_res=0
10-21 19:56:30.594 I/Kernel ( 9266): [ 4184.473800].(1)[9266:kworker/1:0] ABB T=103100
10-21 19:56:31.044 I/Vlog ( 979): Thermal:Screen_On_Thermal_Throttling_P2P_Off:fgtracking=false;DV;1,key=4;DV;1,Timer=2.777777777777778E-4;TI;1,unit=hours;DV;1,metadata=org.xbmc.kodi;DV;1:HI
10-21 19:56:31.045 D/hdmi_u_event( 190): handle hdmi uevents: s=change@/devices/virtual/thermal/thermal_zone3, len=191
10-21 19:56:31.045 D/hdmi_u_event( 190): change_hdmi=0, change_hdmi_res=0
10-21 19:56:31.594 I/Kernel ( 9266): [ 4185.473679].(1)[9266:kworker/1:0] ABB T=102600
10-21 19:56:31.734 I/Kernel ( 29): [ 4185.613866].(2)[29:update_secureti]enter TEE_Icnt_time
10-21 19:56:31.734 I/Kernel ( 29): [ 4185.614498].(2)[29:update_secureti]update_securetime_thread_gb updata inc count
10-21 19:56:32.594 I/Kernel ( 9266): [ 4186.473657].(1)[9266:kworker/1:0] ABB T=102900
10-21 19:56:32.644 I/Kernel ( 8542): [ 4186.523922].(2)[8542:kworker/2:0][MUSB] USB is ready for connect
10-21 19:56:33.594 I/Kernel ( 9266): [ 4187.473685].(1)[9266:kworker/1:0] ABB T=104000
10-21 19:56:34.324 I/Kernel ( 0): [ 4188.211521]-(2)[0:swapper/2][MUSBFSH] musbfsh_host_tx 1222: extra TX2 ready, csr 0000
10-21 19:56:34.382 D/AndroidAlexa( 1385): Calling getApiGateway. apiGateway: null - mConnectionInFlight: false - mInRetryMode: true
10-21 19:56:34.382 D/AndroidAlexa( 1385): Initiating connection to the API Gateway
10-21 19:56:34.385 I/AndroidAlexa( 1385): API Gateway Retry Connection. Attempt: 75
10-21 19:56:34.594 I/Kernel ( 9266): [ 4188.473721].(1)[9266:kworker/1:0] ABB T=103000
10-21 19:56:35.054 I/Kernel ( 7530): [ 4188.940322]-(2)[9674:Thread-769][MUSBFSH] musbfsh_host_tx 1222: extra TX2 ready, csr 0000
10-21 19:56:35.594 I/Kernel ( 9266): [ 4189.473724].(1)[9266:kworker/1:0] ABB T=103400
10-21 19:56:36.594 I/Kernel ( 9266): [ 4190.473762].(1)[9266:kworker/1:0] ABB T=103000
10-21 19:56:36.734 I/Kernel ( 29): [ 4190.613720].(0)[29:update_secureti]enter TEE_Icnt_time
10-21 19:56:36.734 I/Kernel ( 29): [ 4190.614080].(0)[29:update_secureti]update_securetime_thread_gb updata inc count
10-21 19:56:37.594 I/Kernel ( 9266): [ 4191.473768].(1)[9266:kworker/1:0] ABB T=103000
10-21 19:56:38.594 I/Kernel ( 9266): [ 4192.473727].(1)[9266:kworker/1:0] ABB T=103100
10-21 19:56:38.664 I/Kernel ( 8542): [ 4192.543625].(2)[8542:kworker/2:0][MUSB] USB is ready for connect
10-21 19:56:39.444 I/Kernel ( 434): [ 4193.323682][hdmi]#1506
10-21 19:56:39.444 I/Kernel ( 434): [hdmi] list empty 139500, sleeping
10-21 19:56:39.594 I/Kernel ( 9266): [ 4193.473662].(1)[9266:kworker/1:0] ABB T=104800
10-21 19:56:40.594 I/Kernel ( 9266): [ 4194.473666].(1)[9266:kworker/1:0] ABB T=103500
10-21 19:56:41.594 I/Kernel ( 9266): [ 4195.473672].(1)[9266:kworker/1:0] ABB T=103000
10-21 19:56:41.734 I/Kernel ( 29): [ 4195.613703].(0)[29:update_secureti]enter TEE_Icnt_time
10-21 19:56:41.734 I/Kernel ( 29): [ 4195.614281].(0)[29:update_secureti]update_securetime_thread_gb updata inc count
10-21 19:56:41.754 I/Kernel ( 7530): [ 4195.635297]-(2)[9662:Thread-768][MUSBFSH] musbfsh_host_tx 1222: extra TX2 ready, csr 0000
10-21 19:56:42.043 D/hdmi_u_event( 190): handle hdmi uevents: s=change@/devices/virtual/thermal/thermal_zone3, len=191
10-21 19:56:42.043 D/hdmi_u_event( 190): change_hdmi=0, change_hdmi_res=0
10-21 19:56:42.044 I/Vlog ( 979): Thermal:Screen_On_Thermal_Throttling_P2P_Off:fgtracking=false;DV;1,key=3;DV;1,Timer=0.0030555555555555557;TI;1,unit=hours;DV;1,metadata=org.xbmc.kodi;DV;1:HI
10-21 19:56:42.594 I/Kernel ( 9266): [ 4196.473819].(1)[9266:kworker/1:0] ABB T=102600
10-21 19:56:43.044 I/Vlog ( 979): Thermal:Screen_On_Thermal_Throttling_P2P_Off:fgtracking=false;DV;1,key=4;DV;1,Timer=2.777777777777778E-4;TI;1,unit=hours;DV;1,metadata=org.xbmc.kodi;DV;1:HI
10-21 19:56:43.045 D/hdmi_u_event( 190): handle hdmi uevents: s=change@/devices/virtual/thermal/thermal_zone3, len=191
10-21 19:56:43.045 D/hdmi_u_event( 190): change_hdmi=0, change_hdmi_res=0
10-21 19:56:43.594 I/Kernel ( 9266): [ 4197.473654].(1)[9266:kworker/1:0] ABB T=103000
10-21 19:56:44.043 I/Vlog ( 979): Thermal:Screen_On_Thermal_Throttling_P2P_Off:fgtracking=false;DV;1,key=3;DV;1,Timer=2.775E-4;TI;1,unit=hours;DV;1,metadata=org.xbmc.kodi;DV;1:HI
10-21 19:56:44.044 D/hdmi_u_event( 190): handle hdmi uevents: s=change@/devices/virtual/thermal/thermal_zone3, len=191
10-21 19:56:44.044 D/hdmi_u_event( 190): change_hdmi=0, change_hdmi_res=0
10-21 19:56:44.594 I/Kernel ( 9266): [ 4198.473673].(1)[9266:kworker/1:0] ABB T=103600
10-21 19:56:44.684 I/Kernel ( 8542): [ 4198.563696].(2)[8542:kworker/2:0][MUSB] USB is ready for connect
10-21 19:56:45.043 I/Vlog ( 979): Thermal:Screen_On_Thermal_Throttling_P2P_Off:fgtracking=false;DV;1,key=4;DV;1,Timer=2.777777777777778E-4;TI;1,unit=hours;DV;1,metadata=org.xbmc.kodi;DV;1:HI
10-21 19:56:45.044 D/hdmi_u_event( 190): handle hdmi uevents: s=change@/devices/virtual/thermal/thermal_zone3, len=191
10-21 19:56:45.044 D/hdmi_u_event( 190): change_hdmi=0, change_hdmi_res=0
10-21 19:56:45.594 I/Kernel ( 9266): [ 4199.473720].(1)[9266:kworker/1:0] ABB T=103000
10-21 19:56:45.669 I/DiebusMetric( 1549): Starting reporting metrics
10-21 19:56:45.669 D/DiebusMetricData( 1549): Metrics reported counter:0 timer:0
10-21 19:56:45.669 I/DiebusMetric( 1549): End reporting metrics
10-21 19:56:46.043 D/hdmi_u_event( 190): handle hdmi uevents: s=change@/devices/virtual/thermal/thermal_zone3, len=191
10-21 19:56:46.043 D/hdmi_u_event( 190): change_hdmi=0, change_hdmi_res=0
10-21 19:56:46.044 I/Vlog ( 979): Thermal:Screen_On_Thermal_Throttling_P2P_Off:fgtracking=false;DV;1,key=3;DV;1,Timer=2.777777777777778E-4;TI;1,unit=hours;DV;1,metadata=org.xbmc.kodi;DV;1:HI
10-21 19:56:46.594 I/Kernel ( 9266): [ 4200.473714].(1)[9266:kworker/1:0] ABB T=103600
10-21 19:56:46.734 I/Kernel ( 29): [ 4200.614266].(2)[29:update_secureti]enter TEE_Icnt_time
10-21 19:56:46.734 I/Kernel ( 29): [ 4200.614790].(2)[29:update_secureti]update_securetime_thread_gb updata inc count
10-21 19:56:47.415 I/PeriodicMetricReporter( 1549): Starting reporting metrics
10-21 19:56:47.415 I/PeriodicMetricReporter( 1549): End reporting metrics
10-21 19:56:47.594 I/Kernel ( 9266): [ 4201.473714].(1)[9266:kworker/1:0] ABB T=103700
10-21 19:56:48.594 I/Kernel ( 9266): [ 4202.473697].(1)[9266:kworker/1:0] ABB T=102600
10-21 19:56:49.304 I/Kernel ( 7530): [ 4203.183566]-(1)[7550:Thread-732][printk_delayed:start]
10-21 19:56:49.304 I/Kernel ( 7530): [ 4203.183622]-(1)[7550:Thread-732][WDK], local_bit:0x8, cpu:1,RT[4203173634936]
10-21 19:56:49.304 I/Kernel ( 7530): [ 4203.183622][WDK], local_bit:0xa, cpu:1, check bit0x:f,RT[4203173655705]
10-21 19:56:49.304 I/Kernel ( 7530): [ 4203.183622][thread:60][RT:4203173666705] 2019-10-21 17:56:49.302033 UTC; android time 2019-10-21 18:56:49.302033
10-21 19:56:49.304 I/Kernel ( 7530): [ 4203.183796]-(1)[7550:Thread-732][printk_delayed:done]
10-21 19:56:49.314 I/Kernel ( 7530): [ 4203.193557]-(0)[7550:Thread-732][printk_delayed:start]
10-21 19:56:49.314 I/Kernel ( 7530): [ 4203.193570]-(2)[9674:Thread-769][printk_delayed:start]
10-21 19:56:49.314 I/Kernel ( 7530): [ 4203.193595]-(2)[9674:Thread-769][WDK], local_bit:0xa, cpu:2,RT[4203183585397]
10-21 19:56:49.314 I/Kernel ( 7530): [ 4203.193595][WDK], local_bit:0xe, cpu:2, check bit0x:f,RT[4203183596166]
10-21 19:56:49.314 I/Kernel ( 7530): [ 4203.193595][thread:61][RT:4203183606936] 2019-10-21 17:56:49.311973 UTC; android time 2019-10-21 18:56:49.311973
10-21 19:56:49.314 I/Kernel ( 7530): [ 4203.193604]-(2)[9674:Thread-769][printk_delayed:done]
10-21 19:56:49.314 I/Kernel ( 7530): [ 4203.193679]-(0)[7550:Thread-732][WDK], local_bit:0xe, cpu:0,RT[4203183626243]
10-21 19:56:49.314 I/Kernel ( 7530): [ 4203.193679][WDK], local_bit:0xf, cpu:0, check bit0x:f,RT[4203183635089]
10-21 19:56:49.314 I/Kernel ( 7530): [ 4203.193679][WDK]: kick Ex WDT,RT[4203183640859]
10-21 19:56:49.314 I/Kernel ( 7530): [ 4203.193679][thread:59][RT:4203183799705] 2019-10-21 17:56:49.312167 UTC; android time 2019-10-21 18:56:49.312167
10-21 19:56:49.314 I/Kernel ( 7530): [ 4203.193726]-(0)[7550:Thread-732][printk_delayed:done]
10-21 19:56:49.594 I/Kernel ( 9266): [ 4203.473742].(1)[9266:kworker/1:0] ABB T=103600
10-21 19:56:50.024 I/Kernel ( 140): [ 4203.903560]-(3)[273:Binder_2][printk_delayed:start]
10-21 19:56:50.024 I/Kernel ( 140): [ 4203.903626]-(3)[273:Binder_2][WDK], local_bit:0x0, cpu:3,RT[4203893619166]
10-21 19:56:50.024 I/Kernel ( 140): [ 4203.903626][WDK], local_bit:0x8, cpu:3, check bit0x:f,RT[4203893636397]
10-21 19:56:50.024 I/Kernel ( 140): [ 4203.903626][thread:62][RT:4203893648166] 2019-10-21 17:56:50.22014 UTC; android time 2019-10-21 18:56:50.22014
10-21 19:56:50.024 I/Kernel ( 140): [ 4203.903668]-(3)[273:Binder_2][printk_delayed:done]
10-21 19:56:50.594 I/Kernel ( 9266): [ 4204.473697].(1)[9266:kworker/1:0] ABB T=103800
10-21 19:56:50.704 I/Kernel ( 8542): [ 4204.584489].(2)[8542:kworker/2:0][MUSB] USB is ready for connect
10-21 19:56:51.594 I/Kernel ( 9266): [ 4205.473709].(1)[9266:kworker/1:0] ABB T=103100
10-21 19:56:51.734 I/Kernel ( 29): [ 4205.613811].(0)[29:update_secureti]enter TEE_Icnt_time
10-21 19:56:51.734 I/Kernel ( 29): [ 4205.614319].(0)[29:update_secureti]update_securetime_thread_gb updata inc count
10-21 19:56:52.043 I/Vlog ( 979): Thermal:Screen_On_Thermal_Throttling_P2P_Off:fgtracking=false;DV;1,key=4;DV;1,Timer=0.001666388888888889;TI;1,unit=hours;DV;1,metadata=org.xbmc.kodi;DV;1:HI
10-21 19:56:52.046 D/hdmi_u_event( 190): handle hdmi uevents: s=change@/devices/virtual/thermal/thermal_zone3, len=191
10-21 19:56:52.047 D/hdmi_u_event( 190): change_hdmi=0, change_hdmi_res=0
10-21 19:56:52.284 I/Kernel ( 140): [ 4206.169001]-(2)[567:Binder_4][MUSBFSH] musbfsh_host_tx 1222: extra TX2 ready, csr 0000
10-21 19:56:52.504 I/Kernel ( 7530): [ 4206.383528]-(2)[9674:Thread-769][MUSBFSH] musbfsh_host_tx 1222: extra TX2 ready, csr 0000
10-21 19:56:52.565 I/Vlog ( 135): logd:performance:fgtracking=false;DV;1,key=TotalMessages;DV;1,Counter=340;CT;1,unit=count;DV;1:HI
10-21 19:56:52.565 I/Vlog ( 135): logd:performance:fgtracking=false;DV;1,key=DroppedMessages;DV;1,Counter=0;CT;1,unit=count;DV;1:HI
10-21 19:56:52.565 I/Vlog ( 135): logd:performance:fgtracking=false;DV;1,key=Throughput;DV;1,Counter=3.89;CT;1,unit=kbps;DV;1:HI
10-21 19:56:52.594 I/Kernel ( 9266): [ 4206.473727].(1)[9266:kworker/1:0] ABB T=103200
10-21 19:56:52.634 I/Kernel ( 7530): [ 4206.520913]-(2)[7550:Thread-732][MUSBFSH] musbfsh_host_tx 1291: extra TX2 ready, csr 1000
10-21 19:56:52.874 I/Kernel ( 136): [ 4206.756172].(2)[136:healthd] ABB T=103500
10-21 19:56:52.874 I/Kernel ( 136): [ 4206.756919].(2)[136:healthd]healthd: Could not open '/sys/class/thermal/thermal_zone5/temp'
10-21 19:56:52.874 I/Kernel ( 136): [ 4206.756992].(2)[136:healthd]healthd: Could not open '/sys/class/thermal/thermal_zone6/temp'
10-21 19:56:52.874 I/Kernel ( 136): [ 4206.757199].(2)[136:healthd]healthd: battery l=100 v=4200 t=2.2 h=2 st=5 chg=u
10-21 19:56:53.043 I/Vlog ( 979): Thermal:Screen_On_Thermal_Throttling_P2P_Off:fgtracking=false;DV;1,key=3;DV;1,Timer=2.775E-4;TI;1,unit=hours;DV;1,metadata=org.xbmc.kodi;DV;1:HI
10-21 19:56:53.044 D/hdmi_u_event( 190): handle hdmi uevents: s=change@/devices/virtual/thermal/thermal_zone3, len=191
10-21 19:56:53.044 D/hdmi_u_event( 190): change_hdmi=0, change_hdmi_res=0
10-21 19:56:53.594 I/Kernel ( 9266): [ 4207.473695].(1)[9266:kworker/1:0] ABB T=103600
10-21 19:56:54.043 I/Vlog ( 979): Thermal:Screen_On_Thermal_Throttling_P2P_Off:fgtracking=false;DV;1,key=4;DV;1,Timer=2.775E-4;TI;1,unit=hours;DV;1,metadata=org.xbmc.kodi;DV;1:HI
10-21 19:56:54.044 D/hdmi_u_event( 190): handle hdmi uevents: s=change@/devices/virtual/thermal/thermal_zone3, len=191
10-21 19:56:54.044 D/hdmi_u_event( 190): change_hdmi=0, change_hdmi_res=0
10-21 19:56:54.444 I/Kernel ( 434): [ 4208.323675][hdmi]#1506
10-21 19:56:54.444 I/Kernel ( 434): [hdmi] list empty 140000, sleeping
10-21 19:56:54.594 I/Kernel ( 9266): [ 4208.473770].(1)[9266:kworker/1:0] ABB T=104800
10-21 19:56:55.594 I/Kernel ( 9266): [ 4209.473698].(1)[9266:kworker/1:0] ABB T=104100
10-21 19:56:56.043 I/Vlog ( 979): Thermal:Screen_On_Thermal_Throttling_P2P_Off:fgtracking=false;DV;1,key=3;DV;1,Timer=5.555555555555556E-4;TI;1,unit=hours;DV;1,metadata=org.xbmc.kodi;DV;1:HI
10-21 19:56:56.045 D/hdmi_u_event( 190): handle hdmi uevents: s=change@/devices/virtual/thermal/thermal_zone3, len=191
10-21 19:56:56.045 D/hdmi_u_event( 190): change_hdmi=0, change_hdmi_res=0
10-21 19:56:56.594 I/Kernel ( 9266): [ 4210.473854].(1)[9266:kworker/1:0] ABB T=104600
10-21 19:56:56.724 I/Kernel ( 8542): [ 4210.603893].(2)[8542:kworker/2:0][MUSB] USB is ready for connect
10-21 19:56:56.734 I/Kernel ( 29): [ 4210.613665].(0)[29:update_secureti]enter TEE_Icnt_time
10-21 19:56:56.734 I/Kernel ( 29): [ 4210.614101].(0)[29:update_secureti]update_securetime_thread_gb updata inc count
10-21 19:56:56.999 D/AudioFlinger( 180): pause signal - [NOT READY] on thread
10-21 19:56:57.044 I/Vlog ( 979): Thermal:Screen_On_Thermal_Throttling_P2P_Off:fgtracking=false;DV;1,key=4;DV;1,Timer=2.7805555555555553E-4;TI;1,unit=hours;DV;1,metadata=org.xbmc.kodi;DV;1:HI
10-21 19:56:57.045 D/hdmi_u_event( 190): handle hdmi uevents: s=change@/devices/virtual/thermal/thermal_zone3, len=191
10-21 19:56:57.045 D/hdmi_u_event( 190): change_hdmi=0, change_hdmi_res=0
10-21 19:56:57.095 D/AudioFlinger( 180): Disable DS for device=0x400profile=0xffffffff
10-21 19:56:57.095 W/CustomAudioPolicyManager( 180): getDeviceForStrategy() unknown strategy: 6
10-21 19:56:57.095 W/CustomAudioPolicyManager( 180): getDeviceForStrategy() unknown strategy: 6
10-21 19:56:57.594 I/Kernel ( 9266): [ 4211.473671].(1)[9266:kworker/1:0] ABB T=104600
10-21 19:56:58.046 I/Vlog ( 979): Thermal:Screen_On_Thermal_Throttling_P2P_Off:fgtracking=false;DV;1,key=3;DV;1,Timer=2.7805555555555553E-4;TI;1,unit=hours;DV;1,metadata=org.xbmc.kodi;DV;1:HI
10-21 19:56:58.047 D/hdmi_u_event( 190): handle hdmi uevents: s=change@/devices/virtual/thermal/thermal_zone3, len=191
10-21 19:56:58.047 D/hdmi_u_event( 190): change_hdmi=0, change_hdmi_res=0
10-21 19:56:58.594 I/Kernel ( 9266): [ 4212.473746].(1)[9266:kworker/1:0] ABB T=104100
10-21 19:56:59.594 I/Kernel ( 9266): [ 4213.473677].(1)[9266:kworker/1:0] ABB T=104100
10-21 19:56:59.986 D/AudioALSAStreamOut( 180): [hdmi_stereo] close()
10-21 19:56:59.986 D/AudioALSAPlaybackHandlerHDMI( 180): +close()
10-21 19:56:59.986 D/AudioALSAPlaybackHandlerBase( 180): +closePcmDriver(), mPcm = 0xb809bce8
10-21 19:56:59.986 D/AudioALSAPlaybackHandlerBase( 180): -closePcmDriver(), mPcm = 0x0
10-21 19:56:59.986 D/AudioALSAPlaybackHandlerHDMI( 180): -close()
10-21 19:56:59.986 D/AudioALSAStreamManager( 180): +destroyPlaybackHandler(), mode = 0, pPlaybackHandler = 0xb809a9e8
10-21 19:56:59.986 D/AudioALSAPlaybackHandlerHDMI( 180): ~AudioALSAPlaybackHandlerHDMI()
10-21 19:56:59.986 D/AudioALSAPlaybackHandlerBase( 180): ~AudioALSAPlaybackHandlerBase()
10-21 19:56:59.987 D/AudioALSAStreamManager( 180): -destroyPlaybackHandler(), mPlaybackHandlerVector.size() = 0
10-21 19:56:59.974 I/Kernel ( 180): [ 4213.858007]-(0)[1607:AudioOut_B]mtk_pcm_hdmi_trigger cmd = 0
10-21 19:56:59.974 I/Kernel ( 180): [ 4213.858074]-(0)[1607:AudioOut_B]+mt_afe_set_irq_state(), Irqmode = 4, bEnable = 0
10-21 19:56:59.974 I/Kernel ( 180): [ 4213.858122]-(0)[1607:AudioOut_B]+ RemoveMemifSubStream MemBlock = 7 substream = dedb1400
10-21 19:56:59.974 I/Kernel ( 180): [ 4213.858177]-(0)[1607:AudioOut_B]- RemoveMemifSubStream MemBlock = 7
10-21 19:56:59.974 I/Kernel ( 180): [ 4213.858240].(0)[1607:AudioOut_B]mtk_pcm_hdmi_hw_free
10-21 19:57:00.594 I/Kernel ( 9266): [ 4214.473733].(1)[9266:kworker/1:0] ABB T=105500
10-21 19:57:01.594 I/Kernel ( 9266): [ 4215.473701].(1)[9266:kworker/1:0] ABB T=104000
10-21 19:57:01.734 I/Kernel ( 29): [ 4215.614571].(2)[29:update_secureti]enter TEE_Icnt_time
10-21 19:57:01.734 I/Kernel ( 29): [ 4215.616441].(3)[29:update_secureti]update_securetime_thread_gb updata inc count
10-21 19:57:02.594 I/Kernel ( 9266): [ 4216.473682].(1)[9266:kworker/1:0] ABB T=104600
10-21 19:57:02.744 I/Kernel ( 8542): [ 4216.623711].(2)[8542:kworker/2:0][MUSB] USB is ready for connect
10-21 19:57:03.594 I/Kernel ( 9266): [ 4217.473707].(1)[9266:kworker/1:0] ABB T=103700
10-21 19:57:03.813 I/main.wifi_log_levels( 9697): wifi_log_levels:rssi=-59;noise=-92;p2prssi=0;p2pnoise=-92;channel=6;btcparam27=0x5;txframe=15577;txbyte=3346729;txretrans=1103;txerror=0;rxframe=17939;rxbyte=9812704;rxerror=1;rxbadfcs=833;rxbadplcp=170;rxcrsglitch=14272;rxstrt=62265;rxdfrmucastmbss=18306;txphyerror=0;
10-21 19:57:03.838 I/main.wifi_log_levels( 9700): wifi_log_levels:max_rssi=-58;min_rssi=-63;max_noise=-90;min_noise=-92;max_p2prssi=;min_p2prssi=;max_p2pnoise=-90;min_p2pnoise=-92
10-21 19:57:04.594 I/Kernel ( 9266): [ 4218.473714].(1)[9266:kworker/1:0] ABB T=105000
10-21 19:57:05.594 I/Kernel ( 9266): [ 4219.473662].(1)[9266:kworker/1:0] ABB T=104600
10-21 19:57:06.594 I/Kernel ( 9266): [ 4220.473711].(1)[9266:kworker/1:0] ABB T=104800
10-21 19:57:06.734 I/Kernel ( 29): [ 4220.613686].(3)[29:update_secureti]enter TEE_Icnt_time
10-21 19:57:06.734 I/Kernel ( 29): [ 4220.614119].(3)[29:update_secureti]update_securetime_thread_gb updata inc count
10-21 19:57:06.832 D/AudioFlinger( 180): Disable DS for device=0x400profile=0xffffffff
10-21 19:57:07.594 I/Kernel ( 9266): [ 4221.473695].(1)[9266:kworker/1:0] ABB T=104000
10-21 19:57:08.594 I/Kernel ( 9266): [ 4222.473691].(1)[9266:kworker/1:0] ABB T=104000
10-21 19:57:08.764 I/Kernel ( 8542): [ 4222.643687].(2)[8542:kworker/2:0][MUSB] USB is ready for connect
10-21 19:57:09.314 I/Kernel ( 7530): [ 4223.193567]-(1)[9674:Thread-769][printk_delayed:start]
10-21 19:57:09.314 I/Kernel ( 7530): [ 4223.193626]-(1)[9674:Thread-769][WDK], local_bit:0x8, cpu:1,RT[4223183629706]
10-21 19:57:09.314 I/Kernel ( 7530): [ 4223.193626][WDK], local_bit:0xa, cpu:1, check bit0x:f,RT[4223183654475]
10-21 19:57:09.314 I/Kernel ( 7530): [ 4223.193626][thread:60][RT:4223183669091] 2019-10-21 17:57:09.312033 UTC; android time 2019-10-21 18:57:09.312033
10-21 19:57:09.314 I/Kernel ( 7530): [ 4223.193804]-(1)[9674:Thread-769][printk_delayed:done]
10-21 19:57:09.324 I/Kernel ( 0): [ 4223.203572]-(2)[0:swapper/2][printk_delayed:start]
10-21 19:57:09.324 I/Kernel ( 0): [ 4223.203587]-(0)[140:surfaceflinger][printk_delayed:start]
10-21 19:57:09.324 I/Kernel ( 0): [ 4223.203615]-(0)[140:surfaceflinger][WDK], local_bit:0xa, cpu:0,RT[4223193620321]
10-21 19:57:09.324 I/Kernel ( 0): [ 4223.203615][WDK], local_bit:0xb, cpu:0, check bit0x:f,RT[4223193631475]
10-21 19:57:09.324 I/Kernel ( 0): [ 4223.203615][thread:59][RT:4223193641860] 2019-10-21 17:57:09.322008 UTC; android time 2019-10-21 18:57:09.322008
10-21 19:57:09.324 I/Kernel ( 0): [ 4223.203623]-(0)[140:surfaceflinger][printk_delayed:done]
10-21 19:57:09.324 I/Kernel ( 0): [ 4223.203703]-(2)[0:swapper/2][WDK], local_bit:0xb, cpu:2,RT[4223193644244]
10-21 19:57:09.324 I/Kernel ( 0): [ 4223.203703][WDK], local_bit:0xf, cpu:2, check bit0x:f,RT[4223193653014]
10-21 19:57:09.324 I/Kernel ( 0): [ 4223.203703][WDK]: kick Ex WDT,RT[4223193658783]
10-21 19:57:09.324 I/Kernel ( 0): [ 4223.203703][thread:61][RT:4223193807860] 2019-10-21 17:57:09.322175 UTC; android time 2019-10-21 18:57:09.322175
10-21 19:57:09.324 I/Kernel ( 0): [ 4223.203753]-(2)[0:swapper/2][printk_delayed:done]
10-21 19:57:09.444 I/Kernel ( 434): [ 4223.323614][hdmi]#1506
10-21 19:57:09.444 I/Kernel ( 434): [hdmi] list empty 140500, sleeping
10-21 19:57:09.594 I/Kernel ( 9266): [ 4223.473699].(1)[9266:kworker/1:0] ABB T=104200
10-21 19:57:10.034 I/Kernel ( 140): [ 4223.913558]-(3)[6867:Binder_5][printk_delayed:start]
10-21 19:57:10.034 I/Kernel ( 140): [ 4223.913613]-(3)[6867:Binder_5][WDK], local_bit:0x0, cpu:3,RT[4223903664475]
10-21 19:57:10.034 I/Kernel ( 140): [ 4223.913613][WDK], local_bit:0x8, cpu:3, check bit0x:f,RT[4223903700091]
10-21 19:57:10.034 I/Kernel ( 140): [ 4223.913613][thread:62][RT:4223903713937] 2019-10-21 17:57:10.32079 UTC; android time 2019-10-21 18:57:10.32079
10-21 19:57:10.034 I/Kernel ( 140): [ 4223.913653]-(3)[6867:Binder_5][printk_delayed:done]
10-21 19:57:10.594 I/Kernel ( 9266): [ 4224.473802].(1)[9266:kworker/1:0] ABB T=104600
10-21 19:57:11.594 I/Kernel ( 9266): [ 4225.473844].(1)[9266:kworker/1:0] ABB T=104000
10-21 19:57:11.734 I/Kernel ( 29): [ 4225.613610].(3)[29:update_secureti]enter TEE_Icnt_time
10-21 19:57:11.734 I/Kernel ( 29): [ 4225.614127].(3)[29:update_secureti]update_securetime_thread_gb updata inc count
10-21 19:57:12.008 I/SysfsTemperatureObserverBase( 979): MetricsTimerUpdateTask wifiRemotePairedState=bluetooth
10-21 19:57:12.010 I/SysfsTemperatureObserverBase( 979): MetricsTimerUpdateTask tmon_mtktsabb_screen_on_bluetooth=104400
10-21 19:57:12.011 I/SysfsTemperatureObserverBase( 979): MetricsTimerUpdateTask tmon_mtkts_bts0_screen_on_bluetooth=78000
10-21 19:57:11.994 I/Kernel ( 979): [ 4225.881375].(2)[1069:Timer-1] ABB T=104400
10-21 19:57:12.012 I/SysfsTemperatureObserverBase( 979): MetricsTimerUpdateTask tmon_mtkts_bts1_screen_on_bluetooth=74000
10-21 19:57:12.013 I/SysfsTemperatureObserverBase( 979): MetricsTimerUpdateTask tmon_mtktscpu_screen_on_bluetooth=100500
10-21 19:57:12.015 I/SysfsTemperatureObserverBase( 979): MetricsTimerUpdateTask tmon_virtual_sensor_screen_on_bluetooth=47023
10-21 19:57:12.015 I/LoggerMetricsFactoryImpl( 979): ThermalEvent:tmon:tmon_mtktsabb_screen_on_bluetooth=104400.0;CT;1,tmon_virtual_sensor_screen_on_bluetooth=47023.0;CT;1,tmon_mtkts_bts1_screen_on_bluetooth=74000.0;CT;1,tmon_mtkts_bts0_screen_on_bluetooth=78000.0;CT;1,tmon_mtktscpu_screen_on_bluetooth=100500.0;CT;1:NR
10-21 19:57:12.314 I/Kernel ( 16): [ 4226.193855]-(2)[16:ksoftirqd/2][MUSBFSH] musbfsh_host_tx 1222: extra TX2 ready, csr 0000
10-21 19:57:12.594 I/Kernel ( 9266): [ 4226.473736].(1)[9266:kworker/1:0] ABB T=105600
10-21 19:57:13.594 I/Kernel ( 9266): [ 4227.473682].(1)[9266:kworker/1:0] ABB T=105400
10-21 19:57:14.594 I/Kernel ( 9266): [ 4228.473697].(1)[9266:kworker/1:0] ABB T=105100
10-21 19:57:14.784 I/Kernel ( 8542): [ 4228.663650].(2)[8542:kworker/2:0][MUSB] USB is ready for connect
10-21 19:57:15.594 I/Kernel ( 9266): [ 4229.473725].(1)[9266:kworker/1:0] ABB T=104600
10-21 19:57:15.824 I/Kernel ( 7530): [ 4229.711262]-(2)[9674:Thread-769][MUSBFSH] musbfsh_host_tx 1222: extra TX2 ready, csr 0000
10-21 19:57:16.429 I/Vizzini_2.0.2362.0:HealthLogger( 1385): Current State = {"DeviceFamily":"SMP","Gateway":"avs-alexa-18-eu.amazon.com:443","SupportsFarField":"false","ConnectionState":"CONNECTED","AlexaExperience":"FULL"}
10-21 19:57:16.429 I/DeviceEvent( 1385): CSMSIM#device_event_contract#0#1.0
10-21 19:57:16.594 I/Kernel ( 9266): [ 4230.473711].(1)[9266:kworker/1:0] ABB T=105400
10-21 19:57:16.734 I/Kernel ( 29): [ 4230.613678].(3)[29:update_secureti]enter TEE_Icnt_time
10-21 19:57:16.734 I/Kernel ( 29): [ 4230.614215].(3)[29:update_secureti]update_securetime_thread_gb updata inc count
10-21 19:57:17.594 I/Kernel ( 9266): [ 4231.473704].(1)[9266:kworker/1:0] ABB T=105500
10-21 19:57:18.594 I/Kernel ( 9266): [ 4232.473731].(1)[9266:kworker/1:0] ABB T=105200
10-21 19:57:19.594 I/Kernel ( 9266): [ 4233.473681].(1)[9266:kworker/1:0] ABB T=104500
10-21 19:57:20.594 I/Kernel ( 9266): [ 4234.473679].(1)[9266:kworker/1:0] ABB T=105800
10-21 19:57:20.804 I/Kernel ( 8542): [ 4234.683627].(2)[8542:kworker/2:0][MUSB] USB is ready for connect
10-21 19:57:21.594 I/Kernel ( 9266): [ 4235.473700].(1)[9266:kworker/1:0] ABB T=105400
