10-21 19:20:52.541 I/Vlog ( 135): logd:performance:fgtracking=false;DV;1,key=Throughput;DV;1,Counter=10.15;CT;1,unit=kbps;DV;1:HI
10-21 19:20:53.424 I/ActivityManager( 979): Process com.spotify.tv.android (pid 7870) has died
10-21 19:20:53.424 D/ActivityManager( 979): cleanUpApplicationRecord -- 7870
10-21 19:20:53.425 W/ActivityManager( 979): Scheduling restart of crashed service com.spotify.tv.android/.service.SpotifyTVService in 1000ms
10-21 19:20:53.515 E/WifiService( 979): Multicaster binderDied
10-21 19:20:53.516 D/WifiService( 979): releaseWifiLockLocked: WifiLock{AndroidRouter type=3 binder=android.os.BinderProxy@3f468109}
10-21 19:20:53.519 D/WifiService( 979): Client connection lost with reason: 4
10-21 19:20:53.524 I/ActivityManager( 979): Process com.amazon.discoveryservice.core.android (pid 7812) has died
10-21 19:20:53.524 D/ActivityManager( 979): cleanUpApplicationRecord -- 7812
10-21 19:20:53.526 W/ActivityManager( 979): Scheduling restart of crashed service com.amazon.dialservice/.DialService in 10899ms
10-21 19:20:54.465 I/ActivityManager( 979): Start proc 8236:com.spotify.tv.android/u0a21 for service com.spotify.tv.android/.service.SpotifyTVService
10-21 19:20:56.130 I/LoggerMetricsFactoryImpl( 1125): FireTvSaleService:recordPMRPerfData:RecommendationDetails=com.spotify.tv.android;DV;1:NR
10-21 19:20:56.239 E/WifiService( 979): Multicaster binderDied
10-21 19:20:56.240 D/WifiService( 979): Client connection lost with reason: 4
10-21 19:20:56.285 I/ActivityManager( 979): Process com.amazon.whisperlink.core.android (pid 7981) has died
10-21 19:20:56.285 D/ActivityManager( 979): cleanUpApplicationRecord -- 7981
10-21 19:20:56.286 W/ActivityManager( 979): Scheduling restart of crashed service com.amazon.whisperlink.core.android/.WhisperLinkCoreService in 18139ms
10-21 19:21:04.481 I/ActivityManager( 979): Start proc 8299:com.amazon.discoveryservice.core.android/u0a22016 for service com.amazon.dialservice/.DialService
10-21 19:21:05.617 D/WifiService( 979): New client listening to asynchronous messages
10-21 19:21:05.630 W/ActivityThread( 8299): ClassLoader.loadClass: The class loader returned by Thread.getContextClassLoader() may fail for processes that host multiple applications. You should explicitly specify a context class loader. For example: Thread.setContextClassLoader(getClass().getClassLoader());
10-21 19:21:05.721 D/WifiService( 979): acquireWifiLockLocked: WifiLock{AndroidRouter type=3 binder=android.os.BinderProxy@25b14ccb}
10-21 19:21:05.769 D/WifiService( 979): releaseWifiLockLocked: WifiLock{AndroidRouter type=3 binder=android.os.BinderProxy@25b14ccb}
10-21 19:21:05.914 D/WifiService( 979): acquireWifiLockLocked: WifiLock{AndroidRouter type=3 binder=android.os.BinderProxy@610b3f2}
10-21 19:21:14.483 I/ActivityManager( 979): Start proc 8353:com.amazon.whisperlink.core.android/u0a22041 for service com.amazon.whisperlink.core.android/.WhisperLinkCoreService
10-21 19:21:14.483 D/ActivityManager( 979): app = com.amazon.whisperlink.core.android, has single user service, setting process record!
10-21 19:21:15.906 D/WifiService( 979): New client listening to asynchronous messages
10-21 19:21:16.986 I/ActivityManager( 979): Process com.amazon.whisperjoin.middleware.np (pid 8012) has died
10-21 19:21:16.986 D/ActivityManager( 979): cleanUpApplicationRecord -- 8012
10-21 19:21:16.987 W/ActivityManager( 979): Scheduling restart of crashed service com.amazon.whisperjoin.middleware.np/.services.MiddlewareService in 1000ms
10-21 19:21:16.987 W/ActivityManager( 979): Scheduling restart of crashed service com.amazon.whisperjoin.middleware.np/com.amazon.whisperjoin.deviceprovisioningservice.service.FFSBackgroundProvisioningServiceBinder in 11000ms
10-21 19:21:18.050 I/ActivityManager( 979): Start proc 8394:com.amazon.whisperjoin.middleware.np/u0a22122 for service com.amazon.whisperjoin.middleware.np/.services.MiddlewareService
10-21 19:21:20.933 D/ActivityManager( 979): single user service: com.amazon.imp
10-21 19:21:20.960 D/ActivityManager( 979): app = com.amazon.imp, has single user service, setting process record.
10-21 19:21:22.972 W/ActivityThread( 8353): ClassLoader.loadClass: The class loader returned by Thread.getContextClassLoader() may fail for processes that host multiple applications. You should explicitly specify a context class loader. For example: Thread.setContextClassLoader(getClass().getClassLoader());
10-21 19:21:23.447 D/ActivityManager( 979): single user service: com.amazon.imp
10-21 19:21:23.494 D/ActivityManager( 979): app = com.amazon.imp, has single user service, setting process record.
10-21 19:21:52.542 I/Vlog ( 135): logd:performance:fgtracking=false;DV;1,key=TotalMessages;DV;1,Counter=1492;CT;1,unit=count;DV;1:HI
10-21 19:21:52.542 I/Vlog ( 135): logd:performance:fgtracking=false;DV;1,key=DroppedMessages;DV;1,Counter=0;CT;1,unit=count;DV;1:HI
10-21 19:21:52.542 I/Vlog ( 135): logd:performance:fgtracking=false;DV;1,key=Throughput;DV;1,Counter=18.96;CT;1,unit=kbps;DV;1:HI
10-21 19:22:12.007 I/SysfsTemperatureObserverBase( 979): MetricsTimerUpdateTask wifiRemotePairedState=bluetooth
10-21 19:22:12.009 I/SysfsTemperatureObserverBase( 979): MetricsTimerUpdateTask tmon_mtktsabb_screen_on_bluetooth=102900
10-21 19:22:12.010 I/SysfsTemperatureObserverBase( 979): MetricsTimerUpdateTask tmon_mtkts_bts0_screen_on_bluetooth=82000
10-21 19:22:12.011 I/SysfsTemperatureObserverBase( 979): MetricsTimerUpdateTask tmon_mtkts_bts1_screen_on_bluetooth=79000
10-21 19:22:12.012 I/SysfsTemperatureObserverBase( 979): MetricsTimerUpdateTask tmon_mtktscpu_screen_on_bluetooth=101500
10-21 19:22:12.014 I/SysfsTemperatureObserverBase( 979): MetricsTimerUpdateTask tmon_virtual_sensor_screen_on_bluetooth=53841
10-21 19:22:12.014 I/LoggerMetricsFactoryImpl( 979): ThermalEvent:tmon:tmon_mtktsabb_screen_on_bluetooth=102900.0;CT;1,tmon_virtual_sensor_screen_on_bluetooth=53841.0;CT;1,tmon_mtkts_bts1_screen_on_bluetooth=79000.0;CT;1,tmon_mtkts_bts0_screen_on_bluetooth=82000.0;CT;1,tmon_mtktscpu_screen_on_bluetooth=101500.0;CT;1:NR
10-21 19:22:52.543 I/Vlog ( 135): logd:performance:fgtracking=false;DV;1,key=TotalMessages;DV;1,Counter=861;CT;1,unit=count;DV;1:HI
10-21 19:22:52.543 I/Vlog ( 135): logd:performance:fgtracking=false;DV;1,key=DroppedMessages;DV;1,Counter=0;CT;1,unit=count;DV;1:HI
10-21 19:22:52.543 I/Vlog ( 135): logd:performance:fgtracking=false;DV;1,key=Throughput;DV;1,Counter=11.76;CT;1,unit=kbps;DV;1:HI
10-21 19:23:11.095 I/Vlog ( 979): performance:SkippedVsyncsBucket1:fgtracking=false;DV;1,key=org.xbmc.kodi;DV;1,Counter=2.0;CT;1,unit=count;DV;1,metadata=org.xbmc.kodi/.Main!{"d"#{"app_version"#"1804000"}$"m"#{"context"#"S1T4A1D0I0L0E0M99"$"prev"#"org.xbmc.kodi/.Splash"}};DV;1:HI
10-21 19:23:11.096 I/Vlog ( 979): performance:SkippedVsyncsBucket5:fgtracking=false;DV;1,key=org.xbmc.kodi;DV;1,Counter=1.0;CT;1,unit=count;DV;1,metadata=org.xbmc.kodi/.Main!{"d"#{"app_version"#"1804000"}$"m"#{"context"#"S1T4A1D0I0L0E0M99"$"prev"#"org.xbmc.kodi/.Splash"}};DV;1:HI
10-21 19:23:11.096 I/Vlog ( 979): performance:FrameDropTotal:fgtracking=false;DV;1,key=org.xbmc.kodi;DV;1,Counter=7.0;CT;1,unit=count;DV;1,metadata=org.xbmc.kodi/.Main!{"d"#{"app_version"#"1804000"}$"m"#{"context"#"S1T4A1D0I0L0E0M99"$"prev"#"org.xbmc.kodi/.Splash"}};DV;1:HI
10-21 19:23:11.096 I/Vlog ( 979): performance:FramesTotal:fgtracking=false;DV;1,key=org.xbmc.kodi;DV;1,Counter=53027.0;CT;1,unit=count;DV;1,metadata=org.xbmc.kodi/.Main!{"d"#{"app_version"#"1804000"}$"m"#{"context"#"S1T4A1D0I0L0E0M99"$"prev"#"org.xbmc.kodi/.Splash"}};DV;1:HI
10-21 19:23:11.097 I/Vlog ( 979): performance:SkippedVsyncsBucket1:fgtracking=false;DV;1,key=com.amazon.tv.launcher;DV;1,Counter=3.0;CT;1,unit=count;DV;1,metadata=com.amazon.tv.launcher/.ui.HomeActivity_vNext!{"d"#{"app_version"#"618081110"}$"m"#{"context"#"S1T4A1D0I0L0E0M99"$"prev"#"org.xbmc.kodi/.Splash"}};DV;1:HI
10-21 19:23:11.097 I/Vlog ( 979): performance:SkippedVsyncsBucket3:fgtracking=false;DV;1,key=com.amazon.tv.launcher;DV;1,Counter=1.0;CT;1,unit=count;DV;1,metadata=com.amazon.tv.launcher/.ui.HomeActivity_vNext!{"d"#{"app_version"#"618081110"}$"m"#{"context"#"S1T4A1D0I0L0E0M99"$"prev"#"org.xbmc.kodi/.Splash"}};DV;1:HI
10-21 19:23:11.098 I/Vlog ( 979): performance:FrameDropTotal:fgtracking=false;DV;1,key=com.amazon.tv.launcher;DV;1,Counter=7.0;CT;1,unit=count;DV;1,metadata=com.amazon.tv.launcher/.ui.HomeActivity_vNext!{"d"#{"app_version"#"618081110"}$"m"#{"context"#"S1T4A1D0I0L0E0M99"$"prev"#"org.xbmc.kodi/.Splash"}};DV;1:HI
10-21 19:23:11.098 I/Vlog ( 979): performance:FramesTotal:fgtracking=false;DV;1,key=com.amazon.tv.launcher;DV;1,Counter=3626.0;CT;1,unit=count;DV;1,metadata=com.amazon.tv.launcher/.ui.HomeActivity_vNext!{"d"#{"app_version"#"618081110"}$"m"#{"context"#"S1T4A1D0I0L0E0M99"$"prev"#"org.xbmc.kodi/.Splash"}};DV;1:HI
10-21 19:23:11.098 I/Vlog ( 979): performance:DelayedFirstFrames:fgtracking=false;DV;1,key=com.amazon.tv.launcher;DV;1,Counter=2.0;CT;1,unit=count;DV;1,metadata=com.amazon.tv.launcher/.ui.HomeActivity_vNext!{"d"#{"app_version"#"618081110"}$"m"#{"context"#"S1T4A1D0I0L0E0M99"$"prev"#"org.xbmc.kodi/.Splash"}};DV;1:HI
10-21 19:23:11.099 I/Vlog ( 979): performance:FirstFramesTotal:fgtracking=false;DV;1,key=com.amazon.tv.launcher;DV;1,Counter=113.0;CT;1,unit=count;DV;1,metadata=com.amazon.tv.launcher/.ui.HomeActivity_vNext!{"d"#{"app_version"#"618081110"}$"m"#{"context"#"S1T4A1D0I0L0E0M99"$"prev"#"org.xbmc.kodi/.Splash"}};DV;1:HI
10-21 19:23:52.544 I/Vlog ( 135): logd:performance:fgtracking=false;DV;1,key=TotalMessages;DV;1,Counter=839;CT;1,unit=count;DV;1:HI
10-21 19:23:52.544 I/Vlog ( 135): logd:performance:fgtracking=false;DV;1,key=DroppedMessages;DV;1,Counter=0;CT;1,unit=count;DV;1:HI
10-21 19:23:52.544 I/Vlog ( 135): logd:performance:fgtracking=false;DV;1,key=Throughput;DV;1,Counter=11.70;CT;1,unit=kbps;DV;1:HI
10-21 19:23:56.754 I/Vlog ( 979): performance:FramesTotal:fgtracking=false;DV;1,key=org.xbmc.kodi;DV;1,Counter=3750.0;CT;1,unit=count;DV;1,metadata=org.xbmc.kodi/.Main!{"d"#{"app_version"#"1804000"}$"m"#{"context"#"S1T4A1D0I0L0E0M99"$"prev"#"org.xbmc.kodi/.Splash"}};DV;1:HI
10-21 19:24:52.544 I/Vlog ( 135): logd:performance:fgtracking=false;DV;1,key=TotalMessages;DV;1,Counter=834;CT;1,unit=count;DV;1:HI
10-21 19:24:52.544 I/Vlog ( 135): logd:performance:fgtracking=false;DV;1,key=DroppedMessages;DV;1,Counter=0;CT;1,unit=count;DV;1:HI
10-21 19:24:52.544 I/Vlog ( 135): logd:performance:fgtracking=false;DV;1,key=Throughput;DV;1,Counter=12.16;CT;1,unit=kbps;DV;1:HI
10-21 19:25:13.372 D/DeviceStorageMonitorService( 979): Sending broadcast for delta increase in free memory. Delta memory: 11177984 freeMem: 3201945600
10-21 19:25:52.545 I/Vlog ( 135): logd:performance:fgtracking=false;DV;1,key=TotalMessages;DV;1,Counter=842;CT;1,unit=count;DV;1:HI
10-21 19:25:52.545 I/Vlog ( 135): logd:performance:fgtracking=false;DV;1,key=DroppedMessages;DV;1,Counter=0;CT;1,unit=count;DV;1:HI
10-21 19:25:52.545 I/Vlog ( 135): logd:performance:fgtracking=false;DV;1,key=Throughput;DV;1,Counter=11.59;CT;1,unit=kbps;DV;1:HI
10-21 19:26:24.649 I/syseng_board_status( 8496): syseng_board_status:tempstat:tmon_mtktsabb=104800;CT;1,tmon_mtkts_bts0=82000;CT;1,tmon_mtkts_bts1=80000;CT;1,tmon_mtktscpu=102400;CT;1,tmon_virtual_sensor=54115;CT;1:NR
10-21 19:26:24.687 I/syseng_board_status( 8497): syseng_board_status:cooling_device:thermal_state_cpuhotplug=0;CT;1,thermal_state_wifi=0;CT;1,thermal_state_vsync=0;CT;1,thermal_state_thermal-cpufreq-0=4;CT;1,thermal_state_thermal-cpufreq-1=0;CT;1:NR
10-21 19:26:27.459 I/ActivityManager( 979): Process com.spotify.tv.android (pid 8236) has died
10-21 19:26:27.459 D/ActivityManager( 979): cleanUpApplicationRecord -- 8236
10-21 19:26:27.459 W/ActivityManager( 979): Scheduling restart of crashed service com.spotify.tv.android/.service.SpotifyTVService in 1000ms
10-21 19:26:28.510 I/ActivityManager( 979): Start proc 8499:com.spotify.tv.android/u0a21 for service com.spotify.tv.android/.service.SpotifyTVService
10-21 19:26:29.917 I/LoggerMetricsFactoryImpl( 1125): FireTvSaleService:recordPMRPerfData:RecommendationDetails=com.spotify.tv.android;DV;1:NR
10-21 19:26:32.294 D/WifiService( 979): releaseWifiLockLocked: WifiLock{AndroidRouter type=3 binder=android.os.BinderProxy@610b3f2}
10-21 19:26:32.295 E/WifiService( 979): Multicaster binderDied
10-21 19:26:32.296 I/ActivityManager( 979): Process com.amazon.discoveryservice.core.android (pid 8299) has died
10-21 19:26:32.297 D/WifiService( 979): Client connection lost with reason: 4
10-21 19:26:32.297 D/ActivityManager( 979): cleanUpApplicationRecord -- 8299
10-21 19:26:32.298 W/ActivityManager( 979): Scheduling restart of crashed service com.amazon.dialservice/.DialService in 1000ms
10-21 19:26:32.388 E/WifiService( 979): Multicaster binderDied
10-21 19:26:32.389 D/WifiService( 979): Client connection lost with reason: 4
10-21 19:26:32.399 I/ActivityManager( 979): Process com.amazon.whisperlink.core.android (pid 8353) has died
10-21 19:26:32.400 D/ActivityManager( 979): cleanUpApplicationRecord -- 8353
10-21 19:26:32.400 W/ActivityManager( 979): Scheduling restart of crashed service com.amazon.whisperlink.core.android/.WhisperLinkCoreService in 10898ms
10-21 19:26:33.340 I/ActivityManager( 979): Start proc 8543:com.amazon.discoveryservice.core.android/u0a22016 for service com.amazon.dialservice/.DialService
10-21 19:26:34.479 D/WifiService( 979): New client listening to asynchronous messages
10-21 19:26:34.489 W/ActivityThread( 8543): ClassLoader.loadClass: The class loader returned by Thread.getContextClassLoader() may fail for processes that host multiple applications. You should explicitly specify a context class loader. For example: Thread.setContextClassLoader(getClass().getClassLoader());
10-21 19:26:34.593 D/WifiService( 979): acquireWifiLockLocked: WifiLock{AndroidRouter type=3 binder=android.os.BinderProxy@2cb35d37}
10-21 19:26:34.640 D/WifiService( 979): releaseWifiLockLocked: WifiLock{AndroidRouter type=3 binder=android.os.BinderProxy@2cb35d37}
10-21 19:26:34.776 D/WifiService( 979): acquireWifiLockLocked: WifiLock{AndroidRouter type=3 binder=android.os.BinderProxy@1eca0a0e}
10-21 19:26:43.349 I/ActivityManager( 979): Start proc 8597:com.amazon.whisperlink.core.android/u0a22041 for service com.amazon.whisperlink.core.android/.WhisperLinkCoreService
10-21 19:26:43.349 D/ActivityManager( 979): app = com.amazon.whisperlink.core.android, has single user service, setting process record!
10-21 19:26:43.903 W/SchedPolicy( 979): Failed to set io priority for tid 8618 (No such process)
10-21 19:26:44.694 D/WifiService( 979): New client listening to asynchronous messages
10-21 19:26:48.322 D/ActivityManager( 979): single user service: com.amazon.imp
10-21 19:26:48.368 D/ActivityManager( 979): app = com.amazon.imp, has single user service, setting process record.
10-21 19:26:49.742 W/ActivityThread( 8597): ClassLoader.loadClass: The class loader returned by Thread.getContextClassLoader() may fail for processes that host multiple applications. You should explicitly specify a context class loader. For example: Thread.setContextClassLoader(getClass().getClassLoader());
10-21 19:26:50.123 D/ActivityManager( 979): single user service: com.amazon.imp
10-21 19:26:50.159 D/ActivityManager( 979): app = com.amazon.imp, has single user service, setting process record.
10-21 19:26:52.550 I/Vlog ( 135): logd:performance:fgtracking=false;DV;1,key=TotalMessages;DV;1,Counter=1470;CT;1,unit=count;DV;1:HI
10-21 19:26:52.550 I/Vlog ( 135): logd:performance:fgtracking=false;DV;1,key=DroppedMessages;DV;1,Counter=0;CT;1,unit=count;DV;1:HI
10-21 19:26:52.550 I/Vlog ( 135): logd:performance:fgtracking=false;DV;1,key=Throughput;DV;1,Counter=18.88;CT;1,unit=kbps;DV;1:HI
10-21 19:27:12.008 I/SysfsTemperatureObserverBase( 979): MetricsTimerUpdateTask wifiRemotePairedState=bluetooth
10-21 19:27:12.009 I/SysfsTemperatureObserverBase( 979): MetricsTimerUpdateTask tmon_mtktsabb_screen_on_bluetooth=103600
10-21 19:27:12.009 I/SysfsTemperatureObserverBase( 979): MetricsTimerUpdateTask tmon_mtkts_bts0_screen_on_bluetooth=83000
10-21 19:27:12.010 I/SysfsTemperatureObserverBase( 979): MetricsTimerUpdateTask tmon_mtkts_bts1_screen_on_bluetooth=80000
10-21 19:27:12.011 I/SysfsTemperatureObserverBase( 979): MetricsTimerUpdateTask tmon_mtktscpu_screen_on_bluetooth=102800
10-21 19:27:12.012 I/SysfsTemperatureObserverBase( 979): MetricsTimerUpdateTask tmon_virtual_sensor_screen_on_bluetooth=54220
10-21 19:27:12.012 I/LoggerMetricsFactoryImpl( 979): ThermalEvent:tmon:tmon_mtktsabb_screen_on_bluetooth=103600.0;CT;1,tmon_virtual_sensor_screen_on_bluetooth=54220.0;CT;1,tmon_mtkts_bts1_screen_on_bluetooth=80000.0;CT;1,tmon_mtkts_bts0_screen_on_bluetooth=83000.0;CT;1,tmon_mtktscpu_screen_on_bluetooth=102800.0;CT;1:NR
10-21 19:27:30.127 I/ActivityManager( 979): Process com.amazon.whisperjoin.middleware.np (pid 8394) has died
10-21 19:27:30.128 D/ActivityManager( 979): cleanUpApplicationRecord -- 8394
10-21 19:27:30.129 W/ActivityManager( 979): Scheduling restart of crashed service com.amazon.whisperjoin.middleware.np/.services.MiddlewareService in 1000ms
10-21 19:27:30.130 W/ActivityManager( 979): Scheduling restart of crashed service com.amazon.whisperjoin.middleware.np/com.amazon.whisperjoin.deviceprovisioningservice.service.FFSBackgroundProvisioningServiceBinder in 10999ms
10-21 19:27:31.177 I/ActivityManager( 979): Start proc 8684:com.amazon.whisperjoin.middleware.np/u0a22122 for service com.amazon.whisperjoin.middleware.np/.services.MiddlewareService
10-21 19:27:52.554 I/Vlog ( 135): logd:performance:fgtracking=false;DV;1,key=TotalMessages;DV;1,Counter=1223;CT;1,unit=count;DV;1:HI
10-21 19:27:52.554 I/Vlog ( 135): logd:performance:fgtracking=false;DV;1,key=DroppedMessages;DV;1,Counter=0;CT;1,unit=count;DV;1:HI
10-21 19:27:52.554 I/Vlog ( 135): logd:performance:fgtracking=false;DV;1,key=Throughput;DV;1,Counter=16.12;CT;1,unit=kbps;DV;1:HI
10-21 19:28:52.554 I/Vlog ( 135): logd:performance:fgtracking=false;DV;1,key=TotalMessages;DV;1,Counter=1085;CT;1,unit=count;DV;1:HI
10-21 19:28:52.554 I/Vlog ( 135): logd:performance:fgtracking=false;DV;1,key=DroppedMessages;DV;1,Counter=0;CT;1,unit=count;DV;1:HI
10-21 19:28:52.554 I/Vlog ( 135): logd:performance:fgtracking=false;DV;1,key=Throughput;DV;1,Counter=15.15;CT;1,unit=kbps;DV;1:HI
10-21 19:29:33.061 I/ActivityManager( 979): Start proc 8739:com.amazon.ceviche/u0a22102 for service com.amazon.ceviche/.transport.BatchPurgeTransportJobService
10-21 19:29:36.278 I/ActivityManager( 979): Process com.amazon.ceviche (pid 8739) has died
10-21 19:29:36.279 D/ActivityManager( 979): cleanUpApplicationRecord -- 8739
10-21 19:29:52.555 I/Vlog ( 135): logd:performance:fgtracking=false;DV;1,key=TotalMessages;DV;1,Counter=1163;CT;1,unit=count;DV;1:HI
10-21 19:29:52.555 I/Vlog ( 135): logd:performance:fgtracking=false;DV;1,key=DroppedMessages;DV;1,Counter=0;CT;1,unit=count;DV;1:HI
10-21 19:29:52.555 I/Vlog ( 135): logd:performance:fgtracking=false;DV;1,key=Throughput;DV;1,Counter=15.42;CT;1,unit=kbps;DV;1:HI
10-21 19:30:11.336 I/wpa_supplicant( 1270): wifi:wpa_supplicant:freq_2437=1;CT;1:NR
10-21 19:30:11.336 I/wpa_supplicant( 1270): wifi:wpa_supplicant:rssi_4_bar=1;CT;1,rssi=38;CT;1:NR
10-21 19:30:52.556 I/Vlog ( 135): logd:performance:fgtracking=false;DV;1,key=TotalMessages;DV;1,Counter=1060;CT;1,unit=count;DV;1:HI
10-21 19:30:52.556 I/Vlog ( 135): logd:performance:fgtracking=false;DV;1,key=DroppedMessages;DV;1,Counter=0;CT;1,unit=count;DV;1:HI
10-21 19:30:52.556 I/Vlog ( 135): logd:performance:fgtracking=false;DV;1,key=Throughput;DV;1,Counter=14.48;CT;1,unit=kbps;DV;1:HI
10-21 19:31:52.556 I/Vlog ( 135): logd:performance:fgtracking=false;DV;1,key=TotalMessages;DV;1,Counter=1079;CT;1,unit=count;DV;1:HI
10-21 19:31:52.556 I/Vlog ( 135): logd:performance:fgtracking=false;DV;1,key=DroppedMessages;DV;1,Counter=0;CT;1,unit=count;DV;1:HI
10-21 19:31:52.556 I/Vlog ( 135): logd:performance:fgtracking=false;DV;1,key=Throughput;DV;1,Counter=15.14;CT;1,unit=kbps;DV;1:HI
10-21 19:32:12.008 I/SysfsTemperatureObserverBase( 979): MetricsTimerUpdateTask wifiRemotePairedState=bluetooth
10-21 19:32:12.010 I/SysfsTemperatureObserverBase( 979): MetricsTimerUpdateTask tmon_mtktsabb_screen_on_bluetooth=105000
10-21 19:32:12.013 I/SysfsTemperatureObserverBase( 979): MetricsTimerUpdateTask tmon_mtkts_bts0_screen_on_bluetooth=83000
10-21 19:32:12.014 I/SysfsTemperatureObserverBase( 979): MetricsTimerUpdateTask tmon_mtkts_bts1_screen_on_bluetooth=80000
10-21 19:32:12.015 I/SysfsTemperatureObserverBase( 979): MetricsTimerUpdateTask tmon_mtktscpu_screen_on_bluetooth=102900
10-21 19:32:12.016 I/SysfsTemperatureObserverBase( 979): MetricsTimerUpdateTask tmon_virtual_sensor_screen_on_bluetooth=54682
10-21 19:32:12.016 I/LoggerMetricsFactoryImpl( 979): ThermalEvent:tmon:tmon_mtktsabb_screen_on_bluetooth=105000.0;CT;1,tmon_virtual_sensor_screen_on_bluetooth=54682.0;CT;1,tmon_mtkts_bts1_screen_on_bluetooth=80000.0;CT;1,tmon_mtkts_bts0_screen_on_bluetooth=83000.0;CT;1,tmon_mtktscpu_screen_on_bluetooth=102900.0;CT;1:NR
10-21 19:32:13.842 D/DeviceStorageMonitorService( 979): Sending broadcast for delta increase in free memory. Delta memory: 12238848 freeMem: 3189706752
10-21 19:32:22.584 I/ThermalEvent( 35): thermzone:def:mtktsabb=104;CT;1:NR
10-21 19:32:22.584 I/ThermalEvent( 35): thermzone:def:mtkts_bts0=83;CT;1:NR
10-21 19:32:22.584 I/ThermalEvent( 35): thermzone:def:mtkts_bts1=80;CT;1:NR
10-21 19:32:22.602 I/ActivityManager( 979): Process com.spotify.tv.android (pid 8499) has died
10-21 19:32:22.603 D/ActivityManager( 979): cleanUpApplicationRecord -- 8499
10-21 19:32:22.603 W/ActivityManager( 979): Scheduling restart of crashed service com.spotify.tv.android/.service.SpotifyTVService in 1000ms
10-21 19:32:22.764 I/ThermalEvent( 8542): thermzone:def:virtual_sensor=54;CT;1:NR
10-21 19:32:22.764 I/ThermalEvent( 8542): thermzone:def:mtktscpu=103;CT;1:NR
10-21 19:32:23.661 I/ActivityManager( 979): Start proc 8802:com.spotify.tv.android/u0a21 for service com.spotify.tv.android/.service.SpotifyTVService
10-21 19:32:25.060 I/LoggerMetricsFactoryImpl( 1125): FireTvSaleService:recordPMRPerfData:RecommendationDetails=com.spotify.tv.android;DV;1:NR
10-21 19:32:52.475 E/WifiService( 979): Multicaster binderDied
10-21 19:32:52.476 D/WifiService( 979): releaseWifiLockLocked: WifiLock{AndroidRouter type=3 binder=android.os.BinderProxy@1eca0a0e}
10-21 19:32:52.477 D/WifiService( 979): Client connection lost with reason: 4
10-21 19:32:52.494 I/ActivityManager( 979): Process com.amazon.discoveryservice.core.android (pid 8543) has died
10-21 19:32:52.495 D/ActivityManager( 979): cleanUpApplicationRecord -- 8543
10-21 19:32:52.495 W/ActivityManager( 979): Scheduling restart of crashed service com.amazon.dialservice/.DialService in 1000ms
10-21 19:32:52.557 I/Vlog ( 135): logd:performance:fgtracking=false;DV;1,key=TotalMessages;DV;1,Counter=1304;CT;1,unit=count;DV;1:HI
10-21 19:32:52.557 I/Vlog ( 135): logd:performance:fgtracking=false;DV;1,key=DroppedMessages;DV;1,Counter=0;CT;1,unit=count;DV;1:HI
10-21 19:32:52.557 I/Vlog ( 135): logd:performance:fgtracking=false;DV;1,key=Throughput;DV;1,Counter=17.10;CT;1,unit=kbps;DV;1:HI
10-21 19:32:53.570 I/ActivityManager( 979): Start proc 8853:com.amazon.discoveryservice.core.android/u0a22016 for service com.amazon.dialservice/.DialService
10-21 19:32:54.610 D/WifiService( 979): New client listening to asynchronous messages
10-21 19:32:54.622 W/ActivityThread( 8853): ClassLoader.loadClass: The class loader returned by Thread.getContextClassLoader() may fail for processes that host multiple applications. You should explicitly specify a context class loader. For example: Thread.setContextClassLoader(getClass().getClassLoader());
10-21 19:32:54.704 D/WifiService( 979): acquireWifiLockLocked: WifiLock{AndroidRouter type=3 binder=android.os.BinderProxy@28884fb6}
10-21 19:32:54.775 D/WifiService( 979): releaseWifiLockLocked: WifiLock{AndroidRouter type=3 binder=android.os.BinderProxy@28884fb6}
10-21 19:32:54.943 D/WifiService( 979): acquireWifiLockLocked: WifiLock{AndroidRouter type=3 binder=android.os.BinderProxy@2ddcf389}
10-21 19:33:39.054 E/WifiService( 979): Multicaster binderDied
10-21 19:33:39.056 D/WifiService( 979): Client connection lost with reason: 4
10-21 19:33:39.087 I/ActivityManager( 979): Process com.amazon.whisperlink.core.android (pid 8597) has died
10-21 19:33:39.087 D/ActivityManager( 979): cleanUpApplicationRecord -- 8597
10-21 19:33:39.088 W/ActivityManager( 979): Scheduling restart of crashed service com.amazon.whisperlink.core.android/.WhisperLinkCoreService in 1000ms
10-21 19:33:40.130 I/ActivityManager( 979): Start proc 8927:com.amazon.whisperlink.core.android/u0a22041 for service com.amazon.whisperlink.core.android/.WhisperLinkCoreService
10-21 19:33:40.130 D/ActivityManager( 979): app = com.amazon.whisperlink.core.android, has single user service, setting process record!
10-21 19:33:40.735 W/SchedPolicy( 979): Failed to set io priority for tid 8948 (No such process)
10-21 19:33:41.557 D/WifiService( 979): New client listening to asynchronous messages
10-21 19:33:44.655 D/ConnectivityService( 979): updateNetworkScore for NetworkAgentInfo [WIFI () - 100] to 59
10-21 19:33:44.658 D/ConnectivityService( 979): rematching NetworkAgentInfo [WIFI () - 100]
10-21 19:33:44.658 D/ConnectivityService( 979): Network NetworkAgentInfo [WIFI () - 100] was already satisfying request 1. No change.
10-21 19:33:44.658 D/ConnectivityService( 979): notifyType AVAILABLE for NetworkAgentInfo [WIFI () - 100]
10-21 19:33:45.524 D/ActivityManager( 979): single user service: com.amazon.imp
10-21 19:33:45.548 D/ActivityManager( 979): app = com.amazon.imp, has single user service, setting process record.
10-21 19:33:47.488 W/ActivityThread( 8927): ClassLoader.loadClass: The class loader returned by Thread.getContextClassLoader() may fail for processes that host multiple applications. You should explicitly specify a context class loader. For example: Thread.setContextClassLoader(getClass().getClassLoader());
10-21 19:33:47.645 D/ConnectivityService( 979): updateNetworkScore for NetworkAgentInfo [WIFI () - 100] to 60
10-21 19:33:47.645 D/ConnectivityService( 979): rematching NetworkAgentInfo [WIFI () - 100]
10-21 19:33:47.666 D/ConnectivityService( 979): Network NetworkAgentInfo [WIFI () - 100] was already satisfying request 1. No change.
10-21 19:33:47.666 D/ConnectivityService( 979): notifyType AVAILABLE for NetworkAgentInfo [WIFI () - 100]
10-21 19:33:47.891 D/ActivityManager( 979): single user service: com.amazon.imp
10-21 19:33:47.952 D/ActivityManager( 979): app = com.amazon.imp, has single user service, setting process record.
10-21 19:33:52.558 I/Vlog ( 135): logd:performance:fgtracking=false;DV;1,key=TotalMessages;DV;1,Counter=1647;CT;1,unit=count;DV;1:HI
10-21 19:33:52.558 I/Vlog ( 135): logd:performance:fgtracking=false;DV;1,key=DroppedMessages;DV;1,Counter=0;CT;1,unit=count;DV;1:HI
10-21 19:33:52.558 I/Vlog ( 135): logd:performance:fgtracking=false;DV;1,key=Throughput;DV;1,Counter=21.24;CT;1,unit=kbps;DV;1:HI
10-21 19:34:37.950 I/Vlog ( 979): Thermal:Screen_On_Thermal_Throttling_P2P_Off:fgtracking=false;DV;1,key=4;DV;1,Timer=0.39886305555555557;TI;1,unit=hours;DV;1,metadata=org.xbmc.kodi;DV;1:HI
10-21 19:34:52.558 I/Vlog ( 135): logd:performance:fgtracking=false;DV;1,key=TotalMessages;DV;1,Counter=712;CT;1,unit=count;DV;1:HI
10-21 19:34:52.558 I/Vlog ( 135): logd:performance:fgtracking=false;DV;1,key=DroppedMessages;DV;1,Counter=0;CT;1,unit=count;DV;1:HI
10-21 19:34:52.558 I/Vlog ( 135): logd:performance:fgtracking=false;DV;1,key=Throughput;DV;1,Counter=9.93;CT;1,unit=kbps;DV;1:HI
10-21 19:34:59.943 I/Vlog ( 979): Thermal:Screen_On_Thermal_Throttling_P2P_Off:fgtracking=false;DV;1,key=3;DV;1,Timer=0.006109166666666666;TI;1,unit=hours;DV;1,metadata=org.xbmc.kodi;DV;1:HI
10-21 19:35:00.944 I/Vlog ( 979): Thermal:Screen_On_Thermal_Throttling_P2P_Off:fgtracking=false;DV;1,key=2;DV;1,Timer=2.777777777777778E-4;TI;1,unit=hours;DV;1,metadata=org.xbmc.kodi;DV;1:HI
10-21 19:35:02.953 I/Vlog ( 979): Thermal:Screen_On_Thermal_Throttling_P2P_Off:fgtracking=false;DV;1,key=3;DV;1,Timer=5.580555555555556E-4;TI;1,unit=hours;DV;1,metadata=org.xbmc.kodi;DV;1:HI
10-21 19:35:04.943 I/Vlog ( 979): Thermal:Screen_On_Thermal_Throttling_P2P_Off:fgtracking=false;DV;1,key=2;DV;1,Timer=5.527777777777778E-4;TI;1,unit=hours;DV;1,metadata=org.xbmc.kodi;DV;1:HI
10-21 19:35:05.943 I/Vlog ( 979): Thermal:Screen_On_Thermal_Throttling_P2P_Off:fgtracking=false;DV;1,key=3;DV;1,Timer=2.777777777777778E-4;TI;1,unit=hours;DV;1,metadata=org.xbmc.kodi;DV;1:HI
10-21 19:35:21.943 I/Vlog ( 979): Thermal:Screen_On_Thermal_Throttling_P2P_Off:fgtracking=false;DV;1,key=2;DV;1,Timer=0.0044444444444444444;TI;1,unit=hours;DV;1,metadata=org.xbmc.kodi;DV;1:HI
10-21 19:35:22.943 I/Vlog ( 979): Thermal:Screen_On_Thermal_Throttling_P2P_Off:fgtracking=false;DV;1,key=3;DV;1,Timer=2.777777777777778E-4;TI;1,unit=hours;DV;1,metadata=org.xbmc.kodi;DV;1:HI
10-21 19:35:52.559 I/Vlog ( 135): logd:performance:fgtracking=false;DV;1,key=TotalMessages;DV;1,Counter=718;CT;1,unit=count;DV;1:HI
10-21 19:35:52.559 I/Vlog ( 135): logd:performance:fgtracking=false;DV;1,key=DroppedMessages;DV;1,Counter=0;CT;1,unit=count;DV;1:HI
10-21 19:35:52.559 I/Vlog ( 135): logd:performance:fgtracking=false;DV;1,key=Throughput;DV;1,Counter=10.60;CT;1,unit=kbps;DV;1:HI
10-21 19:36:04.943 I/Vlog ( 979): Thermal:Screen_On_Thermal_Throttling_P2P_Off:fgtracking=false;DV;1,key=2;DV;1,Timer=0.011666666666666667;TI;1,unit=hours;DV;1,metadata=org.xbmc.kodi;DV;1:HI
10-21 19:36:05.944 I/Vlog ( 979): Thermal:Screen_On_Thermal_Throttling_P2P_Off:fgtracking=false;DV;1,key=1;DV;1,Timer=2.7805555555555553E-4;TI;1,unit=hours;DV;1,metadata=org.xbmc.kodi;DV;1:HI
10-21 19:36:07.945 I/Vlog ( 979): Thermal:Screen_On_Thermal_Throttling_P2P_Off:fgtracking=false;DV;1,key=2;DV;1,Timer=5.558333333333333E-4;TI;1,unit=hours;DV;1,metadata=org.xbmc.kodi;DV;1:HI
10-21 19:36:09.943 I/Vlog ( 979): Thermal:Screen_On_Thermal_Throttling_P2P_Off:fgtracking=false;DV;1,key=1;DV;1,Timer=5.55E-4;TI;1,unit=hours;DV;1,metadata=org.xbmc.kodi;DV;1:HI --------- beginning of kernel
10-21 19:36:10.584 I/Kernel ( 8542): [ 2964.463617].(2)[8542:kworker/2:0][MUSB] USB is ready for connect
10-21 19:36:10.594 I/Kernel ( 35): [ 2964.473650].(1)[35:kworker/1:1] ABB T=96800
10-21 19:36:11.594 I/Kernel ( 35): [ 2965.473670].(1)[35:kworker/1:1] ABB T=96300
10-21 19:36:11.734 I/Kernel ( 29): [ 2965.613637].(0)[29:update_secureti]enter TEE_Icnt_time
10-21 19:36:11.734 I/Kernel ( 29): [ 2965.614031].(0)[29:update_secureti]update_securetime_thread_gb updata inc count
10-21 19:36:12.594 I/Kernel ( 35): [ 2966.473638].(1)[35:kworker/1:1] ABB T=96000
10-21 19:36:12.943 I/Vlog ( 979): Thermal:Screen_On_Thermal_Throttling_P2P_Off:fgtracking=false;DV;1,key=2;DV;1,Timer=8.333333333333334E-4;TI;1,unit=hours;DV;1,metadata=org.xbmc.kodi;DV;1:HI
10-21 19:36:13.594 I/Kernel ( 35): [ 2967.473666].(1)[35:kworker/1:1] ABB T=96100
10-21 19:36:14.594 I/Kernel ( 35): [ 2968.473681].(1)[35:kworker/1:1] ABB T=95700
10-21 19:36:15.594 I/Kernel ( 35): [ 2969.473692].(1)[35:kworker/1:1] ABB T=95700
10-21 19:36:16.594 I/Kernel ( 35): [ 2970.473656].(1)[35:kworker/1:1] ABB T=96300
10-21 19:36:16.604 I/Kernel ( 8542): [ 2970.483605].(2)[8542:kworker/2:0][MUSB] USB is ready for connect
10-21 19:36:16.734 I/Kernel ( 29): [ 2970.613673].(0)[29:update_secureti]enter TEE_Icnt_time
10-21 19:36:16.734 I/Kernel ( 29): [ 2970.614069].(0)[29:update_secureti]update_securetime_thread_gb updata inc count
10-21 19:36:17.594 I/Kernel ( 35): [ 2971.473666].(1)[35:kworker/1:1] ABB T=95400
10-21 19:36:17.804 I/Kernel ( 148): [ 2971.688722].(1)[148:syseng.sh] ABB T=95400
10-21 19:36:17.814 I/Kernel ( 9015): [ 2971.701964].(2)[9015:log]audit avc scontext:u:r:sysengd:s0
10-21 19:36:17.857 I/syseng_board_status( 9015): syseng_board_status:tempstat:tmon_mtktsabb=95400;CT;1,tmon_mtkts_bts0=80000;CT;1,tmon_mtkts_bts1=78000;CT;1,tmon_mtktscpu=95200;CT;1,tmon_virtual_sensor=53413;CT;1:NR
10-21 19:36:17.854 I/Kernel ( 9016): [ 2971.735077].(1)[9016:log]audit avc scontext:u:r:sysengd:s0
10-21 19:36:17.878 I/syseng_board_status( 9016): syseng_board_status:cooling_device:thermal_state_cpuhotplug=0;CT;1,thermal_state_wifi=0;CT;1,thermal_state_vsync=0;CT;1,thermal_state_thermal-cpufreq-0=1;CT;1,thermal_state_thermal-cpufreq-1=0;CT;1:NR
10-21 19:36:17.864 I/Kernel ( 9017): [ 2971.752575].(0)[9017:rm]audit avc scontext:u:r:sysengd:s0
10-21 19:36:18.594 I/Kernel ( 35): [ 2972.473710].(1)[35:kworker/1:1] ABB T=96500
10-21 19:36:18.943 I/Vlog ( 979): Thermal:Screen_On_Thermal_Throttling_P2P_Off:fgtracking=false;DV;1,key=1;DV;1,Timer=0.0016666666666666668;TI;1,unit=hours;DV;1,metadata=org.xbmc.kodi;DV;1:HI
10-21 19:36:19.594 I/Kernel ( 35): [ 2973.473598].(1)[35:kworker/1:1] ABB T=95900
10-21 19:36:20.594 I/Kernel ( 35): [ 2974.473645].(1)[35:kworker/1:1] ABB T=95700
10-21 19:36:20.943 I/Vlog ( 979): Thermal:Screen_On_Thermal_Throttling_P2P_Off:fgtracking=false;DV;1,key=2;DV;1,Timer=5.552777777777778E-4;TI;1,unit=hours;DV;1,metadata=org.xbmc.kodi;DV;1:HI
10-21 19:36:21.594 I/Kernel ( 35): [ 2975.473675].(1)[35:kworker/1:1] ABB T=95200
10-21 19:36:21.734 I/Kernel ( 29): [ 2975.613698].(0)[29:update_secureti]enter TEE_Icnt_time
10-21 19:36:21.734 I/Kernel ( 29): [ 2975.614345].(0)[29:update_secureti]update_securetime_thread_gb updata inc count
10-21 19:36:21.943 I/Vlog ( 979): Thermal:Screen_On_Thermal_Throttling_P2P_Off:fgtracking=false;DV;1,key=1;DV;1,Timer=2.777777777777778E-4;TI;1,unit=hours;DV;1,metadata=org.xbmc.kodi;DV;1:HI
10-21 19:36:22.594 I/Kernel ( 35): [ 2976.473634].(1)[35:kworker/1:1] ABB T=96500
10-21 19:36:22.624 I/Kernel ( 8542): [ 2976.506818].(2)[8542:kworker/2:0][MUSB] USB is ready for connect
10-21 19:36:23.594 I/Kernel ( 35): [ 2977.473652].(1)[35:kworker/1:1] ABB T=95900
10-21 19:36:23.943 I/Vlog ( 979): Thermal:Screen_On_Thermal_Throttling_P2P_Off:fgtracking=false;DV;1,key=2;DV;1,Timer=5.552777777777778E-4;TI;1,unit=hours;DV;1,metadata=org.xbmc.kodi;DV;1:HI
10-21 19:36:24.444 I/Kernel ( 434): [ 2978.323612][hdmi]#1506
10-21 19:36:24.444 I/Kernel ( 434): [hdmi] list empty 99000, sleeping
10-21 19:36:24.594 I/Kernel ( 35): [ 2978.473679].(1)[35:kworker/1:1] ABB T=96500
10-21 19:36:25.594 I/Kernel ( 35): [ 2979.473667].(1)[35:kworker/1:1] ABB T=95900
10-21 19:36:26.594 I/Kernel ( 35): [ 2980.473659].(1)[35:kworker/1:1] ABB T=95500
10-21 19:36:26.734 I/Kernel ( 29): [ 2980.613651].(0)[29:update_secureti]enter TEE_Icnt_time
10-21 19:36:26.734 I/Kernel ( 29): [ 2980.614092].(0)[29:update_secureti]update_securetime_thread_gb updata inc count
10-21 19:36:26.943 I/Vlog ( 979): Thermal:Screen_On_Thermal_Throttling_P2P_Off:fgtracking=false;DV;1,key=1;DV;1,Timer=8.333333333333334E-4;TI;1,unit=hours;DV;1,metadata=org.xbmc.kodi;DV;1:HI
10-21 19:36:27.594 I/Kernel ( 35): [ 2981.473683].(1)[35:kworker/1:1] ABB T=96100
10-21 19:36:27.946 I/Vlog ( 979): Thermal:Screen_On_Thermal_Throttling_P2P_Off:fgtracking=false;DV;1,key=2;DV;1,Timer=2.786111111111111E-4;TI;1,unit=hours;DV;1,metadata=org.xbmc.kodi;DV;1:HI
10-21 19:36:28.594 I/Kernel ( 35): [ 2982.473663].(1)[35:kworker/1:1] ABB T=95700
10-21 19:36:28.644 I/Kernel ( 8542): [ 2982.523639].(2)[8542:kworker/2:0][MUSB] USB is ready for connect
10-21 19:36:28.694 I/Kernel ( 0): [ 2982.573559]-(1)[0:swapper/1][printk_delayed:start]
10-21 19:36:28.694 I/Kernel ( 0): [ 2982.573614]-(1)[0:swapper/1][WDK], local_bit:0x8, cpu:1,RT[2982563619326]
10-21 19:36:28.694 I/Kernel ( 0): [ 2982.573614][WDK], local_bit:0xa, cpu:1, check bit0x:f,RT[2982563636403]
10-21 19:36:28.694 I/Kernel ( 0): [ 2982.573614][thread:60][RT:2982563647864] 2019-10-21 17:36:28.692014 UTC; android time 2019-10-21 18:36:28.692014
10-21 19:36:28.694 I/Kernel ( 0): [ 2982.573653]-(1)[0:swapper/1][printk_delayed:done]
10-21 19:36:28.704 I/Kernel ( 0): [ 2982.583551]-(0)[0:swapper/0][printk_delayed:start]
10-21 19:36:28.704 I/Kernel ( 0): [ 2982.583564]-(2)[269:Binder_1][printk_delayed:start]
10-21 19:36:28.704 I/Kernel ( 0): [ 2982.583588]-(2)[269:Binder_1][WDK], local_bit:0xb, cpu:2,RT[2982575979018]
10-21 19:36:28.704 I/Kernel ( 0): [ 2982.583588][WDK], local_bit:0xf, cpu:2, check bit0x:f,RT[2982575992095]
10-21 19:36:28.704 I/Kernel ( 0): [ 2982.583588][WDK]: kick Ex WDT,RT[2982575998633]
10-21 19:36:28.704 I/Kernel ( 0): [ 2982.583588][thread:61][RT:2982576136249] 2019-10-21 17:36:28.704503 UTC; android time 2019-10-21 18:36:28.704503
10-21 19:36:28.704 I/Kernel ( 0): [ 2982.583596]-(2)[269:Binder_1][printk_delayed:done]
10-21 19:36:28.704 I/Kernel ( 0): [ 2982.583676]-(0)[0:swapper/0][WDK], local_bit:0xa, cpu:0,RT[2982573629095]
10-21 19:36:28.704 I/Kernel ( 0): [ 2982.583676][WDK], local_bit:0xb, cpu:0, check bit0x:f,RT[2982573638787]
10-21 19:36:28.704 I/Kernel ( 0): [ 2982.583676][thread:59][RT:2982573649249] 2019-10-21 17:36:28.702015 UTC; android time 2019-10-21 18:36:28.702015
10-21 19:36:28.704 I/Kernel ( 0): [ 2982.583716]-(0)[0:swapper/0][printk_delayed:done]
10-21 19:36:29.414 I/Kernel ( 0): [ 2983.293553]-(3)[0:swapper/3][printk_delayed:start]
10-21 19:36:29.414 I/Kernel ( 0): [ 2983.293610]-(3)[0:swapper/3][WDK], local_bit:0x0, cpu:3,RT[2983283569557]
10-21 19:36:29.414 I/Kernel ( 0): [ 2983.293610][WDK], local_bit:0x8, cpu:3, check bit0x:f,RT[2983283585864]
10-21 19:36:29.414 I/Kernel ( 0): [ 2983.293610][thread:62][RT:2983283596326] 2019-10-21 17:36:29.411963 UTC; android time 2019-10-21 18:36:29.411963
10-21 19:36:29.414 I/Kernel ( 0): [ 2983.293651]-(3)[0:swapper/3][printk_delayed:done]
10-21 19:36:29.594 I/Kernel ( 35): [ 2983.473652].(1)[35:kworker/1:1] ABB T=95700
10-21 19:36:30.594 I/Kernel ( 35): [ 2984.473686].(1)[35:kworker/1:1] ABB T=95900
10-21 19:36:31.594 I/Kernel ( 35): [ 2985.473684].(1)[35:kworker/1:1] ABB T=95900
10-21 19:36:31.734 I/Kernel ( 29): [ 2985.613675].(0)[29:update_secureti]enter TEE_Icnt_time
10-21 19:36:31.734 I/Kernel ( 29): [ 2985.614104].(0)[29:update_secureti]update_securetime_thread_gb updata inc count
10-21 19:36:32.594 I/Kernel ( 35): [ 2986.473659].(1)[35:kworker/1:1] ABB T=95700
10-21 19:36:33.594 I/Kernel ( 35): [ 2987.473691].(1)[35:kworker/1:1] ABB T=95200
10-21 19:36:34.594 I/Kernel ( 35): [ 2988.473690].(1)[35:kworker/1:1] ABB T=95100
10-21 19:36:34.664 I/Kernel ( 8542): [ 2988.543912].(2)[8542:kworker/2:0][MUSB] USB is ready for connect
10-21 19:36:35.594 I/Kernel ( 35): [ 2989.473673].(1)[35:kworker/1:1] ABB T=94900
10-21 19:36:36.594 I/Kernel ( 35): [ 2990.473651].(1)[35:kworker/1:1] ABB T=96300
10-21 19:36:36.734 I/Kernel ( 29): [ 2990.613623].(2)[29:update_secureti]enter TEE_Icnt_time
10-21 19:36:36.734 I/Kernel ( 29): [ 2990.614032].(2)[29:update_secureti]update_securetime_thread_gb updata inc count
10-21 19:36:37.594 I/Kernel ( 35): [ 2991.473663].(1)[35:kworker/1:1] ABB T=95500
10-21 19:36:38.594 I/Kernel ( 35): [ 2992.473634].(1)[35:kworker/1:1] ABB T=95400
10-21 19:36:39.444 I/Kernel ( 434): [ 2993.323606][hdmi]#1506
10-21 19:36:39.444 I/Kernel ( 434): [hdmi] list empty 99500, sleeping
10-21 19:36:39.594 I/Kernel ( 35): [ 2993.473698].(1)[35:kworker/1:1] ABB T=95700
10-21 19:36:40.594 I/Kernel ( 35): [ 2994.473645].(1)[35:kworker/1:1] ABB T=95100
10-21 19:36:40.684 I/Kernel ( 8542): [ 2994.563742].(2)[8542:kworker/2:0][MUSB] USB is ready for connect
10-21 19:36:41.594 I/Kernel ( 35): [ 2995.473663].(1)[35:kworker/1:1] ABB T=95400
10-21 19:36:41.734 I/Kernel ( 29): [ 2995.614119].(0)[29:update_secureti]enter TEE_Icnt_time
10-21 19:36:41.734 I/Kernel ( 29): [ 2995.614570].(0)[29:update_secureti]update_securetime_thread_gb updata inc count
10-21 19:36:42.594 I/Kernel ( 35): [ 2996.473682].(1)[35:kworker/1:1] ABB T=95200
10-21 19:36:43.594 I/Kernel ( 35): [ 2997.473664].(1)[35:kworker/1:1] ABB T=95100
10-21 19:36:44.594 I/Kernel ( 35): [ 2998.473647].(1)[35:kworker/1:1] ABB T=95700
10-21 19:36:45.594 I/Kernel ( 35): [ 2999.473675].(1)[35:kworker/1:1] ABB T=95900
10-21 19:36:46.594 I/Kernel ( 35): [ 3000.473676].(1)[35:kworker/1:1] ABB T=95400
10-21 19:36:46.704 I/Kernel ( 8542): [ 3000.583613].(2)[8542:kworker/2:0][MUSB] USB is ready for connect
10-21 19:36:46.734 I/Kernel ( 29): [ 3000.613618].(0)[29:update_secureti]enter TEE_Icnt_time
10-21 19:36:46.734 I/Kernel ( 29): [ 3000.613996].(0)[29:update_secureti]update_securetime_thread_gb updata inc count
10-21 19:36:47.594 I/Kernel ( 35): [ 3001.473671].(1)[35:kworker/1:1] ABB T=95400
10-21 19:36:48.594 I/Kernel ( 35): [ 3002.473739].(1)[35:kworker/1:1] ABB T=95400
10-21 19:36:48.704 I/Kernel ( 0): [ 3002.583557]-(1)[0:swapper/1][printk_delayed:start]
10-21 19:36:48.704 I/Kernel ( 0): [ 3002.583610]-(1)[0:swapper/1][WDK], local_bit:0x8, cpu:1,RT[3002573605558]
10-21 19:36:48.704 I/Kernel ( 0): [ 3002.583610][WDK], local_bit:0xa, cpu:1, check bit0x:f,RT[3002573623481]
10-21 19:36:48.704 I/Kernel ( 0): [ 3002.583610][thread:60][RT:3002573634712] 2019-10-21 17:36:48.702001 UTC; android time 2019-10-21 18:36:48.702001
10-21 19:36:48.704 I/Kernel ( 0): [ 3002.583790]-(1)[0:swapper/1][printk_delayed:done]
10-21 19:36:48.714 I/Kernel ( 0): [ 3002.593548]-(2)[0:swapper/2][printk_delayed:start]
10-21 19:36:48.714 I/Kernel ( 0): [ 3002.593560]-(0)[1607:AudioOut_B][printk_delayed:start]
10-21 19:36:48.714 I/Kernel ( 0): [ 3002.593585]-(0)[1607:AudioOut_B][WDK], local_bit:0xe, cpu:0,RT[3002583626327]
10-21 19:36:48.714 I/Kernel ( 0): [ 3002.593585][WDK], local_bit:0xf, cpu:0, check bit0x:f,RT[3002583634788]
10-21 19:36:48.714 I/Kernel ( 0): [ 3002.593585][WDK]: kick Ex WDT,RT[3002583640865]
10-21 19:36:48.714 I/Kernel ( 0): [ 3002.593585][thread:59][RT:3002583793635] 2019-10-21 17:36:48.712162 UTC; android time 2019-10-21 18:36:48.712162
10-21 19:36:48.714 I/Kernel ( 0): [ 3002.593593]-(0)[1607:AudioOut_B][printk_delayed:done]
10-21 19:36:48.714 I/Kernel ( 0): [ 3002.593672]-(2)[0:swapper/2][WDK], local_bit:0xa, cpu:2,RT[3002583586942]
10-21 19:36:48.714 I/Kernel ( 0): [ 3002.593672][WDK], local_bit:0xe, cpu:2, check bit0x:f,RT[3002583597019]
10-21 19:36:48.714 I/Kernel ( 0): [ 3002.593672][thread:61][RT:3002583606712] 2019-10-21 17:36:48.711973 UTC; android time 2019-10-21 18:36:48.711973
10-21 19:36:48.714 I/Kernel ( 0): [ 3002.593711]-(2)[0:swapper/2][printk_delayed:done]
10-21 19:36:49.424 I/Kernel ( 0): [ 3003.303555]-(3)[0:swapper/3][printk_delayed:start]
10-21 19:36:49.424 I/Kernel ( 0): [ 3003.303608]-(3)[0:swapper/3][WDK], local_bit:0x0, cpu:3,RT[3003293619558]
10-21 19:36:49.424 I/Kernel ( 0): [ 3003.303608][WDK], local_bit:0x8, cpu:3, check bit0x:f,RT[3003293639481]
10-21 19:36:49.424 I/Kernel ( 0): [ 3003.303608][thread:62][RT:3003293651096] 2019-10-21 17:36:49.422017 UTC; android time 2019-10-21 18:36:49.422017
10-21 19:36:49.424 I/Kernel ( 0): [ 3003.303650]-(3)[0:swapper/3][printk_delayed:done]
10-21 19:36:49.594 I/Kernel ( 35): [ 3003.473666].(1)[35:kworker/1:1] ABB T=95400
10-21 19:36:50.594 I/Kernel ( 35): [ 3004.473679].(1)[35:kworker/1:1] ABB T=95400
10-21 19:36:51.594 I/Kernel ( 35): [ 3005.473709].(1)[35:kworker/1:1] ABB T=95700
10-21 19:36:51.734 I/Kernel ( 29): [ 3005.613634].(2)[29:update_secureti]enter TEE_Icnt_time
10-21 19:36:51.734 I/Kernel ( 29): [ 3005.614017].(2)[29:update_secureti]update_securetime_thread_gb updata inc count
10-21 19:36:52.559 I/Vlog ( 135): logd:performance:fgtracking=false;DV;1,key=TotalMessages;DV;1,Counter=716;CT;1,unit=count;DV;1:HI
10-21 19:36:52.559 I/Vlog ( 135): logd:performance:fgtracking=false;DV;1,key=DroppedMessages;DV;1,Counter=0;CT;1,unit=count;DV;1:HI
10-21 19:36:52.559 I/Vlog ( 135): logd:performance:fgtracking=false;DV;1,key=Throughput;DV;1,Counter=10.14;CT;1,unit=kbps;DV;1:HI
10-21 19:36:52.594 I/Kernel ( 35): [ 3006.473649].(1)[35:kworker/1:1] ABB T=95700
10-21 19:36:52.724 I/Kernel ( 8542): [ 3006.603610].(2)[8542:kworker/2:0][MUSB] USB is ready for connect
10-21 19:36:52.874 I/Kernel ( 136): [ 3006.756396].(0)[136:healthd] ABB T=95700
10-21 19:36:52.874 I/Kernel ( 136): [ 3006.756982].(0)[136:healthd]healthd: Could not open '/sys/class/thermal/thermal_zone5/temp'
10-21 19:36:52.874 I/Kernel ( 136): [ 3006.757067].(0)[136:healthd]healthd: Could not open '/sys/class/thermal/thermal_zone6/temp'
10-21 19:36:52.874 I/Kernel ( 136): [ 3006.757289].(0)[136:healthd]healthd: battery l=100 v=4200 t=2.2 h=2 st=5 chg=u
10-21 19:36:53.594 I/Kernel ( 35): [ 3007.473660].(1)[35:kworker/1:1] ABB T=94900
10-21 19:36:54.444 I/Kernel ( 434): [ 3008.323610][hdmi]#1506
10-21 19:36:54.444 I/Kernel ( 434): [hdmi] list empty 100000, sleeping
10-21 19:36:54.594 I/Kernel ( 35): [ 3008.473683].(1)[35:kworker/1:1] ABB T=95100
10-21 19:36:55.594 I/Kernel ( 35): [ 3009.473647].(1)[35:kworker/1:1] ABB T=94900
10-21 19:36:56.594 I/Kernel ( 35): [ 3010.473650].(1)[35:kworker/1:1] ABB T=95100
10-21 19:36:56.734 I/Kernel ( 29): [ 3010.613653].(2)[29:update_secureti]enter TEE_Icnt_time
10-21 19:36:56.734 I/Kernel ( 29): [ 3010.613922].(2)[29:update_secureti]update_securetime_thread_gb updata inc count
10-21 19:36:57.594 I/Kernel ( 35): [ 3011.473725].(1)[35:kworker/1:1] ABB T=95200
10-21 19:36:58.594 I/Kernel ( 35): [ 3012.473680].(1)[35:kworker/1:1] ABB T=94700
10-21 19:36:58.744 I/Kernel ( 8542): [ 3012.623634].(2)[8542:kworker/2:0][MUSB] USB is ready for connect
10-21 19:36:59.594 I/Kernel ( 35): [ 3013.473685].(1)[35:kworker/1:1] ABB T=94700
10-21 19:37:00.594 I/Kernel ( 35): [ 3014.473719].(1)[35:kworker/1:1] ABB T=94900
10-21 19:37:01.594 I/Kernel ( 35): [ 3015.473647].(1)[35:kworker/1:1] ABB T=95100
10-21 19:37:01.734 I/Kernel ( 29): [ 3015.613624].(2)[29:update_secureti]enter TEE_Icnt_time
10-21 19:37:01.734 I/Kernel ( 29): [ 3015.614015].(2)[29:update_secureti]update_securetime_thread_gb updata inc count
10-21 19:37:02.594 I/Kernel ( 35): [ 3016.473642].(1)[35:kworker/1:1] ABB T=94700
10-21 19:37:03.594 I/Kernel ( 35): [ 3017.473690].(1)[35:kworker/1:1] ABB T=94700
10-21 19:37:04.594 I/Kernel ( 35): [ 3018.473944].(1)[35:kworker/1:1] ABB T=94800
10-21 19:37:04.764 I/Kernel ( 8542): [ 3018.643661].(2)[8542:kworker/2:0][MUSB] USB is ready for connect
10-21 19:37:05.594 I/Kernel ( 35): [ 3019.473672].(1)[35:kworker/1:1] ABB T=94900
10-21 19:37:06.594 I/Kernel ( 35): [ 3020.473685].(1)[35:kworker/1:1] ABB T=94900
10-21 19:37:06.734 I/Kernel ( 29): [ 3020.613684].(2)[29:update_secureti]enter TEE_Icnt_time
10-21 19:37:06.734 I/Kernel ( 29): [ 3020.614422].(2)[29:update_secureti]update_securetime_thread_gb updata inc count
10-21 19:37:07.594 I/Kernel ( 35): [ 3021.473673].(1)[35:kworker/1:1] ABB T=94900
10-21 19:37:08.594 I/Kernel ( 35): [ 3022.473917].(1)[35:kworker/1:1] ABB T=94900
10-21 19:37:08.714 I/Kernel ( 0): [ 3022.593557]-(1)[0:swapper/1][printk_delayed:start]
10-21 19:37:08.714 I/Kernel ( 0): [ 3022.593609]-(1)[0:swapper/1][WDK], local_bit:0x8, cpu:1,RT[3022583675405]
10-21 19:37:08.714 I/Kernel ( 0): [ 3022.593609][WDK], local_bit:0xa, cpu:1, check bit0x:f,RT[3022583693020]
10-21 19:37:08.714 I/Kernel ( 0): [ 3022.593609][thread:60][RT:3022583703713] 2019-10-21 17:37:08.712071 UTC; android time 2019-10-21 18:37:08.712071
10-21 19:37:08.714 I/Kernel ( 0): [ 3022.593649]-(1)[0:swapper/1][printk_delayed:done]
10-21 19:37:08.724 I/Kernel ( 0): [ 3022.603542]-(0)[0:swapper/0][printk_delayed:start]
10-21 19:37:08.724 I/Kernel ( 0): [ 3022.603553]-(2)[0:swapper/2][printk_delayed:start]
10-21 19:37:08.724 I/Kernel ( 0): [ 3022.603576]-(2)[0:swapper/2][WDK], local_bit:0xb, cpu:2,RT[3022595618405]
10-21 19:37:08.724 I/Kernel ( 0): [ 3022.603576][WDK], local_bit:0xf, cpu:2, check bit0x:f,RT[3022595628790]
10-21 19:37:08.724 I/Kernel ( 0): [ 3022.603576][WDK]: kick Ex WDT,RT[3022595635328]
10-21 19:37:08.724 I/Kernel ( 0): [ 3022.603576][thread:61][RT:3022595785867] 2019-10-21 17:37:08.724154 UTC; android time 2019-10-21 18:37:08.724154
10-21 19:37:08.724 I/Kernel ( 0): [ 3022.603584]-(2)[0:swapper/2][printk_delayed:done]
10-21 19:37:08.724 I/Kernel ( 0): [ 3022.603661]-(0)[0:swapper/0][WDK], local_bit:0xa, cpu:0,RT[3022593604097]
10-21 19:37:08.724 I/Kernel ( 0): [ 3022.603661][WDK], local_bit:0xb, cpu:0, check bit0x:f,RT[3022593614790]
10-21 19:37:08.724 I/Kernel ( 0): [ 3022.603661][thread:59][RT:3022593625174] 2019-10-21 17:37:08.721991 UTC; android time 2019-10-21 18:37:08.721991
10-21 19:37:08.724 I/Kernel ( 0): [ 3022.603700]-(0)[0:swapper/0][printk_delayed:done]
10-21 19:37:09.434 I/Kernel ( 0): [ 3023.313548]-(3)[0:swapper/3][printk_delayed:start]
10-21 19:37:09.434 I/Kernel ( 0): [ 3023.313599]-(3)[0:swapper/3][WDK], local_bit:0x0, cpu:3,RT[3023303618251]
10-21 19:37:09.434 I/Kernel ( 0): [ 3023.313599][WDK], local_bit:0x8, cpu:3, check bit0x:f,RT[3023303635405]
10-21 19:37:09.434 I/Kernel ( 0): [ 3023.313599][thread:62][RT:3023303646251] 2019-10-21 17:37:09.432013 UTC; android time 2019-10-21 18:37:09.432013
10-21 19:37:09.434 I/Kernel ( 0): [ 3023.313640]-(3)[0:swapper/3][printk_delayed:done]
10-21 19:37:09.444 I/Kernel ( 434): [ 3023.323581][hdmi]#1506
10-21 19:37:09.444 I/Kernel ( 434): [hdmi] list empty 100500, sleeping
10-21 19:37:09.594 I/Kernel ( 35): [ 3023.473695].(1)[35:kworker/1:1] ABB T=94800
10-21 19:37:10.594 I/Kernel ( 35): [ 3024.473649].(1)[35:kworker/1:1] ABB T=94900
10-21 19:37:10.784 I/Kernel ( 8542): [ 3024.663887].(2)[8542:kworker/2:0][MUSB] USB is ready for connect
10-21 19:37:11.594 I/Kernel ( 35): [ 3025.473657].(1)[35:kworker/1:1] ABB T=94900
10-21 19:37:11.734 I/Kernel ( 29): [ 3025.613936].(1)[29:update_secureti]enter TEE_Icnt_time
10-21 19:37:11.734 I/Kernel ( 29): [ 3025.614385].(1)[29:update_secureti]update_securetime_thread_gb updata inc count
10-21 19:37:12.008 I/SysfsTemperatureObserverBase( 979): MetricsTimerUpdateTask wifiRemotePairedState=bluetooth
10-21 19:37:12.009 I/SysfsTemperatureObserverBase( 979): MetricsTimerUpdateTask tmon_mtktsabb_screen_on_bluetooth=94900
10-21 19:37:12.009 I/SysfsTemperatureObserverBase( 979): MetricsTimerUpdateTask tmon_mtkts_bts0_screen_on_bluetooth=79000
