10-21 19:37:12.010 I/SysfsTemperatureObserverBase( 979): MetricsTimerUpdateTask tmon_mtkts_bts1_screen_on_bluetooth=77000
10-21 19:37:12.010 I/SysfsTemperatureObserverBase( 979): MetricsTimerUpdateTask tmon_mtktscpu_screen_on_bluetooth=93100
10-21 19:37:12.011 I/SysfsTemperatureObserverBase( 979): MetricsTimerUpdateTask tmon_virtual_sensor_screen_on_bluetooth=52281
10-21 19:37:12.011 I/LoggerMetricsFactoryImpl( 979): ThermalEvent:tmon:tmon_mtktsabb_screen_on_bluetooth=94900.0;CT;1,tmon_virtual_sensor_screen_on_bluetooth=52281.0;CT;1,tmon_mtkts_bts1_screen_on_bluetooth=77000.0;CT;1,tmon_mtkts_bts0_screen_on_bluetooth=79000.0;CT;1,tmon_mtktscpu_screen_on_bluetooth=93100.0;CT;1:NR
10-21 19:37:11.994 I/Kernel ( 979): [ 3025.880870].(2)[1069:Timer-1] ABB T=94900
10-21 19:37:12.594 I/Kernel ( 35): [ 3026.473685].(1)[35:kworker/1:1] ABB T=94900
10-21 19:37:13.594 I/Kernel ( 35): [ 3027.473646].(1)[35:kworker/1:1] ABB T=94900
10-21 19:37:14.594 I/Kernel ( 35): [ 3028.473649].(1)[35:kworker/1:1] ABB T=94900
10-21 19:37:15.594 I/Kernel ( 35): [ 3029.473687].(1)[35:kworker/1:1] ABB T=94700
10-21 19:37:16.594 I/Kernel ( 35): [ 3030.473661].(1)[35:kworker/1:1] ABB T=94700
10-21 19:37:16.734 I/Kernel ( 29): [ 3030.613641].(1)[29:update_secureti]enter TEE_Icnt_time
10-21 19:37:16.734 I/Kernel ( 29): [ 3030.614019].(1)[29:update_secureti]update_securetime_thread_gb updata inc count
10-21 19:37:16.804 I/Kernel ( 8542): [ 3030.684080].(2)[8542:kworker/2:0][MUSB] USB is ready for connect
10-21 19:37:16.974 I/Kernel ( 1374): [ 3030.854764]-(2)[1374:usb-tx-thread][MUSBFSH] musbfsh_host_tx 1222: extra TX2 ready, csr 0000
10-21 19:37:17.594 I/Kernel ( 35): [ 3031.473652].(1)[35:kworker/1:1] ABB T=94100
10-21 19:37:18.594 I/Kernel ( 35): [ 3032.473602].(1)[35:kworker/1:1] ABB T=94300
10-21 19:37:19.594 I/Kernel ( 35): [ 3033.473689].(1)[35:kworker/1:1] ABB T=94500
10-21 19:37:20.594 I/Kernel ( 35): [ 3034.473803].(1)[35:kworker/1:1] ABB T=94100
10-21 19:37:21.594 I/Kernel ( 35): [ 3035.473721].(1)[35:kworker/1:1] ABB T=94500
10-21 19:37:21.734 I/Kernel ( 29): [ 3035.613611].(1)[29:update_secureti]enter TEE_Icnt_time
10-21 19:37:21.734 I/Kernel ( 29): [ 3035.614001].(1)[29:update_secureti]update_securetime_thread_gb updata inc count
10-21 19:37:22.594 I/Kernel ( 35): [ 3036.473666].(1)[35:kworker/1:1] ABB T=94300
10-21 19:37:22.824 I/Kernel ( 8542): [ 3036.703593].(2)[8542:kworker/2:0][MUSB] USB is ready for connect
10-21 19:37:23.594 I/Kernel ( 35): [ 3037.473654].(1)[35:kworker/1:1] ABB T=94300
10-21 19:37:24.444 I/Kernel ( 434): [ 3038.323614][hdmi]#1506
10-21 19:37:24.444 I/Kernel ( 434): [hdmi] list empty 101000, sleeping
10-21 19:37:24.594 I/Kernel ( 35): [ 3038.473710].(1)[35:kworker/1:1] ABB T=94100
10-21 19:37:25.594 I/Kernel ( 35): [ 3039.473677].(1)[35:kworker/1:1] ABB T=94100
10-21 19:37:26.594 I/Kernel ( 35): [ 3040.473656].(1)[35:kworker/1:1] ABB T=94000
10-21 19:37:26.734 I/Kernel ( 29): [ 3040.613672].(1)[29:update_secureti]enter TEE_Icnt_time
10-21 19:37:26.734 I/Kernel ( 29): [ 3040.614074].(1)[29:update_secureti]update_securetime_thread_gb updata inc count
10-21 19:37:27.594 I/Kernel ( 35): [ 3041.473659].(1)[35:kworker/1:1] ABB T=94900
10-21 19:37:28.594 I/Kernel ( 35): [ 3042.473668].(1)[35:kworker/1:1] ABB T=94600
10-21 19:37:28.724 I/Kernel ( 0): [ 3042.603553]-(1)[0:swapper/1][printk_delayed:start]
10-21 19:37:28.724 I/Kernel ( 0): [ 3042.603604]-(1)[0:swapper/1][WDK], local_bit:0x8, cpu:1,RT[3042593572329]
10-21 19:37:28.724 I/Kernel ( 0): [ 3042.603604][WDK], local_bit:0xa, cpu:1, check bit0x:f,RT[3042593590175]
10-21 19:37:28.724 I/Kernel ( 0): [ 3042.603604][thread:60][RT:3042593600791] 2019-10-21 17:37:28.721967 UTC; android time 2019-10-21 18:37:28.721967
10-21 19:37:28.724 I/Kernel ( 0): [ 3042.603776]-(1)[0:swapper/1][printk_delayed:done]
10-21 19:37:28.734 I/Kernel ( 0): [ 3042.613554]-(2)[0:swapper/2][printk_delayed:start]
10-21 19:37:28.734 I/Kernel ( 0): [ 3042.613567]-(0)[7925:CodecLooper][printk_delayed:start]
10-21 19:37:28.734 I/Kernel ( 0): [ 3042.613592]-(0)[7925:CodecLooper][WDK], local_bit:0xe, cpu:0,RT[3042603619791]
10-21 19:37:28.734 I/Kernel ( 0): [ 3042.613592][WDK], local_bit:0xf, cpu:0, check bit0x:f,RT[3042603627945]
10-21 19:37:28.734 I/Kernel ( 0): [ 3042.613592][WDK]: kick Ex WDT,RT[3042603633714]
10-21 19:37:28.734 I/Kernel ( 0): [ 3042.613592][thread:59][RT:3042603824560] 2019-10-21 17:37:28.732192 UTC; android time 2019-10-21 18:37:28.732192
10-21 19:37:28.734 I/Kernel ( 0): [ 3042.613600]-(0)[7925:CodecLooper][printk_delayed:done]
10-21 19:37:28.734 I/Kernel ( 0): [ 3042.613680]-(2)[0:swapper/2][WDK], local_bit:0xa, cpu:2,RT[3042603572099]
10-21 19:37:28.734 I/Kernel ( 0): [ 3042.613680][WDK], local_bit:0xe, cpu:2, check bit0x:f,RT[3042603582175]
10-21 19:37:28.734 I/Kernel ( 0): [ 3042.613680][thread:61][RT:3042603591868] 2019-10-21 17:37:28.731959 UTC; android time 2019-10-21 18:37:28.731959
10-21 19:37:28.734 I/Kernel ( 0): [ 3042.613719]-(2)[0:swapper/2][printk_delayed:done]
10-21 19:37:28.844 I/Kernel ( 8542): [ 3042.724168].(2)[8542:kworker/2:0][MUSB] USB is ready for connect
10-21 19:37:29.444 I/Kernel ( 0): [ 3043.323547]-(3)[0:swapper/3][printk_delayed:start]
10-21 19:37:29.444 I/Kernel ( 0): [ 3043.323602]-(3)[0:swapper/3][WDK], local_bit:0x0, cpu:3,RT[3043313620945]
10-21 19:37:29.444 I/Kernel ( 0): [ 3043.323602][WDK], local_bit:0x8, cpu:3, check bit0x:f,RT[3043313639176]
10-21 19:37:29.444 I/Kernel ( 0): [ 3043.323602][thread:62][RT:3043313650637] 2019-10-21 17:37:29.442017 UTC; android time 2019-10-21 18:37:29.442017
10-21 19:37:29.444 I/Kernel ( 0): [ 3043.323643]-(3)[0:swapper/3][printk_delayed:done]
10-21 19:37:29.594 I/Kernel ( 35): [ 3043.473661].(1)[35:kworker/1:1] ABB T=94800
10-21 19:37:30.594 I/Kernel ( 35): [ 3044.473665].(1)[35:kworker/1:1] ABB T=94500
10-21 19:37:31.594 I/Kernel ( 35): [ 3045.473671].(1)[35:kworker/1:1] ABB T=94700
10-21 19:37:31.734 I/Kernel ( 29): [ 3045.613661].(1)[29:update_secureti]enter TEE_Icnt_time
10-21 19:37:31.734 I/Kernel ( 29): [ 3045.614062].(1)[29:update_secureti]update_securetime_thread_gb updata inc count
10-21 19:37:32.594 I/Kernel ( 35): [ 3046.473654].(1)[35:kworker/1:1] ABB T=94600
10-21 19:37:33.594 I/Kernel ( 35): [ 3047.473678].(1)[35:kworker/1:1] ABB T=94600
10-21 19:37:34.594 I/Kernel ( 35): [ 3048.473658].(1)[35:kworker/1:1] ABB T=94500
10-21 19:37:34.864 I/Kernel ( 8542): [ 3048.743648].(2)[8542:kworker/2:0][MUSB] USB is ready for connect
10-21 19:37:35.594 I/Kernel ( 35): [ 3049.473662].(1)[35:kworker/1:1] ABB T=94500
10-21 19:37:36.594 I/Kernel ( 35): [ 3050.473696].(1)[35:kworker/1:1] ABB T=94900
10-21 19:37:36.734 I/Kernel ( 29): [ 3050.613641].(1)[29:update_secureti]enter TEE_Icnt_time
10-21 19:37:36.734 I/Kernel ( 29): [ 3050.614053].(1)[29:update_secureti]update_securetime_thread_gb updata inc count
10-21 19:37:37.594 I/Kernel ( 35): [ 3051.473670].(1)[35:kworker/1:1] ABB T=94700
10-21 19:37:38.594 I/Kernel ( 35): [ 3052.473656].(1)[35:kworker/1:1] ABB T=93700
10-21 19:37:39.444 I/Kernel ( 434): [ 3053.323595][hdmi]#1506
10-21 19:37:39.444 I/Kernel ( 434): [hdmi] list empty 101500, sleeping
10-21 19:37:39.594 I/Kernel ( 35): [ 3053.473707].(1)[35:kworker/1:1] ABB T=93700
10-21 19:37:40.594 I/Kernel ( 35): [ 3054.473669].(1)[35:kworker/1:1] ABB T=93800
10-21 19:37:40.884 I/Kernel ( 8542): [ 3054.763637].(2)[8542:kworker/2:0][MUSB] USB is ready for connect
10-21 19:37:41.594 I/Kernel ( 35): [ 3055.473645].(1)[35:kworker/1:1] ABB T=93800
10-21 19:37:41.734 I/Kernel ( 29): [ 3055.613644].(1)[29:update_secureti]enter TEE_Icnt_time
10-21 19:37:41.734 I/Kernel ( 29): [ 3055.614051].(1)[29:update_secureti]update_securetime_thread_gb updata inc count
10-21 19:37:42.594 I/Kernel ( 35): [ 3056.473642].(1)[35:kworker/1:1] ABB T=95500
10-21 19:37:43.594 I/Kernel ( 35): [ 3057.473669].(1)[35:kworker/1:1] ABB T=94000
10-21 19:37:44.594 I/Kernel ( 35): [ 3058.473657].(1)[35:kworker/1:1] ABB T=93700
10-21 19:37:45.594 I/Kernel ( 35): [ 3059.473679].(1)[35:kworker/1:1] ABB T=93500
10-21 19:37:46.594 I/Kernel ( 35): [ 3060.473672].(1)[35:kworker/1:1] ABB T=93700
10-21 19:37:46.734 I/Kernel ( 29): [ 3060.613646].(1)[29:update_secureti]enter TEE_Icnt_time
10-21 19:37:46.734 I/Kernel ( 29): [ 3060.614392].(1)[29:update_secureti]update_securetime_thread_gb updata inc count
10-21 19:37:46.904 I/Kernel ( 8542): [ 3060.783673].(2)[8542:kworker/2:0][MUSB] USB is ready for connect
10-21 19:37:47.594 I/Kernel ( 35): [ 3061.473655].(1)[35:kworker/1:1] ABB T=94000
10-21 19:37:48.594 I/Kernel ( 35): [ 3062.473668].(1)[35:kworker/1:1] ABB T=94100
10-21 19:37:48.734 I/Kernel ( 0): [ 3062.613545]-(1)[0:swapper/1][printk_delayed:start]
10-21 19:37:48.734 I/Kernel ( 0): [ 3062.613596]-(1)[0:swapper/1][WDK], local_bit:0x8, cpu:1,RT[3062603600407]
10-21 19:37:48.734 I/Kernel ( 0): [ 3062.613596][WDK], local_bit:0xa, cpu:1, check bit0x:f,RT[3062603619254]
10-21 19:37:48.734 I/Kernel ( 0): [ 3062.613596][thread:60][RT:3062603630100] 2019-10-21 17:37:48.731996 UTC; android time 2019-10-21 18:37:48.731996
10-21 19:37:48.734 I/Kernel ( 0): [ 3062.613754]-(1)[0:swapper/1][printk_delayed:done]
10-21 19:37:48.744 I/Kernel ( 0): [ 3062.623549]-(2)[0:swapper/2][printk_delayed:start]
10-21 19:37:48.744 I/Kernel ( 0): [ 3062.623561]-(0)[0:swapper/0][printk_delayed:start]
10-21 19:37:48.744 I/Kernel ( 0): [ 3062.623586]-(0)[0:swapper/0][WDK], local_bit:0xe, cpu:0,RT[3062613590561]
10-21 19:37:48.744 I/Kernel ( 0): [ 3062.623586][WDK], local_bit:0xf, cpu:0, check bit0x:f,RT[3062613599331]
10-21 19:37:48.744 I/Kernel ( 0): [ 3062.623586][WDK]: kick Ex WDT,RT[3062613605331]
10-21 19:37:48.744 I/Kernel ( 0): [ 3062.623586][thread:59][RT:3062613757254] 2019-10-21 17:37:48.742125 UTC; android time 2019-10-21 18:37:48.742125
10-21 19:37:48.744 I/Kernel ( 0): [ 3062.623594]-(0)[0:swapper/0][printk_delayed:done]
10-21 19:37:48.744 I/Kernel ( 0): [ 3062.623672]-(2)[0:swapper/2][WDK], local_bit:0xa, cpu:2,RT[3062613575023]
10-21 19:37:48.744 I/Kernel ( 0): [ 3062.623672][WDK], local_bit:0xe, cpu:2, check bit0x:f,RT[3062613584023]
10-21 19:37:48.744 I/Kernel ( 0): [ 3062.623672][thread:61][RT:3062613592792] 2019-10-21 17:37:48.741960 UTC; android time 2019-10-21 18:37:48.741960
10-21 19:37:48.744 I/Kernel ( 0): [ 3062.623711]-(2)[0:swapper/2][printk_delayed:done]
10-21 19:37:48.973 I/Vlog ( 979): Thermal:Screen_On_Thermal_Throttling_P2P_Off:fgtracking=false;DV;1,key=1;DV;1,Timer=0.0225075;TI;1,unit=hours;DV;1,metadata=org.xbmc.kodi;DV;1:HI
10-21 19:37:49.454 I/Kernel ( 0): [ 3063.333550]-(3)[0:swapper/3][printk_delayed:start]
10-21 19:37:49.454 I/Kernel ( 0): [ 3063.333594]-(3)[0:swapper/3][WDK], local_bit:0x0, cpu:3,RT[3063323574946]
10-21 19:37:49.454 I/Kernel ( 0): [ 3063.333594][WDK], local_bit:0x8, cpu:3, check bit0x:f,RT[3063323588561]
10-21 19:37:49.454 I/Kernel ( 0): [ 3063.333594][thread:62][RT:3063323596177] 2019-10-21 17:37:49.451963 UTC; android time 2019-10-21 18:37:49.451963
10-21 19:37:49.454 I/Kernel ( 0): [ 3063.333618]-(3)[0:swapper/3][printk_delayed:done]
10-21 19:37:49.594 I/Kernel ( 35): [ 3063.473624].(1)[35:kworker/1:1] ABB T=94500
10-21 19:37:49.974 I/Vlog ( 979): Thermal:Screen_On_Thermal_Throttling_P2P_Off:fgtracking=false;DV;1,key=0;DV;1,Timer=2.7805555555555553E-4;TI;1,unit=hours;DV;1,metadata=org.xbmc.kodi;DV;1:HI
10-21 19:37:50.594 I/Kernel ( 35): [ 3064.474024].(1)[35:kworker/1:1] ABB T=94700
10-21 19:37:51.594 I/Kernel ( 35): [ 3065.473684].(1)[35:kworker/1:1] ABB T=94000
10-21 19:37:51.734 I/Kernel ( 29): [ 3065.613639].(1)[29:update_secureti]enter TEE_Icnt_time
10-21 19:37:51.734 I/Kernel ( 29): [ 3065.614041].(1)[29:update_secureti]update_securetime_thread_gb updata inc count
10-21 19:37:52.559 I/Vlog ( 135): logd:performance:fgtracking=false;DV;1,key=TotalMessages;DV;1,Counter=724;CT;1,unit=count;DV;1:HI
10-21 19:37:52.559 I/Vlog ( 135): logd:performance:fgtracking=false;DV;1,key=DroppedMessages;DV;1,Counter=0;CT;1,unit=count;DV;1:HI
10-21 19:37:52.559 I/Vlog ( 135): logd:performance:fgtracking=false;DV;1,key=Throughput;DV;1,Counter=10.37;CT;1,unit=kbps;DV;1:HI
10-21 19:37:52.594 I/Kernel ( 35): [ 3066.473668].(1)[35:kworker/1:1] ABB T=94600
10-21 19:37:52.874 I/Kernel ( 136): [ 3066.756355].(1)[136:healthd]healthd: battery l=100 v=4200 t=2.2 h=2 st=5 chg=u
10-21 19:37:52.924 I/Kernel ( 8542): [ 3066.803628].(2)[8542:kworker/2:0][MUSB] USB is ready for connect
10-21 19:37:53.594 I/Kernel ( 35): [ 3067.473662].(1)[35:kworker/1:1] ABB T=94300
10-21 19:37:54.444 I/Kernel ( 434): [ 3068.323616][hdmi]#1506
10-21 19:37:54.444 I/Kernel ( 434): [hdmi] list empty 102000, sleeping
10-21 19:37:54.594 I/Kernel ( 35): [ 3068.473721].(1)[35:kworker/1:1] ABB T=94000
10-21 19:37:54.973 I/Vlog ( 979): Thermal:Screen_On_Thermal_Throttling_P2P_Off:fgtracking=false;DV;1,key=1;DV;1,Timer=0.001388611111111111;TI;1,unit=hours;DV;1,metadata=org.xbmc.kodi;DV;1:HI
10-21 19:37:55.594 I/Kernel ( 35): [ 3069.473628].(1)[35:kworker/1:1] ABB T=94100
10-21 19:37:55.973 I/Vlog ( 979): Thermal:Screen_On_Thermal_Throttling_P2P_Off:fgtracking=false;DV;1,key=0;DV;1,Timer=2.777777777777778E-4;TI;1,unit=hours;DV;1,metadata=org.xbmc.kodi;DV;1:HI
10-21 19:37:56.594 I/Kernel ( 35): [ 3070.473660].(1)[35:kworker/1:1] ABB T=94000
10-21 19:37:56.734 I/Kernel ( 29): [ 3070.613595].(1)[29:update_secureti]enter TEE_Icnt_time
10-21 19:37:56.734 I/Kernel ( 29): [ 3070.613857].(1)[29:update_secureti]update_securetime_thread_gb updata inc count
10-21 19:37:57.594 I/Kernel ( 35): [ 3071.473696].(1)[35:kworker/1:1] ABB T=94300
10-21 19:37:58.594 I/Kernel ( 35): [ 3072.473646].(1)[35:kworker/1:1] ABB T=94000
10-21 19:37:58.944 I/Kernel ( 8542): [ 3072.824257].(2)[8542:kworker/2:0][MUSB] USB is ready for connect
10-21 19:37:59.594 I/Kernel ( 35): [ 3073.473644].(1)[35:kworker/1:1] ABB T=93500
10-21 19:38:00.594 I/Kernel ( 35): [ 3074.473699].(1)[35:kworker/1:1] ABB T=93500
10-21 19:38:01.594 I/Kernel ( 35): [ 3075.473618].(1)[35:kworker/1:1] ABB T=93300
10-21 19:38:01.734 I/Kernel ( 29): [ 3075.613621].(1)[29:update_secureti]enter TEE_Icnt_time
10-21 19:38:01.734 I/Kernel ( 29): [ 3075.613926].(1)[29:update_secureti]update_securetime_thread_gb updata inc count
10-21 19:38:02.594 I/Kernel ( 35): [ 3076.473652].(1)[35:kworker/1:1] ABB T=94000
10-21 19:38:03.594 I/Kernel ( 35): [ 3077.473680].(1)[35:kworker/1:1] ABB T=93200
10-21 19:38:03.973 I/Vlog ( 979): Thermal:Screen_On_Thermal_Throttling_P2P_Off:fgtracking=false;DV;1,key=1;DV;1,Timer=0.0022222222222222222;TI;1,unit=hours;DV;1,metadata=org.xbmc.kodi;DV;1:HI
10-21 19:38:04.594 I/Kernel ( 35): [ 3078.473601].(1)[35:kworker/1:1] ABB T=93700
10-21 19:38:04.974 I/Vlog ( 979): Thermal:Screen_On_Thermal_Throttling_P2P_Off:fgtracking=false;DV;1,key=0;DV;1,Timer=2.7805555555555553E-4;TI;1,unit=hours;DV;1,metadata=org.xbmc.kodi;DV;1:HI
10-21 19:38:04.964 I/Kernel ( 8542): [ 3078.843603].(2)[8542:kworker/2:0][MUSB] USB is ready for connect
10-21 19:38:05.594 I/Kernel ( 35): [ 3079.473651].(1)[35:kworker/1:1] ABB T=93500
10-21 19:38:06.594 I/Kernel ( 35): [ 3080.473648].(1)[35:kworker/1:1] ABB T=93200
10-21 19:38:06.734 I/Kernel ( 29): [ 3080.613636].(1)[29:update_secureti]enter TEE_Icnt_time
10-21 19:38:06.734 I/Kernel ( 29): [ 3080.614015].(1)[29:update_secureti]update_securetime_thread_gb updata inc count
10-21 19:38:07.594 I/Kernel ( 35): [ 3081.473661].(1)[35:kworker/1:1] ABB T=93300
10-21 19:38:08.594 I/Kernel ( 35): [ 3082.473686].(1)[35:kworker/1:1] ABB T=93500
10-21 19:38:08.744 I/Kernel ( 0): [ 3082.623554]-(1)[0:swapper/1][printk_delayed:start]
10-21 19:38:08.744 I/Kernel ( 0): [ 3082.623606]-(1)[0:swapper/1][WDK], local_bit:0x8, cpu:1,RT[3082613593486]
10-21 19:38:08.744 I/Kernel ( 0): [ 3082.623606][WDK], local_bit:0xa, cpu:1, check bit0x:f,RT[3082613611101]
10-21 19:38:08.744 I/Kernel ( 0): [ 3082.623606][thread:60][RT:3082613621716] 2019-10-21 17:38:08.741988 UTC; android time 2019-10-21 18:38:08.741988
10-21 19:38:08.744 I/Kernel ( 0): [ 3082.623762]-(1)[0:swapper/1][printk_delayed:done]
10-21 19:38:08.754 I/Kernel ( 0): [ 3082.633535]-(2)[0:swapper/2][printk_delayed:start]
10-21 19:38:08.754 I/Kernel ( 0): [ 3082.633546]-(0)[0:swapper/0][printk_delayed:start]
10-21 19:38:08.754 I/Kernel ( 0): [ 3082.633568]-(0)[0:swapper/0][WDK], local_bit:0xe, cpu:0,RT[3082623613793]
10-21 19:38:08.754 I/Kernel ( 0): [ 3082.633568][WDK], local_bit:0xf, cpu:0, check bit0x:f,RT[3082623622101]
10-21 19:38:08.754 I/Kernel ( 0): [ 3082.633568][WDK]: kick Ex WDT,RT[3082623627870]
10-21 19:38:08.754 I/Kernel ( 0): [ 3082.633568][thread:59][RT:3082623765562] 2019-10-21 17:38:08.752133 UTC; android time 2019-10-21 18:38:08.752133
10-21 19:38:08.754 I/Kernel ( 0): [ 3082.633579]-(0)[0:swapper/0][printk_delayed:done]
10-21 19:38:08.754 I/Kernel ( 0): [ 3082.633645]-(2)[0:swapper/2][WDK], local_bit:0xa, cpu:2,RT[3082623597409]
10-21 19:38:08.754 I/Kernel ( 0): [ 3082.633645][WDK], local_bit:0xe, cpu:2, check bit0x:f,RT[3082623607024]
10-21 19:38:08.754 I/Kernel ( 0): [ 3082.633645][thread:61][RT:3082623617639] 2019-10-21 17:38:08.751984 UTC; android time 2019-10-21 18:38:08.751984
10-21 19:38:08.754 I/Kernel ( 0): [ 3082.633684]-(2)[0:swapper/2][printk_delayed:done]
10-21 19:38:09.444 I/Kernel ( 434): [ 3083.323626][hdmi]#1506
10-21 19:38:09.444 I/Kernel ( 434): [hdmi] list empty 102500, sleeping
10-21 19:38:09.464 I/Kernel ( 0): [ 3083.343548]-(3)[0:swapper/3][printk_delayed:start]
10-21 19:38:09.464 I/Kernel ( 0): [ 3083.343600]-(3)[0:swapper/3][WDK], local_bit:0x0, cpu:3,RT[3083333573486]
10-21 19:38:09.464 I/Kernel ( 0): [ 3083.343600][WDK], local_bit:0x8, cpu:3, check bit0x:f,RT[3083333588486]
10-21 19:38:09.464 I/Kernel ( 0): [ 3083.343600][thread:62][RT:3083333599332] 2019-10-21 17:38:09.461966 UTC; android time 2019-10-21 18:38:09.461966
10-21 19:38:09.464 I/Kernel ( 0): [ 3083.343640]-(3)[0:swapper/3][printk_delayed:done]
10-21 19:38:09.594 I/Kernel ( 35): [ 3083.473693].(1)[35:kworker/1:1] ABB T=93500
10-21 19:38:09.973 I/Vlog ( 979): Thermal:Screen_On_Thermal_Throttling_P2P_Off:fgtracking=false;DV;1,key=1;DV;1,Timer=0.001388611111111111;TI;1,unit=hours;DV;1,metadata=org.xbmc.kodi;DV;1:HI
10-21 19:38:10.594 I/Kernel ( 35): [ 3084.473620].(1)[35:kworker/1:1] ABB T=94000
10-21 19:38:10.984 I/Kernel ( 8542): [ 3084.863597].(2)[8542:kworker/2:0][MUSB] USB is ready for connect
10-21 19:38:11.594 I/Kernel ( 35): [ 3085.473640].(1)[35:kworker/1:1] ABB T=93700
10-21 19:38:11.734 I/Kernel ( 29): [ 3085.613590].(1)[29:update_secureti]enter TEE_Icnt_time
10-21 19:38:11.734 I/Kernel ( 29): [ 3085.613863].(1)[29:update_secureti]enter TEE_update_gb_time_infile
10-21 19:38:11.734 I/Kernel ( 29): [ 3085.614328].(1)[29:update_secureti]update_securetime_thread_gb updata inc count
10-21 19:38:11.973 I/Vlog ( 979): Thermal:Screen_On_Thermal_Throttling_P2P_Off:fgtracking=false;DV;1,key=0;DV;1,Timer=5.555555555555556E-4;TI;1,unit=hours;DV;1,metadata=org.xbmc.kodi;DV;1:HI
10-21 19:38:12.594 I/Kernel ( 35): [ 3086.473704].(1)[35:kworker/1:1] ABB T=93500
10-21 19:38:13.594 I/Kernel ( 35): [ 3087.473859].(1)[35:kworker/1:1] ABB T=93800
10-21 19:38:14.594 I/Kernel ( 35): [ 3088.473644].(1)[35:kworker/1:1] ABB T=94000
10-21 19:38:14.973 I/Vlog ( 979): Thermal:Screen_On_Thermal_Throttling_P2P_Off:fgtracking=false;DV;1,key=1;DV;1,Timer=8.330555555555555E-4;TI;1,unit=hours;DV;1,metadata=org.xbmc.kodi;DV;1:HI
10-21 19:38:15.594 I/Kernel ( 35): [ 3089.473639].(1)[35:kworker/1:1] ABB T=94000
10-21 19:38:15.974 I/Vlog ( 979): Thermal:Screen_On_Thermal_Throttling_P2P_Off:fgtracking=false;DV;1,key=0;DV;1,Timer=2.7805555555555553E-4;TI;1,unit=hours;DV;1,metadata=org.xbmc.kodi;DV;1:HI
10-21 19:38:16.594 I/Kernel ( 35): [ 3090.473656].(1)[35:kworker/1:1] ABB T=94000
10-21 19:38:16.734 I/Kernel ( 29): [ 3090.613670].(1)[29:update_secureti]enter TEE_Icnt_time
10-21 19:38:16.734 I/Kernel ( 29): [ 3090.614075].(1)[29:update_secureti]update_securetime_thread_gb updata inc count
10-21 19:38:17.004 I/Kernel ( 8542): [ 3090.883642].(2)[8542:kworker/2:0][MUSB] USB is ready for connect
10-21 19:38:17.594 I/Kernel ( 35): [ 3091.473647].(1)[35:kworker/1:1] ABB T=93800
10-21 19:38:18.594 I/Kernel ( 35): [ 3092.473667].(1)[35:kworker/1:1] ABB T=94000
10-21 19:38:19.594 I/Kernel ( 35): [ 3093.473614].(1)[35:kworker/1:1] ABB T=93500
10-21 19:38:20.594 I/Kernel ( 35): [ 3094.473659].(1)[35:kworker/1:1] ABB T=93300
10-21 19:38:20.983 I/Vlog ( 979): Thermal:Screen_On_Thermal_Throttling_P2P_Off:fgtracking=false;DV;1,key=1;DV;1,Timer=0.0013913888888888888;TI;1,unit=hours;DV;1,metadata=org.xbmc.kodi;DV;1:HI
10-21 19:38:21.594 I/Kernel ( 35): [ 3095.473635].(1)[35:kworker/1:1] ABB T=93500
10-21 19:38:21.734 I/Kernel ( 29): [ 3095.613622].(1)[29:update_secureti]enter TEE_Icnt_time
10-21 19:38:21.734 I/Kernel ( 29): [ 3095.614578].(1)[29:update_secureti]update_securetime_thread_gb updata inc count
10-21 19:38:21.983 I/Vlog ( 979): Thermal:Screen_On_Thermal_Throttling_P2P_Off:fgtracking=false;DV;1,key=0;DV;1,Timer=2.775E-4;TI;1,unit=hours;DV;1,metadata=org.xbmc.kodi;DV;1:HI
10-21 19:38:22.594 I/Kernel ( 35): [ 3096.473680].(1)[35:kworker/1:1] ABB T=93500
10-21 19:38:23.024 I/Kernel ( 8542): [ 3096.903594].(2)[8542:kworker/2:0][MUSB] USB is ready for connect
10-21 19:38:23.594 I/Kernel ( 35): [ 3097.473654].(1)[35:kworker/1:1] ABB T=93500
10-21 19:38:23.993 I/Vlog ( 979): Thermal:Screen_On_Thermal_Throttling_P2P_Off:fgtracking=false;DV;1,key=1;DV;1,Timer=5.583333333333333E-4;TI;1,unit=hours;DV;1,metadata=org.xbmc.kodi;DV;1:HI
10-21 19:38:24.444 I/Kernel ( 434): [ 3098.323589][hdmi]#1506
10-21 19:38:24.444 I/Kernel ( 434): [hdmi] list empty 103000, sleeping
10-21 19:38:24.594 I/Kernel ( 35): [ 3098.473641].(1)[35:kworker/1:1] ABB T=92900
10-21 19:38:25.594 I/Kernel ( 35): [ 3099.473621].(1)[35:kworker/1:1] ABB T=93700
10-21 19:38:25.993 I/Vlog ( 979): Thermal:Screen_On_Thermal_Throttling_P2P_Off:fgtracking=false;DV;1,key=0;DV;1,Timer=5.555555555555556E-4;TI;1,unit=hours;DV;1,metadata=org.xbmc.kodi;DV;1:HI
10-21 19:38:26.594 I/Kernel ( 35): [ 3100.473707].(1)[35:kworker/1:1] ABB T=93100
10-21 19:38:26.734 I/Kernel ( 29): [ 3100.613636].(1)[29:update_secureti]enter TEE_Icnt_time
10-21 19:38:26.734 I/Kernel ( 29): [ 3100.614060].(1)[29:update_secureti]update_securetime_thread_gb updata inc count
10-21 19:38:27.594 I/Kernel ( 35): [ 3101.473715].(1)[35:kworker/1:1] ABB T=93500
10-21 19:38:28.594 I/Kernel ( 35): [ 3102.473664].(1)[35:kworker/1:1] ABB T=93300
10-21 19:38:28.754 I/Kernel ( 0): [ 3102.633556]-(1)[0:swapper/1][printk_delayed:start]
10-21 19:38:28.754 I/Kernel ( 0): [ 3102.633608]-(1)[0:swapper/1][WDK], local_bit:0x8, cpu:1,RT[3102623611794]
10-21 19:38:28.754 I/Kernel ( 0): [ 3102.633608][WDK], local_bit:0xa, cpu:1, check bit0x:f,RT[3102623647641]
10-21 19:38:28.754 I/Kernel ( 0): [ 3102.633608][thread:60][RT:3102623659641] 2019-10-21 17:38:28.752026 UTC; android time 2019-10-21 18:38:28.752026
10-21 19:38:28.754 I/Kernel ( 0): [ 3102.633740]-(1)[0:swapper/1][printk_delayed:done]
10-21 19:38:28.764 I/Kernel ( 0): [ 3102.643551]-(2)[0:swapper/2][printk_delayed:start]
10-21 19:38:28.764 I/Kernel ( 0): [ 3102.643564]-(0)[0:swapper/0][printk_delayed:start]
10-21 19:38:28.764 I/Kernel ( 0): [ 3102.643589]-(0)[0:swapper/0][WDK], local_bit:0xe, cpu:0,RT[3102633596410]
10-21 19:38:28.764 I/Kernel ( 0): [ 3102.643589][WDK], local_bit:0xf, cpu:0, check bit0x:f,RT[3102633605256]
10-21 19:38:28.764 I/Kernel ( 0): [ 3102.643589][WDK]: kick Ex WDT,RT[3102633611025]
10-21 19:38:28.764 I/Kernel ( 0): [ 3102.643589][thread:59][RT:3102633743333] 2019-10-21 17:38:28.762111 UTC; android time 2019-10-21 18:38:28.762111
10-21 19:38:28.764 I/Kernel ( 0): [ 3102.643596]-(0)[0:swapper/0][printk_delayed:done]
10-21 19:38:28.764 I/Kernel ( 0): [ 3102.643674]-(2)[0:swapper/2][WDK], local_bit:0xa, cpu:2,RT[3102633579794]
10-21 19:38:28.764 I/Kernel ( 0): [ 3102.643674][WDK], local_bit:0xe, cpu:2, check bit0x:f,RT[3102633589564]
10-21 19:38:28.764 I/Kernel ( 0): [ 3102.643674][thread:61][RT:3102633598948] 2019-10-21 17:38:28.761966 UTC; android time 2019-10-21 18:38:28.761966
10-21 19:38:28.764 I/Kernel ( 0): [ 3102.643713]-(2)[0:swapper/2][printk_delayed:done]
10-21 19:38:29.044 I/Kernel ( 8542): [ 3102.923659].(2)[8542:kworker/2:0][MUSB] USB is ready for connect
10-21 19:38:29.474 I/Kernel ( 0): [ 3103.353540]-(3)[0:swapper/3][printk_delayed:start]
10-21 19:38:29.474 I/Kernel ( 0): [ 3103.353592]-(3)[0:swapper/3][WDK], local_bit:0x0, cpu:3,RT[3103343601333]
10-21 19:38:29.474 I/Kernel ( 0): [ 3103.353592][WDK], local_bit:0x8, cpu:3, check bit0x:f,RT[3103343618641]
10-21 19:38:29.474 I/Kernel ( 0): [ 3103.353592][thread:62][RT:3103343629948] 2019-10-21 17:38:29.471996 UTC; android time 2019-10-21 18:38:29.471996
10-21 19:38:29.474 I/Kernel ( 0): [ 3103.353632]-(3)[0:swapper/3][printk_delayed:done]
10-21 19:38:29.594 I/Kernel ( 35): [ 3103.473663].(1)[35:kworker/1:1] ABB T=93100
10-21 19:38:30.594 I/Kernel ( 35): [ 3104.473700].(1)[35:kworker/1:1] ABB T=92900
10-21 19:38:30.993 I/Vlog ( 979): Thermal:Screen_On_Thermal_Throttling_P2P_Off:fgtracking=false;DV;1,key=1;DV;1,Timer=0.001388611111111111;TI;1,unit=hours;DV;1,metadata=org.xbmc.kodi;DV;1:HI
10-21 19:38:31.594 I/Kernel ( 35): [ 3105.473615].(1)[35:kworker/1:1] ABB T=93800
10-21 19:38:31.734 I/Kernel ( 29): [ 3105.613656].(0)[29:update_secureti]enter TEE_Icnt_time
10-21 19:38:31.734 I/Kernel ( 29): [ 3105.613951].(0)[29:update_secureti]update_securetime_thread_gb updata inc count
10-21 19:38:31.993 I/Vlog ( 979): Thermal:Screen_On_Thermal_Throttling_P2P_Off:fgtracking=false;DV;1,key=0;DV;1,Timer=2.777777777777778E-4;TI;1,unit=hours;DV;1,metadata=org.xbmc.kodi;DV;1:HI
10-21 19:38:32.594 I/Kernel ( 35): [ 3106.473654].(1)[35:kworker/1:1] ABB T=93700
10-21 19:38:32.993 I/Vlog ( 979): Thermal:Screen_On_Thermal_Throttling_P2P_Off:fgtracking=false;DV;1,key=1;DV;1,Timer=2.777777777777778E-4;TI;1,unit=hours;DV;1,metadata=org.xbmc.kodi;DV;1:HI
10-21 19:38:33.594 I/Kernel ( 35): [ 3107.473643].(1)[35:kworker/1:1] ABB T=94000
10-21 19:38:34.594 I/Kernel ( 35): [ 3108.473601].(1)[35:kworker/1:1] ABB T=93700
10-21 19:38:34.991 I/Vlog ( 979): performance:SkippedVsyncsBucket1:fgtracking=false;DV;1,key=org.xbmc.kodi;DV;1,Counter=1.0;CT;1,unit=count;DV;1,metadata=org.xbmc.kodi/.Main!{"d"#{"app_version"#"1804000"}$"m"#{"context"#"S1T0A1D0I0L0E0M99"$"prev"#"org.xbmc.kodi/.Splash"}};DV;1:HI
10-21 19:38:34.991 I/Vlog ( 979): performance:FrameDropTotal:fgtracking=false;DV;1,key=org.xbmc.kodi;DV;1,Counter=1.0;CT;1,unit=count;DV;1,metadata=org.xbmc.kodi/.Main!{"d"#{"app_version"#"1804000"}$"m"#{"context"#"S1T0A1D0I0L0E0M99"$"prev"#"org.xbmc.kodi/.Splash"}};DV;1:HI
10-21 19:38:34.991 I/Vlog ( 979): performance:FramesTotal:fgtracking=false;DV;1,key=org.xbmc.kodi;DV;1,Counter=52499.0;CT;1,unit=count;DV;1,metadata=org.xbmc.kodi/.Main!{"d"#{"app_version"#"1804000"}$"m"#{"context"#"S1T0A1D0I0L0E0M99"$"prev"#"org.xbmc.kodi/.Splash"}};DV;1:HI
10-21 19:38:34.991 I/Vlog ( 979): performance:SkippedVsyncsBucket1:fgtracking=false;DV;1,key=com.amazon.tv.launcher;DV;1,Counter=3.0;CT;1,unit=count;DV;1,metadata=com.amazon.tv.launcher/.ui.HomeActivity_vNext!{"d"#{"app_version"#"618081110"}$"m"#{"context"#"S1T0A1D0I0L0E0M99"$"prev"#"org.xbmc.kodi/.Splash"}};DV;1:HI
10-21 19:38:34.991 I/Vlog ( 979): performance:FrameDropTotal:fgtracking=false;DV;1,key=com.amazon.tv.launcher;DV;1,Counter=3.0;CT;1,unit=count;DV;1,metadata=com.amazon.tv.launcher/.ui.HomeActivity_vNext!{"d"#{"app_version"#"618081110"}$"m"#{"context"#"S1T0A1D0I0L0E0M99"$"prev"#"org.xbmc.kodi/.Splash"}};DV;1:HI
10-21 19:38:34.994 I/Vlog ( 979): performance:FramesTotal:fgtracking=false;DV;1,key=com.amazon.tv.launcher;DV;1,Counter=3639.0;CT;1,unit=count;DV;1,metadata=com.amazon.tv.launcher/.ui.HomeActivity_vNext!{"d"#{"app_version"#"618081110"}$"m"#{"context"#"S1T0A1D0I0L0E0M99"$"prev"#"org.xbmc.kodi/.Splash"}};DV;1:HI
10-21 19:38:34.994 I/Vlog ( 979): performance:FirstFramesTotal:fgtracking=false;DV;1,key=com.amazon.tv.launcher;DV;1,Counter=108.0;CT;1,unit=count;DV;1,metadata=com.amazon.tv.launcher/.ui.HomeActivity_vNext!{"d"#{"app_version"#"618081110"}$"m"#{"context"#"S1T0A1D0I0L0E0M99"$"prev"#"org.xbmc.kodi/.Splash"}};DV;1:HI
10-21 19:38:35.064 I/Kernel ( 8542): [ 3108.944735].(2)[8542:kworker/2:0][MUSB] USB is ready for connect
10-21 19:38:35.594 I/Kernel ( 35): [ 3109.473627].(1)[35:kworker/1:1] ABB T=94100
10-21 19:38:36.594 I/Kernel ( 35): [ 3110.473625].(1)[35:kworker/1:1] ABB T=93700
10-21 19:38:36.734 I/Kernel ( 29): [ 3110.613609].(0)[29:update_secureti]enter TEE_Icnt_time
10-21 19:38:36.734 I/Kernel ( 29): [ 3110.613920].(0)[29:update_secureti]update_securetime_thread_gb updata inc count
10-21 19:38:36.993 I/Vlog ( 979): Thermal:Screen_On_Thermal_Throttling_P2P_Off:fgtracking=false;DV;1,key=0;DV;1,Timer=0.0011111111111111111;TI;1,unit=hours;DV;1,metadata=org.xbmc.kodi;DV;1:HI
10-21 19:38:37.594 I/Kernel ( 35): [ 3111.473646].(1)[35:kworker/1:1] ABB T=93200
10-21 19:38:37.994 I/Vlog ( 979): Thermal:Screen_On_Thermal_Throttling_P2P_Off:fgtracking=false;DV;1,key=1;DV;1,Timer=2.7805555555555553E-4;TI;1,unit=hours;DV;1,metadata=org.xbmc.kodi;DV;1:HI
10-21 19:38:38.594 I/Kernel ( 35): [ 3112.473606].(1)[35:kworker/1:1] ABB T=93200
10-21 19:38:39.444 I/Kernel ( 434): [ 3113.323580][hdmi]#1506
10-21 19:38:39.444 I/Kernel ( 434): [hdmi] list empty 103500, sleeping
10-21 19:38:39.594 I/Kernel ( 35): [ 3113.473626].(1)[35:kworker/1:1] ABB T=93500
10-21 19:38:39.993 I/Vlog ( 979): Thermal:Screen_On_Thermal_Throttling_P2P_Off:fgtracking=false;DV;1,key=0;DV;1,Timer=5.552777777777778E-4;TI;1,unit=hours;DV;1,metadata=org.xbmc.kodi;DV;1:HI
10-21 19:38:40.594 I/Kernel ( 35): [ 3114.473661].(1)[35:kworker/1:1] ABB T=93700
10-21 19:38:40.993 I/Vlog ( 979): Thermal:Screen_On_Thermal_Throttling_P2P_Off:fgtracking=false;DV;1,key=1;DV;1,Timer=2.777777777777778E-4;TI;1,unit=hours;DV;1,metadata=org.xbmc.kodi;DV;1:HI
10-21 19:38:41.084 I/Kernel ( 8542): [ 3114.963591].(2)[8542:kworker/2:0][MUSB] USB is ready for connect
10-21 19:38:41.594 I/Kernel ( 35): [ 3115.473623].(1)[35:kworker/1:1] ABB T=93200
10-21 19:38:41.734 I/Kernel ( 29): [ 3115.613594].(0)[29:update_secureti]enter TEE_Icnt_time
10-21 19:38:41.734 I/Kernel ( 29): [ 3115.613865].(0)[29:update_secureti]update_securetime_thread_gb updata inc count
10-21 19:38:42.594 I/Kernel ( 35): [ 3116.473642].(1)[35:kworker/1:1] ABB T=93200
10-21 19:38:43.594 I/Kernel ( 35): [ 3117.473624].(1)[35:kworker/1:1] ABB T=93100
10-21 19:38:43.993 I/Vlog ( 979): Thermal:Screen_On_Thermal_Throttling_P2P_Off:fgtracking=false;DV;1,key=0;DV;1,Timer=8.333333333333334E-4;TI;1,unit=hours;DV;1,metadata=org.xbmc.kodi;DV;1:HI
10-21 19:38:44.594 I/Kernel ( 35): [ 3118.473659].(1)[35:kworker/1:1] ABB T=93100
10-21 19:38:44.993 I/Vlog ( 979): Thermal:Screen_On_Thermal_Throttling_P2P_Off:fgtracking=false;DV;1,key=1;DV;1,Timer=2.777777777777778E-4;TI;1,unit=hours;DV;1,metadata=org.xbmc.kodi;DV;1:HI
10-21 19:38:45.594 I/Kernel ( 35): [ 3119.473642].(1)[35:kworker/1:1] ABB T=92700
10-21 19:38:46.594 I/Kernel ( 35): [ 3120.473624].(1)[35:kworker/1:1] ABB T=93500
10-21 19:38:46.734 I/Kernel ( 29): [ 3120.613626].(3)[29:update_secureti]enter TEE_Icnt_time
10-21 19:38:46.734 I/Kernel ( 29): [ 3120.613950].(3)[29:update_secureti]update_securetime_thread_gb updata inc count
10-21 19:38:47.104 I/Kernel ( 8542): [ 3120.983606].(2)[8542:kworker/2:0][MUSB] USB is ready for connect
10-21 19:38:47.594 I/Kernel ( 35): [ 3121.473633].(1)[35:kworker/1:1] ABB T=92900
10-21 19:38:48.594 I/Kernel ( 35): [ 3122.473625].(1)[35:kworker/1:1] ABB T=92700
10-21 19:38:48.764 I/Kernel ( 0): [ 3122.643557]-(1)[0:swapper/1][printk_delayed:start]
10-21 19:38:48.764 I/Kernel ( 0): [ 3122.643601]-(1)[0:swapper/1][WDK], local_bit:0x8, cpu:1,RT[3122633572257]
10-21 19:38:48.764 I/Kernel ( 0): [ 3122.643601][WDK], local_bit:0xa, cpu:1, check bit0x:f,RT[3122633585796]
10-21 19:38:48.764 I/Kernel ( 0): [ 3122.643601][thread:60][RT:3122633593796] 2019-10-21 17:38:48.761961 UTC; android time 2019-10-21 18:38:48.761961
10-21 19:38:48.764 I/Kernel ( 0): [ 3122.643626]-(1)[0:swapper/1][printk_delayed:done]
10-21 19:38:48.774 I/Kernel ( 0): [ 3122.653525]-(2)[0:swapper/2][printk_delayed:start]
10-21 19:38:48.774 I/Kernel ( 0): [ 3122.653533]-(0)[0:swapper/0][printk_delayed:start]
10-21 19:38:48.774 I/Kernel ( 0): [ 3122.653546]-(0)[0:swapper/0][WDK], local_bit:0xe, cpu:0,RT[3122643640257]
10-21 19:38:48.774 I/Kernel ( 0): [ 3122.653546][WDK], local_bit:0xf, cpu:0, check bit0x:f,RT[3122643645103]
10-21 19:38:48.774 I/Kernel ( 0): [ 3122.653546][WDK]: kick Ex WDT,RT[3122643648565]
10-21 19:38:48.774 I/Kernel ( 0): [ 3122.653546][thread:59][RT:3122643780796] 2019-10-21 17:38:48.772149 UTC; android time 2019-10-21 18:38:48.772149
10-21 19:38:48.774 I/Kernel ( 0): [ 3122.653553]-(0)[0:swapper/0][printk_delayed:done]
10-21 19:38:48.774 I/Kernel ( 0): [ 3122.653594]-(2)[0:swapper/2][WDK], local_bit:0xa, cpu:2,RT[3122643614026]
10-21 19:38:48.774 I/Kernel ( 0): [ 3122.653594][WDK], local_bit:0xe, cpu:2, check bit0x:f,RT[3122643620796]
10-21 19:38:48.774 I/Kernel ( 0): [ 3122.653594][thread:61][RT:3122643628103] 2019-10-21 17:38:48.771995 UTC; android time 2019-10-21 18:38:48.771995
10-21 19:38:48.774 I/Kernel ( 0): [ 3122.653618]-(2)[0:swapper/2][printk_delayed:done]
10-21 19:38:48.993 I/Vlog ( 979): Thermal:Screen_On_Thermal_Throttling_P2P_Off:fgtracking=false;DV;1,key=0;DV;1,Timer=0.0011111111111111111;TI;1,unit=hours;DV;1,metadata=org.xbmc.kodi;DV;1:HI
10-21 19:38:49.484 I/Kernel ( 8802): [ 3123.363550]-(3)[8844:Thread-833][printk_delayed:start]
10-21 19:38:49.484 I/Kernel ( 8802): [ 3123.363604]-(3)[8844:Thread-833][WDK], local_bit:0x0, cpu:3,RT[3123353592103]
10-21 19:38:49.484 I/Kernel ( 8802): [ 3123.363604][WDK], local_bit:0x8, cpu:3, check bit0x:f,RT[3123353610180]
10-21 19:38:49.484 I/Kernel ( 8802): [ 3123.363604][thread:62][RT:3123353620565] 2019-10-21 17:38:49.481987 UTC; android time 2019-10-21 18:38:49.481987
10-21 19:38:49.484 I/Kernel ( 8802): [ 3123.363644]-(3)[8844:Thread-833][printk_delayed:done]
10-21 19:38:49.594 I/Kernel ( 35): [ 3123.473661].(1)[35:kworker/1:1] ABB T=92900
10-21 19:38:49.993 I/Vlog ( 979): Thermal:Screen_On_Thermal_Throttling_P2P_Off:fgtracking=false;DV;1,key=1;DV;1,Timer=2.777777777777778E-4;TI;1,unit=hours;DV;1,metadata=org.xbmc.kodi;DV;1:HI
10-21 19:38:50.594 I/Kernel ( 35): [ 3124.473621].(1)[35:kworker/1:1] ABB T=92900
10-21 19:38:51.594 I/Kernel ( 35): [ 3125.473627].(1)[35:kworker/1:1] ABB T=92500
10-21 19:38:51.734 I/Kernel ( 29): [ 3125.613593].(3)[29:update_secureti]enter TEE_Icnt_time
10-21 19:38:51.734 I/Kernel ( 29): [ 3125.613882].(3)[29:update_secureti]update_securetime_thread_gb updata inc count
10-21 19:38:51.993 I/Vlog ( 979): Thermal:Screen_On_Thermal_Throttling_P2P_Off:fgtracking=false;DV;1,key=0;DV;1,Timer=5.555555555555556E-4;TI;1,unit=hours;DV;1,metadata=org.xbmc.kodi;DV;1:HI
10-21 19:38:52.560 I/Vlog ( 135): logd:performance:fgtracking=false;DV;1,key=TotalMessages;DV;1,Counter=772;CT;1,unit=count;DV;1:HI
10-21 19:38:52.560 I/Vlog ( 135): logd:performance:fgtracking=false;DV;1,key=DroppedMessages;DV;1,Counter=0;CT;1,unit=count;DV;1:HI
10-21 19:38:52.560 I/Vlog ( 135): logd:performance:fgtracking=false;DV;1,key=Throughput;DV;1,Counter=10.85;CT;1,unit=kbps;DV;1:HI
10-21 19:38:52.594 I/Kernel ( 35): [ 3126.473644].(1)[35:kworker/1:1] ABB T=93200
10-21 19:38:52.874 I/Kernel ( 136): [ 3126.756375].(1)[136:healthd]healthd: battery l=100 v=4200 t=2.2 h=2 st=5 chg=u
10-21 19:38:52.993 I/Vlog ( 979): Thermal:Screen_On_Thermal_Throttling_P2P_Off:fgtracking=false;DV;1,key=1;DV;1,Timer=2.777777777777778E-4;TI;1,unit=hours;DV;1,metadata=org.xbmc.kodi;DV;1:HI
10-21 19:38:53.124 I/Kernel ( 8542): [ 3127.003598].(2)[8542:kworker/2:0][MUSB] USB is ready for connect
10-21 19:38:53.594 I/Kernel ( 35): [ 3127.473605].(1)[35:kworker/1:1] ABB T=93500
10-21 19:38:54.444 I/Kernel ( 434): [ 3128.323577][hdmi]#1506
10-21 19:38:54.444 I/Kernel ( 434): [hdmi] list empty 104000, sleeping
10-21 19:38:54.594 I/Kernel ( 35): [ 3128.473648].(1)[35:kworker/1:1] ABB T=92900
10-21 19:38:55.594 I/Kernel ( 35): [ 3129.473617].(1)[35:kworker/1:1] ABB T=93200
10-21 19:38:56.594 I/Kernel ( 35): [ 3130.473611].(1)[35:kworker/1:1] ABB T=93300
10-21 19:38:56.734 I/Kernel ( 29): [ 3130.613573].(3)[29:update_secureti]enter TEE_Icnt_time
10-21 19:38:56.734 I/Kernel ( 29): [ 3130.613839].(3)[29:update_secureti]update_securetime_thread_gb updata inc count
10-21 19:38:56.993 I/Vlog ( 979): Thermal:Screen_On_Thermal_Throttling_P2P_Off:fgtracking=false;DV;1,key=0;DV;1,Timer=0.0011111111111111111;TI;1,unit=hours;DV;1,metadata=org.xbmc.kodi;DV;1:HI
10-21 19:38:57.594 I/Kernel ( 35): [ 3131.473684].(1)[35:kworker/1:1] ABB T=93200
10-21 19:38:57.993 I/Vlog ( 979): Thermal:Screen_On_Thermal_Throttling_P2P_Off:fgtracking=false;DV;1,key=1;DV;1,Timer=2.777777777777778E-4;TI;1,unit=hours;DV;1,metadata=org.xbmc.kodi;DV;1:HI
10-21 19:38:58.594 I/Kernel ( 35): [ 3132.476041].(1)[35:kworker/1:1] ABB T=93500
10-21 19:38:58.993 I/Vlog ( 979): Thermal:Screen_On_Thermal_Throttling_P2P_Off:fgtracking=false;DV;1,key=0;DV;1,Timer=2.777777777777778E-4;TI;1,unit=hours;DV;1,metadata=org.xbmc.kodi;DV;1:HI
10-21 19:38:59.144 I/Kernel ( 8542): [ 3133.024933].(2)[8542:kworker/2:0][MUSB] USB is ready for connect
10-21 19:38:59.594 I/Kernel ( 35): [ 3133.473678].(1)[35:kworker/1:1] ABB T=93700
10-21 19:38:59.995 I/Vlog ( 979): Thermal:Screen_On_Thermal_Throttling_P2P_Off:fgtracking=false;DV;1,key=1;DV;1,Timer=2.7833333333333334E-4;TI;1,unit=hours;DV;1,metadata=org.xbmc.kodi;DV;1:HI
10-21 19:39:00.594 I/Kernel ( 35): [ 3134.473627].(1)[35:kworker/1:1] ABB T=93200
10-21 19:39:01.594 I/Kernel ( 35): [ 3135.473633].(1)[35:kworker/1:1] ABB T=95400
10-21 19:39:01.734 I/Kernel ( 29): [ 3135.613590].(3)[29:update_secureti]enter TEE_Icnt_time
10-21 19:39:01.734 I/Kernel ( 29): [ 3135.613869].(3)[29:update_secureti]update_securetime_thread_gb updata inc count
10-21 19:39:01.993 I/Vlog ( 979): Thermal:Screen_On_Thermal_Throttling_P2P_Off:fgtracking=false;DV;1,key=0;DV;1,Timer=5.55E-4;TI;1,unit=hours;DV;1,metadata=org.xbmc.kodi;DV;1:HI
10-21 19:39:01.995 I/Vlog ( 979): Thermal:Screen_On_Thermal_Throttling_P2P_Off:fgtracking=false;DV;1,key=1;DV;1,Timer=2.7777777777777776E-7;TI;1,unit=hours;DV;1,metadata=org.xbmc.kodi;DV;1:HI
10-21 19:39:02.594 I/Kernel ( 35): [ 3136.473654].(1)[35:kworker/1:1] ABB T=93500
10-21 19:39:02.993 I/Vlog ( 979): Thermal:Screen_On_Thermal_Throttling_P2P_Off:fgtracking=false;DV;1,key=2;DV;1,Timer=2.772222222222222E-4;TI;1,unit=hours;DV;1,metadata=org.xbmc.kodi;DV;1:HI
10-21 19:39:03.594 I/Kernel ( 35): [ 3137.473624].(1)[35:kworker/1:1] ABB T=93200
10-21 19:39:04.594 I/Kernel ( 35): [ 3138.473604].(1)[35:kworker/1:1] ABB T=92900
10-21 19:39:05.164 I/Kernel ( 8542): [ 3139.043763].(2)[8542:kworker/2:0][MUSB] USB is ready for connect
10-21 19:39:05.594 I/Kernel ( 35): [ 3139.473618].(1)[35:kworker/1:1] ABB T=92600
10-21 19:39:06.594 I/Kernel ( 35): [ 3140.473626].(1)[35:kworker/1:1] ABB T=93100
10-21 19:39:06.734 I/Kernel ( 29): [ 3140.613600].(3)[29:update_secureti]enter TEE_Icnt_time
10-21 19:39:06.734 I/Kernel ( 29): [ 3140.613892].(3)[29:update_secureti]update_securetime_thread_gb updata inc count
10-21 19:39:06.993 I/Vlog ( 979): Thermal:Screen_On_Thermal_Throttling_P2P_Off:fgtracking=false;DV;1,key=0;DV;1,Timer=0.0011111111111111111;TI;1,unit=hours;DV;1,metadata=org.xbmc.kodi;DV;1:HI
10-21 19:39:07.594 I/Kernel ( 35): [ 3141.473653].(1)[35:kworker/1:1] ABB T=93800
10-21 19:39:07.993 I/Vlog ( 979): Thermal:Screen_On_Thermal_Throttling_P2P_Off:fgtracking=false;DV;1,key=1;DV;1,Timer=2.777777777777778E-4;TI;1,unit=hours;DV;1,metadata=org.xbmc.kodi;DV;1:HI
10-21 19:39:08.594 I/Kernel ( 35): [ 3142.473598].(1)[35:kworker/1:1] ABB T=92300
10-21 19:39:08.774 I/Kernel ( 0): [ 3142.653551]-(1)[0:swapper/1][printk_delayed:start]
10-21 19:39:08.774 I/Kernel ( 0): [ 3142.653593]-(1)[0:swapper/1][WDK], local_bit:0x8, cpu:1,RT[3142643580489]
10-21 19:39:08.774 I/Kernel ( 0): [ 3142.653593][WDK], local_bit:0xa, cpu:1, check bit0x:f,RT[3142643594181]
10-21 19:39:08.774 I/Kernel ( 0): [ 3142.653593][thread:60][RT:3142643601566] 2019-10-21 17:39:08.771969 UTC; android time 2019-10-21 18:39:08.771969
10-21 19:39:08.774 I/Kernel ( 0): [ 3142.653618]-(1)[0:swapper/1][printk_delayed:done]
10-21 19:39:08.784 I/Kernel ( 7530): [ 3142.663541]-(2)[7923:Thread-732][printk_delayed:start]
10-21 19:39:08.784 I/Kernel ( 7530): [ 3142.663549]-(0)[0:swapper/0][printk_delayed:start]
10-21 19:39:08.784 I/Kernel ( 7530): [ 3142.663565]-(0)[0:swapper/0][WDK], local_bit:0xa, cpu:0,RT[3142653610028]
10-21 19:39:08.784 I/Kernel ( 7530): [ 3142.663565][WDK], local_bit:0xb, cpu:0, check bit0x:f,RT[3142653617028]
10-21 19:39:08.784 I/Kernel ( 7530): [ 3142.663565][thread:59][RT:3142653623335] 2019-10-21 17:39:08.781991 UTC; android time 2019-10-21 18:39:08.781991
10-21 19:39:08.784 I/Kernel ( 7530): [ 3142.663570]-(0)[0:swapper/0][printk_delayed:done]
10-21 19:39:08.784 I/Kernel ( 7530): [ 3142.663614]-(2)[7923:Thread-732][WDK], local_bit:0xb, cpu:2,RT[3142653988489]
10-21 19:39:08.784 I/Kernel ( 7530): [ 3142.663614][WDK], local_bit:0xf, cpu:2, check bit0x:f,RT[3142653995181]
10-21 19:39:08.784 I/Kernel ( 7530): [ 3142.663614][WDK]: kick Ex WDT,RT[3142653999105]
10-21 19:39:08.784 I/Kernel ( 7530): [ 3142.663614][thread:61][RT:3142654156335] 2019-10-21 17:39:08.782525 UTC; android time 2019-10-21 18:39:08.782525
10-21 19:39:08.784 I/Kernel ( 7530): [ 3142.663642]-(2)[7923:Thread-732][printk_delayed:done]
10-21 19:39:09.444 I/Kernel ( 434): [ 3143.323580][hdmi]#1506
10-21 19:39:09.444 I/Kernel ( 434): [hdmi] list empty 104500, sleeping
10-21 19:39:09.494 I/Kernel ( 0): [ 3143.373541]-(3)[0:swapper/3][printk_delayed:start]
10-21 19:39:09.494 I/Kernel ( 0): [ 3143.373578]-(3)[0:swapper/3][WDK], local_bit:0x0, cpu:3,RT[3143363580720]
10-21 19:39:09.494 I/Kernel ( 0): [ 3143.373578][WDK], local_bit:0x8, cpu:3, check bit0x:f,RT[3143363590105]
10-21 19:39:09.494 I/Kernel ( 0): [ 3143.373578][thread:62][RT:3143363597105] 2019-10-21 17:39:09.491964 UTC; android time 2019-10-21 18:39:09.491964
10-21 19:39:09.494 I/Kernel ( 0): [ 3143.373602]-(3)[0:swapper/3][printk_delayed:done]
10-21 19:39:09.594 I/Kernel ( 35): [ 3143.473604].(1)[35:kworker/1:1] ABB T=92600
10-21 19:39:10.594 I/Kernel ( 35): [ 3144.473610].(1)[35:kworker/1:1] ABB T=92300
10-21 19:39:11.184 I/Kernel ( 8542): [ 3145.063593].(2)[8542:kworker/2:0][MUSB] USB is ready for connect
10-21 19:39:11.594 I/Kernel ( 35): [ 3145.473606].(1)[35:kworker/1:1] ABB T=92300
10-21 19:39:11.734 I/Kernel ( 29): [ 3145.613614].(0)[29:update_secureti]enter TEE_Icnt_time
10-21 19:39:11.734 I/Kernel ( 29): [ 3145.613900].(0)[29:update_secureti]update_securetime_thread_gb updata inc count
10-21 19:39:12.594 I/Kernel ( 35): [ 3146.473647].(1)[35:kworker/1:1] ABB T=93300
10-21 19:39:13.594 I/Kernel ( 35): [ 3147.473600].(1)[35:kworker/1:1] ABB T=92900
10-21 19:39:14.594 I/Kernel ( 35): [ 3148.473602].(1)[35:kworker/1:1] ABB T=93100
10-21 19:39:15.594 I/Kernel ( 35): [ 3149.473635].(1)[35:kworker/1:1] ABB T=92700
10-21 19:39:16.594 I/Kernel ( 35): [ 3150.473607].(1)[35:kworker/1:1] ABB T=93100
10-21 19:39:16.734 I/Kernel ( 29): [ 3150.613605].(0)[29:update_secureti]enter TEE_Icnt_time
10-21 19:39:16.734 I/Kernel ( 29): [ 3150.613896].(0)[29:update_secureti]update_securetime_thread_gb updata inc count
10-21 19:39:16.993 I/Vlog ( 979): Thermal:Screen_On_Thermal_Throttling_P2P_Off:fgtracking=false;DV;1,key=0;DV;1,Timer=0.0025;TI;1,unit=hours;DV;1,metadata=org.xbmc.kodi;DV;1:HI
10-21 19:39:17.204 I/Kernel ( 8542): [ 3151.083645].(2)[8542:kworker/2:0][MUSB] USB is ready for connect
10-21 19:39:17.594 I/Kernel ( 35): [ 3151.473663].(1)[35:kworker/1:1] ABB T=93100
10-21 19:39:18.003 I/Vlog ( 979): Thermal:Screen_On_Thermal_Throttling_P2P_Off:fgtracking=false;DV;1,key=1;DV;1,Timer=2.8055555555555554E-4;TI;1,unit=hours;DV;1,metadata=org.xbmc.kodi;DV;1:HI
10-21 19:39:18.594 I/Kernel ( 35): [ 3152.473648].(1)[35:kworker/1:1] ABB T=92900
10-21 19:39:19.594 I/Kernel ( 35): [ 3153.473625].(1)[35:kworker/1:1] ABB T=92900
10-21 19:39:20.594 I/Kernel ( 35): [ 3154.473618].(1)[35:kworker/1:1] ABB T=92900
10-21 19:39:21.594 I/Kernel ( 35): [ 3155.473618].(1)[35:kworker/1:1] ABB T=93200
10-21 19:39:21.734 I/Kernel ( 29): [ 3155.613634].(0)[29:update_secureti]enter TEE_Icnt_time
10-21 19:39:21.734 I/Kernel ( 29): [ 3155.614075].(0)[29:update_secureti]update_securetime_thread_gb updata inc count
10-21 19:39:22.594 I/Kernel ( 35): [ 3156.473611].(1)[35:kworker/1:1] ABB T=92900
10-21 19:39:23.224 I/Kernel ( 8542): [ 3157.103594].(2)[8542:kworker/2:0][MUSB] USB is ready for connect
10-21 19:39:23.594 I/Kernel ( 35): [ 3157.473599].(1)[35:kworker/1:1] ABB T=92900
10-21 19:39:24.444 I/Kernel ( 434): [ 3158.323559][hdmi]#1506
10-21 19:39:24.444 I/Kernel ( 434): [hdmi] list empty 105000, sleeping
10-21 19:39:24.594 I/Kernel ( 35): [ 3158.473608].(1)[35:kworker/1:1] ABB T=92500
10-21 19:39:25.594 I/Kernel ( 35): [ 3159.473609].(1)[35:kworker/1:1] ABB T=92300
10-21 19:39:26.594 I/Kernel ( 35): [ 3160.473625].(1)[35:kworker/1:1] ABB T=92900
10-21 19:39:26.734 I/Kernel ( 29): [ 3160.613607].(1)[29:update_secureti]enter TEE_Icnt_time
10-21 19:39:26.734 I/Kernel ( 29): [ 3160.613895].(1)[29:update_secureti]update_securetime_thread_gb updata inc count
10-21 19:39:27.594 I/Kernel ( 35): [ 3161.473625].(1)[35:kworker/1:1] ABB T=92100
10-21 19:39:28.594 I/Kernel ( 35): [ 3162.473613].(1)[35:kworker/1:1] ABB T=93200
10-21 19:39:28.784 I/Kernel ( 0): [ 3162.663540]-(1)[0:swapper/1][printk_delayed:start]
10-21 19:39:28.784 I/Kernel ( 0): [ 3162.663703]-(1)[0:swapper/1][WDK], local_bit:0x8, cpu:1,RT[3162653581260]
10-21 19:39:28.784 I/Kernel ( 0): [ 3162.663703][WDK], local_bit:0xa, cpu:1, check bit0x:f,RT[3162653596567]
10-21 19:39:28.784 I/Kernel ( 0): [ 3162.663703][thread:60][RT:3162653604260] 2019-10-21 17:39:28.781971 UTC; android time 2019-10-21 18:39:28.781971
10-21 19:39:28.784 I/Kernel ( 0): [ 3162.663727]-(1)[0:swapper/1][printk_delayed:done]
10-21 19:39:28.794 I/Kernel ( 0): [ 3162.673537]-(2)[0:swapper/2][printk_delayed:start]
10-21 19:39:28.794 I/Kernel ( 0): [ 3162.673545]-(0)[0:swapper/0][printk_delayed:start]
10-21 19:39:28.794 I/Kernel ( 0): [ 3162.673562]-(0)[0:swapper/0][WDK], local_bit:0xe, cpu:0,RT[3162663562644]
10-21 19:39:28.794 I/Kernel ( 0): [ 3162.673562][WDK], local_bit:0xf, cpu:0, check bit0x:f,RT[3162663567721]
10-21 19:39:28.794 I/Kernel ( 0): [ 3162.673562][WDK]: kick Ex WDT,RT[3162663571183]
10-21 19:39:28.794 I/Kernel ( 0): [ 3162.673562][thread:59][RT:3162663705952] 2019-10-21 17:39:28.792074 UTC; android time 2019-10-21 18:39:28.792074
10-21 19:39:28.794 I/Kernel ( 0): [ 3162.673567]-(0)[0:swapper/0][printk_delayed:done]
10-21 19:39:28.794 I/Kernel ( 0): [ 3162.673614]-(2)[0:swapper/2][WDK], local_bit:0xa, cpu:2,RT[3162663550029]
10-21 19:39:28.794 I/Kernel ( 0): [ 3162.673614][WDK], local_bit:0xe, cpu:2, check bit0x:f,RT[3162663556260]
10-21 19:39:28.794 I/Kernel ( 0): [ 3162.673614][thread:61][RT:3162663562260] 2019-10-21 17:39:28.791930 UTC; android time 2019-10-21 18:39:28.791930
10-21 19:39:28.794 I/Kernel ( 0): [ 3162.673638]-(2)[0:swapper/2][printk_delayed:done]
10-21 19:39:29.244 I/Kernel ( 8542): [ 3163.123610].(2)[8542:kworker/2:0][MUSB] USB is ready for connect
10-21 19:39:29.504 I/Kernel ( 0): [ 3163.383540]-(3)[0:swapper/3][printk_delayed:start]
10-21 19:39:29.504 I/Kernel ( 0): [ 3163.383575]-(3)[0:swapper/3][WDK], local_bit:0x0, cpu:3,RT[3163373584798]
10-21 19:39:29.504 I/Kernel ( 0): [ 3163.383575][WDK], local_bit:0x8, cpu:3, check bit0x:f,RT[3163373597721]
10-21 19:39:29.504 I/Kernel ( 0): [ 3163.383575][thread:62][RT:3163373605106] 2019-10-21 17:39:29.501972 UTC; android time 2019-10-21 18:39:29.501972
10-21 19:39:29.504 I/Kernel ( 0): [ 3163.383600]-(3)[0:swapper/3][printk_delayed:done]
10-21 19:39:29.594 I/Kernel ( 35): [ 3163.473619].(1)[35:kworker/1:1] ABB T=92300
10-21 19:39:30.594 I/Kernel ( 35): [ 3164.473658].(1)[35:kworker/1:1] ABB T=91700
10-21 19:39:31.594 I/Kernel ( 35): [ 3165.473615].(1)[35:kworker/1:1] ABB T=92200
10-21 19:39:31.734 I/Kernel ( 29): [ 3165.613604].(1)[29:update_secureti]enter TEE_Icnt_time
10-21 19:39:31.734 I/Kernel ( 29): [ 3165.613876].(1)[29:update_secureti]update_securetime_thread_gb updata inc count
10-21 19:39:32.594 I/Kernel ( 35): [ 3166.473618].(1)[35:kworker/1:1] ABB T=92200
10-21 19:39:33.594 I/Kernel ( 35): [ 3167.473636].(1)[35:kworker/1:1] ABB T=92200
10-21 19:39:34.594 I/Kernel ( 35): [ 3168.473677].(1)[35:kworker/1:1] ABB T=92300
10-21 19:39:35.220 I/Vlog ( 979): performance:FramesTotal:fgtracking=false;DV;1,key=org.xbmc.kodi;DV;1,Counter=3750.0;CT;1,unit=count;DV;1,metadata=org.xbmc.kodi/.Main!{"d"#{"app_version"#"1804000"}$"m"#{"context"#"S1T0A1D0I0L0E0M99"$"prev"#"org.xbmc.kodi/.Splash"}};DV;1:HI
10-21 19:39:35.264 I/Kernel ( 8542): [ 3169.143599].(2)[8542:kworker/2:0][MUSB] USB is ready for connect
10-21 19:39:35.594 I/Kernel ( 35): [ 3169.473618].(1)[35:kworker/1:1] ABB T=92500
10-21 19:39:36.594 I/Kernel ( 35): [ 3170.473672].(1)[35:kworker/1:1] ABB T=92600
10-21 19:39:36.734 I/Kernel ( 29): [ 3170.613682].(1)[29:update_secureti]enter TEE_Icnt_time
10-21 19:39:36.734 I/Kernel ( 29): [ 3170.613956].(1)[29:update_secureti]update_securetime_thread_gb updata inc count
10-21 19:39:37.594 I/Kernel ( 35): [ 3171.473632].(1)[35:kworker/1:1] ABB T=92700
10-21 19:39:38.594 I/Kernel ( 35): [ 3172.473605].(1)[35:kworker/1:1] ABB T=92700
10-21 19:39:39.044 I/Kernel ( 7530): [ 3172.931901]-(2)[7923:Thread-732][MUSBFSH] musbfsh_host_tx 1222: extra TX2 ready, csr 0000
10-21 19:39:39.444 I/Kernel ( 434): [ 3173.323568][hdmi]#1506
10-21 19:39:39.444 I/Kernel ( 434): [hdmi] list empty 105500, sleeping
10-21 19:39:39.594 I/Kernel ( 35): [ 3173.473621].(1)[35:kworker/1:1] ABB T=94900
10-21 19:39:40.013 I/Vlog ( 979): Thermal:Screen_On_Thermal_Throttling_P2P_Off:fgtracking=false;DV;1,key=0;DV;1,Timer=0.006113888888888889;TI;1,unit=hours;DV;1,metadata=org.xbmc.kodi;DV;1:HI
