10-21 18:48:27.804 I/ActivityManager( 979): Start proc 5256:com.amazon.device.bluetoothdfu/u0a22053 for broadcast com.amazon.device.bluetoothdfu/.api.VersionQueryReceiver
10-21 18:48:27.826 I/ActivityManager( 979): Killing 4735:com.amazon.securitysyncclient/u0a22070 (adj 12): empty #17
10-21 18:48:27.965 D/ActivityManager( 979): cleanUpApplicationRecord -- 4735
10-21 18:48:27.986 W/ResourcesManager( 5256): Asset path '/system/framework/android.amazon.res.jar' does not exist or contains no resources.
10-21 18:48:29.024 I/ActivityManager( 979): Start proc 5279:com.amazon.device.controllermanager:BluetoothReceiver/u0a2 for broadcast com.amazon.device.controllermanager/.bluetooth.BluetoothReceiver
10-21 18:48:29.039 I/ActivityManager( 979): Killing 4814:com.amazon.tv.oobe/u0a22085 (adj 12): empty #17
10-21 18:48:29.198 D/ActivityManager( 979): cleanUpApplicationRecord -- 4814
10-21 18:48:29.305 I/ActivityManager( 979): Start proc 5299:com.amazon.venezia/u0a22089 for broadcast com.amazon.venezia/.data.client.avdeviceproxy.AVBroadcastReceiver
10-21 18:48:29.322 I/ActivityManager( 979): Killing 4859:com.amazon.tv.parentalcontrols/u0a22088 (adj 12): empty #17
10-21 18:48:29.437 D/ActivityManager( 979): cleanUpApplicationRecord -- 4859
10-21 18:48:29.501 W/SchedPolicy( 979): Failed to set io priority for tid 5298 (No such process)
10-21 18:48:29.508 D/WifiService( 979): acquireWifiLockLocked: WifiLock{BoltHttp.WifiLockHolder type=1 binder=android.os.BinderProxy@2522da59}
10-21 18:48:29.517 W/ResourcesManager( 5299): Asset path '/system/framework/android.amazon.res.jar' does not exist or contains no resources.
10-21 18:48:29.979 W/ActivityManager( 979): getRunningAppProcesses: caller 32089 is using old GET_TASKS but privileged; allowing
10-21 18:48:30.220 D/WifiService( 979): releaseWifiLockLocked: WifiLock{BoltHttp.WifiLockHolder type=1 binder=android.os.BinderProxy@2522da59}
10-21 18:48:30.700 D/WifiService( 979): acquireWifiLockLocked: WifiLock{BoltHttp.WifiLockHolder type=1 binder=android.os.BinderProxy@2522da59}
10-21 18:48:30.958 D/WifiService( 979): releaseWifiLockLocked: WifiLock{BoltHttp.WifiLockHolder type=1 binder=android.os.BinderProxy@2522da59}
10-21 18:48:31.698 I/ActivityManager( 979): Start proc 5377:com.amazon.naatyam/u0a22112 for content provider com.amazon.naatyam/.NaatyamContentProvider
10-21 18:48:31.745 I/ActivityManager( 979): Killing 3863:android.process.media/u0a22027 (adj 12): empty #17
10-21 18:48:31.913 D/ActivityManager( 979): cleanUpApplicationRecord -- 3863
10-21 18:48:32.143 I/ActivityManager( 979): Start proc 5409:com.amazon.kso.blackbird/u0a22066 for content provider com.amazon.kso.blackbird/.sync.StubProvider
10-21 18:48:32.275 W/ResourcesManager( 5409): Asset path '/system/framework/android.amazon.res.jar' does not exist or contains no resources.
10-21 18:48:32.324 I/ActivityManager( 979): Start proc 5432:com.netflix.ninja/u0a15 for service com.netflix.ninja/.PreAppRecoRefreshJobService
10-21 18:48:32.401 I/Vlog ( 4988): Device:Storage_AvailableCacheStorage:fgtracking=false;DV;1,Timer=1.0;TI;1,unit=count;DV;1,metadata=!{"d"#{"bucket"#"200-300MB"}$"m"#{"available"#"234MB"$"percentage"#"96%"}};DV;1:HI
10-21 18:48:32.402 I/Vlog ( 4988): Device:Storage_AvailableDataStorage:fgtracking=false;DV;1,Timer=1.0;TI;1,unit=count;DV;1,metadata=!{"d"#{"bucket"#"1600MB+"}$"m"#{"available"#"3077MB"$"percentage"#"50%"}};DV;1:HI
10-21 18:48:32.724 I/ActivityManager( 979): Waited long enough for: ServiceRecord{5095442 u0 com.amazon.storm.lightning.services/.LightningWPServer}
10-21 18:48:32.741 W/SchedPolicy( 979): Failed to set io priority for tid 5456 (No such process)
10-21 18:48:32.797 W/SchedPolicy( 979): Failed to set io priority for tid 5460 (No such process)
10-21 18:48:32.847 W/SchedPolicy( 979): Failed to set io priority for tid 5476 (No such process)
10-21 18:48:32.880 E/ActivityThread( 5432): Failed to find provider info for com.google.android.gms.phenotype
10-21 18:48:33.085 D/WifiService( 979): New client listening to asynchronous messages
10-21 18:48:33.088 D/WifiService( 979): acquireWifiLockLocked: WifiLock{ServiceConfigService type=1 binder=android.os.BinderProxy@3bb686f9}
10-21 18:48:33.168 D/WifiService( 979): acquireWifiLockLocked: WifiLock{FeatureConfigRefreshService type=1 binder=android.os.BinderProxy@3a7d3c9f}
10-21 18:48:33.185 I/ActivityManager( 979): Start proc 5501:com.amazon.providers.tv/u0a22114 for content provider com.amazon.providers.tv/.FireTvProvider
10-21 18:48:33.497 W/SchedPolicy( 979): Failed to set io priority for tid 5497 (No such process)
10-21 18:48:33.498 D/WifiService( 979): releaseWifiLockLocked: WifiLock{ServiceConfigService type=1 binder=android.os.BinderProxy@3bb686f9}
10-21 18:48:33.500 D/WifiService( 979): releaseWifiLockLocked: WifiLock{FeatureConfigRefreshService type=1 binder=android.os.BinderProxy@3a7d3c9f}
10-21 18:48:33.548 D/ActivityManager( 979): single user service: com.amazon.imp
10-21 18:48:33.577 D/ActivityManager( 979): app = com.amazon.imp, has single user service, setting process record.
10-21 18:48:33.771 W/SchedPolicy( 979): Failed to set io priority for tid 5451 (No such process)
10-21 18:48:33.796 I/ActivityManager( 979): Start proc 5541:com.android.providers.downloads/u0a22017 for content provider com.android.providers.downloads/.DownloadProvider
10-21 18:48:34.201 I/ActivityManager( 979): Start proc 5563:com.amazon.logan/u0a22092 for content provider com.amazon.logan/.provider.LoganProvider
10-21 18:48:34.314 I/AmazonHdmiServiceManager( 5008): AmazonHdmiServiceManager created
10-21 18:48:34.318 I/AmazonHdmiService( 979): get dolby device
10-21 18:48:34.318 I/AudioOutputFormatManager( 979): Request to get dolby device id
10-21 18:48:34.374 I/ActivityManager( 979): Killing 4786:com.amazon.tv.nimh/u0a22083 (adj 12): empty #17
10-21 18:48:34.497 D/ActivityManager( 979): cleanUpApplicationRecord -- 4786
10-21 18:48:34.552 I/ActivityManager( 979): Start proc 5583:com.amazon.ceviche/u0a22102 for service com.amazon.ceviche/.context.ContextTrackerJobService
10-21 18:48:34.588 I/ActivityManager( 979): Killing 4901:com.amazon.tv.settings.core/1000 (adj 12): empty #17
10-21 18:48:34.640 D/WifiService( 979): Client connection lost with reason: 4
10-21 18:48:34.686 D/ActivityManager( 979): cleanUpApplicationRecord -- 4901
10-21 18:48:34.937 I/ActivityManager( 979): Killing 4970:com.amznfuse.operatorredirection/u0a22123 (adj 12): empty #17
10-21 18:48:34.941 I/MediaError( 180): MediaError:MMSW_Metrics5.2.7.2:com.netflix.ninja.DRM_CANNOT_HANDLE=2006;CT;1:NR
10-21 18:48:35.055 D/ActivityManager( 979): cleanUpApplicationRecord -- 4970
10-21 18:48:35.154 I/LoggerMetricsFactoryImpl( 3244): BluetoothAdapterProperties:bt-peruser:pairedlist_periph_amzremote=1.0;CT;1:NR
10-21 18:48:35.154 I/LoggerMetricsFactoryImpl( 3244): BluetoothAdapterProperties:bt-peruser:num_paired_2=1.0;CT;1:NR
10-21 18:48:35.155 I/LoggerMetricsFactoryImpl( 3244): BluetoothAdapterProperties:bt-peruser:paired_dev_supp_uuids_hid=1.0;CT;1:NR
10-21 18:48:35.155 I/LoggerMetricsFactoryImpl( 3244): BluetoothAdapterProperties:bt-peruser:paired_dev_supp_uuids_hid=1.0;CT;1:NR
10-21 18:48:35.155 I/LoggerMetricsFactoryImpl( 3244): BluetoothAdapterProperties:bt-peruser:used_profile_list_hfpag_hid=1.0;CT;1:NR
10-21 18:48:35.155 I/LoggerMetricsFactoryImpl( 3244): BluetoothAdapterProperties:bt-peruser:bt_heartbeat=1.0;CT;1:NR
10-21 18:48:35.163 I/ActivityManager( 979): Start proc 5617:com.amazon.tv.csapp/u0a22078 for broadcast com.amazon.tv.csapp/com.amazon.diode.events.AmazonConnectivityEventReceiver
10-21 18:48:35.301 W/ResourcesManager( 5617): Asset path '/system/framework/android.amazon.res.jar' does not exist or contains no resources.
10-21 18:48:35.321 I/ActivityManager( 979): Killing 4272:com.amazon.tv.notificationcenter/u0a22084 (adj 12): empty #17
10-21 18:48:35.436 D/ActivityManager( 979): cleanUpApplicationRecord -- 4272
10-21 18:48:35.504 I/ActivityManager( 979): Start proc 5636:com.ivona.tts.oem/u0a22023 for service com.ivona.tts.oem/com.ivona.ttslib.ics.IVONATextToSpeechService
10-21 18:48:35.661 I/ActivityManager( 979): Killing 5160:com.amazon.ftv.screensaver/u0a22108 (adj 12): empty #17
10-21 18:48:35.767 I/ActivityManager( 979): Killing 5088:com.amazon.ftv.glorialist/u0a22058 (adj 12): empty #18
10-21 18:48:35.895 D/ActivityManager( 979): cleanUpApplicationRecord -- 5160
10-21 18:48:35.950 D/ActivityManager( 979): cleanUpApplicationRecord -- 5088
10-21 18:48:36.001 I/ActivityManager( 979): Start proc 5668:com.amazon.device.messaging/u0a22011 for content provider com.amazon.device.messaging/.ADMRegistrationProvider
10-21 18:48:36.033 I/ActivityManager( 979): Start proc 5674:com.amazon.device.settings/u0a22033 for content provider com.amazon.device.settings/.SettingsProvider
10-21 18:48:36.286 I/ActivityManager( 979): Waited long enough for: ServiceRecord{1dce1302 u0 com.amazon.tv.settings.v2/.tv.Remote413PairedStatusService}
10-21 18:48:36.292 W/SchedPolicy( 979): Failed to set io priority for tid 5663 (No such process)
10-21 18:48:36.318 I/ActivityManager( 979): Killing 5205:org.xbmc.kodi/u0a17 (adj 12): empty #17
10-21 18:48:36.401 I/ActivityManager( 979): Start proc 5710:com.amazon.securitysyncclient/u0a22070 for service com.amazon.securitysyncclient/.scheduler.SecuritySyncSchedulerService
10-21 18:48:36.401 D/ActivityManager( 979): cleanUpApplicationRecord -- 5205
10-21 18:48:36.496 I/ActivityManager( 979): Killing 5256:com.amazon.device.bluetoothdfu/u0a22053 (adj 12): empty #17
10-21 18:48:36.602 I/ActivityManager( 979): Killing 5222:com.spotify.tv.android/u0a21 (adj 12): empty #18
10-21 18:48:36.758 D/ActivityManager( 979): cleanUpApplicationRecord -- 5256
10-21 18:48:36.786 D/ActivityManager( 979): cleanUpApplicationRecord -- 5222
10-21 18:48:36.919 D/WifiService( 979): New client listening to asynchronous messages
10-21 18:48:37.344 W/SchedPolicy( 979): Failed to set io priority for tid 5747 (No such process)
10-21 18:48:37.405 I/ActivityManager( 979): Start proc 5753:com.amazon.identity.auth.device.authorization/u0a22060 for service com.amazon.identity.auth.device.authorization/.AmazonCredentialManagerService
10-21 18:48:37.558 D/ActivityManager( 979): single user service: com.amazon.device.software.ota
10-21 18:48:37.581 I/ActivityManager( 979): Start proc 5773:com.amazon.device.software.ota/u0a22014 for service com.amazon.device.software.ota/.OTAJobService
10-21 18:48:37.581 D/ActivityManager( 979): app = com.amazon.device.software.ota, has single user service, setting process record!
10-21 18:48:37.876 I/ActivityManager( 979): Start proc 5796:com.spotify.tv.android/u0a21 for service com.spotify.tv.android/.service.SpotifyTVService
10-21 18:48:38.073 I/ActivityManager( 979): Start proc 5816:com.amazon.bueller.photos/u0a22049 for broadcast com.amazon.bueller.photos/com.amazon.gallery.thor.app.MediaScannerBroadcastReceiver
10-21 18:48:38.130 I/ActivityManager( 979): Killing 5134:com.amazon.firebat/u0a22104 (adj 12): empty #17
10-21 18:48:38.278 D/ActivityManager( 979): cleanUpApplicationRecord -- 5134
10-21 18:48:38.335 W/ResourcesManager( 5816): Asset path '/system/framework/android.amazon.res.jar' does not exist or contains no resources.
10-21 18:48:38.345 I/ActivityManager( 979): Start proc 5840:com.amazon.tv.notificationcenter/u0a22084 for content provider com.amazon.tv.notificationcenter/.count.NotificationCountProvider
10-21 18:48:38.427 D/ActivityManager( 979): single user service: com.amazon.device.software.ota
10-21 18:48:38.460 D/ActivityManager( 979): app = com.amazon.device.software.ota, has single user service, setting process record.
10-21 18:48:38.830 W/ActivityManager( 979): Unable to start service Intent { cmp=com.amazon.tv.csg.dnwstateservice/.DNWStateService } U=0: not found
10-21 18:48:39.014 I/ActivityManager( 979): Killing 4988:com.amazon.device.metrics/u0a19 (adj 12): empty #17
10-21 18:48:39.054 D/ActivityManager( 979): cleanUpApplicationRecord -- 4988
10-21 18:48:39.149 I/ActivityManager( 979): Killing 4604:com.android.providers.tv/u0a22037 (adj 12): empty #17
10-21 18:48:39.212 D/ActivityManager( 979): cleanUpApplicationRecord -- 4604
10-21 18:48:39.576 I/LoggerMetricsFactoryImpl( 1125): FireTvSaleService:recordPMRPerfData:RecommendationDetails=com.spotify.tv.android;DV;1:NR
10-21 18:48:39.660 I/ActivityManager( 979): Killing 5409:com.amazon.kso.blackbird/u0a22066 (adj 12): empty #17
10-21 18:48:39.774 D/ActivityManager( 979): cleanUpApplicationRecord -- 5409
10-21 18:48:40.322 W/ActivityManager( 979): getRunningAppProcesses: caller 10015 does not hold REAL_GET_TASKS; limiting output
10-21 18:48:40.331 W/SchedPolicy( 979): Failed to set io priority for tid 5928 (No such process)
10-21 18:48:40.564 I/ActivityManager( 979): Killing 5116:com.amazon.avl.ftv/u0a22101 (adj 7): empty #17
10-21 18:48:40.681 D/ActivityManager( 979): cleanUpApplicationRecord -- 5116
10-21 18:48:40.822 I/ActivityManager( 979): Killing 5501:com.amazon.providers.tv/u0a22114 (adj 12): empty #17
10-21 18:48:40.936 D/ActivityManager( 979): cleanUpApplicationRecord -- 5501
10-21 18:48:41.356 W/ActivityManager( 979): getRunningAppProcesses: caller 32049 does not hold REAL_GET_TASKS; limiting output
10-21 18:48:41.809 W/SchedPolicy( 979): Failed to set io priority for tid 5888 (No such process)
10-21 18:48:41.825 W/ActivityManager( 979): getRunningAppProcesses: caller 10015 does not hold REAL_GET_TASKS; limiting output
10-21 18:48:41.828 I/ActivityManager( 979): Killing 5045:com.amazon.tv.livetv/u0a22082 (adj 12): empty #17
10-21 18:48:41.943 D/ActivityManager( 979): cleanUpApplicationRecord -- 5045
10-21 18:48:42.020 I/ActivityManager( 979): Killing 5008:com.amazon.tv.fw.metrics/u0a6 (adj 12): empty #17
10-21 18:48:42.078 E/AmazonHdmiService( 979): Settings client binder died.
10-21 18:48:42.113 D/ActivityManager( 979): cleanUpApplicationRecord -- 5008
10-21 18:48:42.354 I/ActivityManager( 979): Start proc 5952:com.amazon.tv.livetv/u0a22082 for broadcast com.amazon.tv.livetv/com.amazon.livetv.contentservice.utils.TvInputChangeReceiver
10-21 18:48:42.428 W/ResourcesManager( 5952): Asset path '/system/framework/android.amazon.res.jar' does not exist or contains no resources.
10-21 18:48:43.154 I/ActivityManager( 979): Killing 5279:com.amazon.device.controllermanager:BluetoothReceiver/u0a2 (adj 12): empty #17
10-21 18:48:43.247 D/ActivityManager( 979): cleanUpApplicationRecord -- 5279
10-21 18:48:43.918 D/WifiService( 979): acquireWifiLockLocked: WifiLock{ServiceConfigService type=1 binder=android.os.BinderProxy@634f524}
10-21 18:48:43.952 W/ActivityManager( 979): getRunningAppProcesses: caller 10015 does not hold REAL_GET_TASKS; limiting output
10-21 18:48:43.986 D/WifiService( 979): releaseWifiLockLocked: WifiLock{ServiceConfigService type=1 binder=android.os.BinderProxy@634f524}
10-21 18:48:43.989 D/WifiService( 979): acquireWifiLockLocked: WifiLock{FeatureConfigRefreshService type=1 binder=android.os.BinderProxy@23d44a42}
10-21 18:48:44.027 I/ActivityManager( 979): Start proc 6009:com.android.providers.tv/u0a22037 for content provider com.android.providers.tv/.TvProvider
10-21 18:48:44.138 D/WifiService( 979): releaseWifiLockLocked: WifiLock{FeatureConfigRefreshService type=1 binder=android.os.BinderProxy@23d44a42}
10-21 18:48:44.362 I/ActivityManager( 979): Start proc 6034:com.amazon.providers.tv/u0a22114 for content provider com.amazon.providers.tv/.FireTvProvider
10-21 18:48:44.748 I/ActivityManager( 979): Killing 5377:com.amazon.naatyam/u0a22112 (adj 12): empty #17
10-21 18:48:44.909 D/ActivityManager( 979): cleanUpApplicationRecord -- 5377
10-21 18:48:44.947 I/ActivityManager( 979): Killing 5563:com.amazon.logan/u0a22092 (adj 12): empty #17
10-21 18:48:45.140 D/ActivityManager( 979): cleanUpApplicationRecord -- 5563
10-21 18:48:46.485 W/ActivityManager( 979): getRunningAppProcesses: caller 10015 does not hold REAL_GET_TASKS; limiting output
10-21 18:48:48.895 I/ActivityManager( 979): Start proc 6058:com.amazon.kso.blackbird/u0a22066 for content provider com.amazon.kso.blackbird/.sync.StubProvider
10-21 18:48:48.966 W/ResourcesManager( 6058): Asset path '/system/framework/android.amazon.res.jar' does not exist or contains no resources.
10-21 18:48:49.122 D/ActivityManager( 979): single user service: com.amazon.device.services
10-21 18:48:49.157 D/ActivityManager( 979): app = com.amazon.device.services, has single user service, setting process record.
10-21 18:48:49.488 W/ActivityManager( 979): getRunningAppProcesses: caller 10015 does not hold REAL_GET_TASKS; limiting output
10-21 18:48:49.618 I/ActivityManager( 979): Killing 4013:com.amazon.logan:a11ymetrics/u0a22092 (adj 12): empty #17
10-21 18:48:49.837 D/ActivityManager( 979): cleanUpApplicationRecord -- 4013
10-21 18:48:50.198 D/ActivityManager( 979): single user service: com.amazon.imp
10-21 18:48:50.224 D/ActivityManager( 979): app = com.amazon.imp, has single user service, setting process record.
10-21 18:48:50.904 D/WifiService( 979): acquireWifiLockLocked: WifiLock{MASClientLocker.LockerSyncService type=1 binder=android.os.BinderProxy@3987a9b}
10-21 18:48:50.980 D/WifiService( 979): releaseWifiLockLocked: WifiLock{MASClientLocker.LockerSyncService type=1 binder=android.os.BinderProxy@3987a9b}
10-21 18:48:50.983 D/WifiService( 979): acquireWifiLockLocked: WifiLock{ServiceConfigService type=1 binder=android.os.BinderProxy@133d9e11}
10-21 18:48:51.056 D/WifiService( 979): acquireWifiLockLocked: WifiLock{FeatureConfigRefreshService type=1 binder=android.os.BinderProxy@31fa2577}
10-21 18:48:51.114 D/WifiService( 979): releaseWifiLockLocked: WifiLock{ServiceConfigService type=1 binder=android.os.BinderProxy@133d9e11}
10-21 18:48:51.192 D/WifiService( 979): acquireWifiLockLocked: WifiLock{MASClientLocker.LockerSyncService type=1 binder=android.os.BinderProxy@286cfe49}
10-21 18:48:51.243 D/WifiService( 979): releaseWifiLockLocked: WifiLock{MASClientLocker.LockerSyncService type=1 binder=android.os.BinderProxy@286cfe49}
10-21 18:48:51.251 D/WifiService( 979): releaseWifiLockLocked: WifiLock{FeatureConfigRefreshService type=1 binder=android.os.BinderProxy@31fa2577}
10-21 18:48:51.407 D/WifiService( 979): acquireWifiLockLocked: WifiLock{MASClientLocker.LockerSyncService type=1 binder=android.os.BinderProxy@3a13de26}
10-21 18:48:51.525 D/ActivityManager( 979): single user service: com.amazon.imp
10-21 18:48:51.547 D/ActivityManager( 979): app = com.amazon.imp, has single user service, setting process record.
10-21 18:48:51.629 D/ActivityManager( 979): single user service: com.amazon.imp
10-21 18:48:51.651 D/ActivityManager( 979): app = com.amazon.imp, has single user service, setting process record.
10-21 18:48:52.163 W/BroadcastQueue( 979): Permission Denial: receiving Intent { act=android.bluetooth.adapter.action.DISCOVERY_STARTED flg=0x10 } to ProcessRecord{3df8cfd0 5299:com.amazon.venezia/u0a22089} (pid=5299, uid=32089) requires android.permission.BLUETOOTH due to sender com.android.bluetooth (uid 1002)
10-21 18:48:52.181 I/ActivityManager( 979): Start proc 6117:com.amazon.device.controllermanager:BluetoothReceiver/u0a2 for broadcast com.amazon.device.controllermanager/.bluetooth.BluetoothReceiver
10-21 18:48:52.182 E/WifiP2pService( 979): applyAutoGOHiddenSSIDState: remote_discovery_on=true wps_pbc_on=false wfd_on=false hiddenSSID=false
10-21 18:48:52.182 W/BroadcastQueue( 979): Permission Denial: receiving Intent { act=android.bluetooth.device.action.CLASS_CHANGED flg=0x4000010 (has extras) } to ProcessRecord{3df8cfd0 5299:com.amazon.venezia/u0a22089} (pid=5299, uid=32089) requires android.permission.BLUETOOTH due to sender com.android.bluetooth (uid 1002)
10-21 18:48:52.206 W/BroadcastQueue( 979): Permission Denial: receiving Intent { act=android.bluetooth.device.action.FOUND flg=0x10 (has extras) } to ProcessRecord{3df8cfd0 5299:com.amazon.venezia/u0a22089} (pid=5299, uid=32089) requires android.permission.BLUETOOTH due to sender com.android.bluetooth (uid 1002)
10-21 18:48:52.257 W/BroadcastQueue( 979): Permission Denial: receiving Intent { act=android.bluetooth.device.action.CLASS_CHANGED flg=0x4000010 (has extras) } to ProcessRecord{3df8cfd0 5299:com.amazon.venezia/u0a22089} (pid=5299, uid=32089) requires android.permission.BLUETOOTH due to sender com.android.bluetooth (uid 1002)
10-21 18:48:52.258 W/BroadcastQueue( 979): Permission Denial: receiving Intent { act=android.bluetooth.device.action.FOUND flg=0x10 (has extras) } to ProcessRecord{3df8cfd0 5299:com.amazon.venezia/u0a22089} (pid=5299, uid=32089) requires android.permission.BLUETOOTH due to sender com.android.bluetooth (uid 1002)
10-21 18:48:52.355 I/ActivityManager( 979): Start proc 6138:com.amazon.device.controllermanager:WifiReceiver/u0a2 for broadcast com.amazon.device.controllermanager/.wifi.WifiReceiver
10-21 18:48:52.387 W/BroadcastQueue( 979): Permission Denial: receiving Intent { act=android.bluetooth.device.action.CLASS_CHANGED flg=0x4000010 (has extras) } to ProcessRecord{3df8cfd0 5299:com.amazon.venezia/u0a22089} (pid=5299, uid=32089) requires android.permission.BLUETOOTH due to sender com.android.bluetooth (uid 1002)
10-21 18:48:52.417 W/BroadcastQueue( 979): Permission Denial: receiving Intent { act=android.bluetooth.device.action.FOUND flg=0x10 (has extras) } to ProcessRecord{3df8cfd0 5299:com.amazon.venezia/u0a22089} (pid=5299, uid=32089) requires android.permission.BLUETOOTH due to sender com.android.bluetooth (uid 1002)
10-21 18:48:52.508 I/LoggerMetricsFactoryImpl( 3290): WifiReceiverService:wifi_discovery:discovering=true;DV;1:NR
10-21 18:48:52.556 I/Vlog ( 135): logd:performance:fgtracking=false;DV;1,key=TotalMessages;DV;1,Counter=11014;CT;1,unit=count;DV;1:HI
10-21 18:48:52.556 I/Vlog ( 135): logd:performance:fgtracking=false;DV;1,key=DroppedMessages;DV;1,Counter=0;CT;1,unit=count;DV;1:HI
10-21 18:48:52.556 I/Vlog ( 135): logd:performance:fgtracking=false;DV;1,key=Throughput;DV;1,Counter=140.41;CT;1,unit=kbps;DV;1:HI
10-21 18:48:52.600 W/BroadcastQueue( 979): Permission Denial: receiving Intent { act=android.bluetooth.device.action.CLASS_CHANGED flg=0x4000010 (has extras) } to ProcessRecord{3df8cfd0 5299:com.amazon.venezia/u0a22089} (pid=5299, uid=32089) requires android.permission.BLUETOOTH due to sender com.android.bluetooth (uid 1002)
10-21 18:48:52.604 D/WifiService( 979): acquireWifiLockLocked: WifiLock{MASClientLocker.AppMetadataService type=1 binder=android.os.BinderProxy@3782c19d}
10-21 18:48:52.605 W/BroadcastQueue( 979): Permission Denial: receiving Intent { act=android.bluetooth.device.action.FOUND flg=0x10 (has extras) } to ProcessRecord{3df8cfd0 5299:com.amazon.venezia/u0a22089} (pid=5299, uid=32089) requires android.permission.BLUETOOTH due to sender com.android.bluetooth (uid 1002)
10-21 18:48:52.606 W/BroadcastQueue( 979): Permission Denial: receiving Intent { act=android.bluetooth.device.action.CLASS_CHANGED flg=0x4000010 (has extras) } to ProcessRecord{3df8cfd0 5299:com.amazon.venezia/u0a22089} (pid=5299, uid=32089) requires android.permission.BLUETOOTH due to sender com.android.bluetooth (uid 1002)
10-21 18:48:52.655 W/BroadcastQueue( 979): Permission Denial: receiving Intent { act=android.bluetooth.device.action.FOUND flg=0x10 (has extras) } to ProcessRecord{3df8cfd0 5299:com.amazon.venezia/u0a22089} (pid=5299, uid=32089) requires android.permission.BLUETOOTH due to sender com.android.bluetooth (uid 1002)
10-21 18:48:52.724 I/ActivityManager( 979): Killing 5674:com.amazon.device.settings/u0a22033 (adj 12): empty #17
10-21 18:48:52.866 D/ActivityManager( 979): cleanUpApplicationRecord -- 5674
10-21 18:48:52.890 W/BroadcastQueue( 979): Permission Denial: receiving Intent { act=android.bluetooth.device.action.CLASS_CHANGED flg=0x4000010 (has extras) } to ProcessRecord{3df8cfd0 5299:com.amazon.venezia/u0a22089} (pid=5299, uid=32089) requires android.permission.BLUETOOTH due to sender com.android.bluetooth (uid 1002)
10-21 18:48:52.947 W/BroadcastQueue( 979): Permission Denial: receiving Intent { act=android.bluetooth.device.action.FOUND flg=0x10 (has extras) } to ProcessRecord{3df8cfd0 5299:com.amazon.venezia/u0a22089} (pid=5299, uid=32089) requires android.permission.BLUETOOTH due to sender com.android.bluetooth (uid 1002)
10-21 18:48:52.952 D/WifiService( 979): releaseWifiLockLocked: WifiLock{MASClientLocker.LockerSyncService type=1 binder=android.os.BinderProxy@3a13de26}
10-21 18:48:52.990 W/ActivityManager( 979): getRunningAppProcesses: caller 10015 does not hold REAL_GET_TASKS; limiting output
10-21 18:48:53.256 D/ActivityManager( 979): single user service: com.amazon.kindle.cms
10-21 18:48:53.262 D/WifiService( 979): releaseWifiLockLocked: WifiLock{MASClientLocker.AppMetadataService type=1 binder=android.os.BinderProxy@3782c19d}
10-21 18:48:53.285 I/ActivityManager( 979): Start proc 6182:com.amazon.kindle.cms/u0a22062 for service com.amazon.kindle.cms/.CMSService
10-21 18:48:53.285 D/ActivityManager( 979): app = com.amazon.kindle.cms, has single user service, setting process record!
10-21 18:48:53.664 W/SchedPolicy( 979): Failed to set io priority for tid 6203 (No such process)
10-21 18:48:53.724 D/ActivityManager( 979): single user service: com.amazon.kindle.cms
10-21 18:48:53.753 D/ActivityManager( 979): app = com.amazon.kindle.cms, has single user service, setting process record.
10-21 18:48:53.980 I/ActivityManager( 979): Start proc 6217:com.amazon.aca/u0a22098 for broadcast com.amazon.aca/.LockerSyncBroadcastReceiver
10-21 18:48:54.580 W/BroadcastQueue( 979): Permission Denial: receiving Intent { act=android.bluetooth.device.action.CLASS_CHANGED flg=0x4000010 (has extras) } to ProcessRecord{3df8cfd0 5299:com.amazon.venezia/u0a22089} (pid=5299, uid=32089) requires android.permission.BLUETOOTH due to sender com.android.bluetooth (uid 1002)
10-21 18:48:54.582 W/BroadcastQueue( 979): Permission Denial: receiving Intent { act=android.bluetooth.device.action.FOUND flg=0x10 (has extras) } to ProcessRecord{3df8cfd0 5299:com.amazon.venezia/u0a22089} (pid=5299, uid=32089) requires android.permission.BLUETOOTH due to sender com.android.bluetooth (uid 1002)
10-21 18:48:54.701 W/BroadcastQueue( 979): Permission Denial: receiving Intent { act=android.bluetooth.device.action.CLASS_CHANGED flg=0x4000010 (has extras) } to ProcessRecord{3df8cfd0 5299:com.amazon.venezia/u0a22089} (pid=5299, uid=32089) requires android.permission.BLUETOOTH due to sender com.android.bluetooth (uid 1002)
10-21 18:48:54.702 W/BroadcastQueue( 979): Permission Denial: receiving Intent { act=android.bluetooth.device.action.FOUND flg=0x10 (has extras) } to ProcessRecord{3df8cfd0 5299:com.amazon.venezia/u0a22089} (pid=5299, uid=32089) requires android.permission.BLUETOOTH due to sender com.android.bluetooth (uid 1002)
10-21 18:48:54.976 W/BroadcastQueue( 979): Permission Denial: receiving Intent { act=android.bluetooth.device.action.CLASS_CHANGED flg=0x4000010 (has extras) } to ProcessRecord{3df8cfd0 5299:com.amazon.venezia/u0a22089} (pid=5299, uid=32089) requires android.permission.BLUETOOTH due to sender com.android.bluetooth (uid 1002)
10-21 18:48:54.978 W/BroadcastQueue( 979): Permission Denial: receiving Intent { act=android.bluetooth.device.action.FOUND flg=0x10 (has extras) } to ProcessRecord{3df8cfd0 5299:com.amazon.venezia/u0a22089} (pid=5299, uid=32089) requires android.permission.BLUETOOTH due to sender com.android.bluetooth (uid 1002)
10-21 18:48:55.853 D/WifiService( 979): acquireWifiLockLocked: WifiLock{HTTPMetricsTransport type=3 binder=android.os.BinderProxy@335c9d58}
10-21 18:48:55.858 D/WifiService( 979): releaseWifiLockLocked: WifiLock{HTTPMetricsTransport type=3 binder=android.os.BinderProxy@335c9d58}
10-21 18:48:55.878 D/WifiService( 979): acquireWifiLockLocked: WifiLock{HTTPMetricsTransport type=3 binder=android.os.BinderProxy@f040717}
10-21 18:48:55.883 D/WifiService( 979): releaseWifiLockLocked: WifiLock{HTTPMetricsTransport type=3 binder=android.os.BinderProxy@f040717}
10-21 18:48:55.968 I/ActivityManager( 979): Start proc 6309:com.amazon.ags.app/u0a22044 for service com.amazon.ags.app/com.amazon.gamecircle.sync.SyncIntentService
10-21 18:48:56.067 D/ActivityManager( 979): single user service: com.amazon.imp
10-21 18:48:56.102 D/ActivityManager( 979): app = com.amazon.imp, has single user service, setting process record.
10-21 18:48:56.158 W/ResourcesManager( 6309): Asset path '/system/framework/android.amazon.res.jar' does not exist or contains no resources.
10-21 18:48:56.296 I/AmznDloadMgr( 5541): download_queue:runq_state:running_1=1;CT;1,num_clients=1;CT;1,packages=com.amazon.venezia&;DV;1,user_items=1;CT;1:NR
10-21 18:48:56.447 W/SchedPolicy( 979): Failed to set io priority for tid 6335 (No such process)
10-21 18:48:56.470 D/WifiService( 979): acquireWifiLockLocked: WifiLock{DownloadManager type=3 binder=android.os.BinderProxy@1aad4859}
10-21 18:48:57.017 D/WifiService( 979): acquireWifiLockLocked: WifiLock{MASClientLocker.LockerSyncService type=1 binder=android.os.BinderProxy@2adc1901}
10-21 18:48:57.030 W/ActivityManager( 979): getRunningAppProcesses: caller 10015 does not hold REAL_GET_TASKS; limiting output
10-21 18:48:57.200 D/WifiService( 979): releaseWifiLockLocked: WifiLock{MASClientLocker.LockerSyncService type=1 binder=android.os.BinderProxy@2adc1901}
10-21 18:48:57.423 D/ActivityManager( 979): single user service: com.amazon.imp
10-21 18:48:57.455 D/ActivityManager( 979): app = com.amazon.imp, has single user service, setting process record.
10-21 18:48:57.581 W/SchedPolicy( 979): Failed to set io priority for tid 6380 (No such process)
10-21 18:48:57.694 I/AmznDloadMgr( 5541): download_data:com.amazon.venezia.final_report:mId=80;DV;1,done=1;CT;1,tries=1;CT;1,httperr=0;CT;1,fulltime=1;CT;1,startTime=1571676536026;TI;1,speedBps=35865;CT;1,KB=19;CT;1,numChild=0;CT;1,status_200=1;CT;1,fcode_0=1;CT;1,wanUsed_0=1;CT;1,wanKB=0;CT;1,DOWNLOAD_TYPE_1=1;CT;1,USER_FOREGROUND_true=1;CT;1:NR
10-21 18:48:57.732 D/WifiService( 979): releaseWifiLockLocked: WifiLock{DownloadManager type=3 binder=android.os.BinderProxy@1aad4859}
10-21 18:48:57.795 W/SchedPolicy( 979): Failed to set io priority for tid 6384 (No such process)
10-21 18:48:58.217 W/SchedPolicy( 979): Failed to set io priority for tid 6281 (No such process)
10-21 18:48:58.248 W/SchedPolicy( 979): Failed to set io priority for tid 6306 (No such process)
10-21 18:48:58.780 I/ActivityManager( 979): Killing 5710:com.amazon.securitysyncclient/u0a22070 (adj 12): empty #17
10-21 18:48:58.896 D/ActivityManager( 979): cleanUpApplicationRecord -- 5710
10-21 18:48:59.232 I/ActivityManager( 979): Killing 5753:com.amazon.identity.auth.device.authorization/u0a22060 (adj 12): empty #17
10-21 18:48:59.349 D/ActivityManager( 979): cleanUpApplicationRecord -- 5753
10-21 18:48:59.495 W/BroadcastQueue( 979): Permission Denial: receiving Intent { act=android.bluetooth.device.action.CLASS_CHANGED flg=0x4000010 (has extras) } to ProcessRecord{3df8cfd0 5299:com.amazon.venezia/u0a22089} (pid=5299, uid=32089) requires android.permission.BLUETOOTH due to sender com.android.bluetooth (uid 1002)
10-21 18:48:59.495 W/BroadcastQueue( 979): Permission Denial: receiving Intent { act=android.bluetooth.device.action.CLASS_CHANGED flg=0x4000010 (has extras) } to ProcessRecord{16dbefc5 6217:com.amazon.aca/u0a22098} (pid=6217, uid=32098) requires android.permission.BLUETOOTH due to sender com.android.bluetooth (uid 1002)
10-21 18:48:59.555 D/ActivityManager( 979): single user service: com.amazon.imp
10-21 18:48:59.581 D/ActivityManager( 979): app = com.amazon.imp, has single user service, setting process record.
10-21 18:48:59.582 W/BroadcastQueue( 979): Permission Denial: receiving Intent { act=android.bluetooth.device.action.FOUND flg=0x10 (has extras) } to ProcessRecord{3df8cfd0 5299:com.amazon.venezia/u0a22089} (pid=5299, uid=32089) requires android.permission.BLUETOOTH due to sender com.android.bluetooth (uid 1002)
10-21 18:48:59.583 W/BroadcastQueue( 979): Permission Denial: receiving Intent { act=android.bluetooth.device.action.FOUND flg=0x10 (has extras) } to ProcessRecord{16dbefc5 6217:com.amazon.aca/u0a22098} (pid=6217, uid=32098) requires android.permission.BLUETOOTH due to sender com.android.bluetooth (uid 1002)
10-21 18:48:59.697 W/BroadcastQueue( 979): Permission Denial: receiving Intent { act=android.bluetooth.device.action.CLASS_CHANGED flg=0x4000010 (has extras) } to ProcessRecord{3df8cfd0 5299:com.amazon.venezia/u0a22089} (pid=5299, uid=32089) requires android.permission.BLUETOOTH due to sender com.android.bluetooth (uid 1002)
10-21 18:48:59.697 W/BroadcastQueue( 979): Permission Denial: receiving Intent { act=android.bluetooth.device.action.CLASS_CHANGED flg=0x4000010 (has extras) } to ProcessRecord{16dbefc5 6217:com.amazon.aca/u0a22098} (pid=6217, uid=32098) requires android.permission.BLUETOOTH due to sender com.android.bluetooth (uid 1002)
10-21 18:48:59.710 W/BroadcastQueue( 979): Permission Denial: receiving Intent { act=android.bluetooth.device.action.FOUND flg=0x10 (has extras) } to ProcessRecord{3df8cfd0 5299:com.amazon.venezia/u0a22089} (pid=5299, uid=32089) requires android.permission.BLUETOOTH due to sender com.android.bluetooth (uid 1002)
10-21 18:48:59.711 W/BroadcastQueue( 979): Permission Denial: receiving Intent { act=android.bluetooth.device.action.FOUND flg=0x10 (has extras) } to ProcessRecord{16dbefc5 6217:com.amazon.aca/u0a22098} (pid=6217, uid=32098) requires android.permission.BLUETOOTH due to sender com.android.bluetooth (uid 1002)
10-21 18:48:59.712 W/BroadcastQueue( 979): Permission Denial: receiving Intent { act=android.bluetooth.device.action.CLASS_CHANGED flg=0x4000010 (has extras) } to ProcessRecord{3df8cfd0 5299:com.amazon.venezia/u0a22089} (pid=5299, uid=32089) requires android.permission.BLUETOOTH due to sender com.android.bluetooth (uid 1002)
10-21 18:48:59.712 W/BroadcastQueue( 979): Permission Denial: receiving Intent { act=android.bluetooth.device.action.CLASS_CHANGED flg=0x4000010 (has extras) } to ProcessRecord{16dbefc5 6217:com.amazon.aca/u0a22098} (pid=6217, uid=32098) requires android.permission.BLUETOOTH due to sender com.android.bluetooth (uid 1002)
10-21 18:48:59.717 W/BroadcastQueue( 979): Permission Denial: receiving Intent { act=android.bluetooth.device.action.FOUND flg=0x10 (has extras) } to ProcessRecord{3df8cfd0 5299:com.amazon.venezia/u0a22089} (pid=5299, uid=32089) requires android.permission.BLUETOOTH due to sender com.android.bluetooth (uid 1002)
10-21 18:48:59.717 W/BroadcastQueue( 979): Permission Denial: receiving Intent { act=android.bluetooth.device.action.FOUND flg=0x10 (has extras) } to ProcessRecord{16dbefc5 6217:com.amazon.aca/u0a22098} (pid=6217, uid=32098) requires android.permission.BLUETOOTH due to sender com.android.bluetooth (uid 1002)
10-21 18:48:59.850 W/BroadcastQueue( 979): Permission Denial: receiving Intent { act=android.bluetooth.device.action.CLASS_CHANGED flg=0x4000010 (has extras) } to ProcessRecord{3df8cfd0 5299:com.amazon.venezia/u0a22089} (pid=5299, uid=32089) requires android.permission.BLUETOOTH due to sender com.android.bluetooth (uid 1002)
10-21 18:48:59.850 W/BroadcastQueue( 979): Permission Denial: receiving Intent { act=android.bluetooth.device.action.CLASS_CHANGED flg=0x4000010 (has extras) } to ProcessRecord{16dbefc5 6217:com.amazon.aca/u0a22098} (pid=6217, uid=32098) requires android.permission.BLUETOOTH due to sender com.android.bluetooth (uid 1002)
10-21 18:48:59.852 W/BroadcastQueue( 979): Permission Denial: receiving Intent { act=android.bluetooth.device.action.FOUND flg=0x10 (has extras) } to ProcessRecord{3df8cfd0 5299:com.amazon.venezia/u0a22089} (pid=5299, uid=32089) requires android.permission.BLUETOOTH due to sender com.android.bluetooth (uid 1002)
10-21 18:48:59.853 W/BroadcastQueue( 979): Permission Denial: receiving Intent { act=android.bluetooth.device.action.FOUND flg=0x10 (has extras) } to ProcessRecord{16dbefc5 6217:com.amazon.aca/u0a22098} (pid=6217, uid=32098) requires android.permission.BLUETOOTH due to sender com.android.bluetooth (uid 1002)
10-21 18:48:59.903 W/BroadcastQueue( 979): Permission Denial: receiving Intent { act=android.bluetooth.device.action.CLASS_CHANGED flg=0x4000010 (has extras) } to ProcessRecord{3df8cfd0 5299:com.amazon.venezia/u0a22089} (pid=5299, uid=32089) requires android.permission.BLUETOOTH due to sender com.android.bluetooth (uid 1002)
10-21 18:48:59.903 W/BroadcastQueue( 979): Permission Denial: receiving Intent { act=android.bluetooth.device.action.CLASS_CHANGED flg=0x4000010 (has extras) } to ProcessRecord{16dbefc5 6217:com.amazon.aca/u0a22098} (pid=6217, uid=32098) requires android.permission.BLUETOOTH due to sender com.android.bluetooth (uid 1002)
10-21 18:48:59.906 W/BroadcastQueue( 979): Permission Denial: receiving Intent { act=android.bluetooth.device.action.FOUND flg=0x10 (has extras) } to ProcessRecord{3df8cfd0 5299:com.amazon.venezia/u0a22089} (pid=5299, uid=32089) requires android.permission.BLUETOOTH due to sender com.android.bluetooth (uid 1002)
10-21 18:48:59.906 W/BroadcastQueue( 979): Permission Denial: receiving Intent { act=android.bluetooth.device.action.FOUND flg=0x10 (has extras) } to ProcessRecord{16dbefc5 6217:com.amazon.aca/u0a22098} (pid=6217, uid=32098) requires android.permission.BLUETOOTH due to sender com.android.bluetooth (uid 1002)
10-21 18:48:59.987 W/BroadcastQueue( 979): Permission Denial: receiving Intent { act=android.bluetooth.device.action.CLASS_CHANGED flg=0x4000010 (has extras) } to ProcessRecord{3df8cfd0 5299:com.amazon.venezia/u0a22089} (pid=5299, uid=32089) requires android.permission.BLUETOOTH due to sender com.android.bluetooth (uid 1002)
10-21 18:48:59.987 W/BroadcastQueue( 979): Permission Denial: receiving Intent { act=android.bluetooth.device.action.CLASS_CHANGED flg=0x4000010 (has extras) } to ProcessRecord{16dbefc5 6217:com.amazon.aca/u0a22098} (pid=6217, uid=32098) requires android.permission.BLUETOOTH due to sender com.android.bluetooth (uid 1002)
10-21 18:48:59.987 W/BroadcastQueue( 979): Permission Denial: receiving Intent { act=android.bluetooth.device.action.FOUND flg=0x10 (has extras) } to ProcessRecord{3df8cfd0 5299:com.amazon.venezia/u0a22089} (pid=5299, uid=32089) requires android.permission.BLUETOOTH due to sender com.android.bluetooth (uid 1002)
10-21 18:48:59.988 W/BroadcastQueue( 979): Permission Denial: receiving Intent { act=android.bluetooth.device.action.FOUND flg=0x10 (has extras) } to ProcessRecord{16dbefc5 6217:com.amazon.aca/u0a22098} (pid=6217, uid=32098) requires android.permission.BLUETOOTH due to sender com.android.bluetooth (uid 1002)
10-21 18:49:00.055 W/BroadcastQueue( 979): Permission Denial: receiving Intent { act=android.bluetooth.device.action.CLASS_CHANGED flg=0x4000010 (has extras) } to ProcessRecord{3df8cfd0 5299:com.amazon.venezia/u0a22089} (pid=5299, uid=32089) requires android.permission.BLUETOOTH due to sender com.android.bluetooth (uid 1002)
10-21 18:49:00.055 W/BroadcastQueue( 979): Permission Denial: receiving Intent { act=android.bluetooth.device.action.CLASS_CHANGED flg=0x4000010 (has extras) } to ProcessRecord{16dbefc5 6217:com.amazon.aca/u0a22098} (pid=6217, uid=32098) requires android.permission.BLUETOOTH due to sender com.android.bluetooth (uid 1002)
10-21 18:49:00.111 W/BroadcastQueue( 979): Permission Denial: receiving Intent { act=android.bluetooth.device.action.FOUND flg=0x10 (has extras) } to ProcessRecord{3df8cfd0 5299:com.amazon.venezia/u0a22089} (pid=5299, uid=32089) requires android.permission.BLUETOOTH due to sender com.android.bluetooth (uid 1002)
10-21 18:49:00.111 W/BroadcastQueue( 979): Permission Denial: receiving Intent { act=android.bluetooth.device.action.FOUND flg=0x10 (has extras) } to ProcessRecord{16dbefc5 6217:com.amazon.aca/u0a22098} (pid=6217, uid=32098) requires android.permission.BLUETOOTH due to sender com.android.bluetooth (uid 1002)
10-21 18:49:00.111 W/BroadcastQueue( 979): Permission Denial: receiving Intent { act=android.bluetooth.device.action.CLASS_CHANGED flg=0x4000010 (has extras) } to ProcessRecord{3df8cfd0 5299:com.amazon.venezia/u0a22089} (pid=5299, uid=32089) requires android.permission.BLUETOOTH due to sender com.android.bluetooth (uid 1002)
10-21 18:49:00.111 W/BroadcastQueue( 979): Permission Denial: receiving Intent { act=android.bluetooth.device.action.CLASS_CHANGED flg=0x4000010 (has extras) } to ProcessRecord{16dbefc5 6217:com.amazon.aca/u0a22098} (pid=6217, uid=32098) requires android.permission.BLUETOOTH due to sender com.android.bluetooth (uid 1002)
10-21 18:49:00.112 W/BroadcastQueue( 979): Permission Denial: receiving Intent { act=android.bluetooth.device.action.FOUND flg=0x10 (has extras) } to ProcessRecord{3df8cfd0 5299:com.amazon.venezia/u0a22089} (pid=5299, uid=32089) requires android.permission.BLUETOOTH due to sender com.android.bluetooth (uid 1002)
10-21 18:49:00.113 W/BroadcastQueue( 979): Permission Denial: receiving Intent { act=android.bluetooth.device.action.FOUND flg=0x10 (has extras) } to ProcessRecord{16dbefc5 6217:com.amazon.aca/u0a22098} (pid=6217, uid=32098) requires android.permission.BLUETOOTH due to sender com.android.bluetooth (uid 1002)
10-21 18:49:00.181 W/SchedPolicy( 979): Failed to set io priority for tid 6417 (No such process)
10-21 18:49:00.463 I/ActivityManager( 979): Start proc 6425:com.amazon.identity.auth.device.authorization/u0a22060 for service com.amazon.identity.auth.device.authorization/.AmazonCredentialManagerService
10-21 18:49:00.827 W/ResourcesManager( 6425): Asset path '/system/framework/android.amazon.res.jar' does not exist or contains no resources.
10-21 18:49:01.200 W/SchedPolicy( 979): Failed to set io priority for tid 6444 (No such process)
10-21 18:49:01.301 W/SchedPolicy( 979): Failed to set io priority for tid 6422 (No such process)
10-21 18:49:01.587 W/ActivityManager( 979): getRunningAppProcesses: caller 10015 does not hold REAL_GET_TASKS; limiting output
10-21 18:49:01.913 I/ActivityManager( 979): Start proc 6455:com.amazon.katoch/u0a22111 for service com.amazon.katoch/.service.SyncService
10-21 18:49:01.942 I/ActivityManager( 979): Killing 5636:com.ivona.tts.oem/u0a22023 (adj 12): empty #17
10-21 18:49:02.091 D/ActivityManager( 979): cleanUpApplicationRecord -- 5636
10-21 18:49:02.384 I/TimeService.clockWrapper( 979): broadcastTimeUpdate: isTrusted = true syncMethod = NTP oldTimeMillis = 1571676542408 newTimeMillis = 1571676542384
10-21 18:49:02.396 W/ContextImpl( 979): Calling a method in the system process without a qualified user: android.app.ContextImpl.sendStickyBroadcast:1587 com.amazon.fireos.service.timeservice.clock.Clock.broadcastTimeUpdate:97 com.amazon.fireos.service.timeservice.clock.Clock.setCurrentTimeMillis:61 com.amazon.fireos.service.timeservice.clock.TimeServiceClock.setTime:51 com.amazon.fireos.service.timeservice.clock.TimeServiceClock.setTimeByNtpReference:78
10-21 18:49:02.481 W/ContextImpl( 979): Calling a method in the system process without a qualified user: android.app.ContextImpl.sendBroadcast:1420 com.android.server.AlarmManagerService$AlarmThread.run:1818
10-21 18:49:03.430 I/ActivityManager( 979): Start proc 6492:com.amazon.device.bluetoothdfu/u0a22053 for broadcast com.amazon.device.bluetoothdfu/com.amazon.identity.auth.device.storage.LambortishClock$ChangeTimestampsBroadcastReceiver
10-21 18:49:03.516 W/ResourcesManager( 6492): Asset path '/system/framework/android.amazon.res.jar' does not exist or contains no resources.
10-21 18:49:03.695 I/ActivityManager( 979): Start proc 6518:com.amazon.firebat/u0a22104 for broadcast com.amazon.firebat/androidx.work.impl.background.systemalarm.RescheduleReceiver
10-21 18:49:03.714 I/ActivityManager( 979): Killing 5583:com.amazon.ceviche/u0a22102 (adj 12): empty #17
10-21 18:49:03.898 D/ActivityManager( 979): cleanUpApplicationRecord -- 5583
10-21 18:49:04.308 I/ActivityManager( 979): Killing 6034:com.amazon.providers.tv/u0a22114 (adj 12): empty #17
10-21 18:49:04.426 D/ActivityManager( 979): cleanUpApplicationRecord -- 6034
10-21 18:49:04.458 W/BroadcastQueue( 979): Permission Denial: receiving Intent { act=android.bluetooth.device.action.CLASS_CHANGED flg=0x4000010 (has extras) } to ProcessRecord{3df8cfd0 5299:com.amazon.venezia/u0a22089} (pid=5299, uid=32089) requires android.permission.BLUETOOTH due to sender com.android.bluetooth (uid 1002)
10-21 18:49:04.459 W/BroadcastQueue( 979): Permission Denial: receiving Intent { act=android.bluetooth.device.action.CLASS_CHANGED flg=0x4000010 (has extras) } to ProcessRecord{16dbefc5 6217:com.amazon.aca/u0a22098} (pid=6217, uid=32098) requires android.permission.BLUETOOTH due to sender com.android.bluetooth (uid 1002)
10-21 18:49:04.460 W/BroadcastQueue( 979): Permission Denial: receiving Intent { act=android.bluetooth.device.action.FOUND flg=0x10 (has extras) } to ProcessRecord{3df8cfd0 5299:com.amazon.venezia/u0a22089} (pid=5299, uid=32089) requires android.permission.BLUETOOTH due to sender com.android.bluetooth (uid 1002)
10-21 18:49:04.460 W/BroadcastQueue( 979): Permission Denial: receiving Intent { act=android.bluetooth.device.action.FOUND flg=0x10 (has extras) } to ProcessRecord{16dbefc5 6217:com.amazon.aca/u0a22098} (pid=6217, uid=32098) requires android.permission.BLUETOOTH due to sender com.android.bluetooth (uid 1002)
10-21 18:49:04.548 W/BroadcastQueue( 979): Permission Denial: receiving Intent { act=android.bluetooth.device.action.CLASS_CHANGED flg=0x4000010 (has extras) } to ProcessRecord{3df8cfd0 5299:com.amazon.venezia/u0a22089} (pid=5299, uid=32089) requires android.permission.BLUETOOTH due to sender com.android.bluetooth (uid 1002)
10-21 18:49:04.548 W/BroadcastQueue( 979): Permission Denial: receiving Intent { act=android.bluetooth.device.action.CLASS_CHANGED flg=0x4000010 (has extras) } to ProcessRecord{16dbefc5 6217:com.amazon.aca/u0a22098} (pid=6217, uid=32098) requires android.permission.BLUETOOTH due to sender com.android.bluetooth (uid 1002)
10-21 18:49:04.612 W/BroadcastQueue( 979): Permission Denial: receiving Intent { act=android.bluetooth.device.action.FOUND flg=0x10 (has extras) } to ProcessRecord{3df8cfd0 5299:com.amazon.venezia/u0a22089} (pid=5299, uid=32089) requires android.permission.BLUETOOTH due to sender com.android.bluetooth (uid 1002)
10-21 18:49:04.612 W/BroadcastQueue( 979): Permission Denial: receiving Intent { act=android.bluetooth.device.action.FOUND flg=0x10 (has extras) } to ProcessRecord{16dbefc5 6217:com.amazon.aca/u0a22098} (pid=6217, uid=32098) requires android.permission.BLUETOOTH due to sender com.android.bluetooth (uid 1002)
10-21 18:49:04.646 W/BroadcastQueue( 979): Permission Denial: receiving Intent { act=android.bluetooth.device.action.CLASS_CHANGED flg=0x4000010 (has extras) } to ProcessRecord{3df8cfd0 5299:com.amazon.venezia/u0a22089} (pid=5299, uid=32089) requires android.permission.BLUETOOTH due to sender com.android.bluetooth (uid 1002)
10-21 18:49:04.647 W/BroadcastQueue( 979): Permission Denial: receiving Intent { act=android.bluetooth.device.action.CLASS_CHANGED flg=0x4000010 (has extras) } to ProcessRecord{16dbefc5 6217:com.amazon.aca/u0a22098} (pid=6217, uid=32098) requires android.permission.BLUETOOTH due to sender com.android.bluetooth (uid 1002)
10-21 18:49:04.648 W/BroadcastQueue( 979): Permission Denial: receiving Intent { act=android.bluetooth.device.action.FOUND flg=0x10 (has extras) } to ProcessRecord{3df8cfd0 5299:com.amazon.venezia/u0a22089} (pid=5299, uid=32089) requires android.permission.BLUETOOTH due to sender com.android.bluetooth (uid 1002)
10-21 18:49:04.649 W/BroadcastQueue( 979): Permission Denial: receiving Intent { act=android.bluetooth.device.action.FOUND flg=0x10 (has extras) } to ProcessRecord{16dbefc5 6217:com.amazon.aca/u0a22098} (pid=6217, uid=32098) requires android.permission.BLUETOOTH due to sender com.android.bluetooth (uid 1002)
10-21 18:49:04.795 W/BroadcastQueue( 979): Permission Denial: receiving Intent { act=android.bluetooth.device.action.CLASS_CHANGED flg=0x4000010 (has extras) } to ProcessRecord{3df8cfd0 5299:com.amazon.venezia/u0a22089} (pid=5299, uid=32089) requires android.permission.BLUETOOTH due to sender com.android.bluetooth (uid 1002)
10-21 18:49:04.795 W/BroadcastQueue( 979): Permission Denial: receiving Intent { act=android.bluetooth.device.action.CLASS_CHANGED flg=0x4000010 (has extras) } to ProcessRecord{16dbefc5 6217:com.amazon.aca/u0a22098} (pid=6217, uid=32098) requires android.permission.BLUETOOTH due to sender com.android.bluetooth (uid 1002)
10-21 18:49:04.795 W/BroadcastQueue( 979): Permission Denial: receiving Intent { act=android.bluetooth.device.action.FOUND flg=0x10 (has extras) } to ProcessRecord{3df8cfd0 5299:com.amazon.venezia/u0a22089} (pid=5299, uid=32089) requires android.permission.BLUETOOTH due to sender com.android.bluetooth (uid 1002)
10-21 18:49:04.795 W/BroadcastQueue( 979): Permission Denial: receiving Intent { act=android.bluetooth.device.action.FOUND flg=0x10 (has extras) } to ProcessRecord{16dbefc5 6217:com.amazon.aca/u0a22098} (pid=6217, uid=32098) requires android.permission.BLUETOOTH due to sender com.android.bluetooth (uid 1002)
10-21 18:49:04.846 W/BroadcastQueue( 979): Permission Denial: receiving Intent { act=android.bluetooth.device.action.CLASS_CHANGED flg=0x4000010 (has extras) } to ProcessRecord{3df8cfd0 5299:com.amazon.venezia/u0a22089} (pid=5299, uid=32089) requires android.permission.BLUETOOTH due to sender com.android.bluetooth (uid 1002)
10-21 18:49:04.846 W/BroadcastQueue( 979): Permission Denial: receiving Intent { act=android.bluetooth.device.action.CLASS_CHANGED flg=0x4000010 (has extras) } to ProcessRecord{16dbefc5 6217:com.amazon.aca/u0a22098} (pid=6217, uid=32098) requires android.permission.BLUETOOTH due to sender com.android.bluetooth (uid 1002)
10-21 18:49:04.856 I/ActivityManager( 979): Process com.amazon.katoch (pid 6455) has died
10-21 18:49:04.856 D/ActivityManager( 979): cleanUpApplicationRecord -- 6455
