10-21 19:07:03.708 I/Vlog ( 979): performance:SkippedVsyncsBucket2:fgtracking=false;DV;1,key=com.amazon.tv.launcher;DV;1,Counter=1.0;CT;1,unit=count;DV;1,metadata=com.amazon.tv.launcher/.ui.HomeActivity_vNext!{"d"#{"app_version"#"618081110"}$"m"#{"context"#"S1T0A1D0I0L0E0M99"$"prev"#"com.amazon.tv.settings.v2/.tv.device.DeviceActivity"}};DV;1:HI
10-21 19:07:03.708 I/Vlog ( 979): performance:SkippedVsyncsBucket3:fgtracking=false;DV;1,key=com.amazon.tv.launcher;DV;1,Counter=2.0;CT;1,unit=count;DV;1,metadata=com.amazon.tv.launcher/.ui.HomeActivity_vNext!{"d"#{"app_version"#"618081110"}$"m"#{"context"#"S1T0A1D0I0L0E0M99"$"prev"#"com.amazon.tv.settings.v2/.tv.device.DeviceActivity"}};DV;1:HI
10-21 19:07:03.708 I/Vlog ( 979): performance:SkippedVsyncsBucket5:fgtracking=false;DV;1,key=com.amazon.tv.launcher;DV;1,Counter=1.0;CT;1,unit=count;DV;1,metadata=com.amazon.tv.launcher/.ui.HomeActivity_vNext!{"d"#{"app_version"#"618081110"}$"m"#{"context"#"S1T0A1D0I0L0E0M99"$"prev"#"com.amazon.tv.settings.v2/.tv.device.DeviceActivity"}};DV;1:HI
10-21 19:07:03.708 I/Vlog ( 979): performance:FrameDropTotal:fgtracking=false;DV;1,key=com.amazon.tv.launcher;DV;1,Counter=16.0;CT;1,unit=count;DV;1,metadata=com.amazon.tv.launcher/.ui.HomeActivity_vNext!{"d"#{"app_version"#"618081110"}$"m"#{"context"#"S1T0A1D0I0L0E0M99"$"prev"#"com.amazon.tv.settings.v2/.tv.device.DeviceActivity"}};DV;1:HI
10-21 19:07:03.708 I/Vlog ( 979): performance:FramesTotal:fgtracking=false;DV;1,key=com.amazon.tv.launcher;DV;1,Counter=46.0;CT;1,unit=count;DV;1,metadata=com.amazon.tv.launcher/.ui.HomeActivity_vNext!{"d"#{"app_version"#"618081110"}$"m"#{"context"#"S1T0A1D0I0L0E0M99"$"prev"#"com.amazon.tv.settings.v2/.tv.device.DeviceActivity"}};DV;1:HI
10-21 19:07:03.708 I/Vlog ( 979): performance:DelayedFirstFrames:fgtracking=false;DV;1,key=com.amazon.tv.launcher;DV;1,Counter=2.0;CT;1,unit=count;DV;1,metadata=com.amazon.tv.launcher/.ui.HomeActivity_vNext!{"d"#{"app_version"#"618081110"}$"m"#{"context"#"S1T0A1D0I0L0E0M99"$"prev"#"com.amazon.tv.settings.v2/.tv.device.DeviceActivity"}};DV;1:HI
10-21 19:07:03.710 I/Vlog ( 979): performance:FirstFramesTotal:fgtracking=false;DV;1,key=com.amazon.tv.launcher;DV;1,Counter=5.0;CT;1,unit=count;DV;1,metadata=com.amazon.tv.launcher/.ui.HomeActivity_vNext!{"d"#{"app_version"#"618081110"}$"m"#{"context"#"S1T0A1D0I0L0E0M99"$"prev"#"com.amazon.tv.settings.v2/.tv.device.DeviceActivity"}};DV;1:HI
10-21 19:07:05.570 I/ActivityManager( 979): START u0 {act=android.intent.action.VIEW dat=amzns://apps/android?p=org.xbmc.kodi flg=0x10000000 cmp=com.amazon.venezia/.pdi.AppLaunchActivity (has extras)} from uid 32080 on display 0
10-21 19:07:05.570 D/PerfBoost( 979): CPU boost not available on this platform
10-21 19:07:05.580 I/ActivityManager( 979): START u0 {act=android.intent.action.MAIN cat=[android.intent.category.LEANBACK_LAUNCHER] flg=0x10000000 pkg=org.xbmc.kodi cmp=org.xbmc.kodi/.Splash (has extras)} from uid 1000 on display 0
10-21 19:07:05.580 D/PerfBoost( 979): CPU boost not available on this platform
10-21 19:07:05.605 W/ActivityManager( 979): Input dispatching paused for current ActivityRecord: ActivityRecord{df38306 u0 org.xbmc.kodi/.Splash t542}
10-21 19:07:05.605 V/WindowManager( 979): addAppToken: AppWindowToken{3f5a6ff4 token=Token{3f3ecdc7 ActivityRecord{df38306 u0 org.xbmc.kodi/.Splash t542}}} to stack=1 task=542 at 0
10-21 19:07:05.637 V/WindowManager( 979): Adding window Window{2e73be24 u0 Starting org.xbmc.kodi} at 1 of 2 (after Window{1124b75f u0 com.amazon.tv.launcher/com.amazon.tv.launcher.ui.HomeActivity_vNext})
10-21 19:07:05.701 I/ActivityManager( 979): Start proc 7530:org.xbmc.kodi/u0a17 for activity org.xbmc.kodi/.Splash
10-21 19:07:05.704 I/Vlog ( 979): Thermal:Screen_On_Thermal_Throttling_P2P_Off:fgtracking=false;DV;1,key=0;DV;1,Timer=0.0030991666666666667;TI;1,unit=hours;DV;1,metadata=com.amazon.tv.launcher;DV;1:HI
10-21 19:07:05.705 I/LoggerMetricsFactoryImpl( 979): PhoneWindowManager:ActivityChanged:org.xbmc.kodi=1.0;CT;1:NR
10-21 19:07:05.705 I/Vlog ( 979): ScreenTime:PackageScreenTime:fgtracking=false;DV;1,key=com.amazon.tv.launcher;DV;1,Timer=0.0030994444444444446;TI;1,unit=hours;DV;1,metadata=!{"d"#{"app_version"#"618081110"}};DV;1:HI
10-21 19:07:05.706 I/LoggerMetricsFactoryImpl( 979): PhoneWindowManager:ScreenTime:com.amazon.tv.launcher=11158.0;TI;1,endTimeMs=1.571677625705E12;TI;1,startTimeMs=1.571677614547E12;TI;1:NR
10-21 19:07:05.825 W/EMP.LoggerMetricsFactoryImpl( 979): EMP.MetricsCollectionAgent:AppUsageReporter:appVersionName=6.1.8.0-811;DV;1,appCollectionReason=amazonCertificate;DV;1,appVersionCode=618081110;DV;1,Product_Mode=DEFAULT;DV;1,appUsageCollection=required;DV;1,durationMS=11197;DV;1,startTimeEpoch=1571677614594;DV;1,launchCount=1;DV;1,appPackageName=com.amazon.tv.launcher;DV;1,page-type=AppUsageStats;CK;1,hitType=appAction;CK;1,team-name=KindleFramework;CK;1,site_variant=KindleApplication;CK;1,page-action=DISPLAY_USAGE;CK;1,RequestId=77174DA0AD0FD5FDE649;DV;1:NA
10-21 19:07:05.958 I/FrameworkJumpTable( 7530): Successfully loaded all classes
10-21 19:07:05.978 I/FrameworkJumpTable( 7530): Successfully loaded all methods
10-21 19:07:05.980 I/FrameworkJumpTable( 7530): Successfully loaded all fields
10-21 19:07:05.986 W/ActivityManager( 979): getTasks: caller 10017 does not hold REAL_GET_TASKS; limiting output
10-21 19:07:05.996 I/ActivityManager( 979): START u0 {act=android.intent.action.MAIN cat=[android.intent.category.LEANBACK_LAUNCHER] flg=0x11000000 pkg=org.xbmc.kodi cmp=org.xbmc.kodi/.Main (has extras)} from uid 10017 on display 0
10-21 19:07:05.996 D/PerfBoost( 979): CPU boost not available on this platform
10-21 19:07:05.999 W/ActivityManager( 979): Input dispatching paused for current ActivityRecord: ActivityRecord{16100753 u0 org.xbmc.kodi/.Main t543}
10-21 19:07:05.999 V/WindowManager( 979): addAppToken: AppWindowToken{d5d0589 token=Token{4409890 ActivityRecord{16100753 u0 org.xbmc.kodi/.Main t543}}} to stack=1 task=543 at 0
10-21 19:07:06.004 V/WindowManager( 979): Adding window Window{1709c5af u0 Starting org.xbmc.kodi} at 2 of 3 (after Window{2e73be24 u0 Starting org.xbmc.kodi})
10-21 19:07:06.257 I/ActivityManager( 979): Killing 6901:com.amazon.unifiedshare.actionchooser/1000 (adj 12): empty #17
10-21 19:07:06.370 D/ActivityManager( 979): cleanUpApplicationRecord -- 6901
10-21 19:07:06.739 V/WindowManager( 979): Adding window Window{3b54f854 u0 org.xbmc.kodi/org.xbmc.kodi.Main} at 1 of 3 (before Window{1709c5af u0 Starting org.xbmc.kodi})
10-21 19:07:06.792 V/WindowManager( 979): Adding window Window{144078f2 u0 SurfaceView} at 2 of 4 (after Window{3b54f854 u0 org.xbmc.kodi/org.xbmc.kodi.Main})
10-21 19:07:06.846 I/Vlog ( 979): performance:warm_app_cool_transition_launch_time:fgtracking=false;DV;1,key=org.xbmc.kodi;DV;1,Timer=772.0;TI;1,unit=ms;DV;1,metadata=org.xbmc.kodi/.Main!{"d"#{"app_version"#"1804000"}$"m"#{"context"#"S1T0A1D0I0L1E0M99"$"prev"#"org.xbmc.kodi/.Splash"}};DV;1:HI
10-21 19:07:06.846 I/LoggerMetricsFactoryImpl( 979): FosPerformance:warm_app_cool_transition_launch_time:org.xbmc.kodi=772.0;CT;1,activity=org.xbmc.kodi/.Main;DV;1:NR
10-21 19:07:06.846 I/Vlog ( 979): performance:user_app_launch_warm:fgtracking=false;DV;1,key=org.xbmc.kodi;DV;1,Counter=1.0;CT;1,unit=count;DV;1,metadata=org.xbmc.kodi/.Main;DV;1:HI
10-21 19:07:06.846 I/Vlog ( 979): performance:cool_activity_launch_time:fgtracking=false;DV;1,key=org.xbmc.kodi;DV;1,Timer=772.0;TI;1,unit=ms;DV;1,metadata=org.xbmc.kodi/.Main!{"d"#{"app_version"#"1804000"}$"m"#{"context"#"S1T0A1D0I0L1E0M99"$"prev"#"org.xbmc.kodi/.Splash"}};DV;1:HI
10-21 19:07:07.023 I/Vlog ( 979): Thermal:Screen_On_Thermal_Throttling_P2P_Off:fgtracking=false;DV;1,key=0;DV;1,Timer=3.6638888888888886E-4;TI;1,unit=hours;DV;1,metadata=org.xbmc.kodi;DV;1:HI
10-21 19:07:07.026 I/Vlog ( 979): Thermal:Screen_On_Thermal_Throttling_P2P_Off:fgtracking=false;DV;1,key=1;DV;1,Timer=8.333333333333333E-7;TI;1,unit=hours;DV;1,metadata=org.xbmc.kodi;DV;1:HI
10-21 19:07:07.794 W/ActivityManager( 979): getRunningAppProcesses: caller 10017 does not hold REAL_GET_TASKS; limiting output
10-21 19:07:07.860 W/ActivityManager( 979): getRunningAppProcesses: caller 10017 does not hold REAL_GET_TASKS; limiting output
10-21 19:07:07.925 W/ActivityManager( 979): getRunningAppProcesses: caller 10017 does not hold REAL_GET_TASKS; limiting output
10-21 19:07:07.993 W/ActivityManager( 979): getRunningAppProcesses: caller 10017 does not hold REAL_GET_TASKS; limiting output
10-21 19:07:08.024 I/Vlog ( 979): Thermal:Screen_On_Thermal_Throttling_P2P_Off:fgtracking=false;DV;1,key=2;DV;1,Timer=2.772222222222222E-4;TI;1,unit=hours;DV;1,metadata=org.xbmc.kodi;DV;1:HI
10-21 19:07:10.190 D/TaskPersister( 979): removeObsoleteFile: deleting file=539_task.xml
10-21 19:07:10.498 I/UsageStatsService( 979): User[0] Flushing usage stats to disk
10-21 19:07:12.008 I/SysfsTemperatureObserverBase( 979): MetricsTimerUpdateTask wifiRemotePairedState=bluetooth
10-21 19:07:12.009 I/SysfsTemperatureObserverBase( 979): MetricsTimerUpdateTask tmon_mtktsabb_screen_on_bluetooth=94000
10-21 19:07:12.009 I/SysfsTemperatureObserverBase( 979): MetricsTimerUpdateTask tmon_mtkts_bts0_screen_on_bluetooth=70000
10-21 19:07:12.010 I/SysfsTemperatureObserverBase( 979): MetricsTimerUpdateTask tmon_mtkts_bts1_screen_on_bluetooth=69000
10-21 19:07:12.012 I/SysfsTemperatureObserverBase( 979): MetricsTimerUpdateTask tmon_mtktscpu_screen_on_bluetooth=95200
10-21 19:07:12.013 I/SysfsTemperatureObserverBase( 979): MetricsTimerUpdateTask tmon_virtual_sensor_screen_on_bluetooth=43344
10-21 19:07:12.013 I/LoggerMetricsFactoryImpl( 979): ThermalEvent:tmon:tmon_mtktsabb_screen_on_bluetooth=94000.0;CT;1,tmon_virtual_sensor_screen_on_bluetooth=43344.0;CT;1,tmon_mtkts_bts1_screen_on_bluetooth=69000.0;CT;1,tmon_mtkts_bts0_screen_on_bluetooth=70000.0;CT;1,tmon_mtktscpu_screen_on_bluetooth=95200.0;CT;1:NR
10-21 19:07:12.024 I/Vlog ( 979): Thermal:Screen_On_Thermal_Throttling_P2P_Off:fgtracking=false;DV;1,key=0;DV;1,Timer=0.0011108333333333332;TI;1,unit=hours;DV;1,metadata=org.xbmc.kodi;DV;1:HI
10-21 19:07:12.029 I/Vlog ( 979): Thermal:Screen_On_Thermal_Throttling_P2P_Off:fgtracking=false;DV;1,key=1;DV;1,Timer=1.388888888888889E-6;TI;1,unit=hours;DV;1,metadata=org.xbmc.kodi;DV;1:HI
10-21 19:07:12.042 D/NsdService( 979): startMDnsDaemon
10-21 19:07:12.302 D/NsdService( 979): New client listening to asynchronous messages
10-21 19:07:12.335 D/NsdService( 979): New client, channel: com.android.internal.util.AsyncChannel@393d789f messenger: android.os.Messenger@3e6fdec
10-21 19:07:13.023 I/Vlog ( 979): Thermal:Screen_On_Thermal_Throttling_P2P_Off:fgtracking=false;DV;1,key=2;DV;1,Timer=2.761111111111111E-4;TI;1,unit=hours;DV;1,metadata=org.xbmc.kodi;DV;1:HI
10-21 19:07:14.023 I/Vlog ( 979): Thermal:Screen_On_Thermal_Throttling_P2P_Off:fgtracking=false;DV;1,key=0;DV;1,Timer=2.775E-4;TI;1,unit=hours;DV;1,metadata=org.xbmc.kodi;DV;1:HI
10-21 19:07:15.027 I/Vlog ( 979): Thermal:Screen_On_Thermal_Throttling_P2P_Off:fgtracking=false;DV;1,key=1;DV;1,Timer=2.788888888888889E-4;TI;1,unit=hours;DV;1,metadata=org.xbmc.kodi;DV;1:HI
10-21 19:07:15.122 I/ActivityManager( 979): Process com.amazon.ftv.screensaver (pid 6773) has died
10-21 19:07:15.134 D/ActivityManager( 979): cleanUpApplicationRecord -- 6773
10-21 19:07:15.142 D/ConnectivityService( 979): ConnectivityService NetworkRequestInfo binderDied(NetworkRequest [ id=5, legacyType=-1, [ Capabilities: NOT_RESTRICTED&TRUSTED&NOT_VPN] ], android.os.BinderProxy@1b4035b5)
10-21 19:07:15.142 D/ConnectivityService( 979): ConnectivityService NetworkRequestInfo binderDied(NetworkRequest [ id=6, legacyType=-1, [ Capabilities: NOT_RESTRICTED&TRUSTED&NOT_VPN] ], android.os.BinderProxy@29b2344a)
10-21 19:07:15.195 D/ConnectivityService( 979): releasing NetworkRequest NetworkRequest [ id=6, legacyType=-1, [ Capabilities: NOT_RESTRICTED&TRUSTED&NOT_VPN] ]
10-21 19:07:15.220 E/ConnectivityService( 979): RemoteException caught trying to send a callback msg for NetworkRequest [ id=6, legacyType=-1, [ Capabilities: NOT_RESTRICTED&TRUSTED&NOT_VPN] ]
10-21 19:07:15.221 D/ConnectivityService( 979): releasing NetworkRequest NetworkRequest [ id=5, legacyType=-1, [ Capabilities: NOT_RESTRICTED&TRUSTED&NOT_VPN] ]
10-21 19:07:15.222 E/ConnectivityService( 979): RemoteException caught trying to send a callback msg for NetworkRequest [ id=5, legacyType=-1, [ Capabilities: NOT_RESTRICTED&TRUSTED&NOT_VPN] ]
10-21 19:07:16.037 I/Vlog ( 979): Thermal:Screen_On_Thermal_Throttling_P2P_Off:fgtracking=false;DV;1,key=2;DV;1,Timer=2.8055555555555554E-4;TI;1,unit=hours;DV;1,metadata=org.xbmc.kodi;DV;1:HI
10-21 19:07:16.318 I/Vlog ( 979): package_recency:broadcast_notification:fgtracking=false;DV;1,key=time_in_queue;DV;1,Timer=10529.0;TI;1,unit=ms;DV;1:HI
10-21 19:07:21.033 I/Vlog ( 979): Thermal:Screen_On_Thermal_Throttling_P2P_Off:fgtracking=false;DV;1,key=1;DV;1,Timer=0.0013877777777777777;TI;1,unit=hours;DV;1,metadata=org.xbmc.kodi;DV;1:HI
10-21 19:07:22.033 I/Vlog ( 979): Thermal:Screen_On_Thermal_Throttling_P2P_Off:fgtracking=false;DV;1,key=0;DV;1,Timer=2.777777777777778E-4;TI;1,unit=hours;DV;1,metadata=org.xbmc.kodi;DV;1:HI
10-21 19:07:22.036 I/Vlog ( 979): Thermal:Screen_On_Thermal_Throttling_P2P_Off:fgtracking=false;DV;1,key=1;DV;1,Timer=8.333333333333333E-7;TI;1,unit=hours;DV;1,metadata=org.xbmc.kodi;DV;1:HI
10-21 19:07:22.527 E/WifiService( 979): Multicaster binderDied
10-21 19:07:22.532 I/ActivityManager( 979): Process com.amazon.whisperlink.core.android (pid 4301) has died
10-21 19:07:22.532 D/ActivityManager( 979): cleanUpApplicationRecord -- 4301
10-21 19:07:22.533 W/ActivityManager( 979): Scheduling restart of crashed service com.amazon.whisperlink.core.android/.WhisperLinkCoreService in 1000ms
10-21 19:07:22.554 D/WifiService( 979): Client connection lost with reason: 4
10-21 19:07:23.234 D/NsdService( 979): Register service
10-21 19:07:23.254 D/NsdService( 979): registerService: 2 name: Kodi (amazon-75528b016.fritz.box), type: _http._tcp, host: /127.0.0.1, port: 8080, txtRecord: txtvers=1)uuid=4b5c2158-f783-416d-9117-133b9ec0e776
10-21 19:07:23.294 D/NsdService( 979): Register 1 2
10-21 19:07:23.294 D/NsdService( 979): Register service
10-21 19:07:23.295 D/NsdService( 979): registerService: 3 name: Kodi (amazon-75528b016.fritz.box), type: _xbmc-jsonrpc-h._tcp, host: /127.0.0.1, port: 8080, txtRecord: txtvers=1)uuid=4b5c2158-f783-416d-9117-133b9ec0e776
10-21 19:07:23.297 D/NsdService( 979): Register 2 3
10-21 19:07:23.297 D/NsdService( 979): Register service
10-21 19:07:23.297 D/NsdService( 979): registerService: 4 name: Kodi (amazon-75528b016.fritz.box), type: _xbmc-jsonrpc._tcp, host: /127.0.0.1, port: 9090, txtRecord: txtvers=1)uuid=4b5c2158-f783-416d-9117-133b9ec0e776
10-21 19:07:23.300 D/NsdService( 979): Register 3 4
10-21 19:07:23.300 D/NsdService( 979): Register service
10-21 19:07:23.300 D/NsdService( 979): registerService: 5 name: Kodi (amazon-75528b016.fritz.box), type: _xbmc-events._udp, host: /127.0.0.1, port: 9777, txtRecord:
10-21 19:07:23.303 D/NsdService( 979): Register 4 5
10-21 19:07:23.661 I/ActivityManager( 979): Start proc 7594:com.amazon.whisperlink.core.android/u0a22041 for service com.amazon.whisperlink.core.android/.WhisperLinkCoreService
10-21 19:07:23.662 D/ActivityManager( 979): app = com.amazon.whisperlink.core.android, has single user service, setting process record!
10-21 19:07:24.023 D/NsdService( 979): SERVICE_REGISTERED Raw: 606 5 "Kodi (amazon-75528b016.fritz.box)"
10-21 19:07:24.024 D/NsdService( 979): SERVICE_REGISTERED Raw: 606 4 "Kodi (amazon-75528b016.fritz.box)"
10-21 19:07:24.024 D/NsdService( 979): SERVICE_REGISTERED Raw: 606 3 "Kodi (amazon-75528b016.fritz.box)"
10-21 19:07:24.024 D/NsdService( 979): SERVICE_REGISTERED Raw: 606 2 "Kodi (amazon-75528b016.fritz.box)"
10-21 19:07:24.033 I/Vlog ( 979): Thermal:Screen_On_Thermal_Throttling_P2P_Off:fgtracking=false;DV;1,key=2;DV;1,Timer=5.547222222222222E-4;TI;1,unit=hours;DV;1,metadata=org.xbmc.kodi;DV;1:HI
10-21 19:07:25.033 I/Vlog ( 979): Thermal:Screen_On_Thermal_Throttling_P2P_Off:fgtracking=false;DV;1,key=1;DV;1,Timer=2.777777777777778E-4;TI;1,unit=hours;DV;1,metadata=org.xbmc.kodi;DV;1:HI
10-21 19:07:25.074 D/WifiService( 979): New client listening to asynchronous messages
10-21 19:07:26.033 I/Vlog ( 979): Thermal:Screen_On_Thermal_Throttling_P2P_Off:fgtracking=false;DV;1,key=0;DV;1,Timer=2.777777777777778E-4;TI;1,unit=hours;DV;1,metadata=org.xbmc.kodi;DV;1:HI
10-21 19:07:26.433 D/ActivityManager( 979): single user service: com.amazon.imp
10-21 19:07:26.452 D/ActivityManager( 979): app = com.amazon.imp, has single user service, setting process record.
10-21 19:07:27.033 I/Vlog ( 979): Thermal:Screen_On_Thermal_Throttling_P2P_Off:fgtracking=false;DV;1,key=1;DV;1,Timer=2.777777777777778E-4;TI;1,unit=hours;DV;1,metadata=org.xbmc.kodi;DV;1:HI
10-21 19:07:27.479 W/ActivityThread( 7594): ClassLoader.loadClass: The class loader returned by Thread.getContextClassLoader() may fail for processes that host multiple applications. You should explicitly specify a context class loader. For example: Thread.setContextClassLoader(getClass().getClassLoader());
10-21 19:07:27.744 D/ActivityManager( 979): single user service: com.amazon.imp
10-21 19:07:27.765 D/ActivityManager( 979): app = com.amazon.imp, has single user service, setting process record.
10-21 19:07:42.104 I/ActivityManager( 979): Process com.amazon.whisperjoin.middleware.np (pid 3834) has died
10-21 19:07:42.115 D/ActivityManager( 979): cleanUpApplicationRecord -- 3834
10-21 19:07:42.116 W/ActivityManager( 979): Scheduling restart of crashed service com.amazon.whisperjoin.middleware.np/.services.MiddlewareService in 1000ms
10-21 19:07:42.116 W/ActivityManager( 979): Scheduling restart of crashed service com.amazon.whisperjoin.middleware.np/com.amazon.whisperjoin.deviceprovisioningservice.service.FFSBackgroundProvisioningServiceBinder in 11000ms
10-21 19:07:43.146 I/ActivityManager( 979): Start proc 7669:com.amazon.whisperjoin.middleware.np/u0a22122 for service com.amazon.whisperjoin.middleware.np/.services.MiddlewareService
10-21 19:07:44.033 I/Vlog ( 979): Thermal:Screen_On_Thermal_Throttling_P2P_Off:fgtracking=false;DV;1,key=0;DV;1,Timer=0.004722222222222222;TI;1,unit=hours;DV;1,metadata=org.xbmc.kodi;DV;1:HI
10-21 19:07:46.033 I/Vlog ( 979): Thermal:Screen_On_Thermal_Throttling_P2P_Off:fgtracking=false;DV;1,key=1;DV;1,Timer=5.555555555555556E-4;TI;1,unit=hours;DV;1,metadata=org.xbmc.kodi;DV;1:HI
10-21 19:07:52.532 I/Vlog ( 135): logd:performance:fgtracking=false;DV;1,key=TotalMessages;DV;1,Counter=2104;CT;1,unit=count;DV;1:HI
10-21 19:07:52.532 I/Vlog ( 135): logd:performance:fgtracking=false;DV;1,key=DroppedMessages;DV;1,Counter=0;CT;1,unit=count;DV;1:HI
10-21 19:07:52.532 I/Vlog ( 135): logd:performance:fgtracking=false;DV;1,key=Throughput;DV;1,Counter=25.27;CT;1,unit=kbps;DV;1:HI
10-21 19:07:53.033 I/Vlog ( 979): Thermal:Screen_On_Thermal_Throttling_P2P_Off:fgtracking=false;DV;1,key=0;DV;1,Timer=0.0019441666666666667;TI;1,unit=hours;DV;1,metadata=org.xbmc.kodi;DV;1:HI
10-21 19:07:54.033 I/Vlog ( 979): Thermal:Screen_On_Thermal_Throttling_P2P_Off:fgtracking=false;DV;1,key=1;DV;1,Timer=2.775E-4;TI;1,unit=hours;DV;1,metadata=org.xbmc.kodi;DV;1:HI
10-21 19:07:55.033 I/Vlog ( 979): Thermal:Screen_On_Thermal_Throttling_P2P_Off:fgtracking=false;DV;1,key=0;DV;1,Timer=2.777777777777778E-4;TI;1,unit=hours;DV;1,metadata=org.xbmc.kodi;DV;1:HI
10-21 19:08:09.346 I/Vlog ( 979): performance:SkippedVsyncsBucket1:fgtracking=false;DV;1,key=com.amazon.tv.launcher;DV;1,Counter=5.0;CT;1,unit=count;DV;1,metadata=com.amazon.tv.launcher/.ui.HomeActivity_vNext!{"d"#{"app_version"#"618081110"}$"m"#{"context"#"S1T1A1D0I0L0E0M99"$"prev"#"org.xbmc.kodi/.Splash"}};DV;1:HI
10-21 19:08:09.346 I/Vlog ( 979): performance:SkippedVsyncsBucket3:fgtracking=false;DV;1,key=com.amazon.tv.launcher;DV;1,Counter=2.0;CT;1,unit=count;DV;1,metadata=com.amazon.tv.launcher/.ui.HomeActivity_vNext!{"d"#{"app_version"#"618081110"}$"m"#{"context"#"S1T1A1D0I0L0E0M99"$"prev"#"org.xbmc.kodi/.Splash"}};DV;1:HI
10-21 19:08:09.347 I/Vlog ( 979): performance:SkippedVsyncsBucket5:fgtracking=false;DV;1,key=com.amazon.tv.launcher;DV;1,Counter=1.0;CT;1,unit=count;DV;1,metadata=com.amazon.tv.launcher/.ui.HomeActivity_vNext!{"d"#{"app_version"#"618081110"}$"m"#{"context"#"S1T1A1D0I0L0E0M99"$"prev"#"org.xbmc.kodi/.Splash"}};DV;1:HI
10-21 19:08:09.347 I/Vlog ( 979): performance:FrameDropTotal:fgtracking=false;DV;1,key=com.amazon.tv.launcher;DV;1,Counter=16.0;CT;1,unit=count;DV;1,metadata=com.amazon.tv.launcher/.ui.HomeActivity_vNext!{"d"#{"app_version"#"618081110"}$"m"#{"context"#"S1T1A1D0I0L0E0M99"$"prev"#"org.xbmc.kodi/.Splash"}};DV;1:HI
10-21 19:08:09.347 I/Vlog ( 979): performance:FramesTotal:fgtracking=false;DV;1,key=com.amazon.tv.launcher;DV;1,Counter=82.0;CT;1,unit=count;DV;1,metadata=com.amazon.tv.launcher/.ui.HomeActivity_vNext!{"d"#{"app_version"#"618081110"}$"m"#{"context"#"S1T1A1D0I0L0E0M99"$"prev"#"org.xbmc.kodi/.Splash"}};DV;1:HI
10-21 19:08:09.347 I/Vlog ( 979): performance:FirstFramesTotal:fgtracking=false;DV;1,key=com.amazon.tv.launcher;DV;1,Counter=1.0;CT;1,unit=count;DV;1,metadata=com.amazon.tv.launcher/.ui.HomeActivity_vNext!{"d"#{"app_version"#"618081110"}$"m"#{"context"#"S1T1A1D0I0L0E0M99"$"prev"#"org.xbmc.kodi/.Splash"}};DV;1:HI
10-21 19:08:09.348 I/Vlog ( 979): performance:SkippedVsyncsBucket1:fgtracking=false;DV;1,key=org.xbmc.kodi;DV;1,Counter=3.0;CT;1,unit=count;DV;1,metadata=org.xbmc.kodi/.Main!{"d"#{"app_version"#"1804000"}$"m"#{"context"#"S1T1A1D0I0L0E0M99"$"prev"#"org.xbmc.kodi/.Splash"}};DV;1:HI
10-21 19:08:09.348 I/Vlog ( 979): performance:SkippedVsyncsBucket3:fgtracking=false;DV;1,key=org.xbmc.kodi;DV;1,Counter=1.0;CT;1,unit=count;DV;1,metadata=org.xbmc.kodi/.Main!{"d"#{"app_version"#"1804000"}$"m"#{"context"#"S1T1A1D0I0L0E0M99"$"prev"#"org.xbmc.kodi/.Splash"}};DV;1:HI
10-21 19:08:09.352 I/Vlog ( 979): performance:FrameDropTotal:fgtracking=false;DV;1,key=org.xbmc.kodi;DV;1,Counter=6.0;CT;1,unit=count;DV;1,metadata=org.xbmc.kodi/.Main!{"d"#{"app_version"#"1804000"}$"m"#{"context"#"S1T1A1D0I0L0E0M99"$"prev"#"org.xbmc.kodi/.Splash"}};DV;1:HI
10-21 19:08:09.353 I/Vlog ( 979): performance:FramesTotal:fgtracking=false;DV;1,key=org.xbmc.kodi;DV;1,Counter=3739.0;CT;1,unit=count;DV;1,metadata=org.xbmc.kodi/.Main!{"d"#{"app_version"#"1804000"}$"m"#{"context"#"S1T1A1D0I0L0E0M99"$"prev"#"org.xbmc.kodi/.Splash"}};DV;1:HI
10-21 19:08:09.354 I/Vlog ( 979): performance:DelayedFirstFrames:fgtracking=false;DV;1,key=org.xbmc.kodi;DV;1,Counter=1.0;CT;1,unit=count;DV;1,metadata=org.xbmc.kodi/.Main!{"d"#{"app_version"#"1804000"}$"m"#{"context"#"S1T1A1D0I0L0E0M99"$"prev"#"org.xbmc.kodi/.Splash"}};DV;1:HI
10-21 19:08:09.354 I/Vlog ( 979): performance:FirstFramesTotal:fgtracking=false;DV;1,key=org.xbmc.kodi;DV;1,Counter=2.0;CT;1,unit=count;DV;1,metadata=org.xbmc.kodi/.Main!{"d"#{"app_version"#"1804000"}$"m"#{"context"#"S1T1A1D0I0L0E0M99"$"prev"#"org.xbmc.kodi/.Splash"}};DV;1:HI
10-21 19:08:15.033 I/Vlog ( 979): Thermal:Screen_On_Thermal_Throttling_P2P_Off:fgtracking=false;DV;1,key=1;DV;1,Timer=0.005555555555555556;TI;1,unit=hours;DV;1,metadata=org.xbmc.kodi;DV;1:HI
10-21 19:08:16.033 I/Vlog ( 979): Thermal:Screen_On_Thermal_Throttling_P2P_Off:fgtracking=false;DV;1,key=2;DV;1,Timer=2.775E-4;TI;1,unit=hours;DV;1,metadata=org.xbmc.kodi;DV;1:HI
10-21 19:08:17.033 I/Vlog ( 979): Thermal:Screen_On_Thermal_Throttling_P2P_Off:fgtracking=false;DV;1,key=1;DV;1,Timer=2.777777777777778E-4;TI;1,unit=hours;DV;1,metadata=org.xbmc.kodi;DV;1:HI
10-21 19:08:18.033 I/Vlog ( 979): Thermal:Screen_On_Thermal_Throttling_P2P_Off:fgtracking=false;DV;1,key=2;DV;1,Timer=2.777777777777778E-4;TI;1,unit=hours;DV;1,metadata=org.xbmc.kodi;DV;1:HI
10-21 19:08:19.033 I/Vlog ( 979): Thermal:Screen_On_Thermal_Throttling_P2P_Off:fgtracking=false;DV;1,key=1;DV;1,Timer=2.777777777777778E-4;TI;1,unit=hours;DV;1,metadata=org.xbmc.kodi;DV;1:HI
10-21 19:08:20.033 I/Vlog ( 979): Thermal:Screen_On_Thermal_Throttling_P2P_Off:fgtracking=false;DV;1,key=2;DV;1,Timer=2.777777777777778E-4;TI;1,unit=hours;DV;1,metadata=org.xbmc.kodi;DV;1:HI
10-21 19:08:21.033 I/Vlog ( 979): Thermal:Screen_On_Thermal_Throttling_P2P_Off:fgtracking=false;DV;1,key=1;DV;1,Timer=2.777777777777778E-4;TI;1,unit=hours;DV;1,metadata=org.xbmc.kodi;DV;1:HI
10-21 19:08:23.033 I/Vlog ( 979): Thermal:Screen_On_Thermal_Throttling_P2P_Off:fgtracking=false;DV;1,key=2;DV;1,Timer=5.555555555555556E-4;TI;1,unit=hours;DV;1,metadata=org.xbmc.kodi;DV;1:HI
10-21 19:08:24.033 I/Vlog ( 979): Thermal:Screen_On_Thermal_Throttling_P2P_Off:fgtracking=false;DV;1,key=1;DV;1,Timer=2.777777777777778E-4;TI;1,unit=hours;DV;1,metadata=org.xbmc.kodi;DV;1:HI
10-21 19:08:25.033 I/Vlog ( 979): Thermal:Screen_On_Thermal_Throttling_P2P_Off:fgtracking=false;DV;1,key=2;DV;1,Timer=2.777777777777778E-4;TI;1,unit=hours;DV;1,metadata=org.xbmc.kodi;DV;1:HI
10-21 19:08:26.033 I/Vlog ( 979): Thermal:Screen_On_Thermal_Throttling_P2P_Off:fgtracking=false;DV;1,key=1;DV;1,Timer=2.777777777777778E-4;TI;1,unit=hours;DV;1,metadata=org.xbmc.kodi;DV;1:HI
10-21 19:08:52.533 I/Vlog ( 135): logd:performance:fgtracking=false;DV;1,key=TotalMessages;DV;1,Counter=265;CT;1,unit=count;DV;1:HI
10-21 19:08:52.533 I/Vlog ( 135): logd:performance:fgtracking=false;DV;1,key=DroppedMessages;DV;1,Counter=0;CT;1,unit=count;DV;1:HI
10-21 19:08:52.533 I/Vlog ( 135): logd:performance:fgtracking=false;DV;1,key=Throughput;DV;1,Counter=3.02;CT;1,unit=kbps;DV;1:HI
10-21 19:09:01.033 I/Vlog ( 979): Thermal:Screen_On_Thermal_Throttling_P2P_Off:fgtracking=false;DV;1,key=2;DV;1,Timer=0.009721944444444445;TI;1,unit=hours;DV;1,metadata=org.xbmc.kodi;DV;1:HI
10-21 19:09:02.034 I/Vlog ( 979): Thermal:Screen_On_Thermal_Throttling_P2P_Off:fgtracking=false;DV;1,key=3;DV;1,Timer=2.777777777777778E-4;TI;1,unit=hours;DV;1,metadata=org.xbmc.kodi;DV;1:HI
10-21 19:09:03.034 I/Vlog ( 979): Thermal:Screen_On_Thermal_Throttling_P2P_Off:fgtracking=false;DV;1,key=2;DV;1,Timer=2.777777777777778E-4;TI;1,unit=hours;DV;1,metadata=org.xbmc.kodi;DV;1:HI
10-21 19:09:04.033 I/Vlog ( 979): Thermal:Screen_On_Thermal_Throttling_P2P_Off:fgtracking=false;DV;1,key=3;DV;1,Timer=2.775E-4;TI;1,unit=hours;DV;1,metadata=org.xbmc.kodi;DV;1:HI
10-21 19:09:06.033 I/Vlog ( 979): Thermal:Screen_On_Thermal_Throttling_P2P_Off:fgtracking=false;DV;1,key=2;DV;1,Timer=5.555555555555556E-4;TI;1,unit=hours;DV;1,metadata=org.xbmc.kodi;DV;1:HI
10-21 19:09:07.033 I/Vlog ( 979): Thermal:Screen_On_Thermal_Throttling_P2P_Off:fgtracking=false;DV;1,key=3;DV;1,Timer=2.777777777777778E-4;TI;1,unit=hours;DV;1,metadata=org.xbmc.kodi;DV;1:HI
10-21 19:09:08.033 I/Vlog ( 979): Thermal:Screen_On_Thermal_Throttling_P2P_Off:fgtracking=false;DV;1,key=2;DV;1,Timer=2.777777777777778E-4;TI;1,unit=hours;DV;1,metadata=org.xbmc.kodi;DV;1:HI
10-21 19:09:12.033 I/Vlog ( 979): Thermal:Screen_On_Thermal_Throttling_P2P_Off:fgtracking=false;DV;1,key=3;DV;1,Timer=0.0011111111111111111;TI;1,unit=hours;DV;1,metadata=org.xbmc.kodi;DV;1:HI
10-21 19:09:13.033 I/Vlog ( 979): Thermal:Screen_On_Thermal_Throttling_P2P_Off:fgtracking=false;DV;1,key=2;DV;1,Timer=2.777777777777778E-4;TI;1,unit=hours;DV;1,metadata=org.xbmc.kodi;DV;1:HI
10-21 19:09:15.033 I/Vlog ( 979): Thermal:Screen_On_Thermal_Throttling_P2P_Off:fgtracking=false;DV;1,key=3;DV;1,Timer=5.552777777777778E-4;TI;1,unit=hours;DV;1,metadata=org.xbmc.kodi;DV;1:HI
10-21 19:09:16.033 I/Vlog ( 979): Thermal:Screen_On_Thermal_Throttling_P2P_Off:fgtracking=false;DV;1,key=2;DV;1,Timer=2.775E-4;TI;1,unit=hours;DV;1,metadata=org.xbmc.kodi;DV;1:HI
10-21 19:09:18.034 I/Vlog ( 979): Thermal:Screen_On_Thermal_Throttling_P2P_Off:fgtracking=false;DV;1,key=3;DV;1,Timer=5.555555555555556E-4;TI;1,unit=hours;DV;1,metadata=org.xbmc.kodi;DV;1:HI
10-21 19:09:19.033 I/Vlog ( 979): Thermal:Screen_On_Thermal_Throttling_P2P_Off:fgtracking=false;DV;1,key=2;DV;1,Timer=2.775E-4;TI;1,unit=hours;DV;1,metadata=org.xbmc.kodi;DV;1:HI
10-21 19:09:42.033 I/Vlog ( 979): Thermal:Screen_On_Thermal_Throttling_P2P_Off:fgtracking=false;DV;1,key=3;DV;1,Timer=0.006388611111111111;TI;1,unit=hours;DV;1,metadata=org.xbmc.kodi;DV;1:HI
10-21 19:09:44.425 D/ActivityManager( 979): single user service: com.amazon.vizzini
10-21 19:09:44.469 D/ActivityManager( 979): app = com.amazon.vizzini, has single user service, setting process record.
10-21 19:09:45.033 I/Vlog ( 979): Thermal:Screen_On_Thermal_Throttling_P2P_Off:fgtracking=false;DV;1,key=4;DV;1,Timer=8.333333333333334E-4;TI;1,unit=hours;DV;1,metadata=org.xbmc.kodi;DV;1:HI
10-21 19:09:52.534 I/Vlog ( 135): logd:performance:fgtracking=false;DV;1,key=TotalMessages;DV;1,Counter=270;CT;1,unit=count;DV;1:HI
10-21 19:09:52.534 I/Vlog ( 135): logd:performance:fgtracking=false;DV;1,key=DroppedMessages;DV;1,Counter=0;CT;1,unit=count;DV;1:HI
10-21 19:09:52.534 I/Vlog ( 135): logd:performance:fgtracking=false;DV;1,key=Throughput;DV;1,Counter=3.52;CT;1,unit=kbps;DV;1:HI
10-21 19:10:05.043 I/Vlog ( 979): Thermal:Screen_On_Thermal_Throttling_P2P_Off:fgtracking=false;DV;1,key=3;DV;1,Timer=0.0055583333333333335;TI;1,unit=hours;DV;1,metadata=org.xbmc.kodi;DV;1:HI
10-21 19:10:06.043 I/Vlog ( 979): Thermal:Screen_On_Thermal_Throttling_P2P_Off:fgtracking=false;DV;1,key=4;DV;1,Timer=2.775E-4;TI;1,unit=hours;DV;1,metadata=org.xbmc.kodi;DV;1:HI
10-21 19:10:07.043 I/Vlog ( 979): Thermal:Screen_On_Thermal_Throttling_P2P_Off:fgtracking=false;DV;1,key=3;DV;1,Timer=2.777777777777778E-4;TI;1,unit=hours;DV;1,metadata=org.xbmc.kodi;DV;1:HI
10-21 19:10:09.043 I/Vlog ( 979): Thermal:Screen_On_Thermal_Throttling_P2P_Off:fgtracking=false;DV;1,key=4;DV;1,Timer=5.555555555555556E-4;TI;1,unit=hours;DV;1,metadata=org.xbmc.kodi;DV;1:HI
10-21 19:10:10.043 I/Vlog ( 979): Thermal:Screen_On_Thermal_Throttling_P2P_Off:fgtracking=false;DV;1,key=3;DV;1,Timer=2.777777777777778E-4;TI;1,unit=hours;DV;1,metadata=org.xbmc.kodi;DV;1:HI
10-21 19:10:11.043 I/Vlog ( 979): Thermal:Screen_On_Thermal_Throttling_P2P_Off:fgtracking=false;DV;1,key=4;DV;1,Timer=2.777777777777778E-4;TI;1,unit=hours;DV;1,metadata=org.xbmc.kodi;DV;1:HI
10-21 19:10:11.333 I/wpa_supplicant( 1270): wifi:wpa_supplicant:freq_2437=1;CT;1:NR
10-21 19:10:11.333 I/wpa_supplicant( 1270): wifi:wpa_supplicant:rssi_4_bar=1;CT;1,rssi=38;CT;1:NR
10-21 19:10:12.043 I/Vlog ( 979): Thermal:Screen_On_Thermal_Throttling_P2P_Off:fgtracking=false;DV;1,key=3;DV;1,Timer=2.777777777777778E-4;TI;1,unit=hours;DV;1,metadata=org.xbmc.kodi;DV;1:HI
10-21 19:10:13.043 I/Vlog ( 979): Thermal:Screen_On_Thermal_Throttling_P2P_Off:fgtracking=false;DV;1,key=4;DV;1,Timer=2.777777777777778E-4;TI;1,unit=hours;DV;1,metadata=org.xbmc.kodi;DV;1:HI
10-21 19:10:18.044 I/Vlog ( 979): Thermal:Screen_On_Thermal_Throttling_P2P_Off:fgtracking=false;DV;1,key=3;DV;1,Timer=0.001388888888888889;TI;1,unit=hours;DV;1,metadata=org.xbmc.kodi;DV;1:HI
10-21 19:10:19.044 I/Vlog ( 979): Thermal:Screen_On_Thermal_Throttling_P2P_Off:fgtracking=false;DV;1,key=4;DV;1,Timer=2.777777777777778E-4;TI;1,unit=hours;DV;1,metadata=org.xbmc.kodi;DV;1:HI
10-21 19:10:22.043 I/Vlog ( 979): Thermal:Screen_On_Thermal_Throttling_P2P_Off:fgtracking=false;DV;1,key=3;DV;1,Timer=8.327777777777778E-4;TI;1,unit=hours;DV;1,metadata=org.xbmc.kodi;DV;1:HI
10-21 19:10:23.043 I/Vlog ( 979): Thermal:Screen_On_Thermal_Throttling_P2P_Off:fgtracking=false;DV;1,key=4;DV;1,Timer=2.775E-4;TI;1,unit=hours;DV;1,metadata=org.xbmc.kodi;DV;1:HI
10-21 19:10:24.043 I/Vlog ( 979): Thermal:Screen_On_Thermal_Throttling_P2P_Off:fgtracking=false;DV;1,key=3;DV;1,Timer=2.777777777777778E-4;TI;1,unit=hours;DV;1,metadata=org.xbmc.kodi;DV;1:HI
10-21 19:10:26.043 I/Vlog ( 979): Thermal:Screen_On_Thermal_Throttling_P2P_Off:fgtracking=false;DV;1,key=4;DV;1,Timer=5.555555555555556E-4;TI;1,unit=hours;DV;1,metadata=org.xbmc.kodi;DV;1:HI
10-21 19:10:27.043 I/Vlog ( 979): Thermal:Screen_On_Thermal_Throttling_P2P_Off:fgtracking=false;DV;1,key=3;DV;1,Timer=2.777777777777778E-4;TI;1,unit=hours;DV;1,metadata=org.xbmc.kodi;DV;1:HI
10-21 19:10:29.044 I/Vlog ( 979): Thermal:Screen_On_Thermal_Throttling_P2P_Off:fgtracking=false;DV;1,key=4;DV;1,Timer=5.558333333333333E-4;TI;1,unit=hours;DV;1,metadata=org.xbmc.kodi;DV;1:HI
10-21 19:10:30.043 I/Vlog ( 979): Thermal:Screen_On_Thermal_Throttling_P2P_Off:fgtracking=false;DV;1,key=3;DV;1,Timer=2.775E-4;TI;1,unit=hours;DV;1,metadata=org.xbmc.kodi;DV;1:HI
10-21 19:10:31.044 I/Vlog ( 979): Thermal:Screen_On_Thermal_Throttling_P2P_Off:fgtracking=false;DV;1,key=4;DV;1,Timer=2.777777777777778E-4;TI;1,unit=hours;DV;1,metadata=org.xbmc.kodi;DV;1:HI
10-21 19:10:32.043 I/Vlog ( 979): Thermal:Screen_On_Thermal_Throttling_P2P_Off:fgtracking=false;DV;1,key=3;DV;1,Timer=2.775E-4;TI;1,unit=hours;DV;1,metadata=org.xbmc.kodi;DV;1:HI
10-21 19:10:33.044 I/Vlog ( 979): Thermal:Screen_On_Thermal_Throttling_P2P_Off:fgtracking=false;DV;1,key=4;DV;1,Timer=2.777777777777778E-4;TI;1,unit=hours;DV;1,metadata=org.xbmc.kodi;DV;1:HI
10-21 19:10:34.043 I/Vlog ( 979): Thermal:Screen_On_Thermal_Throttling_P2P_Off:fgtracking=false;DV;1,key=3;DV;1,Timer=2.775E-4;TI;1,unit=hours;DV;1,metadata=org.xbmc.kodi;DV;1:HI
10-21 19:10:36.043 I/Vlog ( 979): Thermal:Screen_On_Thermal_Throttling_P2P_Off:fgtracking=false;DV;1,key=4;DV;1,Timer=5.555555555555556E-4;TI;1,unit=hours;DV;1,metadata=org.xbmc.kodi;DV;1:HI
10-21 19:10:37.043 I/Vlog ( 979): Thermal:Screen_On_Thermal_Throttling_P2P_Off:fgtracking=false;DV;1,key=3;DV;1,Timer=2.775E-4;TI;1,unit=hours;DV;1,metadata=org.xbmc.kodi;DV;1:HI
10-21 19:10:38.043 I/Vlog ( 979): Thermal:Screen_On_Thermal_Throttling_P2P_Off:fgtracking=false;DV;1,key=4;DV;1,Timer=2.761111111111111E-4;TI;1,unit=hours;DV;1,metadata=org.xbmc.kodi;DV;1:HI
10-21 19:10:40.043 I/Vlog ( 979): Thermal:Screen_On_Thermal_Throttling_P2P_Off:fgtracking=false;DV;1,key=3;DV;1,Timer=5.555555555555556E-4;TI;1,unit=hours;DV;1,metadata=org.xbmc.kodi;DV;1:HI
10-21 19:10:41.043 I/Vlog ( 979): Thermal:Screen_On_Thermal_Throttling_P2P_Off:fgtracking=false;DV;1,key=4;DV;1,Timer=2.775E-4;TI;1,unit=hours;DV;1,metadata=org.xbmc.kodi;DV;1:HI
10-21 19:10:42.043 I/Vlog ( 979): Thermal:Screen_On_Thermal_Throttling_P2P_Off:fgtracking=false;DV;1,key=3;DV;1,Timer=2.777777777777778E-4;TI;1,unit=hours;DV;1,metadata=org.xbmc.kodi;DV;1:HI
10-21 19:10:52.535 I/Vlog ( 135): logd:performance:fgtracking=false;DV;1,key=TotalMessages;DV;1,Counter=275;CT;1,unit=count;DV;1:HI
10-21 19:10:52.535 I/Vlog ( 135): logd:performance:fgtracking=false;DV;1,key=DroppedMessages;DV;1,Counter=0;CT;1,unit=count;DV;1:HI
10-21 19:10:52.535 I/Vlog ( 135): logd:performance:fgtracking=false;DV;1,key=Throughput;DV;1,Counter=3.14;CT;1,unit=kbps;DV;1:HI
10-21 19:11:02.332 W/ActivityManager( 979): getRunningAppProcesses: caller 10017 does not hold REAL_GET_TASKS; limiting output
10-21 19:11:02.394 I/AudioALSAStreamOut( 180): audio:audio_open:format=1;CT;1,channel_mask=3;CT;1,sample_rate=48000;CT;1:NR
10-21 19:11:52.535 I/Vlog ( 135): logd:performance:fgtracking=false;DV;1,key=TotalMessages;DV;1,Counter=366;CT;1,unit=count;DV;1:HI
10-21 19:11:52.535 I/Vlog ( 135): logd:performance:fgtracking=false;DV;1,key=DroppedMessages;DV;1,Counter=0;CT;1,unit=count;DV;1:HI
10-21 19:11:52.535 I/Vlog ( 135): logd:performance:fgtracking=false;DV;1,key=Throughput;DV;1,Counter=3.73;CT;1,unit=kbps;DV;1:HI
10-21 19:12:12.008 I/SysfsTemperatureObserverBase( 979): MetricsTimerUpdateTask wifiRemotePairedState=bluetooth
10-21 19:12:12.009 I/SysfsTemperatureObserverBase( 979): MetricsTimerUpdateTask tmon_mtktsabb_screen_on_bluetooth=104800
10-21 19:12:12.010 I/SysfsTemperatureObserverBase( 979): MetricsTimerUpdateTask tmon_mtkts_bts0_screen_on_bluetooth=80000
10-21 19:12:12.011 I/SysfsTemperatureObserverBase( 979): MetricsTimerUpdateTask tmon_mtkts_bts1_screen_on_bluetooth=77000
10-21 19:12:12.013 I/SysfsTemperatureObserverBase( 979): MetricsTimerUpdateTask tmon_mtktscpu_screen_on_bluetooth=102500
10-21 19:12:12.014 I/SysfsTemperatureObserverBase( 979): MetricsTimerUpdateTask tmon_virtual_sensor_screen_on_bluetooth=50024
10-21 19:12:12.015 I/LoggerMetricsFactoryImpl( 979): ThermalEvent:tmon:tmon_mtktsabb_screen_on_bluetooth=104800.0;CT;1,tmon_virtual_sensor_screen_on_bluetooth=50024.0;CT;1,tmon_mtkts_bts1_screen_on_bluetooth=77000.0;CT;1,tmon_mtkts_bts0_screen_on_bluetooth=80000.0;CT;1,tmon_mtktscpu_screen_on_bluetooth=102500.0;CT;1:NR
10-21 19:12:52.535 I/Vlog ( 135): logd:performance:fgtracking=false;DV;1,key=TotalMessages;DV;1,Counter=253;CT;1,unit=count;DV;1:HI
10-21 19:12:52.535 I/Vlog ( 135): logd:performance:fgtracking=false;DV;1,key=DroppedMessages;DV;1,Counter=0;CT;1,unit=count;DV;1:HI
10-21 19:12:52.535 I/Vlog ( 135): logd:performance:fgtracking=false;DV;1,key=Throughput;DV;1,Counter=2.59;CT;1,unit=kbps;DV;1:HI
10-21 19:13:52.537 I/Vlog ( 135): logd:performance:fgtracking=false;DV;1,key=TotalMessages;DV;1,Counter=266;CT;1,unit=count;DV;1:HI
10-21 19:13:52.537 I/Vlog ( 135): logd:performance:fgtracking=false;DV;1,key=DroppedMessages;DV;1,Counter=0;CT;1,unit=count;DV;1:HI
10-21 19:13:52.537 I/Vlog ( 135): logd:performance:fgtracking=false;DV;1,key=Throughput;DV;1,Counter=3.46;CT;1,unit=kbps;DV;1:HI
10-21 19:14:11.503 I/ActivityManager( 979): Process com.amazon.tv.livetv (pid 7268) has died
10-21 19:14:11.503 D/ActivityManager( 979): cleanUpApplicationRecord -- 7268
10-21 19:14:11.655 E/WifiService( 979): Multicaster binderDied
10-21 19:14:11.657 D/WifiService( 979): Client connection lost with reason: 4
10-21 19:14:11.657 I/ActivityManager( 979): Process com.amazon.discoveryservice.core.android (pid 4147) has died
10-21 19:14:11.658 D/ActivityManager( 979): cleanUpApplicationRecord -- 4147
10-21 19:14:11.658 W/ActivityManager( 979): Scheduling restart of crashed service com.amazon.dialservice/.DialService in 1000ms
10-21 19:14:11.682 D/WifiService( 979): releaseWifiLockLocked: WifiLock{AndroidRouter type=3 binder=android.os.BinderProxy@1ebecafe}
10-21 19:14:11.749 I/ActivityManager( 979): Process com.amazon.firebat (pid 6518) has died
10-21 19:14:11.749 D/ActivityManager( 979): cleanUpApplicationRecord -- 6518
10-21 19:14:12.643 D/DeviceStorageMonitorService( 979): Sending broadcast for delta increase in free memory. Delta memory: 15519744 freeMem: 3213123584
10-21 19:14:12.697 I/ActivityManager( 979): Start proc 7812:com.amazon.discoveryservice.core.android/u0a22016 for service com.amazon.dialservice/.DialService
10-21 19:14:14.433 D/WifiService( 979): New client listening to asynchronous messages
10-21 19:14:14.453 W/ActivityThread( 7812): ClassLoader.loadClass: The class loader returned by Thread.getContextClassLoader() may fail for processes that host multiple applications. You should explicitly specify a context class loader. For example: Thread.setContextClassLoader(getClass().getClassLoader());
10-21 19:14:14.609 D/WifiService( 979): acquireWifiLockLocked: WifiLock{AndroidRouter type=3 binder=android.os.BinderProxy@3edc1f36}
10-21 19:14:14.664 D/WifiService( 979): releaseWifiLockLocked: WifiLock{AndroidRouter type=3 binder=android.os.BinderProxy@3edc1f36}
10-21 19:14:14.866 D/WifiService( 979): acquireWifiLockLocked: WifiLock{AndroidRouter type=3 binder=android.os.BinderProxy@3f468109}
10-21 19:14:20.175 I/ActivityManager( 979): Process com.spotify.tv.android (pid 5796) has died
10-21 19:14:20.176 D/ActivityManager( 979): cleanUpApplicationRecord -- 5796
10-21 19:14:20.176 W/ActivityManager( 979): Scheduling restart of crashed service com.spotify.tv.android/.service.SpotifyTVService in 1000ms
10-21 19:14:20.347 I/ActivityManager( 979): Process com.amazon.tv.parentalcontrols (pid 7224) has died
10-21 19:14:20.347 D/ActivityManager( 979): cleanUpApplicationRecord -- 7224
10-21 19:14:21.251 I/ActivityManager( 979): Start proc 7870:com.spotify.tv.android/u0a21 for service com.spotify.tv.android/.service.SpotifyTVService
10-21 19:14:23.403 I/LoggerMetricsFactoryImpl( 1125): FireTvSaleService:recordPMRPerfData:RecommendationDetails=com.spotify.tv.android;DV;1:NR
10-21 19:14:23.754 W/ActivityManager( 979): getRunningAppProcesses: caller 10017 does not hold REAL_GET_TASKS; limiting output
10-21 19:14:23.797 I/AudioALSAStreamOut( 180): audio:audio_open:format=1;CT;1,channel_mask=3;CT;1,sample_rate=48000;CT;1:NR
10-21 19:14:33.686 V/WindowManager( 979): Adding window Window{2dc701ca u0 SurfaceView} at 1 of 4 (before Window{3b54f854 u0 org.xbmc.kodi/org.xbmc.kodi.Main})
10-21 19:14:34.203 W/ActivityManager( 979): getRunningAppProcesses: caller 10017 does not hold REAL_GET_TASKS; limiting output
10-21 19:14:35.546 I/ActivityManager( 979): Process com.amazon.device.software.ota (pid 7303) has died
10-21 19:14:35.546 D/ActivityManager( 979): cleanUpApplicationRecord -- 7303
10-21 19:14:35.794 I/ActivityManager( 979): Process com.amazon.tv.nimh (pid 6919) has died
10-21 19:14:35.795 D/ActivityManager( 979): cleanUpApplicationRecord -- 6919
10-21 19:14:35.915 I/ActivityManager( 979): Process com.android.providers.downloads (pid 7384) has died
10-21 19:14:35.916 D/ActivityManager( 979): cleanUpApplicationRecord -- 7384
10-21 19:14:36.054 I/ActivityManager( 979): Process com.android.providers.tv (pid 7364) has died
10-21 19:14:36.055 D/ActivityManager( 979): cleanUpApplicationRecord -- 7364
10-21 19:14:36.508 D/WifiService( 979): Client connection lost with reason: 4
10-21 19:14:36.525 I/ActivityManager( 979): Process com.amazon.venezia (pid 5299) has died
10-21 19:14:36.526 D/ActivityManager( 979): cleanUpApplicationRecord -- 5299
10-21 19:14:42.962 I/ActivityManager( 979): Process com.amazon.ceviche (pid 6648) has died
10-21 19:14:42.963 D/ActivityManager( 979): cleanUpApplicationRecord -- 6648
10-21 19:14:47.993 I/ActivityManager( 979): Process com.amazon.providers.tv (pid 7403) has died
10-21 19:14:47.995 D/ActivityManager( 979): cleanUpApplicationRecord -- 7403
10-21 19:14:48.067 I/ActivityManager( 979): Process com.amazon.tv.notificationcenter (pid 7104) has died
10-21 19:14:48.070 D/ActivityManager( 979): cleanUpApplicationRecord -- 7104
10-21 19:14:48.341 E/WifiService( 979): Multicaster binderDied
10-21 19:14:48.342 D/WifiService( 979): Client connection lost with reason: 4
10-21 19:14:48.362 I/ActivityManager( 979): Process com.amazon.whisperlink.core.android (pid 7594) has died
10-21 19:14:48.363 D/ActivityManager( 979): cleanUpApplicationRecord -- 7594
10-21 19:14:48.364 W/ActivityManager( 979): Scheduling restart of crashed service com.amazon.whisperlink.core.android/.WhisperLinkCoreService in 1000ms
10-21 19:14:49.453 I/ActivityManager( 979): Start proc 7981:com.amazon.whisperlink.core.android/u0a22041 for service com.amazon.whisperlink.core.android/.WhisperLinkCoreService
10-21 19:14:49.453 D/ActivityManager( 979): app = com.amazon.whisperlink.core.android, has single user service, setting process record!
10-21 19:14:50.671 I/ActivityManager( 979): Process com.amazon.whisperjoin.middleware.np (pid 7669) has died
10-21 19:14:50.673 D/ActivityManager( 979): cleanUpApplicationRecord -- 7669
10-21 19:14:50.674 W/ActivityManager( 979): Scheduling restart of crashed service com.amazon.whisperjoin.middleware.np/.services.MiddlewareService in 1000ms
10-21 19:14:50.674 W/ActivityManager( 979): Scheduling restart of crashed service com.amazon.whisperjoin.middleware.np/com.amazon.whisperjoin.deviceprovisioningservice.service.FFSBackgroundProvisioningServiceBinder in 11000ms
10-21 19:14:51.342 D/WifiService( 979): New client listening to asynchronous messages
10-21 19:14:51.735 I/ActivityManager( 979): Start proc 8012:com.amazon.whisperjoin.middleware.np/u0a22122 for service com.amazon.whisperjoin.middleware.np/.services.MiddlewareService
10-21 19:14:51.775 I/ActivityManager( 979): Process com.amazon.platform.fdrw (pid 6937) has died
10-21 19:14:51.787 D/ActivityManager( 979): cleanUpApplicationRecord -- 6937
10-21 19:14:52.107 D/WifiService( 979): Client connection lost with reason: 4
10-21 19:14:52.108 I/ActivityManager( 979): Process com.amazon.avod (pid 1908) has died
10-21 19:14:52.109 D/ActivityManager( 979): cleanUpApplicationRecord -- 1908
10-21 19:14:52.241 I/ActivityManager( 979): Process com.amazon.tv.settings.core (pid 7285) has died
10-21 19:14:52.243 D/ActivityManager( 979): cleanUpApplicationRecord -- 7285
10-21 19:14:52.537 I/Vlog ( 135): logd:performance:fgtracking=false;DV;1,key=TotalMessages;DV;1,Counter=1559;CT;1,unit=count;DV;1:HI
10-21 19:14:52.537 I/Vlog ( 135): logd:performance:fgtracking=false;DV;1,key=DroppedMessages;DV;1,Counter=0;CT;1,unit=count;DV;1:HI
10-21 19:14:52.537 I/Vlog ( 135): logd:performance:fgtracking=false;DV;1,key=Throughput;DV;1,Counter=18.23;CT;1,unit=kbps;DV;1:HI
10-21 19:14:52.608 I/ActivityManager( 979): Process com.amazon.tv.settings.v2 (pid 7198) has died
10-21 19:14:52.609 D/ActivityManager( 979): cleanUpApplicationRecord -- 7198
10-21 19:14:58.652 D/ActivityManager( 979): single user service: com.amazon.imp
10-21 19:14:58.675 D/ActivityManager( 979): app = com.amazon.imp, has single user service, setting process record.
10-21 19:15:01.023 W/ActivityThread( 7981): ClassLoader.loadClass: The class loader returned by Thread.getContextClassLoader() may fail for processes that host multiple applications. You should explicitly specify a context class loader. For example: Thread.setContextClassLoader(getClass().getClassLoader());
10-21 19:15:01.642 D/ActivityManager( 979): single user service: com.amazon.imp
10-21 19:15:01.665 D/ActivityManager( 979): app = com.amazon.imp, has single user service, setting process record.
10-21 19:15:52.539 I/Vlog ( 135): logd:performance:fgtracking=false;DV;1,key=TotalMessages;DV;1,Counter=1154;CT;1,unit=count;DV;1:HI
10-21 19:15:52.539 I/Vlog ( 135): logd:performance:fgtracking=false;DV;1,key=DroppedMessages;DV;1,Counter=0;CT;1,unit=count;DV;1:HI
10-21 19:15:52.539 I/Vlog ( 135): logd:performance:fgtracking=false;DV;1,key=Throughput;DV;1,Counter=15.93;CT;1,unit=kbps;DV;1:HI
10-21 19:16:31.463 I/syseng_board_status( 8171): syseng_board_status:tempstat:tmon_mtktsabb=103400;CT;1,tmon_mtkts_bts0=83000;CT;1,tmon_mtkts_bts1=80000;CT;1,tmon_mtktscpu=101400;CT;1,tmon_virtual_sensor=53814;CT;1:NR
10-21 19:16:31.490 I/syseng_board_status( 8172): syseng_board_status:cooling_device:thermal_state_cpuhotplug=0;CT;1,thermal_state_wifi=0;CT;1,thermal_state_vsync=0;CT;1,thermal_state_thermal-cpufreq-0=4;CT;1,thermal_state_thermal-cpufreq-1=0;CT;1:NR
10-21 19:16:52.539 I/Vlog ( 135): logd:performance:fgtracking=false;DV;1,key=TotalMessages;DV;1,Counter=838;CT;1,unit=count;DV;1:HI
10-21 19:16:52.539 I/Vlog ( 135): logd:performance:fgtracking=false;DV;1,key=DroppedMessages;DV;1,Counter=0;CT;1,unit=count;DV;1:HI
10-21 19:16:52.539 I/Vlog ( 135): logd:performance:fgtracking=false;DV;1,key=Throughput;DV;1,Counter=11.69;CT;1,unit=kbps;DV;1:HI
10-21 19:17:00.143 I/ProcessStatsService( 979): Prepared write state in 49ms
10-21 19:17:00.163 I/ProcessStatsService( 979): Prepared write state in 16ms
10-21 19:17:00.201 I/ProcessStatsService( 979): Pruning old procstats: /data/system/procstats/state-2010-01-01-01-00-10.bin
10-21 19:17:12.007 I/SysfsTemperatureObserverBase( 979): MetricsTimerUpdateTask wifiRemotePairedState=bluetooth
10-21 19:17:12.008 I/SysfsTemperatureObserverBase( 979): MetricsTimerUpdateTask tmon_mtktsabb_screen_on_bluetooth=103400
10-21 19:17:12.009 I/SysfsTemperatureObserverBase( 979): MetricsTimerUpdateTask tmon_mtkts_bts0_screen_on_bluetooth=82000
10-21 19:17:12.010 I/SysfsTemperatureObserverBase( 979): MetricsTimerUpdateTask tmon_mtkts_bts1_screen_on_bluetooth=80000
10-21 19:17:12.011 I/SysfsTemperatureObserverBase( 979): MetricsTimerUpdateTask tmon_mtktscpu_screen_on_bluetooth=101500
10-21 19:17:12.018 I/SysfsTemperatureObserverBase( 979): MetricsTimerUpdateTask tmon_virtual_sensor_screen_on_bluetooth=53971
10-21 19:17:12.021 I/LoggerMetricsFactoryImpl( 979): ThermalEvent:tmon:tmon_mtktsabb_screen_on_bluetooth=103400.0;CT;1,tmon_virtual_sensor_screen_on_bluetooth=53971.0;CT;1,tmon_mtkts_bts1_screen_on_bluetooth=80000.0;CT;1,tmon_mtkts_bts0_screen_on_bluetooth=82000.0;CT;1,tmon_mtktscpu_screen_on_bluetooth=101500.0;CT;1:NR
10-21 19:17:22.174 I/ThermalEvent( 72): thermzone:def:virtual_sensor=53;CT;1:NR
10-21 19:17:22.174 I/ThermalEvent( 72): thermzone:def:mtktscpu=102;CT;1:NR
10-21 19:17:22.294 I/ThermalEvent( 35): thermzone:def:mtktsabb=104;CT;1:NR
10-21 19:17:22.294 I/ThermalEvent( 35): thermzone:def:mtkts_bts0=82;CT;1:NR
10-21 19:17:22.294 I/ThermalEvent( 35): thermzone:def:mtkts_bts1=80;CT;1:NR
10-21 19:17:52.539 I/Vlog ( 135): logd:performance:fgtracking=false;DV;1,key=TotalMessages;DV;1,Counter=766;CT;1,unit=count;DV;1:HI
10-21 19:17:52.539 I/Vlog ( 135): logd:performance:fgtracking=false;DV;1,key=DroppedMessages;DV;1,Counter=0;CT;1,unit=count;DV;1:HI
10-21 19:17:52.539 I/Vlog ( 135): logd:performance:fgtracking=false;DV;1,key=Throughput;DV;1,Counter=11.18;CT;1,unit=kbps;DV;1:HI
10-21 19:18:52.541 I/Vlog ( 135): logd:performance:fgtracking=false;DV;1,key=TotalMessages;DV;1,Counter=693;CT;1,unit=count;DV;1:HI
10-21 19:18:52.541 I/Vlog ( 135): logd:performance:fgtracking=false;DV;1,key=DroppedMessages;DV;1,Counter=0;CT;1,unit=count;DV;1:HI
10-21 19:18:52.541 I/Vlog ( 135): logd:performance:fgtracking=false;DV;1,key=Throughput;DV;1,Counter=9.76;CT;1,unit=kbps;DV;1:HI
10-21 19:19:52.541 I/Vlog ( 135): logd:performance:fgtracking=false;DV;1,key=TotalMessages;DV;1,Counter=600;CT;1,unit=count;DV;1:HI
10-21 19:19:52.541 I/Vlog ( 135): logd:performance:fgtracking=false;DV;1,key=DroppedMessages;DV;1,Counter=0;CT;1,unit=count;DV;1:HI
10-21 19:19:52.541 I/Vlog ( 135): logd:performance:fgtracking=false;DV;1,key=Throughput;DV;1,Counter=8.54;CT;1,unit=kbps;DV;1:HI
10-21 19:20:11.338 I/wpa_supplicant( 1270): wifi:wpa_supplicant:freq_2437=1;CT;1:NR
10-21 19:20:11.338 I/wpa_supplicant( 1270): wifi:wpa_supplicant:rssi_4_bar=1;CT;1,rssi=38;CT;1:NR
10-21 19:20:52.541 I/Vlog ( 135): logd:performance:fgtracking=false;DV;1,key=TotalMessages;DV;1,Counter=635;CT;1,unit=count;DV;1:HI
10-21 19:20:52.541 I/Vlog ( 135): logd:performance:fgtracking=false;DV;1,key=DroppedMessages;DV;1,Counter=0;CT;1,unit=count;DV;1:HI
