10-21 19:48:03.716 V/Avrcp ( 3244): MediaController playback changed: PlaybackState {state=3, position=2037720, buffered position=0, speed=1.0, updated=3677572, actions=-1, custom actions=[], active item id=-1, error=null}
10-21 19:48:04.235 V/Avrcp ( 3244): MediaController playback changed: PlaybackState {state=3, position=2038127, buffered position=0, speed=1.0, updated=3678089, actions=-1, custom actions=[], active item id=-1, error=null}
10-21 19:48:04.594 I/Kernel ( 9266): [ 3678.473667].(1)[9266:kworker/1:0] ABB T=91500
10-21 19:48:04.750 V/Avrcp ( 3244): MediaController playback changed: PlaybackState {state=3, position=2038731, buffered position=0, speed=1.0, updated=3678606, actions=-1, custom actions=[], active item id=-1, error=null}
10-21 19:48:05.023 I/Vlog ( 979): Thermal:Screen_On_Thermal_Throttling_P2P_Off:fgtracking=false;DV;1,key=1;DV;1,Timer=5.555555555555556E-4;TI;1,unit=hours;DV;1,metadata=org.xbmc.kodi;DV;1:HI
10-21 19:48:05.023 I/ThermalEventMonitorWindowCallback( 979): Thermal Notification sent with Extra Thermal State 0
10-21 19:48:05.023 D/hdmi_u_event( 190): handle hdmi uevents: s=change@/devices/virtual/thermal/thermal_zone3, len=191
10-21 19:48:05.023 D/hdmi_u_event( 190): change_hdmi=0, change_hdmi_res=0
10-21 19:48:05.086 D/ActivityManager( 979): single user service: com.amazon.device.software.ota
10-21 19:48:05.088 W/AmazonGidPackageManagerCallback( 979): Launching com.amazon.device.software.ota (32014) with AMZ_APP_GID
10-21 19:48:05.092 W/art ( 191): PreZygoteFork called when we already have a zygote space.
10-21 19:48:05.113 I/ActivityManager( 979): Start proc 9364:com.amazon.device.software.ota/u0a22014 for service com.amazon.device.software.ota/.OTAJobService
10-21 19:48:05.113 D/ActivityManager( 979): app = com.amazon.device.software.ota, has single user service, setting process record!
10-21 19:48:05.267 V/Avrcp ( 3244): MediaController playback changed: PlaybackState {state=3, position=2039142, buffered position=0, speed=1.0, updated=3679123, actions=-1, custom actions=[], active item id=-1, error=null}
10-21 19:48:05.276 I/MediaCodecLogger( 7530): com.android.mediaplayer.HW.video.avc.bitrateInKbps = 8428
10-21 19:48:05.582 D/BluetoothManagerService( 979): Message: 20
10-21 19:48:05.582 D/BluetoothManagerService( 979): Added callback: android.bluetooth.IBluetoothManagerCallback$Stub$Proxy@28300ce3:true
10-21 19:48:05.594 D/BluetoothManagerService( 979): Message: 30
10-21 19:48:05.594 I/Kernel ( 9266): [ 3679.473620].(1)[9266:kworker/1:0] ABB T=91900
10-21 19:48:05.621 D/ActivityManager( 979): single user service: com.amazon.device.software.ota
10-21 19:48:05.631 D/ActivityManager( 979): app = com.amazon.device.software.ota, has single user service, setting process record.
10-21 19:48:05.768 V/Avrcp ( 3244): MediaController playback changed: PlaybackState {state=3, position=2039762, buffered position=0, speed=1.0, updated=3679624, actions=-1, custom actions=[], active item id=-1, error=null}
10-21 19:48:05.861 W/ActivityManager( 979): Unable to start service Intent { cmp=com.amazon.tv.csg.dnwstateservice/.DNWStateService } U=0: not found
10-21 19:48:05.874 I/Kernel ( 9364): [ 3679.758881].(1)[9378:GCDaemon]name:Log.amazon_main_498 unmap vm_start a2ecb000 end: a2ed0000
10-21 19:48:06.023 I/Vlog ( 979): Thermal:Screen_On_Thermal_Throttling_P2P_Off:fgtracking=false;DV;1,key=0;DV;1,Timer=2.777777777777778E-4;TI;1,unit=hours;DV;1,metadata=org.xbmc.kodi;DV;1:HI
10-21 19:48:06.024 D/hdmi_u_event( 190): handle hdmi uevents: s=change@/devices/virtual/thermal/thermal_zone3, len=191
10-21 19:48:06.024 D/hdmi_u_event( 190): change_hdmi=0, change_hdmi_res=0
10-21 19:48:06.014 I/Kernel ( 38): [ 3679.895642].(0)[38:kswapd0]lowmemorykiller: Killing 'device.settings' (9269), adj 12, score_adj 705,
10-21 19:48:06.014 I/Kernel ( 38): [ 3679.895642] to free 34580kB on behalf of 'kswapd0' (38) because
10-21 19:48:06.014 I/Kernel ( 38): [ 3679.895642] cache 164544kB is below limit 170800kB for oom_score_adj 529
10-21 19:48:06.014 I/Kernel ( 38): [ 3679.895642] Free memory is 34528kB above reserved
10-21 19:48:06.072 I/AmazonStorageUtil( 979): Secondary Storage not mounted. Do not create directory at:/storage/sdcard1/Android/data/com.amazon.device.software.ota/files
10-21 19:48:06.113 I/ActivityManager( 979): Process com.amazon.device.settings (pid 9269) has died
10-21 19:48:06.113 D/ActivityManager( 979): cleanUpApplicationRecord -- 9269
10-21 19:48:06.288 V/Avrcp ( 3244): MediaController playback changed: PlaybackState {state=3, position=2040177, buffered position=0, speed=1.0, updated=3680142, actions=-1, custom actions=[], active item id=-1, error=null}
10-21 19:48:06.594 I/Kernel ( 9266): [ 3680.473675].(1)[9266:kworker/1:0] ABB T=94500
10-21 19:48:06.734 I/Kernel ( 29): [ 3680.613620].(2)[29:update_secureti]enter TEE_Icnt_time
10-21 19:48:06.734 I/Kernel ( 29): [ 3680.614007].(2)[29:update_secureti]update_securetime_thread_gb updata inc count
10-21 19:48:06.787 V/Avrcp ( 3244): MediaController playback changed: PlaybackState {state=3, position=2040792, buffered position=0, speed=1.0, updated=3680642, actions=-1, custom actions=[], active item id=-1, error=null}
10-21 19:48:06.964 I/Kernel ( 8542): [ 3680.843645].(2)[8542:kworker/2:0][MUSB] USB is ready for connect
10-21 19:48:07.023 I/Vlog ( 979): Thermal:Screen_On_Thermal_Throttling_P2P_Off:fgtracking=false;DV;1,key=1;DV;1,Timer=2.777777777777778E-4;TI;1,unit=hours;DV;1,metadata=org.xbmc.kodi;DV;1:HI
10-21 19:48:07.023 D/hdmi_u_event( 190): handle hdmi uevents: s=change@/devices/virtual/thermal/thermal_zone3, len=191
10-21 19:48:07.023 D/hdmi_u_event( 190): change_hdmi=0, change_hdmi_res=0
10-21 19:48:07.302 V/Avrcp ( 3244): MediaController playback changed: PlaybackState {state=3, position=2041208, buffered position=0, speed=1.0, updated=3681159, actions=-1, custom actions=[], active item id=-1, error=null}
10-21 19:48:07.594 I/Kernel ( 9266): [ 3681.473631].(1)[9266:kworker/1:0] ABB T=91400
10-21 19:48:07.820 V/Avrcp ( 3244): MediaController playback changed: PlaybackState {state=3, position=2041833, buffered position=0, speed=1.0, updated=3681677, actions=-1, custom actions=[], active item id=-1, error=null}
10-21 19:48:08.337 V/Avrcp ( 3244): MediaController playback changed: PlaybackState {state=3, position=2042246, buffered position=0, speed=1.0, updated=3682193, actions=-1, custom actions=[], active item id=-1, error=null}
10-21 19:48:08.594 I/Kernel ( 9266): [ 3682.473624].(1)[9266:kworker/1:0] ABB T=90500
10-21 19:48:08.838 V/Avrcp ( 3244): MediaController playback changed: PlaybackState {state=3, position=2042870, buffered position=0, speed=1.0, updated=3682694, actions=-1, custom actions=[], active item id=-1, error=null}
10-21 19:48:09.044 I/Kernel ( 0): [ 3682.923534]-(1)[0:swapper/1][printk_delayed:start]
10-21 19:48:09.044 I/Kernel ( 0): [ 3682.923568]-(1)[0:swapper/1][WDK], local_bit:0x8, cpu:1,RT[3682913588136]
10-21 19:48:09.044 I/Kernel ( 0): [ 3682.923568][WDK], local_bit:0xa, cpu:1, check bit0x:f,RT[3682913599751]
10-21 19:48:09.044 I/Kernel ( 0): [ 3682.923568][thread:60][RT:3682913607213] 2019-10-21 17:48:09.41975 UTC; android time 2019-10-21 18:48:09.41975
10-21 19:48:09.044 I/Kernel ( 0): [ 3682.923704]-(1)[0:swapper/1][printk_delayed:done]
10-21 19:48:09.054 I/Kernel ( 0): [ 3682.933541]-(0)[0:swapper/0][printk_delayed:start]
10-21 19:48:09.054 I/Kernel ( 0): [ 3682.933549]-(2)[0:swapper/2][printk_delayed:start]
10-21 19:48:09.054 I/Kernel ( 0): [ 3682.933566]-(2)[0:swapper/2][WDK], local_bit:0xa, cpu:2,RT[3682923546213]
10-21 19:48:09.054 I/Kernel ( 0): [ 3682.933566][WDK], local_bit:0xe, cpu:2, check bit0x:f,RT[3682923552290]
10-21 19:48:09.054 I/Kernel ( 0): [ 3682.933566][thread:61][RT:3682923557982] 2019-10-21 17:48:09.51926 UTC; android time 2019-10-21 18:48:09.51926
10-21 19:48:09.054 I/Kernel ( 0): [ 3682.933570]-(2)[0:swapper/2][printk_delayed:done]
10-21 19:48:09.054 I/Kernel ( 0): [ 3682.933615]-(0)[0:swapper/0][WDK], local_bit:0xe, cpu:0,RT[3682923563059]
10-21 19:48:09.054 I/Kernel ( 0): [ 3682.933615][WDK], local_bit:0xf, cpu:0, check bit0x:f,RT[3682923568213]
10-21 19:48:09.054 I/Kernel ( 0): [ 3682.933615][WDK]: kick Ex WDT,RT[3682923571828]
10-21 19:48:09.054 I/Kernel ( 0): [ 3682.933615][thread:59][RT:3682923706213] 2019-10-21 17:48:09.52075 UTC; android time 2019-10-21 18:48:09.52075
10-21 19:48:09.054 I/Kernel ( 0): [ 3682.933643]-(0)[0:swapper/0][printk_delayed:done]
10-21 19:48:09.355 V/Avrcp ( 3244): MediaController playback changed: PlaybackState {state=3, position=2043281, buffered position=0, speed=1.0, updated=3683211, actions=-1, custom actions=[], active item id=-1, error=null}
10-21 19:48:09.444 I/Kernel ( 434): [ 3683.323573][hdmi]#1506
10-21 19:48:09.444 I/Kernel ( 434): [hdmi] list empty 122500, sleeping
10-21 19:48:09.594 I/Kernel ( 9266): [ 3683.473644].(1)[9266:kworker/1:0] ABB T=91100
10-21 19:48:09.764 I/Kernel ( 180): [ 3683.643554]-(3)[1053:Binder_3][printk_delayed:start]
10-21 19:48:09.764 I/Kernel ( 180): [ 3683.643594]-(3)[1053:Binder_3][WDK], local_bit:0x0, cpu:3,RT[3683633553521]
10-21 19:48:09.764 I/Kernel ( 180): [ 3683.643594][WDK], local_bit:0x8, cpu:3, check bit0x:f,RT[3683633565905]
10-21 19:48:09.764 I/Kernel ( 180): [ 3683.643594][thread:62][RT:3683633573367] 2019-10-21 17:48:09.761941 UTC; android time 2019-10-21 18:48:09.761941
10-21 19:48:09.764 I/Kernel ( 180): [ 3683.643617]-(3)[1053:Binder_3][printk_delayed:done]
10-21 19:48:09.872 V/Avrcp ( 3244): MediaController playback changed: PlaybackState {state=3, position=2043895, buffered position=0, speed=1.0, updated=3683728, actions=-1, custom actions=[], active item id=-1, error=null}
10-21 19:48:10.310 I/MediaCodecLogger( 7530): com.android.mediaplayer.HW.video.avc.bitrateInKbps = 7339
10-21 19:48:10.388 V/Avrcp ( 3244): MediaController playback changed: PlaybackState {state=3, position=2044299, buffered position=0, speed=1.0, updated=3684245, actions=-1, custom actions=[], active item id=-1, error=null}
10-21 19:48:10.594 I/Kernel ( 9266): [ 3684.473604].(1)[9266:kworker/1:0] ABB T=91300
10-21 19:48:10.905 V/Avrcp ( 3244): MediaController playback changed: PlaybackState {state=3, position=2044911, buffered position=0, speed=1.0, updated=3684762, actions=-1, custom actions=[], active item id=-1, error=null}
10-21 19:48:11.406 V/Avrcp ( 3244): MediaController playback changed: PlaybackState {state=3, position=2045326, buffered position=0, speed=1.0, updated=3685263, actions=-1, custom actions=[], active item id=-1, error=null}
10-21 19:48:11.594 I/Kernel ( 9266): [ 3685.473626].(1)[9266:kworker/1:0] ABB T=90500
10-21 19:48:11.734 I/Kernel ( 29): [ 3685.613612].(3)[29:update_secureti]enter TEE_Icnt_time
10-21 19:48:11.734 I/Kernel ( 29): [ 3685.613918].(3)[29:update_secureti]update_securetime_thread_gb updata inc count
10-21 19:48:11.910 V/Avrcp ( 3244): MediaController playback changed: PlaybackState {state=3, position=2045945, buffered position=0, speed=1.0, updated=3685765, actions=-1, custom actions=[], active item id=-1, error=null}
10-21 19:48:12.149 W/AmazonGidPackageManagerCallback( 979): Launching com.amazon.whisperjoin.middleware.np (32122) with AMZ_APP_GID
10-21 19:48:12.153 W/art ( 191): PreZygoteFork called when we already have a zygote space.
10-21 19:48:12.169 I/ActivityManager( 979): Start proc 9394:com.amazon.whisperjoin.middleware.np/u0a22122 for service com.amazon.whisperjoin.middleware.np/.services.MiddlewareService
10-21 19:48:12.424 V/Avrcp ( 3244): MediaController playback changed: PlaybackState {state=3, position=2046354, buffered position=0, speed=1.0, updated=3686281, actions=-1, custom actions=[], active item id=-1, error=null}
10-21 19:48:12.438 D/BluetoothManagerService( 979): Message: 20
10-21 19:48:12.438 D/BluetoothManagerService( 979): Added callback: android.bluetooth.IBluetoothManagerCallback$Stub$Proxy@1547b536:true
10-21 19:48:12.454 I/Kernel ( 9394): [ 3686.338949].(3)[9416:MAPCommonThread]name:Log.amazon_main_499 unmap vm_start a2660000 end: a2860000
10-21 19:48:12.454 I/Kernel ( 1408): [ 3686.339270].(0)[2262:Binder_6]name:Log.amazon_main_499 unmap vm_start a318f000 end: a338f000
10-21 19:48:12.594 I/Kernel ( 9266): [ 3686.473658].(1)[9266:kworker/1:0] ABB T=91500
10-21 19:48:12.927 V/Avrcp ( 3244): MediaController playback changed: PlaybackState {state=3, position=2046973, buffered position=0, speed=1.0, updated=3686783, actions=-1, custom actions=[], active item id=-1, error=null}
10-21 19:48:12.957 W/PackageManager( 979): com.amazon.device.smarthome.adapters.zigbee is not installed for user 0
10-21 19:48:12.970 D/BtGatt.GattService( 3244): registerClient() - UUID=ffe0d431-f368-4e6e-81a6-f3898c27ba17
10-21 19:48:12.970 D/BtGatt.GattService( 3244): onClientRegistered() - UUID=ffe0d431-f368-4e6e-81a6-f3898c27ba17, clientIf=5
10-21 19:48:12.971 D/BtGatt.GattService( 3244): start scan with filters
10-21 19:48:12.972 D/BtGatt.ScanManager( 3244): handling starting scan
10-21 19:48:12.979 D/BtGatt.GattService( 3244): onScanFilterEnableDisabled() - clientIf=5, status=0, action=1
10-21 19:48:12.979 D/BtGatt.ScanManager( 3244): callback done for clientIf - 5 status - 0
10-21 19:48:12.979 D/BtGatt.ScanManager( 3244): addFilterToController: 6
10-21 19:48:12.980 D/BtGatt.GattService( 3244): onScanFilterConfig() - clientIf=5, action = 0 status = 0, filterType=6, availableSpace=47
10-21 19:48:12.980 D/BtGatt.ScanManager( 3244): callback done for clientIf - 5 status - 0
10-21 19:48:12.982 D/BtGatt.GattService( 3244): onScanFilterParamsConfigured() - clientIf=5, status=0, action=0, availableSpace=31
10-21 19:48:12.982 D/BtGatt.ScanManager( 3244): callback done for clientIf - 5 status - 0
10-21 19:48:12.982 D/BtGatt.ScanManager( 3244): configureRegularScanParams() - queue=1
10-21 19:48:12.982 D/BtGatt.ScanManager( 3244): configureRegularScanParams() - ScanSetting Scan mode=0 mLastConfiguredScanSetting=-2147483648
10-21 19:48:12.984 I/Kernel ( 8542): [ 3686.863608].(2)[8542:kworker/2:0][MUSB] USB is ready for connect
10-21 19:48:13.023 D/hdmi_u_event( 190): handle hdmi uevents: s=change@/devices/virtual/thermal/thermal_zone3, len=191
10-21 19:48:13.023 D/hdmi_u_event( 190): change_hdmi=0, change_hdmi_res=0
10-21 19:48:13.023 I/Vlog ( 979): Thermal:Screen_On_Thermal_Throttling_P2P_Off:fgtracking=false;DV;1,key=0;DV;1,Timer=0.0016666666666666668;TI;1,unit=hours;DV;1,metadata=org.xbmc.kodi;DV;1:HI
10-21 19:48:13.443 V/Avrcp ( 3244): MediaController playback changed: PlaybackState {state=3, position=2047385, buffered position=0, speed=1.0, updated=3687299, actions=-1, custom actions=[], active item id=-1, error=null}
10-21 19:48:13.594 I/Kernel ( 9266): [ 3687.473652].(1)[9266:kworker/1:0] ABB T=91100
10-21 19:48:13.944 V/Avrcp ( 3244): MediaController playback changed: PlaybackState {state=3, position=2048001, buffered position=0, speed=1.0, updated=3687799, actions=-1, custom actions=[], active item id=-1, error=null}
10-21 19:48:14.031 I/Vlog ( 979): Thermal:Screen_On_Thermal_Throttling_P2P_Off:fgtracking=false;DV;1,key=1;DV;1,Timer=2.797222222222222E-4;TI;1,unit=hours;DV;1,metadata=org.xbmc.kodi;DV;1:HI
10-21 19:48:14.033 D/hdmi_u_event( 190): handle hdmi uevents: s=change@/devices/virtual/thermal/thermal_zone3, len=191
10-21 19:48:14.034 D/hdmi_u_event( 190): change_hdmi=0, change_hdmi_res=0
10-21 19:48:14.462 V/Avrcp ( 3244): MediaController playback changed: PlaybackState {state=3, position=2048413, buffered position=0, speed=1.0, updated=3688316, actions=-1, custom actions=[], active item id=-1, error=null}
10-21 19:48:14.594 I/Kernel ( 9266): [ 3688.473615].(1)[9266:kworker/1:0] ABB T=90500
10-21 19:48:14.978 V/Avrcp ( 3244): MediaController playback changed: PlaybackState {state=3, position=2049033, buffered position=0, speed=1.0, updated=3688833, actions=-1, custom actions=[], active item id=-1, error=null}
10-21 19:48:15.361 I/MediaCodecLogger( 7530): com.android.mediaplayer.HW.video.avc.bitrateInKbps = 6808
10-21 19:48:15.495 V/Avrcp ( 3244): MediaController playback changed: PlaybackState {state=3, position=2049446, buffered position=0, speed=1.0, updated=3689350, actions=-1, custom actions=[], active item id=-1, error=null}
10-21 19:48:15.594 I/Kernel ( 9266): [ 3689.473634].(1)[9266:kworker/1:0] ABB T=90000
10-21 19:48:16.012 V/Avrcp ( 3244): MediaController playback changed: PlaybackState {state=3, position=2050060, buffered position=0, speed=1.0, updated=3689868, actions=-1, custom actions=[], active item id=-1, error=null}
10-21 19:48:16.512 V/Avrcp ( 3244): MediaController playback changed: PlaybackState {state=3, position=2050478, buffered position=0, speed=1.0, updated=3690368, actions=-1, custom actions=[], active item id=-1, error=null}
10-21 19:48:16.594 I/Kernel ( 9266): [ 3690.473624].(1)[9266:kworker/1:0] ABB T=90800
10-21 19:48:16.734 I/Kernel ( 29): [ 3690.613565].(3)[29:update_secureti]enter TEE_Icnt_time
10-21 19:48:16.734 I/Kernel ( 29): [ 3690.613833].(3)[29:update_secureti]enter TEE_update_gb_time_infile
10-21 19:48:16.734 I/Kernel ( 29): [ 3690.614229].(3)[29:update_secureti]update_securetime_thread_gb updata inc count
10-21 19:48:17.030 V/Avrcp ( 3244): MediaController playback changed: PlaybackState {state=3, position=2051091, buffered position=0, speed=1.0, updated=3690885, actions=-1, custom actions=[], active item id=-1, error=null}
10-21 19:48:17.546 V/Avrcp ( 3244): MediaController playback changed: PlaybackState {state=3, position=2051506, buffered position=0, speed=1.0, updated=3691402, actions=-1, custom actions=[], active item id=-1, error=null}
10-21 19:48:17.594 I/Kernel ( 9266): [ 3691.473609].(1)[9266:kworker/1:0] ABB T=90000
10-21 19:48:18.047 V/Avrcp ( 3244): MediaController playback changed: PlaybackState {state=3, position=2051914, buffered position=0, speed=1.0, updated=3691903, actions=-1, custom actions=[], active item id=-1, error=null}
10-21 19:48:18.564 V/Avrcp ( 3244): MediaController playback changed: PlaybackState {state=3, position=2052534, buffered position=0, speed=1.0, updated=3692420, actions=-1, custom actions=[], active item id=-1, error=null}
10-21 19:48:18.594 I/Kernel ( 9266): [ 3692.473630].(1)[9266:kworker/1:0] ABB T=90300
10-21 19:48:19.004 I/Kernel ( 8542): [ 3692.886265].(2)[8542:kworker/2:0][MUSB] USB is ready for connect
10-21 19:48:19.080 V/Avrcp ( 3244): MediaController playback changed: PlaybackState {state=3, position=2052949, buffered position=0, speed=1.0, updated=3692937, actions=-1, custom actions=[], active item id=-1, error=null}
10-21 19:48:19.582 V/Avrcp ( 3244): MediaController playback changed: PlaybackState {state=3, position=2053567, buffered position=0, speed=1.0, updated=3693438, actions=-1, custom actions=[], active item id=-1, error=null}
10-21 19:48:19.594 I/Kernel ( 9266): [ 3693.473601].(1)[9266:kworker/1:0] ABB T=89700
10-21 19:48:20.099 V/Avrcp ( 3244): MediaController playback changed: PlaybackState {state=3, position=2053976, buffered position=0, speed=1.0, updated=3693955, actions=-1, custom actions=[], active item id=-1, error=null}
10-21 19:48:20.483 I/MediaCodecLogger( 7530): com.android.mediaplayer.HW.video.avc.bitrateInKbps = 5351
10-21 19:48:20.594 I/Kernel ( 9266): [ 3694.473607].(1)[9266:kworker/1:0] ABB T=89800
10-21 19:48:20.617 V/Avrcp ( 3244): MediaController playback changed: PlaybackState {state=3, position=2054591, buffered position=0, speed=1.0, updated=3694472, actions=-1, custom actions=[], active item id=-1, error=null}
10-21 19:48:21.118 V/Avrcp ( 3244): MediaController playback changed: PlaybackState {state=3, position=2055009, buffered position=0, speed=1.0, updated=3694973, actions=-1, custom actions=[], active item id=-1, error=null}
10-21 19:48:21.594 I/Kernel ( 9266): [ 3695.473638].(1)[9266:kworker/1:0] ABB T=90000
10-21 19:48:21.633 V/Avrcp ( 3244): MediaController playback changed: PlaybackState {state=3, position=2055629, buffered position=0, speed=1.0, updated=3695490, actions=-1, custom actions=[], active item id=-1, error=null}
10-21 19:48:21.734 I/Kernel ( 29): [ 3695.613579].(3)[29:update_secureti]enter TEE_Icnt_time
10-21 19:48:21.734 I/Kernel ( 29): [ 3695.613847].(3)[29:update_secureti]update_securetime_thread_gb updata inc count
10-21 19:48:22.149 W/AmazonGidPackageManagerCallback( 979): Launching com.amazon.dialservice (32016) with AMZ_APP_GID
10-21 19:48:22.151 V/Avrcp ( 3244): MediaController playback changed: PlaybackState {state=3, position=2056046, buffered position=0, speed=1.0, updated=3696007, actions=-1, custom actions=[], active item id=-1, error=null}
10-21 19:48:22.167 W/art ( 191): PreZygoteFork called when we already have a zygote space.
10-21 19:48:22.181 I/ActivityManager( 979): Start proc 9428:com.amazon.discoveryservice.core.android/u0a22016 for service com.amazon.dialservice/.DialService
10-21 19:48:22.496 I/wpa_supplicant( 1270): update ap wps device_name
10-21 19:48:22.543 I/CdsMirroring( 979): AmazonWifiDisplayController: Received WIFI_P2P_THIS_DEVICE_CHANGED_ACTION
10-21 19:48:22.573 D/WifiService( 979): New client listening to asynchronous messages
10-21 19:48:22.575 W/ActivityThread( 9428): ClassLoader.loadClass: The class loader returned by Thread.getContextClassLoader() may fail for processes that host multiple applications. You should explicitly specify a context class loader. For example: Thread.setContextClassLoader(getClass().getClassLoader());
10-21 19:48:22.605 D/WifiService( 979): acquireWifiLockLocked: WifiLock{AndroidRouter type=3 binder=android.os.BinderProxy@92b119c}
10-21 19:48:22.594 I/Kernel ( 9266): [ 3696.473687].(1)[9266:kworker/1:0] ABB T=89800
10-21 19:48:22.624 D/WifiService( 979): releaseWifiLockLocked: WifiLock{AndroidRouter type=3 binder=android.os.BinderProxy@92b119c}
10-21 19:48:22.668 V/Avrcp ( 3244): MediaController playback changed: PlaybackState {state=3, position=2056669, buffered position=0, speed=1.0, updated=3696524, actions=-1, custom actions=[], active item id=-1, error=null}
10-21 19:48:22.692 D/WifiService( 979): acquireWifiLockLocked: WifiLock{AndroidRouter type=3 binder=android.os.BinderProxy@3c864f07}
10-21 19:48:23.168 V/Avrcp ( 3244): MediaController playback changed: PlaybackState {state=3, position=2057078, buffered position=0, speed=1.0, updated=3697025, actions=-1, custom actions=[], active item id=-1, error=null}
10-21 19:48:23.594 I/Kernel ( 9266): [ 3697.473604].(1)[9266:kworker/1:0] ABB T=91300
10-21 19:48:23.690 V/Avrcp ( 3244): MediaController playback changed: PlaybackState {state=3, position=2057689, buffered position=0, speed=1.0, updated=3697542, actions=-1, custom actions=[], active item id=-1, error=null}
10-21 19:48:24.203 V/Avrcp ( 3244): MediaController playback changed: PlaybackState {state=3, position=2058099, buffered position=0, speed=1.0, updated=3698059, actions=-1, custom actions=[], active item id=-1, error=null}
10-21 19:48:24.444 I/Kernel ( 434): [ 3698.323608][hdmi]#1506
10-21 19:48:24.444 I/Kernel ( 434): [hdmi] list empty 123000, sleeping
10-21 19:48:24.594 I/Kernel ( 9266): [ 3698.473625].(1)[9266:kworker/1:0] ABB T=90500
10-21 19:48:24.704 V/Avrcp ( 3244): MediaController playback changed: PlaybackState {state=3, position=2058720, buffered position=0, speed=1.0, updated=3698560, actions=-1, custom actions=[], active item id=-1, error=null}
10-21 19:48:25.024 I/Kernel ( 8542): [ 3698.903590].(2)[8542:kworker/2:0][MUSB] USB is ready for connect
10-21 19:48:25.221 V/Avrcp ( 3244): MediaController playback changed: PlaybackState {state=3, position=2059139, buffered position=0, speed=1.0, updated=3699078, actions=-1, custom actions=[], active item id=-1, error=null}
10-21 19:48:25.521 I/MediaCodecLogger( 7530): com.android.mediaplayer.HW.video.avc.bitrateInKbps = 6405
10-21 19:48:25.594 I/Kernel ( 9266): [ 3699.473616].(1)[9266:kworker/1:0] ABB T=90300
10-21 19:48:25.739 V/Avrcp ( 3244): MediaController playback changed: PlaybackState {state=3, position=2059762, buffered position=0, speed=1.0, updated=3699594, actions=-1, custom actions=[], active item id=-1, error=null}
10-21 19:48:26.255 V/Avrcp ( 3244): MediaController playback changed: PlaybackState {state=3, position=2060176, buffered position=0, speed=1.0, updated=3700111, actions=-1, custom actions=[], active item id=-1, error=null}
10-21 19:48:26.594 I/Kernel ( 9266): [ 3700.473601].(1)[9266:kworker/1:0] ABB T=91400
10-21 19:48:26.734 I/Kernel ( 29): [ 3700.613603].(3)[29:update_secureti]enter TEE_Icnt_time
10-21 19:48:26.734 I/Kernel ( 29): [ 3700.613895].(3)[29:update_secureti]update_securetime_thread_gb updata inc count
10-21 19:48:26.772 V/Avrcp ( 3244): MediaController playback changed: PlaybackState {state=3, position=2060801, buffered position=0, speed=1.0, updated=3700628, actions=-1, custom actions=[], active item id=-1, error=null}
10-21 19:48:27.272 V/Avrcp ( 3244): MediaController playback changed: PlaybackState {state=3, position=2061216, buffered position=0, speed=1.0, updated=3701129, actions=-1, custom actions=[], active item id=-1, error=null}
10-21 19:48:27.594 I/Kernel ( 9266): [ 3701.473647].(1)[9266:kworker/1:0] ABB T=90500
10-21 19:48:27.789 V/Avrcp ( 3244): MediaController playback changed: PlaybackState {state=3, position=2061830, buffered position=0, speed=1.0, updated=3701646, actions=-1, custom actions=[], active item id=-1, error=null}
10-21 19:48:28.290 V/Avrcp ( 3244): MediaController playback changed: PlaybackState {state=3, position=2062245, buffered position=0, speed=1.0, updated=3702147, actions=-1, custom actions=[], active item id=-1, error=null}
10-21 19:48:28.594 I/Kernel ( 9266): [ 3702.473613].(1)[9266:kworker/1:0] ABB T=90200
10-21 19:48:28.809 V/Avrcp ( 3244): MediaController playback changed: PlaybackState {state=3, position=2062869, buffered position=0, speed=1.0, updated=3702664, actions=-1, custom actions=[], active item id=-1, error=null}
10-21 19:48:29.054 I/Kernel ( 0): [ 3702.933560]-(1)[0:swapper/1][printk_delayed:start]
10-21 19:48:29.054 I/Kernel ( 0): [ 3702.933606]-(1)[0:swapper/1][WDK], local_bit:0x8, cpu:1,RT[3702923563137]
10-21 19:48:29.054 I/Kernel ( 0): [ 3702.933606][WDK], local_bit:0xa, cpu:1, check bit0x:f,RT[3702923575368]
10-21 19:48:29.054 I/Kernel ( 0): [ 3702.933606][thread:60][RT:3702923582753] 2019-10-21 17:48:29.51950 UTC; android time 2019-10-21 18:48:29.51950
10-21 19:48:29.054 I/Kernel ( 0): [ 3702.933632]-(1)[0:swapper/1][printk_delayed:done]
10-21 19:48:29.064 I/Kernel ( 7530): [ 3702.943539]-(2)[7923:Thread-732][printk_delayed:start]
10-21 19:48:29.064 I/Kernel ( 7530): [ 3702.943548]-(0)[0:swapper/0][printk_delayed:start]
10-21 19:48:29.064 I/Kernel ( 7530): [ 3702.943565]-(0)[0:swapper/0][WDK], local_bit:0xa, cpu:0,RT[3702933609214]
10-21 19:48:29.064 I/Kernel ( 7530): [ 3702.943565][WDK], local_bit:0xb, cpu:0, check bit0x:f,RT[3702933617214]
10-21 19:48:29.064 I/Kernel ( 7530): [ 3702.943565][thread:59][RT:3702933625291] 2019-10-21 17:48:29.61992 UTC; android time 2019-10-21 18:48:29.61992
10-21 19:48:29.064 I/Kernel ( 7530): [ 3702.943570]-(0)[0:swapper/0][printk_delayed:done]
10-21 19:48:29.064 I/Kernel ( 7530): [ 3702.943614]-(2)[7923:Thread-732][WDK], local_bit:0xb, cpu:2,RT[3702933621522]
10-21 19:48:29.064 I/Kernel ( 7530): [ 3702.943614][WDK], local_bit:0xf, cpu:2, check bit0x:f,RT[3702933626522]
10-21 19:48:29.064 I/Kernel ( 7530): [ 3702.943614][WDK]: kick Ex WDT,RT[3702933630137]
10-21 19:48:29.064 I/Kernel ( 7530): [ 3702.943614][thread:61][RT:3702933775445] 2019-10-21 17:48:29.62144 UTC; android time 2019-10-21 18:48:29.62144
10-21 19:48:29.064 I/Kernel ( 7530): [ 3702.943641]-(2)[7923:Thread-732][printk_delayed:done]
10-21 19:48:29.324 V/Avrcp ( 3244): MediaController playback changed: PlaybackState {state=3, position=2063270, buffered position=0, speed=1.0, updated=3703181, actions=-1, custom actions=[], active item id=-1, error=null}
10-21 19:48:29.594 I/Kernel ( 9266): [ 3703.473599].(1)[9266:kworker/1:0] ABB T=90500
10-21 19:48:29.774 I/Kernel ( 180): [ 3703.653545]-(3)[1011:Binder_1][printk_delayed:start]
10-21 19:48:29.774 I/Kernel ( 180): [ 3703.653584]-(3)[1011:Binder_1][WDK], local_bit:0x0, cpu:3,RT[3703643547060]
10-21 19:48:29.774 I/Kernel ( 180): [ 3703.653584][WDK], local_bit:0x8, cpu:3, check bit0x:f,RT[3703643560060]
10-21 19:48:29.774 I/Kernel ( 180): [ 3703.653584][thread:62][RT:3703643567676] 2019-10-21 17:48:29.771935 UTC; android time 2019-10-21 18:48:29.771935
10-21 19:48:29.774 I/Kernel ( 180): [ 3703.653609]-(3)[1011:Binder_1][printk_delayed:done]
10-21 19:48:29.842 V/Avrcp ( 3244): MediaController playback changed: PlaybackState {state=3, position=2063894, buffered position=0, speed=1.0, updated=3703698, actions=-1, custom actions=[], active item id=-1, error=null}
10-21 19:48:30.359 V/Avrcp ( 3244): MediaController playback changed: PlaybackState {state=3, position=2064309, buffered position=0, speed=1.0, updated=3704215, actions=-1, custom actions=[], active item id=-1, error=null}
10-21 19:48:30.559 I/MediaCodecLogger( 7530): com.android.mediaplayer.HW.video.avc.bitrateInKbps = 5789
10-21 19:48:30.594 I/Kernel ( 9266): [ 3704.473631].(1)[9266:kworker/1:0] ABB T=90200
10-21 19:48:30.860 V/Avrcp ( 3244): MediaController playback changed: PlaybackState {state=3, position=2064722, buffered position=0, speed=1.0, updated=3704716, actions=-1, custom actions=[], active item id=-1, error=null}
10-21 19:48:31.044 I/Kernel ( 8542): [ 3704.923716].(2)[8542:kworker/2:0][MUSB] USB is ready for connect
10-21 19:48:31.376 V/Avrcp ( 3244): MediaController playback changed: PlaybackState {state=3, position=2065343, buffered position=0, speed=1.0, updated=3705233, actions=-1, custom actions=[], active item id=-1, error=null}
10-21 19:48:31.594 I/Kernel ( 9266): [ 3705.473606].(1)[9266:kworker/1:0] ABB T=90300
10-21 19:48:31.734 I/Kernel ( 29): [ 3705.613592].(3)[29:update_secureti]enter TEE_Icnt_time
10-21 19:48:31.734 I/Kernel ( 29): [ 3705.613933].(3)[29:update_secureti]update_securetime_thread_gb updata inc count
10-21 19:48:31.894 V/Avrcp ( 3244): MediaController playback changed: PlaybackState {state=3, position=2065959, buffered position=0, speed=1.0, updated=3705750, actions=-1, custom actions=[], active item id=-1, error=null}
10-21 19:48:32.149 W/AmazonGidPackageManagerCallback( 979): Launching com.amazon.whisperlink.core.android (32041) with AMZ_APP_GID
10-21 19:48:32.153 W/art ( 191): PreZygoteFork called when we already have a zygote space.
10-21 19:48:32.169 I/ActivityManager( 979): Start proc 9483:com.amazon.whisperlink.core.android/u0a22041 for service com.amazon.whisperlink.core.android/.WhisperLinkCoreService
10-21 19:48:32.169 D/ActivityManager( 979): app = com.amazon.whisperlink.core.android, has single user service, setting process record!
10-21 19:48:32.234 I/Kernel ( 9483): [ 3706.121667].(3)[9483:nk.core.android]name:dev/ashmem/dalvik-main space unmap vm_start b05bc000 end: b05bd000
10-21 19:48:32.234 I/Kernel ( 9483): [ 3706.122161].(3)[9483:nk.core.android]name:dev/ashmem/dalvik-main space unmap vm_start a31e1000 end: a3500000
10-21 19:48:32.394 V/Avrcp ( 3244): MediaController playback changed: PlaybackState {state=3, position=2066369, buffered position=0, speed=1.0, updated=3706251, actions=-1, custom actions=[], active item id=-1, error=null}
10-21 19:48:32.402 W/SchedPolicy( 979): Failed to set io priority for tid 9505 (No such process) --------- beginning of amazon_main
10-21 19:48:32.418 I/...rustedPackageManager( 9483): Trying to use default signature based package trust logic. This should be on 3P device
10-21 19:48:32.418 I/...rustedPackageManager( 9483): Setting package trust logic as: signature based package trust logic
10-21 19:48:32.420 I/...roid/PlatformWrapper( 9483): MAP support direct boot aware on current platform: false
10-21 19:48:32.420 I/WhisperLink( 9483): WhisperLinkCoreService - WP Core service onCreate;
10-21 19:48:32.441 I/WhisperLink( 9483): CloudTransportConfig - Component: CloudTransport;
10-21 19:48:32.445 I/WhisperLink( 9483): SecurityConfig - Component: Security;
10-21 19:48:32.446 I/...amework.MAPInitTasks( 9483): Initialize DataStorage instance
10-21 19:48:32.446 I/...amework.MAPInitTasks( 9483): Setup DataStorage instance
10-21 19:48:32.446 I/WhisperLink( 9483): CloudExplorerConfig - Component: CloudExplorer;
10-21 19:48:32.450 I/WhisperLink( 9483): CoreExtendedWpConfig - Component: CoreExtentions;
10-21 19:48:32.451 I/...roid/PlatformWrapper( 9483): MAP support direct boot aware on current platform: false
10-21 19:48:32.452 I/...roid/PlatformWrapper( 9483): MAP support direct boot aware on current platform: false
10-21 19:48:32.452 I/...roid/PlatformWrapper( 9483): MAP is in direct boot mode: false
10-21 19:48:32.454 I/...ndroid/MetricsHelper( 9483): Using the FireOSPlatformDCPMetricsCollector
10-21 19:48:32.455 W/MetricsServiceWrapper( 9483): record : MetricsService not yet bound. Buffering MetricRecord. Program=com.amazon.whisperlink.core.android Source=CustomerAttributeStore:GetAttribute
10-21 19:48:32.455 I/...mDCPMetricsCollector( 9483): Successfully create FireOSPlatformDCPMetricsCollector.
10-21 19:48:32.457 I/...roid/PlatformWrapper( 9483): MAP support direct boot aware on current platform: false
10-21 19:48:32.457 I/...roid/PlatformWrapper( 9483): MAP is in direct boot mode: false
10-21 19:48:32.457 I/WhisperLink( 9483): CoreSecurityConfig - Component: SecurityCore;
10-21 19:48:32.465 I/WhisperLink( 9483): WhisperLinkCoreService - initializeWPCorePlatform(): supportsCoreStopSelf=false;
10-21 19:48:32.468 I/com.amazon.imp/f[0]( 1408): Using the FireOSPlatformDCPMetricsCollector
10-21 19:48:32.468 I/...PMetricsCollector[0]( 1408): Successfully create FireOSPlatformDCPMetricsCollector.
10-21 19:48:32.469 I/...auth.attributes.p[0]( 1408): Callback with value empty: false
10-21 19:48:32.473 W/MetricsServiceWrapper( 9483): record : MetricsService not yet bound. Buffering MetricRecord. Program=com.amazon.whisperlink.core.android Source=CustomerAttributeStore:GetAttribute
10-21 19:48:32.478 I/...amework.MAPInitTasks( 9483): Start update legacy authportal domain in database if needed
10-21 19:48:32.479 W/...h.device.api.MAPInit( 9483): AdsIdentity class not found.
10-21 19:48:32.484 I/...ndroid/MetricsHelper( 9483): Using the FireOSPlatformDCPMetricsCollector
10-21 19:48:32.484 W/MetricsServiceWrapper( 9483): record : MetricsService not yet bound. Buffering MetricRecord. Program=com.amazon.whisperlink.core.android Source=DeviceDataStore:getValue
10-21 19:48:32.484 I/...mDCPMetricsCollector( 9483): Successfully create FireOSPlatformDCPMetricsCollector.
10-21 19:48:32.484 I/...roid/PlatformWrapper( 9483): MAP support direct boot aware on current platform: false
10-21 19:48:32.484 I/...roid/PlatformWrapper( 9483): MAP is in direct boot mode: false
10-21 19:48:32.496 I/...th.device.utils.w[0]( 1408): com.amazon.whisperlink.core.android is trying to get device type
10-21 19:48:32.503 W/WhisperLink( 9483): EncryptionUtil - No random generator algorithm NativePRNG available, fall back to SHA1PRNG;
10-21 19:48:32.506 W/WhisperLink( 9483): WhisperLinkDeviceInfoProvider - Updated account hint :KYjx3dEWZr4w:;
10-21 19:48:32.507 I/WhisperLink( 9483): CloudTransportFeatureFactory - Creating Cloud Transport Feature;
10-21 19:48:32.508 I/WhisperLink( 9483): FeatureFactory - Creating SecureTransport Feature;
10-21 19:48:32.510 I/WhisperLink( 9483): CoreAuthFeatureFactory - Creating AuthenticationControl Feature;
10-21 19:48:32.518 I/wpa_supplicant( 1270): update ap wps device_name
10-21 19:48:32.527 I/WhisperLink( 9483): WPLOG - New log handler set is :AmazonLogHandler :AmazonAndroidCorePlatform;
10-21 19:48:32.557 I/WhisperLink( 9483): PlatformCoreManager - updateGlobalActivityAccessLevel() level=false;
10-21 19:48:32.562 I/CdsMirroring( 979): AmazonWifiDisplayController: Received WIFI_P2P_THIS_DEVICE_CHANGED_ACTION
10-21 19:48:32.565 W/art ( 9483): Suspending all threads took: 5.132ms
10-21 19:48:32.570 I/WhisperLink( 9483): CloudTransportFactory - Creating Cloud Transport Factory;
10-21 19:48:32.584 I/WhisperLink( 9483): TTCommTransportFactory@3f648d11 - Socket Id starting from :838334554;
10-21 19:48:32.596 I/DPLogger( 9483): DPLogger - Name was too long. Truncating; original name: TComm.BufferedMessageManagerBase, truncated name: TComm.BufferedMessageMa
10-21 19:48:32.597 I/DPLogger( 9483): DPLogger - Name was too long. Truncating; original name: TComm.PeriodicTimeoutInstanceRemover, truncated name: TComm.PeriodicTimeoutIn
10-21 19:48:32.600 I/WhisperLink( 9483): SecureComChannelFactory - Creating SSL Socket Factory;
10-21 19:48:32.605 I/WhisperLink( 9483): CloudTransportFactory - Creating Cloud Transport Factory;
10-21 19:48:32.605 I/WhisperLink( 9483): TTCommTransportFactory@320160e4 - Socket Id starting from :-78660908;
10-21 19:48:32.605 I/WhisperLink( 9483): SecureComChannelFactory - Creating SSL Socket Factory;
10-21 19:48:32.606 I/WhisperLink( 9483): PlatformCoreManager - Loading system services:;
10-21 19:48:32.594 I/Kernel ( 9266): [ 3706.473615].(1)[9266:kworker/1:0] ABB T=91800
10-21 19:48:32.648 W/WhisperLink( 9483): TExternalSocketFactory - Inet route refresh task cancelled or hasn't been scheduled;
10-21 19:48:32.659 D/WifiService( 979): New client listening to asynchronous messages
10-21 19:48:32.659 I/WifiManager( 9483): RSSI_THRESHOLDS[0]=-86
10-21 19:48:32.659 I/WifiManager( 9483): RSSI_THRESHOLDS[1]=-79
10-21 19:48:32.659 I/WifiManager( 9483): RSSI_THRESHOLDS[2]=-68
10-21 19:48:32.659 I/WifiManager( 9483): RSSI_THRESHOLDS[3]=-62
10-21 19:48:32.663 I/WhisperLink( 9483): RouteUtil - Incomplete or null inet route;
10-21 19:48:32.664 I/WhisperLink( 9483): TExternalSocketFactory - Valid inet route retrived on interface wlan0;
10-21 19:48:32.702 I/WhisperLink( 9483): PlatformCoreManager - Registrar loaded.;
10-21 19:48:32.702 I/WhisperLink( 9483): PlatformCoreManager - ServiceDiscovery loaded.;
10-21 19:48:32.705 I/WhisperLink( 9483): DeviceManagerService - DeviceManagerService instantiating;
10-21 19:48:32.705 I/WhisperLink( 9483): PlatformCoreManager - DeviceManagerService loaded;
10-21 19:48:32.708 I/WhisperLink( 9483): PlatformCoreManager - Loading factory system services:;
10-21 19:48:32.783 I/WhisperLink( 9483): SecurityServiceFactory - AuthDaemonExternalService loaded.;
10-21 19:48:32.786 I/WhisperLink( 9483): SecurityServiceFactory - AuthDaemonInternalService loaded.;
10-21 19:48:32.816 I/WhisperLink( 9483): CloudExplorer - Successfully registered TCommIntentReceiver;
10-21 19:48:32.818 I/WhisperLink( 9483): PlatformCoreManager - loading routers;
10-21 19:48:32.818 I/WhisperLink( 9483): PlatformCoreManager - Created secure transport:null;
10-21 19:48:32.818 I/WhisperLink( 9483): PlatformCoreManager - Created secure transport:null;
10-21 19:48:32.818 I/WhisperLink( 9483): PlatformCoreManager - Created secure transport:null;
10-21 19:48:32.819 E/WhisperLink( 9483): PlatformCoreManager - Failed to create ServerTransport;
10-21 19:48:32.819 E/WhisperLink( 9483): PlatformCoreManager - Failed to start service router for udp, secure=true;
10-21 19:48:32.819 E/WhisperLink( 9483): PlatformCoreManager - Failed to create ServerTransport;
10-21 19:48:32.819 E/WhisperLink( 9483): PlatformCoreManager - Failed to start service router for udp, secure=false;
10-21 19:48:32.820 I/WhisperLink( 9483): TTCommTransportFactory - Secure Server transport created on :11120;
10-21 19:48:32.820 I/WhisperLink( 9483): PlatformCoreManager - Created secure transport:com.amazon.whisperlink.android.transport.tcomm.TTCommServerTransport@2cbc9ab9;
10-21 19:48:32.828 I/DPLogger( 9483): DPLogger - Name was too long. Truncating; original name: TComm.CommunicationFactoryBase, truncated name: TComm.CommunicationFact
10-21 19:48:32.828 I/WhisperLink( 9483): PlatformCoreManager - Loaded Service router for external transport=cloud, secure=true;
10-21 19:48:32.829 I/WhisperLink( 9483): TTCommTransportFactory - Server transport created on :11121;
10-21 19:48:32.829 I/WhisperLink( 9483): PlatformCoreManager - Loaded Service router for external transport=cloud, secure=false;
10-21 19:48:32.844 I/DPLogger( 9483): DPLogger - Name was too long. Truncating; original name: TComm.AndroidTCommManager, truncated name: TComm.AndroidTCommManag
10-21 19:48:32.846 I/DPLogger( 9483): DPLogger - Name was too long. Truncating; original name: TComm.AndroidIdentityResolver, truncated name: TComm.AndroidIdentityRe
10-21 19:48:32.853 I/DPLogger( 9483): DPLogger - Name was too long. Truncating; original name: TComm.AndroidTCommServiceConnection, truncated name: TComm.AndroidTCommServi
10-21 19:48:32.864 I/DPLogger( 9483): DPLogger - Name was too long. Truncating; original name: TComm.GatewayConnectivityImpl, truncated name: TComm.GatewayConnectivi
10-21 19:48:32.865 I/TComm.AndroidTCommServi( 9483): getService - state is BINDING, waiting;
10-21 19:48:32.883 D/TimeZoneNames( 9483): Using system time to retrieve timezone names - now=1571680112, build_time=1570573461
10-21 19:48:32.906 I/System ( 9483): Loaded time zone names for "de_DE" in 23ms (22ms in ICU)
10-21 19:48:32.909 I/WhisperLink( 9483): AbstractCertificateSource - Cert type :X.509;
10-21 19:48:32.909 I/WhisperLink( 9483): AbstractCertificateSource - Loaded the X509 Cert;
10-21 19:48:32.911 V/Avrcp ( 3244): MediaController playback changed: PlaybackState {state=3, position=2066777, buffered position=0, speed=1.0, updated=3706768, actions=-1, custom actions=[], active item id=-1, error=null}
10-21 19:48:32.912 D/Vizzini:MediaSessionLib.MediaSessionControllerStateMgr( 1385): Playback State Changed org.xbmc.kodi
10-21 19:48:32.912 D/Vizzini:MediaSessionLib.MediaSessionControllerStateMgr( 1385): Playback State Changed org.xbmc.kodi
10-21 19:48:32.912 D/Vizzini:MediaSessionLib.MediaSessionControllerStateMgr( 1385): Playback State Changed org.xbmc.kodi
10-21 19:48:32.912 D/Vizzini:MediaSessionLib.MediaSessionControllerStateMgr( 1385): Playback State Changed org.xbmc.kodi
10-21 19:48:33.028 I/WhisperLink( 9483): TExternalSecureSocketFactory - Secure Server transport created on port :35410;
10-21 19:48:33.032 I/WhisperLink( 9483): PlatformCoreManager - Created secure transport:org.apache.thrift.transport.TServerSocket@3d5cd65f;
10-21 19:48:33.032 I/WhisperLink( 9483): PlatformCoreManager - Loaded Service router for external transport=inet, secure=true;
10-21 19:48:33.033 I/Vlog ( 979): Thermal:Screen_On_Thermal_Throttling_P2P_Off:fgtracking=false;DV;1,key=0;DV;1,Timer=0.005278333333333334;TI;1,unit=hours;DV;1,metadata=org.xbmc.kodi;DV;1:HI
10-21 19:48:33.033 I/WhisperLink( 9483): TExternalSocketFactory - Server Transport created on port :44808;
10-21 19:48:33.033 D/hdmi_u_event( 190): handle hdmi uevents: s=change@/devices/virtual/thermal/thermal_zone3, len=191
10-21 19:48:33.033 D/hdmi_u_event( 190): change_hdmi=0, change_hdmi_res=0
10-21 19:48:33.035 I/WhisperLink( 9483): PlatformCoreManager - Loaded Service router for external transport=inet, secure=false;
10-21 19:48:33.044 I/WhisperLink( 9483): TExternalSocketFactory - Valid inet route retrived on interface wlan0;
10-21 19:48:33.057 I/WhisperLink( 9483): TExternalSocketFactory - Valid inet route retrived on interface wlan0;
10-21 19:48:33.098 I/WhisperLink( 9483): WhisperlinkConfig - Found services: amzn.photos.receiver, for package: com.amazon.bueller.photos;
10-21 19:48:33.103 I/WhisperLink( 9483): WhisperlinkConfig - Found services: amzn.lightning, for package: com.amazon.storm.lightning.services;
10-21 19:48:33.106 I/WhisperLink( 9483): WhisperlinkConfig - Found services: amzn.thin.pl, for package: com.amazon.awvflingreceiver;
10-21 19:48:33.108 I/WhisperLink( 9483): WhisperlinkConfig - Found services: amzn.wp.install, for package: com.amazon.whisperplay.service.install;
10-21 19:48:33.113 I/WhisperLink( 9483): WhisperlinkConfig - Found services: com.amazon.frank.devicecontrol.callback, for package: com.amazon.franktvinput;
10-21 19:48:33.118 I/WhisperLink( 9483): WhisperlinkConfig - Found services: for package: com.netflix.ninja;
10-21 19:48:33.118 I/WhisperLink( 9483): RegistrarService - Adding startable service amzn.photos.receiver from package com.amazon.bueller.photos;
10-21 19:48:33.119 I/WhisperLink( 9483): RegistrarService - Adding startable service amzn.lightning from package com.amazon.storm.lightning.services;
10-21 19:48:33.119 I/WhisperLink( 9483): RegistrarService - Adding startable service amzn.thin.pl from package com.amazon.awvflingreceiver;
10-21 19:48:33.124 I/WhisperLink( 9483): RegistrarService - Adding startable service amzn.wp.install from package com.amazon.whisperplay.service.install;
10-21 19:48:33.124 I/WhisperLink( 9483): RegistrarService - Adding startable service com.amazon.frank.devicecontrol.callback from package com.amazon.franktvinput;
10-21 19:48:33.125 I/WhisperLink( 9483): PlatformManager - Starting; waiting on platform.waitForStart().;
10-21 19:48:33.125 I/WhisperLink( 9483): PlatformManager - Starting platform; counter=1;
10-21 19:48:33.133 I/WhisperLink( 9483): NetworkStateChangeListener - setIsMobileConnectionAllowed false;
10-21 19:48:33.134 I/WhisperLink( 9483): PlatformManager - onNetworkEvent WifiEth = true WifiEthMobile = true BT = false MobilePref = false;
10-21 19:48:33.144 I/WhisperLink( 9483): TTCommTransportFactory@320160e4 - start();
10-21 19:48:33.155 I/WhisperLink( 9483): TExternalSocketFactory - Valid inet route retrived on interface wlan0;
10-21 19:48:33.194 I/WhisperLink( 9483): AbstractCertificateSource - Cert type :X.509;
10-21 19:48:33.194 I/WhisperLink( 9483): AbstractCertificateSource - Loaded the X509 Cert;
10-21 19:48:33.305 I/WhisperLink( 9483): PlatformManager - Started.;
10-21 19:48:33.305 I/WhisperLink( 9483): PlatformCoreManager - Starting system servers...;
10-21 19:48:33.307 I/WhisperLink( 9483): RegistrarService - Registering service amzn.wpen.brok from package com.amazon.whisperlink.core.android;
10-21 19:48:33.308 I/WhisperLink( 9483): RegistrarService - Registering service amzn.wpen.sub from package com.amazon.whisperlink.core.android;
10-21 19:48:33.309 I/WhisperLink( 9483): RegistrarService - Registering service amzn.state from package com.amazon.whisperlink.core.android;
10-21 19:48:33.309 I/WhisperLink( 9483): RegistrarService - Registering service amzn.act.sub from package com.amazon.whisperlink.core.android;
10-21 19:48:33.311 I/WhisperLink( 9483): RegistrarService - Registering service amzn.act.reg from package com.amazon.whisperlink.core.android;
10-21 19:48:33.315 I/WhisperLink( 9483): WPServer - CONNECTION_POLICY_ONE_PER_REMOTE_DEVICE curr services=[] new services=[amzn.aiv.messaging];
10-21 19:48:33.325 I/WhisperLink( 9483): WhisperLinkUtil - Adding processor to WPServer :com.amazon.whisperlink.core.activity.ActivityRegistrarService$RegistrarCallbackService@13f76374: is data provider :false;
10-21 19:48:33.327 I/WhisperLink( 9483): RegistrarService - Registering service wlink_cb_0_com.amazon.whisperlink.core.android from package com.amazon.whisperlink.core.android;
10-21 19:48:33.330 I/WhisperLink( 9483): WPServer - CONNECTION_POLICY_ONE_PER_REMOTE_DEVICE curr services=[] new services=[amzn.aiv.messaging];
10-21 19:48:33.332 I/WhisperLink( 9483): DeviceCallbackRegistry - Adding callback, type=com.amazon.whisperlink.service.RegistrarCb, callback=[devicecb: device=[device: local=true, uuid=8543C859AF0C21C358A39BFA83A1E89B], cb=Description(sid:wlink_cb_0_com.amazon.whisperlink.core.android, friendlyName:null, accessLevel:0, security:0, flags:0, version:0), channel=binder, connInfo=null];
10-21 19:48:33.333 I/WhisperLink( 9483): RegistrarService - Registering service amzn.auth.in from package com.amazon.whisperlink.core.android;
10-21 19:48:33.334 I/WhisperLink( 9483): RegistrarService - Registering service amzn.auth.ex from package com.amazon.whisperlink.core.android;
10-21 19:48:33.334 I/WhisperLink( 9483): WPServer - CONNECTION_POLICY_ONE_PER_REMOTE_DEVICE curr services=[] new services=[amzn.aiv.messaging];
10-21 19:48:33.336 I/WhisperLink( 9483): RegistrarService - Registering service amzn.endpoint from package com.amazon.whisperlink.core.android;
10-21 19:48:33.337 I/WhisperLink( 9483): RegistrarService - Registering service amzn.dmgr from package com.amazon.whisperlink.core.android;
10-21 19:48:33.338 I/WhisperLink( 9483): RegistrarService - Registering service amzn.reg from package com.amazon.whisperlink.core.android;
10-21 19:48:33.338 I/WhisperLink( 9483): WPServer - CONNECTION_POLICY_ONE_PER_REMOTE_DEVICE curr services=[] new services=[amzn.aiv.messaging];
10-21 19:48:33.353 I/WhisperLink( 9483): JmdnsManager - Starting JMDNS;
10-21 19:48:33.353 I/WhisperLink( 9483): JmdnsManager - Fresh start, creating JmdnsServiceListener;
10-21 19:48:33.355 I/WifiManager( 9483): RSSI_THRESHOLDS[0]=-86
10-21 19:48:33.355 I/WifiManager( 9483): RSSI_THRESHOLDS[1]=-79
10-21 19:48:33.355 I/WifiManager( 9483): RSSI_THRESHOLDS[2]=-68
10-21 19:48:33.355 I/WifiManager( 9483): RSSI_THRESHOLDS[3]=-62
10-21 19:48:33.367 I/WhisperLink( 9483): PlatformCoreManager - Started.;
10-21 19:48:33.368 I/WhisperLink( 9483): CloudExplorer - start(): Starting...;
10-21 19:48:33.368 I/WhisperLink( 9483): WhisperLinkCoreService - WP Core service created;
10-21 19:48:33.369 I/WhisperLink( 9483): WhisperLinkCoreService - onStartCommand() start from sticky.;
10-21 19:48:33.370 I/WhisperLink( 9483): PlatformCoreManager - Started router on channel :cloud, isSecure :false. Attempting to serve;
10-21 19:48:33.370 I/WhisperLink( 9483): TThreadPoolServiceRouter: CLOUD: - Starting to listen on :cloud: isSecure :false;
10-21 19:48:33.371 I/WhisperLink( 9483): PlatformCoreManager - Started router on channel :cloud, isSecure :true. Attempting to serve;
10-21 19:48:33.371 I/WhisperLink( 9483): PlatformCoreManager - Started router on channel :inet, isSecure :true. Attempting to serve;
10-21 19:48:33.371 I/WhisperLink( 9483): TThreadPoolServiceRouter: CLOUD: - Starting to listen on :cloud: isSecure :true;
10-21 19:48:33.371 I/WhisperLink( 9483): TThreadPoolServiceRouter: INET: - Starting to listen on :inet: isSecure :true;
