10-21 18:49:04.910 W/BroadcastQueue( 979): Permission Denial: receiving Intent { act=android.bluetooth.device.action.FOUND flg=0x10 (has extras) } to ProcessRecord{3df8cfd0 5299:com.amazon.venezia/u0a22089} (pid=5299, uid=32089) requires android.permission.BLUETOOTH due to sender com.android.bluetooth (uid 1002)
10-21 18:49:04.911 W/BroadcastQueue( 979): Permission Denial: receiving Intent { act=android.bluetooth.device.action.FOUND flg=0x10 (has extras) } to ProcessRecord{16dbefc5 6217:com.amazon.aca/u0a22098} (pid=6217, uid=32098) requires android.permission.BLUETOOTH due to sender com.android.bluetooth (uid 1002)
10-21 18:49:04.920 W/SchedPolicy( 979): Failed to set io priority for tid 6243 (No such process)
10-21 18:49:05.005 E/WifiP2pService( 979): applyAutoGOHiddenSSIDState: remote_discovery_on=false wps_pbc_on=false wfd_on=false hiddenSSID=true
10-21 18:49:05.071 I/LoggerMetricsFactoryImpl( 3290): WifiReceiverService:wifi_discovery:discovering=false;DV;1:NR
10-21 18:49:05.117 W/SchedPolicy( 979): Failed to set io priority for tid 6554 (No such process)
10-21 18:49:06.602 W/ActivityManager( 979): getRunningAppProcesses: caller 10015 does not hold REAL_GET_TASKS; limiting output
10-21 18:49:07.036 I/ActivityManager( 979): Waited long enough for: ServiceRecord{3b909898 u0 com.amazon.device.controllermanager/.bluetooth.BluetoothDiscoveryService}
10-21 18:49:07.059 I/ActivityManager( 979): Waited long enough for: ServiceRecord{89f78f1 u0 com.amazon.device.controllermanager/.wifi.WifiDiscoveryService}
10-21 18:49:09.644 I/ActivityManager( 979): Killing 5952:com.amazon.tv.livetv/u0a22082 (adj 12): empty #17
10-21 18:49:09.760 D/ActivityManager( 979): cleanUpApplicationRecord -- 5952
10-21 18:49:10.038 E/WifiP2pService( 979): applyAutoGOHiddenSSIDState: remote_discovery_on=true wps_pbc_on=false wfd_on=false hiddenSSID=false
10-21 18:49:10.098 I/LoggerMetricsFactoryImpl( 3290): WifiReceiverService:wifi_discovery:discovering=true;DV;1:NR
10-21 18:49:12.106 W/ActivityManager( 979): getRunningAppProcesses: caller 10015 does not hold REAL_GET_TASKS; limiting output
10-21 18:49:17.841 I/ActivityManager( 979): Killing 4766:com.amazon.storm.lightning.services/u0a22073 (adj 12): empty #17
10-21 18:49:17.954 D/ActivityManager( 979): cleanUpApplicationRecord -- 4766
10-21 18:49:18.112 W/ActivityManager( 979): getRunningAppProcesses: caller 10015 does not hold REAL_GET_TASKS; limiting output
10-21 18:49:22.874 E/WifiP2pService( 979): applyAutoGOHiddenSSIDState: remote_discovery_on=false wps_pbc_on=false wfd_on=false hiddenSSID=true
10-21 18:49:22.928 I/LoggerMetricsFactoryImpl( 3290): WifiReceiverService:wifi_discovery:discovering=false;DV;1:NR
10-21 18:49:24.619 W/ActivityManager( 979): getRunningAppProcesses: caller 10015 does not hold REAL_GET_TASKS; limiting output
10-21 18:49:27.904 E/WifiP2pService( 979): applyAutoGOHiddenSSIDState: remote_discovery_on=true wps_pbc_on=false wfd_on=false hiddenSSID=false
10-21 18:49:27.963 I/LoggerMetricsFactoryImpl( 3290): WifiReceiverService:wifi_discovery:discovering=true;DV;1:NR
10-21 18:49:31.622 W/ActivityManager( 979): getRunningAppProcesses: caller 10015 does not hold REAL_GET_TASKS; limiting output
10-21 18:49:32.967 I/ActivityManager( 979): Killing 6009:com.android.providers.tv/u0a22037 (adj 12): empty #17
10-21 18:49:33.081 D/ActivityManager( 979): cleanUpApplicationRecord -- 6009
10-21 18:49:39.130 W/ActivityManager( 979): getRunningAppProcesses: caller 10015 does not hold REAL_GET_TASKS; limiting output
10-21 18:49:40.734 E/WifiP2pService( 979): applyAutoGOHiddenSSIDState: remote_discovery_on=false wps_pbc_on=false wfd_on=false hiddenSSID=true
10-21 18:49:40.786 I/LoggerMetricsFactoryImpl( 3290): WifiReceiverService:wifi_discovery:discovering=false;DV;1:NR
10-21 18:49:45.766 E/WifiP2pService( 979): applyAutoGOHiddenSSIDState: remote_discovery_on=true wps_pbc_on=false wfd_on=false hiddenSSID=false
10-21 18:49:45.823 I/LoggerMetricsFactoryImpl( 3290): WifiReceiverService:wifi_discovery:discovering=true;DV;1:NR
10-21 18:49:47.139 W/ActivityManager( 979): getRunningAppProcesses: caller 10015 does not hold REAL_GET_TASKS; limiting output
10-21 18:49:47.925 I/LoggerMetricsFactoryImpl( 3244): BluetoothAdapterProperties:bt-discovery-time:duration=55792.0;TI;1:NR
10-21 18:49:47.939 I/Vlog ( 3244): BluetoothAdapterProperties:bt:fgtracking=false;DV;1,key=bt-discovery-time;DV;1,Timer=55792.0;TI;1,unit=milliseconds;DV;1:HI
10-21 18:49:47.940 W/BroadcastQueue( 979): Permission Denial: receiving Intent { act=android.bluetooth.adapter.action.DISCOVERY_FINISHED flg=0x10 } to ProcessRecord{3df8cfd0 5299:com.amazon.venezia/u0a22089} (pid=5299, uid=32089) requires android.permission.BLUETOOTH due to sender com.android.bluetooth (uid 1002)
10-21 18:49:47.940 W/BroadcastQueue( 979): Permission Denial: receiving Intent { act=android.bluetooth.adapter.action.DISCOVERY_FINISHED flg=0x10 } to ProcessRecord{16dbefc5 6217:com.amazon.aca/u0a22098} (pid=6217, uid=32098) requires android.permission.BLUETOOTH due to sender com.android.bluetooth (uid 1002)
10-21 18:49:52.528 I/Vlog ( 135): logd:performance:fgtracking=false;DV;1,key=TotalMessages;DV;1,Counter=3496;CT;1,unit=count;DV;1:HI
10-21 18:49:52.528 I/Vlog ( 135): logd:performance:fgtracking=false;DV;1,key=DroppedMessages;DV;1,Counter=0;CT;1,unit=count;DV;1:HI
10-21 18:49:52.528 I/Vlog ( 135): logd:performance:fgtracking=false;DV;1,key=Throughput;DV;1,Counter=37.95;CT;1,unit=kbps;DV;1:HI
10-21 18:49:52.951 W/BroadcastQueue( 979): Permission Denial: receiving Intent { act=android.bluetooth.adapter.action.DISCOVERY_STARTED flg=0x10 } to ProcessRecord{3df8cfd0 5299:com.amazon.venezia/u0a22089} (pid=5299, uid=32089) requires android.permission.BLUETOOTH due to sender com.android.bluetooth (uid 1002)
10-21 18:49:52.951 W/BroadcastQueue( 979): Permission Denial: receiving Intent { act=android.bluetooth.adapter.action.DISCOVERY_STARTED flg=0x10 } to ProcessRecord{16dbefc5 6217:com.amazon.aca/u0a22098} (pid=6217, uid=32098) requires android.permission.BLUETOOTH due to sender com.android.bluetooth (uid 1002)
10-21 18:49:53.357 W/BroadcastQueue( 979): Permission Denial: receiving Intent { act=android.bluetooth.device.action.CLASS_CHANGED flg=0x4000010 (has extras) } to ProcessRecord{3df8cfd0 5299:com.amazon.venezia/u0a22089} (pid=5299, uid=32089) requires android.permission.BLUETOOTH due to sender com.android.bluetooth (uid 1002)
10-21 18:49:53.357 W/BroadcastQueue( 979): Permission Denial: receiving Intent { act=android.bluetooth.device.action.CLASS_CHANGED flg=0x4000010 (has extras) } to ProcessRecord{16dbefc5 6217:com.amazon.aca/u0a22098} (pid=6217, uid=32098) requires android.permission.BLUETOOTH due to sender com.android.bluetooth (uid 1002)
10-21 18:49:53.359 W/BroadcastQueue( 979): Permission Denial: receiving Intent { act=android.bluetooth.device.action.FOUND flg=0x10 (has extras) } to ProcessRecord{3df8cfd0 5299:com.amazon.venezia/u0a22089} (pid=5299, uid=32089) requires android.permission.BLUETOOTH due to sender com.android.bluetooth (uid 1002)
10-21 18:49:53.359 W/BroadcastQueue( 979): Permission Denial: receiving Intent { act=android.bluetooth.device.action.FOUND flg=0x10 (has extras) } to ProcessRecord{16dbefc5 6217:com.amazon.aca/u0a22098} (pid=6217, uid=32098) requires android.permission.BLUETOOTH due to sender com.android.bluetooth (uid 1002)
10-21 18:49:53.473 W/SchedPolicy( 979): Failed to set io priority for tid 6579 (No such process)
10-21 18:49:53.629 W/BroadcastQueue( 979): Permission Denial: receiving Intent { act=android.bluetooth.device.action.CLASS_CHANGED flg=0x4000010 (has extras) } to ProcessRecord{3df8cfd0 5299:com.amazon.venezia/u0a22089} (pid=5299, uid=32089) requires android.permission.BLUETOOTH due to sender com.android.bluetooth (uid 1002)
10-21 18:49:53.629 W/BroadcastQueue( 979): Permission Denial: receiving Intent { act=android.bluetooth.device.action.CLASS_CHANGED flg=0x4000010 (has extras) } to ProcessRecord{16dbefc5 6217:com.amazon.aca/u0a22098} (pid=6217, uid=32098) requires android.permission.BLUETOOTH due to sender com.android.bluetooth (uid 1002)
10-21 18:49:53.630 W/BroadcastQueue( 979): Permission Denial: receiving Intent { act=android.bluetooth.device.action.FOUND flg=0x10 (has extras) } to ProcessRecord{3df8cfd0 5299:com.amazon.venezia/u0a22089} (pid=5299, uid=32089) requires android.permission.BLUETOOTH due to sender com.android.bluetooth (uid 1002)
10-21 18:49:53.630 W/BroadcastQueue( 979): Permission Denial: receiving Intent { act=android.bluetooth.device.action.FOUND flg=0x10 (has extras) } to ProcessRecord{16dbefc5 6217:com.amazon.aca/u0a22098} (pid=6217, uid=32098) requires android.permission.BLUETOOTH due to sender com.android.bluetooth (uid 1002)
10-21 18:49:53.749 W/SchedPolicy( 979): Failed to set io priority for tid 6580 (No such process)
10-21 18:49:54.449 W/BroadcastQueue( 979): Permission Denial: receiving Intent { act=android.bluetooth.device.action.CLASS_CHANGED flg=0x4000010 (has extras) } to ProcessRecord{3df8cfd0 5299:com.amazon.venezia/u0a22089} (pid=5299, uid=32089) requires android.permission.BLUETOOTH due to sender com.android.bluetooth (uid 1002)
10-21 18:49:54.449 W/BroadcastQueue( 979): Permission Denial: receiving Intent { act=android.bluetooth.device.action.CLASS_CHANGED flg=0x4000010 (has extras) } to ProcessRecord{16dbefc5 6217:com.amazon.aca/u0a22098} (pid=6217, uid=32098) requires android.permission.BLUETOOTH due to sender com.android.bluetooth (uid 1002)
10-21 18:49:54.451 W/BroadcastQueue( 979): Permission Denial: receiving Intent { act=android.bluetooth.device.action.FOUND flg=0x10 (has extras) } to ProcessRecord{3df8cfd0 5299:com.amazon.venezia/u0a22089} (pid=5299, uid=32089) requires android.permission.BLUETOOTH due to sender com.android.bluetooth (uid 1002)
10-21 18:49:54.451 W/BroadcastQueue( 979): Permission Denial: receiving Intent { act=android.bluetooth.device.action.FOUND flg=0x10 (has extras) } to ProcessRecord{16dbefc5 6217:com.amazon.aca/u0a22098} (pid=6217, uid=32098) requires android.permission.BLUETOOTH due to sender com.android.bluetooth (uid 1002)
10-21 18:49:54.549 W/BroadcastQueue( 979): Permission Denial: receiving Intent { act=android.bluetooth.device.action.CLASS_CHANGED flg=0x4000010 (has extras) } to ProcessRecord{3df8cfd0 5299:com.amazon.venezia/u0a22089} (pid=5299, uid=32089) requires android.permission.BLUETOOTH due to sender com.android.bluetooth (uid 1002)
10-21 18:49:54.549 W/BroadcastQueue( 979): Permission Denial: receiving Intent { act=android.bluetooth.device.action.CLASS_CHANGED flg=0x4000010 (has extras) } to ProcessRecord{16dbefc5 6217:com.amazon.aca/u0a22098} (pid=6217, uid=32098) requires android.permission.BLUETOOTH due to sender com.android.bluetooth (uid 1002)
10-21 18:49:54.551 W/BroadcastQueue( 979): Permission Denial: receiving Intent { act=android.bluetooth.device.action.FOUND flg=0x10 (has extras) } to ProcessRecord{3df8cfd0 5299:com.amazon.venezia/u0a22089} (pid=5299, uid=32089) requires android.permission.BLUETOOTH due to sender com.android.bluetooth (uid 1002)
10-21 18:49:54.551 W/BroadcastQueue( 979): Permission Denial: receiving Intent { act=android.bluetooth.device.action.FOUND flg=0x10 (has extras) } to ProcessRecord{16dbefc5 6217:com.amazon.aca/u0a22098} (pid=6217, uid=32098) requires android.permission.BLUETOOTH due to sender com.android.bluetooth (uid 1002)
10-21 18:49:54.724 W/BroadcastQueue( 979): Permission Denial: receiving Intent { act=android.bluetooth.device.action.CLASS_CHANGED flg=0x4000010 (has extras) } to ProcessRecord{3df8cfd0 5299:com.amazon.venezia/u0a22089} (pid=5299, uid=32089) requires android.permission.BLUETOOTH due to sender com.android.bluetooth (uid 1002)
10-21 18:49:54.724 W/BroadcastQueue( 979): Permission Denial: receiving Intent { act=android.bluetooth.device.action.CLASS_CHANGED flg=0x4000010 (has extras) } to ProcessRecord{16dbefc5 6217:com.amazon.aca/u0a22098} (pid=6217, uid=32098) requires android.permission.BLUETOOTH due to sender com.android.bluetooth (uid 1002)
10-21 18:49:54.725 W/BroadcastQueue( 979): Permission Denial: receiving Intent { act=android.bluetooth.device.action.FOUND flg=0x10 (has extras) } to ProcessRecord{3df8cfd0 5299:com.amazon.venezia/u0a22089} (pid=5299, uid=32089) requires android.permission.BLUETOOTH due to sender com.android.bluetooth (uid 1002)
10-21 18:49:54.725 W/BroadcastQueue( 979): Permission Denial: receiving Intent { act=android.bluetooth.device.action.FOUND flg=0x10 (has extras) } to ProcessRecord{16dbefc5 6217:com.amazon.aca/u0a22098} (pid=6217, uid=32098) requires android.permission.BLUETOOTH due to sender com.android.bluetooth (uid 1002)
10-21 18:49:54.993 W/BroadcastQueue( 979): Permission Denial: receiving Intent { act=android.bluetooth.device.action.CLASS_CHANGED flg=0x4000010 (has extras) } to ProcessRecord{3df8cfd0 5299:com.amazon.venezia/u0a22089} (pid=5299, uid=32089) requires android.permission.BLUETOOTH due to sender com.android.bluetooth (uid 1002)
10-21 18:49:54.993 W/BroadcastQueue( 979): Permission Denial: receiving Intent { act=android.bluetooth.device.action.CLASS_CHANGED flg=0x4000010 (has extras) } to ProcessRecord{16dbefc5 6217:com.amazon.aca/u0a22098} (pid=6217, uid=32098) requires android.permission.BLUETOOTH due to sender com.android.bluetooth (uid 1002)
10-21 18:49:54.994 W/BroadcastQueue( 979): Permission Denial: receiving Intent { act=android.bluetooth.device.action.FOUND flg=0x10 (has extras) } to ProcessRecord{3df8cfd0 5299:com.amazon.venezia/u0a22089} (pid=5299, uid=32089) requires android.permission.BLUETOOTH due to sender com.android.bluetooth (uid 1002)
10-21 18:49:54.994 W/BroadcastQueue( 979): Permission Denial: receiving Intent { act=android.bluetooth.device.action.FOUND flg=0x10 (has extras) } to ProcessRecord{16dbefc5 6217:com.amazon.aca/u0a22098} (pid=6217, uid=32098) requires android.permission.BLUETOOTH due to sender com.android.bluetooth (uid 1002)
10-21 18:49:55.088 W/BroadcastQueue( 979): Permission Denial: receiving Intent { act=android.bluetooth.device.action.CLASS_CHANGED flg=0x4000010 (has extras) } to ProcessRecord{3df8cfd0 5299:com.amazon.venezia/u0a22089} (pid=5299, uid=32089) requires android.permission.BLUETOOTH due to sender com.android.bluetooth (uid 1002)
10-21 18:49:55.088 W/BroadcastQueue( 979): Permission Denial: receiving Intent { act=android.bluetooth.device.action.CLASS_CHANGED flg=0x4000010 (has extras) } to ProcessRecord{16dbefc5 6217:com.amazon.aca/u0a22098} (pid=6217, uid=32098) requires android.permission.BLUETOOTH due to sender com.android.bluetooth (uid 1002)
10-21 18:49:55.090 W/BroadcastQueue( 979): Permission Denial: receiving Intent { act=android.bluetooth.device.action.FOUND flg=0x10 (has extras) } to ProcessRecord{3df8cfd0 5299:com.amazon.venezia/u0a22089} (pid=5299, uid=32089) requires android.permission.BLUETOOTH due to sender com.android.bluetooth (uid 1002)
10-21 18:49:55.091 W/BroadcastQueue( 979): Permission Denial: receiving Intent { act=android.bluetooth.device.action.FOUND flg=0x10 (has extras) } to ProcessRecord{16dbefc5 6217:com.amazon.aca/u0a22098} (pid=6217, uid=32098) requires android.permission.BLUETOOTH due to sender com.android.bluetooth (uid 1002)
10-21 18:49:55.116 W/BroadcastQueue( 979): Permission Denial: receiving Intent { act=android.bluetooth.device.action.CLASS_CHANGED flg=0x4000010 (has extras) } to ProcessRecord{3df8cfd0 5299:com.amazon.venezia/u0a22089} (pid=5299, uid=32089) requires android.permission.BLUETOOTH due to sender com.android.bluetooth (uid 1002)
10-21 18:49:55.116 W/BroadcastQueue( 979): Permission Denial: receiving Intent { act=android.bluetooth.device.action.CLASS_CHANGED flg=0x4000010 (has extras) } to ProcessRecord{16dbefc5 6217:com.amazon.aca/u0a22098} (pid=6217, uid=32098) requires android.permission.BLUETOOTH due to sender com.android.bluetooth (uid 1002)
10-21 18:49:55.116 W/BroadcastQueue( 979): Permission Denial: receiving Intent { act=android.bluetooth.device.action.FOUND flg=0x10 (has extras) } to ProcessRecord{3df8cfd0 5299:com.amazon.venezia/u0a22089} (pid=5299, uid=32089) requires android.permission.BLUETOOTH due to sender com.android.bluetooth (uid 1002)
10-21 18:49:55.117 W/BroadcastQueue( 979): Permission Denial: receiving Intent { act=android.bluetooth.device.action.FOUND flg=0x10 (has extras) } to ProcessRecord{16dbefc5 6217:com.amazon.aca/u0a22098} (pid=6217, uid=32098) requires android.permission.BLUETOOTH due to sender com.android.bluetooth (uid 1002)
10-21 18:49:55.643 W/ActivityManager( 979): getRunningAppProcesses: caller 10015 does not hold REAL_GET_TASKS; limiting output
10-21 18:49:58.597 E/WifiP2pService( 979): applyAutoGOHiddenSSIDState: remote_discovery_on=false wps_pbc_on=false wfd_on=false hiddenSSID=true
10-21 18:49:58.653 I/LoggerMetricsFactoryImpl( 3290): WifiReceiverService:wifi_discovery:discovering=false;DV;1:NR
10-21 18:49:58.702 W/SchedPolicy( 979): Failed to set io priority for tid 6584 (No such process)
10-21 18:49:59.475 W/BroadcastQueue( 979): Permission Denial: receiving Intent { act=android.bluetooth.device.action.CLASS_CHANGED flg=0x4000010 (has extras) } to ProcessRecord{3df8cfd0 5299:com.amazon.venezia/u0a22089} (pid=5299, uid=32089) requires android.permission.BLUETOOTH due to sender com.android.bluetooth (uid 1002)
10-21 18:49:59.475 W/BroadcastQueue( 979): Permission Denial: receiving Intent { act=android.bluetooth.device.action.CLASS_CHANGED flg=0x4000010 (has extras) } to ProcessRecord{16dbefc5 6217:com.amazon.aca/u0a22098} (pid=6217, uid=32098) requires android.permission.BLUETOOTH due to sender com.android.bluetooth (uid 1002)
10-21 18:49:59.476 W/BroadcastQueue( 979): Permission Denial: receiving Intent { act=android.bluetooth.device.action.FOUND flg=0x10 (has extras) } to ProcessRecord{3df8cfd0 5299:com.amazon.venezia/u0a22089} (pid=5299, uid=32089) requires android.permission.BLUETOOTH due to sender com.android.bluetooth (uid 1002)
10-21 18:49:59.477 W/BroadcastQueue( 979): Permission Denial: receiving Intent { act=android.bluetooth.device.action.FOUND flg=0x10 (has extras) } to ProcessRecord{16dbefc5 6217:com.amazon.aca/u0a22098} (pid=6217, uid=32098) requires android.permission.BLUETOOTH due to sender com.android.bluetooth (uid 1002)
10-21 18:49:59.608 W/BroadcastQueue( 979): Permission Denial: receiving Intent { act=android.bluetooth.device.action.CLASS_CHANGED flg=0x4000010 (has extras) } to ProcessRecord{3df8cfd0 5299:com.amazon.venezia/u0a22089} (pid=5299, uid=32089) requires android.permission.BLUETOOTH due to sender com.android.bluetooth (uid 1002)
10-21 18:49:59.608 W/BroadcastQueue( 979): Permission Denial: receiving Intent { act=android.bluetooth.device.action.CLASS_CHANGED flg=0x4000010 (has extras) } to ProcessRecord{16dbefc5 6217:com.amazon.aca/u0a22098} (pid=6217, uid=32098) requires android.permission.BLUETOOTH due to sender com.android.bluetooth (uid 1002)
10-21 18:49:59.609 W/BroadcastQueue( 979): Permission Denial: receiving Intent { act=android.bluetooth.device.action.FOUND flg=0x10 (has extras) } to ProcessRecord{3df8cfd0 5299:com.amazon.venezia/u0a22089} (pid=5299, uid=32089) requires android.permission.BLUETOOTH due to sender com.android.bluetooth (uid 1002)
10-21 18:49:59.610 W/BroadcastQueue( 979): Permission Denial: receiving Intent { act=android.bluetooth.device.action.FOUND flg=0x10 (has extras) } to ProcessRecord{16dbefc5 6217:com.amazon.aca/u0a22098} (pid=6217, uid=32098) requires android.permission.BLUETOOTH due to sender com.android.bluetooth (uid 1002)
10-21 18:49:59.842 W/BroadcastQueue( 979): Permission Denial: receiving Intent { act=android.bluetooth.device.action.CLASS_CHANGED flg=0x4000010 (has extras) } to ProcessRecord{3df8cfd0 5299:com.amazon.venezia/u0a22089} (pid=5299, uid=32089) requires android.permission.BLUETOOTH due to sender com.android.bluetooth (uid 1002)
10-21 18:49:59.842 W/BroadcastQueue( 979): Permission Denial: receiving Intent { act=android.bluetooth.device.action.CLASS_CHANGED flg=0x4000010 (has extras) } to ProcessRecord{16dbefc5 6217:com.amazon.aca/u0a22098} (pid=6217, uid=32098) requires android.permission.BLUETOOTH due to sender com.android.bluetooth (uid 1002)
10-21 18:49:59.843 W/BroadcastQueue( 979): Permission Denial: receiving Intent { act=android.bluetooth.device.action.FOUND flg=0x10 (has extras) } to ProcessRecord{3df8cfd0 5299:com.amazon.venezia/u0a22089} (pid=5299, uid=32089) requires android.permission.BLUETOOTH due to sender com.android.bluetooth (uid 1002)
10-21 18:49:59.843 W/BroadcastQueue( 979): Permission Denial: receiving Intent { act=android.bluetooth.device.action.FOUND flg=0x10 (has extras) } to ProcessRecord{16dbefc5 6217:com.amazon.aca/u0a22098} (pid=6217, uid=32098) requires android.permission.BLUETOOTH due to sender com.android.bluetooth (uid 1002)
10-21 18:49:59.897 W/BroadcastQueue( 979): Permission Denial: receiving Intent { act=android.bluetooth.device.action.CLASS_CHANGED flg=0x4000010 (has extras) } to ProcessRecord{3df8cfd0 5299:com.amazon.venezia/u0a22089} (pid=5299, uid=32089) requires android.permission.BLUETOOTH due to sender com.android.bluetooth (uid 1002)
10-21 18:49:59.898 W/BroadcastQueue( 979): Permission Denial: receiving Intent { act=android.bluetooth.device.action.CLASS_CHANGED flg=0x4000010 (has extras) } to ProcessRecord{16dbefc5 6217:com.amazon.aca/u0a22098} (pid=6217, uid=32098) requires android.permission.BLUETOOTH due to sender com.android.bluetooth (uid 1002)
10-21 18:49:59.940 W/BroadcastQueue( 979): Permission Denial: receiving Intent { act=android.bluetooth.device.action.FOUND flg=0x10 (has extras) } to ProcessRecord{3df8cfd0 5299:com.amazon.venezia/u0a22089} (pid=5299, uid=32089) requires android.permission.BLUETOOTH due to sender com.android.bluetooth (uid 1002)
10-21 18:49:59.940 W/BroadcastQueue( 979): Permission Denial: receiving Intent { act=android.bluetooth.device.action.FOUND flg=0x10 (has extras) } to ProcessRecord{16dbefc5 6217:com.amazon.aca/u0a22098} (pid=6217, uid=32098) requires android.permission.BLUETOOTH due to sender com.android.bluetooth (uid 1002)
10-21 18:50:03.625 E/WifiP2pService( 979): applyAutoGOHiddenSSIDState: remote_discovery_on=true wps_pbc_on=false wfd_on=false hiddenSSID=false
10-21 18:50:03.680 I/LoggerMetricsFactoryImpl( 3290): WifiReceiverService:wifi_discovery:discovering=true;DV;1:NR
10-21 18:50:04.491 W/BroadcastQueue( 979): Permission Denial: receiving Intent { act=android.bluetooth.device.action.CLASS_CHANGED flg=0x4000010 (has extras) } to ProcessRecord{3df8cfd0 5299:com.amazon.venezia/u0a22089} (pid=5299, uid=32089) requires android.permission.BLUETOOTH due to sender com.android.bluetooth (uid 1002)
10-21 18:50:04.491 W/BroadcastQueue( 979): Permission Denial: receiving Intent { act=android.bluetooth.device.action.CLASS_CHANGED flg=0x4000010 (has extras) } to ProcessRecord{16dbefc5 6217:com.amazon.aca/u0a22098} (pid=6217, uid=32098) requires android.permission.BLUETOOTH due to sender com.android.bluetooth (uid 1002)
10-21 18:50:04.493 W/BroadcastQueue( 979): Permission Denial: receiving Intent { act=android.bluetooth.device.action.FOUND flg=0x10 (has extras) } to ProcessRecord{3df8cfd0 5299:com.amazon.venezia/u0a22089} (pid=5299, uid=32089) requires android.permission.BLUETOOTH due to sender com.android.bluetooth (uid 1002)
10-21 18:50:04.493 W/BroadcastQueue( 979): Permission Denial: receiving Intent { act=android.bluetooth.device.action.FOUND flg=0x10 (has extras) } to ProcessRecord{16dbefc5 6217:com.amazon.aca/u0a22098} (pid=6217, uid=32098) requires android.permission.BLUETOOTH due to sender com.android.bluetooth (uid 1002)
10-21 18:50:04.546 W/BroadcastQueue( 979): Permission Denial: receiving Intent { act=android.bluetooth.device.action.CLASS_CHANGED flg=0x4000010 (has extras) } to ProcessRecord{3df8cfd0 5299:com.amazon.venezia/u0a22089} (pid=5299, uid=32089) requires android.permission.BLUETOOTH due to sender com.android.bluetooth (uid 1002)
10-21 18:50:04.547 W/BroadcastQueue( 979): Permission Denial: receiving Intent { act=android.bluetooth.device.action.CLASS_CHANGED flg=0x4000010 (has extras) } to ProcessRecord{16dbefc5 6217:com.amazon.aca/u0a22098} (pid=6217, uid=32098) requires android.permission.BLUETOOTH due to sender com.android.bluetooth (uid 1002)
10-21 18:50:04.547 W/BroadcastQueue( 979): Permission Denial: receiving Intent { act=android.bluetooth.device.action.FOUND flg=0x10 (has extras) } to ProcessRecord{3df8cfd0 5299:com.amazon.venezia/u0a22089} (pid=5299, uid=32089) requires android.permission.BLUETOOTH due to sender com.android.bluetooth (uid 1002)
10-21 18:50:04.547 W/BroadcastQueue( 979): Permission Denial: receiving Intent { act=android.bluetooth.device.action.FOUND flg=0x10 (has extras) } to ProcessRecord{16dbefc5 6217:com.amazon.aca/u0a22098} (pid=6217, uid=32098) requires android.permission.BLUETOOTH due to sender com.android.bluetooth (uid 1002)
10-21 18:50:04.652 W/ActivityManager( 979): getRunningAppProcesses: caller 10015 does not hold REAL_GET_TASKS; limiting output
10-21 18:50:04.764 W/BroadcastQueue( 979): Permission Denial: receiving Intent { act=android.bluetooth.device.action.CLASS_CHANGED flg=0x4000010 (has extras) } to ProcessRecord{3df8cfd0 5299:com.amazon.venezia/u0a22089} (pid=5299, uid=32089) requires android.permission.BLUETOOTH due to sender com.android.bluetooth (uid 1002)
10-21 18:50:04.764 W/BroadcastQueue( 979): Permission Denial: receiving Intent { act=android.bluetooth.device.action.CLASS_CHANGED flg=0x4000010 (has extras) } to ProcessRecord{16dbefc5 6217:com.amazon.aca/u0a22098} (pid=6217, uid=32098) requires android.permission.BLUETOOTH due to sender com.android.bluetooth (uid 1002)
10-21 18:50:04.765 W/BroadcastQueue( 979): Permission Denial: receiving Intent { act=android.bluetooth.device.action.FOUND flg=0x10 (has extras) } to ProcessRecord{3df8cfd0 5299:com.amazon.venezia/u0a22089} (pid=5299, uid=32089) requires android.permission.BLUETOOTH due to sender com.android.bluetooth (uid 1002)
10-21 18:50:04.765 W/BroadcastQueue( 979): Permission Denial: receiving Intent { act=android.bluetooth.device.action.FOUND flg=0x10 (has extras) } to ProcessRecord{16dbefc5 6217:com.amazon.aca/u0a22098} (pid=6217, uid=32098) requires android.permission.BLUETOOTH due to sender com.android.bluetooth (uid 1002)
10-21 18:50:04.875 W/BroadcastQueue( 979): Permission Denial: receiving Intent { act=android.bluetooth.device.action.CLASS_CHANGED flg=0x4000010 (has extras) } to ProcessRecord{3df8cfd0 5299:com.amazon.venezia/u0a22089} (pid=5299, uid=32089) requires android.permission.BLUETOOTH due to sender com.android.bluetooth (uid 1002)
10-21 18:50:04.875 W/BroadcastQueue( 979): Permission Denial: receiving Intent { act=android.bluetooth.device.action.CLASS_CHANGED flg=0x4000010 (has extras) } to ProcessRecord{16dbefc5 6217:com.amazon.aca/u0a22098} (pid=6217, uid=32098) requires android.permission.BLUETOOTH due to sender com.android.bluetooth (uid 1002)
10-21 18:50:04.877 W/BroadcastQueue( 979): Permission Denial: receiving Intent { act=android.bluetooth.device.action.FOUND flg=0x10 (has extras) } to ProcessRecord{3df8cfd0 5299:com.amazon.venezia/u0a22089} (pid=5299, uid=32089) requires android.permission.BLUETOOTH due to sender com.android.bluetooth (uid 1002)
10-21 18:50:04.878 W/BroadcastQueue( 979): Permission Denial: receiving Intent { act=android.bluetooth.device.action.FOUND flg=0x10 (has extras) } to ProcessRecord{16dbefc5 6217:com.amazon.aca/u0a22098} (pid=6217, uid=32098) requires android.permission.BLUETOOTH due to sender com.android.bluetooth (uid 1002)
10-21 18:50:05.035 W/BroadcastQueue( 979): Permission Denial: receiving Intent { act=android.bluetooth.device.action.CLASS_CHANGED flg=0x4000010 (has extras) } to ProcessRecord{3df8cfd0 5299:com.amazon.venezia/u0a22089} (pid=5299, uid=32089) requires android.permission.BLUETOOTH due to sender com.android.bluetooth (uid 1002)
10-21 18:50:05.035 W/BroadcastQueue( 979): Permission Denial: receiving Intent { act=android.bluetooth.device.action.CLASS_CHANGED flg=0x4000010 (has extras) } to ProcessRecord{16dbefc5 6217:com.amazon.aca/u0a22098} (pid=6217, uid=32098) requires android.permission.BLUETOOTH due to sender com.android.bluetooth (uid 1002)
10-21 18:50:05.036 W/BroadcastQueue( 979): Permission Denial: receiving Intent { act=android.bluetooth.device.action.FOUND flg=0x10 (has extras) } to ProcessRecord{3df8cfd0 5299:com.amazon.venezia/u0a22089} (pid=5299, uid=32089) requires android.permission.BLUETOOTH due to sender com.android.bluetooth (uid 1002)
10-21 18:50:05.036 W/BroadcastQueue( 979): Permission Denial: receiving Intent { act=android.bluetooth.device.action.FOUND flg=0x10 (has extras) } to ProcessRecord{16dbefc5 6217:com.amazon.aca/u0a22098} (pid=6217, uid=32098) requires android.permission.BLUETOOTH due to sender com.android.bluetooth (uid 1002)
10-21 18:50:11.402 I/wpa_supplicant( 1270): wifi:wpa_supplicant:freq_2437=1;CT;1:NR
10-21 18:50:11.402 I/wpa_supplicant( 1270): wifi:wpa_supplicant:rssi_4_bar=1;CT;1,rssi=38;CT;1:NR
10-21 18:50:14.163 W/ActivityManager( 979): getRunningAppProcesses: caller 10015 does not hold REAL_GET_TASKS; limiting output
10-21 18:50:16.461 E/WifiP2pService( 979): applyAutoGOHiddenSSIDState: remote_discovery_on=false wps_pbc_on=false wfd_on=false hiddenSSID=true
10-21 18:50:16.520 I/LoggerMetricsFactoryImpl( 3290): WifiReceiverService:wifi_discovery:discovering=false;DV;1:NR
10-21 18:50:21.486 E/WifiP2pService( 979): applyAutoGOHiddenSSIDState: remote_discovery_on=true wps_pbc_on=false wfd_on=false hiddenSSID=false
10-21 18:50:21.538 I/LoggerMetricsFactoryImpl( 3290): WifiReceiverService:wifi_discovery:discovering=true;DV;1:NR
10-21 18:50:24.174 W/ActivityManager( 979): getRunningAppProcesses: caller 10015 does not hold REAL_GET_TASKS; limiting output
10-21 18:50:34.185 W/ActivityManager( 979): getRunningAppProcesses: caller 10015 does not hold REAL_GET_TASKS; limiting output
10-21 18:50:34.314 E/WifiP2pService( 979): applyAutoGOHiddenSSIDState: remote_discovery_on=false wps_pbc_on=false wfd_on=false hiddenSSID=true
10-21 18:50:34.369 I/LoggerMetricsFactoryImpl( 3290): WifiReceiverService:wifi_discovery:discovering=false;DV;1:NR
10-21 18:50:34.419 W/SchedPolicy( 979): Failed to set io priority for tid 6594 (No such process)
10-21 18:50:39.345 E/WifiP2pService( 979): applyAutoGOHiddenSSIDState: remote_discovery_on=true wps_pbc_on=false wfd_on=false hiddenSSID=false
10-21 18:50:39.403 I/LoggerMetricsFactoryImpl( 3290): WifiReceiverService:wifi_discovery:discovering=true;DV;1:NR
10-21 18:50:44.197 W/ActivityManager( 979): getRunningAppProcesses: caller 10015 does not hold REAL_GET_TASKS; limiting output
10-21 18:50:52.181 E/WifiP2pService( 979): applyAutoGOHiddenSSIDState: remote_discovery_on=false wps_pbc_on=false wfd_on=false hiddenSSID=true
10-21 18:50:52.237 I/LoggerMetricsFactoryImpl( 3290): WifiReceiverService:wifi_discovery:discovering=false;DV;1:NR
10-21 18:50:52.528 I/Vlog ( 135): logd:performance:fgtracking=false;DV;1,key=TotalMessages;DV;1,Counter=1672;CT;1,unit=count;DV;1:HI
10-21 18:50:52.528 I/Vlog ( 135): logd:performance:fgtracking=false;DV;1,key=DroppedMessages;DV;1,Counter=0;CT;1,unit=count;DV;1:HI
10-21 18:50:52.528 I/Vlog ( 135): logd:performance:fgtracking=false;DV;1,key=Throughput;DV;1,Counter=15.47;CT;1,unit=kbps;DV;1:HI
10-21 18:50:54.204 W/ActivityManager( 979): getRunningAppProcesses: caller 10015 does not hold REAL_GET_TASKS; limiting output
10-21 18:50:57.214 E/WifiP2pService( 979): applyAutoGOHiddenSSIDState: remote_discovery_on=true wps_pbc_on=false wfd_on=false hiddenSSID=false
10-21 18:50:57.274 I/LoggerMetricsFactoryImpl( 3290): WifiReceiverService:wifi_discovery:discovering=true;DV;1:NR
10-21 18:50:57.319 W/SchedPolicy( 979): Failed to set io priority for tid 6620 (No such process)
10-21 18:50:58.007 W/BroadcastQueue( 979): Permission Denial: receiving Intent { act=android.bluetooth.device.action.ACL_CONNECTED flg=0x4000010 (has extras) } to ProcessRecord{3df8cfd0 5299:com.amazon.venezia/u0a22089} (pid=5299, uid=32089) requires android.permission.BLUETOOTH due to sender com.android.bluetooth (uid 1002)
10-21 18:50:58.007 W/BroadcastQueue( 979): Permission Denial: receiving Intent { act=android.bluetooth.device.action.ACL_CONNECTED flg=0x4000010 (has extras) } to ProcessRecord{16dbefc5 6217:com.amazon.aca/u0a22098} (pid=6217, uid=32098) requires android.permission.BLUETOOTH due to sender com.android.bluetooth (uid 1002)
10-21 18:50:58.108 I/LoggerMetricsFactoryImpl( 3290): BluetoothReceiverService:bluetooth_device:device_name=Amazon Fire TV Remote;DV;1,connected=true;DV;1:NR
10-21 18:50:58.531 I/ActivityManager( 979): Start proc 6623:com.amazon.device.bluetoothkeymaplib/u0a22096 for broadcast com.amazon.device.bluetoothkeymaplib/.service.EventReceiver
10-21 18:50:58.546 W/ContextImpl( 979): Calling a method in the system process without a qualified user: android.app.ContextImpl.sendBroadcast:1434 com.android.server.input.InputManagerService.deliverInputDevicesChanged:742 com.android.server.input.InputManagerService.access$400:115 com.android.server.input.InputManagerService$InputManagerHandler.handleMessage:1734 android.os.Handler.dispatchMessage:102
10-21 18:50:58.611 I/LoggerMetricsFactoryImpl( 3244): BluetoothAdapterProperties:bt-connect-success:hid=1.0;CT;1:NR
10-21 18:50:58.714 I/LoggerMetricsFactoryImpl( 3244): BluetoothAdapterProperties:bt-connect-success:hfpag=1.0;CT;1:NR
10-21 18:50:59.191 I/ActivityManager( 979): Killing 5617:com.amazon.tv.csapp/u0a22078 (adj 12): empty #17
10-21 18:50:59.306 I/AudioALSAStreamOut( 180): audio:audio_open:format=1;CT;1,channel_mask=3;CT;1,sample_rate=48000;CT;1:NR
10-21 18:50:59.333 D/ActivityManager( 979): cleanUpApplicationRecord -- 5617
10-21 18:50:59.527 W/SchedPolicy( 979): Failed to set io priority for tid 6645 (No such process)
10-21 18:50:59.748 I/ActivityManager( 979): Start proc 6648:com.amazon.ceviche/u0a22102 for content provider com.amazon.ceviche/.TrackEventsContentProvider
10-21 18:50:59.809 I/VSBTRD ( 195): MMSW:VSBTRD:ClientDisconnectedTotalWritten=0;CT;1:NR
10-21 18:50:59.809 I/VSBTRD ( 195): MMSW:VSBTRD:ClientInvalidData=1;CT;1:NR
10-21 18:51:00.848 I/LoggerMetricsFactoryImpl( 3290): dfu:device_firmware:version=143;DV;1:NR
10-21 18:51:00.906 I/ActivityManager( 979): Start proc 6683:com.amazon.tv.devicecontrolsettings/u0a22117 for broadcast com.amazon.tv.devicecontrolsettings/.broadcast_receiver.DFUBroadcastReceiver
10-21 18:51:00.981 W/ResourcesManager( 6683): Asset path '/system/framework/android.amazon.res.jar' does not exist or contains no resources.
10-21 18:51:01.101 I/ActivityManager( 979): Killing 6058:com.amazon.kso.blackbird/u0a22066 (adj 12): empty #17
10-21 18:51:01.164 D/ActivityManager( 979): cleanUpApplicationRecord -- 6058
10-21 18:51:01.429 I/ActivityManager( 979): Killing 5840:com.amazon.tv.notificationcenter/u0a22084 (adj 12): empty #17
10-21 18:51:01.567 D/ActivityManager( 979): cleanUpApplicationRecord -- 5840
10-21 18:51:04.216 W/ActivityManager( 979): getRunningAppProcesses: caller 10015 does not hold REAL_GET_TASKS; limiting output
10-21 18:51:06.492 I/LoggerMetricsFactoryImpl( 3244): BluetoothAdapterProperties:bt-discovery-time:duration=73542.0;TI;1:NR
10-21 18:51:06.492 I/Vlog ( 3244): BluetoothAdapterProperties:bt:fgtracking=false;DV;1,key=bt-discovery-time;DV;1,Timer=73542.0;TI;1,unit=milliseconds;DV;1:HI
10-21 18:51:06.493 W/BroadcastQueue( 979): Permission Denial: receiving Intent { act=android.bluetooth.adapter.action.DISCOVERY_FINISHED flg=0x10 } to ProcessRecord{3df8cfd0 5299:com.amazon.venezia/u0a22089} (pid=5299, uid=32089) requires android.permission.BLUETOOTH due to sender com.android.bluetooth (uid 1002)
10-21 18:51:06.493 W/BroadcastQueue( 979): Permission Denial: receiving Intent { act=android.bluetooth.adapter.action.DISCOVERY_FINISHED flg=0x10 } to ProcessRecord{16dbefc5 6217:com.amazon.aca/u0a22098} (pid=6217, uid=32098) requires android.permission.BLUETOOTH due to sender com.android.bluetooth (uid 1002)
10-21 18:51:10.051 E/WifiP2pService( 979): applyAutoGOHiddenSSIDState: remote_discovery_on=false wps_pbc_on=false wfd_on=false hiddenSSID=true
10-21 18:51:10.113 I/LoggerMetricsFactoryImpl( 3290): WifiReceiverService:wifi_discovery:discovering=false;DV;1:NR
10-21 18:51:11.524 I/ActivityManager( 979): Killing 6217:com.amazon.aca/u0a22098 (adj 12): empty #17
10-21 18:51:11.638 D/ActivityManager( 979): cleanUpApplicationRecord -- 6217
10-21 18:51:14.227 W/ActivityManager( 979): getRunningAppProcesses: caller 10015 does not hold REAL_GET_TASKS; limiting output
10-21 18:51:15.086 E/WifiP2pService( 979): applyAutoGOHiddenSSIDState: remote_discovery_on=true wps_pbc_on=false wfd_on=false hiddenSSID=false
10-21 18:51:15.144 I/LoggerMetricsFactoryImpl( 3290): WifiReceiverService:wifi_discovery:discovering=true;DV;1:NR
10-21 18:51:24.238 W/ActivityManager( 979): getRunningAppProcesses: caller 10015 does not hold REAL_GET_TASKS; limiting output
10-21 18:51:27.923 E/WifiP2pService( 979): applyAutoGOHiddenSSIDState: remote_discovery_on=false wps_pbc_on=false wfd_on=false hiddenSSID=true
10-21 18:51:27.976 I/LoggerMetricsFactoryImpl( 3290): WifiReceiverService:wifi_discovery:discovering=false;DV;1:NR
10-21 18:51:28.017 W/SchedPolicy( 979): Failed to set io priority for tid 6720 (No such process)
10-21 18:51:34.249 W/ActivityManager( 979): getRunningAppProcesses: caller 10015 does not hold REAL_GET_TASKS; limiting output
10-21 18:51:44.257 W/ActivityManager( 979): getRunningAppProcesses: caller 10015 does not hold REAL_GET_TASKS; limiting output
10-21 18:51:52.528 I/Vlog ( 135): logd:performance:fgtracking=false;DV;1,key=TotalMessages;DV;1,Counter=1168;CT;1,unit=count;DV;1:HI
10-21 18:51:52.528 I/Vlog ( 135): logd:performance:fgtracking=false;DV;1,key=DroppedMessages;DV;1,Counter=0;CT;1,unit=count;DV;1:HI
10-21 18:51:52.528 I/Vlog ( 135): logd:performance:fgtracking=false;DV;1,key=Throughput;DV;1,Counter=12.27;CT;1,unit=kbps;DV;1:HI
10-21 18:51:53.595 I/Vitals ( 177): BluetoothAdapterProperties:bt:KDMv3_Data=[['bt-discovery-time'!235933.000000!53299.000000!73542.000000!4.000000!!!{"d"#{"software_version"#"288.6.4.8_user_648594620"}}]];DV;1,KDMv3_Unit=milliseconds;DV;1:HI
10-21 18:51:53.595 I/Vitals ( 177): Device:Storage_AvailableCacheStorage:KDMv3_Data=[[''!1.000000!1.000000!1.000000!1.000000!!{"d"#{"bucket"#"200-300MB"}$"m"#{"available"#"234MB"$"percentage"#"96%"}}!{"d"#{"software_version"#"288.6.4.8_user_648594620"}}]];DV;1,KDMv3_Unit=count;DV;1:HI
10-21 18:51:53.595 I/Vitals ( 177): Device:Storage_AvailableDataStorage:KDMv3_Data=[[''!1.000000!1.000000!1.000000!1.000000!!{"d"#{"bucket"#"1600MB+"}$"m"#{"available"#"3077MB"$"percentage"#"50%"}}!{"d"#{"software_version"#"288.6.4.8_user_648594620"}}]];DV;1,KDMv3_Unit=count;DV;1:HI
10-21 18:51:53.595 I/Vitals ( 177): Kernel:LCR_normal:KDMv3_Data=[['Cold_Boot_By_Power_Supply'!1!1!1!1.000000!!!{"d"#{"software_version"#"288.6.4.8_user_648594620"}}]];DV;1,KDMv3_Unit=count;DV;1:HI
10-21 18:51:53.595 I/Vitals ( 177): LifeCycleReason:LCR:KDMv3_Data=[['Cold_Boot_By_Power_Supply'!1!1!1!1.000000!Cold_Boot_By_Power_Supply!{"d"#{"app_version"#"UNKNOWN"$"source"#"dropbox"}}!{"d"#{"software_version"#"288.6.4.8_user_648594620"}}]];DV;1,KDMv3_Unit=count;DV;1:HI
10-21 18:51:53.595 I/Vitals ( 177): LifeCycleReason:LCR_normal:KDMv3_Data=[['Cold_Boot_By_Power_Supply'!1!1!1!1.000000!Cold_Boot_By_Power_Supply!!{"d"#{"software_version"#"288.6.4.8_user_648594620"}}]];DV;1,KDMv3_Unit=count;DV;1:HI
10-21 18:51:53.595 I/Vitals ( 177): SupplicantStateTracker:wifi:KDMv3_Data=[['wifi-connect-time'!421.000000!421.000000!421.000000!1.000000!!!{"d"#{"software_version"#"288.6.4.8_user_648594620"}}]];DV;1,KDMv3_Unit=milliseconds;DV;1:HI
10-21 18:51:53.595 I/Vitals ( 177): Thermal:Screen_On_Thermal_Throttling_P2P_Off:KDMv3_Data=[['0'!0.028889!0.000833!0.015000!4.000000!com.amazon.tv.settings.v2!!{"d"#{"software_version"#"288.6.4.8_user_648594620"}}]!['1'!0.001391!0.000000!0.000833!6.000000!com.amazon.tv.settings.v2!!{"d"#{"software_version"#"288.6.4.8_user_648594620"}}]!['2'!0.001387!0.000277!0.000278!5.000000!com.amazon.tv.settings.v2!!{"d"#{"software_version"#"288.6.4.8_user_648594620"}}]];DV;1,KDMv3_Unit=hours;DV;1:HI
10-21 18:51:53.595 I/Vitals ( 177): dropbox:SYSTEM_BOOT:KDMv3_Data=[[''!1!1!1!1.000000!UNKNOWN!{"d"#{"app_version"#"UNKNOWN"$"source"#"dropbox"}}!{"d"#{"software_version"#"288.6.4.8_user_648594620"}}]];DV;1,KDMv3_Unit=count;DV;1:HI
10-21 18:51:53.596 I/Vitals ( 177): logd:performance:KDMv3_Data=[['DroppedMessages'!119!0!119!6.000000!!!{"d"#{"software_version"#"288.6.4.8_user_648594620"}}]!['Throughput'!310!0!140!6.000000!!!{"d"#{"software_version"#"288.6.4.8_user_648594620"}}]!['TotalMessages'!45713!1672!16615!6.000000!!!{"d"#{"software_version"#"288.6.4.8_user_648594620"}}]];DV;1,KDMv3_Unit=count;DV;1:HI
10-21 18:51:53.596 I/Vitals ( 177): package_recency:broadcast_notification:KDMv3_Data=[['time_in_queue'!10570.000000!5026.000000!5544.000000!2.000000!!!{"d"#{"software_version"#"288.6.4.8_user_648594620"}}]];DV;1,KDMv3_Unit=ms;DV;1:HI
10-21 18:51:53.596 I/Vitals ( 177): performance:DelayedFirstFrames:KDMv3_Data=[['com.amazon.tv.settings.v2'!3!3!3!1.000000!com.amazon.tv.settings.v2/.tv.device.DeviceActivity!{"d"#{"app_version"#"613035210"}$"m"#{"context"#"S1T0A0D0I0L0E0M99"$"prev"#"com.android.systemui/.usb.UsbDebuggingActivity"}}!{"d"#{"software_version"#"288.6.4.8_user_648594620"}}]];DV;1,KDMv3_Unit=count;DV;1:HI
10-21 18:51:53.596 I/Vitals ( 177): performance:FirstFramesTotal:KDMv3_Data=[['com.amazon.tv.settings.v2'!9!9!9!1.000000!com.amazon.tv.settings.v2/.tv.device.DeviceActivity!{"d"#{"app_version"#"613035210"}$"m"#{"context"#"S1T0A0D0I0L0E0M99"$"prev"#"com.android.systemui/.usb.UsbDebuggingActivity"}}!{"d"#{"software_version"#"288.6.4.8_user_648594620"}}]!['com.android.systemui'!3!3!3!1.000000!com.android.systemui/.usb.UsbDebuggingActivity!{"d"#{"app_version"#"22"}$"m"#{"context"#"S1T0A0D0I0L0E0M99"$"prev"#"com.android.systemui/.usb.UsbDebuggingActivity"}}!{"d"#{"software_version"#"288.6.4.8_user_648594620"}}]];DV;1,KDMv3_Unit=count;DV;1:HI
10-21 18:51:53.596 I/Vitals ( 177): performance:FrameDropTotal:KDMv3_Data=[['com.amazon.tv.settings.v2'!21!21!21!1.000000!com.amazon.tv.settings.v2/.tv.device.DeviceActivity!{"d"#{"app_version"#"613035210"}$"m"#{"context"#"S1T0A0D0I0L0E0M99"$"prev"#"com.android.systemui/.usb.UsbDebuggingActivity"}}!{"d"#{"software_version"#"288.6.4.8_user_648594620"}}]!['com.android.systemui'!1!1!1!1.000000!com.android.systemui/.usb.UsbDebuggingActivity!{"d"#{"app_version"#"22"}$"m"#{"context"#"S1T0A0D0I0L0E0M99"$"prev"#"com.android.systemui/.usb.UsbDebuggingActivity"}}!{"d"#{"software_version"#"288.6.4.8_user_648594620"}}]];DV;1,KDMv3_Unit=count;DV;1:HI
10-21 18:51:53.596 I/Vitals ( 177): performance:FramesTotal:KDMv3_Data=[['com.amazon.tv.settings.v2'!156!156!156!1.000000!com.amazon.tv.settings.v2/.tv.device.DeviceActivity!{"d"#{"app_version"#"613035210"}$"m"#{"context"#"S1T0A0D0I0L0E0M99"$"prev"#"com.android.systemui/.usb.UsbDebuggingActivity"}}!{"d"#{"software_version"#"288.6.4.8_user_648594620"}}]!['com.android.systemui'!34!34!34!1.000000!com.android.systemui/.usb.UsbDebuggingActivity!{"d"#{"app_version"#"22"}$"m"#{"context"#"S1T0A0D0I0L0E0M99"$"prev"#"com.android.systemui/.usb.UsbDebuggingActivity"}}!{"d"#{"software_version"#"288.6.4.8_user_648594620"}}]];DV;1,KDMv3_Unit=count;DV;1:HI
10-21 18:51:53.596 I/Vitals ( 177): performance:SkippedVsyncsBucket1:KDMv3_Data=[['com.amazon.tv.settings.v2'!2!2!2!1.000000!com.amazon.tv.settings.v2/.tv.device.DeviceActivity!{"d"#{"app_version"#"613035210"}$"m"#{"context"#"S1T0A0D0I0L0E0M99"$"prev"#"com.android.systemui/.usb.UsbDebuggingActivity"}}!{"d"#{"software_version"#"288.6.4.8_user_648594620"}}]!['com.android.systemui'!1!1!1!1.000000!com.android.systemui/.usb.UsbDebuggingActivity!{"d"#{"app_version"#"22"}$"m"#{"context"#"S1T0A0D0I0L0E0M99"$"prev"#"com.android.systemui/.usb.UsbDebuggingActivity"}}!{"d"#{"software_version"#"288.6.4.8_user_648594620"}}]];DV;1,KDMv3_Unit=count;DV;1:HI
10-21 18:51:53.596 I/Vitals ( 177): performance:SkippedVsyncsBucket2:KDMv3_Data=[['com.amazon.tv.settings.v2'!1!1!1!1.000000!com.amazon.tv.settings.v2/.tv.device.DeviceActivity!{"d"#{"app_version"#"613035210"}$"m"#{"context"#"S1T0A0D0I0L0E0M99"$"prev"#"com.android.systemui/.usb.UsbDebuggingActivity"}}!{"d"#{"software_version"#"288.6.4.8_user_648594620"}}]];DV;1,KDMv3_Unit=count;DV;1:HI
10-21 18:51:53.596 I/Vitals ( 177): performance:SkippedVsyncsBucket3:KDMv3_Data=[['com.amazon.tv.settings.v2'!3!3!3!1.000000!com.amazon.tv.settings.v2/.tv.device.DeviceActivity!{"d"#{"app_version"#"613035210"}$"m"#{"context"#"S1T0A0D0I0L0E0M99"$"prev"#"com.android.systemui/.usb.UsbDebuggingActivity"}}!{"d"#{"software_version"#"288.6.4.8_user_648594620"}}]];DV;1,KDMv3_Unit=count;DV;1:HI
10-21 18:51:53.596 I/Vitals ( 177): performance:SkippedVsyncsBucket5:KDMv3_Data=[['com.amazon.tv.settings.v2'!1!1!1!1.000000!com.amazon.tv.settings.v2/.tv.device.DeviceActivity!{"d"#{"app_version"#"613035210"}$"m"#{"context"#"S1T0A0D0I0L0E0M99"$"prev"#"com.android.systemui/.usb.UsbDebuggingActivity"}}!{"d"#{"software_version"#"288.6.4.8_user_648594620"}}]];DV;1,KDMv3_Unit=count;DV;1:HI
10-21 18:51:53.596 I/Vitals ( 177): performance:cool_activity_launch_time:KDMv3_Data=[['com.amazon.tv.launcher'!3569.000000!3569.000000!3569.000000!1.000000!com.amazon.tv.launcher/.ui.HomeActivity_vNext!{"d"#{"app_version"#"618081110"}$"m"#{"context"#"S1T0A0D0I0L1E0M99"$"prev"#"null"}}!{"d"#{"software_version"#"288.6.4.8_user_648594620"}}]];DV;1,KDMv3_Unit=ms;DV;1:HI
10-21 18:51:53.596 I/Vitals ( 177): performance:cool_app_launch_time:KDMv3_Data=[['com.amazon.tv.launcher'!3696.000000!3696.000000!3696.000000!1.000000!com.amazon.tv.launcher/.ui.HomeActivity_vNext!{"d"#{"app_version"#"618081110"}$"m"#{"context"#"S1T0A0D0I0L1E0M99"$"prev"#"null"}}!{"d"#{"software_version"#"288.6.4.8_user_648594620"}}]];DV;1,KDMv3_Unit=ms;DV;1:HI
10-21 18:51:53.596 I/Vitals ( 177): performance:user_app_launch_cool:KDMv3_Data=[['com.amazon.tv.launcher'!1!1!1!1.000000!com.amazon.tv.launcher/.ui.HomeActivity_vNext!!{"d"#{"software_version"#"288.6.4.8_user_648594620"}}]];DV;1,KDMv3_Unit=count;DV;1:HI
10-21 18:51:54.268 W/ActivityManager( 979): getRunningAppProcesses: caller 10015 does not hold REAL_GET_TASKS; limiting output
10-21 18:52:04.279 W/ActivityManager( 979): getRunningAppProcesses: caller 10015 does not hold REAL_GET_TASKS; limiting output
10-21 18:52:12.007 I/SysfsTemperatureObserverBase( 979): MetricsTimerUpdateTask wifiRemotePairedState=bluetooth
10-21 18:52:12.008 I/SysfsTemperatureObserverBase( 979): MetricsTimerUpdateTask tmon_mtktsabb_screen_on_bluetooth=66700
10-21 18:52:12.009 I/SysfsTemperatureObserverBase( 979): MetricsTimerUpdateTask tmon_mtkts_bts0_screen_on_bluetooth=54000
10-21 18:52:12.009 I/SysfsTemperatureObserverBase( 979): MetricsTimerUpdateTask tmon_mtkts_bts1_screen_on_bluetooth=53000
10-21 18:52:12.009 I/SysfsTemperatureObserverBase( 979): MetricsTimerUpdateTask tmon_mtktscpu_screen_on_bluetooth=65700
10-21 18:52:12.010 I/SysfsTemperatureObserverBase( 979): MetricsTimerUpdateTask tmon_virtual_sensor_screen_on_bluetooth=23514
10-21 18:52:12.010 I/LoggerMetricsFactoryImpl( 979): ThermalEvent:tmon:tmon_mtktsabb_screen_on_bluetooth=66700.0;CT;1,tmon_virtual_sensor_screen_on_bluetooth=23514.0;CT;1,tmon_mtkts_bts1_screen_on_bluetooth=53000.0;CT;1,tmon_mtkts_bts0_screen_on_bluetooth=54000.0;CT;1,tmon_mtktscpu_screen_on_bluetooth=65700.0;CT;1:NR
10-21 18:52:14.290 W/ActivityManager( 979): getRunningAppProcesses: caller 10015 does not hold REAL_GET_TASKS; limiting output
10-21 18:52:24.295 W/ActivityManager( 979): getRunningAppProcesses: caller 10015 does not hold REAL_GET_TASKS; limiting output
10-21 18:52:34.306 W/ActivityManager( 979): getRunningAppProcesses: caller 10015 does not hold REAL_GET_TASKS; limiting output
10-21 18:52:44.317 W/ActivityManager( 979): getRunningAppProcesses: caller 10015 does not hold REAL_GET_TASKS; limiting output
10-21 18:52:52.529 I/Vlog ( 135): logd:performance:fgtracking=false;DV;1,key=TotalMessages;DV;1,Counter=166;CT;1,unit=count;DV;1:HI
10-21 18:52:52.529 I/Vlog ( 135): logd:performance:fgtracking=false;DV;1,key=DroppedMessages;DV;1,Counter=0;CT;1,unit=count;DV;1:HI
10-21 18:52:52.529 I/Vlog ( 135): logd:performance:fgtracking=false;DV;1,key=Throughput;DV;1,Counter=2.79;CT;1,unit=kbps;DV;1:HI
10-21 18:52:54.328 W/ActivityManager( 979): getRunningAppProcesses: caller 10015 does not hold REAL_GET_TASKS; limiting output
10-21 18:53:04.332 W/ActivityManager( 979): getRunningAppProcesses: caller 10015 does not hold REAL_GET_TASKS; limiting output
10-21 18:53:14.343 W/ActivityManager( 979): getRunningAppProcesses: caller 10015 does not hold REAL_GET_TASKS; limiting output
10-21 18:53:21.394 I/ActivityManager( 979): Killing 4927:com.amazon.tv.settings.v2/u0a22121 (adj 12): empty #17
10-21 18:53:21.507 D/ActivityManager( 979): cleanUpApplicationRecord -- 4927
10-21 18:53:24.354 W/ActivityManager( 979): getRunningAppProcesses: caller 10015 does not hold REAL_GET_TASKS; limiting output
10-21 18:53:34.357 W/ActivityManager( 979): getRunningAppProcesses: caller 10015 does not hold REAL_GET_TASKS; limiting output
10-21 18:53:44.368 W/ActivityManager( 979): getRunningAppProcesses: caller 10015 does not hold REAL_GET_TASKS; limiting output
10-21 18:53:52.529 I/Vlog ( 135): logd:performance:fgtracking=false;DV;1,key=TotalMessages;DV;1,Counter=146;CT;1,unit=count;DV;1:HI
10-21 18:53:52.529 I/Vlog ( 135): logd:performance:fgtracking=false;DV;1,key=DroppedMessages;DV;1,Counter=0;CT;1,unit=count;DV;1:HI
10-21 18:53:52.529 I/Vlog ( 135): logd:performance:fgtracking=false;DV;1,key=Throughput;DV;1,Counter=1.56;CT;1,unit=kbps;DV;1:HI
10-21 18:53:54.379 W/ActivityManager( 979): getRunningAppProcesses: caller 10015 does not hold REAL_GET_TASKS; limiting output
10-21 18:54:04.382 W/ActivityManager( 979): getRunningAppProcesses: caller 10015 does not hold REAL_GET_TASKS; limiting output
