10-21 19:45:28.974 I/Kernel ( 0): [ 3522.853643]-(2)[0:swapper/2][printk_delayed:done]
10-21 19:45:29.594 I/Kernel ( 35): [ 3523.473711].(1)[35:kworker/1:1] ABB T=90200
10-21 19:45:29.684 I/Kernel ( 0): [ 3523.563542]-(3)[0:swapper/3][printk_delayed:start]
10-21 19:45:29.684 I/Kernel ( 0): [ 3523.563582]-(3)[0:swapper/3][WDK], local_bit:0x0, cpu:3,RT[3523553592357]
10-21 19:45:29.684 I/Kernel ( 0): [ 3523.563582][WDK], local_bit:0x8, cpu:3, check bit0x:f,RT[3523553606126]
10-21 19:45:29.684 I/Kernel ( 0): [ 3523.563582][thread:62][RT:3523553613819] 2019-10-21 17:45:29.681981 UTC; android time 2019-10-21 18:45:29.681981
10-21 19:45:29.684 I/Kernel ( 0): [ 3523.563607]-(3)[0:swapper/3][printk_delayed:done]
10-21 19:45:30.444 I/Kernel ( 8542): [ 3524.323612].(2)[8542:kworker/2:0][MUSB] USB is ready for connect
10-21 19:45:30.594 I/Kernel ( 35): [ 3524.473636].(1)[35:kworker/1:1] ABB T=89700
10-21 19:45:31.594 I/Kernel ( 35): [ 3525.473633].(1)[35:kworker/1:1] ABB T=89600
10-21 19:45:31.734 I/Kernel ( 29): [ 3525.613589].(3)[29:update_secureti]enter TEE_Icnt_time
10-21 19:45:31.734 I/Kernel ( 29): [ 3525.613920].(3)[29:update_secureti]update_securetime_thread_gb updata inc count
10-21 19:45:32.594 I/Kernel ( 35): [ 3526.473602].(1)[35:kworker/1:1] ABB T=90000
10-21 19:45:33.594 I/Kernel ( 35): [ 3527.473625].(1)[35:kworker/1:1] ABB T=89900
10-21 19:45:34.594 I/Kernel ( 35): [ 3528.473623].(1)[35:kworker/1:1] ABB T=90300
10-21 19:45:35.594 I/Kernel ( 35): [ 3529.473599].(1)[35:kworker/1:1] ABB T=90300
10-21 19:45:36.464 I/Kernel ( 8542): [ 3530.343812].(2)[8542:kworker/2:0][MUSB] USB is ready for connect
10-21 19:45:36.594 I/Kernel ( 35): [ 3530.473647].(1)[35:kworker/1:1] ABB T=90300
10-21 19:45:36.734 I/Kernel ( 29): [ 3530.613580].(3)[29:update_secureti]enter TEE_Icnt_time
10-21 19:45:36.734 I/Kernel ( 29): [ 3530.613850].(3)[29:update_secureti]update_securetime_thread_gb updata inc count
10-21 19:45:37.594 I/Kernel ( 35): [ 3531.473774].(1)[35:kworker/1:1] ABB T=90500
10-21 19:45:38.594 I/Kernel ( 35): [ 3532.473611].(1)[35:kworker/1:1] ABB T=90200
10-21 19:45:39.444 I/Kernel ( 434): [ 3533.323596][hdmi]#1506
10-21 19:45:39.444 I/Kernel ( 434): [hdmi] list empty 117500, sleeping
10-21 19:45:39.594 I/Kernel ( 35): [ 3533.473641].(1)[35:kworker/1:1] ABB T=90300
10-21 19:45:40.594 I/Kernel ( 35): [ 3534.473611].(1)[35:kworker/1:1] ABB T=90000
10-21 19:45:41.594 I/Kernel ( 35): [ 3535.473600].(1)[35:kworker/1:1] ABB T=90500
10-21 19:45:41.734 I/Kernel ( 29): [ 3535.613594].(3)[29:update_secureti]enter TEE_Icnt_time
10-21 19:45:41.734 I/Kernel ( 29): [ 3535.613882].(3)[29:update_secureti]update_securetime_thread_gb updata inc count
10-21 19:45:42.484 I/Kernel ( 8542): [ 3536.363601].(2)[8542:kworker/2:0][MUSB] USB is ready for connect
10-21 19:45:42.594 I/Kernel ( 35): [ 3536.473630].(1)[35:kworker/1:1] ABB T=90500
10-21 19:45:43.594 I/Kernel ( 35): [ 3537.473619].(1)[35:kworker/1:1] ABB T=90300
10-21 19:45:44.594 I/Kernel ( 35): [ 3538.473613].(1)[35:kworker/1:1] ABB T=90000
10-21 19:45:45.594 I/Kernel ( 35): [ 3539.473632].(1)[35:kworker/1:1] ABB T=89400
10-21 19:45:46.594 I/Kernel ( 35): [ 3540.473619].(1)[35:kworker/1:1] ABB T=89900
10-21 19:45:46.734 I/Kernel ( 29): [ 3540.613563].(3)[29:update_secureti]enter TEE_Icnt_time
10-21 19:45:46.734 I/Kernel ( 29): [ 3540.613843].(3)[29:update_secureti]update_securetime_thread_gb updata inc count
10-21 19:45:47.594 I/Kernel ( 35): [ 3541.473617].(1)[35:kworker/1:1] ABB T=89400
10-21 19:45:48.504 I/Kernel ( 8542): [ 3542.383594].(2)[8542:kworker/2:0][MUSB] USB is ready for connect
10-21 19:45:48.594 I/Kernel ( 35): [ 3542.473637].(1)[35:kworker/1:1] ABB T=90000
10-21 19:45:48.974 I/Kernel ( 0): [ 3542.853556]-(1)[0:swapper/1][printk_delayed:start]
10-21 19:45:48.974 I/Kernel ( 0): [ 3542.853603]-(1)[0:swapper/1][WDK], local_bit:0x8, cpu:1,RT[3542843596281]
10-21 19:45:48.974 I/Kernel ( 0): [ 3542.853603][WDK], local_bit:0xa, cpu:1, check bit0x:f,RT[3542843611128]
10-21 19:45:48.974 I/Kernel ( 0): [ 3542.853603][thread:60][RT:3542843618974] 2019-10-21 17:45:48.971986 UTC; android time 2019-10-21 18:45:48.971986
10-21 19:45:48.974 I/Kernel ( 0): [ 3542.853768]-(1)[0:swapper/1][printk_delayed:done]
10-21 19:45:48.984 I/Kernel ( 0): [ 3542.863529]-(0)[0:swapper/0][printk_delayed:start]
10-21 19:45:48.984 I/Kernel ( 0): [ 3542.863537]-(2)[0:swapper/2][printk_delayed:start]
10-21 19:45:48.984 I/Kernel ( 0): [ 3542.863550]-(2)[0:swapper/2][WDK], local_bit:0xa, cpu:2,RT[3542853596974]
10-21 19:45:48.984 I/Kernel ( 0): [ 3542.863550][WDK], local_bit:0xe, cpu:2, check bit0x:f,RT[3542853604435]
10-21 19:45:48.984 I/Kernel ( 0): [ 3542.863550][thread:61][RT:3542853611589] 2019-10-21 17:45:48.981978 UTC; android time 2019-10-21 18:45:48.981978
10-21 19:45:48.984 I/Kernel ( 0): [ 3542.863555]-(2)[0:swapper/2][printk_delayed:done]
10-21 19:45:48.984 I/Kernel ( 0): [ 3542.863598]-(0)[0:swapper/0][WDK], local_bit:0xe, cpu:0,RT[3542853616205]
10-21 19:45:48.984 I/Kernel ( 0): [ 3542.863598][WDK], local_bit:0xf, cpu:0, check bit0x:f,RT[3542853621128]
10-21 19:45:48.984 I/Kernel ( 0): [ 3542.863598][WDK]: kick Ex WDT,RT[3542853624589]
10-21 19:45:48.984 I/Kernel ( 0): [ 3542.863598][thread:59][RT:3542853819435] 2019-10-21 17:45:48.982188 UTC; android time 2019-10-21 18:45:48.982188
10-21 19:45:48.984 I/Kernel ( 0): [ 3542.863626]-(0)[0:swapper/0][printk_delayed:done]
10-21 19:45:49.594 I/Kernel ( 35): [ 3543.473612].(1)[35:kworker/1:1] ABB T=89300
10-21 19:45:49.694 I/Kernel ( 0): [ 3543.573544]-(3)[0:swapper/3][printk_delayed:start]
10-21 19:45:49.694 I/Kernel ( 0): [ 3543.573583]-(3)[0:swapper/3][WDK], local_bit:0x0, cpu:3,RT[3543563571128]
10-21 19:45:49.694 I/Kernel ( 0): [ 3543.573583][WDK], local_bit:0x8, cpu:3, check bit0x:f,RT[3543563583974]
10-21 19:45:49.694 I/Kernel ( 0): [ 3543.573583][thread:62][RT:3543563591281] 2019-10-21 17:45:49.691959 UTC; android time 2019-10-21 18:45:49.691959
10-21 19:45:49.694 I/Kernel ( 0): [ 3543.573607]-(3)[0:swapper/3][printk_delayed:done]
10-21 19:45:50.594 I/Kernel ( 35): [ 3544.473623].(1)[35:kworker/1:1] ABB T=89600
10-21 19:45:51.594 I/Kernel ( 35): [ 3545.473641].(1)[35:kworker/1:1] ABB T=90000
10-21 19:45:51.734 I/Kernel ( 29): [ 3545.613577].(3)[29:update_secureti]enter TEE_Icnt_time
10-21 19:45:51.734 I/Kernel ( 29): [ 3545.613850].(3)[29:update_secureti]update_securetime_thread_gb updata inc count
10-21 19:45:52.562 I/Vlog ( 135): logd:performance:fgtracking=false;DV;1,key=TotalMessages;DV;1,Counter=684;CT;1,unit=count;DV;1:HI
10-21 19:45:52.562 I/Vlog ( 135): logd:performance:fgtracking=false;DV;1,key=DroppedMessages;DV;1,Counter=0;CT;1,unit=count;DV;1:HI
10-21 19:45:52.562 I/Vlog ( 135): logd:performance:fgtracking=false;DV;1,key=Throughput;DV;1,Counter=9.58;CT;1,unit=kbps;DV;1:HI
10-21 19:45:52.594 I/Kernel ( 35): [ 3546.473619].(1)[35:kworker/1:1] ABB T=89600
10-21 19:45:52.874 I/Kernel ( 136): [ 3546.755910].(1)[136:healthd]healthd: battery l=100 v=4200 t=2.2 h=2 st=5 chg=u
10-21 19:45:53.594 I/Kernel ( 35): [ 3547.473615].(1)[35:kworker/1:1] ABB T=89300
10-21 19:45:54.444 I/Kernel ( 434): [ 3548.323607][hdmi]#1506
10-21 19:45:54.444 I/Kernel ( 434): [hdmi] list empty 118000, sleeping
10-21 19:45:54.524 I/Kernel ( 8542): [ 3548.404926].(2)[8542:kworker/2:0][MUSB] USB is ready for connect
10-21 19:45:54.594 I/Kernel ( 35): [ 3548.473658].(1)[35:kworker/1:1] ABB T=89700
10-21 19:45:55.594 I/Kernel ( 35): [ 3549.473634].(1)[35:kworker/1:1] ABB T=90000
10-21 19:45:56.594 I/Kernel ( 35): [ 3550.473782].(1)[35:kworker/1:1] ABB T=90300
10-21 19:45:56.734 I/Kernel ( 29): [ 3550.613658].(0)[29:update_secureti]enter TEE_Icnt_time
10-21 19:45:56.734 I/Kernel ( 29): [ 3550.613955].(0)[29:update_secureti]update_securetime_thread_gb updata inc count
10-21 19:45:57.594 I/Kernel ( 35): [ 3551.473645].(1)[35:kworker/1:1] ABB T=90200
10-21 19:45:58.594 I/Kernel ( 35): [ 3552.473602].(1)[35:kworker/1:1] ABB T=89700
10-21 19:45:59.594 I/Kernel ( 35): [ 3553.473610].(1)[35:kworker/1:1] ABB T=90000
10-21 19:46:00.544 I/Kernel ( 8542): [ 3554.423684].(2)[8542:kworker/2:0][MUSB] USB is ready for connect
10-21 19:46:00.594 I/Kernel ( 35): [ 3554.473623].(1)[35:kworker/1:1] ABB T=90000
10-21 19:46:01.594 I/Kernel ( 35): [ 3555.473621].(1)[35:kworker/1:1] ABB T=90000
10-21 19:46:01.734 I/Kernel ( 29): [ 3555.613592].(0)[29:update_secureti]enter TEE_Icnt_time
10-21 19:46:01.734 I/Kernel ( 29): [ 3555.613884].(0)[29:update_secureti]update_securetime_thread_gb updata inc count
10-21 19:46:02.594 I/Kernel ( 35): [ 3556.473608].(1)[35:kworker/1:1] ABB T=90200
10-21 19:46:03.594 I/Kernel ( 35): [ 3557.473663].(1)[35:kworker/1:1] ABB T=90000
10-21 19:46:04.594 I/Kernel ( 35): [ 3558.473633].(1)[35:kworker/1:1] ABB T=90700
10-21 19:46:05.594 I/Kernel ( 35): [ 3559.473613].(1)[35:kworker/1:1] ABB T=90000
10-21 19:46:06.564 I/Kernel ( 8542): [ 3560.443602].(2)[8542:kworker/2:0][MUSB] USB is ready for connect
10-21 19:46:06.594 I/Kernel ( 35): [ 3560.473639].(1)[35:kworker/1:1] ABB T=89300
10-21 19:46:06.734 I/Kernel ( 29): [ 3560.613611].(0)[29:update_secureti]enter TEE_Icnt_time
10-21 19:46:06.734 I/Kernel ( 29): [ 3560.613882].(0)[29:update_secureti]update_securetime_thread_gb updata inc count
10-21 19:46:07.594 I/Kernel ( 35): [ 3561.473629].(1)[35:kworker/1:1] ABB T=89600
10-21 19:46:08.594 I/Kernel ( 35): [ 3562.473613].(1)[35:kworker/1:1] ABB T=89400
10-21 19:46:08.984 I/Kernel ( 0): [ 3562.863543]-(1)[0:swapper/1][printk_delayed:start]
10-21 19:46:08.984 I/Kernel ( 0): [ 3562.863579]-(1)[0:swapper/1][WDK], local_bit:0x8, cpu:1,RT[3562853560821]
10-21 19:46:08.984 I/Kernel ( 0): [ 3562.863579][WDK], local_bit:0xa, cpu:1, check bit0x:f,RT[3562853574360]
10-21 19:46:08.984 I/Kernel ( 0): [ 3562.863579][thread:60][RT:3562853582590] 2019-10-21 17:46:08.981950 UTC; android time 2019-10-21 18:46:08.981950
10-21 19:46:08.984 I/Kernel ( 0): [ 3562.863715]-(1)[0:swapper/1][printk_delayed:done]
10-21 19:46:08.994 I/Kernel ( 0): [ 3562.873538]-(2)[0:swapper/2][printk_delayed:start]
10-21 19:46:08.994 I/Kernel ( 0): [ 3562.873545]-(0)[0:swapper/0][printk_delayed:start]
10-21 19:46:08.994 I/Kernel ( 0): [ 3562.873560]-(0)[0:swapper/0][WDK], local_bit:0xe, cpu:0,RT[3562863576129]
10-21 19:46:08.994 I/Kernel ( 0): [ 3562.873560][WDK], local_bit:0xf, cpu:0, check bit0x:f,RT[3562863581283]
10-21 19:46:08.994 I/Kernel ( 0): [ 3562.873560][WDK]: kick Ex WDT,RT[3562863584898]
10-21 19:46:08.994 I/Kernel ( 0): [ 3562.873560][thread:59][RT:3562863717821] 2019-10-21 17:46:08.992086 UTC; android time 2019-10-21 18:46:08.992086
10-21 19:46:08.994 I/Kernel ( 0): [ 3562.873565]-(0)[0:swapper/0][printk_delayed:done]
10-21 19:46:08.994 I/Kernel ( 0): [ 3562.873611]-(2)[0:swapper/2][WDK], local_bit:0xa, cpu:2,RT[3562863563898]
10-21 19:46:08.994 I/Kernel ( 0): [ 3562.873611][WDK], local_bit:0xe, cpu:2, check bit0x:f,RT[3562863571821]
10-21 19:46:08.994 I/Kernel ( 0): [ 3562.873611][thread:61][RT:3562863578821] 2019-10-21 17:46:08.991946 UTC; android time 2019-10-21 18:46:08.991946
10-21 19:46:08.994 I/Kernel ( 0): [ 3562.873635]-(2)[0:swapper/2][printk_delayed:done]
10-21 19:46:09.444 I/Kernel ( 434): [ 3563.323601][hdmi]#1506
10-21 19:46:09.444 I/Kernel ( 434): [hdmi] list empty 118500, sleeping
10-21 19:46:09.594 I/Kernel ( 35): [ 3563.473632].(1)[35:kworker/1:1] ABB T=90300
10-21 19:46:09.704 I/Kernel ( 0): [ 3563.583540]-(3)[0:swapper/3][printk_delayed:start]
10-21 19:46:09.704 I/Kernel ( 0): [ 3563.583578]-(3)[0:swapper/3][WDK], local_bit:0x0, cpu:3,RT[3563573642744]
10-21 19:46:09.704 I/Kernel ( 0): [ 3563.583578][WDK], local_bit:0x8, cpu:3, check bit0x:f,RT[3563573658590]
10-21 19:46:09.704 I/Kernel ( 0): [ 3563.583578][thread:62][RT:3563573666360] 2019-10-21 17:46:09.702033 UTC; android time 2019-10-21 18:46:09.702033
10-21 19:46:09.704 I/Kernel ( 0): [ 3563.583601]-(3)[0:swapper/3][printk_delayed:done]
10-21 19:46:10.594 I/Kernel ( 35): [ 3564.473604].(1)[35:kworker/1:1] ABB T=89100
10-21 19:46:10.984 I/Kernel ( 148): [ 3564.864437].(3)[148:syseng.sh] ABB T=89400
10-21 19:46:10.984 I/Kernel ( 9173): [ 3564.870409].(1)[9173:log]audit avc scontext:u:r:sysengd:s0
10-21 19:46:11.008 I/syseng_board_status( 9173): syseng_board_status:tempstat:tmon_mtktsabb=89400;CT;1,tmon_mtkts_bts0=74000;CT;1,tmon_mtkts_bts1=72000;CT;1,tmon_mtktscpu=89000;CT;1,tmon_virtual_sensor=46620;CT;1:NR
10-21 19:46:10.994 I/Kernel ( 9174): [ 3564.883511].(1)[9174:log]audit avc scontext:u:r:sysengd:s0
10-21 19:46:11.022 I/syseng_board_status( 9174): syseng_board_status:cooling_device:thermal_state_cpuhotplug=0;CT;1,thermal_state_wifi=0;CT;1,thermal_state_vsync=0;CT;1,thermal_state_thermal-cpufreq-0=0;CT;1,thermal_state_thermal-cpufreq-1=0;CT;1:NR
10-21 19:46:11.014 I/Kernel ( 9175): [ 3564.897157].(2)[9175:rm]audit avc scontext:u:r:sysengd:s0
10-21 19:46:11.594 I/Kernel ( 35): [ 3565.473627].(1)[35:kworker/1:1] ABB T=90200
10-21 19:46:11.734 I/Kernel ( 29): [ 3565.613607].(0)[29:update_secureti]enter TEE_Icnt_time
10-21 19:46:11.734 I/Kernel ( 29): [ 3565.613874].(0)[29:update_secureti]update_securetime_thread_gb updata inc count
10-21 19:46:12.584 I/Kernel ( 8542): [ 3566.463603].(2)[8542:kworker/2:0][MUSB] USB is ready for connect
10-21 19:46:12.594 I/Kernel ( 35): [ 3566.473631].(1)[35:kworker/1:1] ABB T=89600
10-21 19:46:13.594 I/Kernel ( 35): [ 3567.473598].(1)[35:kworker/1:1] ABB T=89700
10-21 19:46:14.594 I/Kernel ( 35): [ 3568.473610].(1)[35:kworker/1:1] ABB T=89900
10-21 19:46:15.594 I/Kernel ( 35): [ 3569.473645].(1)[35:kworker/1:1] ABB T=89400
10-21 19:46:16.594 I/Kernel ( 35): [ 3570.473598].(1)[35:kworker/1:1] ABB T=89900
10-21 19:46:16.734 I/Kernel ( 29): [ 3570.613613].(1)[29:update_secureti]enter TEE_Icnt_time
10-21 19:46:16.734 I/Kernel ( 29): [ 3570.613939].(1)[29:update_secureti]update_securetime_thread_gb updata inc count
10-21 19:46:17.594 I/Kernel ( 35): [ 3571.473608].(1)[35:kworker/1:1] ABB T=90000
10-21 19:46:18.594 I/Kernel ( 35): [ 3572.473644].(1)[35:kworker/1:1] ABB T=89800
10-21 19:46:18.604 I/Kernel ( 8542): [ 3572.483611].(2)[8542:kworker/2:0][MUSB] USB is ready for connect
10-21 19:46:19.594 I/Kernel ( 35): [ 3573.473633].(1)[35:kworker/1:1] ABB T=90800
10-21 19:46:20.594 I/Kernel ( 35): [ 3574.473606].(1)[35:kworker/1:1] ABB T=90000
10-21 19:46:21.594 I/Kernel ( 35): [ 3575.473619].(1)[35:kworker/1:1] ABB T=90000
10-21 19:46:21.734 I/Kernel ( 29): [ 3575.613585].(1)[29:update_secureti]enter TEE_Icnt_time
10-21 19:46:21.734 I/Kernel ( 29): [ 3575.613865].(1)[29:update_secureti]update_securetime_thread_gb updata inc count
10-21 19:46:22.594 I/Kernel ( 35): [ 3576.473614].(1)[35:kworker/1:1] ABB T=93200
10-21 19:46:23.594 I/Kernel ( 35): [ 3577.473606].(1)[35:kworker/1:1] ABB T=90000
10-21 19:46:24.444 I/Kernel ( 434): [ 3578.323589][hdmi]#1506
10-21 19:46:24.444 I/Kernel ( 434): [hdmi] list empty 119000, sleeping
10-21 19:46:24.594 I/Kernel ( 35): [ 3578.473616].(1)[35:kworker/1:1] ABB T=90000
10-21 19:46:24.624 I/Kernel ( 8542): [ 3578.503592].(2)[8542:kworker/2:0][MUSB] USB is ready for connect
10-21 19:46:25.594 I/Kernel ( 35): [ 3579.473611].(1)[35:kworker/1:1] ABB T=89900
10-21 19:46:26.594 I/Kernel ( 35): [ 3580.473637].(1)[35:kworker/1:1] ABB T=90000
10-21 19:46:26.734 I/Kernel ( 29): [ 3580.613589].(1)[29:update_secureti]enter TEE_Icnt_time
10-21 19:46:26.734 I/Kernel ( 29): [ 3580.613865].(1)[29:update_secureti]update_securetime_thread_gb updata inc count
10-21 19:46:27.594 I/Kernel ( 35): [ 3581.473644].(1)[35:kworker/1:1] ABB T=89600
10-21 19:46:28.594 I/Kernel ( 35): [ 3582.474131].(1)[35:kworker/1:1] ABB T=89400
10-21 19:46:28.994 I/Kernel ( 0): [ 3582.873549]-(1)[0:swapper/1][printk_delayed:start]
10-21 19:46:28.994 I/Kernel ( 0): [ 3582.873589]-(1)[0:swapper/1][WDK], local_bit:0x8, cpu:1,RT[3582863610592]
10-21 19:46:28.994 I/Kernel ( 0): [ 3582.873589][WDK], local_bit:0xa, cpu:1, check bit0x:f,RT[3582863627592]
10-21 19:46:28.994 I/Kernel ( 0): [ 3582.873589][thread:60][RT:3582863636207] 2019-10-21 17:46:28.992003 UTC; android time 2019-10-21 18:46:28.992003
10-21 19:46:28.994 I/Kernel ( 0): [ 3582.873724]-(1)[0:swapper/1][printk_delayed:done]
10-21 19:46:29.004 I/Kernel ( 0): [ 3582.883530]-(0)[0:swapper/0][printk_delayed:start]
10-21 19:46:29.004 I/Kernel ( 0): [ 3582.883537]-(2)[0:swapper/2][printk_delayed:start]
10-21 19:46:29.004 I/Kernel ( 0): [ 3582.883552]-(2)[0:swapper/2][WDK], local_bit:0xa, cpu:2,RT[3582873570745]
10-21 19:46:29.004 I/Kernel ( 0): [ 3582.883552][WDK], local_bit:0xe, cpu:2, check bit0x:f,RT[3582873583976]
10-21 19:46:29.004 I/Kernel ( 0): [ 3582.883552][thread:61][RT:3582873591668] 2019-10-21 17:46:29.1959 UTC; android time 2019-10-21 18:46:29.1959
10-21 19:46:29.004 I/Kernel ( 0): [ 3582.883556]-(2)[0:swapper/2][printk_delayed:done]
10-21 19:46:29.004 I/Kernel ( 0): [ 3582.883599]-(0)[0:swapper/0][WDK], local_bit:0xe, cpu:0,RT[3582873588822]
10-21 19:46:29.004 I/Kernel ( 0): [ 3582.883599][WDK], local_bit:0xf, cpu:0, check bit0x:f,RT[3582873593668]
10-21 19:46:29.004 I/Kernel ( 0): [ 3582.883599][WDK]: kick Ex WDT,RT[3582873597207]
10-21 19:46:29.004 I/Kernel ( 0): [ 3582.883599][thread:59][RT:3582873726284] 2019-10-21 17:46:29.2095 UTC; android time 2019-10-21 18:46:29.2095
10-21 19:46:29.004 I/Kernel ( 0): [ 3582.883627]-(0)[0:swapper/0][printk_delayed:done]
10-21 19:46:29.594 I/Kernel ( 35): [ 3583.473607].(1)[35:kworker/1:1] ABB T=89600
10-21 19:46:29.714 I/Kernel ( 0): [ 3583.593538]-(3)[0:swapper/3][printk_delayed:start]
10-21 19:46:29.714 I/Kernel ( 0): [ 3583.593575]-(3)[0:swapper/3][WDK], local_bit:0x0, cpu:3,RT[3583583563284]
10-21 19:46:29.714 I/Kernel ( 0): [ 3583.593575][WDK], local_bit:0x8, cpu:3, check bit0x:f,RT[3583583576745]
10-21 19:46:29.714 I/Kernel ( 0): [ 3583.593575][thread:62][RT:3583583584822] 2019-10-21 17:46:29.711952 UTC; android time 2019-10-21 18:46:29.711952
10-21 19:46:29.714 I/Kernel ( 0): [ 3583.593599]-(3)[0:swapper/3][printk_delayed:done]
10-21 19:46:30.594 I/Kernel ( 35): [ 3584.473614].(1)[35:kworker/1:1] ABB T=89900
10-21 19:46:30.644 I/Kernel ( 8542): [ 3584.523596].(2)[8542:kworker/2:0][MUSB] USB is ready for connect
10-21 19:46:31.594 I/Kernel ( 35): [ 3585.473601].(1)[35:kworker/1:1] ABB T=90000
10-21 19:46:31.734 I/Kernel ( 29): [ 3585.613623].(1)[29:update_secureti]enter TEE_Icnt_time
10-21 19:46:31.734 I/Kernel ( 29): [ 3585.613938].(1)[29:update_secureti]update_securetime_thread_gb updata inc count
10-21 19:46:32.594 I/Kernel ( 35): [ 3586.473634].(1)[35:kworker/1:1] ABB T=89400
10-21 19:46:33.594 I/Kernel ( 35): [ 3587.473658].(1)[35:kworker/1:1] ABB T=89700
10-21 19:46:34.594 I/Kernel ( 35): [ 3588.473602].(1)[35:kworker/1:1] ABB T=89300
10-21 19:46:35.594 I/Kernel ( 35): [ 3589.473626].(1)[35:kworker/1:1] ABB T=89400 --------- beginning of main
10-21 19:46:35.660 V/Avrcp ( 3244): MediaController playback changed: PlaybackState {state=3, position=1949697, buffered position=0, speed=1.0, updated=3589516, actions=-1, custom actions=[], active item id=-1, error=null}
10-21 19:46:36.177 V/Avrcp ( 3244): MediaController playback changed: PlaybackState {state=3, position=1950113, buffered position=0, speed=1.0, updated=3590033, actions=-1, custom actions=[], active item id=-1, error=null}
10-21 19:46:36.594 I/Kernel ( 35): [ 3590.473635].(1)[35:kworker/1:1] ABB T=89800
10-21 19:46:36.677 V/Avrcp ( 3244): MediaController playback changed: PlaybackState {state=3, position=1950737, buffered position=0, speed=1.0, updated=3590534, actions=-1, custom actions=[], active item id=-1, error=null}
10-21 19:46:36.664 I/Kernel ( 8542): [ 3590.543619].(2)[8542:kworker/2:0][MUSB] USB is ready for connect
10-21 19:46:36.734 I/Kernel ( 29): [ 3590.613575].(1)[29:update_secureti]enter TEE_Icnt_time
10-21 19:46:36.734 I/Kernel ( 29): [ 3590.613846].(1)[29:update_secureti]update_securetime_thread_gb updata inc count
10-21 19:46:37.195 V/Avrcp ( 3244): MediaController playback changed: PlaybackState {state=3, position=1951142, buffered position=0, speed=1.0, updated=3591051, actions=-1, custom actions=[], active item id=-1, error=null}
10-21 19:46:37.594 I/Kernel ( 35): [ 3591.473607].(1)[35:kworker/1:1] ABB T=89900
10-21 19:46:37.712 V/Avrcp ( 3244): MediaController playback changed: PlaybackState {state=3, position=1951767, buffered position=0, speed=1.0, updated=3591568, actions=-1, custom actions=[], active item id=-1, error=null}
10-21 19:46:38.213 V/Avrcp ( 3244): MediaController playback changed: PlaybackState {state=3, position=1952178, buffered position=0, speed=1.0, updated=3592069, actions=-1, custom actions=[], active item id=-1, error=null}
10-21 19:46:38.594 I/Kernel ( 35): [ 3592.473602].(1)[35:kworker/1:1] ABB T=89900
10-21 19:46:38.731 V/Avrcp ( 3244): MediaController playback changed: PlaybackState {state=3, position=1952792, buffered position=0, speed=1.0, updated=3592586, actions=-1, custom actions=[], active item id=-1, error=null}
10-21 19:46:39.249 V/Avrcp ( 3244): MediaController playback changed: PlaybackState {state=3, position=1953211, buffered position=0, speed=1.0, updated=3593105, actions=-1, custom actions=[], active item id=-1, error=null}
10-21 19:46:39.444 I/Kernel ( 434): [ 3593.323602][hdmi]#1506
10-21 19:46:39.444 I/Kernel ( 434): [hdmi] list empty 119500, sleeping
10-21 19:46:39.480 I/MediaCodecLogger( 7530): com.android.mediaplayer.HW.video.avc.bitrateInKbps = 5807
10-21 19:46:39.594 I/Kernel ( 35): [ 3593.473637].(1)[35:kworker/1:1] ABB T=90000
10-21 19:46:39.764 V/Avrcp ( 3244): MediaController playback changed: PlaybackState {state=3, position=1953624, buffered position=0, speed=1.0, updated=3593620, actions=-1, custom actions=[], active item id=-1, error=null}
10-21 19:46:39.980 D/MtkOmxVdec( 180): [0xb812ea08] 0xb812ea08 Output [0xB807AE38] is not free.
10-21 19:46:40.265 V/Avrcp ( 3244): MediaController playback changed: PlaybackState {state=3, position=1954245, buffered position=0, speed=1.0, updated=3594121, actions=-1, custom actions=[], active item id=-1, error=null}
10-21 19:46:40.594 I/Kernel ( 35): [ 3594.473629].(1)[35:kworker/1:1] ABB T=89800
10-21 19:46:40.782 V/Avrcp ( 3244): MediaController playback changed: PlaybackState {state=3, position=1954655, buffered position=0, speed=1.0, updated=3594638, actions=-1, custom actions=[], active item id=-1, error=null}
10-21 19:46:41.299 V/Avrcp ( 3244): MediaController playback changed: PlaybackState {state=3, position=1955279, buffered position=0, speed=1.0, updated=3595155, actions=-1, custom actions=[], active item id=-1, error=null}
10-21 19:46:41.594 I/Kernel ( 35): [ 3595.473620].(1)[35:kworker/1:1] ABB T=90000
10-21 19:46:41.734 I/Kernel ( 29): [ 3595.613606].(1)[29:update_secureti]enter TEE_Icnt_time
10-21 19:46:41.734 I/Kernel ( 29): [ 3595.613926].(1)[29:update_secureti]update_securetime_thread_gb updata inc count
10-21 19:46:41.800 V/Avrcp ( 3244): MediaController playback changed: PlaybackState {state=3, position=1955688, buffered position=0, speed=1.0, updated=3595656, actions=-1, custom actions=[], active item id=-1, error=null}
10-21 19:46:42.316 V/Avrcp ( 3244): MediaController playback changed: PlaybackState {state=3, position=1956308, buffered position=0, speed=1.0, updated=3596173, actions=-1, custom actions=[], active item id=-1, error=null}
10-21 19:46:42.594 I/Kernel ( 35): [ 3596.473642].(1)[35:kworker/1:1] ABB T=90000
10-21 19:46:42.684 I/Kernel ( 8542): [ 3596.563595].(2)[8542:kworker/2:0][MUSB] USB is ready for connect
10-21 19:46:42.819 V/Avrcp ( 3244): MediaController playback changed: PlaybackState {state=3, position=1956726, buffered position=0, speed=1.0, updated=3596675, actions=-1, custom actions=[], active item id=-1, error=null}
10-21 19:46:43.334 V/Avrcp ( 3244): MediaController playback changed: PlaybackState {state=3, position=1957353, buffered position=0, speed=1.0, updated=3597190, actions=-1, custom actions=[], active item id=-1, error=null}
10-21 19:46:43.534 D/MtkOmxVdec( 180): [0xb812ea08] 0xb812ea08 Output [0xB807E760] is not free.
10-21 19:46:43.594 I/Kernel ( 35): [ 3597.473634].(1)[35:kworker/1:1] ABB T=89700
10-21 19:46:43.834 V/Avrcp ( 3244): MediaController playback changed: PlaybackState {state=3, position=1957765, buffered position=0, speed=1.0, updated=3597691, actions=-1, custom actions=[], active item id=-1, error=null}
10-21 19:46:44.351 V/Avrcp ( 3244): MediaController playback changed: PlaybackState {state=3, position=1958379, buffered position=0, speed=1.0, updated=3598208, actions=-1, custom actions=[], active item id=-1, error=null}
10-21 19:46:44.519 I/MediaCodecLogger( 7530): com.android.mediaplayer.HW.video.avc.bitrateInKbps = 5564
10-21 19:46:44.594 I/Kernel ( 35): [ 3598.473605].(1)[35:kworker/1:1] ABB T=89800
10-21 19:46:44.869 V/Avrcp ( 3244): MediaController playback changed: PlaybackState {state=3, position=1958796, buffered position=0, speed=1.0, updated=3598725, actions=-1, custom actions=[], active item id=-1, error=null}
10-21 19:46:45.370 V/Avrcp ( 3244): MediaController playback changed: PlaybackState {state=3, position=1959417, buffered position=0, speed=1.0, updated=3599226, actions=-1, custom actions=[], active item id=-1, error=null}
10-21 19:46:45.594 I/Kernel ( 35): [ 3599.473618].(1)[35:kworker/1:1] ABB T=89800
10-21 19:46:45.888 V/Avrcp ( 3244): MediaController playback changed: PlaybackState {state=3, position=1959833, buffered position=0, speed=1.0, updated=3599743, actions=-1, custom actions=[], active item id=-1, error=null}
10-21 19:46:46.404 V/Avrcp ( 3244): MediaController playback changed: PlaybackState {state=3, position=1960454, buffered position=0, speed=1.0, updated=3600260, actions=-1, custom actions=[], active item id=-1, error=null}
10-21 19:46:46.594 I/Kernel ( 35): [ 3600.473601].(1)[35:kworker/1:1] ABB T=90300
10-21 19:46:46.734 I/Kernel ( 29): [ 3600.613669].(1)[29:update_secureti]enter TEE_Icnt_time
10-21 19:46:46.734 I/Kernel ( 29): [ 3600.614022].(1)[29:update_secureti]update_securetime_thread_gb updata inc count
10-21 19:46:46.904 V/Avrcp ( 3244): MediaController playback changed: PlaybackState {state=3, position=1960871, buffered position=0, speed=1.0, updated=3600761, actions=-1, custom actions=[], active item id=-1, error=null}
10-21 19:46:47.422 V/Avrcp ( 3244): MediaController playback changed: PlaybackState {state=3, position=1961289, buffered position=0, speed=1.0, updated=3601278, actions=-1, custom actions=[], active item id=-1, error=null}
10-21 19:46:47.594 I/Kernel ( 35): [ 3601.473612].(1)[35:kworker/1:1] ABB T=89800
10-21 19:46:47.939 V/Avrcp ( 3244): MediaController playback changed: PlaybackState {state=3, position=1961911, buffered position=0, speed=1.0, updated=3601795, actions=-1, custom actions=[], active item id=-1, error=null}
10-21 19:46:48.460 V/Avrcp ( 3244): MediaController playback changed: PlaybackState {state=3, position=1962521, buffered position=0, speed=1.0, updated=3602313, actions=-1, custom actions=[], active item id=-1, error=null}
10-21 19:46:48.594 I/Kernel ( 35): [ 3602.473615].(1)[35:kworker/1:1] ABB T=89600
10-21 19:46:48.704 I/Kernel ( 8542): [ 3602.585057].(2)[8542:kworker/2:0][MUSB] USB is ready for connect
10-21 19:46:48.956 V/Avrcp ( 3244): MediaController playback changed: PlaybackState {state=3, position=1962931, buffered position=0, speed=1.0, updated=3602813, actions=-1, custom actions=[], active item id=-1, error=null}
10-21 19:46:49.004 I/Kernel ( 0): [ 3602.883551]-(1)[0:swapper/1][printk_delayed:start]
10-21 19:46:49.004 I/Kernel ( 0): [ 3602.883589]-(1)[0:swapper/1][WDK], local_bit:0x8, cpu:1,RT[3602873565516]
10-21 19:46:49.004 I/Kernel ( 0): [ 3602.883589][WDK], local_bit:0xa, cpu:1, check bit0x:f,RT[3602873579285]
10-21 19:46:49.004 I/Kernel ( 0): [ 3602.883589][thread:60][RT:3602873587131] 2019-10-21 17:46:49.1954 UTC; android time 2019-10-21 18:46:49.1954
10-21 19:46:49.004 I/Kernel ( 0): [ 3602.883613]-(1)[0:swapper/1][printk_delayed:done]
10-21 19:46:49.014 I/Kernel ( 7530): [ 3602.893527]-(0)[7550:Thread-732][printk_delayed:start]
10-21 19:46:49.014 I/Kernel ( 7530): [ 3602.893534]-(2)[0:swapper/2][printk_delayed:start]
10-21 19:46:49.014 I/Kernel ( 7530): [ 3602.893546]-(2)[0:swapper/2][WDK], local_bit:0xa, cpu:2,RT[3602883563362]
10-21 19:46:49.014 I/Kernel ( 7530): [ 3602.893546][WDK], local_bit:0xe, cpu:2, check bit0x:f,RT[3602883570593]
10-21 19:46:49.014 I/Kernel ( 7530): [ 3602.893546][thread:61][RT:3602883577670] 2019-10-21 17:46:49.11945 UTC; android time 2019-10-21 18:46:49.11945
10-21 19:46:49.014 I/Kernel ( 7530): [ 3602.893551]-(2)[0:swapper/2][printk_delayed:done]
10-21 19:46:49.014 I/Kernel ( 7530): [ 3602.893594]-(0)[7550:Thread-732][WDK], local_bit:0xe, cpu:0,RT[3602883603439]
10-21 19:46:49.014 I/Kernel ( 7530): [ 3602.893594][WDK], local_bit:0xf, cpu:0, check bit0x:f,RT[3602883608516]
10-21 19:46:49.014 I/Kernel ( 7530): [ 3602.893594][WDK]: kick Ex WDT,RT[3602883611900]
10-21 19:46:49.014 I/Kernel ( 7530): [ 3602.893594][thread:59][RT:3602883764593] 2019-10-21 17:46:49.12133 UTC; android time 2019-10-21 18:46:49.12133
10-21 19:46:49.014 I/Kernel ( 7530): [ 3602.893621]-(0)[7550:Thread-732][printk_delayed:done]
10-21 19:46:49.475 V/Avrcp ( 3244): MediaController playback changed: PlaybackState {state=3, position=1963347, buffered position=0, speed=1.0, updated=3603330, actions=-1, custom actions=[], active item id=-1, error=null}
10-21 19:46:49.558 I/MediaCodecLogger( 7530): com.android.mediaplayer.HW.video.avc.bitrateInKbps = 6144
10-21 19:46:49.594 I/Kernel ( 35): [ 3603.473610].(1)[35:kworker/1:1] ABB T=89600
10-21 19:46:49.724 I/Kernel ( 0): [ 3603.603541]-(3)[0:swapper/3][printk_delayed:start]
10-21 19:46:49.724 I/Kernel ( 0): [ 3603.603574]-(3)[0:swapper/3][WDK], local_bit:0x0, cpu:3,RT[3603593578900]
10-21 19:46:49.724 I/Kernel ( 0): [ 3603.603574][WDK], local_bit:0x8, cpu:3, check bit0x:f,RT[3603593590208]
10-21 19:46:49.724 I/Kernel ( 0): [ 3603.603574][thread:62][RT:3603593596208] 2019-10-21 17:46:49.721964 UTC; android time 2019-10-21 18:46:49.721964
10-21 19:46:49.724 I/Kernel ( 0): [ 3603.603594]-(3)[0:swapper/3][printk_delayed:done]
10-21 19:46:49.992 V/Avrcp ( 3244): MediaController playback changed: PlaybackState {state=3, position=1963963, buffered position=0, speed=1.0, updated=3603847, actions=-1, custom actions=[], active item id=-1, error=null}
10-21 19:46:50.508 V/Avrcp ( 3244): MediaController playback changed: PlaybackState {state=3, position=1964374, buffered position=0, speed=1.0, updated=3604365, actions=-1, custom actions=[], active item id=-1, error=null}
10-21 19:46:50.594 I/Kernel ( 35): [ 3604.473594].(1)[35:kworker/1:1] ABB T=89300
10-21 19:46:51.010 V/Avrcp ( 3244): MediaController playback changed: PlaybackState {state=3, position=1964998, buffered position=0, speed=1.0, updated=3604866, actions=-1, custom actions=[], active item id=-1, error=null}
10-21 19:46:51.526 V/Avrcp ( 3244): MediaController playback changed: PlaybackState {state=3, position=1965411, buffered position=0, speed=1.0, updated=3605382, actions=-1, custom actions=[], active item id=-1, error=null}
10-21 19:46:51.594 I/Kernel ( 35): [ 3605.473650].(1)[35:kworker/1:1] ABB T=89900
10-21 19:46:51.734 I/Kernel ( 29): [ 3605.613710].(0)[29:update_secureti]enter TEE_Icnt_time
10-21 19:46:51.734 I/Kernel ( 29): [ 3605.614023].(0)[29:update_secureti]update_securetime_thread_gb updata inc count
10-21 19:46:52.043 V/Avrcp ( 3244): MediaController playback changed: PlaybackState {state=3, position=1966036, buffered position=0, speed=1.0, updated=3605899, actions=-1, custom actions=[], active item id=-1, error=null}
10-21 19:46:52.543 V/Avrcp ( 3244): MediaController playback changed: PlaybackState {state=3, position=1966448, buffered position=0, speed=1.0, updated=3606400, actions=-1, custom actions=[], active item id=-1, error=null}
10-21 19:46:52.562 I/Vlog ( 135): logd:performance:fgtracking=false;DV;1,key=TotalMessages;DV;1,Counter=712;CT;1,unit=count;DV;1:HI
10-21 19:46:52.562 I/Vlog ( 135): logd:performance:fgtracking=false;DV;1,key=DroppedMessages;DV;1,Counter=0;CT;1,unit=count;DV;1:HI
10-21 19:46:52.562 I/Vlog ( 135): logd:performance:fgtracking=false;DV;1,key=Throughput;DV;1,Counter=10.56;CT;1,unit=kbps;DV;1:HI
10-21 19:46:52.594 I/Kernel ( 35): [ 3606.473611].(1)[35:kworker/1:1] ABB T=89300
10-21 19:46:52.874 I/Kernel ( 136): [ 3606.756295].(1)[136:healthd] ABB T=89400
10-21 19:46:52.874 I/Kernel ( 136): [ 3606.756711].(1)[136:healthd]healthd: Could not open '/sys/class/thermal/thermal_zone5/temp'
10-21 19:46:52.874 I/Kernel ( 136): [ 3606.756767].(1)[136:healthd]healthd: Could not open '/sys/class/thermal/thermal_zone6/temp'
10-21 19:46:52.874 I/Kernel ( 136): [ 3606.756933].(1)[136:healthd]healthd: battery l=100 v=4200 t=2.2 h=2 st=5 chg=u
10-21 19:46:53.061 V/Avrcp ( 3244): MediaController playback changed: PlaybackState {state=3, position=1967073, buffered position=0, speed=1.0, updated=3606917, actions=-1, custom actions=[], active item id=-1, error=null}
10-21 19:46:53.578 V/Avrcp ( 3244): MediaController playback changed: PlaybackState {state=3, position=1967484, buffered position=0, speed=1.0, updated=3607434, actions=-1, custom actions=[], active item id=-1, error=null}
10-21 19:46:53.594 I/Kernel ( 35): [ 3607.473619].(1)[35:kworker/1:1] ABB T=89600
10-21 19:46:54.096 V/Avrcp ( 3244): MediaController playback changed: PlaybackState {state=3, position=1968108, buffered position=0, speed=1.0, updated=3607951, actions=-1, custom actions=[], active item id=-1, error=null}
10-21 19:46:54.444 I/Kernel ( 434): [ 3608.323604][hdmi]#1506
10-21 19:46:54.444 I/Kernel ( 434): [hdmi] list empty 120000, sleeping
10-21 19:46:54.595 V/Avrcp ( 3244): MediaController playback changed: PlaybackState {state=3, position=1968519, buffered position=0, speed=1.0, updated=3608452, actions=-1, custom actions=[], active item id=-1, error=null}
10-21 19:46:54.599 I/MediaCodecLogger( 7530): com.android.mediaplayer.HW.video.avc.bitrateInKbps = 4751
10-21 19:46:54.594 I/Kernel ( 35): [ 3608.473637].(1)[35:kworker/1:1] ABB T=89600
10-21 19:46:54.724 I/Kernel ( 8542): [ 3608.603625].(2)[8542:kworker/2:0][MUSB] USB is ready for connect
10-21 19:46:55.113 V/Avrcp ( 3244): MediaController playback changed: PlaybackState {state=3, position=1969146, buffered position=0, speed=1.0, updated=3608969, actions=-1, custom actions=[], active item id=-1, error=null}
10-21 19:46:55.594 I/Kernel ( 35): [ 3609.473616].(1)[35:kworker/1:1] ABB T=89300
10-21 19:46:55.629 V/Avrcp ( 3244): MediaController playback changed: PlaybackState {state=3, position=1969557, buffered position=0, speed=1.0, updated=3609486, actions=-1, custom actions=[], active item id=-1, error=null}
10-21 19:46:56.130 V/Avrcp ( 3244): MediaController playback changed: PlaybackState {state=3, position=1970174, buffered position=0, speed=1.0, updated=3609987, actions=-1, custom actions=[], active item id=-1, error=null}
10-21 19:46:56.594 I/Kernel ( 35): [ 3610.473620].(1)[35:kworker/1:1] ABB T=89600
10-21 19:46:56.647 V/Avrcp ( 3244): MediaController playback changed: PlaybackState {state=3, position=1970582, buffered position=0, speed=1.0, updated=3610504, actions=-1, custom actions=[], active item id=-1, error=null}
10-21 19:46:56.734 I/Kernel ( 29): [ 3610.613624].(0)[29:update_secureti]enter TEE_Icnt_time
10-21 19:46:56.734 I/Kernel ( 29): [ 3610.613908].(0)[29:update_secureti]update_securetime_thread_gb updata inc count
10-21 19:46:57.166 V/Avrcp ( 3244): MediaController playback changed: PlaybackState {state=3, position=1971196, buffered position=0, speed=1.0, updated=3611022, actions=-1, custom actions=[], active item id=-1, error=null}
10-21 19:46:57.594 I/Kernel ( 35): [ 3611.473640].(1)[35:kworker/1:1] ABB T=89800
10-21 19:46:57.685 V/Avrcp ( 3244): MediaController playback changed: PlaybackState {state=3, position=1971598, buffered position=0, speed=1.0, updated=3611540, actions=-1, custom actions=[], active item id=-1, error=null}
10-21 19:46:58.199 V/Avrcp ( 3244): MediaController playback changed: PlaybackState {state=3, position=1972214, buffered position=0, speed=1.0, updated=3612056, actions=-1, custom actions=[], active item id=-1, error=null}
10-21 19:46:58.594 I/Kernel ( 35): [ 3612.473624].(1)[35:kworker/1:1] ABB T=90000
10-21 19:46:58.700 V/Avrcp ( 3244): MediaController playback changed: PlaybackState {state=3, position=1972629, buffered position=0, speed=1.0, updated=3612557, actions=-1, custom actions=[], active item id=-1, error=null}
10-21 19:46:59.202 V/Avrcp ( 3244): MediaController playback changed: PlaybackState {state=3, position=1973249, buffered position=0, speed=1.0, updated=3613057, actions=-1, custom actions=[], active item id=-1, error=null}
10-21 19:46:59.594 I/Kernel ( 35): [ 3613.473653].(1)[35:kworker/1:1] ABB T=90700
10-21 19:46:59.635 I/MediaCodecLogger( 7530): com.android.mediaplayer.HW.video.avc.bitrateInKbps = 6664
10-21 19:46:59.717 V/Avrcp ( 3244): MediaController playback changed: PlaybackState {state=3, position=1973656, buffered position=0, speed=1.0, updated=3613574, actions=-1, custom actions=[], active item id=-1, error=null}
10-21 19:47:00.234 V/Avrcp ( 3244): MediaController playback changed: PlaybackState {state=3, position=1974282, buffered position=0, speed=1.0, updated=3614091, actions=-1, custom actions=[], active item id=-1, error=null}
10-21 19:47:00.594 I/Kernel ( 35): [ 3614.473638].(1)[35:kworker/1:1] ABB T=90500
10-21 19:47:00.752 V/Avrcp ( 3244): MediaController playback changed: PlaybackState {state=3, position=1974694, buffered position=0, speed=1.0, updated=3614608, actions=-1, custom actions=[], active item id=-1, error=null}
10-21 19:47:00.744 I/Kernel ( 8542): [ 3614.623710].(2)[8542:kworker/2:0][MUSB] USB is ready for connect
10-21 19:47:01.254 V/Avrcp ( 3244): MediaController playback changed: PlaybackState {state=3, position=1975308, buffered position=0, speed=1.0, updated=3615110, actions=-1, custom actions=[], active item id=-1, error=null}
10-21 19:47:01.594 I/Kernel ( 35): [ 3615.473641].(1)[35:kworker/1:1] ABB T=90500
10-21 19:47:01.734 I/Kernel ( 29): [ 3615.613596].(2)[29:update_secureti]enter TEE_Icnt_time
10-21 19:47:01.734 I/Kernel ( 29): [ 3615.613866].(2)[29:update_secureti]update_securetime_thread_gb updata inc count
10-21 19:47:01.769 V/Avrcp ( 3244): MediaController playback changed: PlaybackState {state=3, position=1975727, buffered position=0, speed=1.0, updated=3615626, actions=-1, custom actions=[], active item id=-1, error=null}
10-21 19:47:02.287 V/Avrcp ( 3244): MediaController playback changed: PlaybackState {state=3, position=1976340, buffered position=0, speed=1.0, updated=3616143, actions=-1, custom actions=[], active item id=-1, error=null}
10-21 19:47:02.447 I/main.wifi_log_levels( 9196): wifi_log_levels:rssi=-60;noise=-92;p2prssi=0;p2pnoise=-92;channel=6;btcparam27=0x6;txframe=17700;txbyte=1249289;txretrans=4585;txerror=0;rxframe=69900;rxbyte=103152032;rxerror=0;rxbadfcs=11576;rxbadplcp=154;rxcrsglitch=13377;rxstrt=63986;rxdfrmucastmbss=72861;txphyerror=0;
10-21 19:47:02.463 I/main.wifi_log_levels( 9199): wifi_log_levels:max_rssi=-58;min_rssi=-63;max_noise=-90;min_noise=-92;max_p2prssi=;min_p2prssi=;max_p2pnoise=-90;min_p2pnoise=-92
10-21 19:47:02.594 I/Kernel ( 35): [ 3616.473611].(1)[35:kworker/1:1] ABB T=89900
10-21 19:47:02.803 V/Avrcp ( 3244): MediaController playback changed: PlaybackState {state=3, position=1976742, buffered position=0, speed=1.0, updated=3616660, actions=-1, custom actions=[], active item id=-1, error=null}
10-21 19:47:03.321 V/Avrcp ( 3244): MediaController playback changed: PlaybackState {state=3, position=1977361, buffered position=0, speed=1.0, updated=3617177, actions=-1, custom actions=[], active item id=-1, error=null}
10-21 19:47:03.594 I/Kernel ( 35): [ 3617.473611].(1)[35:kworker/1:1] ABB T=90300
10-21 19:47:03.822 V/Avrcp ( 3244): MediaController playback changed: PlaybackState {state=3, position=1977778, buffered position=0, speed=1.0, updated=3617678, actions=-1, custom actions=[], active item id=-1, error=null}
10-21 19:47:04.339 V/Avrcp ( 3244): MediaController playback changed: PlaybackState {state=3, position=1978400, buffered position=0, speed=1.0, updated=3618195, actions=-1, custom actions=[], active item id=-1, error=null}
10-21 19:47:04.594 I/Kernel ( 35): [ 3618.473600].(1)[35:kworker/1:1] ABB T=90000
10-21 19:47:04.716 I/MediaCodecLogger( 7530): com.android.mediaplayer.HW.video.avc.bitrateInKbps = 5474
10-21 19:47:04.856 V/Avrcp ( 3244): MediaController playback changed: PlaybackState {state=3, position=1978817, buffered position=0, speed=1.0, updated=3618712, actions=-1, custom actions=[], active item id=-1, error=null}
10-21 19:47:05.356 V/Avrcp ( 3244): MediaController playback changed: PlaybackState {state=3, position=1979229, buffered position=0, speed=1.0, updated=3619213, actions=-1, custom actions=[], active item id=-1, error=null}
10-21 19:47:05.594 I/Kernel ( 35): [ 3619.473627].(1)[35:kworker/1:1] ABB T=90000
10-21 19:47:05.859 V/Avrcp ( 3244): MediaController playback changed: PlaybackState {state=3, position=1979858, buffered position=0, speed=1.0, updated=3619714, actions=-1, custom actions=[], active item id=-1, error=null}
10-21 19:47:06.374 V/Avrcp ( 3244): MediaController playback changed: PlaybackState {state=3, position=1980271, buffered position=0, speed=1.0, updated=3620231, actions=-1, custom actions=[], active item id=-1, error=null}
10-21 19:47:06.594 I/Kernel ( 35): [ 3620.473623].(1)[35:kworker/1:1] ABB T=89800
10-21 19:47:06.734 I/Kernel ( 29): [ 3620.613603].(2)[29:update_secureti]enter TEE_Icnt_time
10-21 19:47:06.734 I/Kernel ( 29): [ 3620.613880].(2)[29:update_secureti]update_securetime_thread_gb updata inc count
10-21 19:47:06.764 I/Kernel ( 8542): [ 3620.643580].(2)[8542:kworker/2:0][MUSB] USB is ready for connect
10-21 19:47:06.874 V/Avrcp ( 3244): MediaController playback changed: PlaybackState {state=3, position=1980890, buffered position=0, speed=1.0, updated=3620731, actions=-1, custom actions=[], active item id=-1, error=null}
10-21 19:47:07.392 V/Avrcp ( 3244): MediaController playback changed: PlaybackState {state=3, position=1981305, buffered position=0, speed=1.0, updated=3621248, actions=-1, custom actions=[], active item id=-1, error=null}
10-21 19:47:07.594 I/Kernel ( 35): [ 3621.473625].(1)[35:kworker/1:1] ABB T=90300
10-21 19:47:07.909 V/Avrcp ( 3244): MediaController playback changed: PlaybackState {state=3, position=1981920, buffered position=0, speed=1.0, updated=3621765, actions=-1, custom actions=[], active item id=-1, error=null}
10-21 19:47:08.410 V/Avrcp ( 3244): MediaController playback changed: PlaybackState {state=3, position=1982326, buffered position=0, speed=1.0, updated=3622266, actions=-1, custom actions=[], active item id=-1, error=null}
10-21 19:47:08.594 I/Kernel ( 35): [ 3622.473608].(1)[35:kworker/1:1] ABB T=90300
10-21 19:47:08.927 V/Avrcp ( 3244): MediaController playback changed: PlaybackState {state=3, position=1982940, buffered position=0, speed=1.0, updated=3622783, actions=-1, custom actions=[], active item id=-1, error=null}
10-21 19:47:09.014 I/Kernel ( 0): [ 3622.893543]-(1)[0:swapper/1][printk_delayed:start]
10-21 19:47:09.014 I/Kernel ( 0): [ 3622.893581]-(1)[0:swapper/1][WDK], local_bit:0x8, cpu:1,RT[3622883613902]
10-21 19:47:09.014 I/Kernel ( 0): [ 3622.893581][WDK], local_bit:0xa, cpu:1, check bit0x:f,RT[3622883632286]
10-21 19:47:09.014 I/Kernel ( 0): [ 3622.893581][thread:60][RT:3622883641440] 2019-10-21 17:47:09.12008 UTC; android time 2019-10-21 18:47:09.12008
10-21 19:47:09.014 I/Kernel ( 0): [ 3622.893740]-(1)[0:swapper/1][printk_delayed:done]
10-21 19:47:09.024 I/Kernel ( 0): [ 3622.903538]-(0)[0:swapper/0][printk_delayed:start]
10-21 19:47:09.024 I/Kernel ( 0): [ 3622.903546]-(2)[0:swapper/2][printk_delayed:start]
10-21 19:47:09.024 I/Kernel ( 0): [ 3622.903562]-(2)[0:swapper/2][WDK], local_bit:0xb, cpu:2,RT[3622893584286]
10-21 19:47:09.024 I/Kernel ( 0): [ 3622.903562][WDK], local_bit:0xf, cpu:2, check bit0x:f,RT[3622893589209]
10-21 19:47:09.024 I/Kernel ( 0): [ 3622.903562][WDK]: kick Ex WDT,RT[3622893592748]
10-21 19:47:09.024 I/Kernel ( 0): [ 3622.903562][thread:61][RT:3622893742440] 2019-10-21 17:47:09.22111 UTC; android time 2019-10-21 18:47:09.22111
10-21 19:47:09.024 I/Kernel ( 0): [ 3622.903567]-(2)[0:swapper/2][printk_delayed:done]
10-21 19:47:09.024 I/Kernel ( 0): [ 3622.903615]-(0)[0:swapper/0][WDK], local_bit:0xa, cpu:0,RT[3622893573902]
10-21 19:47:09.024 I/Kernel ( 0): [ 3622.903615][WDK], local_bit:0xb, cpu:0, check bit0x:f,RT[3622893579979]
10-21 19:47:09.024 I/Kernel ( 0): [ 3622.903615][thread:59][RT:3622893586825] 2019-10-21 17:47:09.21954 UTC; android time 2019-10-21 18:47:09.21954
10-21 19:47:09.024 I/Kernel ( 0): [ 3622.903639]-(0)[0:swapper/0][printk_delayed:done]
10-21 19:47:09.447 V/Avrcp ( 3244): MediaController playback changed: PlaybackState {state=3, position=1983349, buffered position=0, speed=1.0, updated=3623300, actions=-1, custom actions=[], active item id=-1, error=null}
10-21 19:47:09.444 I/Kernel ( 434): [ 3623.323578][hdmi]#1506
10-21 19:47:09.444 I/Kernel ( 434): [hdmi] list empty 120500, sleeping
10-21 19:47:09.594 I/Kernel ( 35): [ 3623.473619].(1)[35:kworker/1:1] ABB T=90300
10-21 19:47:09.734 I/Kernel ( 0): [ 3623.613540]-(3)[0:swapper/3][printk_delayed:start]
10-21 19:47:09.734 I/Kernel ( 0): [ 3623.613577]-(3)[0:swapper/3][WDK], local_bit:0x0, cpu:3,RT[3623603563902]
10-21 19:47:09.734 I/Kernel ( 0): [ 3623.613577][WDK], local_bit:0x8, cpu:3, check bit0x:f,RT[3623603578286]
10-21 19:47:09.734 I/Kernel ( 0): [ 3623.613577][thread:62][RT:3623603585825] 2019-10-21 17:47:09.731953 UTC; android time 2019-10-21 18:47:09.731953
10-21 19:47:09.734 I/Kernel ( 0): [ 3623.613601]-(3)[0:swapper/3][printk_delayed:done]
10-21 19:47:09.751 I/MediaCodecLogger( 7530): com.android.mediaplayer.HW.video.avc.bitrateInKbps = 8167
10-21 19:47:09.945 V/Avrcp ( 3244): MediaController playback changed: PlaybackState {state=3, position=1983971, buffered position=0, speed=1.0, updated=3623801, actions=-1, custom actions=[], active item id=-1, error=null}
10-21 19:47:10.462 V/Avrcp ( 3244): MediaController playback changed: PlaybackState {state=3, position=1984388, buffered position=0, speed=1.0, updated=3624318, actions=-1, custom actions=[], active item id=-1, error=null}
10-21 19:47:10.594 I/Kernel ( 35): [ 3624.473606].(1)[35:kworker/1:1] ABB T=89600
10-21 19:47:10.979 V/Avrcp ( 3244): MediaController playback changed: PlaybackState {state=3, position=1985009, buffered position=0, speed=1.0, updated=3624835, actions=-1, custom actions=[], active item id=-1, error=null}
10-21 19:47:11.498 V/Avrcp ( 3244): MediaController playback changed: PlaybackState {state=3, position=1985417, buffered position=0, speed=1.0, updated=3625352, actions=-1, custom actions=[], active item id=-1, error=null}
10-21 19:47:11.594 I/Kernel ( 35): [ 3625.473593].(1)[35:kworker/1:1] ABB T=89600
10-21 19:47:11.734 I/Kernel ( 29): [ 3625.613595].(2)[29:update_secureti]enter TEE_Icnt_time
10-21 19:47:11.734 I/Kernel ( 29): [ 3625.613986].(2)[29:update_secureti]update_securetime_thread_gb updata inc count
10-21 19:47:12.008 I/SysfsTemperatureObserverBase( 979): MetricsTimerUpdateTask wifiRemotePairedState=bluetooth
10-21 19:47:12.009 I/SysfsTemperatureObserverBase( 979): MetricsTimerUpdateTask tmon_mtktsabb_screen_on_bluetooth=89600
10-21 19:47:12.009 I/SysfsTemperatureObserverBase( 979): MetricsTimerUpdateTask tmon_mtkts_bts0_screen_on_bluetooth=74000
10-21 19:47:12.010 I/SysfsTemperatureObserverBase( 979): MetricsTimerUpdateTask tmon_mtkts_bts1_screen_on_bluetooth=72000
10-21 19:47:12.011 I/SysfsTemperatureObserverBase( 979): MetricsTimerUpdateTask tmon_mtktscpu_screen_on_bluetooth=89200
10-21 19:47:12.012 I/SysfsTemperatureObserverBase( 979): MetricsTimerUpdateTask tmon_virtual_sensor_screen_on_bluetooth=46380
10-21 19:47:11.994 I/Kernel ( 979): [ 3625.880596].(2)[1069:Timer-1] ABB T=89600
10-21 19:47:12.013 I/LoggerMetricsFactoryImpl( 979): ThermalEvent:tmon:tmon_mtktsabb_screen_on_bluetooth=89600.0;CT;1,tmon_virtual_sensor_screen_on_bluetooth=46380.0;CT;1,tmon_mtkts_bts1_screen_on_bluetooth=72000.0;CT;1,tmon_mtkts_bts0_screen_on_bluetooth=74000.0;CT;1,tmon_mtktscpu_screen_on_bluetooth=89200.0;CT;1:NR
10-21 19:47:12.014 V/Avrcp ( 3244): MediaController playback changed: PlaybackState {state=3, position=1986033, buffered position=0, speed=1.0, updated=3625870, actions=-1, custom actions=[], active item id=-1, error=null}
10-21 19:47:12.532 V/Avrcp ( 3244): MediaController playback changed: PlaybackState {state=3, position=1986450, buffered position=0, speed=1.0, updated=3626388, actions=-1, custom actions=[], active item id=-1, error=null}
10-21 19:47:12.594 I/Kernel ( 35): [ 3626.473641].(1)[35:kworker/1:1] ABB T=89800
10-21 19:47:12.784 I/Kernel ( 8542): [ 3626.663608].(2)[8542:kworker/2:0][MUSB] USB is ready for connect
10-21 19:47:13.049 V/Avrcp ( 3244): MediaController playback changed: PlaybackState {state=3, position=1987065, buffered position=0, speed=1.0, updated=3626904, actions=-1, custom actions=[], active item id=-1, error=null}
10-21 19:47:13.566 V/Avrcp ( 3244): MediaController playback changed: PlaybackState {state=3, position=1987481, buffered position=0, speed=1.0, updated=3627421, actions=-1, custom actions=[], active item id=-1, error=null}
10-21 19:47:13.594 I/Kernel ( 35): [ 3627.473607].(1)[35:kworker/1:1] ABB T=90500
10-21 19:47:14.082 V/Avrcp ( 3244): MediaController playback changed: PlaybackState {state=3, position=1988094, buffered position=0, speed=1.0, updated=3627938, actions=-1, custom actions=[], active item id=-1, error=null}
10-21 19:47:14.582 V/Avrcp ( 3244): MediaController playback changed: PlaybackState {state=3, position=1988504, buffered position=0, speed=1.0, updated=3628439, actions=-1, custom actions=[], active item id=-1, error=null}
10-21 19:47:14.594 I/Kernel ( 35): [ 3628.473619].(1)[35:kworker/1:1] ABB T=89800
10-21 19:47:14.789 I/MediaCodecLogger( 7530): com.android.mediaplayer.HW.video.avc.bitrateInKbps = 8102
