10-21 19:57:21.734 I/Kernel ( 29): [ 4235.613678].(3)[29:update_secureti]enter TEE_Icnt_time
10-21 19:57:21.734 I/Kernel ( 29): [ 4235.614186].(3)[29:update_secureti]update_securetime_thread_gb updata inc count
10-21 19:57:22.594 I/Kernel ( 9266): [ 4236.473676].(1)[9266:kworker/1:0] ABB T=105400
10-21 19:57:23.594 I/Kernel ( 9266): [ 4237.473705].(1)[9266:kworker/1:0] ABB T=105400
10-21 19:57:24.444 I/Kernel ( 434): [ 4238.323659][hdmi]#1506
10-21 19:57:24.444 I/Kernel ( 434): [hdmi] list empty 141000, sleeping
10-21 19:57:24.594 I/Kernel ( 9266): [ 4238.473739].(1)[9266:kworker/1:0] ABB T=105700
10-21 19:57:25.594 I/Kernel ( 9266): [ 4239.473704].(1)[9266:kworker/1:0] ABB T=105800
10-21 19:57:26.594 I/Kernel ( 9266): [ 4240.473663].(1)[9266:kworker/1:0] ABB T=104600
10-21 19:57:26.734 I/Kernel ( 29): [ 4240.613654].(1)[29:update_secureti]enter TEE_Icnt_time
10-21 19:57:26.734 I/Kernel ( 29): [ 4240.614063].(1)[29:update_secureti]update_securetime_thread_gb updata inc count
10-21 19:57:26.824 I/Kernel ( 8542): [ 4240.703716].(2)[8542:kworker/2:0][MUSB] USB is ready for connect
10-21 19:57:27.594 I/Kernel ( 9266): [ 4241.473702].(1)[9266:kworker/1:0] ABB T=105700
10-21 19:57:27.924 I/Kernel ( 1374): [ 4241.806705]-(2)[1374:usb-tx-thread][MUSBFSH] musbfsh_host_tx 1222: extra TX2 ready, csr 0000
10-21 19:57:28.594 I/Kernel ( 9266): [ 4242.473697].(1)[9266:kworker/1:0] ABB T=105000
10-21 19:57:29.324 I/Kernel ( 0): [ 4243.203561]-(1)[0:swapper/1][printk_delayed:start]
10-21 19:57:29.324 I/Kernel ( 0): [ 4243.203616]-(1)[0:swapper/1][WDK], local_bit:0x8, cpu:1,RT[4243193626015]
10-21 19:57:29.324 I/Kernel ( 0): [ 4243.203616][WDK], local_bit:0xa, cpu:1, check bit0x:f,RT[4243193658169]
10-21 19:57:29.324 I/Kernel ( 0): [ 4243.203616][thread:60][RT:4243193671784] 2019-10-21 17:57:29.322037 UTC; android time 2019-10-21 18:57:29.322037
10-21 19:57:29.324 I/Kernel ( 0): [ 4243.203782]-(1)[0:swapper/1][printk_delayed:done]
10-21 19:57:29.334 I/Kernel ( 0): [ 4243.213577]-(2)[0:swapper/2][printk_delayed:start]
10-21 19:57:29.334 I/Kernel ( 0): [ 4243.213593]-(0)[0:swapper/0][printk_delayed:start]
10-21 19:57:29.334 I/Kernel ( 0): [ 4243.213624]-(0)[0:swapper/0][WDK], local_bit:0xa, cpu:0,RT[4243203608169]
10-21 19:57:29.334 I/Kernel ( 0): [ 4243.213624][WDK], local_bit:0xb, cpu:0, check bit0x:f,RT[4243203618399]
10-21 19:57:29.334 I/Kernel ( 0): [ 4243.213624][thread:59][RT:4243203628784] 2019-10-21 17:57:29.331995 UTC; android time 2019-10-21 18:57:29.331995
10-21 19:57:29.334 I/Kernel ( 0): [ 4243.213632]-(0)[0:swapper/0][printk_delayed:done]
10-21 19:57:29.334 I/Kernel ( 0): [ 4243.213716]-(2)[0:swapper/2][WDK], local_bit:0xb, cpu:2,RT[4243203627707]
10-21 19:57:29.334 I/Kernel ( 0): [ 4243.213716][WDK], local_bit:0xf, cpu:2, check bit0x:f,RT[4243203636169]
10-21 19:57:29.334 I/Kernel ( 0): [ 4243.213716][WDK]: kick Ex WDT,RT[4243203641861]
10-21 19:57:29.334 I/Kernel ( 0): [ 4243.213716][thread:61][RT:4243203785015] 2019-10-21 17:57:29.332153 UTC; android time 2019-10-21 18:57:29.332153
10-21 19:57:29.334 I/Kernel ( 0): [ 4243.213767]-(2)[0:swapper/2][printk_delayed:done]
10-21 19:57:29.594 I/Kernel ( 9266): [ 4243.473688].(1)[9266:kworker/1:0] ABB T=105400
10-21 19:57:29.774 I/Kernel ( 7530): [ 4243.663044]-(2)[9674:Thread-769][MUSBFSH] musbfsh_host_tx 1222: extra TX2 ready, csr 0000
10-21 19:57:30.044 I/Kernel ( 0): [ 4243.923559]-(3)[0:swapper/3][printk_delayed:start]
10-21 19:57:30.044 I/Kernel ( 0): [ 4243.923615]-(3)[0:swapper/3][WDK], local_bit:0x0, cpu:3,RT[4243913670784]
10-21 19:57:30.044 I/Kernel ( 0): [ 4243.923615][WDK], local_bit:0x8, cpu:3, check bit0x:f,RT[4243913698246]
10-21 19:57:30.044 I/Kernel ( 0): [ 4243.923615][thread:62][RT:4243913714015] 2019-10-21 17:57:30.42078 UTC; android time 2019-10-21 18:57:30.42078
10-21 19:57:30.044 I/Kernel ( 0): [ 4243.923655]-(3)[0:swapper/3][printk_delayed:done]
10-21 19:57:30.594 I/Kernel ( 9266): [ 4244.473731].(1)[9266:kworker/1:0] ABB T=104800
10-21 19:57:31.594 I/Kernel ( 9266): [ 4245.473737].(1)[9266:kworker/1:0] ABB T=105500
10-21 19:57:31.734 I/Kernel ( 29): [ 4245.613737].(1)[29:update_secureti]enter TEE_Icnt_time
10-21 19:57:31.734 I/Kernel ( 29): [ 4245.614240].(1)[29:update_secureti]update_securetime_thread_gb updata inc count
10-21 19:57:31.744 I/Kernel ( 140): [ 4245.629324]-(2)[140:surfaceflinger][MUSBFSH] musbfsh_host_tx 1291: extra TX2 ready, csr 1000
10-21 19:57:32.594 I/Kernel ( 9266): [ 4246.473679].(1)[9266:kworker/1:0] ABB T=105000
10-21 19:57:32.844 I/Kernel ( 8542): [ 4246.723834].(2)[8542:kworker/2:0][MUSB] USB is ready for connect
10-21 19:57:32.884 I/Kernel ( 7530): [ 4246.768496]-(2)[9674:Thread-769][MUSBFSH] musbfsh_host_tx 1222: extra TX2 ready, csr 0000
10-21 19:57:33.594 I/Kernel ( 9266): [ 4247.473751].(1)[9266:kworker/1:0] ABB T=105800
10-21 19:57:34.001 I/TComm.HeartbeatBroadcas( 1423): onReceive - received intent; Intent { act=com.amazon.intent.action.NOS_DATA_TRANSFER typ=199076139 flg=0x14 cmp=com.amazon.tcomm/com.amazon.communication.heartbeat.HeartbeatBroadcastReceiver (has extras) }
10-21 19:57:34.003 I/TComm.HeartbeatConnecti( 1423): onHeartbeatNotification - time to heartbeat; attribute: DEFAULT, registrationId: 199076139
10-21 19:57:34.020 I/TComm.HeartbeatConnecti( 1423): getSocketToHeartbeat - active socket found; registrationId: 199076139, socketHeartbeatState: SocketHeartbeatState: socket: {1: wss://dp-gw-na.amazon.com:443/tcomm/}(TUNING_FINISHED) Purpose:Regular; Attributes: SECURE;REUSABLE;, socket hashCode: 10512175, idleTimeBeforeHeartbeat: 0, heartbeatResponseReceived: false, heartbeatAttempts: 0, heartbeatState: mHid: ConservativeHID: lastKnownGoodIntervalMillis: 235000, mRegistrationId: 199076139, mIsHeartbeatPaused: true
10-21 19:57:34.024 I/TComm.HeartbeatConnecti( 1423): run - begin health check; registrationId: 199076139
10-21 19:57:34.041 I/TComm.HeartbeatConnecti( 1423): getSocketToHeartbeat - active socket found; registrationId: 199076139, socketHeartbeatState: SocketHeartbeatState: socket: {1: wss://dp-gw-na.amazon.com:443/tcomm/}(TUNING_FINISHED) Purpose:Regular; Attributes: SECURE;REUSABLE;, socket hashCode: 10512175, idleTimeBeforeHeartbeat: 0, heartbeatResponseReceived: false, heartbeatAttempts: 0, heartbeatState: mHid: ConservativeHID: lastKnownGoodIntervalMillis: 235000, mRegistrationId: 199076139, mIsHeartbeatPaused: true
10-21 19:57:34.098 I/TComm.HeartbeatConnecti( 1423): enqueueScheduleHeartbeatNotification - enqueue task; SocketHeartbeatState: socket: {1: wss://dp-gw-na.amazon.com:443/tcomm/}(TUNING_FINISHED) Purpose:Regular; Attributes: SECURE;REUSABLE;, socket hashCode: 10512175, idleTimeBeforeHeartbeat: 0, heartbeatResponseReceived: false, heartbeatAttempts: 0, heartbeatState: mHid: ConservativeHID: lastKnownGoodIntervalMillis: 235000, mRegistrationId: 199076139, mIsHeartbeatPaused: true: SocketHeartbeatState: socket: {1: wss://dp-gw-na.amazon.com:443/tcomm/}(TUNING_FINISHED) Purpose:Regular; Attributes: SECURE;REUSABLE;, socket hashCode: 10512175, idleTimeBeforeHeartbeat: 0, heartbeatResponseReceived: false, heartbeatAttempts: 0, heartbeatState: mHid: ConservativeHID: lastKnownGoodIntervalMillis: 235000, mRegistrationId: 199076139, mIsHeartbeatPaused: true
10-21 19:57:34.225 I/TComm.HeartbeatConnecti( 1423): run - schedule heartbeat; registrationId: 199076139, intervalMin: 220000, intervalMax: 235000, socketInfo: SocketHeartbeatState: socket: {1: wss://dp-gw-na.amazon.com:443/tcomm/}(TUNING_FINISHED) Purpose:Regular; Attributes: SECURE;REUSABLE;, socket hashCode: 10512175, idleTimeBeforeHeartbeat: 0, heartbeatResponseReceived: false, heartbeatAttempts: 0, heartbeatState: mHid: ConservativeHID: lastKnownGoodIntervalMillis: 235000, mRegistrationId: 199076139, mIsHeartbeatPaused: true
10-21 19:57:34.230 I/GenericNetworkOptimizationManagerImpl( 1423): Setting inexact alarm: delay=220000, length=15000
10-21 19:57:34.233 D/GenericNetworkOptimizationManagerImpl( 1423): Registered: ComponentInfo{com.amazon.tcomm/com.amazon.communication.heartbeat.HeartbeatBroadcastReceiver}; Registration ID: 199076139; Data Size KB: 1; Min Delay Millis: 220000; Max Delay Millis: 235000; Repeat Interval Millis: 0; Mobile?: true; WIFI?: true; Roaming?: falseRequire Charing?: falseRequire Device Idle?: false
10-21 19:57:34.259 I/art ( 1423): Background partial concurrent mark sweep GC freed 20577(795KB) AllocSpace objects, 0(0B) LOS objects, 8% free, 5MB/5MB, paused 3.699ms total 100.645ms
10-21 19:57:34.269 I/TComm.HeartbeatConnecti( 1423): run - sending heartbeat; socketHeartbeatState: SocketHeartbeatState: socket: {1: wss://dp-gw-na.amazon.com:443/tcomm/}(TUNING_FINISHED) Purpose:Regular; Attributes: SECURE;REUSABLE;, socket hashCode: 10512175, idleTimeBeforeHeartbeat: 0, heartbeatResponseReceived: false, heartbeatAttempts: 0, heartbeatState: mHid: ConservativeHID: lastKnownGoodIntervalMillis: 235000, mRegistrationId: 199076139, mIsHeartbeatPaused: true
10-21 19:57:34.418 I/TComm.HeartbeatConnecti( 1423): onHeartbeatReceived - response received; registrationId: 199076139, destination: urn:tcomm-endpoint:service:serviceName:DPGatewayService, socketHashCode: 10512175
10-21 19:57:34.447 D/AndroidAlexa( 1385): Calling getApiGateway. apiGateway: null - mConnectionInFlight: false - mInRetryMode: true
10-21 19:57:34.448 D/AndroidAlexa( 1385): Initiating connection to the API Gateway
10-21 19:57:34.452 I/AndroidAlexa( 1385): API Gateway Retry Connection. Attempt: 76
10-21 19:57:34.470 I/TComm.HeartbeatConnecti( 1423): run - finish health check; socketHeartbeatState: SocketHeartbeatState: socket: {1: wss://dp-gw-na.amazon.com:443/tcomm/}(TUNING_FINISHED) Purpose:Regular; Attributes: SECURE;REUSABLE;, socket hashCode: 10512175, idleTimeBeforeHeartbeat: 220393, heartbeatResponseReceived: true, heartbeatAttempts: 1, heartbeatState: mHid: ConservativeHID: lastKnownGoodIntervalMillis: 235000, mRegistrationId: 199076139, mIsHeartbeatPaused: true
10-21 19:57:34.510 I/TComm.HeartbeatConnecti( 1423): enqueueScheduleHeartbeatNotification - enqueue task; SocketHeartbeatState: socket: {1: wss://dp-gw-na.amazon.com:443/tcomm/}(TUNING_FINISHED) Purpose:Regular; Attributes: SECURE;REUSABLE;, socket hashCode: 10512175, idleTimeBeforeHeartbeat: 220393, heartbeatResponseReceived: true, heartbeatAttempts: 1, heartbeatState: mHid: ConservativeHID: lastKnownGoodIntervalMillis: 235000, mRegistrationId: 199076139, mIsHeartbeatPaused: true: SocketHeartbeatState: socket: {1: wss://dp-gw-na.amazon.com:443/tcomm/}(TUNING_FINISHED) Purpose:Regular; Attributes: SECURE;REUSABLE;, socket hashCode: 10512175, idleTimeBeforeHeartbeat: 220393, heartbeatResponseReceived: true, heartbeatAttempts: 1, heartbeatState: mHid: ConservativeHID: lastKnownGoodIntervalMillis: 235000, mRegistrationId: 199076139, mIsHeartbeatPaused: true
10-21 19:57:34.602 I/TComm.HeartbeatConnecti( 1423): run - schedule heartbeat; registrationId: 199076139, intervalMin: 220000, intervalMax: 235000, socketInfo: SocketHeartbeatState: socket: {1: wss://dp-gw-na.amazon.com:443/tcomm/}(TUNING_FINISHED) Purpose:Regular; Attributes: SECURE;REUSABLE;, socket hashCode: 10512175, idleTimeBeforeHeartbeat: 220393, heartbeatResponseReceived: true, heartbeatAttempts: 1, heartbeatState: mHid: ConservativeHID: lastKnownGoodIntervalMillis: 235000, mRegistrationId: 199076139, mIsHeartbeatPaused: true
10-21 19:57:34.604 I/GenericNetworkOptimizationManagerImpl( 1423): Setting inexact alarm: delay=220000, length=15000
10-21 19:57:34.609 D/GenericNetworkOptimizationManagerImpl( 1423): Registered: ComponentInfo{com.amazon.tcomm/com.amazon.communication.heartbeat.HeartbeatBroadcastReceiver}; Registration ID: 199076139; Data Size KB: 1; Min Delay Millis: 220000; Max Delay Millis: 235000; Repeat Interval Millis: 0; Mobile?: true; WIFI?: true; Roaming?: falseRequire Charing?: falseRequire Device Idle?: false
10-21 19:57:34.594 I/Kernel ( 9266): [ 4248.473742].(1)[9266:kworker/1:0] ABB T=106600
10-21 19:57:34.634 I/Kernel ( 7530): [ 4248.515232]-(2)[9662:Thread-768][MUSBFSH] musbfsh_host_tx 1222: extra TX2 ready, csr 0000
10-21 19:57:35.594 I/Kernel ( 9266): [ 4249.473762].(1)[9266:kworker/1:0] ABB T=106100
10-21 19:57:36.594 I/Kernel ( 9266): [ 4250.473730].(1)[9266:kworker/1:0] ABB T=106400
10-21 19:57:36.734 I/Kernel ( 29): [ 4250.613631].(1)[29:update_secureti]enter TEE_Icnt_time
10-21 19:57:36.734 I/Kernel ( 29): [ 4250.614116].(1)[29:update_secureti]update_securetime_thread_gb updata inc count
10-21 19:57:37.594 I/Kernel ( 9266): [ 4251.473734].(1)[9266:kworker/1:0] ABB T=106000
10-21 19:57:38.594 I/Kernel ( 9266): [ 4252.473677].(1)[9266:kworker/1:0] ABB T=106300
10-21 19:57:38.864 I/Kernel ( 8542): [ 4252.743736].(2)[8542:kworker/2:0][MUSB] USB is ready for connect
10-21 19:57:39.444 I/Kernel ( 434): [ 4253.323644][hdmi]#1506
10-21 19:57:39.444 I/Kernel ( 434): [hdmi] list empty 141500, sleeping
10-21 19:57:39.594 I/Kernel ( 9266): [ 4253.473778].(1)[9266:kworker/1:0] ABB T=106300
10-21 19:57:39.724 I/Kernel ( 7530): [ 4253.606412]-(2)[9674:Thread-769][MUSBFSH] musbfsh_host_tx 1222: extra TX2 ready, csr 0000
10-21 19:57:40.594 I/Kernel ( 9266): [ 4254.473750].(1)[9266:kworker/1:0] ABB T=105400
10-21 19:57:41.314 I/Kernel ( 7530): [ 4255.202031]-(2)[9662:Thread-768][MUSBFSH] musbfsh_host_tx 1222: extra TX2 ready, csr 0000
10-21 19:57:41.594 I/Kernel ( 9266): [ 4255.473711].(1)[9266:kworker/1:0] ABB T=105900
10-21 19:57:41.734 I/Kernel ( 29): [ 4255.613645].(1)[29:update_secureti]enter TEE_Icnt_time
10-21 19:57:41.734 I/Kernel ( 29): [ 4255.614154].(1)[29:update_secureti]update_securetime_thread_gb updata inc count
10-21 19:57:41.856 I/SPCH-SIM_PowerManagerWrapper( 1385): releaseWakeLockIfHeld isHeld=false
10-21 19:57:42.594 I/Kernel ( 9266): [ 4256.473768].(1)[9266:kworker/1:0] ABB T=106800
10-21 19:57:43.594 I/Kernel ( 9266): [ 4257.473637].(1)[9266:kworker/1:0] ABB T=106300
10-21 19:57:44.094 I/Kernel ( 0): [ 4257.977585]-(2)[0:swapper/2][MUSBFSH] musbfsh_host_tx 1222: extra TX2 ready, csr 0000
10-21 19:57:44.594 I/Kernel ( 9266): [ 4258.473713].(1)[9266:kworker/1:0] ABB T=106000
10-21 19:57:44.744 I/Kernel ( 7530): [ 4258.631391]-(2)[9662:Thread-768][MUSBFSH] musbfsh_host_tx 1222: extra TX2 ready, csr 0000
10-21 19:57:44.884 I/Kernel ( 8542): [ 4258.763713].(2)[8542:kworker/2:0][MUSB] USB is ready for connect
10-21 19:57:45.594 I/Kernel ( 9266): [ 4259.473730].(1)[9266:kworker/1:0] ABB T=106000
10-21 19:57:46.594 I/Kernel ( 9266): [ 4260.473732].(1)[9266:kworker/1:0] ABB T=107000
10-21 19:57:46.734 I/Kernel ( 29): [ 4260.613679].(1)[29:update_secureti]enter TEE_Icnt_time
10-21 19:57:46.734 I/Kernel ( 29): [ 4260.614085].(1)[29:update_secureti]update_securetime_thread_gb updata inc count
10-21 19:57:47.594 I/Kernel ( 9266): [ 4261.474059].(1)[9266:kworker/1:0] ABB T=106100
10-21 19:57:48.594 I/Kernel ( 9266): [ 4262.473723].(1)[9266:kworker/1:0] ABB T=106600
10-21 19:57:49.334 I/Kernel ( 0): [ 4263.213557]-(1)[0:swapper/1][printk_delayed:start]
10-21 19:57:49.334 I/Kernel ( 0): [ 4263.213611]-(1)[0:swapper/1][WDK], local_bit:0x8, cpu:1,RT[4263203617247]
10-21 19:57:49.334 I/Kernel ( 0): [ 4263.213611][WDK], local_bit:0xa, cpu:1, check bit0x:f,RT[4263203633478]
10-21 19:57:49.334 I/Kernel ( 0): [ 4263.213611][thread:60][RT:4263203644401] 2019-10-21 17:57:49.332011 UTC; android time 2019-10-21 18:57:49.332011
10-21 19:57:49.334 I/Kernel ( 0): [ 4263.213759]-(1)[0:swapper/1][printk_delayed:done]
10-21 19:57:49.344 I/Kernel ( 7530): [ 4263.223589]-(2)[9674:Thread-769]
10-21 19:57:49.344 I/Kernel ( 7530): [ 4263.223605]-(0)[273:Binder_2][printk_delayed:start]
10-21 19:57:49.344 I/Kernel ( 7530): [ 4263.223632]-(0)[273:Binder_2][WDK], local_bit:0xe, cpu:0,RT[4263213616093]
10-21 19:57:49.344 I/Kernel ( 7530): [ 4263.223632][WDK], local_bit:0xf, cpu:0, check bit0x:f,RT[4263213624401]
10-21 19:57:49.344 I/Kernel ( 7530): [ 4263.223632][WDK]: kick Ex WDT,RT[4263213630170]
10-21 19:57:49.344 I/Kernel ( 7530): [ 4263.223632][thread:59][RT:4263213762939] 2019-10-21 17:57:49.342131 UTC; android time 2019-10-21 18:57:49.342131
10-21 19:57:49.344 I/Kernel ( 7530): [ 4263.223641]-(0)[273:Binder_2][printk_delayed:done]
10-21 19:57:49.344 I/Kernel ( 7530): [ 4263.223725]-(2)[9674:Thread-769][WDK], local_bit:0xa, cpu:2,RT[4263213597555]
10-21 19:57:49.344 I/Kernel ( 7530): [ 4263.223725][WDK], local_bit:0xe, cpu:2, check bit0x:f,RT[4263213608247]
10-21 19:57:49.344 I/Kernel ( 7530): [ 4263.223725][thread:61][RT:4263213618401] 2019-10-21 17:57:49.341985 UTC; android time 2019-10-21 18:57:49.341985
10-21 19:57:49.344 I/Kernel ( 7530): [ 4263.223766]-(2)[9674:Thread-769][printk_delayed:done]
10-21 19:57:49.594 I/Kernel ( 9266): [ 4263.473704].(1)[9266:kworker/1:0] ABB T=105800
10-21 19:57:50.054 I/Kernel ( 7530): [ 4263.933566]-(3)[7550:Thread-732][printk_delayed:start]
10-21 19:57:50.054 I/Kernel ( 7530): [ 4263.933631]-(3)[7550:Thread-732][WDK], local_bit:0x0, cpu:3,RT[4263923649324]
10-21 19:57:50.054 I/Kernel ( 7530): [ 4263.933631][WDK], local_bit:0x8, cpu:3, check bit0x:f,RT[4263923673785]
10-21 19:57:50.054 I/Kernel ( 7530): [ 4263.933631][thread:62][RT:4263923687093] 2019-10-21 17:57:50.52053 UTC; android time 2019-10-21 18:57:50.52053
10-21 19:57:50.054 I/Kernel ( 7530): [ 4263.933672]-(3)[7550:Thread-732][printk_delayed:done]
10-21 19:57:50.214 I/Kernel ( 7530): [ 4264.100513]-(2)[7550:Thread-732][MUSBFSH] musbfsh_host_tx 1222: extra TX2 ready, csr 0000
10-21 19:57:50.594 I/Kernel ( 9266): [ 4264.473729].(1)[9266:kworker/1:0] ABB T=107500
10-21 19:57:50.904 I/Kernel ( 8542): [ 4264.783650].(2)[8542:kworker/2:0][MUSB] USB is ready for connect
10-21 19:57:51.574 I/Kernel ( 0): [ 4265.457546]-(2)[0:swapper/2][MUSBFSH] musbfsh_host_tx 1222: extra TX2 ready, csr 0000
10-21 19:57:51.594 I/Kernel ( 9266): [ 4265.473717].(1)[9266:kworker/1:0] ABB T=106600
10-21 19:57:51.734 I/Kernel ( 29): [ 4265.613767].(0)[29:update_secureti]enter TEE_Icnt_time
10-21 19:57:51.734 I/Kernel ( 29): [ 4265.614205].(0)[29:update_secureti]update_securetime_thread_gb updata inc count
10-21 19:57:52.566 I/Vlog ( 135): logd:performance:fgtracking=false;DV;1,key=TotalMessages;DV;1,Counter=282;CT;1,unit=count;DV;1:HI
10-21 19:57:52.566 I/Vlog ( 135): logd:performance:fgtracking=false;DV;1,key=DroppedMessages;DV;1,Counter=0;CT;1,unit=count;DV;1:HI
10-21 19:57:52.566 I/Vlog ( 135): logd:performance:fgtracking=false;DV;1,key=Throughput;DV;1,Counter=3.61;CT;1,unit=kbps;DV;1:HI
10-21 19:57:52.594 I/Kernel ( 9266): [ 4266.473796].(1)[9266:kworker/1:0] ABB T=106300
10-21 19:57:52.744 I/Kernel ( 140): [ 4266.632844]-(2)[6867:Binder_5][MUSBFSH] musbfsh_host_tx 1222: extra TX2 ready, csr 0000
10-21 19:57:52.874 I/Kernel ( 136): [ 4266.756507].(2)[136:healthd]healthd: battery l=100 v=4200 t=2.2 h=2 st=5 chg=u
10-21 19:57:53.574 I/Kernel ( 7530): [ 4267.457045]-(2)[9662:Thread-768][MUSBFSH] musbfsh_host_tx 1222: extra TX2 ready, csr 0000
10-21 19:57:53.594 I/Kernel ( 9266): [ 4267.473697].(1)[9266:kworker/1:0] ABB T=106600
10-21 19:57:54.444 I/Kernel ( 434): [ 4268.323671][hdmi]#1506
10-21 19:57:54.444 I/Kernel ( 434): [hdmi] list empty 142000, sleeping
10-21 19:57:54.594 I/Kernel ( 9266): [ 4268.473838].(1)[9266:kworker/1:0] ABB T=107200
10-21 19:57:54.704 I/Kernel ( 7530): [ 4268.589567]-(2)[9662:Thread-768][MUSBFSH] musbfsh_host_tx 1222: extra TX2 ready, csr 0000
10-21 19:57:54.834 I/Kernel ( 7530): [ 4268.717513]-(2)[9674:Thread-769][MUSBFSH] musbfsh_host_tx 1222: extra TX2 ready, csr 0000
10-21 19:57:55.494 I/Kernel ( 9309): [ 4269.377872]-(2)[9359:Thread-868][MUSBFSH] musbfsh_host_tx 1222: extra TX2 ready, csr 0000
10-21 19:57:55.594 I/Kernel ( 9266): [ 4269.473677].(1)[9266:kworker/1:0] ABB T=107600
10-21 19:57:56.134 I/Kernel ( 7530): [ 4270.022596]-(2)[9662:Thread-768][MUSBFSH] musbfsh_host_tx 1222: extra TX2 ready, csr 0000
10-21 19:57:56.594 I/Kernel ( 9266): [ 4270.473729].(1)[9266:kworker/1:0] ABB T=107600
10-21 19:57:56.734 I/Kernel ( 29): [ 4270.613780].(1)[29:update_secureti]enter TEE_Icnt_time
10-21 19:57:56.734 I/Kernel ( 29): [ 4270.614275].(1)[29:update_secureti]update_securetime_thread_gb updata inc count
10-21 19:57:56.904 I/Kernel ( 9428): [ 4270.790227]-(2)[9705:cling-36][MUSBFSH] musbfsh_host_tx 1222: extra TX2 ready, csr 0000
10-21 19:57:56.924 I/Kernel ( 8542): [ 4270.803705].(2)[8542:kworker/2:0][MUSB] USB is ready for connect
10-21 19:57:57.594 I/Kernel ( 9266): [ 4271.473763].(1)[9266:kworker/1:0] ABB T=107200
10-21 19:57:57.934 I/Kernel ( 1374): [ 4271.820044]-(2)[1374:usb-tx-thread][MUSBFSH] musbfsh_host_tx 1222: extra TX2 ready, csr 0000
10-21 19:57:58.454 I/Kernel ( 7530): [ 4272.343399]-(2)[9662:Thread-768][MUSBFSH] musbfsh_host_tx 1222: extra TX2 ready, csr 0000
10-21 19:57:58.594 I/Kernel ( 9266): [ 4272.479742].(1)[9266:kworker/1:0] ABB T=108300
10-21 19:57:59.594 I/Kernel ( 9266): [ 4273.473723].(1)[9266:kworker/1:0] ABB T=107400
10-21 19:58:00.594 I/Kernel ( 9266): [ 4274.473813].(1)[9266:kworker/1:0] ABB T=108500
10-21 19:58:01.044 I/Kernel ( 7530): [ 4274.928771]-(2)[7550:Thread-732][MUSBFSH] musbfsh_host_tx 1222: extra TX2 ready, csr 0000
10-21 19:58:01.594 I/Kernel ( 9266): [ 4275.474502].(1)[9266:kworker/1:0] ABB T=108100
10-21 19:58:01.734 I/Kernel ( 29): [ 4275.613684].(1)[29:update_secureti]enter TEE_Icnt_time
10-21 19:58:01.734 I/Kernel ( 29): [ 4275.614092].(1)[29:update_secureti]update_securetime_thread_gb updata inc count
10-21 19:58:01.804 I/Kernel ( 7530): [ 4275.690887]-(2)[7550:Thread-732][MUSBFSH] musbfsh_host_tx 1222: extra TX2 ready, csr 0000
10-21 19:58:02.594 I/Kernel ( 9266): [ 4276.474042].(1)[9266:kworker/1:0] ABB T=108600
10-21 19:58:02.714 I/Kernel ( 7530): [ 4276.601535]-(2)[9662:Thread-768][MUSBFSH] musbfsh_host_tx 1222: extra TX2 ready, csr 0000
10-21 19:58:02.944 I/Kernel ( 8542): [ 4276.823627].(2)[8542:kworker/2:0][MUSB] USB is ready for connect
10-21 19:58:03.594 I/Kernel ( 9266): [ 4277.473709].(1)[9266:kworker/1:0] ABB T=107800
10-21 19:58:04.504 I/Kernel ( 0): [ 4278.384905]-(2)[0:swapper/2][MUSBFSH] musbfsh_host_tx 1222: extra TX2 ready, csr 0000
10-21 19:58:04.594 I/Kernel ( 9266): [ 4278.473674].(1)[9266:kworker/1:0] ABB T=108900
10-21 19:58:05.564 I/Kernel ( 0): [ 4279.452469]-(2)[0:swapper/2][MUSBFSH] musbfsh_host_tx 1222: extra TX2 ready, csr 0000
10-21 19:58:05.594 I/Kernel ( 9266): [ 4279.473662].(1)[9266:kworker/1:0] ABB T=107800
10-21 19:58:06.594 I/Kernel ( 9266): [ 4280.473764].(1)[9266:kworker/1:0] ABB T=109100
10-21 19:58:06.734 I/Kernel ( 29): [ 4280.613693].(1)[29:update_secureti]enter TEE_Icnt_time
10-21 19:58:06.734 I/Kernel ( 29): [ 4280.614127].(1)[29:update_secureti]update_securetime_thread_gb updata inc count
10-21 19:58:07.594 I/Kernel ( 9266): [ 4281.473810].(1)[9266:kworker/1:0] ABB T=108300
10-21 19:58:08.594 I/Kernel ( 9266): [ 4282.473733].(1)[9266:kworker/1:0] ABB T=107800
10-21 19:58:08.964 I/Kernel ( 8542): [ 4282.843705].(2)[8542:kworker/2:0][MUSB] USB is ready for connect
10-21 19:58:09.344 I/Kernel ( 7530): [ 4283.223590]-(1)[9662:Thread-768][printk_delayed:start]
10-21 19:58:09.344 I/Kernel ( 7530): [ 4283.223663]-(1)[9662:Thread-768][WDK], local_bit:0x8, cpu:1,RT[4283213602325]
10-21 19:58:09.344 I/Kernel ( 7530): [ 4283.223663][WDK], local_bit:0xa, cpu:1, check bit0x:f,RT[4283213621325]
10-21 19:58:09.344 I/Kernel ( 7530): [ 4283.223663][thread:60][RT:4283213633094] 2019-10-21 17:58:09.341999 UTC; android time 2019-10-21 18:58:09.341999
10-21 19:58:09.344 I/Kernel ( 7530): [ 4283.223829]-(1)[9662:Thread-768][printk_delayed:done]
10-21 19:58:09.354 I/Kernel ( 0): [ 4283.233552]-(2)[0:swapper/2]
10-21 19:58:09.354 I/Kernel ( 0): [ 4283.233566]-(0)[6867:Binder_5][printk_delayed:start]
10-21 19:58:09.354 I/Kernel ( 0): [ 4283.233591]-(0)[6867:Binder_5][WDK], local_bit:0xe, cpu:0,RT[4283223674402]
10-21 19:58:09.354 I/Kernel ( 0): [ 4283.233591][WDK], local_bit:0xf, cpu:0, check bit0x:f,RT[4283223682786]
10-21 19:58:09.354 I/Kernel ( 0): [ 4283.233591][WDK]: kick Ex WDT,RT[4283223688633]
10-21 19:58:09.354 I/Kernel ( 0): [ 4283.233591][thread:59][RT:4283223832017] 2019-10-21 17:58:09.352200 UTC; android time 2019-10-21 18:58:09.352200
10-21 19:58:09.354 I/Kernel ( 0): [ 4283.233599]-(0)[6867:Binder_5][printk_delayed:done]
10-21 19:58:09.354 I/Kernel ( 0): [ 4283.233677]-(2)[0:swapper/2][WDK], local_bit:0xa, cpu:2,RT[4283223652325]
10-21 19:58:09.354 I/Kernel ( 0): [ 4283.233677][WDK], local_bit:0xe, cpu:2, check bit0x:f,RT[4283223664325]
10-21 19:58:09.354 I/Kernel ( 0): [ 4283.233677][thread:61][RT:4283223678017] 2019-10-21 17:58:09.352043 UTC; android time 2019-10-21 18:58:09.352043
10-21 19:58:09.354 I/Kernel ( 0): [ 4283.233718]-(2)[0:swapper/2][printk_delayed:done]
10-21 19:58:09.444 I/Kernel ( 434): [ 4283.323692][hdmi]#1506
10-21 19:58:09.444 I/Kernel ( 434): [hdmi] list empty 142500, sleeping
10-21 19:58:09.594 I/Kernel ( 9266): [ 4283.473730].(1)[9266:kworker/1:0] ABB T=108100
10-21 19:58:10.064 I/Kernel ( 7530): [ 4283.943556]-(3)[9662:Thread-768][printk_delayed:start]
10-21 19:58:10.064 I/Kernel ( 7530): [ 4283.943611]-(3)[9662:Thread-768][WDK], local_bit:0x0, cpu:3,RT[4283933644171]
10-21 19:58:10.064 I/Kernel ( 7530): [ 4283.943611][WDK], local_bit:0x8, cpu:3, check bit0x:f,RT[4283933668402]
10-21 19:58:10.064 I/Kernel ( 7530): [ 4283.943611][thread:62][RT:4283933681940] 2019-10-21 17:58:10.62047 UTC; android time 2019-10-21 18:58:10.62047
10-21 19:58:10.064 I/Kernel ( 7530): [ 4283.943653]-(3)[9662:Thread-768][printk_delayed:done]
10-21 19:58:10.594 I/Kernel ( 9266): [ 4284.473764].(1)[9266:kworker/1:0] ABB T=108000
10-21 19:58:11.594 I/Kernel ( 9266): [ 4285.473661].(1)[9266:kworker/1:0] ABB T=108100
10-21 19:58:11.734 I/Kernel ( 29): [ 4285.613685].(2)[29:update_secureti]enter TEE_Icnt_time
10-21 19:58:11.734 I/Kernel ( 29): [ 4285.614097].(2)[29:update_secureti]update_securetime_thread_gb updata inc count
10-21 19:58:12.594 I/Kernel ( 9266): [ 4286.473688].(1)[9266:kworker/1:0] ABB T=107600
10-21 19:58:13.154 I/Kernel ( 8542): [ 4287.033680].(2)[8542:kworker/2:0]
10-21 19:58:13.594 I/Kernel ( 9266): [ 4287.473725].(1)[9266:kworker/1:0] ABB T=108300
10-21 19:58:14.134 I/Kernel ( 1374): [ 4288.021833]-(2)[1374:usb-tx-thread][MUSBFSH] musbfsh_host_tx 1222: extra TX2 ready, csr 0000
10-21 19:58:14.594 I/Kernel ( 9266): [ 4288.473749].(1)[9266:kworker/1:0] ABB T=108100
10-21 19:58:14.874 I/Kernel ( 0): [ 4288.760167]-(2)[0:swapper/2][MUSBFSH] musbfsh_host_tx 1222: extra TX2 ready, csr 0000
10-21 19:58:14.984 I/Kernel ( 8542): [ 4288.863641].(2)[8542:kworker/2:0][MUSB] USB is ready for connect
10-21 19:58:15.452 D/DeviceStorageMonitorService( 979): Sending broadcast for delta increase in free memory. Delta memory: 13201408 freeMem: 3176505344
10-21 19:58:15.594 I/Kernel ( 9266): [ 4289.473761].(1)[9266:kworker/1:0] ABB T=108300
10-21 19:58:15.670 I/DiebusMetric( 1549): Starting reporting metrics
10-21 19:58:15.671 D/DiebusMetricData( 1549): Metrics reported counter:0 timer:0
10-21 19:58:15.671 I/DiebusMetric( 1549): End reporting metrics
10-21 19:58:15.824 I/Kernel ( 7530): [ 4289.711402]-(2)[9674:Thread-769][MUSBFSH] musbfsh_host_tx 1222: extra TX2 ready, csr 0000
10-21 19:58:16.433 I/Vizzini_2.0.2362.0:HealthLogger( 1385): Current State = {"DeviceFamily":"SMP","Gateway":"avs-alexa-18-eu.amazon.com:443","SupportsFarField":"false","ConnectionState":"CONNECTED","AlexaExperience":"FULL"}
10-21 19:58:16.433 I/DeviceEvent( 1385): CSMSIM#device_event_contract#0#1.0
10-21 19:58:16.594 I/Kernel ( 9266): [ 4290.473737].(1)[9266:kworker/1:0] ABB T=108000
10-21 19:58:16.734 I/Kernel ( 29): [ 4290.613670].(3)[29:update_secureti]enter TEE_Icnt_time
10-21 19:58:16.734 I/Kernel ( 29): [ 4290.614069].(3)[29:update_secureti]update_securetime_thread_gb updata inc count
10-21 19:58:17.284 I/Kernel ( 7530): [ 4291.168916]-(2)[9674:Thread-769][MUSBFSH] musbfsh_host_tx 1222: extra TX2 ready, csr 0000
10-21 19:58:17.418 I/PeriodicMetricReporter( 1549): Starting reporting metrics
10-21 19:58:17.419 I/PeriodicMetricReporter( 1549): End reporting metrics
10-21 19:58:17.594 I/Kernel ( 9266): [ 4291.473706].(1)[9266:kworker/1:0] ABB T=107800
10-21 19:58:18.594 I/Kernel ( 9266): [ 4292.473753].(1)[9266:kworker/1:0] ABB T=108300
10-21 19:58:18.894 I/Kernel ( 0): [ 4292.775980]-(2)[0:swapper/2][MUSBFSH] musbfsh_host_tx 1222: extra TX2 ready, csr 0000
10-21 19:58:19.594 I/Kernel ( 9266): [ 4293.473695].(1)[9266:kworker/1:0] ABB T=107800
10-21 19:58:20.086 I/JmDNSImpl( 9483): updateRecord() name=f0:79:60:4c:0c:ae@fe80::f279:60ff:fe4c:cae typeSubType=_apple-mobdev2._tcp.local. op=Add #listeners=0
10-21 19:58:20.090 I/JmDNSImpl( 9483): updateRecord() name=f0:79:60:4c:0c:ae@fe80::f279:60ff:fe4c:cae typeSubType=_apple-mobdev2._tcp.local. op=Add #listeners=0
10-21 19:58:20.434 I/Kernel ( 7530): [ 4294.323270]-(2)[9674:Thread-769][MUSBFSH] musbfsh_host_tx 1222: extra TX2 ready, csr 0000
10-21 19:58:20.594 I/Kernel ( 9266): [ 4294.473704].(1)[9266:kworker/1:0] ABB T=107800
10-21 19:58:21.004 I/Kernel ( 8542): [ 4294.890639].(2)[8542:kworker/2:0][MUSB] USB is ready for connect
10-21 19:58:21.594 I/Kernel ( 9266): [ 4295.473773].(1)[9266:kworker/1:0] ABB T=109100
10-21 19:58:21.734 I/Kernel ( 29): [ 4295.613682].(3)[29:update_secureti]enter TEE_Icnt_time
10-21 19:58:21.734 I/Kernel ( 29): [ 4295.614188].(3)[29:update_secureti]enter TEE_update_gb_time_infile
10-21 19:58:21.734 I/Kernel ( 29): [ 4295.614916].(3)[29:update_secureti]update_securetime_thread_gb updata inc count
10-21 19:58:22.594 I/Kernel ( 9266): [ 4296.473695].(1)[9266:kworker/1:0] ABB T=108400
10-21 19:58:23.594 I/Kernel ( 9266): [ 4297.473737].(1)[9266:kworker/1:0] ABB T=108700
10-21 19:58:24.444 I/Kernel ( 434): [ 4298.323687][hdmi]#1506
10-21 19:58:24.444 I/Kernel ( 434): [hdmi] list empty 143000, sleeping
10-21 19:58:24.594 I/Kernel ( 9266): [ 4298.473727].(1)[9266:kworker/1:0] ABB T=109400
10-21 19:58:24.684 I/Kernel ( 0): [ 4298.569703]-(2)[0:swapper/2][MUSBFSH] musbfsh_host_tx 1222: extra TX2 ready, csr 0000
10-21 19:58:24.944 I/Kernel ( 1374): [ 4298.826877]-(2)[1374:usb-tx-thread][MUSBFSH] musbfsh_host_tx 1222: extra TX2 ready, csr 0000
10-21 19:58:25.504 I/Kernel ( 0): [ 4299.387272]-(2)[0:swapper/2][MUSBFSH] musbfsh_host_tx 1222: extra TX2 ready, csr 0000
10-21 19:58:25.594 I/Kernel ( 9266): [ 4299.473734].(1)[9266:kworker/1:0] ABB T=109300
10-21 19:58:25.864 I/Kernel ( 7530): [ 4299.751651]-(2)[9662:Thread-768][MUSBFSH] musbfsh_host_tx 1222: extra TX2 ready, csr 0000
10-21 19:58:25.964 I/Kernel ( 199): [ 4299.846675]-(2)[215:sdcard][MUSBFSH] musbfsh_host_tx 1222: extra TX2 ready, csr 0000
10-21 19:58:26.034 I/Kernel ( 16): [ 4299.914033]-(2)[16:ksoftirqd/2][MUSBFSH] musbfsh_host_tx 1222: extra TX2 ready, csr 0000
10-21 19:58:26.594 I/Kernel ( 9266): [ 4300.473732].(1)[9266:kworker/1:0] ABB T=109200
10-21 19:58:26.734 I/Kernel ( 29): [ 4300.613726].(3)[29:update_secureti]enter TEE_Icnt_time
10-21 19:58:26.734 I/Kernel ( 29): [ 4300.614241].(3)[29:update_secureti]update_securetime_thread_gb updata inc count
10-21 19:58:27.064 I/Kernel ( 8542): [ 4300.943723].(2)[8542:kworker/2:0][MUSB] USB is ready for connect
10-21 19:58:27.594 I/Kernel ( 9266): [ 4301.473755].(1)[9266:kworker/1:0] ABB T=108700
10-21 19:58:28.594 I/Kernel ( 9266): [ 4302.473736].(1)[9266:kworker/1:0] ABB T=109100
10-21 19:58:29.354 I/Kernel ( 7530): [ 4303.233558]-(1)[9662:Thread-768][printk_delayed:start]
10-21 19:58:29.354 I/Kernel ( 7530): [ 4303.233615]-(1)[9662:Thread-768][WDK], local_bit:0x8, cpu:1,RT[4303223664942]
10-21 19:58:29.354 I/Kernel ( 7530): [ 4303.233615][WDK], local_bit:0xa, cpu:1, check bit0x:f,RT[4303223699326]
10-21 19:58:29.354 I/Kernel ( 7530): [ 4303.233615][thread:60][RT:4303223717788] 2019-10-21 17:58:29.352082 UTC; android time 2019-10-21 18:58:29.352082
10-21 19:58:29.354 I/Kernel ( 7530): [ 4303.233776]-(1)[9662:Thread-768][printk_delayed:done]
10-21 19:58:29.364 I/Kernel ( 0): [ 4303.243586]-(2)[0:swapper/2][printk_delayed:start]
10-21 19:58:29.364 I/Kernel ( 0): [ 4303.243602]-(0)[7550:Thread-732][printk_delayed:start]
10-21 19:58:29.364 I/Kernel ( 0): [ 4303.243633]-(0)[7550:Thread-732][WDK], local_bit:0xe, cpu:0,RT[4303233634942]
10-21 19:58:29.364 I/Kernel ( 0): [ 4303.243633][WDK], local_bit:0xf, cpu:0, check bit0x:f,RT[4303233643403]
10-21 19:58:29.364 I/Kernel ( 0): [ 4303.243633][WDK]: kick Ex WDT,RT[4303233649326]
10-21 19:58:29.364 I/Kernel ( 0): [ 4303.243633][thread:59][RT:4303233779249] 2019-10-21 17:58:29.362147 UTC; android time 2019-10-21 18:58:29.362147
10-21 19:58:29.364 I/Kernel ( 0): [ 4303.243642]-(0)[7550:Thread-732][printk_delayed:done]
10-21 19:58:29.364 I/Kernel ( 0): [ 4303.243730]-(2)[0:swapper/2][WDK], local_bit:0xa, cpu:2,RT[4303233617403]
10-21 19:58:29.364 I/Kernel ( 0): [ 4303.243730][WDK], local_bit:0xe, cpu:2, check bit0x:f,RT[4303233627788]
10-21 19:58:29.364 I/Kernel ( 0): [ 4303.243730][thread:61][RT:4303233638480] 2019-10-21 17:58:29.362005 UTC; android time 2019-10-21 18:58:29.362005
10-21 19:58:29.364 I/Kernel ( 0): [ 4303.243772]-(2)[0:swapper/2][printk_delayed:done]
10-21 19:58:29.594 I/Kernel ( 9266): [ 4303.473748].(1)[9266:kworker/1:0] ABB T=109200
10-21 19:58:30.074 I/Kernel ( 140): [ 4303.953588]-(3)[273:Binder_2][printk_delayed:start]
10-21 19:58:30.074 I/Kernel ( 140): [ 4303.953656]-(3)[273:Binder_2][WDK], local_bit:0x0, cpu:3,RT[4303943707403]
10-21 19:58:30.074 I/Kernel ( 140): [ 4303.953656][WDK], local_bit:0x8, cpu:3, check bit0x:f,RT[4303943734865]
10-21 19:58:30.074 I/Kernel ( 140): [ 4303.953656][thread:62][RT:4303943751249] 2019-10-21 17:58:30.72116 UTC; android time 2019-10-21 18:58:30.72116
10-21 19:58:30.074 I/Kernel ( 140): [ 4303.953701]-(3)[273:Binder_2][printk_delayed:done]
10-21 19:58:30.594 I/Kernel ( 9266): [ 4304.473700].(1)[9266:kworker/1:0] ABB T=110500
10-21 19:58:31.594 I/Kernel ( 9266): [ 4305.473715].(1)[9266:kworker/1:0] ABB T=109400
10-21 19:58:31.734 I/Kernel ( 29): [ 4305.613645].(3)[29:update_secureti]enter TEE_Icnt_time
10-21 19:58:31.734 I/Kernel ( 29): [ 4305.614050].(3)[29:update_secureti]update_securetime_thread_gb updata inc count
10-21 19:58:32.594 I/Kernel ( 9266): [ 4306.473709].(1)[9266:kworker/1:0] ABB T=108500
10-21 19:58:33.084 I/Kernel ( 8542): [ 4306.963686].(2)[8542:kworker/2:0][MUSB] USB is ready for connect
10-21 19:58:33.594 I/Kernel ( 9266): [ 4307.473711].(1)[9266:kworker/1:0] ABB T=108900
10-21 19:58:34.512 D/AndroidAlexa( 1385): Calling getApiGateway. apiGateway: null - mConnectionInFlight: false - mInRetryMode: true
10-21 19:58:34.512 D/AndroidAlexa( 1385): Initiating connection to the API Gateway
10-21 19:58:34.521 I/AndroidAlexa( 1385): API Gateway Retry Connection. Attempt: 77
10-21 19:58:34.594 I/Kernel ( 9266): [ 4308.474253].(1)[9266:kworker/1:0] ABB T=109400
10-21 19:58:35.594 I/Kernel ( 9266): [ 4309.475206].(1)[9266:kworker/1:0] ABB T=109600
10-21 19:58:36.594 I/Kernel ( 9266): [ 4310.473748].(1)[9266:kworker/1:0] ABB T=109600
10-21 19:58:36.694 I/Kernel ( 7530): [ 4310.576678]-(2)[9662:Thread-768][MUSBFSH] musbfsh_host_tx 1222: extra TX2 ready, csr 0000
10-21 19:58:36.734 I/Kernel ( 29): [ 4310.613696].(3)[29:update_secureti]enter TEE_Icnt_time
10-21 19:58:36.734 I/Kernel ( 29): [ 4310.614290].(3)[29:update_secureti]update_securetime_thread_gb updata inc count
10-21 19:58:37.594 I/Kernel ( 9266): [ 4311.473695].(1)[9266:kworker/1:0] ABB T=108800
10-21 19:58:38.594 I/Kernel ( 9266): [ 4312.473705].(1)[9266:kworker/1:0] ABB T=109200
10-21 19:58:39.104 I/Kernel ( 8542): [ 4312.983639].(2)[8542:kworker/2:0][MUSB] USB is ready for connect
10-21 19:58:39.444 I/Kernel ( 434): [ 4313.323699][hdmi]#1506
10-21 19:58:39.444 I/Kernel ( 434): [hdmi] list empty 143500, sleeping
10-21 19:58:39.594 I/Kernel ( 9266): [ 4313.473767].(1)[9266:kworker/1:0] ABB T=110200
10-21 19:58:40.594 I/Kernel ( 9266): [ 4314.473672].(1)[9266:kworker/1:0] ABB T=109100
10-21 19:58:40.724 I/Kernel ( 7530): [ 4314.609922]-(2)[9674:Thread-769][MUSBFSH] musbfsh_host_tx 1222: extra TX2 ready, csr 0000
10-21 19:58:41.594 I/Kernel ( 9266): [ 4315.473727].(1)[9266:kworker/1:0] ABB T=108800
10-21 19:58:41.734 I/Kernel ( 29): [ 4315.613654].(3)[29:update_secureti]enter TEE_Icnt_time
10-21 19:58:41.734 I/Kernel ( 29): [ 4315.614154].(3)[29:update_secureti]update_securetime_thread_gb updata inc count
10-21 19:58:42.594 I/Kernel ( 9266): [ 4316.473778].(1)[9266:kworker/1:0] ABB T=109900
10-21 19:58:43.594 I/Kernel ( 9266): [ 4317.473742].(1)[9266:kworker/1:0] ABB T=109700
10-21 19:58:44.594 I/Kernel ( 9266): [ 4318.473830].(1)[9266:kworker/1:0] ABB T=109900
10-21 19:58:45.124 I/Kernel ( 8542): [ 4319.003759].(2)[8542:kworker/2:0][MUSB] USB is ready for connect
10-21 19:58:45.594 I/Kernel ( 9266): [ 4319.473820].(1)[9266:kworker/1:0] ABB T=109300
10-21 19:58:45.804 I/Kernel ( 7530): [ 4319.687460]-(2)[9674:Thread-769][MUSBFSH] musbfsh_host_tx 1222: extra TX2 ready, csr 0000
10-21 19:58:46.124 I/Kernel ( 0): [ 4320.010548]-(2)[0:swapper/2][MUSBFSH] musbfsh_host_tx 1222: extra TX2 ready, csr 0000
10-21 19:58:46.594 I/Kernel ( 9266): [ 4320.473733].(1)[9266:kworker/1:0] ABB T=109400
10-21 19:58:46.734 I/Kernel ( 29): [ 4320.613653].(3)[29:update_secureti]enter TEE_Icnt_time
10-21 19:58:46.734 I/Kernel ( 29): [ 4320.614063].(3)[29:update_secureti]update_securetime_thread_gb updata inc count
10-21 19:58:47.594 I/Kernel ( 9266): [ 4321.473768].(1)[9266:kworker/1:0] ABB T=109700
10-21 19:58:48.594 I/Kernel ( 9266): [ 4322.473706].(1)[9266:kworker/1:0] ABB T=110500
10-21 19:58:49.364 I/Kernel ( 7530): [ 4323.243601]-(1)[7550:Thread-732][printk_delayed:start]
10-21 19:58:49.364 I/Kernel ( 7530): [ 4323.243682]-(1)[7550:Thread-732][WDK], local_bit:0x8, cpu:1,RT[4323233639327]
10-21 19:58:49.364 I/Kernel ( 7530): [ 4323.243682][WDK], local_bit:0xa, cpu:1, check bit0x:f,RT[4323233658943]
10-21 19:58:49.364 I/Kernel ( 7530): [ 4323.243682][thread:60][RT:4323233670712] 2019-10-21 17:58:49.362037 UTC; android time 2019-10-21 18:58:49.362037
10-21 19:58:49.364 I/Kernel ( 7530): [ 4323.243845]-(1)[7550:Thread-732][printk_delayed:done]
10-21 19:58:49.374 I/Kernel ( 0): [ 4323.253562]-(2)[0:swapper/2][printk_delayed:start]
10-21 19:58:49.374 I/Kernel ( 0): [ 4323.253576]-(0)[9674:Thread-769][printk_delayed:start]
10-21 19:58:49.374 I/Kernel ( 0): [ 4323.253600]-(0)[9674:Thread-769][WDK], local_bit:0xa, cpu:0,RT[4323243668635]
10-21 19:58:49.374 I/Kernel ( 0): [ 4323.253600][WDK], local_bit:0xb, cpu:0, check bit0x:f,RT[4323243680635]
10-21 19:58:49.374 I/Kernel ( 0): [ 4323.253600][thread:59][RT:4323243693481] 2019-10-21 17:58:49.372058 UTC; android time 2019-10-21 18:58:49.372058
10-21 19:58:49.374 I/Kernel ( 0): [ 4323.253608]-(0)[9674:Thread-769][printk_delayed:done]
10-21 19:58:49.374 I/Kernel ( 0): [ 4323.253683]-(2)[0:swapper/2][WDK], local_bit:0xb, cpu:2,RT[4323243696250]
10-21 19:58:49.374 I/Kernel ( 0): [ 4323.253683][WDK], local_bit:0xf, cpu:2, check bit0x:f,RT[4323243704866]
10-21 19:58:49.374 I/Kernel ( 0): [ 4323.253683][WDK]: kick Ex WDT,RT[4323243710635]
10-21 19:58:49.374 I/Kernel ( 0): [ 4323.253683][thread:61][RT:4323243880097] 2019-10-21 17:58:49.372248 UTC; android time 2019-10-21 18:58:49.372248
10-21 19:58:49.374 I/Kernel ( 0): [ 4323.253730]-(2)[0:swapper/2][printk_delayed:done]
10-21 19:58:49.594 I/Kernel ( 9266): [ 4323.474020].(1)[9266:kworker/1:0] ABB T=108900
10-21 19:58:50.084 I/Kernel ( 7530): [ 4323.963574]-(3)[9662:Thread-768][printk_delayed:start]
10-21 19:58:50.084 I/Kernel ( 7530): [ 4323.963654]-(3)[9662:Thread-768][WDK], local_bit:0x0, cpu:3,RT[4323953602404]
10-21 19:58:50.084 I/Kernel ( 7530): [ 4323.963654][WDK], local_bit:0x8, cpu:3, check bit0x:f,RT[4323953622943]
10-21 19:58:50.084 I/Kernel ( 7530): [ 4323.963654][thread:62][RT:4323953634404] 2019-10-21 17:58:50.82000 UTC; android time 2019-10-21 18:58:50.82000
10-21 19:58:50.084 I/Kernel ( 7530): [ 4323.963700]-(3)[9662:Thread-768][printk_delayed:done]
10-21 19:58:50.644 I/Kernel ( 9266): [ 4324.523884].(1)[9266:kworker/1:0] ABB T=110500
10-21 19:58:51.144 I/Kernel ( 8542): [ 4325.023672].(2)[8542:kworker/2:0][MUSB] USB is ready for connect
10-21 19:58:51.644 I/Kernel ( 9266): [ 4325.524698].(1)[9266:kworker/1:0] ABB T=110900
10-21 19:58:51.734 I/Kernel ( 29): [ 4325.613623].(3)[29:update_secureti]enter TEE_Icnt_time
10-21 19:58:51.734 I/Kernel ( 29): [ 4325.614031].(3)[29:update_secureti]update_securetime_thread_gb updata inc count
10-21 19:58:52.568 I/Vlog ( 135): logd:performance:fgtracking=false;DV;1,key=TotalMessages;DV;1,Counter=248;CT;1,unit=count;DV;1:HI
10-21 19:58:52.568 I/Vlog ( 135): logd:performance:fgtracking=false;DV;1,key=DroppedMessages;DV;1,Counter=0;CT;1,unit=count;DV;1:HI
10-21 19:58:52.568 I/Vlog ( 135): logd:performance:fgtracking=false;DV;1,key=Throughput;DV;1,Counter=2.55;CT;1,unit=kbps;DV;1:HI
10-21 19:58:52.644 I/Kernel ( 9266): [ 4326.523824].(1)[9266:kworker/1:0] ABB T=111200
10-21 19:58:52.874 I/Kernel ( 136): [ 4326.756663].(2)[136:healthd]healthd: battery l=100 v=4200 t=2.2 h=2 st=5 chg=u
10-21 19:58:53.476 I/JmDNSImpl( 9483): updateRecord() name=f0:79:60:4c:0c:ae@fe80::f279:60ff:fe4c:cae typeSubType=_apple-mobdev2._tcp.local. op=Remove #listeners=0
10-21 19:58:53.493 I/JmDNSImpl( 9483): updateRecord() name=f0:79:60:4c:0c:ae@fe80::f279:60ff:fe4c:cae typeSubType=_apple-mobdev2._tcp.local. op=Remove #listeners=0
10-21 19:58:53.544 I/Kernel ( 9309): [ 4327.431882]-(2)[9359:Thread-868][MUSBFSH] musbfsh_host_tx 1222: extra TX2 ready, csr 0000
10-21 19:58:53.644 I/Kernel ( 9266): [ 4327.523727].(1)[9266:kworker/1:0] ABB T=110800
10-21 19:58:54.444 I/Kernel ( 434): [ 4328.323679][hdmi]#1506
10-21 19:58:54.444 I/Kernel ( 434): [hdmi] list empty 144000, sleeping
10-21 19:58:54.644 I/Kernel ( 9266): [ 4328.523717].(1)[9266:kworker/1:0] ABB T=110300
10-21 19:58:55.644 I/Kernel ( 9266): [ 4329.523695].(1)[9266:kworker/1:0] ABB T=109300
10-21 19:58:55.874 I/Kernel ( 1374): [ 4329.763044]-(2)[1374:usb-tx-thread][MUSBFSH] musbfsh_host_tx 1222: extra TX2 ready, csr 0000
10-21 19:58:56.044 I/Kernel ( 1374): [ 4329.930524]-(2)[1374:usb-tx-thread][MUSBFSH] musbfsh_host_tx 1222: extra TX2 ready, csr 0000
10-21 19:58:56.224 I/Kernel ( 7530): [ 4330.108002]-(2)[9674:Thread-769][MUSBFSH] musbfsh_host_tx 1222: extra TX2 ready, csr 0000
10-21 19:58:56.644 I/Kernel ( 9266): [ 4330.523726].(1)[9266:kworker/1:0] ABB T=110000
10-21 19:58:56.734 I/Kernel ( 29): [ 4330.613716].(3)[29:update_secureti]enter TEE_Icnt_time
10-21 19:58:56.734 I/Kernel ( 29): [ 4330.614283].(3)[29:update_secureti]update_securetime_thread_gb updata inc count
10-21 19:58:57.164 I/Kernel ( 8542): [ 4331.044869].(2)[8542:kworker/2:0][MUSB] USB is ready for connect
10-21 19:58:57.644 I/Kernel ( 9266): [ 4331.523690].(1)[9266:kworker/1:0] ABB T=110000
10-21 19:58:58.644 I/Kernel ( 9266): [ 4332.523730].(1)[9266:kworker/1:0] ABB T=110700
10-21 19:58:59.414 I/Kernel ( 0): [ 4333.295569]-(2)[0:swapper/2][MUSBFSH] musbfsh_host_tx 1222: extra TX2 ready, csr 0000
10-21 19:58:59.644 I/Kernel ( 9266): [ 4333.523918].(1)[9266:kworker/1:0] ABB T=111500
10-21 19:59:00.644 I/Kernel ( 9266): [ 4334.523767].(1)[9266:kworker/1:0] ABB T=111100
10-21 19:59:00.724 I/Kernel ( 7530): [ 4334.613017]-(2)[9674:Thread-769][MUSBFSH] musbfsh_host_tx 1222: extra TX2 ready, csr 0000
10-21 19:59:01.644 I/Kernel ( 9266): [ 4335.523798].(1)[9266:kworker/1:0] ABB T=110500
10-21 19:59:01.734 I/Kernel ( 29): [ 4335.613688].(3)[29:update_secureti]enter TEE_Icnt_time
10-21 19:59:01.734 I/Kernel ( 29): [ 4335.614217].(3)[29:update_secureti]update_securetime_thread_gb updata inc count
10-21 19:59:02.644 I/Kernel ( 9266): [ 4336.523719].(1)[9266:kworker/1:0] ABB T=109900
10-21 19:59:03.184 I/Kernel ( 8542): [ 4337.063727].(2)[8542:kworker/2:0][MUSB] USB is ready for connect
10-21 19:59:03.644 I/Kernel ( 9266): [ 4337.526744].(1)[9266:kworker/1:0] ABB T=111700
10-21 19:59:04.223 I/main.wifi_log_levels( 9734): wifi_log_levels:rssi=-59;noise=-92;p2prssi=0;p2pnoise=-92;channel=6;btcparam27=0x5;txframe=14657;txbyte=2747683;txretrans=1464;txerror=0;rxframe=19335;rxbyte=15647215;rxerror=0;rxbadfcs=912;rxbadplcp=193;rxcrsglitch=16620;rxstrt=64569;rxdfrmucastmbss=19557;txphyerror=0;
10-21 19:59:04.259 I/main.wifi_log_levels( 9737): wifi_log_levels:max_rssi=-58;min_rssi=-63;max_noise=-90;min_noise=-92;max_p2prssi=;min_p2prssi=;max_p2pnoise=-90;min_p2pnoise=-92
10-21 19:59:04.644 I/Kernel ( 9266): [ 4338.523780].(1)[9266:kworker/1:0] ABB T=112600
10-21 19:59:05.644 I/Kernel ( 9266): [ 4339.523731].(1)[9266:kworker/1:0] ABB T=112100
10-21 19:59:06.644 I/Kernel ( 9266): [ 4340.523688].(1)[9266:kworker/1:0] ABB T=110800
10-21 19:59:06.734 I/Kernel ( 29): [ 4340.613738].(3)[29:update_secureti]enter TEE_Icnt_time
10-21 19:59:06.734 I/Kernel ( 29): [ 4340.614233].(3)[29:update_secureti]update_securetime_thread_gb updata inc count
10-21 19:59:07.644 I/Kernel ( 9266): [ 4341.523754].(1)[9266:kworker/1:0] ABB T=111600
10-21 19:59:08.644 I/Kernel ( 9266): [ 4342.523791].(1)[9266:kworker/1:0] ABB T=112100
10-21 19:59:08.914 I/Kernel ( 7530): [ 4342.793725]-(2)[9674:Thread-769][MUSBFSH] musbfsh_host_tx 1222: extra TX2 ready, csr 0000
10-21 19:59:09.204 I/Kernel ( 8542): [ 4343.083704].(2)[8542:kworker/2:0][MUSB] USB is ready for connect
10-21 19:59:09.374 I/Kernel ( 0): [ 4343.253570]-(1)[0:swapper/1][printk_delayed:start]
10-21 19:59:09.374 I/Kernel ( 0): [ 4343.253625]-(1)[0:swapper/1][WDK], local_bit:0x8, cpu:1,RT[4343243613635]
10-21 19:59:09.374 I/Kernel ( 0): [ 4343.253625][WDK], local_bit:0xa, cpu:1, check bit0x:f,RT[4343243629482]
10-21 19:59:09.374 I/Kernel ( 0): [ 4343.253625][thread:60][RT:4343243641558] 2019-10-21 17:59:09.372007 UTC; android time 2019-10-21 18:59:09.372007
10-21 19:59:09.374 I/Kernel ( 0): [ 4343.253666]-(1)[0:swapper/1][printk_delayed:done]
10-21 19:59:09.384 I/Kernel ( 7530): [ 4343.263584]-(2)[9662:Thread-768][printk_delayed:start]
10-21 19:59:09.384 I/Kernel ( 7530): [ 4343.263597]-(0)[0:swapper/0][printk_delayed:start]
10-21 19:59:09.384 I/Kernel ( 7530): [ 4343.263625]-(0)[0:swapper/0][WDK], local_bit:0xe, cpu:0,RT[4343253658328]
10-21 19:59:09.384 I/Kernel ( 7530): [ 4343.263625][WDK], local_bit:0xf, cpu:0, check bit0x:f,RT[4343253666789]
10-21 19:59:09.384 I/Kernel ( 7530): [ 4343.263625][WDK]: kick Ex WDT,RT[4343253672635]
10-21 19:59:09.384 I/Kernel ( 7530): [ 4343.263625][thread:59][RT:4343253826174] 2019-10-21 17:59:09.382194 UTC; android time 2019-10-21 18:59:09.382194
10-21 19:59:09.384 I/Kernel ( 7530): [ 4343.263633]-(0)[0:swapper/0][printk_delayed:done]
10-21 19:59:09.384 I/Kernel ( 7530): [ 4343.263719]-(2)[9662:Thread-768][WDK], local_bit:0xa, cpu:2,RT[4343253641097]
10-21 19:59:09.384 I/Kernel ( 7530): [ 4343.263719][WDK], local_bit:0xe, cpu:2, check bit0x:f,RT[4343253651251]
10-21 19:59:09.384 I/Kernel ( 7530): [ 4343.263719][thread:61][RT:4343253662020] 2019-10-21 17:59:09.382028 UTC; android time 2019-10-21 18:59:09.382028
10-21 19:59:09.384 I/Kernel ( 7530): [ 4343.263761]-(2)[9662:Thread-768][printk_delayed:done]
10-21 19:59:09.444 I/Kernel ( 434): [ 4343.323629][hdmi]#1506
10-21 19:59:09.444 I/Kernel ( 434): [hdmi] list empty 144500, sleeping
10-21 19:59:09.644 I/Kernel ( 9266): [ 4343.523757].(1)[9266:kworker/1:0] ABB T=111800
10-21 19:59:10.094 I/Kernel ( 7530): [ 4343.973559]-(3)[7550:Thread-732][printk_delayed:start]
10-21 19:59:10.094 I/Kernel ( 7530): [ 4343.973615]-(3)[7550:Thread-732][WDK], local_bit:0x0, cpu:3,RT[4343963645328]
10-21 19:59:10.094 I/Kernel ( 7530): [ 4343.973615][WDK], local_bit:0x8, cpu:3, check bit0x:f,RT[4343963664712]
10-21 19:59:10.094 I/Kernel ( 7530): [ 4343.973615][thread:62][RT:4343963676866] 2019-10-21 17:59:10.92042 UTC; android time 2019-10-21 18:59:10.92042
10-21 19:59:10.094 I/Kernel ( 7530): [ 4343.973656]-(3)[7550:Thread-732][printk_delayed:done]
10-21 19:59:10.154 I/Kernel ( 41): [ 4344.033695].(3)[41:fuse_log]
10-21 19:59:10.644 I/Kernel ( 9266): [ 4344.523817].(1)[9266:kworker/1:0] ABB T=110900
10-21 19:59:11.454 I/Kernel ( 0): [ 4345.335682]-(2)[0:swapper/2][MUSBFSH] musbfsh_host_tx 1222: extra TX2 ready, csr 0000
10-21 19:59:11.584 I/Kernel ( 7530): [ 4345.466790]-(2)[9662:Thread-768][MUSBFSH] musbfsh_host_tx 1291: extra TX2 ready, csr 1000
10-21 19:59:11.644 I/Kernel ( 9266): [ 4345.523686].(1)[9266:kworker/1:0] ABB T=111400
10-21 19:59:11.734 I/Kernel ( 29): [ 4345.613616].(3)[29:update_secureti]enter TEE_Icnt_time
10-21 19:59:11.734 I/Kernel ( 29): [ 4345.614013].(3)[29:update_secureti]update_securetime_thread_gb updata inc count
10-21 19:59:12.644 I/Kernel ( 9266): [ 4346.523705].(1)[9266:kworker/1:0] ABB T=111700
10-21 19:59:13.644 I/Kernel ( 9266): [ 4347.523777].(1)[9266:kworker/1:0] ABB T=111700
10-21 19:59:14.644 I/Kernel ( 9266): [ 4348.523806].(1)[9266:kworker/1:0] ABB T=110700
10-21 19:59:15.224 I/Kernel ( 8542): [ 4349.103770].(2)[8542:kworker/2:0][MUSB] USB is ready for connect
10-21 19:59:15.644 I/Kernel ( 9266): [ 4349.523698].(1)[9266:kworker/1:0] ABB T=112500
10-21 19:59:16.434 I/Vizzini_2.0.2362.0:HealthLogger( 1385): Current State = {"DeviceFamily":"SMP","Gateway":"avs-alexa-18-eu.amazon.com:443","SupportsFarField":"false","ConnectionState":"CONNECTED","AlexaExperience":"FULL"}
10-21 19:59:16.434 I/DeviceEvent( 1385): CSMSIM#device_event_contract#0#1.0
10-21 19:59:16.644 I/Kernel ( 9266): [ 4350.523751].(1)[9266:kworker/1:0] ABB T=111100
10-21 19:59:16.734 I/Kernel ( 29): [ 4350.613619].(3)[29:update_secureti]enter TEE_Icnt_time
10-21 19:59:16.734 I/Kernel ( 29): [ 4350.614024].(3)[29:update_secureti]update_securetime_thread_gb updata inc count
10-21 19:59:17.644 I/Kernel ( 9266): [ 4351.523685].(1)[9266:kworker/1:0] ABB T=111600
10-21 19:59:18.644 I/Kernel ( 9266): [ 4352.523669].(1)[9266:kworker/1:0] ABB T=110700
10-21 19:59:19.644 I/Kernel ( 9266): [ 4353.523723].(1)[9266:kworker/1:0] ABB T=111200
10-21 19:59:19.734 I/Kernel ( 7530): [ 4353.618544]-(2)[9662:Thread-768][MUSBFSH] musbfsh_host_tx 1222: extra TX2 ready, csr 0000
10-21 19:59:20.214 I/Kernel ( 140): [ 4354.102137]-(2)[469:EventThread][MUSBFSH] musbfsh_host_tx 1222: extra TX2 ready, csr 0000
10-21 19:59:20.644 I/Kernel ( 9266): [ 4354.523954].(1)[9266:kworker/1:0] ABB T=111500
