10-21 19:42:28.884 I/Kernel ( 0): [ 3342.763591][thread:59][RT:3342753718809] 2019-10-21 17:42:28.882087 UTC; android time 2019-10-21 18:42:28.882087
10-21 19:42:28.884 I/Kernel ( 0): [ 3342.763619]-(0)[0:swapper/0][printk_delayed:done]
10-21 19:42:29.594 I/Kernel ( 0): [ 3343.473538]-(3)[0:swapper/3][printk_delayed:start]
10-21 19:42:29.594 I/Kernel ( 0): [ 3343.473574]-(3)[0:swapper/3][WDK], local_bit:0x0, cpu:3,RT[3343463552886]
10-21 19:42:29.594 I/Kernel ( 0): [ 3343.473574][WDK], local_bit:0x8, cpu:3, check bit0x:f,RT[3343463566501]
10-21 19:42:29.594 I/Kernel ( 0): [ 3343.473574][thread:62][RT:3343463573732] 2019-10-21 17:42:29.591941 UTC; android time 2019-10-21 18:42:29.591941
10-21 19:42:29.594 I/Kernel ( 35): [ 3343.473600].(1)[35:kworker/1:1] ABB T=92000
10-21 19:42:29.594 I/Kernel ( 35): [ 3343.473604]-(3)[0:swapper/3][printk_delayed:done]
10-21 19:42:29.844 I/Kernel ( 8542): [ 3343.723600].(2)[8542:kworker/2:0][MUSB] USB is ready for connect
10-21 19:42:30.594 I/Kernel ( 35): [ 3344.473629].(1)[35:kworker/1:1] ABB T=91300
10-21 19:42:31.594 I/Kernel ( 35): [ 3345.473609].(1)[35:kworker/1:1] ABB T=92200
10-21 19:42:31.734 I/Kernel ( 29): [ 3345.613582].(3)[29:update_secureti]enter TEE_Icnt_time
10-21 19:42:31.734 I/Kernel ( 29): [ 3345.613854].(3)[29:update_secureti]update_securetime_thread_gb updata inc count
10-21 19:42:32.594 I/Kernel ( 35): [ 3346.473604].(1)[35:kworker/1:1] ABB T=91100
10-21 19:42:33.594 I/Kernel ( 35): [ 3347.473633].(1)[35:kworker/1:1] ABB T=92300
10-21 19:42:34.594 I/Kernel ( 35): [ 3348.473629].(1)[35:kworker/1:1] ABB T=91100
10-21 19:42:35.594 I/Kernel ( 35): [ 3349.473618].(1)[35:kworker/1:1] ABB T=90800
10-21 19:42:35.864 I/Kernel ( 8542): [ 3349.743611].(2)[8542:kworker/2:0][MUSB] USB is ready for connect
10-21 19:42:36.594 I/Kernel ( 35): [ 3350.473632].(1)[35:kworker/1:1] ABB T=91500
10-21 19:42:36.734 I/Kernel ( 29): [ 3350.613588].(3)[29:update_secureti]enter TEE_Icnt_time
10-21 19:42:36.734 I/Kernel ( 29): [ 3350.613863].(3)[29:update_secureti]update_securetime_thread_gb updata inc count
10-21 19:42:37.594 I/Kernel ( 35): [ 3351.473630].(1)[35:kworker/1:1] ABB T=90900
10-21 19:42:38.594 I/Kernel ( 35): [ 3352.473612].(1)[35:kworker/1:1] ABB T=91300
10-21 19:42:39.444 I/Kernel ( 434): [ 3353.323607][hdmi]#1506
10-21 19:42:39.444 I/Kernel ( 434): [hdmi] list empty 111500, sleeping
10-21 19:42:39.594 I/Kernel ( 35): [ 3353.473624].(1)[35:kworker/1:1] ABB T=90900
10-21 19:42:40.594 I/Kernel ( 35): [ 3354.473596].(1)[35:kworker/1:1] ABB T=90900
10-21 19:42:41.594 I/Kernel ( 35): [ 3355.473608].(1)[35:kworker/1:1] ABB T=90500
10-21 19:42:41.734 I/Kernel ( 29): [ 3355.613652].(1)[29:update_secureti]enter TEE_Icnt_time
10-21 19:42:41.734 I/Kernel ( 29): [ 3355.613984].(1)[29:update_secureti]update_securetime_thread_gb updata inc count
10-21 19:42:41.884 I/Kernel ( 8542): [ 3355.763737].(2)[8542:kworker/2:0][MUSB] USB is ready for connect
10-21 19:42:42.594 I/Kernel ( 35): [ 3356.473649].(1)[35:kworker/1:1] ABB T=92900
10-21 19:42:43.594 I/Kernel ( 35): [ 3357.473612].(1)[35:kworker/1:1] ABB T=91700
10-21 19:42:44.594 I/Kernel ( 35): [ 3358.473601].(1)[35:kworker/1:1] ABB T=91100
10-21 19:42:45.594 I/Kernel ( 35): [ 3359.473630].(1)[35:kworker/1:1] ABB T=91300
10-21 19:42:46.594 I/Kernel ( 35): [ 3360.473646].(1)[35:kworker/1:1] ABB T=91400
10-21 19:42:46.734 I/Kernel ( 29): [ 3360.613609].(1)[29:update_secureti]enter TEE_Icnt_time
10-21 19:42:46.734 I/Kernel ( 29): [ 3360.613888].(1)[29:update_secureti]update_securetime_thread_gb updata inc count
10-21 19:42:47.594 I/Kernel ( 35): [ 3361.473609].(1)[35:kworker/1:1] ABB T=91500
10-21 19:42:47.904 I/Kernel ( 8542): [ 3361.783614].(2)[8542:kworker/2:0][MUSB] USB is ready for connect
10-21 19:42:48.594 I/Kernel ( 35): [ 3362.473631].(1)[35:kworker/1:1] ABB T=91800
10-21 19:42:48.884 I/Kernel ( 7530): [ 3362.763537]-(1)[7924:NDK MediaCodec_][printk_delayed:start]
10-21 19:42:48.884 I/Kernel ( 7530): [ 3362.763573]-(1)[7924:NDK MediaCodec_][WDK], local_bit:0x8, cpu:1,RT[3362753568656]
10-21 19:42:48.884 I/Kernel ( 7530): [ 3362.763573][WDK], local_bit:0xa, cpu:1, check bit0x:f,RT[3362753582810]
10-21 19:42:48.884 I/Kernel ( 7530): [ 3362.763573][thread:60][RT:3362753590887] 2019-10-21 17:42:48.881958 UTC; android time 2019-10-21 18:42:48.881958
10-21 19:42:48.884 I/Kernel ( 7530): [ 3362.763725]-(1)[7924:NDK MediaCodec_][printk_delayed:done]
10-21 19:42:48.894 I/Kernel ( 180): [ 3362.773543]-(0)[7927:MtkOmxVdecDecod][printk_delayed:start]
10-21 19:42:48.894 I/Kernel ( 180): [ 3362.773551]-(2)[0:swapper/2][printk_delayed:start]
10-21 19:42:48.894 I/Kernel ( 180): [ 3362.773567]-(2)[0:swapper/2][WDK], local_bit:0xa, cpu:2,RT[3362763558348]
10-21 19:42:48.894 I/Kernel ( 180): [ 3362.773567][WDK], local_bit:0xe, cpu:2, check bit0x:f,RT[3362763564656]
10-21 19:42:48.894 I/Kernel ( 180): [ 3362.773567][thread:61][RT:3362763570733] 2019-10-21 17:42:48.891938 UTC; android time 2019-10-21 18:42:48.891938
10-21 19:42:48.894 I/Kernel ( 180): [ 3362.773572]-(2)[0:swapper/2][printk_delayed:done]
10-21 19:42:48.894 I/Kernel ( 180): [ 3362.773618]-(0)[7927:MtkOmxVdecDecod][WDK], local_bit:0xe, cpu:0,RT[3362763568733]
10-21 19:42:48.894 I/Kernel ( 180): [ 3362.773618][WDK], local_bit:0xf, cpu:0, check bit0x:f,RT[3362763573656]
10-21 19:42:48.894 I/Kernel ( 180): [ 3362.773618][WDK]: kick Ex WDT,RT[3362763577194]
10-21 19:42:48.894 I/Kernel ( 180): [ 3362.773618][thread:59][RT:3362763727271] 2019-10-21 17:42:48.892096 UTC; android time 2019-10-21 18:42:48.892096
10-21 19:42:48.894 I/Kernel ( 180): [ 3362.773646]-(0)[7927:MtkOmxVdecDecod][printk_delayed:done]
10-21 19:42:49.594 I/Kernel ( 35): [ 3363.473661].(1)[35:kworker/1:1] ABB T=91100
10-21 19:42:49.604 I/Kernel ( 0): [ 3363.483538]-(3)[0:swapper/3][printk_delayed:start]
10-21 19:42:49.604 I/Kernel ( 0): [ 3363.483577]-(3)[0:swapper/3][WDK], local_bit:0x0, cpu:3,RT[3363473589887]
10-21 19:42:49.604 I/Kernel ( 0): [ 3363.483577][WDK], local_bit:0x8, cpu:3, check bit0x:f,RT[3363473603887]
10-21 19:42:49.604 I/Kernel ( 0): [ 3363.483577][thread:62][RT:3363473611964] 2019-10-21 17:42:49.601979 UTC; android time 2019-10-21 18:42:49.601979
10-21 19:42:49.604 I/Kernel ( 0): [ 3363.483601]-(3)[0:swapper/3][printk_delayed:done]
10-21 19:42:50.594 I/Kernel ( 35): [ 3364.473627].(1)[35:kworker/1:1] ABB T=91500
10-21 19:42:51.594 I/Kernel ( 35): [ 3365.473647].(1)[35:kworker/1:1] ABB T=91500
10-21 19:42:51.734 I/Kernel ( 29): [ 3365.613599].(1)[29:update_secureti]enter TEE_Icnt_time
10-21 19:42:51.734 I/Kernel ( 29): [ 3365.613873].(1)[29:update_secureti]update_securetime_thread_gb updata inc count
10-21 19:42:52.561 I/Vlog ( 135): logd:performance:fgtracking=false;DV;1,key=TotalMessages;DV;1,Counter=706;CT;1,unit=count;DV;1:HI
10-21 19:42:52.561 I/Vlog ( 135): logd:performance:fgtracking=false;DV;1,key=DroppedMessages;DV;1,Counter=0;CT;1,unit=count;DV;1:HI
10-21 19:42:52.561 I/Vlog ( 135): logd:performance:fgtracking=false;DV;1,key=Throughput;DV;1,Counter=10.46;CT;1,unit=kbps;DV;1:HI
10-21 19:42:52.594 I/Kernel ( 35): [ 3366.473632].(1)[35:kworker/1:1] ABB T=90900
10-21 19:42:52.874 I/Kernel ( 136): [ 3366.755938].(1)[136:healthd]healthd: battery l=100 v=4200 t=2.2 h=2 st=5 chg=u
10-21 19:42:53.594 I/Kernel ( 35): [ 3367.473628].(1)[35:kworker/1:1] ABB T=91100
10-21 19:42:53.924 I/Kernel ( 8542): [ 3367.803589].(2)[8542:kworker/2:0][MUSB] USB is ready for connect
10-21 19:42:54.444 I/Kernel ( 434): [ 3368.323607][hdmi]#1506
10-21 19:42:54.444 I/Kernel ( 434): [hdmi] list empty 112000, sleeping
10-21 19:42:54.594 I/Kernel ( 35): [ 3368.473624].(1)[35:kworker/1:1] ABB T=91800
10-21 19:42:55.594 I/Kernel ( 35): [ 3369.473604].(1)[35:kworker/1:1] ABB T=92000
10-21 19:42:56.594 I/Kernel ( 35): [ 3370.473628].(1)[35:kworker/1:1] ABB T=90800
10-21 19:42:56.734 I/Kernel ( 29): [ 3370.613593].(1)[29:update_secureti]enter TEE_Icnt_time
10-21 19:42:56.734 I/Kernel ( 29): [ 3370.613891].(1)[29:update_secureti]update_securetime_thread_gb updata inc count
10-21 19:42:57.594 I/Kernel ( 35): [ 3371.473609].(1)[35:kworker/1:1] ABB T=91100
10-21 19:42:58.594 I/Kernel ( 35): [ 3372.473603].(1)[35:kworker/1:1] ABB T=90500
10-21 19:42:59.594 I/Kernel ( 35): [ 3373.473626].(1)[35:kworker/1:1] ABB T=91100
10-21 19:42:59.944 I/Kernel ( 8542): [ 3373.823629].(2)[8542:kworker/2:0][MUSB] USB is ready for connect
10-21 19:43:00.594 I/Kernel ( 35): [ 3374.473620].(1)[35:kworker/1:1] ABB T=90500
10-21 19:43:01.594 I/Kernel ( 35): [ 3375.473627].(1)[35:kworker/1:1] ABB T=90500
10-21 19:43:01.734 I/Kernel ( 29): [ 3375.613620].(1)[29:update_secureti]enter TEE_Icnt_time
10-21 19:43:01.734 I/Kernel ( 29): [ 3375.613933].(1)[29:update_secureti]update_securetime_thread_gb updata inc count
10-21 19:43:02.594 I/Kernel ( 35): [ 3376.473615].(1)[35:kworker/1:1] ABB T=91400
10-21 19:43:03.594 I/Kernel ( 35): [ 3377.473618].(1)[35:kworker/1:1] ABB T=90500
10-21 19:43:04.594 I/Kernel ( 35): [ 3378.473611].(1)[35:kworker/1:1] ABB T=90700
10-21 19:43:05.594 I/Kernel ( 35): [ 3379.473618].(1)[35:kworker/1:1] ABB T=90700
10-21 19:43:05.964 I/Kernel ( 8542): [ 3379.843613].(2)[8542:kworker/2:0][MUSB] USB is ready for connect
10-21 19:43:06.594 I/Kernel ( 35): [ 3380.473618].(1)[35:kworker/1:1] ABB T=91100
10-21 19:43:06.734 I/Kernel ( 29): [ 3380.613574].(1)[29:update_secureti]enter TEE_Icnt_time
10-21 19:43:06.734 I/Kernel ( 29): [ 3380.613805].(1)[29:update_secureti]update_securetime_thread_gb updata inc count
10-21 19:43:07.594 I/Kernel ( 35): [ 3381.473631].(1)[35:kworker/1:1] ABB T=91100
10-21 19:43:08.594 I/Kernel ( 35): [ 3382.473605].(1)[35:kworker/1:1] ABB T=91100
10-21 19:43:08.894 I/Kernel ( 0): [ 3382.773557]-(1)[0:swapper/1][printk_delayed:start]
10-21 19:43:08.894 I/Kernel ( 0): [ 3382.773603]-(1)[0:swapper/1][WDK], local_bit:0x8, cpu:1,RT[3382763575503]
10-21 19:43:08.894 I/Kernel ( 0): [ 3382.773603][WDK], local_bit:0xa, cpu:1, check bit0x:f,RT[3382763591657]
10-21 19:43:08.894 I/Kernel ( 0): [ 3382.773603][thread:60][RT:3382763599734] 2019-10-21 17:43:08.891967 UTC; android time 2019-10-21 18:43:08.891967
10-21 19:43:08.894 I/Kernel ( 0): [ 3382.773628]-(1)[0:swapper/1][printk_delayed:done]
10-21 19:43:08.904 I/Kernel ( 7530): [ 3382.783532]-(2)[7923:Thread-732][printk_delayed:start]
10-21 19:43:08.904 I/Kernel ( 7530): [ 3382.783540]-(0)[0:swapper/0][printk_delayed:start]
10-21 19:43:08.904 I/Kernel ( 7530): [ 3382.783554]-(0)[0:swapper/0][WDK], local_bit:0xa, cpu:0,RT[3382773642734]
10-21 19:43:08.904 I/Kernel ( 7530): [ 3382.783554][WDK], local_bit:0xb, cpu:0, check bit0x:f,RT[3382773649350]
10-21 19:43:08.904 I/Kernel ( 7530): [ 3382.783554][thread:59][RT:3382773655965] 2019-10-21 17:43:08.902023 UTC; android time 2019-10-21 18:43:08.902023
10-21 19:43:08.904 I/Kernel ( 7530): [ 3382.783558]-(0)[0:swapper/0][printk_delayed:done]
10-21 19:43:08.904 I/Kernel ( 7530): [ 3382.783601]-(2)[7923:Thread-732][WDK], local_bit:0xb, cpu:2,RT[3382773694426]
10-21 19:43:08.904 I/Kernel ( 7530): [ 3382.783601][WDK], local_bit:0xf, cpu:2, check bit0x:f,RT[3382773699196]
10-21 19:43:08.904 I/Kernel ( 7530): [ 3382.783601][WDK]: kick Ex WDT,RT[3382773702580]
10-21 19:43:08.904 I/Kernel ( 7530): [ 3382.783601][thread:61][RT:3382773857350] 2019-10-21 17:43:08.902226 UTC; android time 2019-10-21 18:43:08.902226
10-21 19:43:08.904 I/Kernel ( 7530): [ 3382.783628]-(2)[7923:Thread-732][printk_delayed:done]
10-21 19:43:09.444 I/Kernel ( 434): [ 3383.323598][hdmi]#1506
10-21 19:43:09.444 I/Kernel ( 434): [hdmi] list empty 112500, sleeping
10-21 19:43:09.594 I/Kernel ( 35): [ 3383.473648].(1)[35:kworker/1:1] ABB T=90900
10-21 19:43:09.614 I/Kernel ( 0): [ 3383.493554]-(3)[0:swapper/3][printk_delayed:start]
10-21 19:43:09.614 I/Kernel ( 0): [ 3383.493596]-(3)[0:swapper/3][WDK], local_bit:0x0, cpu:3,RT[3383483560580]
10-21 19:43:09.614 I/Kernel ( 0): [ 3383.493596][WDK], local_bit:0x8, cpu:3, check bit0x:f,RT[3383483571580]
10-21 19:43:09.614 I/Kernel ( 0): [ 3383.493596][thread:62][RT:3383483579042] 2019-10-21 17:43:09.611946 UTC; android time 2019-10-21 18:43:09.611946
10-21 19:43:09.614 I/Kernel ( 0): [ 3383.493621]-(3)[0:swapper/3][printk_delayed:done]
10-21 19:43:10.594 I/Kernel ( 35): [ 3384.473620].(1)[35:kworker/1:1] ABB T=91100
10-21 19:43:11.594 I/Kernel ( 35): [ 3385.473617].(1)[35:kworker/1:1] ABB T=91100
10-21 19:43:11.734 I/Kernel ( 29): [ 3385.613619].(1)[29:update_secureti]enter TEE_Icnt_time
10-21 19:43:11.734 I/Kernel ( 29): [ 3385.613957].(1)[29:update_secureti]update_securetime_thread_gb updata inc count
10-21 19:43:11.984 I/Kernel ( 8542): [ 3385.863605].(2)[8542:kworker/2:0][MUSB] USB is ready for connect
10-21 19:43:12.594 I/Kernel ( 35): [ 3386.473629].(1)[35:kworker/1:1] ABB T=91300
10-21 19:43:13.594 I/Kernel ( 35): [ 3387.473603].(1)[35:kworker/1:1] ABB T=91400
10-21 19:43:14.594 I/Kernel ( 35): [ 3388.473632].(1)[35:kworker/1:1] ABB T=91800
10-21 19:43:15.594 I/Kernel ( 35): [ 3389.473639].(1)[35:kworker/1:1] ABB T=91300
10-21 19:43:16.594 I/Kernel ( 35): [ 3390.473597].(1)[35:kworker/1:1] ABB T=91300
10-21 19:43:16.734 I/Kernel ( 29): [ 3390.613619].(1)[29:update_secureti]enter TEE_Icnt_time
10-21 19:43:16.734 I/Kernel ( 29): [ 3390.613902].(1)[29:update_secureti]update_securetime_thread_gb updata inc count
10-21 19:43:17.594 I/Kernel ( 35): [ 3391.473608].(1)[35:kworker/1:1] ABB T=90700
10-21 19:43:18.004 I/Kernel ( 8542): [ 3391.883607].(2)[8542:kworker/2:0][MUSB] USB is ready for connect
10-21 19:43:18.594 I/Kernel ( 35): [ 3392.473622].(1)[35:kworker/1:1] ABB T=90800
10-21 19:43:19.594 I/Kernel ( 35): [ 3393.473639].(1)[35:kworker/1:1] ABB T=90700
10-21 19:43:20.594 I/Kernel ( 35): [ 3394.473617].(1)[35:kworker/1:1] ABB T=91100
10-21 19:43:21.594 I/Kernel ( 35): [ 3395.473634].(1)[35:kworker/1:1] ABB T=90500
10-21 19:43:21.734 I/Kernel ( 29): [ 3395.613581].(1)[29:update_secureti]enter TEE_Icnt_time
10-21 19:43:21.734 I/Kernel ( 29): [ 3395.613850].(1)[29:update_secureti]update_securetime_thread_gb updata inc count
10-21 19:43:22.594 I/Kernel ( 35): [ 3396.473616].(1)[35:kworker/1:1] ABB T=90800
10-21 19:43:23.594 I/Kernel ( 35): [ 3397.473628].(1)[35:kworker/1:1] ABB T=90700
10-21 19:43:24.024 I/Kernel ( 8542): [ 3397.903628].(2)[8542:kworker/2:0][MUSB] USB is ready for connect
10-21 19:43:24.444 I/Kernel ( 434): [ 3398.323640][hdmi]#1506
10-21 19:43:24.444 I/Kernel ( 434): [hdmi] list empty 113000, sleeping
10-21 19:43:24.594 I/Kernel ( 35): [ 3398.473650].(1)[35:kworker/1:1] ABB T=90700
10-21 19:43:25.594 I/Kernel ( 35): [ 3399.473637].(1)[35:kworker/1:1] ABB T=90700
10-21 19:43:26.594 I/Kernel ( 35): [ 3400.473609].(1)[35:kworker/1:1] ABB T=90300
10-21 19:43:26.734 I/Kernel ( 29): [ 3400.613626].(1)[29:update_secureti]enter TEE_Icnt_time
10-21 19:43:26.734 I/Kernel ( 29): [ 3400.613937].(1)[29:update_secureti]update_securetime_thread_gb updata inc count
10-21 19:43:27.594 I/Kernel ( 35): [ 3401.473638].(1)[35:kworker/1:1] ABB T=91100
10-21 19:43:28.594 I/Kernel ( 35): [ 3402.473629].(1)[35:kworker/1:1] ABB T=91300
10-21 19:43:28.904 I/Kernel ( 0): [ 3402.783547]-(1)[0:swapper/1][printk_delayed:start]
10-21 19:43:28.904 I/Kernel ( 0): [ 3402.783584]-(1)[0:swapper/1][WDK], local_bit:0x8, cpu:1,RT[3402773560812]
10-21 19:43:28.904 I/Kernel ( 0): [ 3402.783584][WDK], local_bit:0xa, cpu:1, check bit0x:f,RT[3402773573197]
10-21 19:43:28.904 I/Kernel ( 0): [ 3402.783584][thread:60][RT:3402773580812] 2019-10-21 17:43:28.901948 UTC; android time 2019-10-21 18:43:28.901948
10-21 19:43:28.904 I/Kernel ( 0): [ 3402.783741]-(1)[0:swapper/1][printk_delayed:done]
10-21 19:43:28.914 I/Kernel ( 0): [ 3402.793532]-(2)[0:swapper/2][printk_delayed:start]
10-21 19:43:28.914 I/Kernel ( 0): [ 3402.793540]-(0)[0:swapper/0][printk_delayed:start]
10-21 19:43:28.914 I/Kernel ( 0): [ 3402.793555]-(0)[0:swapper/0][WDK], local_bit:0xe, cpu:0,RT[3402783587428]
10-21 19:43:28.914 I/Kernel ( 0): [ 3402.793555][WDK], local_bit:0xf, cpu:0, check bit0x:f,RT[3402783592505]
10-21 19:43:28.914 I/Kernel ( 0): [ 3402.793555][WDK]: kick Ex WDT,RT[3402783596043]
10-21 19:43:28.914 I/Kernel ( 0): [ 3402.793555][thread:59][RT:3402783743505] 2019-10-21 17:43:28.912112 UTC; android time 2019-10-21 18:43:28.912112
10-21 19:43:28.914 I/Kernel ( 0): [ 3402.793560]-(0)[0:swapper/0][printk_delayed:done]
10-21 19:43:28.914 I/Kernel ( 0): [ 3402.793606]-(2)[0:swapper/2][WDK], local_bit:0xa, cpu:2,RT[3402783576505]
10-21 19:43:28.914 I/Kernel ( 0): [ 3402.793606][WDK], local_bit:0xe, cpu:2, check bit0x:f,RT[3402783583274]
10-21 19:43:28.914 I/Kernel ( 0): [ 3402.793606][thread:61][RT:3402783590197] 2019-10-21 17:43:28.911957 UTC; android time 2019-10-21 18:43:28.911957
10-21 19:43:28.914 I/Kernel ( 0): [ 3402.793629]-(2)[0:swapper/2][printk_delayed:done]
10-21 19:43:29.594 I/Kernel ( 35): [ 3403.473600].(1)[35:kworker/1:1] ABB T=91500
10-21 19:43:29.624 I/Kernel ( 0): [ 3403.503540]-(3)[0:swapper/3][printk_delayed:start]
10-21 19:43:29.624 I/Kernel ( 0): [ 3403.503578]-(3)[0:swapper/3][WDK], local_bit:0x0, cpu:3,RT[3403493562428]
10-21 19:43:29.624 I/Kernel ( 0): [ 3403.503578][WDK], local_bit:0x8, cpu:3, check bit0x:f,RT[3403493576428]
10-21 19:43:29.624 I/Kernel ( 0): [ 3403.503578][thread:62][RT:3403493584505] 2019-10-21 17:43:29.621951 UTC; android time 2019-10-21 18:43:29.621951
10-21 19:43:29.624 I/Kernel ( 0): [ 3403.503602]-(3)[0:swapper/3][printk_delayed:done]
10-21 19:43:30.044 I/Kernel ( 8542): [ 3403.923605].(2)[8542:kworker/2:0][MUSB] USB is ready for connect
10-21 19:43:30.594 I/Kernel ( 35): [ 3404.473615].(1)[35:kworker/1:1] ABB T=90900
10-21 19:43:31.594 I/Kernel ( 35): [ 3405.473613].(1)[35:kworker/1:1] ABB T=90900
10-21 19:43:31.734 I/Kernel ( 29): [ 3405.613655].(1)[29:update_secureti]enter TEE_Icnt_time
10-21 19:43:31.734 I/Kernel ( 29): [ 3405.613942].(1)[29:update_secureti]update_securetime_thread_gb updata inc count
10-21 19:43:32.594 I/Kernel ( 35): [ 3406.473604].(1)[35:kworker/1:1] ABB T=90800
10-21 19:43:33.594 I/Kernel ( 35): [ 3407.473627].(1)[35:kworker/1:1] ABB T=90800
10-21 19:43:34.594 I/Kernel ( 35): [ 3408.473771].(1)[35:kworker/1:1] ABB T=90900
10-21 19:43:35.594 I/Kernel ( 35): [ 3409.473613].(1)[35:kworker/1:1] ABB T=90800
10-21 19:43:36.064 I/Kernel ( 8542): [ 3409.943599].(2)[8542:kworker/2:0][MUSB] USB is ready for connect
10-21 19:43:36.594 I/Kernel ( 35): [ 3410.473620].(1)[35:kworker/1:1] ABB T=91400
10-21 19:43:36.734 I/Kernel ( 29): [ 3410.613576].(1)[29:update_secureti]enter TEE_Icnt_time
10-21 19:43:36.734 I/Kernel ( 29): [ 3410.613839].(1)[29:update_secureti]update_securetime_thread_gb updata inc count
10-21 19:43:37.594 I/Kernel ( 35): [ 3411.473611].(1)[35:kworker/1:1] ABB T=91100
10-21 19:43:38.594 I/Kernel ( 35): [ 3412.473599].(1)[35:kworker/1:1] ABB T=91700
10-21 19:43:39.444 I/Kernel ( 434): [ 3413.323596][hdmi]#1506
10-21 19:43:39.444 I/Kernel ( 434): [hdmi] list empty 113500, sleeping
10-21 19:43:39.594 I/Kernel ( 35): [ 3413.473652].(1)[35:kworker/1:1] ABB T=90500
10-21 19:43:40.594 I/Kernel ( 35): [ 3414.473621].(1)[35:kworker/1:1] ABB T=90500
10-21 19:43:41.594 I/Kernel ( 35): [ 3415.473622].(1)[35:kworker/1:1] ABB T=90900
10-21 19:43:41.734 I/Kernel ( 29): [ 3415.613608].(1)[29:update_secureti]enter TEE_Icnt_time
10-21 19:43:41.734 I/Kernel ( 29): [ 3415.613917].(1)[29:update_secureti]update_securetime_thread_gb updata inc count
10-21 19:43:42.084 I/Kernel ( 8542): [ 3415.963594].(2)[8542:kworker/2:0][MUSB] USB is ready for connect
10-21 19:43:42.594 I/Kernel ( 35): [ 3416.473646].(1)[35:kworker/1:1] ABB T=92100
10-21 19:43:43.594 I/Kernel ( 35): [ 3417.473616].(1)[35:kworker/1:1] ABB T=90800
10-21 19:43:44.594 I/Kernel ( 35): [ 3418.473615].(1)[35:kworker/1:1] ABB T=91100
10-21 19:43:45.594 I/Kernel ( 35): [ 3419.473635].(1)[35:kworker/1:1] ABB T=91400
10-21 19:43:46.594 I/Kernel ( 35): [ 3420.473639].(1)[35:kworker/1:1] ABB T=90500
10-21 19:43:46.734 I/Kernel ( 29): [ 3420.613622].(1)[29:update_secureti]enter TEE_Icnt_time
10-21 19:43:46.734 I/Kernel ( 29): [ 3420.613917].(1)[29:update_secureti]update_securetime_thread_gb updata inc count
10-21 19:43:47.594 I/Kernel ( 35): [ 3421.473594].(1)[35:kworker/1:1] ABB T=90700
10-21 19:43:48.104 I/Kernel ( 8542): [ 3421.983601].(2)[8542:kworker/2:0][MUSB] USB is ready for connect
10-21 19:43:48.594 I/Kernel ( 35): [ 3422.473626].(1)[35:kworker/1:1] ABB T=90900
10-21 19:43:48.914 I/Kernel ( 0): [ 3422.793534]-(1)[0:swapper/1][printk_delayed:start]
10-21 19:43:48.914 I/Kernel ( 0): [ 3422.793569]-(1)[0:swapper/1][WDK], local_bit:0x8, cpu:1,RT[3422783571737]
10-21 19:43:48.914 I/Kernel ( 0): [ 3422.793569][WDK], local_bit:0xa, cpu:1, check bit0x:f,RT[3422783585198]
10-21 19:43:48.914 I/Kernel ( 0): [ 3422.793569][thread:60][RT:3422783592737] 2019-10-21 17:43:48.911960 UTC; android time 2019-10-21 18:43:48.911960
10-21 19:43:48.914 I/Kernel ( 0): [ 3422.793719]-(1)[0:swapper/1][printk_delayed:done]
10-21 19:43:48.924 I/Kernel ( 0): [ 3422.803540]-(0)[0:swapper/0][printk_delayed:start]
10-21 19:43:48.924 I/Kernel ( 0): [ 3422.803548]-(2)[0:swapper/2][printk_delayed:start]
10-21 19:43:48.924 I/Kernel ( 0): [ 3422.803565]-(2)[0:swapper/2][WDK], local_bit:0xa, cpu:2,RT[3422793553198]
10-21 19:43:48.924 I/Kernel ( 0): [ 3422.803565][WDK], local_bit:0xe, cpu:2, check bit0x:f,RT[3422793559506]
10-21 19:43:48.924 I/Kernel ( 0): [ 3422.803565][thread:61][RT:3422793565044] 2019-10-21 17:43:48.921933 UTC; android time 2019-10-21 18:43:48.921933
10-21 19:43:48.924 I/Kernel ( 0): [ 3422.803570]-(2)[0:swapper/2][printk_delayed:done]
10-21 19:43:48.924 I/Kernel ( 0): [ 3422.803614]-(0)[0:swapper/0][WDK], local_bit:0xe, cpu:0,RT[3422793580660]
10-21 19:43:48.924 I/Kernel ( 0): [ 3422.803614][WDK], local_bit:0xf, cpu:0, check bit0x:f,RT[3422793585890]
10-21 19:43:48.924 I/Kernel ( 0): [ 3422.803614][WDK]: kick Ex WDT,RT[3422793589352]
10-21 19:43:48.924 I/Kernel ( 0): [ 3422.803614][thread:59][RT:3422793721737] 2019-10-21 17:43:48.922090 UTC; android time 2019-10-21 18:43:48.922090
10-21 19:43:48.924 I/Kernel ( 0): [ 3422.803642]-(0)[0:swapper/0][printk_delayed:done]
10-21 19:43:49.594 I/Kernel ( 35): [ 3423.473601].(1)[35:kworker/1:1] ABB T=90500
10-21 19:43:49.634 I/Kernel ( 0): [ 3423.513536]-(3)[0:swapper/3][printk_delayed:start]
10-21 19:43:49.634 I/Kernel ( 0): [ 3423.513572]-(3)[0:swapper/3][WDK], local_bit:0x0, cpu:3,RT[3423503583813]
10-21 19:43:49.634 I/Kernel ( 0): [ 3423.513572][WDK], local_bit:0x8, cpu:3, check bit0x:f,RT[3423503596044]
10-21 19:43:49.634 I/Kernel ( 0): [ 3423.513572][thread:62][RT:3423503603813] 2019-10-21 17:43:49.631971 UTC; android time 2019-10-21 18:43:49.631971
10-21 19:43:49.634 I/Kernel ( 0): [ 3423.513596]-(3)[0:swapper/3][printk_delayed:done]
10-21 19:43:50.594 I/Kernel ( 35): [ 3424.473602].(1)[35:kworker/1:1] ABB T=91100
10-21 19:43:51.594 I/Kernel ( 35): [ 3425.473635].(1)[35:kworker/1:1] ABB T=90900
10-21 19:43:51.734 I/Kernel ( 29): [ 3425.613576].(1)[29:update_secureti]enter TEE_Icnt_time
10-21 19:43:51.734 I/Kernel ( 29): [ 3425.613844].(1)[29:update_secureti]update_securetime_thread_gb updata inc count
10-21 19:43:52.561 I/Vlog ( 135): logd:performance:fgtracking=false;DV;1,key=TotalMessages;DV;1,Counter=708;CT;1,unit=count;DV;1:HI
10-21 19:43:52.561 I/Vlog ( 135): logd:performance:fgtracking=false;DV;1,key=DroppedMessages;DV;1,Counter=0;CT;1,unit=count;DV;1:HI
10-21 19:43:52.561 I/Vlog ( 135): logd:performance:fgtracking=false;DV;1,key=Throughput;DV;1,Counter=9.88;CT;1,unit=kbps;DV;1:HI
10-21 19:43:52.594 I/Kernel ( 35): [ 3426.473640].(1)[35:kworker/1:1] ABB T=90800
10-21 19:43:52.874 I/Kernel ( 136): [ 3426.755888].(1)[136:healthd]healthd: battery l=100 v=4200 t=2.2 h=2 st=5 chg=u
10-21 19:43:53.594 I/Kernel ( 35): [ 3427.473639].(1)[35:kworker/1:1] ABB T=90900
10-21 19:43:54.124 I/Kernel ( 8542): [ 3428.003601].(2)[8542:kworker/2:0][MUSB] USB is ready for connect
10-21 19:43:54.444 I/Kernel ( 434): [ 3428.323596][hdmi]#1506
10-21 19:43:54.444 I/Kernel ( 434): [hdmi] list empty 114000, sleeping
10-21 19:43:54.594 I/Kernel ( 35): [ 3428.473624].(1)[35:kworker/1:1] ABB T=91100
10-21 19:43:55.594 I/Kernel ( 35): [ 3429.473637].(1)[35:kworker/1:1] ABB T=90800
10-21 19:43:56.594 I/Kernel ( 35): [ 3430.473622].(1)[35:kworker/1:1] ABB T=91300
10-21 19:43:56.734 I/Kernel ( 29): [ 3430.613581].(1)[29:update_secureti]enter TEE_Icnt_time
10-21 19:43:56.734 I/Kernel ( 29): [ 3430.613853].(1)[29:update_secureti]update_securetime_thread_gb updata inc count
10-21 19:43:57.594 I/Kernel ( 35): [ 3431.473636].(1)[35:kworker/1:1] ABB T=91100
10-21 19:43:58.594 I/Kernel ( 35): [ 3432.473623].(1)[35:kworker/1:1] ABB T=90500
10-21 19:43:59.594 I/Kernel ( 35): [ 3433.473607].(1)[35:kworker/1:1] ABB T=90500
10-21 19:44:00.144 I/Kernel ( 8542): [ 3434.023607].(2)[8542:kworker/2:0][MUSB] USB is ready for connect
10-21 19:44:00.594 I/Kernel ( 35): [ 3434.473637].(1)[35:kworker/1:1] ABB T=90500
10-21 19:44:01.594 I/Kernel ( 35): [ 3435.473608].(1)[35:kworker/1:1] ABB T=90500
10-21 19:44:01.734 I/Kernel ( 29): [ 3435.613673].(1)[29:update_secureti]enter TEE_Icnt_time
10-21 19:44:01.734 I/Kernel ( 29): [ 3435.613977].(1)[29:update_secureti]update_securetime_thread_gb updata inc count
10-21 19:44:02.594 I/Kernel ( 35): [ 3436.473637].(1)[35:kworker/1:1] ABB T=90900
10-21 19:44:03.594 I/Kernel ( 35): [ 3437.473618].(1)[35:kworker/1:1] ABB T=90900
10-21 19:44:04.594 I/Kernel ( 35): [ 3438.473597].(1)[35:kworker/1:1] ABB T=90300
10-21 19:44:05.594 I/Kernel ( 35): [ 3439.473605].(1)[35:kworker/1:1] ABB T=90500
10-21 19:44:06.164 I/Kernel ( 8542): [ 3440.043764].(2)[8542:kworker/2:0][MUSB] USB is ready for connect
10-21 19:44:06.594 I/Kernel ( 35): [ 3440.473646].(1)[35:kworker/1:1] ABB T=90500
10-21 19:44:06.734 I/Kernel ( 29): [ 3440.613668].(0)[29:update_secureti]enter TEE_Icnt_time
10-21 19:44:06.734 I/Kernel ( 29): [ 3440.614012].(0)[29:update_secureti]update_securetime_thread_gb updata inc count
10-21 19:44:07.594 I/Kernel ( 35): [ 3441.473606].(1)[35:kworker/1:1] ABB T=89900
10-21 19:44:08.594 I/Kernel ( 35): [ 3442.473606].(1)[35:kworker/1:1] ABB T=90300
10-21 19:44:08.924 I/Kernel ( 0): [ 3442.803548]-(1)[0:swapper/1][printk_delayed:start]
10-21 19:44:08.924 I/Kernel ( 0): [ 3442.803585]-(1)[0:swapper/1][WDK], local_bit:0x8, cpu:1,RT[3442793564353]
10-21 19:44:08.924 I/Kernel ( 0): [ 3442.803585][WDK], local_bit:0xa, cpu:1, check bit0x:f,RT[3442793578199]
10-21 19:44:08.924 I/Kernel ( 0): [ 3442.803585][thread:60][RT:3442793585584] 2019-10-21 17:44:08.921953 UTC; android time 2019-10-21 18:44:08.921953
10-21 19:44:08.924 I/Kernel ( 0): [ 3442.803727]-(1)[0:swapper/1][printk_delayed:done]
10-21 19:44:08.934 I/Kernel ( 0): [ 3442.813522]-(2)[0:swapper/2][printk_delayed:start]
10-21 19:44:08.934 I/Kernel ( 0): [ 3442.813529]-(0)[0:swapper/0][printk_delayed:start]
10-21 19:44:08.934 I/Kernel ( 0): [ 3442.813542]-(0)[0:swapper/0][WDK], local_bit:0xe, cpu:0,RT[3442803593276]
10-21 19:44:08.934 I/Kernel ( 0): [ 3442.813542][WDK], local_bit:0xf, cpu:0, check bit0x:f,RT[3442803598122]
10-21 19:44:08.934 I/Kernel ( 0): [ 3442.813542][WDK]: kick Ex WDT,RT[3442803601584]
10-21 19:44:08.934 I/Kernel ( 0): [ 3442.813542][thread:59][RT:3442803729353] 2019-10-21 17:44:08.932098 UTC; android time 2019-10-21 18:44:08.932098
10-21 19:44:08.934 I/Kernel ( 0): [ 3442.813549]-(0)[0:swapper/0][printk_delayed:done]
10-21 19:44:08.934 I/Kernel ( 0): [ 3442.813588]-(2)[0:swapper/2][WDK], local_bit:0xa, cpu:2,RT[3442803580353]
10-21 19:44:08.934 I/Kernel ( 0): [ 3442.813588][WDK], local_bit:0xe, cpu:2, check bit0x:f,RT[3442803586738]
10-21 19:44:08.934 I/Kernel ( 0): [ 3442.813588][thread:61][RT:3442803593353] 2019-10-21 17:44:08.931961 UTC; android time 2019-10-21 18:44:08.931961
10-21 19:44:08.934 I/Kernel ( 0): [ 3442.813611]-(2)[0:swapper/2][printk_delayed:done]
10-21 19:44:09.444 I/Kernel ( 434): [ 3443.323589][hdmi]#1506
10-21 19:44:09.444 I/Kernel ( 434): [hdmi] list empty 114500, sleeping
10-21 19:44:09.594 I/Kernel ( 35): [ 3443.473634].(1)[35:kworker/1:1] ABB T=90800
10-21 19:44:09.644 I/Kernel ( 0): [ 3443.523547]-(3)[0:swapper/3][printk_delayed:start]
10-21 19:44:09.644 I/Kernel ( 0): [ 3443.523587]-(3)[0:swapper/3][WDK], local_bit:0x0, cpu:3,RT[3443513583584]
10-21 19:44:09.644 I/Kernel ( 0): [ 3443.523587][WDK], local_bit:0x8, cpu:3, check bit0x:f,RT[3443513601045]
10-21 19:44:09.644 I/Kernel ( 0): [ 3443.523587][thread:62][RT:3443513610507] 2019-10-21 17:44:09.641977 UTC; android time 2019-10-21 18:44:09.641977
10-21 19:44:09.644 I/Kernel ( 0): [ 3443.523612]-(3)[0:swapper/3][printk_delayed:done]
10-21 19:44:10.594 I/Kernel ( 35): [ 3444.473630].(1)[35:kworker/1:1] ABB T=90700
10-21 19:44:11.594 I/Kernel ( 35): [ 3445.473639].(1)[35:kworker/1:1] ABB T=90900
10-21 19:44:11.734 I/Kernel ( 29): [ 3445.613585].(0)[29:update_secureti]enter TEE_Icnt_time
10-21 19:44:11.734 I/Kernel ( 29): [ 3445.613855].(0)[29:update_secureti]update_securetime_thread_gb updata inc count
10-21 19:44:12.184 I/Kernel ( 8542): [ 3446.063597].(2)[8542:kworker/2:0][MUSB] USB is ready for connect
10-21 19:44:12.594 I/Kernel ( 35): [ 3446.473631].(1)[35:kworker/1:1] ABB T=90800
10-21 19:44:13.594 I/Kernel ( 35): [ 3447.473631].(1)[35:kworker/1:1] ABB T=91100
10-21 19:44:14.594 I/Kernel ( 35): [ 3448.473671].(1)[35:kworker/1:1] ABB T=90800
10-21 19:44:15.594 I/Kernel ( 35): [ 3449.473662].(1)[35:kworker/1:1] ABB T=90500
10-21 19:44:16.594 I/Kernel ( 35): [ 3450.474121].(1)[35:kworker/1:1] ABB T=90900
10-21 19:44:16.734 I/Kernel ( 29): [ 3450.613605].(2)[29:update_secureti]enter TEE_Icnt_time
10-21 19:44:16.734 I/Kernel ( 29): [ 3450.614132].(2)[29:update_secureti]update_securetime_thread_gb updata inc count
10-21 19:44:17.594 I/Kernel ( 35): [ 3451.473899].(1)[35:kworker/1:1] ABB T=91100
10-21 19:44:18.204 I/Kernel ( 8542): [ 3452.083623].(2)[8542:kworker/2:0][MUSB] USB is ready for connect
10-21 19:44:18.594 I/Kernel ( 35): [ 3452.473652].(1)[35:kworker/1:1] ABB T=90700
10-21 19:44:19.594 I/Kernel ( 35): [ 3453.473658].(1)[35:kworker/1:1] ABB T=90800
10-21 19:44:20.594 I/Kernel ( 35): [ 3454.473601].(1)[35:kworker/1:1] ABB T=90300
10-21 19:44:21.594 I/Kernel ( 35): [ 3455.473665].(1)[35:kworker/1:1] ABB T=90500
10-21 19:44:21.734 I/Kernel ( 29): [ 3455.613591].(2)[29:update_secureti]enter TEE_Icnt_time
10-21 19:44:21.734 I/Kernel ( 29): [ 3455.613876].(2)[29:update_secureti]update_securetime_thread_gb updata inc count
10-21 19:44:22.594 I/Kernel ( 35): [ 3456.473607].(1)[35:kworker/1:1] ABB T=90300
10-21 19:44:23.594 I/Kernel ( 35): [ 3457.473618].(1)[35:kworker/1:1] ABB T=90000
10-21 19:44:24.224 I/Kernel ( 8542): [ 3458.104573].(2)[8542:kworker/2:0][MUSB] USB is ready for connect
10-21 19:44:24.444 I/Kernel ( 434): [ 3458.323587][hdmi]#1506
10-21 19:44:24.444 I/Kernel ( 434): [hdmi] list empty 115000, sleeping
10-21 19:44:24.594 I/Kernel ( 35): [ 3458.473624].(1)[35:kworker/1:1] ABB T=90700
10-21 19:44:25.594 I/Kernel ( 35): [ 3459.473630].(1)[35:kworker/1:1] ABB T=90200
10-21 19:44:26.594 I/Kernel ( 35): [ 3460.473597].(1)[35:kworker/1:1] ABB T=90000
10-21 19:44:26.734 I/Kernel ( 29): [ 3460.613580].(1)[29:update_secureti]enter TEE_Icnt_time
10-21 19:44:26.734 I/Kernel ( 29): [ 3460.613896].(1)[29:update_secureti]update_securetime_thread_gb updata inc count
10-21 19:44:27.594 I/Kernel ( 35): [ 3461.473652].(1)[35:kworker/1:1] ABB T=89800
10-21 19:44:28.594 I/Kernel ( 35): [ 3462.473636].(1)[35:kworker/1:1] ABB T=90000
10-21 19:44:28.934 I/Kernel ( 0): [ 3462.813544]-(1)[0:swapper/1][printk_delayed:start]
10-21 19:44:28.934 I/Kernel ( 0): [ 3462.813582]-(1)[0:swapper/1][WDK], local_bit:0x8, cpu:1,RT[3462803590970]
10-21 19:44:28.934 I/Kernel ( 0): [ 3462.813582][WDK], local_bit:0xa, cpu:1, check bit0x:f,RT[3462803603354]
10-21 19:44:28.934 I/Kernel ( 0): [ 3462.813582][thread:60][RT:3462803611585] 2019-10-21 17:44:28.931979 UTC; android time 2019-10-21 18:44:28.931979
10-21 19:44:28.934 I/Kernel ( 0): [ 3462.813735]-(1)[0:swapper/1][printk_delayed:done]
10-21 19:44:28.944 I/Kernel ( 0): [ 3462.823536]-(0)[0:swapper/0][printk_delayed:start]
10-21 19:44:28.944 I/Kernel ( 0): [ 3462.823544]-(2)[0:swapper/2][printk_delayed:start]
10-21 19:44:28.944 I/Kernel ( 0): [ 3462.823559]-(2)[0:swapper/2][WDK], local_bit:0xa, cpu:2,RT[3462813560662]
10-21 19:44:28.944 I/Kernel ( 0): [ 3462.823559][WDK], local_bit:0xe, cpu:2, check bit0x:f,RT[3462813567354]
10-21 19:44:28.944 I/Kernel ( 0): [ 3462.823559][thread:61][RT:3462813574200] 2019-10-21 17:44:28.941941 UTC; android time 2019-10-21 18:44:28.941941
10-21 19:44:28.944 I/Kernel ( 0): [ 3462.823563]-(2)[0:swapper/2][printk_delayed:done]
10-21 19:44:28.944 I/Kernel ( 0): [ 3462.823607]-(0)[0:swapper/0][WDK], local_bit:0xe, cpu:0,RT[3462813580431]
10-21 19:44:28.944 I/Kernel ( 0): [ 3462.823607][WDK], local_bit:0xf, cpu:0, check bit0x:f,RT[3462813585431]
10-21 19:44:28.944 I/Kernel ( 0): [ 3462.823607][WDK]: kick Ex WDT,RT[3462813588893]
10-21 19:44:28.944 I/Kernel ( 0): [ 3462.823607][thread:59][RT:3462813737662] 2019-10-21 17:44:28.942106 UTC; android time 2019-10-21 18:44:28.942106
10-21 19:44:28.944 I/Kernel ( 0): [ 3462.823635]-(0)[0:swapper/0][printk_delayed:done]
10-21 19:44:29.594 I/Kernel ( 35): [ 3463.473617].(1)[35:kworker/1:1] ABB T=90500
10-21 19:44:29.654 I/Kernel ( 0): [ 3463.533527]-(3)[0:swapper/3][printk_delayed:start]
10-21 19:44:29.654 I/Kernel ( 0): [ 3463.533563]-(3)[0:swapper/3][WDK], local_bit:0x0, cpu:3,RT[3463523554893]
10-21 19:44:29.654 I/Kernel ( 0): [ 3463.533563][WDK], local_bit:0x8, cpu:3, check bit0x:f,RT[3463523568508]
10-21 19:44:29.654 I/Kernel ( 0): [ 3463.533563][thread:62][RT:3463523575739] 2019-10-21 17:44:29.651943 UTC; android time 2019-10-21 18:44:29.651943
10-21 19:44:29.654 I/Kernel ( 0): [ 3463.533587]-(3)[0:swapper/3][printk_delayed:done]
10-21 19:44:30.244 I/Kernel ( 8542): [ 3464.123601].(2)[8542:kworker/2:0][MUSB] USB is ready for connect
10-21 19:44:30.594 I/Kernel ( 35): [ 3464.473642].(1)[35:kworker/1:1] ABB T=90000
10-21 19:44:31.594 I/Kernel ( 35): [ 3465.473618].(1)[35:kworker/1:1] ABB T=90800
10-21 19:44:31.734 I/Kernel ( 29): [ 3465.613644].(1)[29:update_secureti]enter TEE_Icnt_time
10-21 19:44:31.734 I/Kernel ( 29): [ 3465.613953].(1)[29:update_secureti]update_securetime_thread_gb updata inc count
10-21 19:44:32.594 I/Kernel ( 35): [ 3466.473628].(1)[35:kworker/1:1] ABB T=90500
10-21 19:44:33.594 I/Kernel ( 35): [ 3467.473639].(1)[35:kworker/1:1] ABB T=90500
10-21 19:44:34.594 I/Kernel ( 35): [ 3468.473619].(1)[35:kworker/1:1] ABB T=90200
10-21 19:44:35.594 I/Kernel ( 35): [ 3469.473595].(1)[35:kworker/1:1] ABB T=90500
10-21 19:44:36.264 I/Kernel ( 8542): [ 3470.143615].(2)[8542:kworker/2:0][MUSB] USB is ready for connect
10-21 19:44:36.594 I/Kernel ( 35): [ 3470.473613].(1)[35:kworker/1:1] ABB T=90800
10-21 19:44:36.734 I/Kernel ( 29): [ 3470.613602].(1)[29:update_secureti]enter TEE_Icnt_time
10-21 19:44:36.734 I/Kernel ( 29): [ 3470.613916].(1)[29:update_secureti]update_securetime_thread_gb updata inc count
10-21 19:44:37.594 I/Kernel ( 35): [ 3471.473604].(1)[35:kworker/1:1] ABB T=90700
10-21 19:44:38.594 I/Kernel ( 35): [ 3472.473627].(1)[35:kworker/1:1] ABB T=90800
10-21 19:44:39.444 I/Kernel ( 434): [ 3473.323598][hdmi]#1506
10-21 19:44:39.444 I/Kernel ( 434): [hdmi] list empty 115500, sleeping
10-21 19:44:39.594 I/Kernel ( 35): [ 3473.473656].(1)[35:kworker/1:1] ABB T=90500
10-21 19:44:40.594 I/Kernel ( 35): [ 3474.473616].(1)[35:kworker/1:1] ABB T=90800
10-21 19:44:41.594 I/Kernel ( 35): [ 3475.473613].(1)[35:kworker/1:1] ABB T=89900
10-21 19:44:41.734 I/Kernel ( 29): [ 3475.613590].(1)[29:update_secureti]enter TEE_Icnt_time
10-21 19:44:41.734 I/Kernel ( 29): [ 3475.613884].(1)[29:update_secureti]update_securetime_thread_gb updata inc count
10-21 19:44:42.284 I/Kernel ( 8542): [ 3476.163579].(2)[8542:kworker/2:0][MUSB] USB is ready for connect
10-21 19:44:42.594 I/Kernel ( 35): [ 3476.473629].(1)[35:kworker/1:1] ABB T=89800
10-21 19:44:43.594 I/Kernel ( 35): [ 3477.473619].(1)[35:kworker/1:1] ABB T=90300
10-21 19:44:44.594 I/Kernel ( 35): [ 3478.473606].(1)[35:kworker/1:1] ABB T=89900
10-21 19:44:45.594 I/Kernel ( 35): [ 3479.473637].(1)[35:kworker/1:1] ABB T=90300
10-21 19:44:46.594 I/Kernel ( 35): [ 3480.473625].(1)[35:kworker/1:1] ABB T=89800
10-21 19:44:46.734 I/Kernel ( 29): [ 3480.613605].(1)[29:update_secureti]enter TEE_Icnt_time
10-21 19:44:46.734 I/Kernel ( 29): [ 3480.613872].(1)[29:update_secureti]update_securetime_thread_gb updata inc count
10-21 19:44:47.594 I/Kernel ( 35): [ 3481.473617].(1)[35:kworker/1:1] ABB T=90200
10-21 19:44:48.304 I/Kernel ( 8542): [ 3482.184868].(2)[8542:kworker/2:0][MUSB] USB is ready for connect
10-21 19:44:48.594 I/Kernel ( 35): [ 3482.473648].(1)[35:kworker/1:1] ABB T=89900
10-21 19:44:48.944 I/Kernel ( 0): [ 3482.823542]-(1)[0:swapper/1][printk_delayed:start]
10-21 19:44:48.944 I/Kernel ( 0): [ 3482.823578]-(1)[0:swapper/1][WDK], local_bit:0x8, cpu:1,RT[3482813561816]
10-21 19:44:48.944 I/Kernel ( 0): [ 3482.823578][WDK], local_bit:0xa, cpu:1, check bit0x:f,RT[3482813575355]
10-21 19:44:48.944 I/Kernel ( 0): [ 3482.823578][thread:60][RT:3482813582739] 2019-10-21 17:44:48.941950 UTC; android time 2019-10-21 18:44:48.941950
10-21 19:44:48.944 I/Kernel ( 0): [ 3482.823713]-(1)[0:swapper/1][printk_delayed:done]
10-21 19:44:48.954 I/Kernel ( 0): [ 3482.833530]-(0)[0:swapper/0]
10-21 19:44:48.954 I/Kernel ( 0): [ 3482.833537]-(2)[0:swapper/2][printk_delayed:start]
10-21 19:44:48.954 I/Kernel ( 0): [ 3482.833552]-(2)[0:swapper/2][WDK], local_bit:0xa, cpu:2,RT[3482823563201]
10-21 19:44:48.954 I/Kernel ( 0): [ 3482.833552][WDK], local_bit:0xe, cpu:2, check bit0x:f,RT[3482823569739]
10-21 19:44:48.954 I/Kernel ( 0): [ 3482.833552][thread:61][RT:3482823575816] 2019-10-21 17:44:48.951944 UTC; android time 2019-10-21 18:44:48.951944
10-21 19:44:48.954 I/Kernel ( 0): [ 3482.833556]-(2)[0:swapper/2][printk_delayed:done]
10-21 19:44:48.954 I/Kernel ( 0): [ 3482.833601]-(0)[0:swapper/0][WDK], local_bit:0xe, cpu:0,RT[3482823573893]
10-21 19:44:48.954 I/Kernel ( 0): [ 3482.833601][WDK], local_bit:0xf, cpu:0, check bit0x:f,RT[3482823578893]
10-21 19:44:48.954 I/Kernel ( 0): [ 3482.833601][WDK]: kick Ex WDT,RT[3482823582355]
10-21 19:44:48.954 I/Kernel ( 0): [ 3482.833601][thread:59][RT:3482823715355] 2019-10-21 17:44:48.952084 UTC; android time 2019-10-21 18:44:48.952084
10-21 19:44:48.954 I/Kernel ( 0): [ 3482.833628]-(0)[0:swapper/0][printk_delayed:done]
10-21 19:44:49.594 I/Kernel ( 35): [ 3483.473819].(1)[35:kworker/1:1] ABB T=89900
10-21 19:44:49.664 I/Kernel ( 0): [ 3483.543540]-(3)[0:swapper/3][printk_delayed:start]
10-21 19:44:49.664 I/Kernel ( 0): [ 3483.543579]-(3)[0:swapper/3][WDK], local_bit:0x0, cpu:3,RT[3483533579278]
10-21 19:44:49.664 I/Kernel ( 0): [ 3483.543579][WDK], local_bit:0x8, cpu:3, check bit0x:f,RT[3483533592432]
10-21 19:44:49.664 I/Kernel ( 0): [ 3483.543579][thread:62][RT:3483533600355] 2019-10-21 17:44:49.661967 UTC; android time 2019-10-21 18:44:49.661967
10-21 19:44:49.664 I/Kernel ( 0): [ 3483.543603]-(3)[0:swapper/3][printk_delayed:done]
10-21 19:44:50.594 I/Kernel ( 35): [ 3484.474963].(1)[35:kworker/1:1] ABB T=89900
10-21 19:44:51.594 I/Kernel ( 35): [ 3485.473605].(1)[35:kworker/1:1] ABB T=90300
10-21 19:44:51.734 I/Kernel ( 29): [ 3485.613623].(1)[29:update_secureti]enter TEE_Icnt_time
10-21 19:44:51.734 I/Kernel ( 29): [ 3485.613946].(1)[29:update_secureti]update_securetime_thread_gb updata inc count
10-21 19:44:52.562 I/Vlog ( 135): logd:performance:fgtracking=false;DV;1,key=TotalMessages;DV;1,Counter=677;CT;1,unit=count;DV;1:HI
10-21 19:44:52.562 I/Vlog ( 135): logd:performance:fgtracking=false;DV;1,key=DroppedMessages;DV;1,Counter=0;CT;1,unit=count;DV;1:HI
10-21 19:44:52.562 I/Vlog ( 135): logd:performance:fgtracking=false;DV;1,key=Throughput;DV;1,Counter=9.42;CT;1,unit=kbps;DV;1:HI
10-21 19:44:52.594 I/Kernel ( 35): [ 3486.473617].(1)[35:kworker/1:1] ABB T=90500
10-21 19:44:52.874 I/Kernel ( 136): [ 3486.755838].(1)[136:healthd]healthd: battery l=100 v=4200 t=2.2 h=2 st=5 chg=u
10-21 19:44:53.594 I/Kernel ( 35): [ 3487.473629].(1)[35:kworker/1:1] ABB T=90300
10-21 19:44:54.324 I/Kernel ( 8542): [ 3488.203594].(2)[8542:kworker/2:0][MUSB] USB is ready for connect
10-21 19:44:54.444 I/Kernel ( 434): [ 3488.323575][hdmi]#1506
10-21 19:44:54.444 I/Kernel ( 434): [hdmi] list empty 116000, sleeping
10-21 19:44:54.594 I/Kernel ( 35): [ 3488.473615].(1)[35:kworker/1:1] ABB T=90500
10-21 19:44:55.594 I/Kernel ( 35): [ 3489.473623].(1)[35:kworker/1:1] ABB T=90500
10-21 19:44:56.594 I/Kernel ( 35): [ 3490.473606].(1)[35:kworker/1:1] ABB T=90300
10-21 19:44:56.734 I/Kernel ( 29): [ 3490.613578].(1)[29:update_secureti]enter TEE_Icnt_time
10-21 19:44:56.734 I/Kernel ( 29): [ 3490.613862].(1)[29:update_secureti]update_securetime_thread_gb updata inc count
10-21 19:44:57.594 I/Kernel ( 35): [ 3491.473641].(1)[35:kworker/1:1] ABB T=90300
10-21 19:44:58.594 I/Kernel ( 35): [ 3492.473605].(1)[35:kworker/1:1] ABB T=90500
10-21 19:44:59.594 I/Kernel ( 35): [ 3493.473623].(1)[35:kworker/1:1] ABB T=90500
10-21 19:45:00.344 I/Kernel ( 8542): [ 3494.223606].(2)[8542:kworker/2:0][MUSB] USB is ready for connect
10-21 19:45:00.594 I/Kernel ( 35): [ 3494.473643].(1)[35:kworker/1:1] ABB T=92500
10-21 19:45:01.594 I/Kernel ( 35): [ 3495.473620].(1)[35:kworker/1:1] ABB T=90900
10-21 19:45:01.734 I/Kernel ( 29): [ 3495.613603].(1)[29:update_secureti]enter TEE_Icnt_time
10-21 19:45:01.734 I/Kernel ( 29): [ 3495.613875].(1)[29:update_secureti]update_securetime_thread_gb updata inc count
10-21 19:45:02.074 I/wifi_log_levels( 9138): wifi:wifi_log_levels:RssiLevel-60=1;CT;1:NR
10-21 19:45:02.088 I/wifi_log_levels( 9141): wifi:wifi_log_levels:SnrLevel32=1;CT;1:NR
10-21 19:45:02.102 I/wifi_log_levels( 9144): wifi:wifi_log_levels:NoiseLevel-92=1;CT;1:NR
10-21 19:45:02.115 I/wifi_log_levels( 9147): wifi:wifi_log_levels:P2PNoiseLevel-92=1;CT;1:NR
10-21 19:45:02.129 I/wifi_log_levels( 9150): wifi:wifi_log_levels:ConnStatusConnected=1;CT;1;NR
10-21 19:45:02.175 I/wifi_log_levels( 9161): wifi:wifi_log_levels:ChannelBandwidth20MHz=1;CT;1:NR
10-21 19:45:02.204 I/wifi_log_levels( 9168): wifi:wifi_log_levels:WifiMode11n=1;CT;1:NR
10-21 19:45:02.594 I/Kernel ( 35): [ 3496.473608].(1)[35:kworker/1:1] ABB T=91400
10-21 19:45:03.594 I/Kernel ( 35): [ 3497.473644].(1)[35:kworker/1:1] ABB T=90000
10-21 19:45:04.594 I/Kernel ( 35): [ 3498.473786].(1)[35:kworker/1:1] ABB T=90000
10-21 19:45:05.594 I/Kernel ( 35): [ 3499.473606].(1)[35:kworker/1:1] ABB T=90000
10-21 19:45:06.364 I/Kernel ( 8542): [ 3500.243602].(2)[8542:kworker/2:0][MUSB] USB is ready for connect
10-21 19:45:06.594 I/Kernel ( 35): [ 3500.473633].(1)[35:kworker/1:1] ABB T=90500
10-21 19:45:06.734 I/Kernel ( 29): [ 3500.613660].(0)[29:update_secureti]enter TEE_Icnt_time
10-21 19:45:06.734 I/Kernel ( 29): [ 3500.614004].(0)[29:update_secureti]update_securetime_thread_gb updata inc count
10-21 19:45:07.594 I/Kernel ( 35): [ 3501.473620].(1)[35:kworker/1:1] ABB T=90000
10-21 19:45:08.594 I/Kernel ( 35): [ 3502.473593].(1)[35:kworker/1:1] ABB T=90300
10-21 19:45:08.954 I/Kernel ( 0): [ 3502.833544]-(1)[0:swapper/1][printk_delayed:start]
10-21 19:45:08.954 I/Kernel ( 0): [ 3502.833580]-(1)[0:swapper/1][WDK], local_bit:0x8, cpu:1,RT[3502823580664]
10-21 19:45:08.954 I/Kernel ( 0): [ 3502.833580][WDK], local_bit:0xa, cpu:1, check bit0x:f,RT[3502823594510]
10-21 19:45:08.954 I/Kernel ( 0): [ 3502.833580][thread:60][RT:3502823602048] 2019-10-21 17:45:08.951969 UTC; android time 2019-10-21 18:45:08.951969
10-21 19:45:08.954 I/Kernel ( 0): [ 3502.833721]-(1)[0:swapper/1][printk_delayed:done]
10-21 19:45:08.964 I/Kernel ( 0): [ 3502.843532]-(2)[0:swapper/2][printk_delayed:start]
10-21 19:45:08.964 I/Kernel ( 0): [ 3502.843540]-(0)[0:swapper/0][printk_delayed:start]
10-21 19:45:08.964 I/Kernel ( 0): [ 3502.843554]-(0)[0:swapper/0][WDK], local_bit:0xa, cpu:0,RT[3502833567971]
10-21 19:45:08.964 I/Kernel ( 0): [ 3502.843554][WDK], local_bit:0xb, cpu:0, check bit0x:f,RT[3502833574279]
10-21 19:45:08.964 I/Kernel ( 0): [ 3502.843554][thread:59][RT:3502833581279] 2019-10-21 17:45:08.961949 UTC; android time 2019-10-21 18:45:08.961949
10-21 19:45:08.964 I/Kernel ( 0): [ 3502.843559]-(0)[0:swapper/0][printk_delayed:done]
10-21 19:45:08.964 I/Kernel ( 0): [ 3502.843602]-(2)[0:swapper/2][WDK], local_bit:0xb, cpu:2,RT[3502833578279]
10-21 19:45:08.964 I/Kernel ( 0): [ 3502.843602][WDK], local_bit:0xf, cpu:2, check bit0x:f,RT[3502833583202]
10-21 19:45:08.964 I/Kernel ( 0): [ 3502.843602][WDK]: kick Ex WDT,RT[3502833586664]
10-21 19:45:08.964 I/Kernel ( 0): [ 3502.843602][thread:61][RT:3502833723664] 2019-10-21 17:45:08.962092 UTC; android time 2019-10-21 18:45:08.962092
10-21 19:45:08.964 I/Kernel ( 0): [ 3502.843630]-(2)[0:swapper/2][printk_delayed:done]
10-21 19:45:09.444 I/Kernel ( 434): [ 3503.323561][hdmi]#1506
10-21 19:45:09.444 I/Kernel ( 434): [hdmi] list empty 116500, sleeping
10-21 19:45:09.594 I/Kernel ( 35): [ 3503.473612].(1)[35:kworker/1:1] ABB T=89900
10-21 19:45:09.674 I/Kernel ( 0): [ 3503.553543]-(3)[0:swapper/3][printk_delayed:start]
10-21 19:45:09.674 I/Kernel ( 0): [ 3503.553583]-(3)[0:swapper/3][WDK], local_bit:0x0, cpu:3,RT[3503543600510]
10-21 19:45:09.674 I/Kernel ( 0): [ 3503.553583][WDK], local_bit:0x8, cpu:3, check bit0x:f,RT[3503543615279]
10-21 19:45:09.674 I/Kernel ( 0): [ 3503.553583][thread:62][RT:3503543623125] 2019-10-21 17:45:09.671990 UTC; android time 2019-10-21 18:45:09.671990
10-21 19:45:09.674 I/Kernel ( 0): [ 3503.553608]-(3)[0:swapper/3][printk_delayed:done]
10-21 19:45:10.594 I/Kernel ( 35): [ 3504.473615].(1)[35:kworker/1:1] ABB T=89800
10-21 19:45:11.594 I/Kernel ( 35): [ 3505.473629].(1)[35:kworker/1:1] ABB T=90900
10-21 19:45:11.734 I/Kernel ( 29): [ 3505.613614].(3)[29:update_secureti]enter TEE_Icnt_time
10-21 19:45:11.734 I/Kernel ( 29): [ 3505.613915].(3)[29:update_secureti]update_securetime_thread_gb updata inc count
10-21 19:45:12.384 I/Kernel ( 8542): [ 3506.263675].(2)[8542:kworker/2:0][MUSB] USB is ready for connect
10-21 19:45:12.594 I/Kernel ( 35): [ 3506.473615].(1)[35:kworker/1:1] ABB T=89900
10-21 19:45:13.594 I/Kernel ( 35): [ 3507.473603].(1)[35:kworker/1:1] ABB T=90000
10-21 19:45:14.594 I/Kernel ( 35): [ 3508.473597].(1)[35:kworker/1:1] ABB T=90200
10-21 19:45:15.594 I/Kernel ( 35): [ 3509.473655].(1)[35:kworker/1:1] ABB T=90200
10-21 19:45:16.594 I/Kernel ( 35): [ 3510.473611].(1)[35:kworker/1:1] ABB T=90500
10-21 19:45:16.734 I/Kernel ( 29): [ 3510.613591].(3)[29:update_secureti]enter TEE_Icnt_time
10-21 19:45:16.734 I/Kernel ( 29): [ 3510.613858].(3)[29:update_secureti]update_securetime_thread_gb updata inc count
10-21 19:45:17.594 I/Kernel ( 35): [ 3511.473612].(1)[35:kworker/1:1] ABB T=90300
10-21 19:45:18.404 I/Kernel ( 8542): [ 3512.283588].(2)[8542:kworker/2:0][MUSB] USB is ready for connect
10-21 19:45:18.594 I/Kernel ( 35): [ 3512.473668].(1)[35:kworker/1:1] ABB T=90500
10-21 19:45:19.594 I/Kernel ( 35): [ 3513.473636].(1)[35:kworker/1:1] ABB T=90500
10-21 19:45:20.594 I/Kernel ( 35): [ 3514.473624].(1)[35:kworker/1:1] ABB T=90200
10-21 19:45:21.594 I/Kernel ( 35): [ 3515.473626].(1)[35:kworker/1:1] ABB T=90000
10-21 19:45:21.734 I/Kernel ( 29): [ 3515.613613].(3)[29:update_secureti]enter TEE_Icnt_time
10-21 19:45:21.734 I/Kernel ( 29): [ 3515.613890].(3)[29:update_secureti]update_securetime_thread_gb updata inc count
10-21 19:45:22.594 I/Kernel ( 35): [ 3516.473667].(1)[35:kworker/1:1] ABB T=90000
10-21 19:45:23.594 I/Kernel ( 35): [ 3517.473610].(1)[35:kworker/1:1] ABB T=89600
10-21 19:45:24.424 I/Kernel ( 8542): [ 3518.305172].(2)[8542:kworker/2:0][MUSB] USB is ready for connect
10-21 19:45:24.444 I/Kernel ( 434): [ 3518.323571][hdmi]#1506
10-21 19:45:24.444 I/Kernel ( 434): [hdmi] list empty 117000, sleeping
10-21 19:45:24.594 I/Kernel ( 35): [ 3518.473612].(1)[35:kworker/1:1] ABB T=89400
10-21 19:45:25.594 I/Kernel ( 35): [ 3519.473635].(1)[35:kworker/1:1] ABB T=89600
10-21 19:45:26.594 I/Kernel ( 35): [ 3520.473601].(1)[35:kworker/1:1] ABB T=90500
10-21 19:45:26.734 I/Kernel ( 29): [ 3520.613625].(3)[29:update_secureti]enter TEE_Icnt_time
10-21 19:45:26.734 I/Kernel ( 29): [ 3520.613934].(3)[29:update_secureti]update_securetime_thread_gb updata inc count
10-21 19:45:27.594 I/Kernel ( 35): [ 3521.473611].(1)[35:kworker/1:1] ABB T=90300
10-21 19:45:28.594 I/Kernel ( 35): [ 3522.473619].(1)[35:kworker/1:1] ABB T=89800
10-21 19:45:28.964 I/Kernel ( 0): [ 3522.843536]-(1)[0:swapper/1][printk_delayed:start]
10-21 19:45:28.964 I/Kernel ( 0): [ 3522.843571]-(1)[0:swapper/1][WDK], local_bit:0x8, cpu:1,RT[3522833564280]
10-21 19:45:28.964 I/Kernel ( 0): [ 3522.843571][WDK], local_bit:0xa, cpu:1, check bit0x:f,RT[3522833577819]
10-21 19:45:28.964 I/Kernel ( 0): [ 3522.843571][thread:60][RT:3522833585434] 2019-10-21 17:45:28.961953 UTC; android time 2019-10-21 18:45:28.961953
10-21 19:45:28.964 I/Kernel ( 0): [ 3522.843699]-(1)[0:swapper/1][printk_delayed:done]
10-21 19:45:28.974 I/Kernel ( 0): [ 3522.853542]-(2)[0:swapper/2][printk_delayed:start]
10-21 19:45:28.974 I/Kernel ( 0): [ 3522.853549]-(0)[0:swapper/0][printk_delayed:start]
10-21 19:45:28.974 I/Kernel ( 0): [ 3522.853567]-(0)[0:swapper/0][WDK], local_bit:0xe, cpu:0,RT[3522843562973]
10-21 19:45:28.974 I/Kernel ( 0): [ 3522.853567][WDK], local_bit:0xf, cpu:0, check bit0x:f,RT[3522843568049]
10-21 19:45:28.974 I/Kernel ( 0): [ 3522.853567][WDK]: kick Ex WDT,RT[3522843571357]
10-21 19:45:28.974 I/Kernel ( 0): [ 3522.853567][thread:59][RT:3522843701357] 2019-10-21 17:45:28.972070 UTC; android time 2019-10-21 18:45:28.972070
10-21 19:45:28.974 I/Kernel ( 0): [ 3522.853571]-(0)[0:swapper/0][printk_delayed:done]
10-21 19:45:28.974 I/Kernel ( 0): [ 3522.853620]-(2)[0:swapper/2][WDK], local_bit:0xa, cpu:2,RT[3522843551126]
10-21 19:45:28.974 I/Kernel ( 0): [ 3522.853620][WDK], local_bit:0xe, cpu:2, check bit0x:f,RT[3522843556819]
10-21 19:45:28.974 I/Kernel ( 0): [ 3522.853620][thread:61][RT:3522843562434] 2019-10-21 17:45:28.971931 UTC; android time 2019-10-21 18:45:28.971931
