10-20 23:18:51.962 D/PerfBoost( 979): CPU boost not available on this platform
10-20 23:18:52.011 W/ContextImpl( 979): Calling a method in the system process without a qualified user: android.app.ContextImpl.sendBroadcast:1420 com.android.server.usb.UsbSettingsManager.deviceAttached:741 com.android.server.usb.UsbHostManager.endUsbDeviceAdded:224 com.android.server.usb.UsbHostManager.monitorUsbHostBus:-2 com.android.server.usb.UsbHostManager.access$000:42
10-20 23:18:52.021 W/ActivityManager( 979): Input dispatching paused for current ActivityRecord: ActivityRecord{386a06c3 u0 com.amazon.tv.launcher/.ui.HomeActivity_vNext t540}
10-20 23:18:52.023 V/WindowManager( 979): addAppToken: AppWindowToken{cd02a79 token=Token{11067b40 ActivityRecord{386a06c3 u0 com.amazon.tv.launcher/.ui.HomeActivity_vNext t540}}} to stack=0 task=540 at 0
10-20 23:18:52.043 I/ActivityManager( 979): Start proc 1549:com.amazon.tv.launcher/u0a22080 for activity com.amazon.tv.launcher/.ui.HomeActivity_vNext
10-20 23:18:52.055 W/ActivityManager( 979): Unable to start service Intent { cmp=com.android.printspooler/.model.PrintSpoolerService } U=0: not found
10-20 23:18:52.093 V/ActivityManager( 979): Display changed displayId=0
10-20 23:18:52.094 V/ActivityManager( 979): Display changed displayId=0
10-20 23:18:52.099 V/WiredAccessoryManager( 979): device hdmi_audio connected
10-20 23:18:52.116 I/location( 979): location_manager:passive:request_location_updates=1.0;CT;1:NR
10-20 23:18:52.116 I/location( 979): location_manager:passive:interval=0.0;TI;1:NR
10-20 23:18:52.116 I/location( 979): location_manager:passive:displacement=20000.0;TI;1:NR
10-20 23:18:52.116 I/location( 979): location_manager:passive:request_location_updates_app=android;DV;1:NR
10-20 23:18:52.120 I/JobSchedulerService( 979): Recieved: android.intent.action.TIME_SET
10-20 23:18:52.123 I/JobSchedulerService( 979): Time to reschedule the persist Job.
10-20 23:18:52.129 V/ActivityManager( 979): Display changed displayId=0
10-20 23:18:52.171 V/WiredAccessoryManager( 979): init()
10-20 23:18:52.171 V/WiredAccessoryManager( 979): newName=hdmi_audio newState=16 headsetState=16 prev headsetState=16
10-20 23:18:52.181 W/AppWidgetServiceImpl( 979): Failed to read state: java.io.FileNotFoundException: /data/system/users/0/appwidgets.xml: open failed: ENOENT (No such file or directory)
10-20 23:18:52.181 V/AppWidgetServiceImpl( 979): Upgrading widget database from 0 to 1
10-20 23:18:52.407 D/ActivityManager( 979): single user service: system
10-20 23:18:52.410 D/ActivityManager( 979): app = system, has single user service, setting process record.
10-20 23:18:52.424 D/ActivityManager( 979): single user service: com.amazon.client.metrics
10-20 23:18:52.445 I/ActivityManager( 979): Start proc 1601:com.amazon.client.metrics/u0a22029 for service com.amazon.client.metrics/.AndroidMetricsServiceAdapter
10-20 23:18:52.445 D/ActivityManager( 979): app = com.amazon.client.metrics, has single user service, setting process record!
10-20 23:18:52.596 W/ActivityManager( 979): Permission Denial: opening provider com.amazon.identity.framework.GenericIPCContentProvider from ProcessRecord{b256df6 1339:com.amazon.tv.ime/u0a22079} (pid=1339, uid=32079) requires com.amazon.identity.permission.GENERIC_IPC or com.amazon.identity.permission.GENERIC_IPC
10-20 23:18:52.609 W/ActivityManager( 979): Permission Denial: opening provider com.amazon.identity.framework.GenericIPCContentProvider from ProcessRecord{b256df6 1339:com.amazon.tv.ime/u0a22079} (pid=1339, uid=32079) requires com.amazon.identity.permission.GENERIC_IPC or com.amazon.identity.permission.GENERIC_IPC
10-20 23:18:52.834 I/ActivityManager( 979): Start proc 1641:com.amazon.device.settings/u0a22033 for content provider com.amazon.device.settings/.SettingsProvider
10-20 23:18:52.886 W/HdmiControlService( 979): Local playback device not available
10-20 23:18:52.955 D/ConnectivityService( 979): Got NetworkFactory Messenger for WIFI
10-20 23:18:52.955 D/ConnectivityService( 979): Got NetworkFactory Messenger for WIFI_UT
10-20 23:18:53.021 E/WifiP2pService( 979): Unable to change interface settings: java.lang.IllegalStateException: command '29 interface setcfg p2p0 0.0.0.0 0 up' failed with '400 29 Failed to set address (No such device)'
10-20 23:18:53.046 I/AmazonHdmiService( 979): AudioManager.EXTRA_ENCODINGS=[2]
10-20 23:18:53.048 I/AudioOutputFormatManager( 979): Request to get dolby device id
10-20 23:18:53.050 I/AudioOutputFormatManager( 979): enableAudioFormat with device ordinal: 3 format: 1
10-20 23:18:53.076 D/ActivityManager( 979): single user service: com.amazon.tcomm
10-20 23:18:53.083 D/ActivityManager( 979): app = com.amazon.tcomm, has single user service, setting process record.
10-20 23:18:53.237 I/AudioOutputFormatManager( 979): KeyValuePair: spdif_format=0;hdmi_format=5;Status: 0
10-20 23:18:53.237 I/AudioOutputFormatManager( 979): Storing new dolby device with id: 3
10-20 23:18:53.237 I/AudioOutputFormatManager( 979): setDolbyPassthroughAvailability()
10-20 23:18:53.238 I/AudioOutputFormatManager( 979): Request to get dolby device id
10-20 23:18:53.238 I/AudioOutputFormatManager( 979): setDolbyPassthroughAvailability(): Value calculated for Dolby passthrough availability: 0
10-20 23:18:53.238 I/AudioOutputFormatManager( 979): setDolbyPassthroughAvailability(): Dolby passthrough availability: 0
10-20 23:18:53.244 I/AmazonHdmiService( 979): Get Current HDCP Version
10-20 23:18:53.259 W/ContextImpl( 1273): Calling a method in the system process without a qualified user: android.app.ContextImpl.startService:1785 android.content.ContextWrapper.startService:541 android.content.ContextWrapper.startService:541 com.amazon.tv.settings.core.NetworkChangeReceiver.onReceive:23 android.app.ActivityThread.handleReceiver:2769
10-20 23:18:53.302 I/ActivityManager( 979): Start proc 1710:com.amazon.kindleautomatictimezone/u0a22064 for broadcast com.amazon.kindleautomatictimezone/.receiver.ForgetNetworkBroadcastReceiver
10-20 23:18:53.375 I/AmazonHdmiServiceManager( 1478): AmazonHdmiServiceManager created
10-20 23:18:53.402 E/WifiP2pService( 979): CREATE_GROUP
10-20 23:18:53.485 D/AmazonHdmiService( 979): Registering CEC listener
10-20 23:18:53.493 D/AmazonHdmiService( 979): getRawEdid
10-20 23:18:53.516 D/AmazonHdmiService( 979): getRawEdid
10-20 23:18:53.672 I/ActivityManager( 979): Start proc 1736:com.amazon.whisperjoin.middleware.np/u0a22122 for broadcast com.amazon.whisperjoin.middleware.np/.receivers.WifiChangedReceiver
10-20 23:18:53.795 D/AmazonHdmiService( 979): getRawEdid
10-20 23:18:53.797 D/AmazonHdmiService( 979): getRawEdid
10-20 23:18:53.811 I/AmazonHdmiService( 979): Get Current HDCP Version
10-20 23:18:53.812 I/AmazonHdmiService( 979): Get Current HDCP Version
10-20 23:18:53.813 D/AmazonHdmiService( 979): getRawEdid
10-20 23:18:53.887 I/AmazonHdmiService( 979): Get Current HDCP Version
10-20 23:18:53.911 D/AmazonHdmiService( 979): getRawEdid
10-20 23:18:53.913 I/AmazonHdmiService( 979): Get Current HDCP Version
10-20 23:18:53.925 D/AmazonHdmiService( 979): Service queryDisplayStatus
10-20 23:18:53.925 W/HdmiControlService( 979): Local playback device not available
10-20 23:18:53.925 D/AmazonHdmiService( 979): DisplayStatusCallback onComplete called 2
10-20 23:18:53.926 D/AmazonHdmiService( 979): getRawEdid
10-20 23:18:53.971 D/AmazonHdmiService( 979): getRawEdid
10-20 23:18:53.982 D/AmazonHdmiService( 979): getRawEdid
10-20 23:18:53.984 I/AmazonHdmiService( 979): Get Current HDCP Version
10-20 23:18:53.987 D/AmazonHdmiService( 979): getRawEdid
10-20 23:18:53.989 D/AmazonHdmiService( 979): getRawEdid
10-20 23:18:54.025 D/AmazonHdmiService( 979): getRawEdid
10-20 23:18:54.026 I/AmazonHdmiService( 979): Get Current HDCP Version
10-20 23:18:54.031 E/WifiP2pService( 979): P2P_GROUP_STARTED_EVENT freq = 2437
10-20 23:18:54.034 D/AmazonHdmiService( 979): getRawEdid
10-20 23:18:54.068 D/AmazonHdmiService( 979): getRawEdid
10-20 23:18:54.069 I/AmazonHdmiService( 979): Get Current HDCP Version
10-20 23:18:54.072 D/AmazonHdmiService( 979): getRawEdid
10-20 23:18:54.083 W/WindowManager( 979): App freeze timeout expired.
10-20 23:18:54.084 W/WindowManager( 979): Force clearing freeze: AppWindowToken{cd02a79 token=Token{11067b40 ActivityRecord{386a06c3 u0 com.amazon.tv.launcher/.ui.HomeActivity_vNext t540}}}
10-20 23:18:54.106 D/AmazonHdmiService( 979): getRawEdid
10-20 23:18:54.107 I/AmazonHdmiService( 979): Get Current HDCP Version
10-20 23:18:54.110 D/AmazonHdmiService( 979): getRawEdid
10-20 23:18:54.244 D/AmazonHdmiService( 979): Service: sendCecMessage 0
10-20 23:18:54.246 I/FrameworkJumpTable( 1549): Successfully loaded all classes
10-20 23:18:54.246 W/HdmiControlService( 979): Local device not available
10-20 23:18:54.285 I/FrameworkJumpTable( 1549): Successfully loaded all methods
10-20 23:18:54.288 I/FrameworkJumpTable( 1549): Successfully loaded all fields
10-20 23:18:54.316 E/WifiP2pService( 979): applyAutoGOHiddenSSIDState: remote_discovery_on=false wps_pbc_on=false wfd_on=false hiddenSSID=true
10-20 23:18:54.318 D/AmazonHdmiService( 979): Service: sendCecMessage 4
10-20 23:18:54.319 W/HdmiControlService( 979): Local device not available
10-20 23:18:54.364 I/ActivityManager( 979): Start proc 1806:com.amazon.wifilocker/u0a22008 for broadcast com.amazon.wifilocker/.receivers.WifiChangeReceiver
10-20 23:18:54.457 D/WifiP2pService( 979): Started Dhcp server on p2p-wlan0-0
10-20 23:18:54.586 D/WifiService( 979): New client listening to asynchronous messages
10-20 23:18:54.617 D/AmazonHdmiService( 979): Service: sendCecMessage 5
10-20 23:18:54.617 W/HdmiControlService( 979): Local device not available
10-20 23:18:54.703 I/ActivityManager( 979): Start proc 1868:com.amazon.tv.livetv/u0a22082 for broadcast com.amazon.tv.livetv/com.amazon.livetv.contentservice.sync.NetworkConnectivityChangedReceiver
10-20 23:18:54.823 I/ActivityManager( 979): Start proc 1908:com.amazon.avod/u0a22047 for service com.amazon.avod/.playbackclient.sdk.PlaybackSdkService
10-20 23:18:54.843 V/WindowManager( 979): Based on layer: Adding window Window{1124b75f u0 com.amazon.tv.launcher/com.amazon.tv.launcher.ui.HomeActivity_vNext} at 0 of 0
10-20 23:18:54.871 I/wpa_supplicant( 1270): wifi:wpa_supplicant:ss_ch_1_ic_3=1;CT;1,ss_ch_1_ac_0=1;CT;1:NR
10-20 23:18:54.871 I/wpa_supplicant( 1270): wifi:wpa_supplicant:ss_ch_2_ic_0=1;CT;1,ss_ch_2_ac_7=1;CT;1:NR
10-20 23:18:54.871 I/wpa_supplicant( 1270): wifi:wpa_supplicant:ss_ch_3_ic_0=1;CT;1,ss_ch_3_ac_7=1;CT;1:NR
10-20 23:18:54.871 I/wpa_supplicant( 1270): wifi:wpa_supplicant:ss_ch_4_ic_0=1;CT;1,ss_ch_4_ac_7=1;CT;1:NR
10-20 23:18:54.871 I/wpa_supplicant( 1270): wifi:wpa_supplicant:ss_ch_5_ic_0=1;CT;1,ss_ch_5_ac_7=1;CT;1:NR
10-20 23:18:54.871 I/wpa_supplicant( 1270): wifi:wpa_supplicant:ss_ch_6_ic_4=1;CT;1,ss_ch_6_ac_0=1;CT;1:NR
10-20 23:18:54.871 I/wpa_supplicant( 1270): wifi:wpa_supplicant:ss_ch_7_ic_0=1;CT;1,ss_ch_7_ac_7=1;CT;1:NR
10-20 23:18:54.871 I/wpa_supplicant( 1270): wifi:wpa_supplicant:ss_ch_8_ic_0=1;CT;1,ss_ch_8_ac_7=1;CT;1:NR
10-20 23:18:54.871 I/wpa_supplicant( 1270): wifi:wpa_supplicant:ss_ch_9_ic_0=1;CT;1,ss_ch_9_ac_7=1;CT;1:NR
10-20 23:18:54.871 I/wpa_supplicant( 1270): wifi:wpa_supplicant:ss_ch_10_ic_0=1;CT;1,ss_ch_10_ac_7=1;CT;1:NR
10-20 23:18:54.871 I/wpa_supplicant( 1270): wifi:wpa_supplicant:ss_ch_11_ic_3=1;CT;1,ss_ch_11_ac_0=1;CT;1:NR
10-20 23:18:54.871 I/wpa_supplicant( 1270): wifi:wpa_supplicant:ss_ch_12_ic_0=1;CT;1,ss_ch_12_ac_3=1;CT;1:NR
10-20 23:18:54.871 I/wpa_supplicant( 1270): wifi:wpa_supplicant:ss_ch_13_ic_0=1;CT;1,ss_ch_13_ac_3=1;CT;1:NR
10-20 23:18:54.871 I/wpa_supplicant( 1270): wifi:wpa_supplicant:ss_ch_14_ic_0=1;CT;1,ss_ch_14_ac_0=1;CT;1:NR
10-20 23:18:54.882 I/wpa_supplicant( 1270): wifi:attempting-bssid:frequency=2437;DV;1,key_mgmt=WPA2-PSK+WPA-PSK;DV;1,RSSI=-62;DV;1,timestamp=1571606334882;DV;1:NR
10-20 23:18:54.882 I/wpa_supplicant( 1270): wifi:wpa_supplicant:attempt_freq_2437=1;CT;1:NR
10-20 23:18:54.882 I/wpa_supplicant( 1270): wifi:wpa_supplicant:attempt_rssi_4_bar=1;CT;1,attempt_rssi=38;CT;1:NR
10-20 23:18:54.910 W/ResourcesManager( 1868): Asset path '/system/framework/android.amazon.res.jar' does not exist or contains no resources.
10-20 23:18:54.917 D/AmazonHdmiService( 979): Service: sendCecMessage 8
10-20 23:18:54.917 W/HdmiControlService( 979): Local device not available
10-20 23:18:54.943 I/LoggerMetricsFactoryImpl( 979): SupplicantStateTracker:wifi-connect-attempt:attempt=1.0;CT;1:NR
10-20 23:18:54.956 W/ResourcesManager( 1908): Asset path '/system/framework/android.amazon.res.jar' does not exist or contains no resources.
10-20 23:18:55.018 I/wpa_supplicant( 1270): wifi:wpa_supplicant:freq_2437=1;CT;1:NR
10-20 23:18:55.018 I/wpa_supplicant( 1270): wifi:wpa_supplicant:rssi_4_bar=1;CT;1,rssi=38;CT;1:NR
10-20 23:18:55.019 I/wpa_supplicant( 1270): wifi:wpa_supplicant:wpa_ie=000b4b455420574c414e205341010882848b968c1298240301060706444520010d142a01003204b048606c2d1aad011bffffff00000000000000000001000000000406e6470d003d16060005000000000000000000000000000000000000007f080000000000000040dd180050f2020101000003a4000027a4000042435e0062322f00dd0900037f01010000ff7fdd0c00040e01010201000000000030140100000fac040100000fac040100000fac020000;DV;1:NR
10-20 23:18:55.019 I/wpa_supplicant( 1270): wifi:wpa_supplicant:AP_BSSID=e0286d;DV;1:NR
10-20 23:18:55.047 D/ActivityManager( 979): single user service: com.amazon.vizzini
10-20 23:18:55.056 D/ConnectivityService( 979): registerNetworkAgent NetworkAgentInfo{ ni{[type: WIFI[], state: CONNECTING/CONNECTING, reason: (unspecified), extra: KET WLAN SA, roaming: false, failover: false, isAvailable: true, isConnectedToProvisioningNetwork: false]} network{null} lp{{InterfaceName: wlan0 LinkAddresses: [fe80::271:47ff:fe54:705f/64,] Routes: [fe80::/64 -> :: wlan0,] DnsAddresses: [] Domains: null MTU: 0 TcpBufferSizes: 524288,1048576,2097152,262144,524288,1048576}} nc{[ Transports: WIFI Capabilities: INTERNET&NOT_RESTRICTED&TRUSTED&NOT_VPN LinkUpBandwidth>=1048576Kbps LinkDnBandwidth>=1048576Kbps]} Score{20} everValidated{false} lastValidated{false} created{false} explicitlySelected{false} }
10-20 23:18:55.061 D/ActivityManager( 979): app = com.amazon.vizzini, has single user service, setting process record.
10-20 23:18:55.073 D/ConnectivityService( 979): NetworkAgentInfo [WIFI () - 100] EVENT_NETWORK_INFO_CHANGED, going from null to CONNECTING
10-20 23:18:55.218 D/AmazonHdmiService( 979): Service: sendCecMessage 9
10-20 23:18:55.218 W/HdmiControlService( 979): Local device not available
10-20 23:18:55.259 D/ConnectivityService( 979): updateNetworkScore for NetworkAgentInfo [WIFI () - 100] to 60
10-20 23:18:55.358 I/AmazonHdmiService( 979): Get Current HDCP Version
10-20 23:18:55.363 I/LoggerMetricsFactoryImpl( 979): SupplicantStateTracker:wifi-connect-success:success=1.0;CT;1:NR
10-20 23:18:55.364 I/LoggerMetricsFactoryImpl( 979): SupplicantStateTracker:wifi-connect-time:duration=421.0;TI;1:NR
10-20 23:18:55.373 I/Vlog ( 979): SupplicantStateTracker:wifi:fgtracking=false;DV;1,key=wifi-connect-time;DV;1,Timer=421.0;TI;1,unit=milliseconds;DV;1:HI
10-20 23:18:55.440 I/AmazonHdmiService( 979): Get Current HDCP Version
10-20 23:18:55.520 D/AmazonHdmiService( 979): Service: sendCecMessage 11
10-20 23:18:55.520 W/HdmiControlService( 979): Local device not available
10-20 23:18:55.540 I/ActivityManager( 979): Start proc 1957:com.amazon.kso.blackbird:BlackbirdServiceProcess/u0a22066 for service com.amazon.kso.blackbird/.service.BlackbirdServiceImpl
10-20 23:18:55.715 W/ResourcesManager( 1957): Asset path '/system/framework/android.amazon.res.jar' does not exist or contains no resources.
10-20 23:18:55.788 I/Vlog ( 979): performance:cool_app_launch_time:fgtracking=false;DV;1,key=com.amazon.tv.launcher;DV;1,Timer=3696.0;TI;1,unit=ms;DV;1,metadata=com.amazon.tv.launcher/.ui.HomeActivity_vNext!{"d"#{"app_version"#"618081110"}$"m"#{"context"#"S1T0A0D0I0L1E0M99"$"prev"#"null"}};DV;1:HI
10-20 23:18:55.788 I/LoggerMetricsFactoryImpl( 979): FosPerformance:cool_app_launch_time:com.amazon.tv.launcher=3696.0;CT;1,activity=com.amazon.tv.launcher/.ui.HomeActivity_vNext;DV;1:NR
10-20 23:18:55.789 I/Vlog ( 979): performance:user_app_launch_cool:fgtracking=false;DV;1,key=com.amazon.tv.launcher;DV;1,Counter=1.0;CT;1,unit=count;DV;1,metadata=com.amazon.tv.launcher/.ui.HomeActivity_vNext;DV;1:HI
10-20 23:18:55.800 I/Vlog ( 979): performance:cool_activity_launch_time:fgtracking=false;DV;1,key=com.amazon.tv.launcher;DV;1,Timer=3569.0;TI;1,unit=ms;DV;1,metadata=com.amazon.tv.launcher/.ui.HomeActivity_vNext!{"d"#{"app_version"#"618081110"}$"m"#{"context"#"S1T0A0D0I0L1E0M99"$"prev"#"null"}};DV;1:HI
10-20 23:18:55.816 D/AmazonHdmiService( 979): Service: sendCecMessage 14
10-20 23:18:55.816 W/HdmiControlService( 979): Local device not available
10-20 23:18:56.103 D/ActivityManager( 979): single user service: com.amazon.tcomm
10-20 23:18:56.112 D/ActivityManager( 979): app = com.amazon.tcomm, has single user service, setting process record.
10-20 23:18:56.335 D/WifiService( 979): New client listening to asynchronous messages
10-20 23:18:56.344 D/ConnectivityService( 979): listenForNetwork for NetworkRequest [ id=4, legacyType=-1, [ Capabilities: INTERNET&NOT_RESTRICTED&TRUSTED&NOT_VPN] ]
10-20 23:18:56.345 D/ConnectivityService( 979): handleRegisterNetworkRequest checking NetworkAgentInfo [WIFI () - 100]
10-20 23:18:56.589 D/ActivityManager( 979): single user service: com.amazon.vizzini
10-20 23:18:56.600 D/ActivityManager( 979): app = com.amazon.vizzini, has single user service, setting process record.
10-20 23:18:57.141 I/Vlog ( 979): package_recency:broadcast_notification:fgtracking=false;DV;1,key=time_in_queue;DV;1,Timer=5026.0;TI;1,unit=ms;DV;1:HI
10-20 23:18:57.601 D/ActivityManager( 979): single user service: com.amazon.vizzini
10-20 23:18:57.617 I/LoggerMetricsFactoryImpl( 979): DhcpStateMachine:wifi-dhcp-success:success=1.0;CT;1:NR
10-20 23:18:57.617 I/LoggerMetricsFactoryImpl( 979): DhcpStateMachine:wifi-start-dhcp-time:start_time=2005.0;TI;1:NR
10-20 23:18:57.619 D/ActivityManager( 979): app = com.amazon.vizzini, has single user service, setting process record.
10-20 23:18:57.648 D/ConnectivityService( 979): NetworkAgentInfo [WIFI () - 100] EVENT_NETWORK_INFO_CHANGED, going from CONNECTING to CONNECTED
10-20 23:18:57.657 D/ConnectivityService( 979): Adding iface wlan0 to network 100
10-20 23:18:57.659 I/Vlog ( 979): package_recency:broadcast_notification:fgtracking=false;DV;1,key=time_in_queue;DV;1,Timer=5544.0;TI;1,unit=ms;DV;1:HI
10-20 23:18:57.754 E/ConnectivityService( 979): Unexpected mtu value: 0, wlan0
10-20 23:18:57.770 D/ConnectivityService( 979): Setting Dns servers for network 100 to [/192.168.178.1, /8.8.8.8]
10-20 23:18:57.812 I/ActivityManager( 979): Start proc 2077:com.amazon.tv.notificationcenter/u0a22084 for content provider com.amazon.tv.notificationcenter/.count.NotificationCountProvider
10-20 23:18:57.848 D/WifiService( 979): New client listening to asynchronous messages
10-20 23:18:57.869 D/ConnectivityService( 979): notifyType IP_CHANGED for NetworkAgentInfo [WIFI () - 100]
10-20 23:18:57.885 D/ConnectivityService( 979): notifyType PRECHECK for NetworkAgentInfo [WIFI () - 100]
10-20 23:18:57.887 D/ConnectivityService( 979): rematching NetworkAgentInfo [WIFI () - 100]
10-20 23:18:57.891 D/ConnectivityService( 979): accepting network in place of null
10-20 23:18:57.892 D/ConnectivityService( 979): makeDefault() Switching to new default network: NetworkAgentInfo{ ni{[type: WIFI[], state: CONNECTED/CONNECTED, reason: (unspecified), extra: KET WLAN SA, roaming: false, failover: false, isAvailable: true, isConnectedToProvisioningNetwork: false]} network{100} lp{{InterfaceName: wlan0 LinkAddresses: [fe80::271:47ff:fe54:705f/64,192.168.178.31/24,] Routes: [fe80::/64 -> :: wlan0,::/0 -> fe80::e228:6dff:fe32:c463 wlan0,2003:e8:1717:d100::/64 -> :: wlan0,fd00::/64 -> :: wlan0,192.168.178.0/24 -> 0.0.0.0 wlan0,0.0.0.0/0 -> 192.168.178.1 wlan0,] DnsAddresses: [192.168.178.1,8.8.8.8,] Domains: fritz.box MTU: 0 TcpBufferSizes: 524288,1048576,2097152,262144,524288,1048576}} nc{[ Transports: WIFI Capabilities: INTERNET&NOT_RESTRICTED&TRUSTED&NOT_VPN LinkUpBandwidth>=1048576Kbps LinkDnBandwidth>=1048576Kbps]} Score{20} everValidated{false} lastValidated{false} created{true} explicitlySelected{false} }
10-20 23:18:57.895 D/ConnectivityService( 979): Setting tx/rx TCP buffers to 524288,1048576,2097152,262144,524288,1048576
10-20 23:18:57.903 D/ConnectivityService( 979): notifyType AVAILABLE for NetworkAgentInfo [WIFI () - 100]
10-20 23:18:57.940 D/CSLegacyTypeTracker( 979): Sending connected broadcast for type 1 NetworkAgentInfo [WIFI () - 100] isDefaultNetwork=true
10-20 23:18:57.943 D/ConnectivityService( 979): sendStickyBroadcast: action=android.net.conn.CONNECTIVITY_CHANGE_IMMEDIATE
10-20 23:18:57.992 D/ActivityManager( 979): single user service: com.amazon.imp
10-20 23:18:58.018 D/ActivityManager( 979): app = com.amazon.imp, has single user service, setting process record.
10-20 23:18:58.021 D/ConnectivityService( 979): sendStickyBroadcast: action=android.net.conn.CONNECTIVITY_CHANGE
10-20 23:18:58.062 I/ActivityManager( 979): Start proc 2099:com.amazon.ceviche/u0a22102 for content provider com.amazon.ceviche/.TrackEventsContentProvider
10-20 23:18:58.302 I/ActivityManager( 979): Start proc 2131:com.amazon.naatyam/u0a22112 for content provider com.amazon.naatyam/.NaatyamContentProvider
10-20 23:18:58.303 D/ActivityManager( 979): single user service: com.amazon.client.metrics
10-20 23:18:58.316 D/ActivityManager( 979): app = com.amazon.client.metrics, has single user service, setting process record.
10-20 23:18:58.398 D/WifiService( 979): acquireWifiLockLocked: WifiLock{TComm.DPGatewayService31993 type=1 binder=android.os.BinderProxy@21b04ed8}
10-20 23:18:58.452 W/SchedPolicy( 979): Failed to set io priority for tid 2151 (No such process)
10-20 23:18:58.494 D/ConnectivityService( 979): setProvNotificationVisibleIntent: E visible=false networkType=0 extraInfo=null
10-20 23:18:58.508 D/ConnectivityService( 979): Validated NetworkAgentInfo [WIFI () - 100]
10-20 23:18:58.508 D/ConnectivityService( 979): rematching NetworkAgentInfo [WIFI () - 100]
10-20 23:18:58.508 D/ConnectivityService( 979): Network NetworkAgentInfo [WIFI () - 100] was already satisfying request 1. No change.
10-20 23:18:58.508 D/ConnectivityService( 979): notifyType AVAILABLE for NetworkAgentInfo [WIFI () - 100]
10-20 23:18:58.520 D/ConnectivityService( 979): sendStickyBroadcast: action=android.net.conn.INET_CONDITION_ACTION
10-20 23:18:58.551 D/ActivityManager( 979): single user service: com.amazon.client.metrics
10-20 23:18:58.580 D/ActivityManager( 979): app = com.amazon.client.metrics, has single user service, setting process record.
10-21 18:47:20.515 I/TimeService.clockWrapper( 979): broadcastTimeUpdate: isTrusted = true syncMethod = NTP oldTimeMillis = 1571606338656 newTimeMillis = 1571676440515
10-21 18:47:20.516 W/ContextImpl( 979): Calling a method in the system process without a qualified user: android.app.ContextImpl.sendBroadcast:1420 com.android.server.AlarmManagerService$AlarmThread.run:1818
10-21 18:47:20.592 W/ContextImpl( 979): Calling a method in the system process without a qualified user: android.app.ContextImpl.sendStickyBroadcast:1587 com.amazon.fireos.service.timeservice.clock.Clock.broadcastTimeUpdate:97 com.amazon.fireos.service.timeservice.clock.Clock.setCurrentTimeMillis:61 com.amazon.fireos.service.timeservice.clock.TimeServiceClock.setTime:51 com.amazon.fireos.service.timeservice.clock.TimeServiceClock.setTimeByNtpReference:78
10-21 18:47:20.620 D/ActivityManager( 979): single user service: com.amazon.client.metrics
10-21 18:47:20.644 D/ActivityManager( 979): app = com.amazon.client.metrics, has single user service, setting process record.
10-21 18:47:20.695 D/ActivityManager( 979): single user service: com.amazon.client.metrics
10-21 18:47:20.707 D/ActivityManager( 979): app = com.amazon.client.metrics, has single user service, setting process record.
10-21 18:47:20.873 I/AmazonHdmiServiceManager( 1385): AmazonHdmiServiceManager created
10-21 18:47:21.036 D/ActivityManager( 979): single user service: com.amazon.client.metrics
10-21 18:47:21.035 I/ThermalEvent( 72): thermzone:def:mtktscpu=46;CT;1:NR
10-21 18:47:21.035 I/ThermalEvent( 72): thermzone:def:virtual_sensor=-5;CT;1:NR
10-21 18:47:21.048 D/ActivityManager( 979): app = com.amazon.client.metrics, has single user service, setting process record.
10-21 18:47:21.098 W/ContextImpl( 979): Calling a method in the system process without a qualified user: android.app.ContextImpl.startService:1785 com.amazon.fireos.service.timeservice.updater.TimeUpdater.legacyOobeTimesetService:58 com.amazon.fireos.service.timeservice.updater.TrustedTimeUpdater.sendCustomFosTimeNotifications:90 com.amazon.fireos.service.timeservice.updater.TrustedTimeUpdater.onTimeSetSuccessfully:75 com.amazon.fireos.service.timeservice.updater.TrustedTimeUpdater.updateTime:52
10-21 18:47:21.139 W/ActivityManager( 979): Unable to start service Intent { act=com.amazon.kindle.otter.oobe.TIMESET_RECEIVER_SERVICE pkg=com.amazon.kindle.otter.oobe } U=0: not found
10-21 18:47:21.170 W/ActivityManager( 979): Unable to start service Intent { cmp=com.android.systemui/.keyguard.KeyguardService } U=0: not found
10-21 18:47:21.191 I/Vlog ( 979): ScreenTime:VitalsSignal:fgtracking=false;DV;1,key=screenState;DV;1,Counter=35033.0;CT;1,unit=on;DV;1:HI
10-21 18:47:21.195 I/ThermalEvent( 35): thermzone:def:mtktsabb=46;CT;1:NR
10-21 18:47:21.195 I/ThermalEvent( 35): thermzone:def:mtkts_bts0=25;CT;1:NR
10-21 18:47:21.195 I/ThermalEvent( 35): thermzone:def:mtkts_bts1=24;CT;1:NR
10-21 18:47:21.296 D/ActivityManager( 979): single user service: com.amazon.client.metrics
10-21 18:47:21.313 D/ActivityManager( 979): app = com.amazon.client.metrics, has single user service, setting process record.
10-21 18:47:21.371 W/SchedPolicy( 979): Failed to set io priority for tid 2205 (No such process)
10-21 18:47:21.388 D/ActivityManager( 979): single user service: com.amazon.client.metrics
10-21 18:47:21.420 D/ActivityManager( 979): app = com.amazon.client.metrics, has single user service, setting process record.
10-21 18:47:21.431 D/ConnectivityService( 979): Setting Dns servers for network 100 to [/192.168.178.1, /8.8.8.8]
10-21 18:47:21.499 D/ActivityManager( 979): single user service: com.amazon.client.metrics
10-21 18:47:21.514 D/ActivityManager( 979): app = com.amazon.client.metrics, has single user service, setting process record.
10-21 18:47:21.570 W/KeyguardServiceDelegate( 979): onScreenTurnedOn(): no keyguard service!
10-21 18:47:21.672 D/ActivityManager( 979): single user service: com.amazon.client.metrics
10-21 18:47:21.690 D/ActivityManager( 979): app = com.amazon.client.metrics, has single user service, setting process record.
10-21 18:47:21.739 D/ConnectivityService( 979): notifyType IP_CHANGED for NetworkAgentInfo [WIFI () - 100]
10-21 18:47:21.763 D/ActivityManager( 979): single user service: com.amazon.client.metrics
10-21 18:47:21.777 D/ActivityManager( 979): app = com.amazon.client.metrics, has single user service, setting process record.
10-21 18:47:21.785 D/ConnectivityService( 979): Setting Dns servers for network 100 to [/192.168.178.1, /8.8.8.8]
10-21 18:47:21.808 D/ConnectivityService( 979): Setting Dns servers for network 100 to [/192.168.178.1, /8.8.8.8]
10-21 18:47:21.814 D/ConnectivityService( 979): Setting Dns servers for network 100 to [/192.168.178.1, /8.8.8.8]
10-21 18:47:21.842 D/ActivityManager( 979): single user service: com.amazon.client.metrics
10-21 18:47:21.856 D/ActivityManager( 979): app = com.amazon.client.metrics, has single user service, setting process record.
10-21 18:47:21.898 D/WifiService( 979): New client listening to asynchronous messages
10-21 18:47:22.063 D/AmazonLibraryRegistry( 979): Could not find library com.amazon.tv.uilibrary
10-21 18:47:22.134 W/ContextImpl( 1125): Calling a method in the system process without a qualified user: android.app.ContextImpl.startService:1785 android.content.ContextWrapper.startService:541 android.content.ContextWrapper.startService:541 com.amazon.android.service.networkmonitor.AmazonNetworkMonitorService.startService:310 com.amazon.android.service.networkmonitor.AmazonNetworkMonitorService.getAmazonNetworkMonitorService:345
10-21 18:47:22.135 D/ActivityManager( 979): single user service: com.amazon.device.services
10-21 18:47:22.153 D/ActivityManager( 979): app = com.amazon.device.services, has single user service, setting process record.
10-21 18:47:22.304 D/ActivityManager( 979): single user service: com.amazon.imp
10-21 18:47:22.319 D/ActivityManager( 979): app = com.amazon.imp, has single user service, setting process record.
10-21 18:47:22.535 I/AmazonHdmiService( 979): Get Current HDCP Version
10-21 18:47:22.989 D/ActivityManager( 979): single user service: com.amazon.vizzini
10-21 18:47:23.001 D/ActivityManager( 979): app = com.amazon.vizzini, has single user service, setting process record.
10-21 18:47:23.052 D/ActivityManager( 979): single user service: com.amazon.vizzini
10-21 18:47:23.067 D/ActivityManager( 979): app = com.amazon.vizzini, has single user service, setting process record.
10-21 18:47:23.092 I/ActivityManager( 979): Start proc 2291:com.android.providers.tv/u0a22037 for content provider com.android.providers.tv/.TvProvider
10-21 18:47:23.455 D/ActivityManager( 979): single user service: com.amazon.tcomm
10-21 18:47:23.472 D/ActivityManager( 979): app = com.amazon.tcomm, has single user service, setting process record.
10-21 18:47:23.503 I/ActivityManager( 979): Start proc 2329:com.amazon.kindle.cms/u0a22062 for broadcast com.amazon.kindle.cms/.MaintenanceService$PackageRecencyListener
10-21 18:47:23.572 I/Vitals ( 177): VitalsCollectionAgent:heartbeat:KDMv3_Data=[['CPU_uptime'!0.010392!0.010392!0.010392!1.000000!]!['heartbeat_sequence'!0!0!0!1.000000!]!['metrics_sent'!0!0!0!1.000000!]!['screen_on_time'!0.000000!0.000000!0.000000!1.000000!]!['vitals_service_crash'!0!0!0!1.000000!]];DV;1,KDMv3_Unit=count;DV;1:HI
10-21 18:47:23.600 W/ProcessCpuTracker( 979): Skipping unknown process pid 2355
10-21 18:47:23.680 D/AmazonHdmiService( 979): getRawEdid
10-21 18:47:23.725 D/AmazonHdmiService( 979): getRawEdid
10-21 18:47:23.965 E/RemotePrintSpooler( 979): Error removing obsolete print jobs .
10-21 18:47:23.965 E/RemotePrintSpooler( 979): java.util.concurrent.TimeoutException: Cannot get spooler!
10-21 18:47:23.965 E/RemotePrintSpooler( 979): at com.android.server.print.RemotePrintSpooler.bindLocked(RemotePrintSpooler.java:378)
10-21 18:47:23.965 E/RemotePrintSpooler( 979): at com.android.server.print.RemotePrintSpooler.getRemoteInstanceLazy(RemotePrintSpooler.java:354)
10-21 18:47:23.965 E/RemotePrintSpooler( 979): at com.android.server.print.RemotePrintSpooler.removeObsoletePrintJobs(RemotePrintSpooler.java:289)
10-21 18:47:23.965 E/RemotePrintSpooler( 979): at com.android.server.print.UserState.removeObsoletePrintJobs(UserState.java:165)
10-21 18:47:23.965 E/RemotePrintSpooler( 979): at com.android.server.print.PrintManagerService$PrintManagerImpl$3.run(PrintManagerService.java:649)
10-21 18:47:23.965 E/RemotePrintSpooler( 979): at android.os.Handler.handleCallback(Handler.java:739)
10-21 18:47:23.965 E/RemotePrintSpooler( 979): at android.os.Handler.dispatchMessage(Handler.java:95)
10-21 18:47:23.965 E/RemotePrintSpooler( 979): at android.os.Looper.loop(Looper.java:135)
10-21 18:47:23.965 E/RemotePrintSpooler( 979): at android.os.HandlerThread.run(HandlerThread.java:61)
10-21 18:47:23.979 I/UsageStatsService( 979): User[0] Flushing usage stats to disk
10-21 18:47:24.002 D/AmazonHdmiService( 979): getRawEdid
10-21 18:47:24.570 D/ActivityManager( 979): single user service: com.amazon.kindle.cms
10-21 18:47:24.586 D/ActivityManager( 979): app = com.amazon.kindle.cms, has single user service, setting process record.
10-21 18:47:25.956 D/ActivityManager( 979): single user service: com.amazon.wifilocker
10-21 18:47:25.983 D/ActivityManager( 979): app = com.amazon.wifilocker, has single user service, setting process record.
10-21 18:47:26.029 I/ActivityManager( 979): Start proc 2654:com.amazon.aca/u0a22098 for broadcast com.amazon.aca/.avt.PackageRecencyReceiver
10-21 18:47:26.100 I/ActivityManager( 979): Start proc 2672:com.amazon.providers.tv/u0a22114 for content provider com.amazon.providers.tv/.FireTvProvider
10-21 18:47:26.136 I/WifiService( 979): WifiService trying to set country code to DE with persist set to true
10-21 18:47:26.180 I/LoggerMetricsFactoryImpl( 979): acd_service:DcasAgent:cc_from_atz=1.0;CT;1,page-type=cc_from_atz;CK;1,hitType=acd_service_hit_typw;CK;1,team-name=acd_service;CK;1,site_variant=DcasAgent;CK;1,RequestId=F7C4860800F57D193877;DV;1:NR
10-21 18:47:26.376 D/WifiService( 979): acquireWifiLockLocked: WifiLock{BoltHttp.WifiLockHolder type=1 binder=android.os.BinderProxy@312d55f}
10-21 18:47:26.399 D/ActivityManager( 979): single user service: com.amazon.imp
10-21 18:47:26.418 D/ActivityManager( 979): app = com.amazon.imp, has single user service, setting process record.
10-21 18:47:26.964 I/ActivityManager( 979): Start proc 2731:com.amazon.device.messaging/u0a22011 for content provider com.amazon.device.messaging/.ADMRegistrationProvider
10-21 18:47:27.798 W/ResourcesManager( 1385): Asset path '/system/framework/android.amazon.res.jar' does not exist or contains no resources.
10-21 18:47:28.160 D/WifiService( 979): New client listening to asynchronous messages
10-21 18:47:28.400 D/WifiService( 979): releaseWifiLockLocked: WifiLock{BoltHttp.WifiLockHolder type=1 binder=android.os.BinderProxy@312d55f}
10-21 18:47:28.830 W/ResourcesManager( 1385): Asset path '/system/framework/android.amazon.res.jar' does not exist or contains no resources.
10-21 18:47:31.850 D/WifiService( 979): acquireWifiLockLocked: WifiLock{HTTPMetricsTransport type=3 binder=android.os.BinderProxy@1fc842f7}
10-21 18:47:31.852 D/WifiService( 979): releaseWifiLockLocked: WifiLock{HTTPMetricsTransport type=3 binder=android.os.BinderProxy@1fc842f7}
10-21 18:47:31.857 D/WifiService( 979): acquireWifiLockLocked: WifiLock{HTTPMetricsTransport type=3 binder=android.os.BinderProxy@eb5f564}
10-21 18:47:31.858 D/WifiService( 979): releaseWifiLockLocked: WifiLock{HTTPMetricsTransport type=3 binder=android.os.BinderProxy@eb5f564}
10-21 18:47:33.101 I/ActivityManager( 979): Start proc 3094:com.amazon.venezia/u0a22089 for content provider com.amazon.venezia/.deviceinfo.SearchContextProvider
10-21 18:47:33.256 D/ActivityManager( 979): single user service: com.amazon.vizzini
10-21 18:47:33.281 D/ActivityManager( 979): app = com.amazon.vizzini, has single user service, setting process record.
10-21 18:47:33.321 W/ResourcesManager( 3094): Asset path '/system/framework/android.amazon.res.jar' does not exist or contains no resources.
10-21 18:47:33.505 I/UsageStatsDatabase( 979): Moving file /data/system/usagestats/0/daily/1571521732142 to /data/system/usagestats/0/daily/1571591832029
10-21 18:47:33.506 I/UsageStatsDatabase( 979): Moving file /data/system/usagestats/0/daily/1571544313060 to /data/system/usagestats/0/daily/1571614412947
10-21 18:47:33.506 I/UsageStatsDatabase( 979): Moving file /data/system/usagestats/0/daily/1571544315101 to /data/system/usagestats/0/daily/1571614414988
10-21 18:47:33.507 I/UsageStatsDatabase( 979): Moving file /data/system/usagestats/0/daily/1571544840679 to /data/system/usagestats/0/daily/1571614940566
10-21 18:47:33.507 I/UsageStatsDatabase( 979): Moving file /data/system/usagestats/0/daily/1571555139470 to /data/system/usagestats/0/daily/1571625239357
10-21 18:47:33.509 I/UsageStatsDatabase( 979): Moving file /data/system/usagestats/0/daily/1571563728530 to /data/system/usagestats/0/daily/1571633828417
10-21 18:47:33.516 I/UsageStatsDatabase( 979): Moving file /data/system/usagestats/0/daily/1571563730554 to /data/system/usagestats/0/daily/1571633830441
10-21 18:47:33.518 I/UsageStatsDatabase( 979): Moving file /data/system/usagestats/0/daily/1571567999436 to /data/system/usagestats/0/daily/1571638099323
10-21 18:47:33.519 I/UsageStatsDatabase( 979): Moving file /data/system/usagestats/0/daily/1571571627690 to /data/system/usagestats/0/daily/1571641727577
10-21 18:47:33.520 I/UsageStatsDatabase( 979): Moving file /data/system/usagestats/0/daily/1571571630037 to /data/system/usagestats/0/daily/1571641729924
10-21 18:47:33.521 I/UsageStatsDatabase( 979): Moving file /data/system/usagestats/0/daily/1571572508643 to /data/system/usagestats/0/daily/1571642608530
10-21 18:47:33.522 I/UsageStatsDatabase( 979): Moving file /data/system/usagestats/0/daily/1571572510885 to /data/system/usagestats/0/daily/1571642610772
10-21 18:47:33.523 I/UsageStatsDatabase( 979): Moving file /data/system/usagestats/0/weekly/1571435332142 to /data/system/usagestats/0/weekly/1571505432029
10-21 18:47:33.524 I/UsageStatsDatabase( 979): Moving file /data/system/usagestats/0/weekly/1571458440679 to /data/system/usagestats/0/weekly/1571528540566
10-21 18:47:33.525 I/UsageStatsDatabase( 979): Moving file /data/system/usagestats/0/weekly/1571522102828 to /data/system/usagestats/0/weekly/1571592202715
10-21 18:47:33.525 I/UsageStatsDatabase( 979): Moving file /data/system/usagestats/0/weekly/1571522104835 to /data/system/usagestats/0/weekly/1571592204722
10-21 18:47:33.526 I/UsageStatsDatabase( 979): Moving file /data/system/usagestats/0/weekly/1571529388343 to /data/system/usagestats/0/weekly/1571599488230
10-21 18:47:33.527 I/UsageStatsDatabase( 979): Moving file /data/system/usagestats/0/weekly/1571529390399 to /data/system/usagestats/0/weekly/1571599490286
10-21 18:47:33.528 I/UsageStatsDatabase( 979): Moving file /data/system/usagestats/0/weekly/1571555555547 to /data/system/usagestats/0/weekly/1571625655434
10-21 18:47:33.528 I/UsageStatsDatabase( 979): Moving file /data/system/usagestats/0/weekly/1571555557571 to /data/system/usagestats/0/weekly/1571625657458
10-21 18:47:33.529 I/UsageStatsDatabase( 979): Moving file /data/system/usagestats/0/monthly/1570571332142 to /data/system/usagestats/0/monthly/1570641432029
10-21 18:47:33.530 I/UsageStatsDatabase( 979): Moving file /data/system/usagestats/0/monthly/1571524683406 to /data/system/usagestats/0/monthly/1571594783293
10-21 18:47:33.534 I/UsageStatsDatabase( 979): Moving file /data/system/usagestats/0/monthly/1571524685425 to /data/system/usagestats/0/monthly/1571594785312
10-21 18:47:33.535 I/UsageStatsDatabase( 979): Moving file /data/system/usagestats/0/monthly/1571547491939 to /data/system/usagestats/0/monthly/1571617591826
10-21 18:47:33.535 I/UsageStatsDatabase( 979): Moving file /data/system/usagestats/0/monthly/1571547494303 to /data/system/usagestats/0/monthly/1571617594190
10-21 18:47:33.536 I/UsageStatsDatabase( 979): Moving file /data/system/usagestats/0/yearly/1550267332142 to /data/system/usagestats/0/yearly/1550337432029
10-21 18:47:33.600 I/UsageStatsService( 979): User[0] Rollover scheduled @ 2019-10-22 02:00:00(1571702400000)
10-21 18:47:33.820 W/ContextImpl( 1125): Calling a method in the system process without a qualified user: android.app.ContextImpl.bindService:1849 android.content.ContextWrapper.bindService:564 com.amazon.client.metrics.MetricsServiceConnection.getService:72 com.amazon.client.metrics.MetricsServiceWrapper.getBoundService:46 com.amazon.client.metrics.MetricsServiceWrapper.:37
10-21 18:47:33.988 D/WifiService( 979): New client listening to asynchronous messages
10-21 18:47:34.017 E/ActivityThread( 979): Failed to find provider info for telephony
10-21 18:47:34.222 I/TimeService.clockWrapper( 979): broadcastTimeUpdate: isTrusted = true syncMethod = NTP oldTimeMillis = 1571676454209 newTimeMillis = 1571676454222
10-21 18:47:34.242 W/ContextImpl( 979): Calling a method in the system process without a qualified user: android.app.ContextImpl.sendStickyBroadcast:1587 com.amazon.fireos.service.timeservice.clock.Clock.broadcastTimeUpdate:97 com.amazon.fireos.service.timeservice.clock.Clock.setCurrentTimeMillis:61 com.amazon.fireos.service.timeservice.clock.TimeServiceClock.setTime:51 com.amazon.fireos.service.timeservice.clock.TimeServiceClock.setTimeByNtpReference:78
10-21 18:47:34.243 W/ContextImpl( 979): Calling a method in the system process without a qualified user: android.app.ContextImpl.sendBroadcast:1420 com.android.server.AlarmManagerService$AlarmThread.run:1818
10-21 18:47:34.254 W/ActivityManager( 979): getRunningAppProcesses: caller 32089 is using old GET_TASKS but privileged; allowing
10-21 18:47:34.271 I/ActivityManager( 979): Start proc 3162:com.android.providers.downloads/u0a22017 for broadcast com.android.providers.downloads/.DownloadReceiver
10-21 18:47:35.020 D/WifiService( 979): acquireWifiLockLocked: WifiLock{com.amazon.dcp.framework.iuc.ConnectionEstablisherWithConnectivityEnforcement type=1 binder=android.os.BinderProxy@d8a61b6}
10-21 18:47:35.169 W/ActivityThread( 1125): ClassLoader.loadClass: The class loader returned by Thread.getContextClassLoader() may fail for processes that host multiple applications. You should explicitly specify a context class loader. For example: Thread.setContextClassLoader(getClass().getClassLoader());
10-21 18:47:35.258 W/SchedPolicy( 979): Failed to set io priority for tid 3144 (No such process)
10-21 18:47:35.288 D/ActivityManager( 979): single user service: com.amazon.device.settings
10-21 18:47:35.316 D/ActivityManager( 979): app = com.amazon.device.settings, has single user service, setting process record.
10-21 18:47:35.385 D/ActivityManager( 979): single user service: com.amazon.imp
10-21 18:47:35.404 D/ActivityManager( 979): app = com.amazon.imp, has single user service, setting process record.
10-21 18:47:35.954 I/ActivityManager( 979): Start proc 3216:com.amazon.tv.ottssocompanionapp/u0a22086 for broadcast com.amazon.tv.ottssocompanionapp/.arcus.ArcusNetworkChangeListener
10-21 18:47:36.278 D/ActivityManager( 979): single user service: com.amazon.imp
10-21 18:47:36.300 D/ActivityManager( 979): app = com.amazon.imp, has single user service, setting process record.
10-21 18:47:36.337 W/EMP.LoggerMetricsFactoryImpl( 979): EMP.MetricsCollectionAgent:PowerReporter:page-type=DevicePowerStats;CK;1,hitType=deviceAction;CK;1,team-name=KindleFramework;CK;1,site_variant=KindleApplication;CK;1,page-action=POWER_ON;CK;1,RequestId=159B4D98B38A8E720365;DV;1:NA
10-21 18:47:36.853 I/SystemServiceManager( 979): Starting phase 1000
10-21 18:47:36.883 E/AmazonInputManagerService( 979): Could not read the bit button map java.io.FileNotFoundException: /data/system/toggleBitButtonMap.txt: open failed: ENOENT (No such file or directory)
10-21 18:47:36.916 I/ActivityManager( 979): Start proc 3244:com.android.bluetooth/1002 for on-hold
10-21 18:47:36.927 I/boot ( 3253): system:boot-time:time=51;TI;1,units=s;DV;1:NR
10-21 18:47:36.986 W/EMP.LoggerMetricsFactoryImpl( 979): EMP.MetricsCollectionAgent:PowerReporter:page-type=DevicePowerStats;CK;1,hitType=deviceAction;CK;1,team-name=KindleFramework;CK;1,site_variant=KindleApplication;CK;1,page-action=POWER_ON_HEARTBEAT;CK;1,RequestId=73E0FA6A2C0445F289B2;DV;1:NA
10-21 18:47:36.987 W/EMP.LoggerMetricsFactoryImpl( 979): EMP.MetricsCollectionAgent:InternetReporter:page-type=InternetStats;CK;1,hitType=deviceAction;CK;1,team-name=KindleFramework;CK;1,site_variant=KindleApplication;CK;1,page-action=INTERNET_CONNECTED;CK;1,RequestId=C0476295B93D381E9E2A;DV;1:NA
10-21 18:47:37.123 V/ActivityManager( 979): Display changed displayId=0
10-21 18:47:37.177 W/EMP.LoggerMetricsFactoryImpl( 979): EMP.MetricsCollectionAgent:InternetReporter:page-type=InternetStats;CK;1,hitType=deviceAction;CK;1,team-name=KindleFramework;CK;1,site_variant=KindleApplication;CK;1,page-action=INTERNET_CONNECTED_HEARTBEAT;CK;1,RequestId=B2320854FD392EBE2FAF;DV;1:NA
10-21 18:47:37.183 W/EMP.LoggerMetricsFactoryImpl( 979): EMP.MetricsCollectionAgent:UsageReporterFOSTest:Product_Mode=DEFAULT;DV;1,page-type=UsageStats;CK;1,hitType=deviceAction;CK;1,team-name=KindleFramework;CK;1,site_variant=KindleApplication;CK;1,page-action=USER_PRESENT;CK;1,RequestId=F5E87807F574722A5FD8;DV;1:NA
10-21 18:47:37.183 W/EMP.LoggerMetricsFactoryImpl( 979): EMP.MetricsCollectionAgent:UsageReporter:Product_Mode=DEFAULT;DV;1,page-type=UsageStats;CK;1,hitType=deviceAction;CK;1,team-name=KindleFramework;CK;1,site_variant=KindleApplication;CK;1,page-action=USER_PRESENT;CK;1,RequestId=F3D1E014D3348039FB87;DV;1:NA
10-21 18:47:37.263 W/EMP.LoggerMetricsFactoryImpl( 979): EMP.MetricsCollectionAgent:UsageReporter:page-type=UsageStats;CK;1,hitType=deviceAction;CK;1,team-name=KindleFramework;CK;1,site_variant=KindleApplication;CK;1,page-action=USER_PRESENT_HEARTBEAT;CK;1,RequestId=9AA30A8443B9A5D73005;DV;1:NA
10-21 18:47:37.346 W/ContextImpl( 1273): Calling a method in the system process without a qualified user: android.app.ContextImpl.startService:1785 android.content.ContextWrapper.startService:541 android.content.ContextWrapper.startService:541 com.amazon.tv.settings.core.NetworkChangeReceiver.onReceive:23 android.app.ActivityThread.handleReceiver:2769
10-21 18:47:37.350 W/EMP.LoggerMetricsFactoryImpl( 979): EMP.MetricsCollectionAgent:PowerReporter:page-type=DevicePowerStats;CK;1,hitType=deviceAction;CK;1,team-name=KindleFramework;CK;1,site_variant=KindleApplication;CK;1,page-action=POWER_ON;CK;1,RequestId=64924A99C2E11DE3A72B;DV;1:NA
10-21 18:47:37.414 I/ActivityManager( 979): Start proc 3290:com.amazon.device.controllermanager/u0a2 for broadcast com.amazon.device.controllermanager/.ConnectivityChangeReceiver
10-21 18:47:37.953 D/WifiService( 979): releaseWifiLockLocked: WifiLock{com.amazon.dcp.framework.iuc.ConnectionEstablisherWithConnectivityEnforcement type=1 binder=android.os.BinderProxy@d8a61b6}
10-21 18:47:38.038 W/BroadcastQueue( 979): Permission Denial: receiving Intent { act=android.bluetooth.adapter.action.LOCAL_NAME_CHANGED flg=0x4000010 (has extras) } to ProcessRecord{cc9fc36 2654:com.amazon.aca/u0a22098} (pid=2654, uid=32098) requires android.permission.BLUETOOTH due to sender com.android.bluetooth (uid 1002)
10-21 18:47:38.038 W/BroadcastQueue( 979): Permission Denial: receiving Intent { act=android.bluetooth.adapter.action.LOCAL_NAME_CHANGED flg=0x4000010 (has extras) } to ProcessRecord{151f17a1 3094:com.amazon.venezia/u0a22089} (pid=3094, uid=32089) requires android.permission.BLUETOOTH due to sender com.android.bluetooth (uid 1002)
10-21 18:47:38.149 D/WifiService( 979): acquireWifiLockLocked: WifiLock{com.amazon.dcp.framework.iuc.ConnectionEstablisherWithConnectivityEnforcement type=1 binder=android.os.BinderProxy@3afaf4fe}
10-21 18:47:38.265 E/ActivityThread( 2731): Failed to find provider info for com.amazon.dcp.ota.pendingupdates.internal
10-21 18:47:38.631 D/ActivityManager( 979): single user service: com.amazon.imp
10-21 18:47:38.656 D/ActivityManager( 979): app = com.amazon.imp, has single user service, setting process record.
10-21 18:47:39.393 W/ResourcesManager( 1385): Asset path '/system/framework/android.amazon.res.jar' does not exist or contains no resources.
10-21 18:47:39.609 I/ActivityManager( 979): Start proc 3388:com.amazon.connectivitydiag/1000 for broadcast com.amazon.connectivitydiag/.backend.CaptivePortalReceiver
10-21 18:47:39.707 I/ActivityManager( 979): Waited long enough for: ServiceRecord{32ac95b4 u0 com.amazon.kindle.cms/.MaintenanceService}
10-21 18:47:39.707 W/BroadcastQueue( 979): Permission Denial: receiving Intent { act=android.bluetooth.adapter.action.LOCAL_NAME_CHANGED flg=0x4000010 (has extras) } to ProcessRecord{cc9fc36 2654:com.amazon.aca/u0a22098} (pid=2654, uid=32098) requires android.permission.BLUETOOTH due to sender com.android.bluetooth (uid 1002)
10-21 18:47:39.707 W/BroadcastQueue( 979): Permission Denial: receiving Intent { act=android.bluetooth.adapter.action.LOCAL_NAME_CHANGED flg=0x4000010 (has extras) } to ProcessRecord{151f17a1 3094:com.amazon.venezia/u0a22089} (pid=3094, uid=32089) requires android.permission.BLUETOOTH due to sender com.android.bluetooth (uid 1002)
10-21 18:47:39.710 W/BroadcastQueue( 979): Permission Denial: receiving Intent { act=android.bluetooth.adapter.action.SCAN_MODE_CHANGED flg=0x4000010 (has extras) } to ProcessRecord{cc9fc36 2654:com.amazon.aca/u0a22098} (pid=2654, uid=32098) requires android.permission.BLUETOOTH due to sender com.android.bluetooth (uid 1002)
10-21 18:47:39.710 W/BroadcastQueue( 979): Permission Denial: receiving Intent { act=android.bluetooth.adapter.action.SCAN_MODE_CHANGED flg=0x4000010 (has extras) } to ProcessRecord{151f17a1 3094:com.amazon.venezia/u0a22089} (pid=3094, uid=32089) requires android.permission.BLUETOOTH due to sender com.android.bluetooth (uid 1002)
10-21 18:47:39.714 W/BroadcastQueue( 979): Permission Denial: receiving Intent { act=android.bluetooth.device.action.NAME_CHANGED flg=0x4000010 (has extras) } to ProcessRecord{cc9fc36 2654:com.amazon.aca/u0a22098} (pid=2654, uid=32098) requires android.permission.BLUETOOTH due to sender com.android.bluetooth (uid 1002)
10-21 18:47:39.714 W/BroadcastQueue( 979): Permission Denial: receiving Intent { act=android.bluetooth.device.action.NAME_CHANGED flg=0x4000010 (has extras) } to ProcessRecord{151f17a1 3094:com.amazon.venezia/u0a22089} (pid=3094, uid=32089) requires android.permission.BLUETOOTH due to sender com.android.bluetooth (uid 1002)
10-21 18:47:39.718 W/BroadcastQueue( 979): Permission Denial: receiving Intent { act=android.bluetooth.device.action.CLASS_CHANGED flg=0x4000010 (has extras) } to ProcessRecord{cc9fc36 2654:com.amazon.aca/u0a22098} (pid=2654, uid=32098) requires android.permission.BLUETOOTH due to sender com.android.bluetooth (uid 1002)
