10-21 19:55:18.594 I/Kernel ( 9266): [ 4112.473618].(1)[9266:kworker/1:0] ABB T=88600
10-21 19:55:18.872 V/Avrcp ( 3244): MediaController playback changed: PlaybackState {state=3, position=2472887, buffered position=0, speed=1.0, updated=4112728, actions=-1, custom actions=[], active item id=-1, error=null}
10-21 19:55:18.873 D/Vizzini:MediaSessionLib.MediaSessionControllerStateMgr( 1385): Playback State Changed org.xbmc.kodi
10-21 19:55:19.389 D/Vizzini:MediaSessionLib.MediaSessionControllerStateMgr( 1385): Playback State Changed org.xbmc.kodi
10-21 19:55:19.389 V/Avrcp ( 3244): MediaController playback changed: PlaybackState {state=3, position=2473301, buffered position=0, speed=1.0, updated=4113245, actions=-1, custom actions=[], active item id=-1, error=null}
10-21 19:55:19.556 I/MediaCodecLogger( 7530): com.android.mediaplayer.HW.video.avc.bitrateInKbps = 5948
10-21 19:55:19.594 I/Kernel ( 9266): [ 4113.473620].(1)[9266:kworker/1:0] ABB T=88400
10-21 19:55:19.890 D/Vizzini:MediaSessionLib.MediaSessionControllerStateMgr( 1385): Playback State Changed org.xbmc.kodi
10-21 19:55:19.890 V/Avrcp ( 3244): MediaController playback changed: PlaybackState {state=3, position=2473921, buffered position=0, speed=1.0, updated=4113747, actions=-1, custom actions=[], active item id=-1, error=null}
10-21 19:55:20.407 D/Vizzini:MediaSessionLib.MediaSessionControllerStateMgr( 1385): Playback State Changed org.xbmc.kodi
10-21 19:55:20.407 V/Avrcp ( 3244): MediaController playback changed: PlaybackState {state=3, position=2474336, buffered position=0, speed=1.0, updated=4114264, actions=-1, custom actions=[], active item id=-1, error=null}
10-21 19:55:20.404 I/Kernel ( 8542): [ 4114.283609].(2)[8542:kworker/2:0][MUSB] USB is ready for connect
10-21 19:55:20.594 I/Kernel ( 9266): [ 4114.473606].(1)[9266:kworker/1:0] ABB T=88100
10-21 19:55:20.923 V/Avrcp ( 3244): MediaController playback changed: PlaybackState {state=3, position=2474957, buffered position=0, speed=1.0, updated=4114780, actions=-1, custom actions=[], active item id=-1, error=null}
10-21 19:55:20.924 D/Vizzini:MediaSessionLib.MediaSessionControllerStateMgr( 1385): Playback State Changed org.xbmc.kodi
10-21 19:55:21.440 V/Avrcp ( 3244): MediaController playback changed: PlaybackState {state=3, position=2475373, buffered position=0, speed=1.0, updated=4115297, actions=-1, custom actions=[], active item id=-1, error=null}
10-21 19:55:21.441 D/Vizzini:MediaSessionLib.MediaSessionControllerStateMgr( 1385): Playback State Changed org.xbmc.kodi
10-21 19:55:21.594 I/Kernel ( 9266): [ 4115.473635].(1)[9266:kworker/1:0] ABB T=88400
10-21 19:55:21.734 I/Kernel ( 29): [ 4115.613593].(3)[29:update_secureti]enter TEE_Icnt_time
10-21 19:55:21.734 I/Kernel ( 29): [ 4115.613887].(3)[29:update_secureti]update_securetime_thread_gb updata inc count
10-21 19:55:21.942 V/Avrcp ( 3244): MediaController playback changed: PlaybackState {state=3, position=2475992, buffered position=0, speed=1.0, updated=4115798, actions=-1, custom actions=[], active item id=-1, error=null}
10-21 19:55:21.942 D/Vizzini:MediaSessionLib.MediaSessionControllerStateMgr( 1385): Playback State Changed org.xbmc.kodi
10-21 19:55:22.459 D/Vizzini:MediaSessionLib.MediaSessionControllerStateMgr( 1385): Playback State Changed org.xbmc.kodi
10-21 19:55:22.459 V/Avrcp ( 3244): MediaController playback changed: PlaybackState {state=3, position=2476406, buffered position=0, speed=1.0, updated=4116315, actions=-1, custom actions=[], active item id=-1, error=null}
10-21 19:55:22.461 D/MtkOmxVdec( 180): [0xb812ea08] 0xb812ea08 Output [0xB8138388] is not free.
10-21 19:55:22.594 I/Kernel ( 9266): [ 4116.473617].(1)[9266:kworker/1:0] ABB T=88400
10-21 19:55:22.975 V/Avrcp ( 3244): MediaController playback changed: PlaybackState {state=3, position=2477024, buffered position=0, speed=1.0, updated=4116832, actions=-1, custom actions=[], active item id=-1, error=null}
10-21 19:55:22.976 D/Vizzini:MediaSessionLib.MediaSessionControllerStateMgr( 1385): Playback State Changed org.xbmc.kodi
10-21 19:55:23.202 I/art ( 5028): Explicit concurrent mark sweep GC freed 2716(220KB) AllocSpace objects, 2(32KB) LOS objects, 39% free, 4MB/6MB, paused 806us total 97.080ms
10-21 19:55:23.493 D/Vizzini:MediaSessionLib.MediaSessionControllerStateMgr( 1385): Playback State Changed org.xbmc.kodi
10-21 19:55:23.493 V/Avrcp ( 3244): MediaController playback changed: PlaybackState {state=3, position=2477437, buffered position=0, speed=1.0, updated=4117349, actions=-1, custom actions=[], active item id=-1, error=null}
10-21 19:55:23.594 I/Kernel ( 9266): [ 4117.473608].(1)[9266:kworker/1:0] ABB T=88300
10-21 19:55:23.993 D/Vizzini:MediaSessionLib.MediaSessionControllerStateMgr( 1385): Playback State Changed org.xbmc.kodi
10-21 19:55:23.993 V/Avrcp ( 3244): MediaController playback changed: PlaybackState {state=3, position=2478055, buffered position=0, speed=1.0, updated=4117850, actions=-1, custom actions=[], active item id=-1, error=null}
10-21 19:55:24.444 I/Kernel ( 434): [ 4118.323579][hdmi]#1506
10-21 19:55:24.444 I/Kernel ( 434): [hdmi] list empty 137000, sleeping
10-21 19:55:24.511 D/Vizzini:MediaSessionLib.MediaSessionControllerStateMgr( 1385): Playback State Changed org.xbmc.kodi
10-21 19:55:24.511 V/Avrcp ( 3244): MediaController playback changed: PlaybackState {state=3, position=2478469, buffered position=0, speed=1.0, updated=4118367, actions=-1, custom actions=[], active item id=-1, error=null}
10-21 19:55:24.594 I/MediaCodecLogger( 7530): com.android.mediaplayer.HW.video.avc.bitrateInKbps = 3354
10-21 19:55:24.594 I/Kernel ( 9266): [ 4118.473645].(1)[9266:kworker/1:0] ABB T=88300
10-21 19:55:25.028 V/Avrcp ( 3244): MediaController playback changed: PlaybackState {state=3, position=2479089, buffered position=0, speed=1.0, updated=4118884, actions=-1, custom actions=[], active item id=-1, error=null}
10-21 19:55:25.028 D/Vizzini:MediaSessionLib.MediaSessionControllerStateMgr( 1385): Playback State Changed org.xbmc.kodi
10-21 19:55:25.544 V/Avrcp ( 3244): MediaController playback changed: PlaybackState {state=3, position=2479501, buffered position=0, speed=1.0, updated=4119401, actions=-1, custom actions=[], active item id=-1, error=null}
10-21 19:55:25.545 D/Vizzini:MediaSessionLib.MediaSessionControllerStateMgr( 1385): Playback State Changed org.xbmc.kodi
10-21 19:55:25.594 I/Kernel ( 9266): [ 4119.473635].(1)[9266:kworker/1:0] ABB T=88300
10-21 19:55:26.046 D/Vizzini:MediaSessionLib.MediaSessionControllerStateMgr( 1385): Playback State Changed org.xbmc.kodi
10-21 19:55:26.047 V/Avrcp ( 3244): MediaController playback changed: PlaybackState {state=3, position=2479916, buffered position=0, speed=1.0, updated=4119902, actions=-1, custom actions=[], active item id=-1, error=null}
10-21 19:55:26.424 I/Kernel ( 8542): [ 4120.303607].(2)[8542:kworker/2:0][MUSB] USB is ready for connect
10-21 19:55:26.562 V/Avrcp ( 3244): MediaController playback changed: PlaybackState {state=3, position=2480534, buffered position=0, speed=1.0, updated=4120419, actions=-1, custom actions=[], active item id=-1, error=null}
10-21 19:55:26.563 D/Vizzini:MediaSessionLib.MediaSessionControllerStateMgr( 1385): Playback State Changed org.xbmc.kodi
10-21 19:55:26.594 I/Kernel ( 9266): [ 4120.473627].(1)[9266:kworker/1:0] ABB T=88800
10-21 19:55:26.734 I/Kernel ( 29): [ 4120.613565].(3)[29:update_secureti]enter TEE_Icnt_time
10-21 19:55:26.734 I/Kernel ( 29): [ 4120.613830].(3)[29:update_secureti]update_securetime_thread_gb updata inc count
10-21 19:55:27.079 V/Avrcp ( 3244): MediaController playback changed: PlaybackState {state=3, position=2480949, buffered position=0, speed=1.0, updated=4120936, actions=-1, custom actions=[], active item id=-1, error=null}
10-21 19:55:27.080 D/Vizzini:MediaSessionLib.MediaSessionControllerStateMgr( 1385): Playback State Changed org.xbmc.kodi
10-21 19:55:27.596 V/Avrcp ( 3244): MediaController playback changed: PlaybackState {state=3, position=2481569, buffered position=0, speed=1.0, updated=4121453, actions=-1, custom actions=[], active item id=-1, error=null}
10-21 19:55:27.597 D/Vizzini:MediaSessionLib.MediaSessionControllerStateMgr( 1385): Playback State Changed org.xbmc.kodi
10-21 19:55:27.594 I/Kernel ( 9266): [ 4121.473627].(1)[9266:kworker/1:0] ABB T=88400
10-21 19:55:28.097 V/Avrcp ( 3244): MediaController playback changed: PlaybackState {state=3, position=2481979, buffered position=0, speed=1.0, updated=4121954, actions=-1, custom actions=[], active item id=-1, error=null}
10-21 19:55:28.098 D/Vizzini:MediaSessionLib.MediaSessionControllerStateMgr( 1385): Playback State Changed org.xbmc.kodi
10-21 19:55:28.182 I/art ( 1339): Explicit concurrent mark sweep GC freed 11502(572KB) AllocSpace objects, 1(16KB) LOS objects, 25% free, 4MB/5MB, paused 509us total 77.699ms
10-21 19:55:28.594 I/Kernel ( 9266): [ 4122.473613].(1)[9266:kworker/1:0] ABB T=88600
10-21 19:55:28.615 D/Vizzini:MediaSessionLib.MediaSessionControllerStateMgr( 1385): Playback State Changed org.xbmc.kodi
10-21 19:55:28.615 V/Avrcp ( 3244): MediaController playback changed: PlaybackState {state=3, position=2482601, buffered position=0, speed=1.0, updated=4122471, actions=-1, custom actions=[], active item id=-1, error=null}
10-21 19:55:29.132 D/Vizzini:MediaSessionLib.MediaSessionControllerStateMgr( 1385): Playback State Changed org.xbmc.kodi
10-21 19:55:29.132 V/Avrcp ( 3244): MediaController playback changed: PlaybackState {state=3, position=2483016, buffered position=0, speed=1.0, updated=4122988, actions=-1, custom actions=[], active item id=-1, error=null}
10-21 19:55:29.264 I/Kernel ( 0): [ 4123.143545]-(1)[0:swapper/1][printk_delayed:start]
10-21 19:55:29.264 I/Kernel ( 0): [ 4123.143582]-(1)[0:swapper/1][WDK], local_bit:0x8, cpu:1,RT[4123133559392]
10-21 19:55:29.264 I/Kernel ( 0): [ 4123.143582][WDK], local_bit:0xa, cpu:1, check bit0x:f,RT[4123133572700]
10-21 19:55:29.264 I/Kernel ( 0): [ 4123.143582][thread:60][RT:4123133579854] 2019-10-21 17:55:29.261947 UTC; android time 2019-10-21 18:55:29.261947
10-21 19:55:29.264 I/Kernel ( 0): [ 4123.143732]-(1)[0:swapper/1][printk_delayed:done]
10-21 19:55:29.274 I/Kernel ( 0): [ 4123.153533]-(2)[0:swapper/2][printk_delayed:start]
10-21 19:55:29.274 I/Kernel ( 0): [ 4123.153540]-(0)[0:swapper/0][printk_delayed:start]
10-21 19:55:29.274 I/Kernel ( 0): [ 4123.153555]-(0)[0:swapper/0][WDK], local_bit:0xe, cpu:0,RT[4123143583931]
10-21 19:55:29.274 I/Kernel ( 0): [ 4123.153555][WDK], local_bit:0xf, cpu:0, check bit0x:f,RT[4123143588777]
10-21 19:55:29.274 I/Kernel ( 0): [ 4123.153555][WDK]: kick Ex WDT,RT[4123143592315]
10-21 19:55:29.274 I/Kernel ( 0): [ 4123.153555][thread:59][RT:4123143734392] 2019-10-21 17:55:29.272103 UTC; android time 2019-10-21 18:55:29.272103
10-21 19:55:29.274 I/Kernel ( 0): [ 4123.153559]-(0)[0:swapper/0][printk_delayed:done]
10-21 19:55:29.274 I/Kernel ( 0): [ 4123.153606]-(2)[0:swapper/2][WDK], local_bit:0xa, cpu:2,RT[4123143573469]
10-21 19:55:29.274 I/Kernel ( 0): [ 4123.153606][WDK], local_bit:0xe, cpu:2, check bit0x:f,RT[4123143579777]
10-21 19:55:29.274 I/Kernel ( 0): [ 4123.153606][thread:61][RT:4123143586469] 2019-10-21 17:55:29.271954 UTC; android time 2019-10-21 18:55:29.271954
10-21 19:55:29.274 I/Kernel ( 0): [ 4123.153629]-(2)[0:swapper/2][printk_delayed:done]
10-21 19:55:29.594 I/Kernel ( 9266): [ 4123.473612].(1)[9266:kworker/1:0] ABB T=89000
10-21 19:55:29.633 D/Vizzini:MediaSessionLib.MediaSessionControllerStateMgr( 1385): Playback State Changed org.xbmc.kodi
10-21 19:55:29.633 V/Avrcp ( 3244): MediaController playback changed: PlaybackState {state=3, position=2483636, buffered position=0, speed=1.0, updated=4123489, actions=-1, custom actions=[], active item id=-1, error=null}
10-21 19:55:29.683 I/MediaCodecLogger( 7530): com.android.mediaplayer.HW.video.avc.bitrateInKbps = 52
10-21 19:55:29.984 I/Kernel ( 0): [ 4123.863543]-(3)[0:swapper/3][printk_delayed:start]
10-21 19:55:29.984 I/Kernel ( 0): [ 4123.863579]-(3)[0:swapper/3][WDK], local_bit:0x0, cpu:3,RT[4123853562469]
10-21 19:55:29.984 I/Kernel ( 0): [ 4123.863579][WDK], local_bit:0x8, cpu:3, check bit0x:f,RT[4123853574931]
10-21 19:55:29.984 I/Kernel ( 0): [ 4123.863579][thread:62][RT:4123853582546] 2019-10-21 17:55:29.981950 UTC; android time 2019-10-21 18:55:29.981950
10-21 19:55:29.984 I/Kernel ( 0): [ 4123.863603]-(3)[0:swapper/3][printk_delayed:done]
10-21 19:55:30.149 V/Avrcp ( 3244): MediaController playback changed: PlaybackState {state=3, position=2484051, buffered position=0, speed=1.0, updated=4124006, actions=-1, custom actions=[], active item id=-1, error=null}
10-21 19:55:30.150 D/Vizzini:MediaSessionLib.MediaSessionControllerStateMgr( 1385): Playback State Changed org.xbmc.kodi
10-21 19:55:30.594 I/Kernel ( 9266): [ 4124.473661].(1)[9266:kworker/1:0] ABB T=88900
10-21 19:55:30.666 V/Avrcp ( 3244): MediaController playback changed: PlaybackState {state=3, position=2484672, buffered position=0, speed=1.0, updated=4124523, actions=-1, custom actions=[], active item id=-1, error=null}
10-21 19:55:30.667 D/Vizzini:MediaSessionLib.MediaSessionControllerStateMgr( 1385): Playback State Changed org.xbmc.kodi
10-21 19:55:30.869 W/bt-btif ( 3244): bta_hh_co_is_no_unsniff_amazon_remote: result = 1, vid = 0x1949, pid = 0x410
10-21 19:55:30.879 V/Kodi ( 7530): CAndroidKey: key down (dev:5; src:769; code: 23; repeat: 0; flags: 0x8; alt: no; shift: no; sym: no)
10-21 19:55:30.970 W/bt-btif ( 3244): bta_hh_co_is_no_unsniff_amazon_remote: result = 1, vid = 0x1949, pid = 0x410
10-21 19:55:30.973 V/Kodi ( 7530): CAndroidKey: key up (dev:5; src:769; code: 23; repeat: 0; flags: 0x8; alt: no; shift: no; sym: no)
10-21 19:55:31.184 D/Vizzini:MediaSessionLib.MediaSessionControllerStateMgr( 1385): Playback State Changed org.xbmc.kodi
10-21 19:55:31.185 V/Avrcp ( 3244): MediaController playback changed: PlaybackState {state=3, position=2485087, buffered position=0, speed=1.0, updated=4125040, actions=-1, custom actions=[], active item id=-1, error=null}
10-21 19:55:31.543 W/bt-btif ( 3244): bta_hh_co_is_no_unsniff_amazon_remote: result = 1, vid = 0x1949, pid = 0x410
10-21 19:55:31.547 V/Kodi ( 7530): CAndroidKey: key down (dev:5; src:769; code: 19; repeat: 0; flags: 0x8; alt: no; shift: no; sym: no)
10-21 19:55:31.594 I/Kernel ( 9266): [ 4125.473668].(1)[9266:kworker/1:0] ABB T=90300
10-21 19:55:31.655 W/bt-btif ( 3244): bta_hh_co_is_no_unsniff_amazon_remote: result = 1, vid = 0x1949, pid = 0x410
10-21 19:55:31.685 V/Avrcp ( 3244): MediaController playback changed: PlaybackState {state=3, position=2485712, buffered position=0, speed=1.0, updated=4125541, actions=-1, custom actions=[], active item id=-1, error=null}
10-21 19:55:31.686 D/Vizzini:MediaSessionLib.MediaSessionControllerStateMgr( 1385): Playback State Changed org.xbmc.kodi
10-21 19:55:31.723 W/bt-btif ( 3244): bta_hh_co_is_no_unsniff_amazon_remote: result = 1, vid = 0x1949, pid = 0x410
10-21 19:55:31.726 V/Kodi ( 7530): CAndroidKey: key up (dev:5; src:769; code: 19; repeat: 0; flags: 0x8; alt: no; shift: no; sym: no)
10-21 19:55:31.734 I/Kernel ( 29): [ 4125.613585].(3)[29:update_secureti]enter TEE_Icnt_time
10-21 19:55:31.734 I/Kernel ( 29): [ 4125.613861].(3)[29:update_secureti]update_securetime_thread_gb updata inc count
10-21 19:55:32.195 W/bt-btif ( 3244): bta_hh_co_is_no_unsniff_amazon_remote: result = 1, vid = 0x1949, pid = 0x410
10-21 19:55:32.198 V/Kodi ( 7530): CAndroidKey: key down (dev:5; src:769; code: 20; repeat: 0; flags: 0x8; alt: no; shift: no; sym: no)
10-21 19:55:32.201 V/Avrcp ( 3244): MediaController playback changed: PlaybackState {state=3, position=2486124, buffered position=0, speed=1.0, updated=4126058, actions=-1, custom actions=[], active item id=-1, error=null}
10-21 19:55:32.202 D/Vizzini:MediaSessionLib.MediaSessionControllerStateMgr( 1385): Playback State Changed org.xbmc.kodi
10-21 19:55:32.311 W/bt-btif ( 3244): bta_hh_co_is_no_unsniff_amazon_remote: result = 1, vid = 0x1949, pid = 0x410
10-21 19:55:32.376 W/bt-btif ( 3244): bta_hh_co_is_no_unsniff_amazon_remote: result = 1, vid = 0x1949, pid = 0x410
10-21 19:55:32.379 V/Kodi ( 7530): CAndroidKey: key up (dev:5; src:769; code: 20; repeat: 0; flags: 0x8; alt: no; shift: no; sym: no)
10-21 19:55:32.444 I/Kernel ( 8542): [ 4126.323758].(2)[8542:kworker/2:0][MUSB] USB is ready for connect
10-21 19:55:32.594 I/Kernel ( 9266): [ 4126.473912].(1)[9266:kworker/1:0] ABB T=89100
10-21 19:55:32.623 W/bt-btif ( 3244): bta_hh_co_is_no_unsniff_amazon_remote: result = 1, vid = 0x1949, pid = 0x410
10-21 19:55:32.627 V/Kodi ( 7530): CAndroidKey: key down (dev:5; src:769; code: 22; repeat: 0; flags: 0x8; alt: no; shift: no; sym: no)
10-21 19:55:32.719 D/Vizzini:MediaSessionLib.MediaSessionControllerStateMgr( 1385): Playback State Changed org.xbmc.kodi
10-21 19:55:32.719 V/Avrcp ( 3244): MediaController playback changed: PlaybackState {state=3, position=2486748, buffered position=0, speed=1.0, updated=4126575, actions=-1, custom actions=[], active item id=-1, error=null}
10-21 19:55:32.735 W/bt-btif ( 3244): bta_hh_co_is_no_unsniff_amazon_remote: result = 1, vid = 0x1949, pid = 0x410
10-21 19:55:32.780 W/bt-btif ( 3244): bta_hh_co_is_no_unsniff_amazon_remote: result = 1, vid = 0x1949, pid = 0x410
10-21 19:55:32.783 V/Kodi ( 7530): CAndroidKey: key up (dev:5; src:769; code: 22; repeat: 0; flags: 0x8; alt: no; shift: no; sym: no)
10-21 19:55:32.915 W/bt-btif ( 3244): bta_hh_co_is_no_unsniff_amazon_remote: result = 1, vid = 0x1949, pid = 0x410
10-21 19:55:32.918 V/Kodi ( 7530): CAndroidKey: key down (dev:5; src:769; code: 23; repeat: 0; flags: 0x8; alt: no; shift: no; sym: no)
10-21 19:55:33.028 W/bt-btif ( 3244): bta_hh_co_is_no_unsniff_amazon_remote: result = 1, vid = 0x1949, pid = 0x410
10-21 19:55:33.095 W/bt-btif ( 3244): bta_hh_co_is_no_unsniff_amazon_remote: result = 1, vid = 0x1949, pid = 0x410
10-21 19:55:33.098 V/Kodi ( 7530): CAndroidKey: key up (dev:5; src:769; code: 23; repeat: 0; flags: 0x8; alt: no; shift: no; sym: no)
10-21 19:55:33.128 I/MediaCodecLogger( 7530): com.android.mediaplayer.HW.video.avc Dropping frame
10-21 19:55:33.128 I/MediaCodecLogger( 7530): com.android.mediaplayer.HW.video.avc Dropping frame
10-21 19:55:33.129 D/MtkOmxVdec( 180): [0xb812ea08] 0xb812ea08 Output [0xB807AE38] is not free.
10-21 19:55:33.129 D/MtkOmxVdec( 180): [0xb812ea08] 0xb812ea08 Output [0xB8140678] is not free.
10-21 19:55:33.154 I/art ( 3244): Explicit concurrent mark sweep GC freed 4043(436KB) AllocSpace objects, 0(0B) LOS objects, 40% free, 3MB/5MB, paused 709us total 49.359ms
10-21 19:55:33.257 D/AudioFlinger( 180): Disable DS for device=0x400profile=0xffffffff
10-21 19:55:33.259 W/art ( 7530): Native thread exiting without having called DetachCurrentThread (maybe it's going to use a pthread_key_create destructor?): Thread[23,tid=7930,Native,Thread*=0xb9473ff0,peer=0x12ce64c0,"Thread-765"]
10-21 19:55:33.259 V/XBMC ( 7530): detaching thread
10-21 19:55:33.260 I/MediaCodecLogger( 7530): com.android.mediaplayer.HW.video.avc Dropping frame
10-21 19:55:33.260 D/MediaCodec( 7530): stop : turning off cabl
10-21 19:55:33.260 I/MediaCodec( 7530): setContextAdaptiveBacklight
10-21 19:55:33.260 E/MediaCodec( 7530): setContextAdaptiveBacklight: Could not open file to turn on/off CABL err = No such file or directory
10-21 19:55:33.261 I/MediaCodec( 7530): setContextAdaptiveBacklight: Best effort to turn context adaptive backlight OFF
10-21 19:55:33.261 I/MediaCodecLogger( 7530): MediaCodecLogger:MMSW_Metrics5.2.7.2:com.android.mediaplayer.HW.video.avc.TotalVideoPlaybackTimeMs=2451800;CT;1:NR
10-21 19:55:33.261 I/MediaCodecLogger( 7530): com.android.mediaplayer.HW.video.avc.TotalVideoPlaybackTimeMs = 2451800
10-21 19:55:33.261 I/MediaCodecLogger( 7530): MediaCodecLogger:MMSW_Metrics5.2.7.2:com.android.mediaplayer.HW.video.avc.videoResolution.HD=2451800;CT;1:NR
10-21 19:55:33.261 I/MediaCodecLogger( 7530): com.android.mediaplayer.HW.video.avc.videoResolution.HD = 2451800
10-21 19:55:33.261 I/MediaCodecLogger( 7530): MediaCodecLogger:MMSW_Metrics5.2.7.2:com.android.mediaplayer.HW.video.avc.StreamAvgFramerate=24.954;CT;1:NR
10-21 19:55:33.261 I/MediaCodecLogger( 7530): com.android.mediaplayer.HW.video.avc.StreamAvgFramerate = 24.954
10-21 19:55:33.261 I/MediaCodecLogger( 7530): MediaCodecLogger:MMSW_Metrics5.2.7.2:com.android.mediaplayer.HW.video.avc.OneConsecutiveFramesDropped=5;CT;1:NR
10-21 19:55:33.261 I/MediaCodecLogger( 7530): com.android.mediaplayer.HW.video.avc.OneConsecutiveFramesDropped = 5
10-21 19:55:33.261 I/MediaCodecLogger( 7530): MediaCodecLogger:MMSW_Metrics5.2.7.2:com.android.mediaplayer.HW.video.avc.TwoConsecutiveFramesDropped=2;CT;1:NR
10-21 19:55:33.261 I/MediaCodecLogger( 7530): com.android.mediaplayer.HW.video.avc.TwoConsecutiveFramesDropped = 2
10-21 19:55:33.261 I/MediaCodecLogger( 7530): MediaCodecLogger:MMSW_Metrics5.2.7.2:com.android.mediaplayer.HW.video.avc.TotalFramesDropped=9;CT;1:NR
10-21 19:55:33.261 I/MediaCodecLogger( 7530): com.android.mediaplayer.HW.video.avc.TotalFramesDropped = 9
10-21 19:55:33.261 I/MediaCodecLogger( 7530): MediaCodecLogger:MMSW_Metrics5.2.7.2:com.android.mediaplayer.HW.video.avc.MaxConsecutiveFramesDropped=3;CT;1:NR
10-21 19:55:33.261 I/MediaCodecLogger( 7530): com.android.mediaplayer.HW.video.avc.MaxConsecutiveFramesDropped = 3
10-21 19:55:33.261 I/MediaCodecLogger( 7530): MediaCodecLogger:MMSW_Metrics5.2.7.2:com.android.mediaplayer.HW.video.avc.SkinTempMc=45566;CT;1:NR
10-21 19:55:33.261 I/MediaCodecLogger( 7530): com.android.mediaplayer.HW.video.avc.SkinTempMc = 45566
10-21 19:55:33.261 I/MediaCodecLogger( 7530): MediaCodecLogger:MMSW_Metrics5.2.7.2:com.android.mediaplayer.HW.video.avc.ASAP-P5Ms=736;CT;1:NR
10-21 19:55:33.261 I/MediaCodecLogger( 7530): com.android.mediaplayer.HW.video.avc.ASAP-P5Ms = 736
10-21 19:55:33.261 I/MediaCodecLogger( 7530): MediaCodecLogger:MMSW_Metrics5.2.7.2:com.android.mediaplayer.HW.video.avc.ASAP-P2Ms=43;CT;1:NR
10-21 19:55:33.261 I/MediaCodecLogger( 7530): com.android.mediaplayer.HW.video.avc.ASAP-P2Ms = 43
10-21 19:55:33.261 I/MediaCodecLogger( 7530): MediaCodecLogger:MMSW_Metrics5.2.7.2:com.android.mediaplayer.HW.video.avc.ASAP-P3Ms=71;CT;1:NR
10-21 19:55:33.261 I/MediaCodecLogger( 7530): com.android.mediaplayer.HW.video.avc.ASAP-P3Ms = 71
10-21 19:55:33.261 I/MediaCodecLogger( 7530): MediaCodecLogger:MMSW_Metrics5.2.7.2:com.android.mediaplayer.HW.video.avc.FirstFrameReadyMs=228;CT;1:NR
10-21 19:55:33.261 I/MediaCodecLogger( 7530): com.android.mediaplayer.HW.video.avc.FirstFrameReadyMs = 228
10-21 19:55:33.261 I/MediaCodecLogger( 7530): MediaCodecLogger:MMSW_Metrics5.2.7.2:com.android.mediaplayer.HW.video.avc.StreamAvgBitrateInKbps=5974;CT;1:NR
10-21 19:55:33.261 I/MediaCodecLogger( 7530): com.android.mediaplayer.HW.video.avc.StreamAvgBitrateInKbps = 5974
10-21 19:55:33.265 V/MediaCodecLoggerService( 180): [unregisterClient] client Id: ffffffffb9a4dc70
10-21 19:55:33.265 V/MediaCodecLoggerService( 180): [unregisterClient] 0 clients remaining
10-21 19:55:33.266 D/MtkOmxVdec( 180): [0xb812ea08] # Got general command (OMX_CommandStateSet)
10-21 19:55:33.286 I/empty ( 180): [BWC INFO](7926): [bwc.mm.SensorSize] Get :
10-21 19:55:33.286 I/empty ( 180): [BWC INFO](7926): [bwc.mm.VideoRecordSize] Get :
10-21 19:55:33.286 I/empty ( 180): [BWC INFO](7926): [bwc.mm.DisplaySize] Get :
10-21 19:55:33.286 I/empty ( 180): [BWC INFO](7926): [bwc.mm.TvOutSize] Get :
10-21 19:55:33.286 I/empty ( 180): [BWC INFO](7926): [bwc.mm.Fps] Get :
10-21 19:55:33.286 I/empty ( 180): [BWC INFO](7926): [bwc.mm.VideoEncodeCodec] Get :
10-21 19:55:33.286 I/empty ( 180): [BWC INFO](7926): [bwc.mm.VideoDecodeCodec] Get : 2
10-21 19:55:33.286 I/empty ( 180): [BWC INFO](7926): BWC_SETTING::DumpInfo-------
10-21 19:55:33.286 I/empty ( 180):
10-21 19:55:33.286 I/empty ( 180): [BWC INFO](7926): sensor_size = 0 x 0
10-21 19:55:33.286 I/empty ( 180): [BWC INFO](7926): vr_size = 0 x 0
10-21 19:55:33.286 I/empty ( 180): [BWC INFO](7926): disp_size = 0 x 0
10-21 19:55:33.286 I/empty ( 180): [BWC INFO](7926): tv_size = 0 x 0
10-21 19:55:33.286 I/empty ( 180): [BWC INFO](7926): fps = 0
10-21 19:55:33.286 I/empty ( 180): [BWC INFO](7926): venc_codec_type = 0
10-21 19:55:33.286 I/empty ( 180): [BWC INFO](7926): vdec_codec_type = 2
10-21 19:55:33.286 I/empty ( 180): [BWC INFO](7926): ----------------------------
10-21 19:55:33.286 I/empty ( 180):
10-21 19:55:33.286 I/empty ( 180): [BWC INFO](7926): Read DDR type string:LPDDR3
10-21 19:55:33.286 I/empty ( 180): [BWC INFO](7926): DDR Type = 2
10-21 19:55:33.289 I/empty ( 180): [BWC INFO](7926): smi_bw_ctrl_set: scen 3, turn off
10-21 19:55:33.289 I/empty ( 180): [BWC INFO](7926): emi_bw_ctrl_set: CON_SCE_VP OFF
10-21 19:55:33.289 I/empty ( 180): [BWC INFO](7926): [bwc.mm._Profile] Get : 128
10-21 19:55:33.290 I/empty ( 180): [BWC INFO](7926): [bwc.mm._Profile] Set : 0
10-21 19:55:33.290 I/empty ( 180): [BWC INFO](7926): [bwc.mm._Profile] Get : 0
10-21 19:55:33.290 I/empty ( 180): [BWC INFO](7926): Profile_Change:[BWCPT_VIDEO_PLAYBACK]:OFF,current concurrency is 0x0
10-21 19:55:33.291 D/MtkOmxVdec( 180): [0xb812ea08] # Got general command (OMX_CommandStateSet)
10-21 19:55:33.274 I/Kernel ( 180): [ 4127.157802].(0)[7926:Binder_3]vcodec_flush pid = 7926, MT8127Driver_Open_Count 2
10-21 19:55:33.274 I/Kernel ( 180): [ 4127.157835].(0)[7926:Binder_3]vcodec_release pid = 7926, MT8127Driver_Open_Count 2
10-21 19:55:33.274 I/Kernel ( 180): [ 4127.157862].(0)[7926:Binder_3]DEC_EMI_USER = 0
10-21 19:55:33.274 I/Kernel ( 180): [ 4127.160797].(3)[7926:Binder_3][SMI] [pid=180][SMI_PROFILE] : SMI_BWC_SCEN_NORMAL
10-21 19:55:33.274 I/Kernel ( 180): [ 4127.160824][SMI] [pid=180]Current Setting: GPU - ne
10-21 19:55:33.274 I/Kernel ( 180): [ 4127.160853].(3)[7926:Binder_3][SMI] [pid=180]Current Setting: M4U_TH, L1LEN, READ_FIFO_TH = 0x19085, 0xb, 0x3a3f
10-21 19:55:33.274 I/Kernel ( 180): [ 4127.160871].(3)[7926:Binder_3][SMI] [pid=180]l1arb[0-2] = 0x0, 0x0, 0x0
10-21 19:55:33.274 I/Kernel ( 180): [ 4127.160886].(3)[7926:Binder_3][SMI] [pid=180]l1arb[3-5] = 0x0, 0x0, 0x0
10-21 19:55:33.274 I/Kernel ( 180): [ 4127.160989].(3)[7926:Binder_3][SMI] [pid=180]ScenTo:3,turn off,Curr Scen:0,0,0,0
10-21 19:55:33.274 I/Kernel ( 180): [ 4127.161260].(3)[7926:Binder_3]concurrency scenario CON_SCE_VP OFF
10-21 19:55:33.274 I/Kernel ( 180): [ 4127.162213].(3)[7926:Binder_3]vcodec_flush pid = 7926, MT8127Driver_Open_Count 1
10-21 19:55:33.274 I/Kernel ( 180): [ 4127.162245].(3)[7926:Binder_3]vcodec_release pid = 7926, MT8127Driver_Open_Count 1
10-21 19:55:33.297 D/AudioFlinger( 180): Disable DS for device=0x400profile=0xffffffff
10-21 19:55:33.301 W/CustomAudioPolicyManager( 180): getDeviceForStrategy() unknown strategy: 6
10-21 19:55:33.301 W/CustomAudioPolicyManager( 180): getDeviceForStrategy() unknown strategy: 6
10-21 19:55:33.315 I/MediaCodecLogger( 7530): MediaCodecLogger:MMSW_Metrics5.2.7.2:com.android.mediaplayer.HW.video.avc.ASAP-P2Ms=0;CT;1:NR
10-21 19:55:33.315 I/MediaCodecLogger( 7530): com.android.mediaplayer.HW.video.avc.ASAP-P2Ms = 0
10-21 19:55:33.315 I/MediaCodecLogger( 7530): MediaCodecLogger:MMSW_Metrics5.2.7.2:com.android.mediaplayer.HW.video.avc.ASAP-P3Ms=0;CT;1:NR
10-21 19:55:33.315 I/MediaCodecLogger( 7530): com.android.mediaplayer.HW.video.avc.ASAP-P3Ms = 0
10-21 19:55:33.315 I/MediaCodecLogger( 7530): MediaCodecLogger:MMSW_Metrics5.2.7.2:com.android.mediaplayer.HW.video.avc.FirstFrameReadyMs=0;CT;1:NR
10-21 19:55:33.315 I/MediaCodecLogger( 7530): com.android.mediaplayer.HW.video.avc.FirstFrameReadyMs = 0
10-21 19:55:33.316 V/MediaCodecLoggerService( 180): [unregisterClient] client Id: ffffffffb9a4dc70
10-21 19:55:33.316 W/MediaCodecLoggerService( 180): [unregisterClient] client ID ffffffffb9a4dc70 not found
10-21 19:55:33.316 V/MediaCodecLoggerService( 180): [unregisterClient] 0 clients remaining
10-21 19:55:33.318 D/MtkOmxCore( 180): Mtk_OMX_FreeHandle
10-21 19:55:33.318 D/MtkOmxVdec( 180): [0xb812ea08] MtkOmxVdecDecodeThread terminated pVdec=0xB812EA08
10-21 19:55:33.318 D/MtkOmxVdec( 180): [0xb812ea08] MtkOmxVdecThread terminated
10-21 19:55:33.318 D/MtkOmxCore( 180): ## CPU OPP MASK OFF (Video)
10-21 19:55:33.318 D/MtkOmxCore( 180): ## MtkOmxCoreCpuControlThread terminated
10-21 19:55:33.319 D/MtkOmxCore( 180): free_inst_handle dlclose(0x0xb4581bd4), free(0x0xb812ea0c)
10-21 19:55:33.413 W/art ( 7530): Native thread exiting without having called DetachCurrentThread (maybe it's going to use a pthread_key_create destructor?): Thread[31,tid=7921,Native,Thread*=0xb9aabe78,peer=0x12c4c340,"Thread-763"]
10-21 19:55:33.413 V/XBMC ( 7530): detaching thread
10-21 19:55:33.478 D/android.media.AudioTrack( 7530): No AudioTrackFlags provided. Using internal defaults.
10-21 19:55:33.494 D/XBMCVideoPlayView( 7530): Destroyed
10-21 19:55:33.500 W/ActivityManager( 979): getRunningAppProcesses: caller 10017 does not hold REAL_GET_TASKS; limiting output
10-21 19:55:33.503 D/android.media.AudioTrack( 7530): AUDIOINFO: audio_input: format: 4 sample_rate: 44100 channels: 2 content_type: 2
10-21 19:55:33.532 W/CustomAudioPolicyManager( 180): getDeviceForStrategy() unknown strategy: 6
10-21 19:55:33.543 D/DlbEndpointParamCache( 180): setDevice(device=0x00000400)
10-21 19:55:33.558 D/AudioALSAHardware( 180): +createAudioPatch num_sources [1] , num_sinks [1]
10-21 19:55:33.558 D/AudioALSAHardware( 180): handlecheck createAudioPatch handle [0x20] current size 1
10-21 19:55:33.558 D/AudioALSAHardware( 180): == source [0]/[1] ==
10-21 19:55:33.558 D/AudioALSAHardware( 180): id 0x7
10-21 19:55:33.558 D/AudioALSAHardware( 180): role 0x1 AUDIO_PORT_ROLE_SOURCE
10-21 19:55:33.558 D/AudioALSAHardware( 180): type 0x2 AUDIO_PORT_TYPE_MIX
10-21 19:55:33.558 D/AudioALSAHardware( 180): config_mask 0x7
10-21 19:55:33.558 D/AudioALSAHardware( 180): sample_rate 0xbb80
10-21 19:55:33.558 D/AudioALSAHardware( 180): channel_mask 0x3
10-21 19:55:33.558 D/AudioALSAHardware( 180): gain.index 0xffffffff
10-21 19:55:33.558 D/AudioALSAHardware( 180): gain.mode 0x0
10-21 19:55:33.558 D/AudioALSAHardware( 180): gain.channel_mask 0x0
10-21 19:55:33.558 D/AudioALSAHardware( 180): gain.ramp_duration_ms 0x0
10-21 19:55:33.558 D/AudioALSAHardware( 180): mix.hw_module 1
10-21 19:55:33.558 D/AudioALSAHardware( 180): mix.handle b
10-21 19:55:33.558 D/AudioALSAHardware( 180): mix.usecase.stream ffffffff
10-21 19:55:33.558 D/AudioALSAHardware( 180): mix.usecase.source ffffffff
10-21 19:55:33.558 D/AudioALSAHardware( 180): == sinks [0]/[1] ==
10-21 19:55:33.558 D/AudioALSAHardware( 180): id 0x6
10-21 19:55:33.558 D/AudioALSAHardware( 180): role 0x2 AUDIO_PORT_ROLE_SINK
10-21 19:55:33.558 D/AudioALSAHardware( 180): type 0x1 AUDIO_PORT_TYPE_DEVICE
10-21 19:55:33.558 D/AudioALSAHardware( 180): config_mask 0x2
10-21 19:55:33.558 D/AudioALSAHardware( 180): sample_rate 0x0
10-21 19:55:33.558 D/AudioALSAHardware( 180): channel_mask 0x0
10-21 19:55:33.558 D/AudioALSAHardware( 180): gain.index 0xffffffff
10-21 19:55:33.558 D/AudioALSAHardware( 180): gain.mode 0x0
10-21 19:55:33.558 D/AudioALSAHardware( 180): gain.channel_mask 0x0
10-21 19:55:33.558 D/AudioALSAHardware( 180): gain.ramp_duration_ms 0x0
10-21 19:55:33.558 D/AudioALSAHardware( 180): device.hw_module 1
10-21 19:55:33.558 D/AudioALSAHardware( 180): device.type 400
10-21 19:55:33.558 D/AudioALSAHardware( 180): device.address
10-21 19:55:33.558 D/AudioALSAHardware( 180): +routing createAudioPatch Mixer->400
10-21 19:55:33.568 D/AudioALSAStreamManager( 180): +setParameters(), IOport = 11, keyValuePairs = routing=1024
10-21 19:55:33.570 D/AudioALSAHardware( 180): handlecheck createAudioPatch() removing patch handle 32 index 0 DL
10-21 19:55:33.570 D/AudioALSAHardware( 180): handlecheck createAudioPatch sucess new *handle 0x21
10-21 19:55:33.570 D/AudioALSAHardware( 180): -createAudioPatch num_sources [1] , num_sinks [1]
10-21 19:55:33.573 W/CustomAudioPolicyManager( 180): getDeviceForStrategy() unknown strategy: 6
10-21 19:55:33.573 I/AudioPolicyManager( 180): DOLBY_ENDPOINT = hdmi2
10-21 19:55:33.573 D/AudioFlinger( 180): Disable DS for device=0x400profile=0x1
10-21 19:55:33.594 I/Kernel ( 9266): [ 4127.473640].(1)[9266:kworker/1:0] ABB T=92200
10-21 19:55:33.617 V/Avrcp ( 3244): MediaController playback changed: PlaybackState {state=1, position=0, buffered position=0, speed=0.0, updated=4127474, actions=-1, custom actions=[], active item id=-1, error=null}
10-21 19:55:33.618 D/Vizzini:MediaSessionLib.MediaSessionControllerStateMgr( 1385): Playback State Changed org.xbmc.kodi
10-21 19:55:33.619 V/Avrcp ( 3244): Active sessions changed, 1 sessions
10-21 19:55:33.619 D/Vizzini:MediaSessionLib.MediaSessionCommandQueue( 1385): Active Sessions changed: 1
10-21 19:55:33.619 D/Vizzini:MediaSessionLib.MediaSessionCommandQueue( 1385): Active Sessions changed: 1
10-21 19:55:33.620 V/Avrcp ( 3244): MediaController changed to com.amazon.vizzini
10-21 19:55:33.621 V/Avrcp ( 3244): MediaAttributes Changed to [MediaAttributes: none]
10-21 19:55:33.624 D/Vizzini:MediaSessionLib.MediaSessionControllerStateMgr( 1385): org.xbmc.kodi has permission: true
10-21 19:55:33.654 I/MediaFocusControl( 979): AudioFocus abandonAudioFocus() from com.amazon.media.AmazonAudioManager@2ff8978borg.xbmc.kodi.interfaces.XBMCAudioManagerOnAudioFocusChangeListener@2b871068
10-21 19:55:33.670 I/DsService( 1507): intentReceiver_.onReceive DS_AUDIO_FOCUS_CHANGE_ACTION / null / null
10-21 19:55:33.672 I/DsService( 1507): DsService,The application named org.xbmc.kodi has abandoned its audio focus
10-21 19:55:33.672 I/DsAccessRightManager( 1507): DsAccessRightManager.doAccessForAudioFocusChange.
10-21 19:55:34.322 D/AndroidAlexa( 1385): Calling getApiGateway. apiGateway: null - mConnectionInFlight: false - mInRetryMode: true
10-21 19:55:34.322 D/AndroidAlexa( 1385): Initiating connection to the API Gateway
10-21 19:55:34.323 I/AndroidAlexa( 1385): API Gateway Retry Connection. Attempt: 74
10-21 19:55:34.594 I/Kernel ( 9266): [ 4128.473621].(1)[9266:kworker/1:0] ABB T=92900
10-21 19:55:35.594 I/Kernel ( 9266): [ 4129.473599].(1)[9266:kworker/1:0] ABB T=96300
10-21 19:55:36.021 W/bt-btif ( 3244): bta_hh_co_is_no_unsniff_amazon_remote: result = 1, vid = 0x1949, pid = 0x410
10-21 19:55:36.023 V/Kodi ( 7530): CAndroidKey: key down (dev:5; src:769; code: 4; repeat: 0; flags: 0x8; alt: no; shift: no; sym: no)
10-21 19:55:36.133 W/bt-btif ( 3244): bta_hh_co_is_no_unsniff_amazon_remote: result = 1, vid = 0x1949, pid = 0x410
10-21 19:55:36.201 W/bt-btif ( 3244): bta_hh_co_is_no_unsniff_amazon_remote: result = 1, vid = 0x1949, pid = 0x410
10-21 19:55:36.204 V/Kodi ( 7530): CAndroidKey: key up (dev:5; src:769; code: 4; repeat: 0; flags: 0x8; alt: no; shift: no; sym: no)
10-21 19:55:36.594 I/Kernel ( 9266): [ 4130.473744].(1)[9266:kworker/1:0] ABB T=91300
10-21 19:55:36.734 I/Kernel ( 29): [ 4130.613705].(3)[29:update_secureti]enter TEE_Icnt_time
10-21 19:55:36.734 I/Kernel ( 29): [ 4130.614138].(3)[29:update_secureti]update_securetime_thread_gb updata inc count
10-21 19:55:37.033 I/Vlog ( 979): Thermal:Screen_On_Thermal_Throttling_P2P_Off:fgtracking=false;DV;1,key=0;DV;1,Timer=0.09666638888888889;TI;1,unit=hours;DV;1,metadata=org.xbmc.kodi;DV;1:HI
10-21 19:55:37.034 D/hdmi_u_event( 190): handle hdmi uevents: s=change@/devices/virtual/thermal/thermal_zone3, len=191
10-21 19:55:37.034 D/hdmi_u_event( 190): change_hdmi=0, change_hdmi_res=0
10-21 19:55:37.594 I/Kernel ( 9266): [ 4131.473625].(1)[9266:kworker/1:0] ABB T=96000
10-21 19:55:38.024 W/bt-btif ( 3244): bta_hh_co_is_no_unsniff_amazon_remote: result = 1, vid = 0x1949, pid = 0x410
10-21 19:55:38.028 V/Kodi ( 7530): CAndroidKey: key down (dev:5; src:769; code: 4; repeat: 0; flags: 0x8; alt: no; shift: no; sym: no)
10-21 19:55:38.136 W/bt-btif ( 3244): bta_hh_co_is_no_unsniff_amazon_remote: result = 1, vid = 0x1949, pid = 0x410
10-21 19:55:38.181 W/bt-btif ( 3244): bta_hh_co_is_no_unsniff_amazon_remote: result = 1, vid = 0x1949, pid = 0x410
10-21 19:55:38.184 V/Kodi ( 7530): CAndroidKey: key up (dev:5; src:769; code: 4; repeat: 0; flags: 0x8; alt: no; shift: no; sym: no)
10-21 19:55:38.464 I/Kernel ( 8542): [ 4132.343685].(2)[8542:kworker/2:0][MUSB] USB is ready for connect
10-21 19:55:38.594 I/Kernel ( 9266): [ 4132.473633].(1)[9266:kworker/1:0] ABB T=94800
10-21 19:55:38.731 I/art ( 1601): Explicit concurrent mark sweep GC freed 3216(277KB) AllocSpace objects, 0(0B) LOS objects, 11% free, 3MB/4MB, paused 3.172ms total 56.856ms
10-21 19:55:39.444 I/Kernel ( 434): [ 4133.323591][hdmi]#1506
10-21 19:55:39.444 I/Kernel ( 434): [hdmi] list empty 137500, sleeping
10-21 19:55:39.594 I/Kernel ( 9266): [ 4133.473667].(1)[9266:kworker/1:0] ABB T=98300
10-21 19:55:40.033 I/Vlog ( 979): Thermal:Screen_On_Thermal_Throttling_P2P_Off:fgtracking=false;DV;1,key=1;DV;1,Timer=8.330555555555555E-4;TI;1,unit=hours;DV;1,metadata=org.xbmc.kodi;DV;1:HI
10-21 19:55:40.033 I/ThermalEventMonitorWindowCallback( 979): Thermal Notification sent with Extra Thermal State 1
10-21 19:55:40.034 D/hdmi_u_event( 190): handle hdmi uevents: s=change@/devices/virtual/thermal/thermal_zone3, len=191
10-21 19:55:40.034 D/hdmi_u_event( 190): change_hdmi=0, change_hdmi_res=0
10-21 19:55:40.431 W/bt-btif ( 3244): bta_hh_co_is_no_unsniff_amazon_remote: result = 1, vid = 0x1949, pid = 0x410
10-21 19:55:40.434 V/Kodi ( 7530): CAndroidKey: key down (dev:5; src:769; code: 21; repeat: 0; flags: 0x8; alt: no; shift: no; sym: no)
10-21 19:55:40.543 W/bt-btif ( 3244): bta_hh_co_is_no_unsniff_amazon_remote: result = 1, vid = 0x1949, pid = 0x410
10-21 19:55:40.566 W/bt-btif ( 3244): bta_hh_co_is_no_unsniff_amazon_remote: result = 1, vid = 0x1949, pid = 0x410
10-21 19:55:40.570 V/Kodi ( 7530): CAndroidKey: key up (dev:5; src:769; code: 21; repeat: 0; flags: 0x8; alt: no; shift: no; sym: no)
10-21 19:55:40.594 I/Kernel ( 9266): [ 4134.477514].(1)[9266:kworker/1:0] ABB T=97400
10-21 19:55:41.015 I/Vlog ( 979): performance:FramesTotal:fgtracking=false;DV;1,key=org.xbmc.kodi;DV;1,Counter=3750.0;CT;1,unit=count;DV;1,metadata=org.xbmc.kodi/.Main!{"d"#{"app_version"#"1804000"}$"m"#{"context"#"S1T2A1D0I0L0E0M99"$"prev"#"org.xbmc.kodi/.Splash"}};DV;1:HI
10-21 19:55:41.016 I/Vlog ( 979): performance:SkippedVsyncsBucket1:fgtracking=false;DV;1,key=com.amazon.tv.launcher;DV;1,Counter=1.0;CT;1,unit=count;DV;1,metadata=com.amazon.tv.launcher/.ui.HomeActivity_vNext!{"d"#{"app_version"#"618081110"}$"m"#{"context"#"S1T2A1D0I0L0E0M99"$"prev"#"org.xbmc.kodi/.Splash"}};DV;1:HI
10-21 19:55:41.016 I/Vlog ( 979): performance:SkippedVsyncsBucket5:fgtracking=false;DV;1,key=com.amazon.tv.launcher;DV;1,Counter=1.0;CT;1,unit=count;DV;1,metadata=com.amazon.tv.launcher/.ui.HomeActivity_vNext!{"d"#{"app_version"#"618081110"}$"m"#{"context"#"S1T2A1D0I0L0E0M99"$"prev"#"org.xbmc.kodi/.Splash"}};DV;1:HI
10-21 19:55:41.016 I/Vlog ( 979): performance:FrameDropTotal:fgtracking=false;DV;1,key=com.amazon.tv.launcher;DV;1,Counter=6.0;CT;1,unit=count;DV;1,metadata=com.amazon.tv.launcher/.ui.HomeActivity_vNext!{"d"#{"app_version"#"618081110"}$"m"#{"context"#"S1T2A1D0I0L0E0M99"$"prev"#"org.xbmc.kodi/.Splash"}};DV;1:HI
10-21 19:55:41.016 I/Vlog ( 979): performance:FramesTotal:fgtracking=false;DV;1,key=com.amazon.tv.launcher;DV;1,Counter=365.0;CT;1,unit=count;DV;1,metadata=com.amazon.tv.launcher/.ui.HomeActivity_vNext!{"d"#{"app_version"#"618081110"}$"m"#{"context"#"S1T2A1D0I0L0E0M99"$"prev"#"org.xbmc.kodi/.Splash"}};DV;1:HI
10-21 19:55:41.016 I/Vlog ( 979): performance:FirstFramesTotal:fgtracking=false;DV;1,key=com.amazon.tv.launcher;DV;1,Counter=11.0;CT;1,unit=count;DV;1,metadata=com.amazon.tv.launcher/.ui.HomeActivity_vNext!{"d"#{"app_version"#"618081110"}$"m"#{"context"#"S1T2A1D0I0L0E0M99"$"prev"#"org.xbmc.kodi/.Splash"}};DV;1:HI
10-21 19:55:41.020 W/bt-btif ( 3244): bta_hh_co_is_no_unsniff_amazon_remote: result = 1, vid = 0x1949, pid = 0x410
10-21 19:55:41.025 V/Kodi ( 7530): CAndroidKey: key down (dev:5; src:769; code: 19; repeat: 0; flags: 0x8; alt: no; shift: no; sym: no)
10-21 19:55:41.129 W/bt-btif ( 3244): bta_hh_co_is_no_unsniff_amazon_remote: result = 1, vid = 0x1949, pid = 0x410
10-21 19:55:41.173 W/bt-btif ( 3244): bta_hh_co_is_no_unsniff_amazon_remote: result = 1, vid = 0x1949, pid = 0x410
10-21 19:55:41.195 V/Kodi ( 7530): CAndroidKey: key up (dev:5; src:769; code: 19; repeat: 0; flags: 0x8; alt: no; shift: no; sym: no)
10-21 19:55:41.287 W/bt-btif ( 3244): bta_hh_co_is_no_unsniff_amazon_remote: result = 1, vid = 0x1949, pid = 0x410
10-21 19:55:41.345 V/Kodi ( 7530): CAndroidKey: key down (dev:5; src:769; code: 19; repeat: 0; flags: 0x8; alt: no; shift: no; sym: no)
10-21 19:55:41.398 W/bt-btif ( 3244): bta_hh_co_is_no_unsniff_amazon_remote: result = 1, vid = 0x1949, pid = 0x410
10-21 19:55:41.488 W/bt-btif ( 3244): bta_hh_co_is_no_unsniff_amazon_remote: result = 1, vid = 0x1949, pid = 0x410
10-21 19:55:41.521 V/Kodi ( 7530): CAndroidKey: key up (dev:5; src:769; code: 19; repeat: 0; flags: 0x8; alt: no; shift: no; sym: no)
10-21 19:55:41.594 I/Kernel ( 9266): [ 4135.473920].(1)[9266:kworker/1:0] ABB T=100100
10-21 19:55:41.734 I/Kernel ( 29): [ 4135.613614].(3)[29:update_secureti]enter TEE_Icnt_time
10-21 19:55:41.734 I/Kernel ( 29): [ 4135.613925].(3)[29:update_secureti]update_securetime_thread_gb updata inc count
10-21 19:55:41.895 W/bt-btif ( 3244): bta_hh_co_is_no_unsniff_amazon_remote: result = 1, vid = 0x1949, pid = 0x410
10-21 19:55:41.921 V/Kodi ( 7530): CAndroidKey: key down (dev:5; src:769; code: 22; repeat: 0; flags: 0x8; alt: no; shift: no; sym: no)
10-21 19:55:42.006 W/bt-btif ( 3244): bta_hh_co_is_no_unsniff_amazon_remote: result = 1, vid = 0x1949, pid = 0x410
10-21 19:55:42.051 W/bt-btif ( 3244): bta_hh_co_is_no_unsniff_amazon_remote: result = 1, vid = 0x1949, pid = 0x410
10-21 19:55:42.128 V/Kodi ( 7530): CAndroidKey: key up (dev:5; src:769; code: 22; repeat: 0; flags: 0x8; alt: no; shift: no; sym: no)
10-21 19:55:42.158 D/Kodi ( 7530): tdb(__NULL__): tdb_open_ex: called with name == NULL
10-21 19:55:42.158 D/Kodi ( 7530): tdb(__NULL__): tdb_open_ex: called with name == NULL
10-21 19:55:42.162 D/Kodi ( 7530): tdb(__NULL__): tdb_open_ex: called with name == NULL
10-21 19:55:42.547 W/bt-btif ( 3244): bta_hh_co_is_no_unsniff_amazon_remote: result = 1, vid = 0x1949, pid = 0x410
10-21 19:55:42.571 V/Kodi ( 7530): CAndroidKey: key down (dev:5; src:769; code: 23; repeat: 0; flags: 0x8; alt: no; shift: no; sym: no)
10-21 19:55:42.594 I/Kernel ( 9266): [ 4136.473664].(1)[9266:kworker/1:0] ABB T=99800
10-21 19:55:42.660 W/bt-btif ( 3244): bta_hh_co_is_no_unsniff_amazon_remote: result = 1, vid = 0x1949, pid = 0x410
10-21 19:55:42.726 W/bt-btif ( 3244): bta_hh_co_is_no_unsniff_amazon_remote: result = 1, vid = 0x1949, pid = 0x410
10-21 19:55:42.733 V/Kodi ( 7530): CAndroidKey: key up (dev:5; src:769; code: 23; repeat: 0; flags: 0x8; alt: no; shift: no; sym: no)
10-21 19:55:43.033 I/Vlog ( 979): Thermal:Screen_On_Thermal_Throttling_P2P_Off:fgtracking=false;DV;1,key=2;DV;1,Timer=8.333333333333334E-4;TI;1,unit=hours;DV;1,metadata=org.xbmc.kodi;DV;1:HI
10-21 19:55:43.034 D/hdmi_u_event( 190): handle hdmi uevents: s=change@/devices/virtual/thermal/thermal_zone3, len=191
10-21 19:55:43.034 D/hdmi_u_event( 190): change_hdmi=0, change_hdmi_res=0
10-21 19:55:43.594 I/Kernel ( 9266): [ 4137.473671].(1)[9266:kworker/1:0] ABB T=101200
10-21 19:55:43.675 V/Kodi ( 7530): virtual void CXBMCApp::onLowMemory():
10-21 19:55:43.734 I/art ( 7530): Explicit concurrent mark sweep GC freed 307(25KB) AllocSpace objects, 46(1352KB) LOS objects, 40% free, 3MB/5MB, paused 1.069ms total 58.243ms
10-21 19:55:44.033 I/Vlog ( 979): Thermal:Screen_On_Thermal_Throttling_P2P_Off:fgtracking=false;DV;1,key=3;DV;1,Timer=2.777777777777778E-4;TI;1,unit=hours;DV;1,metadata=org.xbmc.kodi;DV;1:HI
10-21 19:55:44.034 D/hdmi_u_event( 190): handle hdmi uevents: s=change@/devices/virtual/thermal/thermal_zone3, len=191
10-21 19:55:44.034 D/hdmi_u_event( 190): change_hdmi=0, change_hdmi_res=0
10-21 19:55:44.143 W/bt-btif ( 3244): bta_hh_co_is_no_unsniff_amazon_remote: result = 1, vid = 0x1949, pid = 0x410
10-21 19:55:44.146 V/Kodi ( 7530): CAndroidKey: key down (dev:5; src:769; code: 23; repeat: 0; flags: 0x8; alt: no; shift: no; sym: no)
10-21 19:55:44.257 W/bt-btif ( 3244): bta_hh_co_is_no_unsniff_amazon_remote: result = 1, vid = 0x1949, pid = 0x410
10-21 19:55:44.257 W/bt-btif ( 3244): bta_hh_co_is_no_unsniff_amazon_remote: result = 1, vid = 0x1949, pid = 0x410
10-21 19:55:44.260 V/Kodi ( 7530): CAndroidKey: key up (dev:5; src:769; code: 23; repeat: 0; flags: 0x8; alt: no; shift: no; sym: no)
10-21 19:55:44.484 I/Kernel ( 8542): [ 4138.363621].(2)[8542:kworker/2:0][MUSB] USB is ready for connect
10-21 19:55:44.594 I/Kernel ( 9266): [ 4138.473634].(1)[9266:kworker/1:0] ABB T=93300
10-21 19:55:45.033 I/Vlog ( 979): Thermal:Screen_On_Thermal_Throttling_P2P_Off:fgtracking=false;DV;1,key=2;DV;1,Timer=2.777777777777778E-4;TI;1,unit=hours;DV;1,metadata=org.xbmc.kodi;DV;1:HI
10-21 19:55:45.034 D/hdmi_u_event( 190): handle hdmi uevents: s=change@/devices/virtual/thermal/thermal_zone3, len=191
10-21 19:55:45.034 D/hdmi_u_event( 190): change_hdmi=0, change_hdmi_res=0
10-21 19:55:45.111 W/bt-btif ( 3244): bta_hh_co_is_no_unsniff_amazon_remote: result = 1, vid = 0x1949, pid = 0x410
10-21 19:55:45.114 V/Kodi ( 7530): CAndroidKey: key down (dev:5; src:769; code: 22; repeat: 0; flags: 0x8; alt: no; shift: no; sym: no)
10-21 19:55:45.223 W/bt-btif ( 3244): bta_hh_co_is_no_unsniff_amazon_remote: result = 1, vid = 0x1949, pid = 0x410
10-21 19:55:45.248 W/bt-btif ( 3244): bta_hh_co_is_no_unsniff_amazon_remote: result = 1, vid = 0x1949, pid = 0x410
10-21 19:55:45.252 V/Kodi ( 7530): CAndroidKey: key up (dev:5; src:769; code: 22; repeat: 0; flags: 0x8; alt: no; shift: no; sym: no)
10-21 19:55:45.403 W/bt-btif ( 3244): bta_hh_co_is_no_unsniff_amazon_remote: result = 1, vid = 0x1949, pid = 0x410
10-21 19:55:45.407 V/Kodi ( 7530): CAndroidKey: key down (dev:5; src:769; code: 23; repeat: 0; flags: 0x8; alt: no; shift: no; sym: no)
10-21 19:55:45.516 W/bt-btif ( 3244): bta_hh_co_is_no_unsniff_amazon_remote: result = 1, vid = 0x1949, pid = 0x410
10-21 19:55:45.561 W/bt-btif ( 3244): bta_hh_co_is_no_unsniff_amazon_remote: result = 1, vid = 0x1949, pid = 0x410
10-21 19:55:45.564 V/Kodi ( 7530): CAndroidKey: key up (dev:5; src:769; code: 23; repeat: 0; flags: 0x8; alt: no; shift: no; sym: no)
10-21 19:55:45.594 I/Kernel ( 9266): [ 4139.473675].(1)[9266:kworker/1:0] ABB T=96800
10-21 19:55:46.506 W/bt-btif ( 3244): bta_hh_co_is_no_unsniff_amazon_remote: result = 1, vid = 0x1949, pid = 0x410
10-21 19:55:46.510 V/Kodi ( 7530): CAndroidKey: key down (dev:5; src:769; code: 20; repeat: 0; flags: 0x8; alt: no; shift: no; sym: no)
10-21 19:55:46.594 I/Kernel ( 9266): [ 4140.473654].(1)[9266:kworker/1:0] ABB T=95400
10-21 19:55:46.618 W/bt-btif ( 3244): bta_hh_co_is_no_unsniff_amazon_remote: result = 1, vid = 0x1949, pid = 0x410
10-21 19:55:46.641 W/bt-btif ( 3244): bta_hh_co_is_no_unsniff_amazon_remote: result = 1, vid = 0x1949, pid = 0x410
10-21 19:55:46.643 V/Kodi ( 7530): CAndroidKey: key up (dev:5; src:769; code: 20; repeat: 0; flags: 0x8; alt: no; shift: no; sym: no)
10-21 19:55:46.734 I/Kernel ( 29): [ 4140.613583].(3)[29:update_secureti]enter TEE_Icnt_time
10-21 19:55:46.734 I/Kernel ( 29): [ 4140.613869].(3)[29:update_secureti]update_securetime_thread_gb updata inc count
10-21 19:55:47.023 W/bt-btif ( 3244): bta_hh_co_is_no_unsniff_amazon_remote: result = 1, vid = 0x1949, pid = 0x410
10-21 19:55:47.027 V/Kodi ( 7530): CAndroidKey: key down (dev:5; src:769; code: 19; repeat: 0; flags: 0x8; alt: no; shift: no; sym: no)
10-21 19:55:47.136 W/bt-btif ( 3244): bta_hh_co_is_no_unsniff_amazon_remote: result = 1, vid = 0x1949, pid = 0x410
10-21 19:55:47.158 W/bt-btif ( 3244): bta_hh_co_is_no_unsniff_amazon_remote: result = 1, vid = 0x1949, pid = 0x410
10-21 19:55:47.163 V/Kodi ( 7530): CAndroidKey: key up (dev:5; src:769; code: 19; repeat: 0; flags: 0x8; alt: no; shift: no; sym: no)
10-21 19:55:47.594 I/Kernel ( 9266): [ 4141.473650].(1)[9266:kworker/1:0] ABB T=92900
10-21 19:55:48.043 I/Vlog ( 979): Thermal:Screen_On_Thermal_Throttling_P2P_Off:fgtracking=false;DV;1,key=1;DV;1,Timer=8.358333333333333E-4;TI;1,unit=hours;DV;1,metadata=org.xbmc.kodi;DV;1:HI
10-21 19:55:48.043 I/ThermalEventMonitorWindowCallback( 979): Thermal Notification sent with Extra Thermal State 0
10-21 19:55:48.043 D/hdmi_u_event( 190): handle hdmi uevents: s=change@/devices/virtual/thermal/thermal_zone3, len=191
10-21 19:55:48.043 D/hdmi_u_event( 190): change_hdmi=0, change_hdmi_res=0
10-21 19:55:48.283 W/bt-btif ( 3244): bta_hh_co_is_no_unsniff_amazon_remote: result = 1, vid = 0x1949, pid = 0x410
10-21 19:55:48.286 V/Kodi ( 7530): CAndroidKey: key down (dev:5; src:769; code: 82; repeat: 0; flags: 0x8; alt: no; shift: no; sym: no)
10-21 19:55:48.397 W/bt-btif ( 3244): bta_hh_co_is_no_unsniff_amazon_remote: result = 1, vid = 0x1949, pid = 0x410
10-21 19:55:48.441 W/bt-btif ( 3244): bta_hh_co_is_no_unsniff_amazon_remote: result = 1, vid = 0x1949, pid = 0x410
10-21 19:55:48.444 V/Kodi ( 7530): CAndroidKey: key up (dev:5; src:769; code: 82; repeat: 0; flags: 0x8; alt: no; shift: no; sym: no)
10-21 19:55:48.594 I/Kernel ( 9266): [ 4142.473639].(1)[9266:kworker/1:0] ABB T=91800
10-21 19:55:48.802 I/art ( 1957): Explicit concurrent mark sweep GC freed 37507(1156KB) AllocSpace objects, 0(0B) LOS objects, 20% free, 7MB/9MB, paused 1.303ms total 119.884ms
10-21 19:55:49.274 I/Kernel ( 0): [ 4143.153541]-(1)[0:swapper/1][printk_delayed:start]
10-21 19:55:49.274 I/Kernel ( 0): [ 4143.153577]-(1)[0:swapper/1][WDK], local_bit:0x8, cpu:1,RT[4143143550163]
10-21 19:55:49.274 I/Kernel ( 0): [ 4143.153577][WDK], local_bit:0xa, cpu:1, check bit0x:f,RT[4143143562778]
10-21 19:55:49.274 I/Kernel ( 0): [ 4143.153577][thread:60][RT:4143143569855] 2019-10-21 17:55:49.271937 UTC; android time 2019-10-21 18:55:49.271937
10-21 19:55:49.274 I/Kernel ( 0): [ 4143.153601]-(1)[0:swapper/1][printk_delayed:done]
