10-08 19:23:46.896 28259 28259 I Glide : at com.bumptech.glide.load.engine.DecodeJob.runLoadPath(DecodeJob.java:524)
10-08 19:23:46.896 28259 28259 I Glide : at com.bumptech.glide.load.engine.DecodeJob.decodeFromFetcher(DecodeJob.java:488)
10-08 19:23:46.896 28259 28259 I Glide : at com.bumptech.glide.load.engine.DecodeJob.decodeFromData(DecodeJob.java:474)
10-08 19:23:46.896 28259 28259 I Glide : at com.bumptech.glide.load.engine.DecodeJob.decodeFromRetrievedData(DecodeJob.java:426)
10-08 19:23:46.896 28259 28259 I Glide : at com.bumptech.glide.load.engine.DecodeJob.onDataFetcherReady(DecodeJob.java:390)
10-08 19:23:46.896 28259 28259 I Glide : at com.bumptech.glide.load.engine.SourceGenerator.onDataReady(SourceGenerator.java:119)
10-08 19:23:46.896 28259 28259 I Glide : at com.bumptech.glide.load.data.LocalUriFetcher.loadData(LocalUriFetcher.java:52)
10-08 19:23:46.896 28259 28259 I Glide : at com.bumptech.glide.load.engine.SourceGenerator.startNext(SourceGenerator.java:63)
10-08 19:23:46.896 28259 28259 I Glide : at com.bumptech.glide.load.engine.DecodeJob.runGenerators(DecodeJob.java:310)
10-08 19:23:46.896 28259 28259 I Glide : at com.bumptech.glide.load.engine.DecodeJob.decodeFromRetrievedData(DecodeJob.java:434)
10-08 19:23:46.896 28259 28259 I Glide : at com.bumptech.glide.load.engine.DecodeJob.onDataFetcherReady(DecodeJob.java:390)
10-08 19:23:46.896 28259 28259 I Glide : at com.bumptech.glide.load.engine.SourceGenerator.onDataReady(SourceGenerator.java:119)
10-08 19:23:46.896 28259 28259 I Glide : at com.bumptech.glide.load.model.MultiModelLoader$MultiFetcher.onDataReady(MultiModelLoader.java:145)
10-08 19:23:46.896 28259 28259 I Glide : at com.bumptech.glide.load.data.LocalUriFetcher.loadData(LocalUriFetcher.java:52)
10-08 19:23:46.896 28259 28259 I Glide : at com.bumptech.glide.load.model.MultiModelLoader$MultiFetcher.loadData(MultiModelLoader.java:100)
10-08 19:23:46.896 28259 28259 I Glide : at com.bumptech.glide.load.engine.SourceGenerator.startNext(SourceGenerator.java:63)
10-08 19:23:46.896 28259 28259 I Glide : at com.bumptech.glide.load.engine.DecodeJob.runGenerators(DecodeJob.java:310)
10-08 19:23:46.896 28259 28259 I Glide : at com.bumptech.glide.load.engine.DecodeJob.decodeFromRetrievedData(DecodeJob.java:434)
10-08 19:23:46.896 28259 28259 I Glide : at com.bumptech.glide.load.engine.DecodeJob.onDataFetcherReady(DecodeJob.java:390)
10-08 19:23:46.896 28259 28259 I Glide : at com.bumptech.glide.load.engine.SourceGenerator.onDataReady(SourceGenerator.java:119)
10-08 19:23:46.896 28259 28259 I Glide : at com.bumptech.glide.load.model.MultiModelLoader$MultiFetcher.onDataReady(MultiModelLoader.java:145)
10-08 19:23:46.896 28259 28259 I Glide : at com.bumptech.glide.load.data.LocalUriFetcher.loadData(LocalUriFetcher.java:52)
10-08 19:23:46.896 28259 28259 I Glide : at com.bumptech.glide.load.model.MultiModelLoader$MultiFetcher.loadData(MultiModelLoader.java:100)
10-08 19:23:46.896 28259 28259 I Glide : at com.bumptech.glide.load.engine.SourceGenerator.startNext(SourceGenerator.java:63)
10-08 19:23:46.896 28259 28259 I Glide : at com.bumptech.glide.load.engine.DecodeJob.runGenerators(DecodeJob.java:310)
10-08 19:23:46.896 28259 28259 I Glide : at com.bumptech.glide.load.engine.DecodeJob.runWrapped(DecodeJob.java:279)
10-08 19:23:46.896 28259 28259 I Glide : at com.bumptech.glide.load.engine.DecodeJob.run(DecodeJob.java:234)
10-08 19:23:46.896 28259 28259 I Glide : at java.util.concurrent.ThreadPoolExecutor.runWorker(ThreadPoolExecutor.java:1167)
10-08 19:23:46.896 28259 28259 I Glide : at java.util.concurrent.ThreadPoolExecutor$Worker.run(ThreadPoolExecutor.java:641)
10-08 19:23:46.896 28259 28259 I Glide : at java.lang.Thread.run(Thread.java:764)
10-08 19:23:46.896 28259 28259 I Glide : at com.bumptech.glide.load.engine.executor.GlideExecutor$DefaultThreadFactory$1.run(GlideExecutor.java:431)
10-08 19:23:46.896 28259 28259 I Glide : Caused by: java.lang.IllegalArgumentException
10-08 19:23:46.896 28259 28259 I Glide : at android.media.MediaMetadataRetriever.setDataSource(Native Method)
10-08 19:23:46.896 28259 28259 I Glide : at com.bumptech.glide.load.resource.bitmap.VideoDecoder$AssetFileDescriptorInitializer.initialize(VideoDecoder.java:289)
10-08 19:23:46.896 28259 28259 I Glide : at com.bumptech.glide.load.resource.bitmap.VideoDecoder$AssetFileDescriptorInitializer.initialize(VideoDecoder.java:284)
10-08 19:23:46.896 28259 28259 I Glide : at com.bumptech.glide.load.resource.bitmap.VideoDecoder.decode(VideoDecoder.java:166)
10-08 19:23:46.896 28259 28259 I Glide : ... 36 more
10-08 19:23:46.901 28259 28259 W Glide : Load failed for content://org.xbmc.kodi.file#image%3A%2F%2Fhttp%253a%252f%252f192.168.1.25%253a8096%252femby%252fItems%252f11351%252fImages%252fPrimary%252f0%253fEnableImageEnhancers%253dTrue%2526Tag%253d5276506e2d5d6ba62364452717b1855b%2F with size [564x306]
10-08 19:23:46.901 28259 28259 W Glide : class com.bumptech.glide.load.engine.GlideException: Failed to load resource
10-08 19:23:46.901 28259 28259 W Glide : There were 2 causes:
10-08 19:23:46.901 28259 28259 W Glide : java.io.IOException(java.lang.RuntimeException: setDataSource failed: status = 0xFFFFFFEA)
10-08 19:23:46.901 28259 28259 W Glide : java.io.IOException(java.lang.IllegalArgumentException)
10-08 19:23:46.901 28259 28259 W Glide : call GlideException#logRootCauses(String) for more detail
10-08 19:23:46.901 28259 28259 W Glide : Cause (1 of 3): class com.bumptech.glide.load.engine.GlideException: Failed LoadPath{AutoCloseInputStream->Object->PaletteBitmapContainer}, LOCAL
10-08 19:23:46.901 28259 28259 W Glide : Cause (1 of 1): class com.bumptech.glide.load.engine.GlideException: Failed DecodePath{AutoCloseInputStream->Bitmap->PaletteBitmapContainer}
10-08 19:23:46.901 28259 28259 W Glide : Cause (2 of 3): class com.bumptech.glide.load.engine.GlideException: Failed LoadPath{ParcelFileDescriptorInner->Object->PaletteBitmapContainer}, LOCAL
10-08 19:23:46.901 28259 28259 W Glide : There was 1 cause:
10-08 19:23:46.901 28259 28259 W Glide : java.io.IOException(java.lang.RuntimeException: setDataSource failed: status = 0xFFFFFFEA)
10-08 19:23:46.901 28259 28259 W Glide : call GlideException#logRootCauses(String) for more detail
10-08 19:23:46.901 28259 28259 W Glide : Cause (1 of 1): class com.bumptech.glide.load.engine.GlideException: Failed DecodePath{ParcelFileDescriptorInner->Bitmap->PaletteBitmapContainer}
10-08 19:23:46.901 28259 28259 W Glide : There was 1 cause:
10-08 19:23:46.901 28259 28259 W Glide : java.io.IOException(java.lang.RuntimeException: setDataSource failed: status = 0xFFFFFFEA)
10-08 19:23:46.901 28259 28259 W Glide : call GlideException#logRootCauses(String) for more detail
10-08 19:23:46.901 28259 28259 W Glide : Cause (1 of 1): class java.io.IOException: java.lang.RuntimeException: setDataSource failed: status = 0xFFFFFFEA
10-08 19:23:46.901 28259 28259 W Glide : Cause (3 of 3): class com.bumptech.glide.load.engine.GlideException: Failed LoadPath{AssetFileDescriptor->Object->PaletteBitmapContainer}, LOCAL
10-08 19:23:46.901 28259 28259 W Glide : There was 1 cause:
10-08 19:23:46.901 28259 28259 W Glide : java.io.IOException(java.lang.IllegalArgumentException)
10-08 19:23:46.901 28259 28259 W Glide : call GlideException#logRootCauses(String) for more detail
10-08 19:23:46.901 28259 28259 W Glide : Cause (1 of 1): class com.bumptech.glide.load.engine.GlideException: Failed DecodePath{AssetFileDescriptor->Bitmap->PaletteBitmapContainer}
10-08 19:23:46.901 28259 28259 W Glide : There was 1 cause:
10-08 19:23:46.901 28259 28259 W Glide : java.io.IOException(java.lang.IllegalArgumentException)
10-08 19:23:46.901 28259 28259 W Glide : call GlideException#logRootCauses(String) for more detail
10-08 19:23:46.901 28259 28259 W Glide : Cause (1 of 1): class java.io.IOException: java.lang.IllegalArgumentException
10-08 19:23:46.901 28259 28259 I Glide : Root cause (1 of 2)
10-08 19:23:46.901 28259 28259 I Glide : java.io.IOException: java.lang.RuntimeException: setDataSource failed: status = 0xFFFFFFEA
10-08 19:23:46.901 28259 28259 I Glide : at com.bumptech.glide.load.resource.bitmap.VideoDecoder.decode(VideoDecoder.java:178)
10-08 19:23:46.901 28259 28259 I Glide : at com.bumptech.glide.load.engine.DecodePath.decodeResourceWithList(DecodePath.java:92)
10-08 19:23:46.901 28259 28259 I Glide : at com.bumptech.glide.load.engine.DecodePath.decodeResource(DecodePath.java:70)
10-08 19:23:46.901 28259 28259 I Glide : at com.bumptech.glide.load.engine.DecodePath.decode(DecodePath.java:59)
10-08 19:23:46.901 28259 28259 I Glide : at com.bumptech.glide.load.engine.LoadPath.loadWithExceptionList(LoadPath.java:76)
10-08 19:23:46.901 28259 28259 I Glide : at com.bumptech.glide.load.engine.LoadPath.load(LoadPath.java:57)
10-08 19:23:46.901 28259 28259 I Glide : at com.bumptech.glide.load.engine.DecodeJob.runLoadPath(DecodeJob.java:524)
10-08 19:23:46.901 28259 28259 I Glide : at com.bumptech.glide.load.engine.DecodeJob.decodeFromFetcher(DecodeJob.java:488)
10-08 19:23:46.901 28259 28259 I Glide : at com.bumptech.glide.load.engine.DecodeJob.decodeFromData(DecodeJob.java:474)
10-08 19:23:46.901 28259 28259 I Glide : at com.bumptech.glide.load.engine.DecodeJob.decodeFromRetrievedData(DecodeJob.java:426)
10-08 19:23:46.901 28259 28259 I Glide : at com.bumptech.glide.load.engine.DecodeJob.onDataFetcherReady(DecodeJob.java:390)
10-08 19:23:46.901 28259 28259 I Glide : at com.bumptech.glide.load.engine.SourceGenerator.onDataReady(SourceGenerator.java:119)
10-08 19:23:46.901 28259 28259 I Glide : at com.bumptech.glide.load.model.MultiModelLoader$MultiFetcher.onDataReady(MultiModelLoader.java:145)
10-08 19:23:46.901 28259 28259 I Glide : at com.bumptech.glide.load.data.LocalUriFetcher.loadData(LocalUriFetcher.java:52)
10-08 19:23:46.901 28259 28259 I Glide : at com.bumptech.glide.load.model.MultiModelLoader$MultiFetcher.loadData(MultiModelLoader.java:100)
10-08 19:23:46.901 28259 28259 I Glide : at com.bumptech.glide.load.engine.SourceGenerator.startNext(SourceGenerator.java:63)
10-08 19:23:46.901 28259 28259 I Glide : at com.bumptech.glide.load.engine.DecodeJob.runGenerators(DecodeJob.java:310)
10-08 19:23:46.901 28259 28259 I Glide : at com.bumptech.glide.load.engine.DecodeJob.decodeFromRetrievedData(DecodeJob.java:434)
10-08 19:23:46.901 28259 28259 I Glide : at com.bumptech.glide.load.engine.DecodeJob.onDataFetcherReady(DecodeJob.java:390)
10-08 19:23:46.901 28259 28259 I Glide : at com.bumptech.glide.load.engine.SourceGenerator.onDataReady(SourceGenerator.java:119)
10-08 19:23:46.901 28259 28259 I Glide : at com.bumptech.glide.load.model.MultiModelLoader$MultiFetcher.onDataReady(MultiModelLoader.java:145)
10-08 19:23:46.901 28259 28259 I Glide : at com.bumptech.glide.load.data.LocalUriFetcher.loadData(LocalUriFetcher.java:52)
10-08 19:23:46.901 28259 28259 I Glide : at com.bumptech.glide.load.model.MultiModelLoader$MultiFetcher.loadData(MultiModelLoader.java:100)
10-08 19:23:46.901 28259 28259 I Glide : at com.bumptech.glide.load.engine.SourceGenerator.startNext(SourceGenerator.java:63)
10-08 19:23:46.901 28259 28259 I Glide : at com.bumptech.glide.load.engine.DecodeJob.runGenerators(DecodeJob.java:310)
10-08 19:23:46.901 28259 28259 I Glide : at com.bumptech.glide.load.engine.DecodeJob.runWrapped(DecodeJob.java:279)
10-08 19:23:46.901 28259 28259 I Glide : at com.bumptech.glide.load.engine.DecodeJob.run(DecodeJob.java:234)
10-08 19:23:46.901 28259 28259 I Glide : at java.util.concurrent.ThreadPoolExecutor.runWorker(ThreadPoolExecutor.java:1167)
10-08 19:23:46.901 28259 28259 I Glide : at java.util.concurrent.ThreadPoolExecutor$Worker.run(ThreadPoolExecutor.java:641)
10-08 19:23:46.901 28259 28259 I Glide : at java.lang.Thread.run(Thread.java:764)
10-08 19:23:46.901 28259 28259 I Glide : at com.bumptech.glide.load.engine.executor.GlideExecutor$DefaultThreadFactory$1.run(GlideExecutor.java:431)
10-08 19:23:46.901 28259 28259 I Glide : Caused by: java.lang.RuntimeException: setDataSource failed: status = 0xFFFFFFEA
10-08 19:23:46.901 28259 28259 I Glide : at android.media.MediaMetadataRetriever.setDataSource(Native Method)
10-08 19:23:46.901 28259 28259 I Glide : at android.media.MediaMetadataRetriever.setDataSource(MediaMetadataRetriever.java:141)
10-08 19:23:46.901 28259 28259 I Glide : at com.bumptech.glide.load.resource.bitmap.VideoDecoder$ParcelFileDescriptorInitializer.initialize(VideoDecoder.java:299)
10-08 19:23:46.901 28259 28259 I Glide : at com.bumptech.glide.load.resource.bitmap.VideoDecoder$ParcelFileDescriptorInitializer.initialize(VideoDecoder.java:294)
10-08 19:23:46.901 28259 28259 I Glide : at com.bumptech.glide.load.resource.bitmap.VideoDecoder.decode(VideoDecoder.java:166)
10-08 19:23:46.901 28259 28259 I Glide : ... 30 more
10-08 19:23:46.902 28259 28259 I Glide : Root cause (2 of 2)
10-08 19:23:46.902 28259 28259 I Glide : java.io.IOException: java.lang.IllegalArgumentException
10-08 19:23:46.902 28259 28259 I Glide : at com.bumptech.glide.load.resource.bitmap.VideoDecoder.decode(VideoDecoder.java:178)
10-08 19:23:46.902 28259 28259 I Glide : at com.bumptech.glide.load.engine.DecodePath.decodeResourceWithList(DecodePath.java:92)
10-08 19:23:46.902 28259 28259 I Glide : at com.bumptech.glide.load.engine.DecodePath.decodeResource(DecodePath.java:70)
10-08 19:23:46.902 28259 28259 I Glide : at com.bumptech.glide.load.engine.DecodePath.decode(DecodePath.java:59)
10-08 19:23:46.902 28259 28259 I Glide : at com.bumptech.glide.load.engine.LoadPath.loadWithExceptionList(LoadPath.java:76)
10-08 19:23:46.902 28259 28259 I Glide : at com.bumptech.glide.load.engine.LoadPath.load(LoadPath.java:57)
10-08 19:23:46.902 28259 28259 I Glide : at com.bumptech.glide.load.engine.DecodeJob.runLoadPath(DecodeJob.java:524)
10-08 19:23:46.902 28259 28259 I Glide : at com.bumptech.glide.load.engine.DecodeJob.decodeFromFetcher(DecodeJob.java:488)
10-08 19:23:46.902 28259 28259 I Glide : at com.bumptech.glide.load.engine.DecodeJob.decodeFromData(DecodeJob.java:474)
10-08 19:23:46.902 28259 28259 I Glide : at com.bumptech.glide.load.engine.DecodeJob.decodeFromRetrievedData(DecodeJob.java:426)
10-08 19:23:46.902 28259 28259 I Glide : at com.bumptech.glide.load.engine.DecodeJob.onDataFetcherReady(DecodeJob.java:390)
10-08 19:23:46.902 28259 28259 I Glide : at com.bumptech.glide.load.engine.SourceGenerator.onDataReady(SourceGenerator.java:119)
10-08 19:23:46.902 28259 28259 I Glide : at com.bumptech.glide.load.data.LocalUriFetcher.loadData(LocalUriFetcher.java:52)
10-08 19:23:46.902 28259 28259 I Glide : at com.bumptech.glide.load.engine.SourceGenerator.startNext(SourceGenerator.java:63)
10-08 19:23:46.902 28259 28259 I Glide : at com.bumptech.glide.load.engine.DecodeJob.runGenerators(DecodeJob.java:310)
10-08 19:23:46.902 28259 28259 I Glide : at com.bumptech.glide.load.engine.DecodeJob.decodeFromRetrievedData(DecodeJob.java:434)
10-08 19:23:46.902 28259 28259 I Glide : at com.bumptech.glide.load.engine.DecodeJob.onDataFetcherReady(DecodeJob.java:390)
10-08 19:23:46.902 28259 28259 I Glide : at com.bumptech.glide.load.engine.SourceGenerator.onDataReady(SourceGenerator.java:119)
10-08 19:23:46.902 28259 28259 I Glide : at com.bumptech.glide.load.model.MultiModelLoader$MultiFetcher.onDataReady(MultiModelLoader.java:145)
10-08 19:23:46.902 28259 28259 I Glide : at com.bumptech.glide.load.data.LocalUriFetcher.loadData(LocalUriFetcher.java:52)
10-08 19:23:46.902 28259 28259 I Glide : at com.bumptech.glide.load.model.MultiModelLoader$MultiFetcher.loadData(MultiModelLoader.java:100)
10-08 19:23:46.902 28259 28259 I Glide : at com.bumptech.glide.load.engine.SourceGenerator.startNext(SourceGenerator.java:63)
10-08 19:23:46.902 28259 28259 I Glide : at com.bumptech.glide.load.engine.DecodeJob.runGenerators(DecodeJob.java:310)
10-08 19:23:46.902 28259 28259 I Glide : at com.bumptech.glide.load.engine.DecodeJob.decodeFromRetrievedData(DecodeJob.java:434)
10-08 19:23:46.902 28259 28259 I Glide : at com.bumptech.glide.load.engine.DecodeJob.onDataFetcherReady(DecodeJob.java:390)
10-08 19:23:46.902 28259 28259 I Glide : at com.bumptech.glide.load.engine.SourceGenerator.onDataReady(SourceGenerator.java:119)
10-08 19:23:46.902 28259 28259 I Glide : at com.bumptech.glide.load.model.MultiModelLoader$MultiFetcher.onDataReady(MultiModelLoader.java:145)
10-08 19:23:46.902 28259 28259 I Glide : at com.bumptech.glide.load.data.LocalUriFetcher.loadData(LocalUriFetcher.java:52)
10-08 19:23:46.902 28259 28259 I Glide : at com.bumptech.glide.load.model.MultiModelLoader$MultiFetcher.loadData(MultiModelLoader.java:100)
10-08 19:23:46.902 28259 28259 I Glide : at com.bumptech.glide.load.engine.SourceGenerator.startNext(SourceGenerator.java:63)
10-08 19:23:46.902 28259 28259 I Glide : at com.bumptech.glide.load.engine.DecodeJob.runGenerators(DecodeJob.java:310)
10-08 19:23:46.902 28259 28259 I Glide : at com.bumptech.glide.load.engine.DecodeJob.runWrapped(DecodeJob.java:279)
10-08 19:23:46.902 28259 28259 I Glide : at com.bumptech.glide.load.engine.DecodeJob.run(DecodeJob.java:234)
10-08 19:23:46.902 28259 28259 I Glide : at java.util.concurrent.ThreadPoolExecutor.runWorker(ThreadPoolExecutor.java:1167)
10-08 19:23:46.902 28259 28259 I Glide : at java.util.concurrent.ThreadPoolExecutor$Worker.run(ThreadPoolExecutor.java:641)
10-08 19:23:46.902 28259 28259 I Glide : at java.lang.Thread.run(Thread.java:764)
10-08 19:23:46.902 28259 28259 I Glide : at com.bumptech.glide.load.engine.executor.GlideExecutor$DefaultThreadFactory$1.run(GlideExecutor.java:431)
10-08 19:23:46.902 28259 28259 I Glide : Caused by: java.lang.IllegalArgumentException
10-08 19:23:46.902 28259 28259 I Glide : at android.media.MediaMetadataRetriever.setDataSource(Native Method)
10-08 19:23:46.902 28259 28259 I Glide : at com.bumptech.glide.load.resource.bitmap.VideoDecoder$AssetFileDescriptorInitializer.initialize(VideoDecoder.java:289)
10-08 19:23:46.902 28259 28259 I Glide : at com.bumptech.glide.load.resource.bitmap.VideoDecoder$AssetFileDescriptorInitializer.initialize(VideoDecoder.java:284)
10-08 19:23:46.902 28259 28259 I Glide : at com.bumptech.glide.load.resource.bitmap.VideoDecoder.decode(VideoDecoder.java:166)
10-08 19:23:46.902 28259 28259 I Glide : ... 36 more
10-08 19:23:46.931 3543 3625 D PowerManagerNotifier: onWakeLockReleased: flags=536870922, tag="WindowManager", packageName=android, ownerUid=1000, ownerPid=3543, workSource=WorkSource{10041}
10-08 19:23:46.933 3543 3588 W ActivityManager: setHasOverlayUi called on unknown pid: 3597
10-08 19:23:46.934 3127 3217 W SurfaceFlinger: Attempting to destroy on removed layer: 9a965a6 Sys2023:dream#0
10-08 19:23:47.790 3543 3645 D WindowManager: handleComboKeys keyCode: 23, keyAction: 0
10-08 19:23:47.931 3543 3645 D WindowManager: handleComboKeys keyCode: 23, keyAction: 1
10-08 19:23:47.939 3543 3571 I ActivityManager: START u0 {act=android.intent.action.MAIN cat=[android.intent.category.LEANBACK_LAUNCHER] flg=0x10000000 pkg=org.xbmc.kodinerds cmp=org.xbmc.kodinerds/.Splash} from uid 10031
10-08 19:23:47.940 3125 11461 I hash_map_utils: key: 'nv_param_low_latency_active' value: ''
10-08 19:23:47.943 3543 3571 I android_os_HwBinder: HwBinder: Starting thread pool for default::vendor.nvidia.hardware.thermalservice@1.0::IThermalService
10-08 19:23:47.945 3116 3116 E powerHAL::common: Unknown power hint: 0x8
10-08 19:23:47.951 3543 8672 D NvThermalService: setAppClose
10-08 19:23:47.955 3543 3625 I WindowManager: WindowState() - found Launcher @ mAppToken:AppWindowToken{3d59c96 token=Token{2e21fb1 ActivityRecord{7aea258 u0 org.xbmc.kodinerds/.Splash t1234}}}
10-08 19:23:47.958 3470 3470 I chatty : uid=10165(org.xbmc.kodinerds) expire 31 lines
10-08 19:23:47.963 3543 8673 W NvAppProfileService: App Profiles: Enabled
10-08 19:23:47.970 4692 4739 I android_os_HwBinder: HwBinder: Starting thread pool for default::vendor.nvidia.hardware.power@1.0::IPower
10-08 19:23:47.987 8228 8267 W ContentProvider: Normalized content://com.nvidia.pgcontentprovider.PGContentProvider//default/gameinfo to content://com.nvidia.pgcontentprovider.PGContentProvider/default/gameinfo to avoid possible security issues
10-08 19:23:48.104 3125 3228 I hash_map_utils: key: 'nv_param_low_latency_active' value: ''
10-08 19:23:48.271 3543 9105 I ActivityManager: START u0 {act=android.intent.action.MAIN cat=[android.intent.category.LEANBACK_LAUNCHER] flg=0x11000000 pkg=org.xbmc.kodinerds cmp=org.xbmc.kodinerds/.Main bnds=[1213,257][1469,447]} from uid 10165
10-08 19:23:48.274 3543 9105 I android_os_HwBinder: HwBinder: Starting thread pool for default::vendor.nvidia.hardware.thermalservice@1.0::IThermalService
10-08 19:23:48.276 3116 3116 E powerHAL::common: Unknown power hint: 0x8
10-08 19:23:48.283 3543 3625 I WindowManager: WindowState() - found Launcher @ mAppToken:AppWindowToken{83435ff token=Token{de9091e ActivityRecord{f74c959 u0 org.xbmc.kodinerds/.Main t1235}}}
10-08 19:23:48.299 3127 3127 D SurfaceFlinger: duplicate layer name: changing Splash Screen org.xbmc.kodinerds to Splash Screen org.xbmc.kodinerds#1
10-08 19:23:48.304 3543 8647 D NvThermalService: setAppClose
10-08 19:23:48.308 3543 8672 W NvAppProfileService: App Profiles: Enabled
10-08 19:23:48.312 4692 4739 I android_os_HwBinder: HwBinder: Starting thread pool for default::vendor.nvidia.hardware.power@1.0::IPower
10-08 19:23:48.340 3127 3127 D SurfaceFlinger: duplicate layer name: changing Surface(name=AppWindowToken{3d59c96 token=Token{2e21fb1 ActivityRecord{7aea258 u0 org.xbmc.kodinerds/.Splash t1234}}})/@0x777fe34 - animation-leash to Surface(name=AppWindowToken{3d59c96 token=Token{2e21fb1 ActivityRecord{7aea258 u0 org.xbmc.kodinerds/.Splash t1234}}})/@0x777fe34 - animation-leash#1
10-08 19:23:48.481 4531 5046 I ShieldBluetoothScanPolicy: Scans disallowed due to PACKAGE POLL
10-08 19:23:48.481 4531 5046 D BluetoothAdapter: isLeEnabled(): ON
10-08 19:23:48.487 3728 3848 D AdapterProperties: Discoverable Timeout:-1
10-08 19:23:48.487 3728 3848 D AdapterProperties: Scan Mode:21
10-08 19:23:48.527 3470 8682 I chatty : uid=10165(org.xbmc.kodinerds) expire 11 lines
10-08 19:23:48.553 3543 3571 D MediaSessionService: Media button session is changed to org.xbmc.kodinerds/XBMC_session (userId=0)
10-08 19:23:48.554 4869 4869 D NowPlayingListener: onActiveSessionsChanged() called with: controllers = [[android.media.session.MediaController@37071a4]]
10-08 19:23:48.554 4869 4869 D NowPlayingListener: updateMediaSessionCallback: android.media.session.MediaController@37071a4
10-08 19:23:48.555 3728 3728 I NewAvrcpMediaPlayerList: onAddressedPlayerChanged: token=org.xbmc.kodinerds
10-08 19:23:48.555 3728 3728 W NewAvrcpMediaPlayerList: com.ghisler.android.TotalCommander is already the active player
10-08 19:23:48.555 3728 3728 V NewAvrcpMediaPlayerList: onActiveSessionsChanged: number of controllers: 1
10-08 19:23:48.555 3728 3728 D NewAvrcpMediaPlayerList: onActiveSessionsChanged: controller: com.ghisler.android.TotalCommander
10-08 19:23:48.556 3728 3728 D NewAvrcpMediaPlayerList: Already have a controller for the player: com.ghisler.android.TotalCommander, updating instead
10-08 19:23:48.556 4869 4869 D NowPlayingManager: onClientChanged() called with: clearing = [false]
10-08 19:23:48.556 4869 4869 D NowPlayingListener: updateMetadata() called with: metadata = [android.media.MediaMetadata@68e2ca92] and now playing listener: com.google.android.tvrecommendations.NowPlayingManager@ab6ca20
10-08 19:23:48.555 5872 5872 D DeviceControlManagerService: active session:com.ghisler.android.TotalCommander
10-08 19:23:48.557 3728 3728 D NewAvrcpMediaPlayerWrapper: com.ghisler.android.TotalCommander: Controller for com.ghisler.android.TotalCommander was updated.
10-08 19:23:48.557 3728 4293 I Avrcp : Skipping update due to invalid playback state
10-08 19:23:48.558 3728 4293 E bt_btif : register_notification_rsp: Avrcp device is not connected, handle: 0x0
10-08 19:23:48.558 3728 4293 I chatty : uid=1002(bluetooth) BluetoothAvrcpH identical 4 lines
10-08 19:23:48.558 3728 4293 E bt_btif : register_notification_rsp: Avrcp device is not connected, handle: 0x0
10-08 19:23:48.559 3728 4293 I Avrcp : Skipping update due to invalid playback state
10-08 19:23:48.561 3728 3728 D NewAvrcpMediaPlayerList: sendMediaUpdate
10-08 19:23:48.561 3728 3728 I NewAvrcpMediaPlayerList: sendMediaUpdate: Creating a one item queue for a player with no queue
10-08 19:23:48.561 3728 3728 D NewAvrcpTargetService: onMediaUpdated: track_changed=false state=false queue=false
10-08 19:23:48.561 3728 3728 D NewAvrcpNativeInterface: sendMediaUpdate: metadata=false playStatus=false queue=false
10-08 19:23:48.561 3728 3728 D NewAvrcpTargetJni: sendMediaUpdateNative
10-08 19:23:48.561 3728 3728 I bt_stack: [INFO:avrcp_service.cc(342)] virtual void bluetooth::avrcp::AvrcpService::SendMediaUpdate(bool, bool, bool) track_changed=0 : play_state=0 : queue=0
10-08 19:23:48.561 3728 3728 V NewAvrcpMediaPlayerList: onActiveSessionsChanged: number of controllers: 1
10-08 19:23:48.562 5872 5872 D DeviceControlManagerService: active session:com.ghisler.android.TotalCommander
10-08 19:23:48.563 3728 3728 D NewAvrcpMediaPlayerList: onActiveSessionsChanged: controller: com.ghisler.android.TotalCommander
10-08 19:23:48.564 3728 3728 D NewAvrcpMediaPlayerList: Already have a controller for the player: com.ghisler.android.TotalCommander, updating instead
10-08 19:23:48.566 3728 3728 D NewAvrcpMediaPlayerWrapper: com.ghisler.android.TotalCommander: Controller for com.ghisler.android.TotalCommander was updated.
10-08 19:23:48.566 3728 3728 D NewAvrcpMediaPlayerList: sendMediaUpdate
10-08 19:23:48.566 3728 3728 I NewAvrcpMediaPlayerList: sendMediaUpdate: Creating a one item queue for a player with no queue
10-08 19:23:48.566 3728 3728 D NewAvrcpTargetService: onMediaUpdated: track_changed=false state=false queue=false
10-08 19:23:48.566 3728 3728 D NewAvrcpNativeInterface: sendMediaUpdate: metadata=false playStatus=false queue=false
10-08 19:23:48.566 3728 3728 D NewAvrcpTargetJni: sendMediaUpdateNative
10-08 19:23:48.566 3728 3728 I bt_stack: [INFO:avrcp_service.cc(342)] virtual void bluetooth::avrcp::AvrcpService::SendMediaUpdate(bool, bool, bool) track_changed=0 : play_state=0 : queue=0
10-08 19:23:48.570 4869 4869 D NowPlayingManager: onMediaDataUpdated() called with: mediaData = [com.google.android.tvrecommendations.NowPlayingData@31f5ac2]
10-08 19:23:48.572 4869 4869 D NowPlayingListener: updatePlayback() called with: state = [PlaybackState {state=1, position=-1, buffered position=0, speed=1.0, updated=4449198, actions=382, custom actions=[], active item id=-1, error=null}] and now playing listener: com.google.android.tvrecommendations.NowPlayingManager@ab6ca20
10-08 19:23:48.572 4869 4869 D NowPlayingManager: onClientPlaybackStateUpdate() called with: state = [1], stateChangeTimeMs = [4449198], currentPosMs = [-1]
10-08 19:23:48.572 4869 4869 D NowPlayingManager: onClientPlaybackStateUpdate: Skipped update, state: 1 was unchanged
10-08 19:23:48.572 4869 4869 D NowPlayingListener: onActiveSessionsChanged() called with: controllers = [[android.media.session.MediaController@60cf0d3]]
10-08 19:23:48.572 4869 4869 D NowPlayingListener: updateMediaSessionCallback: android.media.session.MediaController@60cf0d3
10-08 19:23:48.573 4869 4869 D NowPlayingManager: onClientChanged() called with: clearing = [false]
10-08 19:23:48.574 4869 4869 D NowPlayingListener: updateMetadata() called with: metadata = [android.media.MediaMetadata@68e2ca92] and now playing listener: com.google.android.tvrecommendations.NowPlayingManager@ab6ca20
10-08 19:23:48.576 4869 4869 D NowPlayingManager: onMediaDataUpdated() called with: mediaData = [com.google.android.tvrecommendations.NowPlayingData@b150410]
10-08 19:23:48.577 4869 4869 D NowPlayingListener: updatePlayback() called with: state = [PlaybackState {state=1, position=-1, buffered position=0, speed=1.0, updated=4449198, actions=382, custom actions=[], active item id=-1, error=null}] and now playing listener: com.google.android.tvrecommendations.NowPlayingManager@ab6ca20
10-08 19:23:48.577 4869 4869 D NowPlayingManager: onClientPlaybackStateUpdate() called with: state = [1], stateChangeTimeMs = [4449198], currentPosMs = [-1]
10-08 19:23:48.577 4869 4869 D NowPlayingManager: onClientPlaybackStateUpdate: Skipped update, state: 1 was unchanged
10-08 19:23:48.584 3543 3571 I WindowManager: WindowState() - found Launcher @ mAppToken:AppWindowToken{83435ff token=Token{de9091e ActivityRecord{f74c959 u0 org.xbmc.kodinerds/.Main t1235}}}
10-08 19:23:48.613 3470 8684 I chatty : uid=10165(org.xbmc.kodinerds) expire 103 lines
10-08 19:23:48.616 2975 2975 E SELinux : avc: denied { find } for interface=vendor.nvidia.hardware.cpl.service::INvCplHalService sid=u:r:untrusted_app:s0:c165,c256,c512,c768 pid=3470 scontext=u:r:untrusted_app:s0:c165,c256,c512,c768 tcontext=u:object_r:hal_cplservice_hwservice:s0 tclass=hwservice_manager permissive=0
10-08 19:23:48.617 3470 8685 I chatty : uid=10165(org.xbmc.kodinerds) expire 24 lines
10-08 19:23:48.617 2975 2975 E SELinux : avc: denied { find } for interface=vendor.nvidia.hardware.cpl.service::INvCplHalService sid=u:r:untrusted_app:s0:c165,c256,c512,c768 pid=3470 scontext=u:r:untrusted_app:s0:c165,c256,c512,c768 tcontext=u:object_r:hal_cplservice_hwservice:s0 tclass=hwservice_manager permissive=0
10-08 19:23:48.623 2975 2975 E SELinux : avc: denied { find } for interface=vendor.nvidia.hardware.cpl.service::INvCplHalService sid=u:r:untrusted_app:s0:c165,c256,c512,c768 pid=3470 scontext=u:r:untrusted_app:s0:c165,c256,c512,c768 tcontext=u:object_r:hal_cplservice_hwservice:s0 tclass=hwservice_manager permissive=0
10-08 19:23:48.623 2975 2975 E SELinux : avc: denied { find } for interface=vendor.nvidia.hardware.cpl.service::INvCplHalService sid=u:r:untrusted_app:s0:c165,c256,c512,c768 pid=3470 scontext=u:r:untrusted_app:s0:c165,c256,c512,c768 tcontext=u:object_r:hal_cplservice_hwservice:s0 tclass=hwservice_manager permissive=0
10-08 19:23:48.626 2975 2975 E SELinux : avc: denied { find } for interface=vendor.nvidia.hardware.cpl.service::INvCplHalService sid=u:r:untrusted_app:s0:c165,c256,c512,c768 pid=3470 scontext=u:r:untrusted_app:s0:c165,c256,c512,c768 tcontext=u:object_r:hal_cplservice_hwservice:s0 tclass=hwservice_manager permissive=0
10-08 19:23:48.627 2975 2975 E SELinux : avc: denied { find } for interface=vendor.nvidia.hardware.cpl.service::INvCplHalService sid=u:r:untrusted_app:s0:c165,c256,c512,c768 pid=3470 scontext=u:r:untrusted_app:s0:c165,c256,c512,c768 tcontext=u:object_r:hal_cplservice_hwservice:s0 tclass=hwservice_manager permissive=0
10-08 19:23:48.631 2975 2975 E SELinux : avc: denied { find } for interface=vendor.nvidia.hardware.cpl.service::INvCplHalService sid=u:r:untrusted_app:s0:c165,c256,c512,c768 pid=3470 scontext=u:r:untrusted_app:s0:c165,c256,c512,c768 tcontext=u:object_r:hal_cplservice_hwservice:s0 tclass=hwservice_manager permissive=0
10-08 19:23:48.632 2975 2975 E SELinux : avc: denied { find } for interface=vendor.nvidia.hardware.cpl.service::INvCplHalService sid=u:r:untrusted_app:s0:c165,c256,c512,c768 pid=3470 scontext=u:r:untrusted_app:s0:c165,c256,c512,c768 tcontext=u:object_r:hal_cplservice_hwservice:s0 tclass=hwservice_manager permissive=0
10-08 19:23:48.634 2975 2975 E SELinux : avc: denied { find } for interface=vendor.nvidia.hardware.cpl.service::INvCplHalService sid=u:r:untrusted_app:s0:c165,c256,c512,c768 pid=3470 scontext=u:r:untrusted_app:s0:c165,c256,c512,c768 tcontext=u:object_r:hal_cplservice_hwservice:s0 tclass=hwservice_manager permissive=0
10-08 19:23:48.635 2975 2975 E SELinux : avc: denied { find } for interface=vendor.nvidia.hardware.cpl.service::INvCplHalService sid=u:r:untrusted_app:s0:c165,c256,c512,c768 pid=3470 scontext=u:r:untrusted_app:s0:c165,c256,c512,c768 tcontext=u:object_r:hal_cplservice_hwservice:s0 tclass=hwservice_manager permissive=0
10-08 19:23:48.635 2975 2975 E SELinux : avc: denied { find } for interface=vendor.nvidia.hardware.cpl.service::INvCplHalService sid=u:r:untrusted_app:s0:c165,c256,c512,c768 pid=3470 scontext=u:r:untrusted_app:s0:c165,c256,c512,c768 tcontext=u:object_r:hal_cplservice_hwservice:s0 tclass=hwservice_manager permissive=0
10-08 19:23:48.635 2975 2975 E SELinux : avc: denied { find } for interface=vendor.nvidia.hardware.cpl.service::INvCplHalService sid=u:r:untrusted_app:s0:c165,c256,c512,c768 pid=3470 scontext=u:r:untrusted_app:s0:c165,c256,c512,c768 tcontext=u:object_r:hal_cplservice_hwservice:s0 tclass=hwservice_manager permissive=0
10-08 19:23:48.638 2975 2975 E SELinux : avc: denied { find } for interface=vendor.nvidia.hardware.cpl.service::INvCplHalService sid=u:r:untrusted_app:s0:c165,c256,c512,c768 pid=3470 scontext=u:r:untrusted_app:s0:c165,c256,c512,c768 tcontext=u:object_r:hal_cplservice_hwservice:s0 tclass=hwservice_manager permissive=0
10-08 19:23:48.638 2975 2975 E SELinux : avc: denied { find } for interface=vendor.nvidia.hardware.cpl.service::INvCplHalService sid=u:r:untrusted_app:s0:c165,c256,c512,c768 pid=3470 scontext=u:r:untrusted_app:s0:c165,c256,c512,c768 tcontext=u:object_r:hal_cplservice_hwservice:s0 tclass=hwservice_manager permissive=0
10-08 19:23:48.638 2975 2975 E SELinux : avc: denied { find } for interface=vendor.nvidia.hardware.cpl.service::INvCplHalService sid=u:r:untrusted_app:s0:c165,c256,c512,c768 pid=3470 scontext=u:r:untrusted_app:s0:c165,c256,c512,c768 tcontext=u:object_r:hal_cplservice_hwservice:s0 tclass=hwservice_manager permissive=0
10-08 19:23:48.640 2975 2975 E SELinux : avc: denied { find } for interface=vendor.nvidia.hardware.cpl.service::INvCplHalService sid=u:r:untrusted_app:s0:c165,c256,c512,c768 pid=3470 scontext=u:r:untrusted_app:s0:c165,c256,c512,c768 tcontext=u:object_r:hal_cplservice_hwservice:s0 tclass=hwservice_manager permissive=0
10-08 19:23:48.642 2975 2975 E SELinux : avc: denied { find } for interface=vendor.nvidia.hardware.cpl.service::INvCplHalService sid=u:r:untrusted_app:s0:c165,c256,c512,c768 pid=3470 scontext=u:r:untrusted_app:s0:c165,c256,c512,c768 tcontext=u:object_r:hal_cplservice_hwservice:s0 tclass=hwservice_manager permissive=0
10-08 19:23:48.647 2975 2975 E SELinux : avc: denied { find } for interface=vendor.nvidia.hardware.cpl.service::INvCplHalService sid=u:r:untrusted_app:s0:c165,c256,c512,c768 pid=3470 scontext=u:r:untrusted_app:s0:c165,c256,c512,c768 tcontext=u:object_r:hal_cplservice_hwservice:s0 tclass=hwservice_manager permissive=0
10-08 19:23:48.675 3470 8687 I chatty : uid=10165(org.xbmc.kodinerds) expire 1 line
10-08 19:23:48.705 2975 2975 E SELinux : avc: denied { find } for interface=vendor.nvidia.hardware.cpl.service::INvCplHalService sid=u:r:untrusted_app:s0:c165,c256,c512,c768 pid=3470 scontext=u:r:untrusted_app:s0:c165,c256,c512,c768 tcontext=u:object_r:hal_cplservice_hwservice:s0 tclass=hwservice_manager permissive=0
10-08 19:23:48.705 2975 2975 E SELinux : avc: denied { find } for interface=vendor.nvidia.hardware.cpl.service::INvCplHalService sid=u:r:untrusted_app:s0:c165,c256,c512,c768 pid=3470 scontext=u:r:untrusted_app:s0:c165,c256,c512,c768 tcontext=u:object_r:hal_cplservice_hwservice:s0 tclass=hwservice_manager permissive=0
10-08 19:23:48.734 3127 3490 W SurfaceFlinger: Attempting to set client state on removed layer: Splash Screen org.xbmc.kodinerds#0
10-08 19:23:48.734 3127 3490 W SurfaceFlinger: Attempting to destroy on removed layer: Splash Screen org.xbmc.kodinerds#0
10-08 19:23:48.735 3127 3217 D SurfaceFlinger: Connected to Power Manager
10-08 19:23:48.743 3543 3588 I ActivityManager: Displayed org.xbmc.kodinerds/.Main: +434ms (total +788ms)
10-08 19:23:48.760 3116 3116 E powerHAL::common: Unknown power hint: 0x8
10-08 19:23:48.769 3127 6075 W SurfaceFlinger: Attempting to destroy on removed layer: AppWindowToken{3d59c96 token=Token{2e21fb1 ActivityRecord{7aea258 u0 org.xbmc.kodinerds/.Splash t1234}}}#0
10-08 19:23:48.772 28259 28259 I AppLifecycleTracker: App transition to background
10-08 19:23:48.775 28259 28259 I AppLifecycleTracker: App foreground state unchanged: inForeground ? false
10-08 19:23:48.902 3127 4079 W SurfaceFlinger: Attempting to set client state on removed layer: Splash Screen org.xbmc.kodinerds#1
10-08 19:23:48.902 3127 4079 W SurfaceFlinger: Attempting to destroy on removed layer: Splash Screen org.xbmc.kodinerds#1
10-08 19:23:49.002 3125 11461 I APM_AudioPolicyManager: getOutputForAttr() device 0x400, sampling rate 48000, format 0x5, channel mask 0x3, flags 0
10-08 19:23:49.003 3125 11461 D AudioFlinger: Client defaulted notificationFrames to 770 for frameCount 1540
10-08 19:23:49.053 6692 7068 I chromium: [6692:7068:INFO:mdns_app_filter.cc(2631)] Mdns cast queries recently sent: queries=1
10-08 19:23:49.060 3125 12053 I APM_AudioPolicyManager: getOutputForAttr() device 0x400, sampling rate 48000, format 0x5, channel mask 0x63f, flags 0
10-08 19:23:49.060 3125 12053 D AudioFlinger: Client defaulted notificationFrames to 770 for frameCount 1540
10-08 19:23:49.118 3470 8693 I chatty : uid=10165(org.xbmc.kodinerds) expire 34 lines
10-08 19:23:49.121 3125 11461 I APM_AudioPolicyManager: getOutputForAttr() device 0x400, sampling rate 48000, format 0x9000000, channel mask 0x3, flags 0x1
10-08 19:23:49.122 3125 11461 I AudioFlinger: openOutput() this 0x4b3be000, module 10 Device 0x400, SamplingRate 48000, Format 0x9000000, Channels 0x3, flags 0x1
10-08 19:23:49.122 3089 31642 W DeviceHAL: Error from HAL Device in function open_output_stream: Unknown error -22
10-08 19:23:49.122 3125 11461 I AudioHwDevice: openOutputStream(), HAL returned sampleRate 48000, Format 0x9000000, channelMask 0x3, status -61
10-08 19:23:49.122 3125 11461 I AudioSPDIF: SPDIFEncoder: mBurstBufferSizeBytes = 24576, littleEndian = 1
10-08 19:23:49.122 3125 11461 I AudioFlinger: SpdifStreamOut::open() AudioFlinger requested sampleRate 48000, format 0x9000000, channelMask 0x3
10-08 19:23:49.122 3125 11461 I AudioFlinger: SpdifStreamOut::open() HAL configured for sampleRate 48000, format 0x1, channelMask 0x3
10-08 19:23:49.122 3125 11461 I AudioFlinger: SpdifStreamOut::open() status = 0
10-08 19:23:49.123 3125 11461 I AudioFlinger: HAL output buffer size 4096 frames, normal sink buffer size 4096 frames
10-08 19:23:49.123 3125 8698 I AudioFlinger: AudioFlinger's thread 0x4dc7c000 tid=8698 ready to run
10-08 19:23:49.182 3125 11461 I APM_AudioPolicyManager: getOutputForAttr() device 0x400, sampling rate 48000, format 0xa000000, channel mask 0x3, flags 0x1
10-08 19:23:49.182 3125 11461 W APM_AudioPolicyManager: getOutputForDevice() could not find output for stream 3, sampling rate 48000, format 0xa000000, channels 0x3, flags 0x1
10-08 19:23:49.233 3125 11461 I APM_AudioPolicyManager: getOutputForAttr() device 0x400, sampling rate 48000, format 0xa000000, channel mask 0x3, flags 0x1
10-08 19:23:49.233 3125 11461 W APM_AudioPolicyManager: getOutputForDevice() could not find output for stream 3, sampling rate 48000, format 0xa000000, channels 0x3, flags 0x1
10-08 19:23:49.283 3125 11461 I APM_AudioPolicyManager: getOutputForAttr() device 0x400, sampling rate 48000, format 0xa000000, channel mask 0x3, flags 0x1
10-08 19:23:49.283 3125 11461 W APM_AudioPolicyManager: getOutputForDevice() could not find output for stream 3, sampling rate 48000, format 0xa000000, channels 0x3, flags 0x1
10-08 19:23:49.333 3125 11461 I APM_AudioPolicyManager: getOutputForAttr() device 0x400, sampling rate 48000, format 0xa000000, channel mask 0x3, flags 0x1
10-08 19:23:49.333 3125 11461 W APM_AudioPolicyManager: getOutputForDevice() could not find output for stream 3, sampling rate 48000, format 0xa000000, channels 0x3, flags 0x1
10-08 19:23:49.383 3125 11461 I APM_AudioPolicyManager: getOutputForAttr() device 0x400, sampling rate 48000, format 0xa000000, channel mask 0x3, flags 0x1
10-08 19:23:49.383 3125 11461 W APM_AudioPolicyManager: getOutputForDevice() could not find output for stream 3, sampling rate 48000, format 0xa000000, channels 0x3, flags 0x1
10-08 19:23:49.433 3125 11461 I APM_AudioPolicyManager: getOutputForAttr() device 0x400, sampling rate 48000, format 0xa000000, channel mask 0x3, flags 0x1
10-08 19:23:49.433 3125 11461 W APM_AudioPolicyManager: getOutputForDevice() could not find output for stream 3, sampling rate 48000, format 0xa000000, channels 0x3, flags 0x1
10-08 19:23:49.484 3125 11461 I APM_AudioPolicyManager: getOutputForAttr() device 0x400, sampling rate 48000, format 0xa000000, channel mask 0x3, flags 0x1
10-08 19:23:49.484 3125 11461 W APM_AudioPolicyManager: getOutputForDevice() could not find output for stream 3, sampling rate 48000, format 0xa000000, channels 0x3, flags 0x1
10-08 19:23:49.534 3125 11461 I APM_AudioPolicyManager: getOutputForAttr() device 0x400, sampling rate 48000, format 0xa000000, channel mask 0x3, flags 0x1
10-08 19:23:49.534 3125 11461 W APM_AudioPolicyManager: getOutputForDevice() could not find output for stream 3, sampling rate 48000, format 0xa000000, channels 0x3, flags 0x1
10-08 19:23:49.584 3125 11461 I APM_AudioPolicyManager: getOutputForAttr() device 0x400, sampling rate 48000, format 0xa000000, channel mask 0x3, flags 0x1
10-08 19:23:49.584 3125 11461 W APM_AudioPolicyManager: getOutputForDevice() could not find output for stream 3, sampling rate 48000, format 0xa000000, channels 0x3, flags 0x1
10-08 19:23:49.634 3125 11461 I APM_AudioPolicyManager: getOutputForAttr() device 0x400, sampling rate 48000, format 0xa000000, channel mask 0x3, flags 0x1
10-08 19:23:49.634 3125 11461 W APM_AudioPolicyManager: getOutputForDevice() could not find output for stream 3, sampling rate 48000, format 0xa000000, channels 0x3, flags 0x1
10-08 19:23:49.684 3125 11461 I APM_AudioPolicyManager: getOutputForAttr() device 0x400, sampling rate 48000, format 0xa000000, channel mask 0x3, flags 0x1
10-08 19:23:49.684 3125 11461 W APM_AudioPolicyManager: getOutputForDevice() could not find output for stream 3, sampling rate 48000, format 0xa000000, channels 0x3, flags 0x1
10-08 19:23:49.735 3125 11461 I APM_AudioPolicyManager: getOutputForAttr() device 0x400, sampling rate 48000, format 0xa000000, channel mask 0x3, flags 0x1
10-08 19:23:49.735 3125 11461 W APM_AudioPolicyManager: getOutputForDevice() could not find output for stream 3, sampling rate 48000, format 0xa000000, channels 0x3, flags 0x1
10-08 19:23:49.785 3125 11461 I APM_AudioPolicyManager: getOutputForAttr() device 0x400, sampling rate 48000, format 0xa000000, channel mask 0x3, flags 0x1
10-08 19:23:49.785 3125 11461 W APM_AudioPolicyManager: getOutputForDevice() could not find output for stream 3, sampling rate 48000, format 0xa000000, channels 0x3, flags 0x1
10-08 19:23:49.835 3125 11461 I APM_AudioPolicyManager: getOutputForAttr() device 0x400, sampling rate 48000, format 0xa000000, channel mask 0x3, flags 0x1
10-08 19:23:49.835 3125 11461 W APM_AudioPolicyManager: getOutputForDevice() could not find output for stream 3, sampling rate 48000, format 0xa000000, channels 0x3, flags 0x1
10-08 19:23:49.885 3125 11461 I APM_AudioPolicyManager: getOutputForAttr() device 0x400, sampling rate 48000, format 0xa000000, channel mask 0x3, flags 0x1
10-08 19:23:49.885 3125 11461 W APM_AudioPolicyManager: getOutputForDevice() could not find output for stream 3, sampling rate 48000, format 0xa000000, channels 0x3, flags 0x1
10-08 19:23:49.935 3125 11461 I APM_AudioPolicyManager: getOutputForAttr() device 0x400, sampling rate 48000, format 0xa000000, channel mask 0x3, flags 0x1
10-08 19:23:49.936 3125 11461 W APM_AudioPolicyManager: getOutputForDevice() could not find output for stream 3, sampling rate 48000, format 0xa000000, channels 0x3, flags 0x1
10-08 19:23:49.936 3125 11461 E AudioFlinger: createTrack() getOutputForAttr() return error -38 or invalid output handle
10-08 19:23:49.989 3125 11461 I APM_AudioPolicyManager: getOutputForAttr() device 0x400, sampling rate 48000, format 0xb000000, channel mask 0x3, flags 0x1
10-08 19:23:49.989 3125 11461 I AudioFlinger: openOutput() this 0x4b3be000, module 10 Device 0x400, SamplingRate 48000, Format 0xb000000, Channels 0x3, flags 0x1
10-08 19:23:49.990 3089 3461 W DeviceHAL: Error from HAL Device in function open_output_stream: Unknown error -22
10-08 19:23:49.990 3125 11461 I AudioHwDevice: openOutputStream(), HAL returned sampleRate 48000, Format 0xb000000, channelMask 0x3, status -61
10-08 19:23:49.990 3125 11461 I AudioSPDIF: SPDIFEncoder: mBurstBufferSizeBytes = 16384, littleEndian = 1
10-08 19:23:49.990 3125 11461 I AudioFlinger: SpdifStreamOut::open() AudioFlinger requested sampleRate 48000, format 0xb000000, channelMask 0x3
10-08 19:23:49.990 3125 11461 I AudioFlinger: SpdifStreamOut::open() HAL configured for sampleRate 48000, format 0x1, channelMask 0x3
10-08 19:23:49.990 3125 11461 I AudioFlinger: SpdifStreamOut::open() status = 0
10-08 19:23:49.990 3125 11461 I AudioFlinger: HAL output buffer size 8192 frames, normal sink buffer size 8192 frames
10-08 19:23:49.991 3125 8703 I AudioFlinger: AudioFlinger's thread 0x4ddec000 tid=8703 ready to run
10-08 19:23:50.048 3125 3375 I APM_AudioPolicyManager: getOutputForAttr() device 0x400, sampling rate 48000, format 0xc000000, channel mask 0x63f, flags 0x1
10-08 19:23:50.048 3125 3375 I APM_AudioPolicyManager: Fallback from DTS-HD to DTS in profile passthrough
10-08 19:23:50.048 3125 3375 I AudioFlinger: openOutput() this 0x4b3be000, module 10 Device 0x400, SamplingRate 48000, Format 0xc000000, Channels 0x63f, flags 0x1
10-08 19:23:50.049 3089 31642 W nvaudio_hw: Sink does not support multichannel: 8 ch
10-08 19:23:50.049 3089 31642 W DeviceHAL: Error from HAL Device in function open_output_stream: Invalid argument
10-08 19:23:50.049 3125 3375 I AudioHwDevice: openOutputStream(), HAL returned sampleRate 48000, Format 0xb000000, channelMask 0x63f, status -22
10-08 19:23:50.049 3125 3375 I AudioHwDevice: format changed from DTS HD to DTS
10-08 19:23:50.049 3125 3375 I AudioSPDIF: SPDIFEncoder: mBurstBufferSizeBytes = 16384, littleEndian = 1
10-08 19:23:50.049 3125 3375 I AudioFlinger: SpdifStreamOut::open() AudioFlinger requested sampleRate 48000, format 0xb000000, channelMask 0x63f
10-08 19:23:50.049 3125 3375 I AudioFlinger: SpdifStreamOut::open() HAL configured for sampleRate 48000, format 0x1, channelMask 0x3
10-08 19:23:50.049 3125 3375 I AudioFlinger: SpdifStreamOut::open() status = 0
10-08 19:23:50.050 3125 3375 I AudioFlinger: HAL output buffer size 32768 frames, normal sink buffer size 32768 frames
10-08 19:23:50.050 3125 8705 I AudioFlinger: AudioFlinger's thread 0x4ece9000 tid=8705 ready to run
10-08 19:23:50.108 3125 11461 I APM_AudioPolicyManager: getOutputForAttr() device 0x400, sampling rate 48000, format 0xe000000, channel mask 0x63f, flags 0x1
10-08 19:23:50.108 3125 11461 W APM_AudioPolicyManager: getOutputForDevice() could not find output for stream 3, sampling rate 48000, format 0xe000000, channels 0x63f, flags 0x1
10-08 19:23:50.158 3125 11461 I APM_AudioPolicyManager: getOutputForAttr() device 0x400, sampling rate 48000, format 0xe000000, channel mask 0x63f, flags 0x1
10-08 19:23:50.158 3125 11461 W APM_AudioPolicyManager: getOutputForDevice() could not find output for stream 3, sampling rate 48000, format 0xe000000, channels 0x63f, flags 0x1
10-08 19:23:50.208 3125 11461 I APM_AudioPolicyManager: getOutputForAttr() device 0x400, sampling rate 48000, format 0xe000000, channel mask 0x63f, flags 0x1
10-08 19:23:50.208 3125 11461 W APM_AudioPolicyManager: getOutputForDevice() could not find output for stream 3, sampling rate 48000, format 0xe000000, channels 0x63f, flags 0x1
10-08 19:23:50.259 3125 11461 I APM_AudioPolicyManager: getOutputForAttr() device 0x400, sampling rate 48000, format 0xe000000, channel mask 0x63f, flags 0x1
10-08 19:23:50.259 3125 11461 W APM_AudioPolicyManager: getOutputForDevice() could not find output for stream 3, sampling rate 48000, format 0xe000000, channels 0x63f, flags 0x1
10-08 19:23:50.309 3125 11461 I APM_AudioPolicyManager: getOutputForAttr() device 0x400, sampling rate 48000, format 0xe000000, channel mask 0x63f, flags 0x1
10-08 19:23:50.309 3125 11461 W APM_AudioPolicyManager: getOutputForDevice() could not find output for stream 3, sampling rate 48000, format 0xe000000, channels 0x63f, flags 0x1
10-08 19:23:50.359 3125 11461 I APM_AudioPolicyManager: getOutputForAttr() device 0x400, sampling rate 48000, format 0xe000000, channel mask 0x63f, flags 0x1
10-08 19:23:50.359 3125 11461 W APM_AudioPolicyManager: getOutputForDevice() could not find output for stream 3, sampling rate 48000, format 0xe000000, channels 0x63f, flags 0x1
10-08 19:23:50.409 3125 11461 I APM_AudioPolicyManager: getOutputForAttr() device 0x400, sampling rate 48000, format 0xe000000, channel mask 0x63f, flags 0x1
10-08 19:23:50.409 3125 11461 W APM_AudioPolicyManager: getOutputForDevice() could not find output for stream 3, sampling rate 48000, format 0xe000000, channels 0x63f, flags 0x1
10-08 19:23:50.459 3125 11461 I APM_AudioPolicyManager: getOutputForAttr() device 0x400, sampling rate 48000, format 0xe000000, channel mask 0x63f, flags 0x1
10-08 19:23:50.459 3125 11461 W APM_AudioPolicyManager: getOutputForDevice() could not find output for stream 3, sampling rate 48000, format 0xe000000, channels 0x63f, flags 0x1
10-08 19:23:50.510 3125 11461 I APM_AudioPolicyManager: getOutputForAttr() device 0x400, sampling rate 48000, format 0xe000000, channel mask 0x63f, flags 0x1
10-08 19:23:50.510 3125 11461 W APM_AudioPolicyManager: getOutputForDevice() could not find output for stream 3, sampling rate 48000, format 0xe000000, channels 0x63f, flags 0x1
10-08 19:23:50.560 3125 11461 I APM_AudioPolicyManager: getOutputForAttr() device 0x400, sampling rate 48000, format 0xe000000, channel mask 0x63f, flags 0x1
10-08 19:23:50.560 3125 11461 W APM_AudioPolicyManager: getOutputForDevice() could not find output for stream 3, sampling rate 48000, format 0xe000000, channels 0x63f, flags 0x1
