10-08 19:23:50.610 3125 11461 I APM_AudioPolicyManager: getOutputForAttr() device 0x400, sampling rate 48000, format 0xe000000, channel mask 0x63f, flags 0x1
10-08 19:23:50.610 3125 11461 W APM_AudioPolicyManager: getOutputForDevice() could not find output for stream 3, sampling rate 48000, format 0xe000000, channels 0x63f, flags 0x1
10-08 19:23:50.660 3125 11461 I APM_AudioPolicyManager: getOutputForAttr() device 0x400, sampling rate 48000, format 0xe000000, channel mask 0x63f, flags 0x1
10-08 19:23:50.660 3125 11461 W APM_AudioPolicyManager: getOutputForDevice() could not find output for stream 3, sampling rate 48000, format 0xe000000, channels 0x63f, flags 0x1
10-08 19:23:50.710 3125 11461 I APM_AudioPolicyManager: getOutputForAttr() device 0x400, sampling rate 48000, format 0xe000000, channel mask 0x63f, flags 0x1
10-08 19:23:50.710 3125 11461 W APM_AudioPolicyManager: getOutputForDevice() could not find output for stream 3, sampling rate 48000, format 0xe000000, channels 0x63f, flags 0x1
10-08 19:23:50.761 3125 11461 I APM_AudioPolicyManager: getOutputForAttr() device 0x400, sampling rate 48000, format 0xe000000, channel mask 0x63f, flags 0x1
10-08 19:23:50.761 3125 11461 W APM_AudioPolicyManager: getOutputForDevice() could not find output for stream 3, sampling rate 48000, format 0xe000000, channels 0x63f, flags 0x1
10-08 19:23:50.811 3125 11461 I APM_AudioPolicyManager: getOutputForAttr() device 0x400, sampling rate 48000, format 0xe000000, channel mask 0x63f, flags 0x1
10-08 19:23:50.811 3125 11461 W APM_AudioPolicyManager: getOutputForDevice() could not find output for stream 3, sampling rate 48000, format 0xe000000, channels 0x63f, flags 0x1
10-08 19:23:50.861 3125 11461 I APM_AudioPolicyManager: getOutputForAttr() device 0x400, sampling rate 48000, format 0xe000000, channel mask 0x63f, flags 0x1
10-08 19:23:50.861 3125 11461 W APM_AudioPolicyManager: getOutputForDevice() could not find output for stream 3, sampling rate 48000, format 0xe000000, channels 0x63f, flags 0x1
10-08 19:23:50.861 3125 11461 E AudioFlinger: createTrack() getOutputForAttr() return error -38 or invalid output handle
10-08 19:23:50.881 4089 4139 I Finsky : [445] jis.run(3): Stats for Executor: BlockingExecutor jkk@b14c54a[Running, pool size = 2, active threads = 0, queued tasks = 0, completed tasks = 13]
10-08 19:23:50.881 4089 4139 I Finsky : [445] jis.run(3): Stats for Executor: LightweightExecutor jkk@d30bcbb[Running, pool size = 3, active threads = 0, queued tasks = 0, completed tasks = 61]
10-08 19:23:50.915 3125 11461 I APM_AudioPolicyManager: getOutputForAttr() device 0x400, sampling rate 48000, format 0xd000000, channel mask 0x3, flags 0x1
10-08 19:23:50.915 3125 11461 I AudioFlinger: openOutput() this 0x4b3be000, module 10 Device 0x400, SamplingRate 48000, Format 0xd000000, Channels 0x3, flags 0x1
10-08 19:23:50.916 3125 11461 I AudioFlinger: HAL output buffer size 1024 frames, normal sink buffer size 1024 frames
10-08 19:23:50.916 3125 8709 I AudioFlinger: AudioFlinger's thread 0x4d8ec000 tid=8709 ready to run
10-08 19:23:50.974 3125 11461 I APM_AudioPolicyManager: getOutputForAttr() device 0x400, sampling rate 192000, format 0xd000000, channel mask 0x63f, flags 0x1
10-08 19:23:50.974 3125 11461 W APM_AudioPolicyManager: getOutputForDevice() could not find output for stream 3, sampling rate 192000, format 0xd000000, channels 0x63f, flags 0x1
10-08 19:23:51.025 3125 11461 I APM_AudioPolicyManager: getOutputForAttr() device 0x400, sampling rate 192000, format 0xd000000, channel mask 0x63f, flags 0x1
10-08 19:23:51.025 3125 11461 W APM_AudioPolicyManager: getOutputForDevice() could not find output for stream 3, sampling rate 192000, format 0xd000000, channels 0x63f, flags 0x1
10-08 19:23:51.075 3125 11461 I APM_AudioPolicyManager: getOutputForAttr() device 0x400, sampling rate 192000, format 0xd000000, channel mask 0x63f, flags 0x1
10-08 19:23:51.075 3125 11461 W APM_AudioPolicyManager: getOutputForDevice() could not find output for stream 3, sampling rate 192000, format 0xd000000, channels 0x63f, flags 0x1
10-08 19:23:51.089 3089 31642 W nvaudio_hw: stop_output_stream: 1 underruns seen on pcm device hdmi-playback
10-08 19:23:51.125 3125 11461 I APM_AudioPolicyManager: getOutputForAttr() device 0x400, sampling rate 192000, format 0xd000000, channel mask 0x63f, flags 0x1
10-08 19:23:51.125 3125 11461 W APM_AudioPolicyManager: getOutputForDevice() could not find output for stream 3, sampling rate 192000, format 0xd000000, channels 0x63f, flags 0x1
10-08 19:23:51.175 3125 11461 I APM_AudioPolicyManager: getOutputForAttr() device 0x400, sampling rate 192000, format 0xd000000, channel mask 0x63f, flags 0x1
10-08 19:23:51.175 3125 11461 W APM_AudioPolicyManager: getOutputForDevice() could not find output for stream 3, sampling rate 192000, format 0xd000000, channels 0x63f, flags 0x1
10-08 19:23:51.226 3125 11461 I APM_AudioPolicyManager: getOutputForAttr() device 0x400, sampling rate 192000, format 0xd000000, channel mask 0x63f, flags 0x1
10-08 19:23:51.226 3125 11461 W APM_AudioPolicyManager: getOutputForDevice() could not find output for stream 3, sampling rate 192000, format 0xd000000, channels 0x63f, flags 0x1
10-08 19:23:51.276 3125 11461 I APM_AudioPolicyManager: getOutputForAttr() device 0x400, sampling rate 192000, format 0xd000000, channel mask 0x63f, flags 0x1
10-08 19:23:51.276 3125 11461 W APM_AudioPolicyManager: getOutputForDevice() could not find output for stream 3, sampling rate 192000, format 0xd000000, channels 0x63f, flags 0x1
10-08 19:23:51.302 4089 4139 I Finsky : [445] jis.run(3): Stats for Executor: bgExecutor jkk@ae385d8[Running, pool size = 4, active threads = 0, queued tasks = 0, completed tasks = 44]
10-08 19:23:51.326 3125 11461 I APM_AudioPolicyManager: getOutputForAttr() device 0x400, sampling rate 192000, format 0xd000000, channel mask 0x63f, flags 0x1
10-08 19:23:51.326 3125 11461 W APM_AudioPolicyManager: getOutputForDevice() could not find output for stream 3, sampling rate 192000, format 0xd000000, channels 0x63f, flags 0x1
10-08 19:23:51.376 3125 11461 I APM_AudioPolicyManager: getOutputForAttr() device 0x400, sampling rate 192000, format 0xd000000, channel mask 0x63f, flags 0x1
10-08 19:23:51.376 3125 11461 W APM_AudioPolicyManager: getOutputForDevice() could not find output for stream 3, sampling rate 192000, format 0xd000000, channels 0x63f, flags 0x1
10-08 19:23:51.427 3125 11461 I APM_AudioPolicyManager: getOutputForAttr() device 0x400, sampling rate 192000, format 0xd000000, channel mask 0x63f, flags 0x1
10-08 19:23:51.427 3125 11461 W APM_AudioPolicyManager: getOutputForDevice() could not find output for stream 3, sampling rate 192000, format 0xd000000, channels 0x63f, flags 0x1
10-08 19:23:51.477 3125 11461 I APM_AudioPolicyManager: getOutputForAttr() device 0x400, sampling rate 192000, format 0xd000000, channel mask 0x63f, flags 0x1
10-08 19:23:51.477 3125 11461 W APM_AudioPolicyManager: getOutputForDevice() could not find output for stream 3, sampling rate 192000, format 0xd000000, channels 0x63f, flags 0x1
10-08 19:23:51.527 3125 11461 I APM_AudioPolicyManager: getOutputForAttr() device 0x400, sampling rate 192000, format 0xd000000, channel mask 0x63f, flags 0x1
10-08 19:23:51.527 3125 11461 W APM_AudioPolicyManager: getOutputForDevice() could not find output for stream 3, sampling rate 192000, format 0xd000000, channels 0x63f, flags 0x1
10-08 19:23:51.577 3125 11461 I APM_AudioPolicyManager: getOutputForAttr() device 0x400, sampling rate 192000, format 0xd000000, channel mask 0x63f, flags 0x1
10-08 19:23:51.577 3125 11461 W APM_AudioPolicyManager: getOutputForDevice() could not find output for stream 3, sampling rate 192000, format 0xd000000, channels 0x63f, flags 0x1
10-08 19:23:51.628 3125 11461 I APM_AudioPolicyManager: getOutputForAttr() device 0x400, sampling rate 192000, format 0xd000000, channel mask 0x63f, flags 0x1
10-08 19:23:51.628 3125 11461 W APM_AudioPolicyManager: getOutputForDevice() could not find output for stream 3, sampling rate 192000, format 0xd000000, channels 0x63f, flags 0x1
10-08 19:23:51.678 3125 11461 I APM_AudioPolicyManager: getOutputForAttr() device 0x400, sampling rate 192000, format 0xd000000, channel mask 0x63f, flags 0x1
10-08 19:23:51.678 3125 11461 W APM_AudioPolicyManager: getOutputForDevice() could not find output for stream 3, sampling rate 192000, format 0xd000000, channels 0x63f, flags 0x1
10-08 19:23:51.728 3125 11461 I APM_AudioPolicyManager: getOutputForAttr() device 0x400, sampling rate 192000, format 0xd000000, channel mask 0x63f, flags 0x1
10-08 19:23:51.728 3125 11461 W APM_AudioPolicyManager: getOutputForDevice() could not find output for stream 3, sampling rate 192000, format 0xd000000, channels 0x63f, flags 0x1
10-08 19:23:51.728 3125 11461 E AudioFlinger: createTrack() getOutputForAttr() return error -38 or invalid output handle
10-08 19:23:51.782 3470 8694 I chatty : uid=10165(org.xbmc.kodinerds) expire 2 lines
10-08 19:23:51.785 3125 11461 I APM_AudioPolicyManager: getOutputForAttr() device 0x400, sampling rate 44100, format 0x5, channel mask 0x3, flags 0
10-08 19:23:51.785 3125 11461 D AudioFlinger: Client defaulted notificationFrames to 945 for frameCount 2836
10-08 19:23:51.791 3728 4293 E bt_btif : register_notification_rsp: Avrcp device is not connected, handle: 0x0
10-08 19:23:51.791 3728 4293 I chatty : uid=1002(bluetooth) BluetoothAvrcpH identical 4 lines
10-08 19:23:51.791 3728 4293 E bt_btif : register_notification_rsp: Avrcp device is not connected, handle: 0x0
10-08 19:23:51.792 3125 11461 I hash_map_utils: key: 'nv_param_low_latency_active' value: ''
10-08 19:23:51.858 3470 8684 I chatty : uid=10165(org.xbmc.kodinerds) expire 73 lines
10-08 19:23:51.860 3470 3470 I chatty : uid=10165(org.xbmc.kodinerds) expire 7 lines
10-08 19:23:51.959 2975 2975 E SELinux : avc: denied { find } for interface=vendor.nvidia.hardware.cpl.service::INvCplHalService sid=u:r:untrusted_app:s0:c165,c256,c512,c768 pid=3470 scontext=u:r:untrusted_app:s0:c165,c256,c512,c768 tcontext=u:object_r:hal_cplservice_hwservice:s0 tclass=hwservice_manager permissive=0
10-08 19:23:51.960 2975 2975 E SELinux : avc: denied { find } for interface=vendor.nvidia.hardware.cpl.service::INvCplHalService sid=u:r:untrusted_app:s0:c165,c256,c512,c768 pid=3470 scontext=u:r:untrusted_app:s0:c165,c256,c512,c768 tcontext=u:object_r:hal_cplservice_hwservice:s0 tclass=hwservice_manager permissive=0
10-08 19:23:51.970 3543 3645 I InputReader: Reconfiguring input devices. changes=0x00000004
10-08 19:23:52.008 2975 2975 E SELinux : avc: denied { find } for interface=vendor.nvidia.hardware.cpl.service::INvCplHalService sid=u:r:untrusted_app:s0:c165,c256,c512,c768 pid=3470 scontext=u:r:untrusted_app:s0:c165,c256,c512,c768 tcontext=u:object_r:hal_cplservice_hwservice:s0 tclass=hwservice_manager permissive=0
10-08 19:23:52.008 2975 2975 E SELinux : avc: denied { find } for interface=vendor.nvidia.hardware.cpl.service::INvCplHalService sid=u:r:untrusted_app:s0:c165,c256,c512,c768 pid=3470 scontext=u:r:untrusted_app:s0:c165,c256,c512,c768 tcontext=u:object_r:hal_cplservice_hwservice:s0 tclass=hwservice_manager permissive=0
10-08 19:23:52.034 6692 3968 I chromium: [6692:3968:INFO:ssdp_device.c(101)] SSDP packets sent for 30 seconds = 22
10-08 19:23:52.166 3127 4079 D SurfaceFlinger: Connected to Power Manager
10-08 19:23:52.475 3470 8719 I chatty : uid=10165(org.xbmc.kodinerds) expire 7 lines
10-08 19:23:54.191 3543 3665 D NsdService: New client listening to asynchronous messages
10-08 19:23:54.191 3543 3665 D NsdService: New client, channel: com.android.internal.util.AsyncChannel@53ff719 messenger: android.os.Messenger@fdc03de
10-08 19:23:54.192 3470 8733 I chatty : uid=10165(org.xbmc.kodinerds) expire 2 lines
10-08 19:23:54.198 3543 3665 D NsdService: Register service
10-08 19:23:54.198 3543 3665 D NsdService: registerService: 79 name: Kodi (SHIELD.fritz.box), type: _xbmc-events._udp, host: /127.0.0.1, port: 9777, txtRecord:
10-08 19:23:54.198 3543 3665 D NsdService: mdnssd [register, 79, Kodi (SHIELD.fritz.box), _xbmc-events._udp, 9777, ]
10-08 19:23:54.199 3543 3665 D NsdService: Register 2 79
10-08 19:23:54.202 3543 3665 D NsdService: Register service
10-08 19:23:54.202 3543 3665 D NsdService: registerService: 80 name: Kodi (SHIELD.fritz.box), type: _xbmc-jsonrpc._tcp, host: /127.0.0.1, port: 9090, txtRecord: txtvers=1)uuid=00122aea-d7e8-4760-bc20-b1b5dfbd78b7
10-08 19:23:54.202 3543 3665 D NsdService: mdnssd [register, 80, Kodi (SHIELD.fritz.box), _xbmc-jsonrpc._tcp, 9090, CXR4dHZlcnM9MSl1dWlkPTAwMTIyYWVhLWQ3ZTgtNDc2MC1iYzIwLWIxYjVkZmJkNzhiNw==]
10-08 19:23:54.203 3543 3665 D NsdService: Register 3 80
10-08 19:23:54.851 3543 3665 D NsdService: Native daemon message SERVICE_REGISTERED: 606 80 "Kodi (SHIELD.fritz.box)"
10-08 19:23:54.852 3543 3665 D NsdService: Native daemon message SERVICE_REGISTERED: 606 79 "Kodi (SHIELD.fritz.box)"
10-08 19:23:55.683 3543 3645 D WindowManager: handleComboKeys keyCode: 20, keyAction: 0
10-08 19:23:55.688 3470 8682 I chatty : uid=10165(org.xbmc.kodinerds) expire 30 lines
10-08 19:23:56.753 3543 3645 D WindowManager: handleComboKeys keyCode: 20, keyAction: 1
10-08 19:23:57.294 3543 3645 D WindowManager: handleComboKeys keyCode: 20, keyAction: 0
10-08 19:23:57.358 3470 8740 I chatty : uid=10165(org.xbmc.kodinerds) expire 1 line
10-08 19:23:57.376 3470 8725 I chatty : uid=10165(org.xbmc.kodinerds) expire 1 line
10-08 19:23:57.497 3543 3645 D WindowManager: handleComboKeys keyCode: 20, keyAction: 1
10-08 19:23:58.601 3543 3645 D WindowManager: handleComboKeys keyCode: 22, keyAction: 0
10-08 19:23:58.763 3543 3645 D WindowManager: handleComboKeys keyCode: 22, keyAction: 1
10-08 19:23:59.271 3543 3645 D WindowManager: handleComboKeys keyCode: 20, keyAction: 0
10-08 19:23:59.428 3543 3645 D WindowManager: handleComboKeys keyCode: 20, keyAction: 1
10-08 19:23:59.912 3543 3645 D WindowManager: handleComboKeys keyCode: 23, keyAction: 0
10-08 19:24:00.054 3543 3645 D WindowManager: handleComboKeys keyCode: 23, keyAction: 1
10-08 19:24:00.477 3328 3362 E storaged: getDiskStats failed with result NOT_SUPPORTED and size 0
10-08 19:24:03.838 3543 3645 D WindowManager: handleComboKeys keyCode: 20, keyAction: 0
10-08 19:24:04.019 3543 3645 D WindowManager: handleComboKeys keyCode: 20, keyAction: 1
10-08 19:24:04.222 3543 3645 D WindowManager: handleComboKeys keyCode: 20, keyAction: 0
10-08 19:24:04.393 3543 3645 D WindowManager: handleComboKeys keyCode: 20, keyAction: 1
10-08 19:24:04.510 3543 3645 D WindowManager: handleComboKeys keyCode: 20, keyAction: 0
10-08 19:24:04.663 3543 3645 D WindowManager: handleComboKeys keyCode: 20, keyAction: 1
10-08 19:24:05.178 3543 3645 D WindowManager: handleComboKeys keyCode: 23, keyAction: 0
10-08 19:24:05.308 3543 3645 D WindowManager: handleComboKeys keyCode: 23, keyAction: 1
10-08 19:24:06.349 6692 27485 E chromium: [6692:27485:ERROR:wifi_frame_histogram_capturer.cc(404)] No histogram or IOCTL data
10-08 19:24:06.349 6692 27485 I chromium: [6692:27485:INFO:wifi_util.cc(199)] Current wifi TDLS peers:
10-08 19:24:06.349 6692 27485 I chromium: [6692:27485:INFO:wifi_util.cc(201)] No peers:
10-08 19:24:06.496 6692 6692 I chromium: [6692:6692:INFO:metrics_recorder.cc(228)] Record action: Cast.CecHdmiInputState.Active
10-08 19:24:06.496 6692 6692 I chromium: [6692:6692:INFO:metrics_recorder.cc(228)] Record action: Cast.CecStandby.On
10-08 19:24:06.924 3543 3645 D WindowManager: handleComboKeys keyCode: 20, keyAction: 0
10-08 19:24:06.928 3470 8682 I chatty : uid=10165(org.xbmc.kodinerds) expire 24 lines
10-08 19:24:07.081 3543 3645 D WindowManager: handleComboKeys keyCode: 20, keyAction: 1
10-08 19:24:07.302 3543 3645 D WindowManager: handleComboKeys keyCode: 20, keyAction: 0
10-08 19:24:07.479 3543 3645 D WindowManager: handleComboKeys keyCode: 20, keyAction: 1
10-08 19:24:07.644 3543 3645 D WindowManager: handleComboKeys keyCode: 20, keyAction: 0
10-08 19:24:07.803 3543 3645 D WindowManager: handleComboKeys keyCode: 20, keyAction: 1
10-08 19:24:08.584 3543 3645 D WindowManager: handleComboKeys keyCode: 23, keyAction: 0
10-08 19:24:08.744 3543 3645 D WindowManager: handleComboKeys keyCode: 23, keyAction: 1
10-08 19:24:10.025 3470 8747 I chatty : uid=10165(org.xbmc.kodinerds) expire 3 lines
10-08 19:24:11.774 3543 3645 D WindowManager: handleComboKeys keyCode: 20, keyAction: 0
10-08 19:24:11.982 3543 3645 D WindowManager: handleComboKeys keyCode: 20, keyAction: 1
10-08 19:24:12.219 3543 3645 D WindowManager: handleComboKeys keyCode: 20, keyAction: 0
10-08 19:24:12.362 3543 3645 D WindowManager: handleComboKeys keyCode: 20, keyAction: 1
10-08 19:24:12.550 3543 3645 D WindowManager: handleComboKeys keyCode: 20, keyAction: 0
10-08 19:24:12.685 3543 3645 D WindowManager: handleComboKeys keyCode: 20, keyAction: 1
10-08 19:24:12.849 3543 3645 D WindowManager: handleComboKeys keyCode: 20, keyAction: 0
10-08 19:24:12.971 3543 3645 D WindowManager: handleComboKeys keyCode: 20, keyAction: 1
10-08 19:24:13.494 3543 3645 D WindowManager: handleComboKeys keyCode: 20, keyAction: 0
10-08 19:24:13.632 3543 3645 D WindowManager: handleComboKeys keyCode: 20, keyAction: 1
10-08 19:24:14.943 3728 4249 W bt_btm_pm: Sniff Interval For Device MAC 00:04:20:f5:f5:a8 is 33.750000 msec.
10-08 19:24:15.913 3543 3645 D WindowManager: handleComboKeys keyCode: 19, keyAction: 0
10-08 19:24:15.914 3543 3645 D WindowManager: handleComboKeys keyCode: 19, keyAction: 1
10-08 19:24:15.915 3543 3645 D WindowManager: handleComboKeys keyCode: 19, keyAction: 0
10-08 19:24:15.916 3543 3645 D WindowManager: handleComboKeys keyCode: 19, keyAction: 1
10-08 19:24:16.395 3543 3645 D WindowManager: handleComboKeys keyCode: 19, keyAction: 0
10-08 19:24:16.748 3543 3645 D WindowManager: handleComboKeys keyCode: 19, keyAction: 1
10-08 19:24:17.344 3543 3645 D WindowManager: handleComboKeys keyCode: 23, keyAction: 0
10-08 19:24:17.347 3470 8682 I chatty : uid=10165(org.xbmc.kodinerds) expire 2 lines
10-08 19:24:17.523 3543 3645 D WindowManager: handleComboKeys keyCode: 23, keyAction: 1
10-08 19:24:19.124 3470 8684 I chatty : uid=10165(org.xbmc.kodinerds) expire 1 line
10-08 19:24:19.471 3470 8803 I chatty : uid=10165(org.xbmc.kodinerds) expire 25 lines
10-08 19:24:19.509 4869 4869 D NowPlayingListener: onActiveSessionsChanged() called with: controllers = [[android.media.session.MediaController@38fcb09, android.media.session.MediaController@60c610e]]
10-08 19:24:19.509 4869 4869 D NowPlayingListener: updateMediaSessionCallback: android.media.session.MediaController@38fcb09
10-08 19:24:19.509 3728 3728 V NewAvrcpMediaPlayerList: onActiveSessionsChanged: number of controllers: 2
10-08 19:24:19.511 3728 3728 D NewAvrcpMediaPlayerList: onActiveSessionsChanged: controller: com.ghisler.android.TotalCommander
10-08 19:24:19.511 3728 3728 D NewAvrcpMediaPlayerList: Already have a controller for the player: com.ghisler.android.TotalCommander, updating instead
10-08 19:24:19.513 5872 5872 D DeviceControlManagerService: active session:com.ghisler.android.TotalCommander
10-08 19:24:19.517 3728 4293 W Avrcp : playState object null, sending STOPPED
10-08 19:24:19.519 3728 3728 D NewAvrcpMediaPlayerWrapper: com.ghisler.android.TotalCommander: Controller for com.ghisler.android.TotalCommander was updated.
10-08 19:24:19.520 4869 4869 D NowPlayingManager: onClientChanged() called with: clearing = [false]
10-08 19:24:19.521 4869 4869 D NowPlayingListener: updateMetadata() called with: metadata = [android.media.MediaMetadata@68e2ca92] and now playing listener: com.google.android.tvrecommendations.NowPlayingManager@ab6ca20
10-08 19:24:19.522 3728 3728 D NewAvrcpMediaPlayerList: sendMediaUpdate
10-08 19:24:19.522 3728 3728 I NewAvrcpMediaPlayerList: sendMediaUpdate: Creating a one item queue for a player with no queue
10-08 19:24:19.522 3728 3728 D NewAvrcpTargetService: onMediaUpdated: track_changed=false state=false queue=false
10-08 19:24:19.522 3728 3728 D NewAvrcpNativeInterface: sendMediaUpdate: metadata=false playStatus=false queue=false
10-08 19:24:19.522 3728 3728 D NewAvrcpTargetJni: sendMediaUpdateNative
10-08 19:24:19.522 3728 3728 I bt_stack: [INFO:avrcp_service.cc(342)] virtual void bluetooth::avrcp::AvrcpService::SendMediaUpdate(bool, bool, bool) track_changed=0 : play_state=0 : queue=0
10-08 19:24:19.526 3728 3728 D NewAvrcpMediaPlayerList: onActiveSessionsChanged: controller: org.xbmc.kodinerds
10-08 19:24:19.526 3728 3728 D NewAvrcpMediaPlayerList: Already have a controller for the player: org.xbmc.kodinerds, updating instead
10-08 19:24:19.528 3470 8687 I chatty : uid=10165(org.xbmc.kodinerds) expire 2 lines
10-08 19:24:19.529 3543 9105 I MediaFocusControl: requestAudioFocus() from uid/pid 10165/3470 clientId=android.media.AudioManager@376c0f3org.xbmc.kodinerds.interfaces.XBMCAudioManagerOnAudioFocusChangeListener@74c61b0 callingPack=org.xbmc.kodinerds req=1 flags=0x0 sdk=28
10-08 19:24:19.554 4869 4869 D NowPlayingManager: onMediaDataUpdated() called with: mediaData = [com.google.android.tvrecommendations.NowPlayingData@7abc72f]
10-08 19:24:19.555 4869 4869 D NowPlayingListener: updatePlayback() called with: state = [PlaybackState {state=1, position=-1, buffered position=0, speed=1.0, updated=4449198, actions=382, custom actions=[], active item id=-1, error=null}] and now playing listener: com.google.android.tvrecommendations.NowPlayingManager@ab6ca20
10-08 19:24:19.555 4869 4869 D NowPlayingManager: onClientPlaybackStateUpdate() called with: state = [1], stateChangeTimeMs = [4449198], currentPosMs = [-1]
10-08 19:24:19.555 4869 4869 D NowPlayingManager: onClientPlaybackStateUpdate: Skipped update, state: 1 was unchanged
10-08 19:24:19.555 3728 3728 D NewAvrcpMediaPlayerWrapper: com.ghisler.android.TotalCommander: Controller for com.ghisler.android.TotalCommander was updated.
10-08 19:24:19.556 3728 3728 D NewAvrcpMediaPlayerList: sendMediaUpdate
10-08 19:24:19.556 3728 3728 I NewAvrcpMediaPlayerList: sendMediaUpdate: Creating a one item queue for a player with no queue
10-08 19:24:19.556 3728 3728 D NewAvrcpTargetService: onMediaUpdated: track_changed=true state=true queue=true
10-08 19:24:19.556 3728 3728 D NewAvrcpNativeInterface: sendMediaUpdate: metadata=true playStatus=true queue=true
10-08 19:24:19.556 3728 3728 D NewAvrcpTargetJni: sendMediaUpdateNative
10-08 19:24:19.556 3728 3728 I bt_stack: [INFO:avrcp_service.cc(342)] virtual void bluetooth::avrcp::AvrcpService::SendMediaUpdate(bool, bool, bool) track_changed=1 : play_state=1 : queue=1
10-08 19:24:19.658 3728 3728 V NewAvrcpMediaPlayerWrapper: onPlaybackStateChanged(): com.ghisler.android.TotalCommander : PlaybackState {state=3, position=0, buffered position=0, speed=1.0, updated=100253158, actions=-1, custom actions=[], active item id=-1, error=null}
10-08 19:24:19.658 3728 3728 W NewAvrcpMediaPlayerWrapper: onPlaybackStateChanged(): com.ghisler.android.TotalCommander tried to update with no new data
10-08 19:24:19.962 3322 25706 D DrmHal : found drm@1.0 IDrmFactory clearkey
10-08 19:24:19.963 3322 25706 D DrmHal : found drm@1.0 IDrmFactory default
10-08 19:24:19.965 3322 25706 D DrmHal : found drm@1.0 IDrmFactory playready
10-08 19:24:19.965 3322 25706 D DrmHal : found drm@1.0 IDrmFactory widevine
10-08 19:24:19.967 3322 25706 D DrmHal : found drm@1.1 IDrmFactory clearkey
10-08 19:24:19.967 3322 25706 D DrmHal : found drm@1.1 IDrmFactory playready
10-08 19:24:19.968 3322 25706 D DrmHal : found drm@1.1 IDrmFactory widevine
10-08 19:24:19.970 3004 3004 E DxDrmModularPlugin: initClient_and_lock, failed to load config file a000000
10-08 19:24:19.970 3004 3004 I DxModule_0x80000000: Initializing DRM BlackBox
at external/DxDrm/MultiScheme/BlackBox/../../MultiScheme/BlackBox/DxDrmBlackBox.c(26)
10-08 19:24:19.970 3004 3004 I DxModule_0x80000000: Renewal table XML not found at: DxRenewalTable.xml
at external/DxDrm/MultiScheme/BlackBox/../../MultiScheme/BlackBox/DxSecureAssetsRenewal.cpp(44)
10-08 19:24:19.999 3004 3004 I DxModule_0x80000000: Authenticator opened successfully.
at external/DxDrm/MultiScheme/Server/../../DxInfra/DB/CDxSecureDB.cpp(824)
10-08 19:24:19.999 3004 3004 I DxModule_0x80000000: g_DxLastTimeSaved is 0
at external/DxDrm/PlatformUtils/Server/DxSecureTime.cpp(645)
10-08 19:24:20.000 3004 3004 I DxModule_0x80000000: GetLastSavedTime return 1570554871
at external/DxDrm/PlatformUtils/Server/DxSecureTime.cpp(657)
10-08 19:24:20.000 3004 3004 I DxModule_0x80000000: Base clock delta: 0
at external/DxDrm/PlatformUtils/Server/DxSecureTime.cpp(159)
10-08 19:24:20.000 3004 3004 I DxModule_0x80000000: Secure-Time toolkit initialized successfully.
at external/DxDrm/PlatformUtils/Server/DxSecureTime.cpp(163)
10-08 19:24:20.000 3004 3004 I DxModule_0x80000000: Initializing PlayReady server
at external/DxDrm/PlayReady/Server/DxPrdyServer.cpp(83)
10-08 19:24:20.000 3004 3004 I DxModule_0x80000000: Auto-Provisioning
at external/DxDrm/PlayReady/Server/DxPrdyAutoProvision.cpp(580)
10-08 19:24:20.001 3004 3004 E DxModule_0x80000000: Returning Error Code: (0x02000009)
at external/DxDrm/PlayReady/Server/DxPrdyProvisioning.cpp(112)
10-08 19:24:20.003 3004 3004 I chatty : uid=1013(media) identical 1 line
10-08 19:24:20.006 3004 3004 E DxModule_0x80000000: Returning Error Code: (0x02000009)
at external/DxDrm/PlayReady/Server/DxPrdyProvisioning.cpp(112)
10-08 19:24:20.006 3004 3004 I DxModule_0x80000000: Trying to initialize application context
at external/DxDrm/PlayReady/Server/DxPrdyProvisioning.cpp(404)
10-08 19:24:20.006 3004 3004 E DxModule_0x80000000: Call PlayReady_Initialize
at external/DxDrm/PlayReady/Server/DxPrdyProvisioning.cpp(409)
10-08 19:24:20.032 3004 3004 I DxModule_0x80000000: DRM_RVK_VerifyRevocationInfo Cache init
at external/DxDrm/PlayReady/ServerSDK/../Device_PK_1.2/Source/core/drmrevocation.c(2491)
10-08 19:24:20.102 3004 3004 I DxModule_0x80000000: Initialized PlayReady DRM context: 0x43A9A688
at external/DxDrm/PlayReady/Server/DxPrdyServerSdkApi.cpp(172)
10-08 19:24:20.102 3004 3004 I DxModule_0x80000000: PlayReady provisioning verified successfully
at external/DxDrm/PlayReady/Server/DxPrdyProvisioning.cpp(417)
10-08 19:24:20.104 3004 3004 I DxModule_0x80000000: DRM Server was initialized successfully.
at external/DxDrm/MultiScheme/Server/DxDrmServer.cpp(170)
10-08 19:24:20.104 3004 3004 I DxModule_0x80000000: DxDrmClient_Init DxLock_Create - res=0
at external/DxDrm/AdaptationLayer/CDxDrmClient.cpp(97)
10-08 19:24:20.105 3004 3004 I DxModule_0x80000000: DxDrmClient_Init end OK
at external/DxDrm/AdaptationLayer/CDxDrmClient.cpp(99)
10-08 19:24:20.164 3728 3728 V NewAvrcpMediaPlayerWrapper: onPlaybackStateChanged(): com.ghisler.android.TotalCommander : PlaybackState {state=3, position=0, buffered position=0, speed=1.0, updated=100253663, actions=-1, custom actions=[], active item id=-1, error=null}
10-08 19:24:20.164 3728 3728 W NewAvrcpMediaPlayerWrapper: onPlaybackStateChanged(): com.ghisler.android.TotalCommander tried to update with no new data
10-08 19:24:20.164 3004 3004 I DxModule_0x80000000: Initialized PlayReady DRM context: 0x43A9A608
at external/DxDrm/PlayReady/Server/DxPrdyServerSdkApi.cpp(172)
10-08 19:24:20.165 3004 3004 I DxModule_0x80000000: Creating petition request
at external/DxDrm/PlayReady/Client/CDxPrdyClockSyncIS.cpp(94)
10-08 19:24:20.168 3004 3004 E DxModule_0x80000000: Returning Error Code: DX_HTTP_REQUEST_IS_AVAILABLE (0x00000020)
at external/DxDrm/PlayReady/Client/CDxPrdyClockSyncIS.cpp(100)
10-08 19:24:20.168 3004 3004 I LIBDXEXT_CURL: Initializing Lib
10-08 19:24:20.665 3728 3728 V NewAvrcpMediaPlayerWrapper: onPlaybackStateChanged(): com.ghisler.android.TotalCommander : PlaybackState {state=3, position=0, buffered position=0, speed=1.0, updated=100254164, actions=-1, custom actions=[], active item id=-1, error=null}
10-08 19:24:20.665 3728 3728 W NewAvrcpMediaPlayerWrapper: onPlaybackStateChanged(): com.ghisler.android.TotalCommander tried to update with no new data
10-08 19:24:21.074 3004 3004 I DxModule_0x80000000: Processing petition response to retrieve challenge URL
at external/DxDrm/PlayReady/Client/CDxPrdyClockSyncIS.cpp(105)
10-08 19:24:21.074 3004 3004 I DxModule_0x80000000: Generating secure clock challenge request.
at external/DxDrm/PlayReady/Client/CDxPrdyClockSyncIS.cpp(115)
10-08 19:24:21.074 3004 3004 E DxModule_0x80000000: Returning Error Code: DX_HTTP_REQUEST_IS_AVAILABLE (0x00000020)
at external/DxDrm/PlayReady/Client/CDxPrdyClockSyncIS.cpp(121)
10-08 19:24:21.181 3728 3728 V NewAvrcpMediaPlayerWrapper: onPlaybackStateChanged(): com.ghisler.android.TotalCommander : PlaybackState {state=3, position=0, buffered position=0, speed=1.0, updated=100254681, actions=-1, custom actions=[], active item id=-1, error=null}
10-08 19:24:21.182 3728 3728 W NewAvrcpMediaPlayerWrapper: onPlaybackStateChanged(): com.ghisler.android.TotalCommander tried to update with no new data
10-08 19:24:21.253 3004 3004 I DxModule_0x80000000: Processing secure clock challenge response.
at external/DxDrm/PlayReady/Client/CDxPrdyClockSyncIS.cpp(126)
10-08 19:24:21.317 3004 3004 I DxModule_0x80000000: Clock synchronization successful
at external/DxDrm/PlayReady/Client/CDxPrdyClockSyncIS.cpp(138)
10-08 19:24:21.320 3004 3004 D DxDrmModularPlugin: Android Release = 9
10-08 19:24:21.320 3004 3004 D DxDrmModularPlugin: ++++++++++++ DxDrmModularPlugin version: _KK_HWA_PR_1.0.0.0 CORE: DX10_NvidiaTLK_PLAYREADY_RC_06_00_16_30416 ++++++++++++
10-08 19:24:21.321 3004 3004 E DxNvGooModularPlugin: setListener
10-08 19:24:21.323 3004 3004 E DxNvGooModularPlugin: getSecurityLevel
10-08 19:24:21.323 3004 3004 F android.hardware.drm@1.1::DrmPlugin: getSecurityLevel: _hidl_cb not called, but must be called once. --------- beginning of crash
10-08 19:24:21.323 3004 3004 F libc : Fatal signal 6 (SIGABRT), code -6 (SI_TKILL) in tid 3004 (drm@1.1-service), pid 3004 (drm@1.1-service)
10-08 19:24:21.344 8818 8818 I crash_dump32: obtaining output fd from tombstoned, type: kDebuggerdTombstone
10-08 19:24:21.344 3334 3334 I /system/bin/tombstoned: received crash request for pid 3004
10-08 19:24:21.344 8818 8818 I crash_dump32: performing dump of process 3004 (target tid = 3004)
10-08 19:24:21.349 8818 8818 F DEBUG : *** *** *** *** *** *** *** *** *** *** *** *** *** *** *** ***
10-08 19:24:21.349 8818 8818 F DEBUG : Build fingerprint: 'NVIDIA/foster_e_hdd/foster:9/PPR1.180610.011/4086637_1697.8089:user/release-keys'
10-08 19:24:21.349 8818 8818 F DEBUG : Revision: '0'
10-08 19:24:21.349 8818 8818 F DEBUG : ABI: 'arm'
10-08 19:24:21.349 8818 8818 F DEBUG : pid: 3004, tid: 3004, name: drm@1.1-service >>> /vendor/bin/hw/android.hardware.drm@1.1-service.playready <<<
10-08 19:24:21.349 8818 8818 F DEBUG : signal 6 (SIGABRT), code -6 (SI_TKILL), fault addr --------
10-08 19:24:21.349 8818 8818 F DEBUG : Abort message: 'getSecurityLevel: _hidl_cb not called, but must be called once.'
10-08 19:24:21.349 8818 8818 F DEBUG : r0 00000000 r1 00000bbc r2 00000006 r3 00000008
10-08 19:24:21.349 8818 8818 F DEBUG : r4 00000bbc r5 00000bbc r6 ffbdaacc r7 0000010c
10-08 19:24:21.349 8818 8818 F DEBUG : r8 41e5af79 r9 ffbdb404 r10 ffbdb448 r11 434e40e4
10-08 19:24:21.350 8818 8818 F DEBUG : ip ffbdaf58 sp ffbdaab8 lr 432f324d pc 432eaf76
10-08 19:24:21.356 8818 8818 F DEBUG :
10-08 19:24:21.356 8818 8818 F DEBUG : backtrace:
10-08 19:24:21.357 8818 8818 F DEBUG : #00 pc 0001cf76 /system/lib/libc.so (abort+58)
10-08 19:24:21.357 8818 8818 F DEBUG : #01 pc 00006d91 /system/lib/liblog.so (__android_log_assert+156)
10-08 19:24:21.357 8818 8818 F DEBUG : #02 pc 00020ebf /system/lib/vndk-28/android.hardware.drm@1.1.so (android::hardware::drm::V1_1::BnHwDrmPlugin::_hidl_getSecurityLevel(android::hidl::base::V1_0::BnHwBase*, android::hardware::Parcel const&, android::hardware::Parcel*, std::__1::function)+310)
10-08 19:24:21.357 8818 8818 F DEBUG : #03 pc 00021fa1 /system/lib/vndk-28/android.hardware.drm@1.1.so (android::hardware::drm::V1_1::BnHwDrmPlugin::onTransact(unsigned int, android::hardware::Parcel const&, android::hardware::Parcel*, unsigned int, std::__1::function)+2652)
10-08 19:24:21.357 8818 8818 F DEBUG : #04 pc 000165d9 /system/lib/vndk-sp-28/libhwbinder.so (android::hardware::BHwBinder::transact(unsigned int, android::hardware::Parcel const&, android::hardware::Parcel*, unsigned int, std::__1::function)+52)
10-08 19:24:21.357 8818 8818 F DEBUG : #05 pc 0000f73f /system/lib/vndk-sp-28/libhwbinder.so (android::hardware::IPCThreadState::executeCommand(int)+806)
10-08 19:24:21.357 8818 8818 F DEBUG : #06 pc 0000f30b /system/lib/vndk-sp-28/libhwbinder.so (android::hardware::IPCThreadState::getAndExecuteCommand()+122)
10-08 19:24:21.357 8818 8818 F DEBUG : #07 pc 0000fbc7 /system/lib/vndk-sp-28/libhwbinder.so (android::hardware::IPCThreadState::joinThreadPool(bool)+190)
10-08 19:24:21.357 8818 8818 F DEBUG : #08 pc 000012d7 /vendor/bin/hw/android.hardware.drm@1.1-service.playready (main+410)
10-08 19:24:21.357 8818 8818 F DEBUG : #09 pc 0008cbdd /system/lib/libc.so (__libc_init+48)
10-08 19:24:21.357 8818 8818 F DEBUG : #10 pc 0000111d /vendor/bin/hw/android.hardware.drm@1.1-service.playready (_start_main+40)
10-08 19:24:21.357 8818 8818 F DEBUG : #11 pc 00000306
10-08 19:24:21.389 3543 3799 W NativeCrashListener: Couldn't find ProcessRecord for pid 3004
10-08 19:24:21.389 3334 3334 W /system/bin/tombstoned: crash socket received short read of length 0 (expected 12)
10-08 19:24:21.456 8821 8821 D NvOsDebugPrintf:
10-08 19:24:21.456 8821 8821 D NvOsDebugPrintf:
10-08 19:24:21.456 8821 8821 D NvOsDebugPrintf:
10-08 19:24:21.456 8821 8821 D NvOsDebugPrintf: ****NvRmMemInit failed****
10-08 19:24:21.456 8821 8821 D NvOsDebugPrintf:
10-08 19:24:21.456 8821 8821 D NvOsDebugPrintf:
10-08 19:24:21.456 3470 8803 I chatty : uid=10165(org.xbmc.kodinerds) expire 39 lines
10-08 19:24:21.457 8821 8821 D android.hardware.drm@1.1-service.playready: playready HAL service starting...
10-08 19:24:21.457 8821 8821 I ServiceManagement: Removing namespace from process name android.hardware.drm@1.1-service.playready to drm@1.1-service.playready.
10-08 19:24:21.459 8821 8821 I ServiceManagement: Removing namespace from process name android.hardware.drm@1.1-service.playready to drm@1.1-service.playready.
10-08 19:24:21.585 3470 8733 I chatty : uid=10165(org.xbmc.kodinerds) expire 3 lines
10-08 19:24:21.642 3470 8803 I chatty : uid=10165(org.xbmc.kodinerds) expire 56 lines
10-08 19:24:21.643 3470 8803 F .xbmc.kodinerd: runtime.cc:558] | group="" sCount=1 dsCount=0 flags=1 obj=0x13280370 self=0x2f44823400
10-08 19:24:21.643 3470 8803 F .xbmc.kodinerd: runtime.cc:558] | sysTid=3497 nice=0 cgrp=default sched=0/0 handle=0x2f4b2164f0
10-08 19:24:21.643 3470 8803 F .xbmc.kodinerd: runtime.cc:558] | state=S schedstat=( 411458 3079845 2 ) utm=0 stm=0 core=2 HZ=100
10-08 19:24:21.643 3470 8803 F .xbmc.kodinerd: runtime.cc:558] | stack=0x2f4b11b000-0x2f4b11d000 stackSize=1009KB
10-08 19:24:21.643 3470 8803 F .xbmc.kodinerd: runtime.cc:558] | held mutexes=
10-08 19:24:21.643 3470 8803 F .xbmc.kodinerd: runtime.cc:558] kernel: (couldn't read /proc/self/task/3497/stack)
10-08 19:24:21.643 3470 8803 F .xbmc.kodinerd: runtime.cc:558] native: #00 pc 000000000006e27c /system/lib64/libc.so (__rt_sigtimedwait+8)
10-08 19:24:21.643 3470 8803 F .xbmc.kodinerd: runtime.cc:558] native: #01 pc 000000000002d90c /system/lib64/libc.so (sigwait+64)
10-08 19:24:21.643 3470 8803 F .xbmc.kodinerd: runtime.cc:558] native: #02 pc 000000000047cc98 /system/lib64/libart.so (art::SignalCatcher::WaitForSignal(art::Thread*, art::SignalSet&)+388)
10-08 19:24:21.643 3470 8803 F .xbmc.kodinerd: runtime.cc:558] native: #03 pc 000000000047b640 /system/lib64/libart.so (art::SignalCatcher::Run(void*)+272)
10-08 19:24:21.643 3470 8803 F .xbmc.kodinerd: runtime.cc:558] native: #04 pc 0000000000081978 /system/lib64/libc.so (__pthread_start(void*)+36)
10-08 19:24:21.643 3470 8803 F .xbmc.kodinerd: runtime.cc:558] native: #05 pc 00000000000234b8 /system/lib64/libc.so (__start_thread+68)
10-08 19:24:21.643 3470 8803 F .xbmc.kodinerd: runtime.cc:558] (no managed stack frames)
10-08 19:24:21.643 3470 8803 F .xbmc.kodinerd: runtime.cc:558]
10-08 19:24:21.643 3470 8803 F .xbmc.kodinerd: runtime.cc:558] "ADB-JDWP Connection Control Thread" prio=10 tid=4 WaitingInMainDebuggerLoop
10-08 19:24:21.643 3470 8803 F .xbmc.kodinerd: runtime.cc:558] | group="" sCount=1 dsCount=0 flags=1 obj=0x132803f8 self=0x2f4b41f800
10-08 19:24:21.643 3470 8803 F .xbmc.kodinerd: runtime.cc:558] | sysTid=3498 nice=0 cgrp=default sched=0/0 handle=0x2f5cc134f0
10-08 19:24:21.643 3470 8803 F .xbmc.kodinerd: runtime.cc:558] | state=S schedstat=( 558749 1856614 8 ) utm=0 stm=0 core=0 HZ=100
10-08 19:24:21.643 3470 8803 F .xbmc.kodinerd: runtime.cc:558] | stack=0x2f5cb18000-0x2f5cb1a000 stackSize=1009KB
10-08 19:24:21.643 3470 8803 F .xbmc.kodinerd: runtime.cc:558] | held mutexes=
10-08 19:24:21.643 3470 8803 F .xbmc.kodinerd: runtime.cc:558] kernel: (couldn't read /proc/self/task/3498/stack)
10-08 19:24:21.643 3470 8803 F .xbmc.kodinerd: runtime.cc:558] native: #00 pc 000000000006e1bc /system/lib64/libc.so (__ppoll+8)
10-08 19:24:21.643 3470 8803 F .xbmc.kodinerd: runtime.cc:558] native: #01 pc 000000000002b5ec /system/lib64/libc.so (poll+88)
10-08 19:24:21.643 3470 8803 F .xbmc.kodinerd: runtime.cc:558] native: #02 pc 0000000000006c50 /system/lib64/libadbconnection.so (adbconnection::AdbConnectionState::RunPollLoop(art::Thread*)+836)
10-08 19:24:21.643 3470 8803 F .xbmc.kodinerd: runtime.cc:558] native: #03 pc 0000000000005218 /system/lib64/libadbconnection.so (adbconnection::CallbackFunction(void*)+1060)
10-08 19:24:21.643 3470 8803 F .xbmc.kodinerd: runtime.cc:558] native: #04 pc 0000000000081978 /system/lib64/libc.so (__pthread_start(void*)+36)
10-08 19:24:21.643 3470 8803 F .xbmc.kodinerd: runtime.cc:558] native: #05 pc 00000000000234b8 /system/lib64/libc.so (__start_thread+68)
10-08 19:24:21.643 3470 8803 F .xbmc.kodinerd: runtime.cc:558] (no managed stack frames)
10-08 19:24:21.643 3470 8803 F .xbmc.kodinerd: runtime.cc:558]
10-08 19:24:21.643 3470 8803 F .xbmc.kodinerd: runtime.cc:558] "FinalizerDaemon" prio=10 tid=5 Waiting
10-08 19:24:21.643 3470 8803 F .xbmc.kodinerd: runtime.cc:558] | group="" sCount=1 dsCount=0 flags=1 obj=0x13280480 self=0x2f44af1c00
10-08 19:24:21.643 3470 8803 F .xbmc.kodinerd: runtime.cc:558] | sysTid=3500 nice=4 cgrp=default sched=0/0 handle=0x2f5ce1f4f0
10-08 19:24:21.643 3470 8803 F .xbmc.kodinerd: runtime.cc:558] | state=S schedstat=( 11075566 4393076 38 ) utm=0 stm=0 core=3 HZ=100
10-08 19:24:21.643 3470 8803 F .xbmc.kodinerd: runtime.cc:558] | stack=0x2f5cd1c000-0x2f5cd1e000 stackSize=1041KB
10-08 19:24:21.643 3470 8803 F .xbmc.kodinerd: runtime.cc:558] | held mutexes=
10-08 19:24:21.643 3470 8803 F .xbmc.kodinerd: runtime.cc:558] kernel: (couldn't read /proc/self/task/3500/stack)
10-08 19:24:21.643 3470 8803 F .xbmc.kodinerd: runtime.cc:558] native: #00 pc 000000000001f06c /system/lib64/libc.so (syscall+28)
10-08 19:24:21.643 3470 8803 F .xbmc.kodinerd: runtime.cc:558] native: #01 pc 00000000000d724c /system/lib64/libart.so (art::ConditionVariable::WaitHoldingLocks(art::Thread*)+148)
10-08 19:24:21.643 3470 8803 F .xbmc.kodinerd: runtime.cc:558] native: #02 pc 00000000003bce14 /system/lib64/libart.so (art::Monitor::Wait(art::Thread*, long, int, bool, art::ThreadState)+636)
10-08 19:24:21.643 3470 8803 F .xbmc.kodinerd: runtime.cc:558] native: #03 pc 00000000003be8d0 /system/lib64/libart.so (art::Monitor::Wait(art::Thread*, art::mirror::Object*, long, int, bool, art::ThreadState)+424)
10-08 19:24:21.643 3470 8803 F .xbmc.kodinerd: runtime.cc:558]
at java.lang.Object.wait(Native method)
10-08 19:24:21.643 3470 8803 F .xbmc.kodinerd: runtime.cc:558] - waiting on <0x0f696829> (a java.lang.Object)
10-08 19:24:21.643 3470 8803 F .xbmc.kodinerd: runtime.cc:558]
at java.lang.Object.wait(Object.java:422)
10-08 19:24:21.643 3470 8803 F .xbmc.kodinerd: runtime.cc:558]
at java.lang.ref.ReferenceQueue.remove(ReferenceQueue.java:188)
10-08 19:24:21.643 3470 8803 F .xbmc.kodinerd: runtime.cc:558] - locked <0x0f696829> (a java.lang.Object)
10-08 19:24:21.643 3470 8803 F .xbmc.kodinerd: runtime.cc:558]
at java.lang.ref.ReferenceQueue.remove(ReferenceQueue.java:209)
10-08 19:24:21.643 3470 8803 F .xbmc.kodinerd: runtime.cc:558]
at java.lang.Daemons$FinalizerDaemon.runInternal(Daemons.java:232)
10-08 19:24:21.643 3470 8803 F .xbmc.kodinerd: runtime.cc:558]
at java.lang.Daemons$Daemon.run(Daemons.java:103)
10-08 19:24:21.643 3470 8803 F .xbmc.kodinerd: runtime.cc:558]
at java.lang.Thread.run(Thread.java:764)
10-08 19:24:21.643 3470 8803 F .xbmc.kodinerd: runtime.cc:558]
10-08 19:24:21.643 3470 8803 F .xbmc.kodinerd: runtime.cc:558] "ReferenceQueueDaemon" prio=10 tid=6 Waiting
10-08 19:24:21.643 3470 8803 F .xbmc.kodinerd: runtime.cc:558] | group="" sCount=1 dsCount=0 flags=1 obj=0x13280508 self=0x2f44af1000
10-08 19:24:21.644 3470 8803 F .xbmc.kodinerd: runtime.cc:558] | sysTid=3499 nice=4 cgrp=default sched=0/0 handle=0x2f5cd194f0
10-08 19:24:21.644 3470 8803 F .xbmc.kodinerd: runtime.cc:558] | state=S schedstat=( 4597763 3133175 43 ) utm=0 stm=0 core=3 HZ=100
10-08 19:24:21.644 3470 8803 F .xbmc.kodinerd: runtime.cc:558] | stack=0x2f5cc16000-0x2f5cc18000 stackSize=1041KB
10-08 19:24:21.644 3470 8803 F .xbmc.kodinerd: runtime.cc:558] | held mutexes=
10-08 19:24:21.644 3470 8803 F .xbmc.kodinerd: runtime.cc:558] kernel: (couldn't read /proc/self/task/3499/stack)
10-08 19:24:21.644 3470 8803 F .xbmc.kodinerd: runtime.cc:558] native: #00 pc 000000000001f06c /system/lib64/libc.so (syscall+28)
10-08 19:24:21.644 3470 8803 F .xbmc.kodinerd: runtime.cc:558] native: #01 pc 00000000000d724c /system/lib64/libart.so (art::ConditionVariable::WaitHoldingLocks(art::Thread*)+148)
10-08 19:24:21.644 3470 8803 F .xbmc.kodinerd: runtime.cc:558] native: #02 pc 00000000003bce14 /system/lib64/libart.so (art::Monitor::Wait(art::Thread*, long, int, bool, art::ThreadState)+636)
10-08 19:24:21.644 3470 8803 F .xbmc.kodinerd: runtime.cc:558] native: #03 pc 00000000003be8d0 /system/lib64/libart.so (art::Monitor::Wait(art::Thread*, art::mirror::Object*, long, int, bool, art::ThreadState)+424)
10-08 19:24:21.644 3470 8803 F .xbmc.kodinerd: runtime.cc:558]
at java.lang.Object.wait(Native method)
10-08 19:24:21.644 3470 8803 F .xbmc.kodinerd: runtime.cc:558] - waiting on <0x065407ae> (a java.lang.Class)
10-08 19:24:21.644 3470 8803 F .xbmc.kodinerd: runtime.cc:558]
at java.lang.Daemons$ReferenceQueueDaemon.runInternal(Daemons.java:178)
10-08 19:24:21.644 3470 8803 F .xbmc.kodinerd: runtime.cc:558] - locked <0x065407ae> (a java.lang.Class)
10-08 19:24:21.644 3470 8803 F .xbmc.kodinerd: runtime.cc:558]
at java.lang.Daemons$Daemon.run(Daemons.java:103)
10-08 19:24:21.644 3470 8803 F .xbmc.kodinerd: runtime.cc:558]
at java.lang.Thread.run(Thread.java:764)
10-08 19:24:21.644 3470 8803 F .xbmc.kodinerd: runtime.cc:558]
10-08 19:24:21.644 3470 8803 F .xbmc.kodinerd: runtime.cc:558] "FinalizerWatchdogDaemon" prio=10 tid=7 Waiting
10-08 19:24:21.644 3470 8803 F .xbmc.kodinerd: runtime.cc:558] | group="" sCount=1 dsCount=0 flags=1 obj=0x13280590 self=0x2f44b5b400
10-08 19:24:21.644 3470 8803 F .xbmc.kodinerd: runtime.cc:558] | sysTid=3501 nice=4 cgrp=default sched=0/0 handle=0x2f5cf254f0
10-08 19:24:21.644 3470 8803 F .xbmc.kodinerd: runtime.cc:558] | state=S schedstat=( 726561 935834 16 ) utm=0 stm=0 core=1 HZ=100
10-08 19:24:21.644 3470 8803 F .xbmc.kodinerd: runtime.cc:558] | stack=0x2f5ce22000-0x2f5ce24000 stackSize=1041KB
10-08 19:24:21.644 3470 8803 F .xbmc.kodinerd: runtime.cc:558] | held mutexes=
10-08 19:24:21.644 3470 8803 F .xbmc.kodinerd: runtime.cc:558] kernel: (couldn't read /proc/self/task/3501/stack)
10-08 19:24:21.644 3470 8803 F .xbmc.kodinerd: runtime.cc:558] native: #00 pc 000000000001f06c /system/lib64/libc.so (syscall+28)
10-08 19:24:21.644 3470 8803 F .xbmc.kodinerd: runtime.cc:558] native: #01 pc 00000000000d724c /system/lib64/libart.so (art::ConditionVariable::WaitHoldingLocks(art::Thread*)+148)
10-08 19:24:21.644 3470 8803 F .xbmc.kodinerd: runtime.cc:558] native: #02 pc 00000000003bce14 /system/lib64/libart.so (art::Monitor::Wait(art::Thread*, long, int, bool, art::ThreadState)+636)
10-08 19:24:21.644 3470 8803 F .xbmc.kodinerd: runtime.cc:558] native: #03 pc 00000000003be8d0 /system/lib64/libart.so (art::Monitor::Wait(art::Thread*, art::mirror::Object*, long, int, bool, art::ThreadState)+424)
10-08 19:24:21.644 3470 8803 F .xbmc.kodinerd: runtime.cc:558]
at java.lang.Object.wait(Native method)
10-08 19:24:21.644 3470 8803 F .xbmc.kodinerd: runtime.cc:558] - waiting on <0x0ab2794f> (a java.lang.Daemons$FinalizerWatchdogDaemon)
10-08 19:24:21.644 3470 8803 F .xbmc.kodinerd: runtime.cc:558]
at java.lang.Daemons$FinalizerWatchdogDaemon.sleepUntilNeeded(Daemons.java:297)
10-08 19:24:21.644 3470 8803 F .xbmc.kodinerd: runtime.cc:558] - locked <0x0ab2794f> (a java.lang.Daemons$FinalizerWatchdogDaemon)
10-08 19:24:21.644 3470 8803 F .xbmc.kodinerd: runtime.cc:558]
at java.lang.Daemons$FinalizerWatchdogDaemon.runInternal(Daemons.java:277)
10-08 19:24:21.644 3470 8803 F .xbmc.kodinerd: runtime.cc:558]
at java.lang.Daemons$Daemon.run(Daemons.java:103)
10-08 19:24:21.644 3470 8803 F .xbmc.kodinerd: runtime.cc:558]
at java.lang.Thread.run(Thread.java:764)
10-08 19:24:21.644 3470 8803 F .xbmc.kodinerd: runtime.cc:558]
10-08 19:24:21.644 3470 8803 F .xbmc.kodinerd: runtime.cc:558] "HeapTaskDaemon" prio=10 tid=8 WaitingForTaskProcessor
10-08 19:24:21.644 3470 8803 F .xbmc.kodinerd: runtime.cc:558] | group="" sCount=1 dsCount=0 flags=1 obj=0x13283a50 self=0x2f44b60800
10-08 19:24:21.644 3470 8803 F .xbmc.kodinerd: runtime.cc:558] | sysTid=3502 nice=4 cgrp=default sched=0/0 handle=0x2f5d02b4f0
10-08 19:24:21.644 3470 8803 F .xbmc.kodinerd: runtime.cc:558] | state=S schedstat=( 95767343 37448336 92 ) utm=9 stm=0 core=1 HZ=100
10-08 19:24:21.644 3470 8803 F .xbmc.kodinerd: runtime.cc:558] | stack=0x2f5cf28000-0x2f5cf2a000 stackSize=1041KB
10-08 19:24:21.644 3470 8803 F .xbmc.kodinerd: runtime.cc:558] | held mutexes=
10-08 19:24:21.644 3470 8803 F .xbmc.kodinerd: runtime.cc:558] kernel: (couldn't read /proc/self/task/3502/stack)
10-08 19:24:21.644 3470 8803 F .xbmc.kodinerd: runtime.cc:558] native: #00 pc 000000000001f06c /system/lib64/libc.so (syscall+28)
10-08 19:24:21.644 3470 8803 F .xbmc.kodinerd: runtime.cc:558] native: #01 pc 00000000000d724c /system/lib64/libart.so (art::ConditionVariable::WaitHoldingLocks(art::Thread*)+148)
10-08 19:24:21.644 3470 8803 F .xbmc.kodinerd: runtime.cc:558] native: #02 pc 000000000022cd44 /system/lib64/libart.so (art::gc::TaskProcessor::GetTask(art::Thread*)+440)
10-08 19:24:21.644 3470 8803 F .xbmc.kodinerd: runtime.cc:558] native: #03 pc 000000000022d5d8 /system/lib64/libart.so (art::gc::TaskProcessor::RunAllTasks(art::Thread*)+96)
10-08 19:24:21.644 3470 8803 F .xbmc.kodinerd: runtime.cc:558]
at dalvik.system.VMRuntime.runHeapTasks(Native method)
10-08 19:24:21.644 3470 8803 F .xbmc.kodinerd: runtime.cc:558]
at java.lang.Daemons$HeapTaskDaemon.runInternal(Daemons.java:475)
10-08 19:24:21.644 3470 8803 F .xbmc.kodinerd: runtime.cc:558]
at java.lang.Daemons$Daemon.run(Daemons.java:103)
10-08 19:24:21.644 3470 8803 F .xbmc.kodinerd: runtime.cc:558]
at java.lang.Thread.run(Thread.java:764)
10-08 19:24:21.644 3470 8803 F .xbmc.kodinerd: runtime.cc:558]
10-08 19:24:21.644 3470 8803 F .xbmc.kodinerd: runtime.cc:558] "Binder:3470_1" prio=10 tid=9 Native
10-08 19:24:21.644 3470 8803 F .xbmc.kodinerd: runtime.cc:558] | group="" sCount=1 dsCount=0 flags=1 obj=0x13280618 self=0x2f448da800
10-08 19:24:21.644 3470 8803 F .xbmc.kodinerd: runtime.cc:558] | sysTid=3503 nice=0 cgrp=default sched=0/0 handle=0x2f5d2274f0
10-08 19:24:21.644 3470 8803 F .xbmc.kodinerd: runtime.cc:558] | state=S schedstat=( 16034170 18270367 86 ) utm=1 stm=0 core=0 HZ=100
10-08 19:24:21.644 3470 8803 F .xbmc.kodinerd: runtime.cc:558] | stack=0x2f5d12c000-0x2f5d12e000 stackSize=1009KB
10-08 19:24:21.644 3470 8803 F .xbmc.kodinerd: runtime.cc:558] | held mutexes=
10-08 19:24:21.644 3470 8803 F .xbmc.kodinerd: runtime.cc:558] kernel: (couldn't read /proc/self/task/3503/stack)
10-08 19:24:21.644 3470 8803 F .xbmc.kodinerd: runtime.cc:558] native: #00 pc 000000000006e188 /system/lib64/libc.so (__ioctl+4)
10-08 19:24:21.644 3470 8803 F .xbmc.kodinerd: runtime.cc:558] native: #01 pc 0000000000029110 /system/lib64/libc.so (ioctl+136)
10-08 19:24:21.644 3470 8803 F .xbmc.kodinerd: runtime.cc:558] native: #02 pc 000000000005a5e4 /system/lib64/libbinder.so (android::IPCThreadState::talkWithDriver(bool)+256)
10-08 19:24:21.644 3470 8803 F .xbmc.kodinerd: runtime.cc:558] native: #03 pc 000000000005a7b8 /system/lib64/libbinder.so (android::IPCThreadState::getAndExecuteCommand()+24)
10-08 19:24:21.644 3470 8803 F .xbmc.kodinerd: runtime.cc:558] native: #04 pc 000000000005af04 /system/lib64/libbinder.so (android::IPCThreadState::joinThreadPool(bool)+60)
10-08 19:24:21.644 3470 8803 F .xbmc.kodinerd: runtime.cc:558] native: #05 pc 000000000007b574 /system/lib64/libbinder.so (android::PoolThread::threadLoop()+28)
10-08 19:24:21.644 3470 8803 F .xbmc.kodinerd: runtime.cc:558] native: #06 pc 000000000000f9d8 /system/lib64/libutils.so (android::Thread::_threadLoop(void*)+280)
10-08 19:24:21.644 3470 8803 F .xbmc.kodinerd: runtime.cc:558] native: #07 pc 00000000000b4fa8 /system/lib64/libandroid_runtime.so (android::AndroidRuntime::javaThreadShell(void*)+140)
10-08 19:24:21.644 3470 8803 F .xbmc.kodinerd: runtime.cc:558] native: #08 pc 0000000000081978 /system/lib64/libc.so (__pthread_start(void*)+36)
10-08 19:24:21.644 3470 8803 F .xbmc.kodinerd: runtime.cc:558] native: #09 pc 00000000000234b8 /system/lib64/libc.so (__start_thread+68)
10-08 19:24:21.644 3470 8803 F .xbmc.kodinerd: runtime.cc:558] (no managed stack frames)
10-08 19:24:21.644 3470 8803 F .xbmc.kodinerd: runtime.cc:558]
10-08 19:24:21.644 3470 8803 F .xbmc.kodinerd: runtime.cc:558] "Binder:3470_2" prio=10 tid=10 Native
