Microsoft Windows [Version 10.0.17134.706] (c) 2018 Microsoft Corporation. Alle Rechte vorbehalten. C:\Program Files (x86)\Minimal ADB and Fastboot>adb connect 192.168.178.22 already connected to 192.168.178.22:5555 C:\Program Files (x86)\Minimal ADB and Fastboot>adb logcat -c C:\Program Files (x86)\Minimal ADB and Fastboot>adb logcat -d --------- beginning of main
10-08 19:23:36.570 6692 6692 I chromium: [6692:6692:INFO:metrics_recorder.cc(89)] Metrics stat: total=4
10-08 19:23:36.570 6692 6692 I chromium: Cast.Discovery.Mdns.Request.In=1
10-08 19:23:36.570 6692 6692 I chromium: Cast.Discovery.Mdns.Response.Out=1
10-08 19:23:36.570 6692 6692 I chromium: Dial.SsdpDeviceDesc.Windows=1
10-08 19:23:36.570 6692 6692 I chromium: Dial.SsdpDeviceDesc.Windows.200=1
10-08 19:23:39.339 6692 7073 I chromium: [6692:7073:INFO:wifi_proximity.cc(209)] Request scan.
10-08 19:23:44.895 3543 3645 D WindowManager: handleComboKeys keyCode: 20, keyAction: 0
10-08 19:23:44.898 3543 3645 D WindowManager: handleComboKeys keyCode: 20, keyAction: 1 --------- beginning of system
10-08 19:23:44.911 3543 5899 I DreamManagerService: Gently waking up from dream.
10-08 19:23:44.911 3543 3586 I DreamManagerService: Performing gentle wake from dream.
10-08 19:23:46.427 3543 5899 I DreamManagerService: Leaving dreamland.
10-08 19:23:46.427 3543 3586 I DreamManagerService: Performing gentle wake from dream.
10-08 19:23:46.427 3543 3586 I DreamController: Stopping dream: name=ComponentInfo{com.google.android.backdrop/com.google.android.backdrop.Backdrop}, isTest=false, canDoze=false, userId=0
10-08 19:23:46.437 3543 3590 D PowerManagerService: wakeUpNoUpdateLocked: eventTime=100219937, uid=1000
10-08 19:23:46.437 3543 3590 I PowerManagerService: Waking up from dream (uid=1000 reason=android.server.power:DREAM)...
10-08 19:23:46.437 3543 3590 I PowerManagerService: Called by com.android.server.power.PowerManagerService.handleSandman:2660 com.android.server.power.PowerManagerService.access$3500:132 com.android.server.power.PowerManagerService$PowerManagerHandler.handleMessage:4283 android.os.Handler.dispatchMessage:106 android.os.Looper.loop:193 android.os.HandlerThread.run:65 com.android.server.ServiceThread.run:44
10-08 19:23:46.437 3543 3590 D PowerManagerNotifier: onWakeUp: event=android.server.power:DREAM, reasonUid=1000 opPackageName=android opUid=1000
10-08 19:23:46.438 3543 3543 W UsageStatsService: Event reported without a package name
10-08 19:23:46.439 4531 5046 I ShieldBluetoothScanPolicy: Scan Poll enabled due to DOZE
10-08 19:23:46.440 4531 5046 I ShieldBluetoothScanPolicy: scan optmizations poll trigger due to DOZE
10-08 19:23:46.440 4531 5046 I ShieldBluetoothHandler: Day Dream Stopped
10-08 19:23:46.692 3597 3597 I Process : Sending signal. PID: 3597 SIG: 9
10-08 19:23:46.744 3543 3644 W InputDispatcher: channel '9a965a6 Sys2023:dream (server)' ~ Consumer closed input channel or an error occurred. events=0x9
10-08 19:23:46.744 3543 3644 E InputDispatcher: channel '9a965a6 Sys2023:dream (server)' ~ Channel is unrecoverably broken and will be disposed!
10-08 19:23:46.745 3543 9105 D ConnectivityService: ConnectivityService NetworkRequestInfo binderDied(NetworkRequest [ LISTEN id=216, [ Capabilities: INTERNET&NOT_RESTRICTED&TRUSTED Unwanted: Uid: 10041] ], android.os.BinderProxy@ccf9e10)
10-08 19:23:46.747 3543 9139 D ConnectivityService: ConnectivityService NetworkRequestInfo binderDied(NetworkRequest [ TRACK_DEFAULT id=215, [ Capabilities: INTERNET&NOT_RESTRICTED&TRUSTED Unwanted: Uid: 10041] ], android.os.BinderProxy@6ef5d09)
10-08 19:23:46.747 3543 4052 D ConnectivityService: ConnectivityService NetworkRequestInfo binderDied(NetworkRequest [ LISTEN id=214, [ Capabilities: INTERNET&NOT_RESTRICTED&TRUSTED Unwanted: Uid: 10041] ], android.os.BinderProxy@398b0e)
10-08 19:23:46.747 3543 3663 D ConnectivityService: releasing NetworkRequest [ TRACK_DEFAULT id=215, [ Capabilities: INTERNET&NOT_RESTRICTED&TRUSTED Unwanted: Uid: 10041] ] (release request)
10-08 19:23:46.747 3543 3580 W libprocessgroup: kill(-3597, 9) failed: No such process
10-08 19:23:46.748 3543 7320 D ConnectivityService: ConnectivityService NetworkRequestInfo binderDied(NetworkRequest [ TRACK_DEFAULT id=213, [ Capabilities: INTERNET&NOT_RESTRICTED&TRUSTED Unwanted: Uid: 10041] ], android.os.BinderProxy@bb2a92f)
10-08 19:23:46.748 3543 3663 D ConnectivityService: releasing NetworkRequest [ TRACK_DEFAULT id=213, [ Capabilities: INTERNET&NOT_RESTRICTED&TRUSTED Unwanted: Uid: 10041] ] (release request)
10-08 19:23:46.748 3543 3571 I ActivityManager: Process com.google.android.backdrop (pid 3597) has died: fore SVC
10-08 19:23:46.749 3543 12761 I WindowManager: WIN DEATH: Window{9a965a6 u0 Sys2023:dream}
10-08 19:23:46.750 3543 12761 W InputDispatcher: Attempted to unregister already unregistered input channel '9a965a6 Sys2023:dream (server)'
10-08 19:23:46.751 3082 3082 I Zygote : Process 3597 exited due to signal (9)
10-08 19:23:46.757 3543 3571 I ActivityManager: Killing 3673:com.google.android.webview:sandboxed_process0/u0a41i25 (adj 0): isolated not needed
10-08 19:23:46.765 3907 3907 I Zygote : Process 3673 exited cleanly (0)
10-08 19:23:46.778 28259 28259 I chatty : uid=10031(com.google.android.tvlauncher) expire 5 lines
10-08 19:23:46.782 4692 4739 I android_os_HwBinder: HwBinder: Starting thread pool for default::vendor.nvidia.hardware.power@1.0::IPower
10-08 19:23:46.784 28259 8648 E ActivityThread: Failed to find provider info for tvlauncher.mic
10-08 19:23:46.784 3543 3582 D KernelUidCpuTimeReader: Removing uids 99024-99024
10-08 19:23:46.790 28259 8649 E ActivityThread: Failed to find provider info for tvlauncher.widget
10-08 19:23:46.791 3543 3580 W libprocessgroup: kill(-3597, 9) failed: No such process
10-08 19:23:46.791 3543 3580 I libprocessgroup: Successfully killed process cgroup uid 10041 pid 3597 in 44ms
10-08 19:23:46.791 3543 3580 W libprocessgroup: Failed to open process cgroup uid 99025 pid 3673: No such file or directory
10-08 19:23:46.791 3543 3580 E libprocessgroup: Error encountered killing process cgroup uid 99025 pid 3673: No such file or directory
10-08 19:23:46.804 27679 8651 E org.xbmc.kodi: No implementation found for boolean org.xbmc.kodi.XBMCFile._open(java.lang.String) (tried Java_org_xbmc_kodi_XBMCFile__1open and Java_org_xbmc_kodi_XBMCFile__1open__Ljava_lang_String_2)
10-08 19:23:46.805 27679 8651 E Kodifile: Open: Not available
10-08 19:23:46.806 28259 28326 I chatty : uid=10031(com.google.android.tvlauncher) glide-source-th expire 3 lines
10-08 19:23:46.808 27679 8650 E org.xbmc.kodi: No implementation found for boolean org.xbmc.kodi.XBMCFile._open(java.lang.String) (tried Java_org_xbmc_kodi_XBMCFile__1open and Java_org_xbmc_kodi_XBMCFile__1open__Ljava_lang_String_2)
10-08 19:23:46.808 27679 8650 E Kodifile: Open: Not available
10-08 19:23:46.808 28259 28328 I chatty : uid=10031(com.google.android.tvlauncher) glide-source-th expire 2 lines
10-08 19:23:46.812 4869 4869 D NotifInteractonRcvr: Show unseen default level notification toasts
10-08 19:23:46.814 27679 8653 E org.xbmc.kodi: No implementation found for boolean org.xbmc.kodi.XBMCFile._open(java.lang.String) (tried Java_org_xbmc_kodi_XBMCFile__1open and Java_org_xbmc_kodi_XBMCFile__1open__Ljava_lang_String_2)
10-08 19:23:46.815 27679 8653 E Kodifile: Open: Not available
10-08 19:23:46.816 27679 8654 E org.xbmc.kodi: No implementation found for boolean org.xbmc.kodi.XBMCFile._open(java.lang.String) (tried Java_org_xbmc_kodi_XBMCFile__1open and Java_org_xbmc_kodi_XBMCFile__1open__Ljava_lang_String_2)
10-08 19:23:46.816 27679 8654 E Kodifile: Open: Not available
10-08 19:23:46.816 28259 28325 I chatty : uid=10031(com.google.android.tvlauncher) glide-source-th expire 3 lines
10-08 19:23:46.819 27679 8655 E org.xbmc.kodi: No implementation found for boolean org.xbmc.kodi.XBMCFile._open(java.lang.String) (tried Java_org_xbmc_kodi_XBMCFile__1open and Java_org_xbmc_kodi_XBMCFile__1open__Ljava_lang_String_2)
10-08 19:23:46.819 27679 8655 E Kodifile: Open: Not available
10-08 19:23:46.824 3326 6164 E MetadataRetrieverClient: offset (0) bigger than file size (0)
10-08 19:23:46.825 3326 6164 E MetadataRetrieverClient: offset (0) bigger than file size (0)
10-08 19:23:46.826 27679 8656 E org.xbmc.kodi: No implementation found for boolean org.xbmc.kodi.XBMCFile._open(java.lang.String) (tried Java_org_xbmc_kodi_XBMCFile__1open and Java_org_xbmc_kodi_XBMCFile__1open__Ljava_lang_String_2)
10-08 19:23:46.826 27679 8656 E Kodifile: Open: Not available
10-08 19:23:46.827 3326 6164 E MetadataRetrieverClient: offset (0) bigger than file size (0)
10-08 19:23:46.832 27679 8657 E org.xbmc.kodi: No implementation found for boolean org.xbmc.kodi.XBMCFile._open(java.lang.String) (tried Java_org_xbmc_kodi_XBMCFile__1open and Java_org_xbmc_kodi_XBMCFile__1open__Ljava_lang_String_2)
10-08 19:23:46.832 27679 8657 E Kodifile: Open: Not available
10-08 19:23:46.832 27679 8658 E org.xbmc.kodi: No implementation found for boolean org.xbmc.kodi.XBMCFile._open(java.lang.String) (tried Java_org_xbmc_kodi_XBMCFile__1open and Java_org_xbmc_kodi_XBMCFile__1open__Ljava_lang_String_2)
10-08 19:23:46.833 27679 8658 E Kodifile: Open: Not available
10-08 19:23:46.837 27679 8659 E org.xbmc.kodi: No implementation found for boolean org.xbmc.kodi.XBMCFile._open(java.lang.String) (tried Java_org_xbmc_kodi_XBMCFile__1open and Java_org_xbmc_kodi_XBMCFile__1open__Ljava_lang_String_2)
10-08 19:23:46.837 27679 8659 E Kodifile: Open: Not available
10-08 19:23:46.842 28259 28259 I chatty : uid=10031(com.google.android.tvlauncher) expire 3 lines
10-08 19:23:46.842 28259 28326 I chatty : uid=10031(com.google.android.tvlauncher) glide-source-th expire 2 lines
10-08 19:23:46.843 27679 8660 E org.xbmc.kodi: No implementation found for boolean org.xbmc.kodi.XBMCFile._open(java.lang.String) (tried Java_org_xbmc_kodi_XBMCFile__1open and Java_org_xbmc_kodi_XBMCFile__1open__Ljava_lang_String_2)
10-08 19:23:46.843 27679 8660 E Kodifile: Open: Not available
10-08 19:23:46.843 28259 28259 I chatty : uid=10031(com.google.android.tvlauncher) expire 1 line
10-08 19:23:46.844 27679 8652 E org.xbmc.kodi: No implementation found for boolean org.xbmc.kodi.XBMCFile._open(java.lang.String) (tried Java_org_xbmc_kodi_XBMCFile__1open and Java_org_xbmc_kodi_XBMCFile__1open__Ljava_lang_String_2)
10-08 19:23:46.844 28259 28325 I chatty : uid=10031(com.google.android.tvlauncher) glide-source-th expire 1 line
10-08 19:23:46.845 27679 8652 E Kodifile: Open: Not available
10-08 19:23:46.845 28259 28330 D skia : --- Failed to create image decoder with message 'unimplemented'
10-08 19:23:46.846 28259 28330 D skia : --- Failed to create image decoder with message 'unimplemented'
10-08 19:23:46.849 28259 28325 D skia : --- Failed to create image decoder with message 'unimplemented'
10-08 19:23:46.850 3326 8351 E MetadataRetrieverClient: offset (0) bigger than file size (0)
10-08 19:23:46.850 27679 8661 E org.xbmc.kodi: No implementation found for boolean org.xbmc.kodi.XBMCFile._open(java.lang.String) (tried Java_org_xbmc_kodi_XBMCFile__1open and Java_org_xbmc_kodi_XBMCFile__1open__Ljava_lang_String_2)
10-08 19:23:46.851 27679 8661 E Kodifile: Open: Not available
10-08 19:23:46.857 3326 8351 E MetadataRetrieverClient: offset (0) bigger than file size (0)
10-08 19:23:46.863 27679 8662 E org.xbmc.kodi: No implementation found for boolean org.xbmc.kodi.XBMCFile._open(java.lang.String) (tried Java_org_xbmc_kodi_XBMCFile__1open and Java_org_xbmc_kodi_XBMCFile__1open__Ljava_lang_String_2)
10-08 19:23:46.863 27679 8662 E Kodifile: Open: Not available
10-08 19:23:46.865 28259 28328 E MediaMetadataRetrieverJNI: negative length (-1)
10-08 19:23:46.866 28259 28330 E MediaMetadataRetrieverJNI: negative length (-1)
10-08 19:23:46.866 27679 8666 E org.xbmc.kodi: No implementation found for boolean org.xbmc.kodi.XBMCFile._open(java.lang.String) (tried Java_org_xbmc_kodi_XBMCFile__1open and Java_org_xbmc_kodi_XBMCFile__1open__Ljava_lang_String_2)
10-08 19:23:46.866 27679 8666 E Kodifile: Open: Not available
10-08 19:23:46.866 27679 8664 E org.xbmc.kodi: No implementation found for boolean org.xbmc.kodi.XBMCFile._open(java.lang.String) (tried Java_org_xbmc_kodi_XBMCFile__1open and Java_org_xbmc_kodi_XBMCFile__1open__Ljava_lang_String_2)
10-08 19:23:46.867 27679 8664 E Kodifile: Open: Not available
10-08 19:23:46.867 3326 6164 E MetadataRetrieverClient: offset (0) bigger than file size (0)
10-08 19:23:46.872 27679 8665 E org.xbmc.kodi: No implementation found for boolean org.xbmc.kodi.XBMCFile._open(java.lang.String) (tried Java_org_xbmc_kodi_XBMCFile__1open and Java_org_xbmc_kodi_XBMCFile__1open__Ljava_lang_String_2)
10-08 19:23:46.874 27679 8665 E Kodifile: Open: Not available
10-08 19:23:46.877 28259 28325 E MediaMetadataRetrieverJNI: negative length (-1)
10-08 19:23:46.881 28259 28259 W Glide : Load failed for content://org.xbmc.kodi.file#image%3A%2F%2Fhttp%253a%252f%252f192.168.1.25%253a8096%252femby%252fItems%252f33967%252fImages%252fBackdrop%252f0%253fEnableImageEnhancers%253dTrue%2526Tag%253d626bb0bd5ca4a11388a15d73de791ab2%2F with size [564x306]
10-08 19:23:46.881 28259 28259 W Glide : class com.bumptech.glide.load.engine.GlideException: Failed to load resource
10-08 19:23:46.881 28259 28259 W Glide : There were 2 causes:
10-08 19:23:46.881 28259 28259 W Glide : java.io.IOException(java.lang.RuntimeException: setDataSource failed: status = 0xFFFFFFEA)
10-08 19:23:46.881 28259 28259 W Glide : java.io.IOException(java.lang.IllegalArgumentException)
10-08 19:23:46.881 28259 28259 W Glide : call GlideException#logRootCauses(String) for more detail
10-08 19:23:46.881 28259 28259 W Glide : Cause (1 of 3): class com.bumptech.glide.load.engine.GlideException: Failed LoadPath{AutoCloseInputStream->Object->PaletteBitmapContainer}, LOCAL
10-08 19:23:46.881 28259 28259 W Glide : Cause (1 of 1): class com.bumptech.glide.load.engine.GlideException: Failed DecodePath{AutoCloseInputStream->Bitmap->PaletteBitmapContainer}
10-08 19:23:46.881 28259 28259 W Glide : Cause (2 of 3): class com.bumptech.glide.load.engine.GlideException: Failed LoadPath{ParcelFileDescriptorInner->Object->PaletteBitmapContainer}, LOCAL
10-08 19:23:46.881 28259 28259 W Glide : There was 1 cause:
10-08 19:23:46.881 28259 28259 W Glide : java.io.IOException(java.lang.RuntimeException: setDataSource failed: status = 0xFFFFFFEA)
10-08 19:23:46.881 28259 28259 W Glide : call GlideException#logRootCauses(String) for more detail
10-08 19:23:46.881 28259 28259 W Glide : Cause (1 of 1): class com.bumptech.glide.load.engine.GlideException: Failed DecodePath{ParcelFileDescriptorInner->Bitmap->PaletteBitmapContainer}
10-08 19:23:46.881 28259 28259 W Glide : There was 1 cause:
10-08 19:23:46.881 28259 28259 W Glide : java.io.IOException(java.lang.RuntimeException: setDataSource failed: status = 0xFFFFFFEA)
10-08 19:23:46.881 28259 28259 W Glide : call GlideException#logRootCauses(String) for more detail
10-08 19:23:46.881 28259 28259 W Glide : Cause (1 of 1): class java.io.IOException: java.lang.RuntimeException: setDataSource failed: status = 0xFFFFFFEA
10-08 19:23:46.881 28259 28259 W Glide : Cause (3 of 3): class com.bumptech.glide.load.engine.GlideException: Failed LoadPath{AssetFileDescriptor->Object->PaletteBitmapContainer}, LOCAL
10-08 19:23:46.881 28259 28259 W Glide : There was 1 cause:
10-08 19:23:46.881 28259 28259 W Glide : java.io.IOException(java.lang.IllegalArgumentException)
10-08 19:23:46.881 28259 28259 W Glide : call GlideException#logRootCauses(String) for more detail
10-08 19:23:46.881 28259 28259 W Glide : Cause (1 of 1): class com.bumptech.glide.load.engine.GlideException: Failed DecodePath{AssetFileDescriptor->Bitmap->PaletteBitmapContainer}
10-08 19:23:46.881 28259 28259 W Glide : There was 1 cause:
10-08 19:23:46.881 28259 28259 W Glide : java.io.IOException(java.lang.IllegalArgumentException)
10-08 19:23:46.881 28259 28259 W Glide : call GlideException#logRootCauses(String) for more detail
10-08 19:23:46.881 28259 28259 W Glide : Cause (1 of 1): class java.io.IOException: java.lang.IllegalArgumentException
10-08 19:23:46.882 28259 28259 I Glide : Root cause (1 of 2)
10-08 19:23:46.882 28259 28259 I Glide : java.io.IOException: java.lang.RuntimeException: setDataSource failed: status = 0xFFFFFFEA
10-08 19:23:46.882 28259 28259 I Glide : at com.bumptech.glide.load.resource.bitmap.VideoDecoder.decode(VideoDecoder.java:178)
10-08 19:23:46.882 28259 28259 I Glide : at com.bumptech.glide.load.engine.DecodePath.decodeResourceWithList(DecodePath.java:92)
10-08 19:23:46.882 28259 28259 I Glide : at com.bumptech.glide.load.engine.DecodePath.decodeResource(DecodePath.java:70)
10-08 19:23:46.882 28259 28259 I Glide : at com.bumptech.glide.load.engine.DecodePath.decode(DecodePath.java:59)
10-08 19:23:46.882 28259 28259 I Glide : at com.bumptech.glide.load.engine.LoadPath.loadWithExceptionList(LoadPath.java:76)
10-08 19:23:46.882 28259 28259 I Glide : at com.bumptech.glide.load.engine.LoadPath.load(LoadPath.java:57)
10-08 19:23:46.882 28259 28259 I Glide : at com.bumptech.glide.load.engine.DecodeJob.runLoadPath(DecodeJob.java:524)
10-08 19:23:46.882 28259 28259 I Glide : at com.bumptech.glide.load.engine.DecodeJob.decodeFromFetcher(DecodeJob.java:488)
10-08 19:23:46.882 28259 28259 I Glide : at com.bumptech.glide.load.engine.DecodeJob.decodeFromData(DecodeJob.java:474)
10-08 19:23:46.882 28259 28259 I Glide : at com.bumptech.glide.load.engine.DecodeJob.decodeFromRetrievedData(DecodeJob.java:426)
10-08 19:23:46.882 28259 28259 I Glide : at com.bumptech.glide.load.engine.DecodeJob.onDataFetcherReady(DecodeJob.java:390)
10-08 19:23:46.882 28259 28259 I Glide : at com.bumptech.glide.load.engine.SourceGenerator.onDataReady(SourceGenerator.java:119)
10-08 19:23:46.882 28259 28259 I Glide : at com.bumptech.glide.load.model.MultiModelLoader$MultiFetcher.onDataReady(MultiModelLoader.java:145)
10-08 19:23:46.882 28259 28259 I Glide : at com.bumptech.glide.load.data.LocalUriFetcher.loadData(LocalUriFetcher.java:52)
10-08 19:23:46.882 28259 28259 I Glide : at com.bumptech.glide.load.model.MultiModelLoader$MultiFetcher.loadData(MultiModelLoader.java:100)
10-08 19:23:46.882 28259 28259 I Glide : at com.bumptech.glide.load.engine.SourceGenerator.startNext(SourceGenerator.java:63)
10-08 19:23:46.882 28259 28259 I Glide : at com.bumptech.glide.load.engine.DecodeJob.runGenerators(DecodeJob.java:310)
10-08 19:23:46.882 28259 28259 I Glide : at com.bumptech.glide.load.engine.DecodeJob.decodeFromRetrievedData(DecodeJob.java:434)
10-08 19:23:46.882 28259 28259 I Glide : at com.bumptech.glide.load.engine.DecodeJob.onDataFetcherReady(DecodeJob.java:390)
10-08 19:23:46.882 28259 28259 I Glide : at com.bumptech.glide.load.engine.SourceGenerator.onDataReady(SourceGenerator.java:119)
10-08 19:23:46.882 28259 28259 I Glide : at com.bumptech.glide.load.model.MultiModelLoader$MultiFetcher.onDataReady(MultiModelLoader.java:145)
10-08 19:23:46.882 28259 28259 I Glide : at com.bumptech.glide.load.data.LocalUriFetcher.loadData(LocalUriFetcher.java:52)
10-08 19:23:46.882 28259 28259 I Glide : at com.bumptech.glide.load.model.MultiModelLoader$MultiFetcher.loadData(MultiModelLoader.java:100)
10-08 19:23:46.882 28259 28259 I Glide : at com.bumptech.glide.load.engine.SourceGenerator.startNext(SourceGenerator.java:63)
10-08 19:23:46.882 28259 28259 I Glide : at com.bumptech.glide.load.engine.DecodeJob.runGenerators(DecodeJob.java:310)
10-08 19:23:46.882 28259 28259 I Glide : at com.bumptech.glide.load.engine.DecodeJob.runWrapped(DecodeJob.java:279)
10-08 19:23:46.882 28259 28259 I Glide : at com.bumptech.glide.load.engine.DecodeJob.run(DecodeJob.java:234)
10-08 19:23:46.882 28259 28259 I Glide : at java.util.concurrent.ThreadPoolExecutor.runWorker(ThreadPoolExecutor.java:1167)
10-08 19:23:46.882 28259 28259 I Glide : at java.util.concurrent.ThreadPoolExecutor$Worker.run(ThreadPoolExecutor.java:641)
10-08 19:23:46.882 28259 28259 I Glide : at java.lang.Thread.run(Thread.java:764)
10-08 19:23:46.882 28259 28259 I Glide : at com.bumptech.glide.load.engine.executor.GlideExecutor$DefaultThreadFactory$1.run(GlideExecutor.java:431)
10-08 19:23:46.882 28259 28259 I Glide : Caused by: java.lang.RuntimeException: setDataSource failed: status = 0xFFFFFFEA
10-08 19:23:46.882 28259 28259 I Glide : at android.media.MediaMetadataRetriever.setDataSource(Native Method)
10-08 19:23:46.882 28259 28259 I Glide : at android.media.MediaMetadataRetriever.setDataSource(MediaMetadataRetriever.java:141)
10-08 19:23:46.882 28259 28259 I Glide : at com.bumptech.glide.load.resource.bitmap.VideoDecoder$ParcelFileDescriptorInitializer.initialize(VideoDecoder.java:299)
10-08 19:23:46.882 28259 28259 I Glide : at com.bumptech.glide.load.resource.bitmap.VideoDecoder$ParcelFileDescriptorInitializer.initialize(VideoDecoder.java:294)
10-08 19:23:46.882 28259 28259 I Glide : at com.bumptech.glide.load.resource.bitmap.VideoDecoder.decode(VideoDecoder.java:166)
10-08 19:23:46.882 28259 28259 I Glide : ... 30 more
10-08 19:23:46.882 28259 28259 I Glide : Root cause (2 of 2)
10-08 19:23:46.882 28259 28259 I Glide : java.io.IOException: java.lang.IllegalArgumentException
10-08 19:23:46.882 28259 28259 I Glide : at com.bumptech.glide.load.resource.bitmap.VideoDecoder.decode(VideoDecoder.java:178)
10-08 19:23:46.882 28259 28259 I Glide : at com.bumptech.glide.load.engine.DecodePath.decodeResourceWithList(DecodePath.java:92)
10-08 19:23:46.882 28259 28259 I Glide : at com.bumptech.glide.load.engine.DecodePath.decodeResource(DecodePath.java:70)
10-08 19:23:46.882 28259 28259 I Glide : at com.bumptech.glide.load.engine.DecodePath.decode(DecodePath.java:59)
10-08 19:23:46.882 28259 28259 I Glide : at com.bumptech.glide.load.engine.LoadPath.loadWithExceptionList(LoadPath.java:76)
10-08 19:23:46.882 28259 28259 I Glide : at com.bumptech.glide.load.engine.LoadPath.load(LoadPath.java:57)
10-08 19:23:46.882 28259 28259 I Glide : at com.bumptech.glide.load.engine.DecodeJob.runLoadPath(DecodeJob.java:524)
10-08 19:23:46.882 28259 28259 I Glide : at com.bumptech.glide.load.engine.DecodeJob.decodeFromFetcher(DecodeJob.java:488)
10-08 19:23:46.882 28259 28259 I Glide : at com.bumptech.glide.load.engine.DecodeJob.decodeFromData(DecodeJob.java:474)
10-08 19:23:46.882 28259 28259 I Glide : at com.bumptech.glide.load.engine.DecodeJob.decodeFromRetrievedData(DecodeJob.java:426)
10-08 19:23:46.882 28259 28259 I Glide : at com.bumptech.glide.load.engine.DecodeJob.onDataFetcherReady(DecodeJob.java:390)
10-08 19:23:46.882 28259 28259 I Glide : at com.bumptech.glide.load.engine.SourceGenerator.onDataReady(SourceGenerator.java:119)
10-08 19:23:46.882 28259 28259 I Glide : at com.bumptech.glide.load.data.LocalUriFetcher.loadData(LocalUriFetcher.java:52)
10-08 19:23:46.882 28259 28259 I Glide : at com.bumptech.glide.load.engine.SourceGenerator.startNext(SourceGenerator.java:63)
10-08 19:23:46.882 28259 28259 I Glide : at com.bumptech.glide.load.engine.DecodeJob.runGenerators(DecodeJob.java:310)
10-08 19:23:46.882 28259 28259 I Glide : at com.bumptech.glide.load.engine.DecodeJob.decodeFromRetrievedData(DecodeJob.java:434)
10-08 19:23:46.882 28259 28259 I Glide : at com.bumptech.glide.load.engine.DecodeJob.onDataFetcherReady(DecodeJob.java:390)
10-08 19:23:46.882 28259 28259 I Glide : at com.bumptech.glide.load.engine.SourceGenerator.onDataReady(SourceGenerator.java:119)
10-08 19:23:46.882 28259 28259 I Glide : at com.bumptech.glide.load.model.MultiModelLoader$MultiFetcher.onDataReady(MultiModelLoader.java:145)
10-08 19:23:46.882 28259 28259 I Glide : at com.bumptech.glide.load.data.LocalUriFetcher.loadData(LocalUriFetcher.java:52)
10-08 19:23:46.882 28259 28259 I Glide : at com.bumptech.glide.load.model.MultiModelLoader$MultiFetcher.loadData(MultiModelLoader.java:100)
10-08 19:23:46.882 28259 28259 I Glide : at com.bumptech.glide.load.engine.SourceGenerator.startNext(SourceGenerator.java:63)
10-08 19:23:46.882 28259 28259 I Glide : at com.bumptech.glide.load.engine.DecodeJob.runGenerators(DecodeJob.java:310)
10-08 19:23:46.882 28259 28259 I Glide : at com.bumptech.glide.load.engine.DecodeJob.decodeFromRetrievedData(DecodeJob.java:434)
10-08 19:23:46.882 28259 28259 I Glide : at com.bumptech.glide.load.engine.DecodeJob.onDataFetcherReady(DecodeJob.java:390)
10-08 19:23:46.882 28259 28259 I Glide : at com.bumptech.glide.load.engine.SourceGenerator.onDataReady(SourceGenerator.java:119)
10-08 19:23:46.882 28259 28259 I Glide : at com.bumptech.glide.load.model.MultiModelLoader$MultiFetcher.onDataReady(MultiModelLoader.java:145)
10-08 19:23:46.882 28259 28259 I Glide : at com.bumptech.glide.load.data.LocalUriFetcher.loadData(LocalUriFetcher.java:52)
10-08 19:23:46.882 28259 28259 I Glide : at com.bumptech.glide.load.model.MultiModelLoader$MultiFetcher.loadData(MultiModelLoader.java:100)
10-08 19:23:46.882 28259 28259 I Glide : at com.bumptech.glide.load.engine.SourceGenerator.startNext(SourceGenerator.java:63)
10-08 19:23:46.882 28259 28259 I Glide : at com.bumptech.glide.load.engine.DecodeJob.runGenerators(DecodeJob.java:310)
10-08 19:23:46.882 28259 28259 I Glide : at com.bumptech.glide.load.engine.DecodeJob.runWrapped(DecodeJob.java:279)
10-08 19:23:46.882 28259 28259 I Glide : at com.bumptech.glide.load.engine.DecodeJob.run(DecodeJob.java:234)
10-08 19:23:46.882 28259 28259 I Glide : at java.util.concurrent.ThreadPoolExecutor.runWorker(ThreadPoolExecutor.java:1167)
10-08 19:23:46.882 28259 28259 I Glide : at java.util.concurrent.ThreadPoolExecutor$Worker.run(ThreadPoolExecutor.java:641)
10-08 19:23:46.882 28259 28259 I Glide : at java.lang.Thread.run(Thread.java:764)
10-08 19:23:46.882 28259 28259 I Glide : at com.bumptech.glide.load.engine.executor.GlideExecutor$DefaultThreadFactory$1.run(GlideExecutor.java:431)
10-08 19:23:46.882 28259 28259 I Glide : Caused by: java.lang.IllegalArgumentException
10-08 19:23:46.882 28259 28259 I Glide : at android.media.MediaMetadataRetriever.setDataSource(Native Method)
10-08 19:23:46.882 28259 28259 I Glide : at com.bumptech.glide.load.resource.bitmap.VideoDecoder$AssetFileDescriptorInitializer.initialize(VideoDecoder.java:289)
10-08 19:23:46.882 28259 28259 I Glide : at com.bumptech.glide.load.resource.bitmap.VideoDecoder$AssetFileDescriptorInitializer.initialize(VideoDecoder.java:284)
10-08 19:23:46.882 28259 28259 I Glide : at com.bumptech.glide.load.resource.bitmap.VideoDecoder.decode(VideoDecoder.java:166)
10-08 19:23:46.882 28259 28259 I Glide : ... 36 more
10-08 19:23:46.883 28259 28259 W Glide : Load failed for content://org.xbmc.kodi.file#image%3A%2F%2Fhttp%253a%252f%252f192.168.1.25%253a8096%252femby%252fItems%252f11659%252fImages%252fPrimary%252f0%253fEnableImageEnhancers%253dTrue%2526Tag%253dba6482e28293b0fe915abdfd0572e390%2F with size [564x306]
10-08 19:23:46.883 28259 28259 W Glide : class com.bumptech.glide.load.engine.GlideException: Failed to load resource
10-08 19:23:46.883 28259 28259 W Glide : There were 2 causes:
10-08 19:23:46.883 28259 28259 W Glide : java.io.IOException(java.lang.RuntimeException: setDataSource failed: status = 0xFFFFFFEA)
10-08 19:23:46.883 28259 28259 W Glide : java.io.IOException(java.lang.IllegalArgumentException)
10-08 19:23:46.883 28259 28259 W Glide : call GlideException#logRootCauses(String) for more detail
10-08 19:23:46.883 28259 28259 W Glide : Cause (1 of 3): class com.bumptech.glide.load.engine.GlideException: Failed LoadPath{AutoCloseInputStream->Object->PaletteBitmapContainer}, LOCAL
10-08 19:23:46.883 28259 28259 W Glide : Cause (1 of 1): class com.bumptech.glide.load.engine.GlideException: Failed DecodePath{AutoCloseInputStream->Bitmap->PaletteBitmapContainer}
10-08 19:23:46.883 28259 28259 W Glide : Cause (2 of 3): class com.bumptech.glide.load.engine.GlideException: Failed LoadPath{ParcelFileDescriptorInner->Object->PaletteBitmapContainer}, LOCAL
10-08 19:23:46.883 28259 28259 W Glide : There was 1 cause:
10-08 19:23:46.883 28259 28259 W Glide : java.io.IOException(java.lang.RuntimeException: setDataSource failed: status = 0xFFFFFFEA)
10-08 19:23:46.883 28259 28259 W Glide : call GlideException#logRootCauses(String) for more detail
10-08 19:23:46.883 28259 28259 W Glide : Cause (1 of 1): class com.bumptech.glide.load.engine.GlideException: Failed DecodePath{ParcelFileDescriptorInner->Bitmap->PaletteBitmapContainer}
10-08 19:23:46.883 28259 28259 W Glide : There was 1 cause:
10-08 19:23:46.883 28259 28259 W Glide : java.io.IOException(java.lang.RuntimeException: setDataSource failed: status = 0xFFFFFFEA)
10-08 19:23:46.883 28259 28259 W Glide : call GlideException#logRootCauses(String) for more detail
10-08 19:23:46.883 28259 28259 W Glide : Cause (1 of 1): class java.io.IOException: java.lang.RuntimeException: setDataSource failed: status = 0xFFFFFFEA
10-08 19:23:46.883 28259 28259 W Glide : Cause (3 of 3): class com.bumptech.glide.load.engine.GlideException: Failed LoadPath{AssetFileDescriptor->Object->PaletteBitmapContainer}, LOCAL
10-08 19:23:46.883 28259 28259 W Glide : There was 1 cause:
10-08 19:23:46.883 28259 28259 W Glide : java.io.IOException(java.lang.IllegalArgumentException)
10-08 19:23:46.883 28259 28259 W Glide : call GlideException#logRootCauses(String) for more detail
10-08 19:23:46.883 28259 28259 W Glide : Cause (1 of 1): class com.bumptech.glide.load.engine.GlideException: Failed DecodePath{AssetFileDescriptor->Bitmap->PaletteBitmapContainer}
10-08 19:23:46.883 28259 28259 W Glide : There was 1 cause:
10-08 19:23:46.883 28259 28259 W Glide : java.io.IOException(java.lang.IllegalArgumentException)
10-08 19:23:46.883 28259 28259 W Glide : call GlideException#logRootCauses(String) for more detail
10-08 19:23:46.883 28259 28259 W Glide : Cause (1 of 1): class java.io.IOException: java.lang.IllegalArgumentException
10-08 19:23:46.883 28259 28259 I Glide : Root cause (1 of 2)
10-08 19:23:46.883 28259 28259 I Glide : java.io.IOException: java.lang.RuntimeException: setDataSource failed: status = 0xFFFFFFEA
10-08 19:23:46.883 28259 28259 I Glide : at com.bumptech.glide.load.resource.bitmap.VideoDecoder.decode(VideoDecoder.java:178)
10-08 19:23:46.883 28259 28259 I Glide : at com.bumptech.glide.load.engine.DecodePath.decodeResourceWithList(DecodePath.java:92)
10-08 19:23:46.883 28259 28259 I Glide : at com.bumptech.glide.load.engine.DecodePath.decodeResource(DecodePath.java:70)
10-08 19:23:46.883 28259 28259 I Glide : at com.bumptech.glide.load.engine.DecodePath.decode(DecodePath.java:59)
10-08 19:23:46.883 28259 28259 I Glide : at com.bumptech.glide.load.engine.LoadPath.loadWithExceptionList(LoadPath.java:76)
10-08 19:23:46.883 28259 28259 I Glide : at com.bumptech.glide.load.engine.LoadPath.load(LoadPath.java:57)
10-08 19:23:46.883 28259 28259 I Glide : at com.bumptech.glide.load.engine.DecodeJob.runLoadPath(DecodeJob.java:524)
10-08 19:23:46.883 28259 28259 I Glide : at com.bumptech.glide.load.engine.DecodeJob.decodeFromFetcher(DecodeJob.java:488)
10-08 19:23:46.883 28259 28259 I Glide : at com.bumptech.glide.load.engine.DecodeJob.decodeFromData(DecodeJob.java:474)
10-08 19:23:46.883 28259 28259 I Glide : at com.bumptech.glide.load.engine.DecodeJob.decodeFromRetrievedData(DecodeJob.java:426)
10-08 19:23:46.883 28259 28259 I Glide : at com.bumptech.glide.load.engine.DecodeJob.onDataFetcherReady(DecodeJob.java:390)
10-08 19:23:46.883 28259 28259 I Glide : at com.bumptech.glide.load.engine.SourceGenerator.onDataReady(SourceGenerator.java:119)
10-08 19:23:46.883 28259 28259 I Glide : at com.bumptech.glide.load.model.MultiModelLoader$MultiFetcher.onDataReady(MultiModelLoader.java:145)
10-08 19:23:46.883 28259 28259 I Glide : at com.bumptech.glide.load.data.LocalUriFetcher.loadData(LocalUriFetcher.java:52)
10-08 19:23:46.883 28259 28259 I Glide : at com.bumptech.glide.load.model.MultiModelLoader$MultiFetcher.loadData(MultiModelLoader.java:100)
10-08 19:23:46.883 28259 28259 I Glide : at com.bumptech.glide.load.engine.SourceGenerator.startNext(SourceGenerator.java:63)
10-08 19:23:46.883 28259 28259 I Glide : at com.bumptech.glide.load.engine.DecodeJob.runGenerators(DecodeJob.java:310)
10-08 19:23:46.883 28259 28259 I Glide : at com.bumptech.glide.load.engine.DecodeJob.decodeFromRetrievedData(DecodeJob.java:434)
10-08 19:23:46.883 28259 28259 I Glide : at com.bumptech.glide.load.engine.DecodeJob.onDataFetcherReady(DecodeJob.java:390)
10-08 19:23:46.883 28259 28259 I Glide : at com.bumptech.glide.load.engine.SourceGenerator.onDataReady(SourceGenerator.java:119)
10-08 19:23:46.883 28259 28259 I Glide : at com.bumptech.glide.load.model.MultiModelLoader$MultiFetcher.onDataReady(MultiModelLoader.java:145)
10-08 19:23:46.883 28259 28259 I Glide : at com.bumptech.glide.load.data.LocalUriFetcher.loadData(LocalUriFetcher.java:52)
10-08 19:23:46.883 28259 28259 I Glide : at com.bumptech.glide.load.model.MultiModelLoader$MultiFetcher.loadData(MultiModelLoader.java:100)
10-08 19:23:46.883 28259 28259 I Glide : at com.bumptech.glide.load.engine.SourceGenerator.startNext(SourceGenerator.java:63)
10-08 19:23:46.883 28259 28259 I Glide : at com.bumptech.glide.load.engine.DecodeJob.runGenerators(DecodeJob.java:310)
10-08 19:23:46.883 28259 28259 I Glide : at com.bumptech.glide.load.engine.DecodeJob.runWrapped(DecodeJob.java:279)
10-08 19:23:46.883 28259 28259 I Glide : at com.bumptech.glide.load.engine.DecodeJob.run(DecodeJob.java:234)
10-08 19:23:46.883 28259 28259 I Glide : at java.util.concurrent.ThreadPoolExecutor.runWorker(ThreadPoolExecutor.java:1167)
10-08 19:23:46.883 28259 28259 I Glide : at java.util.concurrent.ThreadPoolExecutor$Worker.run(ThreadPoolExecutor.java:641)
10-08 19:23:46.883 28259 28259 I Glide : at java.lang.Thread.run(Thread.java:764)
10-08 19:23:46.883 28259 28259 I Glide : at com.bumptech.glide.load.engine.executor.GlideExecutor$DefaultThreadFactory$1.run(GlideExecutor.java:431)
10-08 19:23:46.883 28259 28259 I Glide : Caused by: java.lang.RuntimeException: setDataSource failed: status = 0xFFFFFFEA
10-08 19:23:46.883 28259 28259 I Glide : at android.media.MediaMetadataRetriever.setDataSource(Native Method)
10-08 19:23:46.883 28259 28259 I Glide : at android.media.MediaMetadataRetriever.setDataSource(MediaMetadataRetriever.java:141)
10-08 19:23:46.883 28259 28259 I Glide : at com.bumptech.glide.load.resource.bitmap.VideoDecoder$ParcelFileDescriptorInitializer.initialize(VideoDecoder.java:299)
10-08 19:23:46.883 28259 28259 I Glide : at com.bumptech.glide.load.resource.bitmap.VideoDecoder$ParcelFileDescriptorInitializer.initialize(VideoDecoder.java:294)
10-08 19:23:46.883 28259 28259 I Glide : at com.bumptech.glide.load.resource.bitmap.VideoDecoder.decode(VideoDecoder.java:166)
10-08 19:23:46.883 28259 28259 I Glide : ... 30 more
10-08 19:23:46.884 27679 8667 E org.xbmc.kodi: No implementation found for boolean org.xbmc.kodi.XBMCFile._open(java.lang.String) (tried Java_org_xbmc_kodi_XBMCFile__1open and Java_org_xbmc_kodi_XBMCFile__1open__Ljava_lang_String_2)
10-08 19:23:46.884 27679 8667 E Kodifile: Open: Not available
10-08 19:23:46.886 28259 28259 I Glide : Root cause (2 of 2)
10-08 19:23:46.886 28259 28259 I Glide : java.io.IOException: java.lang.IllegalArgumentException
10-08 19:23:46.886 28259 28259 I Glide : at com.bumptech.glide.load.resource.bitmap.VideoDecoder.decode(VideoDecoder.java:178)
10-08 19:23:46.886 28259 28259 I Glide : at com.bumptech.glide.load.engine.DecodePath.decodeResourceWithList(DecodePath.java:92)
10-08 19:23:46.886 28259 28259 I Glide : at com.bumptech.glide.load.engine.DecodePath.decodeResource(DecodePath.java:70)
10-08 19:23:46.886 28259 28259 I Glide : at com.bumptech.glide.load.engine.DecodePath.decode(DecodePath.java:59)
10-08 19:23:46.886 28259 28259 I Glide : at com.bumptech.glide.load.engine.LoadPath.loadWithExceptionList(LoadPath.java:76)
10-08 19:23:46.886 28259 28259 I Glide : at com.bumptech.glide.load.engine.LoadPath.load(LoadPath.java:57)
10-08 19:23:46.886 28259 28259 I Glide : at com.bumptech.glide.load.engine.DecodeJob.runLoadPath(DecodeJob.java:524)
10-08 19:23:46.886 28259 28259 I Glide : at com.bumptech.glide.load.engine.DecodeJob.decodeFromFetcher(DecodeJob.java:488)
10-08 19:23:46.886 28259 28259 I Glide : at com.bumptech.glide.load.engine.DecodeJob.decodeFromData(DecodeJob.java:474)
10-08 19:23:46.886 28259 28259 I Glide : at com.bumptech.glide.load.engine.DecodeJob.decodeFromRetrievedData(DecodeJob.java:426)
10-08 19:23:46.886 28259 28259 I Glide : at com.bumptech.glide.load.engine.DecodeJob.onDataFetcherReady(DecodeJob.java:390)
10-08 19:23:46.886 28259 28259 I Glide : at com.bumptech.glide.load.engine.SourceGenerator.onDataReady(SourceGenerator.java:119)
10-08 19:23:46.886 28259 28259 I Glide : at com.bumptech.glide.load.data.LocalUriFetcher.loadData(LocalUriFetcher.java:52)
10-08 19:23:46.886 28259 28259 I Glide : at com.bumptech.glide.load.engine.SourceGenerator.startNext(SourceGenerator.java:63)
10-08 19:23:46.886 28259 28259 I Glide : at com.bumptech.glide.load.engine.DecodeJob.runGenerators(DecodeJob.java:310)
10-08 19:23:46.886 28259 28259 I Glide : at com.bumptech.glide.load.engine.DecodeJob.decodeFromRetrievedData(DecodeJob.java:434)
10-08 19:23:46.886 28259 28259 I Glide : at com.bumptech.glide.load.engine.DecodeJob.onDataFetcherReady(DecodeJob.java:390)
10-08 19:23:46.886 28259 28259 I Glide : at com.bumptech.glide.load.engine.SourceGenerator.onDataReady(SourceGenerator.java:119)
10-08 19:23:46.886 28259 28259 I Glide : at com.bumptech.glide.load.model.MultiModelLoader$MultiFetcher.onDataReady(MultiModelLoader.java:145)
10-08 19:23:46.886 28259 28259 I Glide : at com.bumptech.glide.load.data.LocalUriFetcher.loadData(LocalUriFetcher.java:52)
10-08 19:23:46.886 28259 28259 I Glide : at com.bumptech.glide.load.model.MultiModelLoader$MultiFetcher.loadData(MultiModelLoader.java:100)
10-08 19:23:46.886 28259 28259 I Glide : at com.bumptech.glide.load.engine.SourceGenerator.startNext(SourceGenerator.java:63)
10-08 19:23:46.886 28259 28259 I Glide : at com.bumptech.glide.load.engine.DecodeJob.runGenerators(DecodeJob.java:310)
10-08 19:23:46.886 28259 28259 I Glide : at com.bumptech.glide.load.engine.DecodeJob.decodeFromRetrievedData(DecodeJob.java:434)
10-08 19:23:46.886 28259 28259 I Glide : at com.bumptech.glide.load.engine.DecodeJob.onDataFetcherReady(DecodeJob.java:390)
10-08 19:23:46.886 28259 28259 I Glide : at com.bumptech.glide.load.engine.SourceGenerator.onDataReady(SourceGenerator.java:119)
10-08 19:23:46.886 28259 28259 I Glide : at com.bumptech.glide.load.model.MultiModelLoader$MultiFetcher.onDataReady(MultiModelLoader.java:145)
10-08 19:23:46.886 28259 28259 I Glide : at com.bumptech.glide.load.data.LocalUriFetcher.loadData(LocalUriFetcher.java:52)
10-08 19:23:46.886 28259 28259 I Glide : at com.bumptech.glide.load.model.MultiModelLoader$MultiFetcher.loadData(MultiModelLoader.java:100)
10-08 19:23:46.886 28259 28259 I Glide : at com.bumptech.glide.load.engine.SourceGenerator.startNext(SourceGenerator.java:63)
10-08 19:23:46.886 28259 28259 I Glide : at com.bumptech.glide.load.engine.DecodeJob.runGenerators(DecodeJob.java:310)
10-08 19:23:46.886 28259 28259 I Glide : at com.bumptech.glide.load.engine.DecodeJob.runWrapped(DecodeJob.java:279)
10-08 19:23:46.886 28259 28259 I Glide : at com.bumptech.glide.load.engine.DecodeJob.run(DecodeJob.java:234)
10-08 19:23:46.886 28259 28259 I Glide : at java.util.concurrent.ThreadPoolExecutor.runWorker(ThreadPoolExecutor.java:1167)
10-08 19:23:46.886 28259 28259 I Glide : at java.util.concurrent.ThreadPoolExecutor$Worker.run(ThreadPoolExecutor.java:641)
10-08 19:23:46.886 28259 28259 I Glide : at java.lang.Thread.run(Thread.java:764)
10-08 19:23:46.886 28259 28259 I Glide : at com.bumptech.glide.load.engine.executor.GlideExecutor$DefaultThreadFactory$1.run(GlideExecutor.java:431)
10-08 19:23:46.886 28259 28259 I Glide : Caused by: java.lang.IllegalArgumentException
10-08 19:23:46.886 28259 28259 I Glide : at android.media.MediaMetadataRetriever.setDataSource(Native Method)
10-08 19:23:46.886 28259 28259 I Glide : at com.bumptech.glide.load.resource.bitmap.VideoDecoder$AssetFileDescriptorInitializer.initialize(VideoDecoder.java:289)
10-08 19:23:46.886 28259 28259 I Glide : at com.bumptech.glide.load.resource.bitmap.VideoDecoder$AssetFileDescriptorInitializer.initialize(VideoDecoder.java:284)
10-08 19:23:46.886 28259 28259 I Glide : at com.bumptech.glide.load.resource.bitmap.VideoDecoder.decode(VideoDecoder.java:166)
10-08 19:23:46.886 28259 28259 I Glide : ... 36 more
10-08 19:23:46.889 27679 8668 E org.xbmc.kodi: No implementation found for boolean org.xbmc.kodi.XBMCFile._open(java.lang.String) (tried Java_org_xbmc_kodi_XBMCFile__1open and Java_org_xbmc_kodi_XBMCFile__1open__Ljava_lang_String_2)
10-08 19:23:46.889 27679 8668 E Kodifile: Open: Not available
10-08 19:23:46.891 28259 28326 E MediaMetadataRetrieverJNI: negative length (-1)
10-08 19:23:46.895 28259 28259 W Glide : Load failed for content://org.xbmc.kodi.file#image%3A%2F%2Fhttp%253a%252f%252f192.168.1.25%253a8096%252femby%252fItems%252f11658%252fImages%252fPrimary%252f0%253fEnableImageEnhancers%253dTrue%2526Tag%253d6cdc4150637891f533c4c3442ba653c6%2F with size [564x306]
10-08 19:23:46.895 28259 28259 W Glide : class com.bumptech.glide.load.engine.GlideException: Failed to load resource
10-08 19:23:46.895 28259 28259 W Glide : There were 2 causes:
10-08 19:23:46.895 28259 28259 W Glide : java.io.IOException(java.lang.RuntimeException: setDataSource failed: status = 0xFFFFFFEA)
10-08 19:23:46.895 28259 28259 W Glide : java.io.IOException(java.lang.IllegalArgumentException)
10-08 19:23:46.895 28259 28259 W Glide : call GlideException#logRootCauses(String) for more detail
10-08 19:23:46.895 28259 28259 W Glide : Cause (1 of 3): class com.bumptech.glide.load.engine.GlideException: Failed LoadPath{AutoCloseInputStream->Object->PaletteBitmapContainer}, LOCAL
10-08 19:23:46.895 28259 28259 W Glide : Cause (1 of 1): class com.bumptech.glide.load.engine.GlideException: Failed DecodePath{AutoCloseInputStream->Bitmap->PaletteBitmapContainer}
10-08 19:23:46.895 28259 28259 W Glide : Cause (2 of 3): class com.bumptech.glide.load.engine.GlideException: Failed LoadPath{ParcelFileDescriptorInner->Object->PaletteBitmapContainer}, LOCAL
10-08 19:23:46.895 28259 28259 W Glide : There was 1 cause:
10-08 19:23:46.895 28259 28259 W Glide : java.io.IOException(java.lang.RuntimeException: setDataSource failed: status = 0xFFFFFFEA)
10-08 19:23:46.895 28259 28259 W Glide : call GlideException#logRootCauses(String) for more detail
10-08 19:23:46.895 28259 28259 W Glide : Cause (1 of 1): class com.bumptech.glide.load.engine.GlideException: Failed DecodePath{ParcelFileDescriptorInner->Bitmap->PaletteBitmapContainer}
10-08 19:23:46.895 28259 28259 W Glide : There was 1 cause:
10-08 19:23:46.895 28259 28259 W Glide : java.io.IOException(java.lang.RuntimeException: setDataSource failed: status = 0xFFFFFFEA)
10-08 19:23:46.895 28259 28259 W Glide : call GlideException#logRootCauses(String) for more detail
10-08 19:23:46.895 28259 28259 W Glide : Cause (1 of 1): class java.io.IOException: java.lang.RuntimeException: setDataSource failed: status = 0xFFFFFFEA
10-08 19:23:46.895 28259 28259 W Glide : Cause (3 of 3): class com.bumptech.glide.load.engine.GlideException: Failed LoadPath{AssetFileDescriptor->Object->PaletteBitmapContainer}, LOCAL
10-08 19:23:46.895 28259 28259 W Glide : There was 1 cause:
10-08 19:23:46.895 28259 28259 W Glide : java.io.IOException(java.lang.IllegalArgumentException)
10-08 19:23:46.895 28259 28259 W Glide : call GlideException#logRootCauses(String) for more detail
10-08 19:23:46.895 28259 28259 W Glide : Cause (1 of 1): class com.bumptech.glide.load.engine.GlideException: Failed DecodePath{AssetFileDescriptor->Bitmap->PaletteBitmapContainer}
10-08 19:23:46.895 28259 28259 W Glide : There was 1 cause:
10-08 19:23:46.895 28259 28259 W Glide : java.io.IOException(java.lang.IllegalArgumentException)
10-08 19:23:46.895 28259 28259 W Glide : call GlideException#logRootCauses(String) for more detail
10-08 19:23:46.895 28259 28259 W Glide : Cause (1 of 1): class java.io.IOException: java.lang.IllegalArgumentException
10-08 19:23:46.896 28259 28259 I Glide : Root cause (1 of 2)
10-08 19:23:46.896 28259 28259 I Glide : java.io.IOException: java.lang.RuntimeException: setDataSource failed: status = 0xFFFFFFEA
10-08 19:23:46.896 28259 28259 I Glide : at com.bumptech.glide.load.resource.bitmap.VideoDecoder.decode(VideoDecoder.java:178)
10-08 19:23:46.896 28259 28259 I Glide : at com.bumptech.glide.load.engine.DecodePath.decodeResourceWithList(DecodePath.java:92)
10-08 19:23:46.896 28259 28259 I Glide : at com.bumptech.glide.load.engine.DecodePath.decodeResource(DecodePath.java:70)
10-08 19:23:46.896 28259 28259 I Glide : at com.bumptech.glide.load.engine.DecodePath.decode(DecodePath.java:59)
10-08 19:23:46.896 28259 28259 I Glide : at com.bumptech.glide.load.engine.LoadPath.loadWithExceptionList(LoadPath.java:76)
10-08 19:23:46.896 28259 28259 I Glide : at com.bumptech.glide.load.engine.LoadPath.load(LoadPath.java:57)
10-08 19:23:46.896 28259 28259 I Glide : at com.bumptech.glide.load.engine.DecodeJob.runLoadPath(DecodeJob.java:524)
10-08 19:23:46.896 28259 28259 I Glide : at com.bumptech.glide.load.engine.DecodeJob.decodeFromFetcher(DecodeJob.java:488)
10-08 19:23:46.896 28259 28259 I Glide : at com.bumptech.glide.load.engine.DecodeJob.decodeFromData(DecodeJob.java:474)
10-08 19:23:46.896 28259 28259 I Glide : at com.bumptech.glide.load.engine.DecodeJob.decodeFromRetrievedData(DecodeJob.java:426)
10-08 19:23:46.896 28259 28259 I Glide : at com.bumptech.glide.load.engine.DecodeJob.onDataFetcherReady(DecodeJob.java:390)
10-08 19:23:46.896 28259 28259 I Glide : at com.bumptech.glide.load.engine.SourceGenerator.onDataReady(SourceGenerator.java:119)
10-08 19:23:46.896 28259 28259 I Glide : at com.bumptech.glide.load.model.MultiModelLoader$MultiFetcher.onDataReady(MultiModelLoader.java:145)
10-08 19:23:46.896 28259 28259 I Glide : at com.bumptech.glide.load.data.LocalUriFetcher.loadData(LocalUriFetcher.java:52)
10-08 19:23:46.896 28259 28259 I Glide : at com.bumptech.glide.load.model.MultiModelLoader$MultiFetcher.loadData(MultiModelLoader.java:100)
10-08 19:23:46.896 28259 28259 I Glide : at com.bumptech.glide.load.engine.SourceGenerator.startNext(SourceGenerator.java:63)
10-08 19:23:46.896 28259 28259 I Glide : at com.bumptech.glide.load.engine.DecodeJob.runGenerators(DecodeJob.java:310)
10-08 19:23:46.896 28259 28259 I Glide : at com.bumptech.glide.load.engine.DecodeJob.decodeFromRetrievedData(DecodeJob.java:434)
10-08 19:23:46.896 28259 28259 I Glide : at com.bumptech.glide.load.engine.DecodeJob.onDataFetcherReady(DecodeJob.java:390)
10-08 19:23:46.896 28259 28259 I Glide : at com.bumptech.glide.load.engine.SourceGenerator.onDataReady(SourceGenerator.java:119)
10-08 19:23:46.896 28259 28259 I Glide : at com.bumptech.glide.load.model.MultiModelLoader$MultiFetcher.onDataReady(MultiModelLoader.java:145)
10-08 19:23:46.896 28259 28259 I Glide : at com.bumptech.glide.load.data.LocalUriFetcher.loadData(LocalUriFetcher.java:52)
10-08 19:23:46.896 28259 28259 I Glide : at com.bumptech.glide.load.model.MultiModelLoader$MultiFetcher.loadData(MultiModelLoader.java:100)
10-08 19:23:46.896 28259 28259 I Glide : at com.bumptech.glide.load.engine.SourceGenerator.startNext(SourceGenerator.java:63)
10-08 19:23:46.896 28259 28259 I Glide : at com.bumptech.glide.load.engine.DecodeJob.runGenerators(DecodeJob.java:310)
10-08 19:23:46.896 28259 28259 I Glide : at com.bumptech.glide.load.engine.DecodeJob.runWrapped(DecodeJob.java:279)
10-08 19:23:46.896 28259 28259 I Glide : at com.bumptech.glide.load.engine.DecodeJob.run(DecodeJob.java:234)
10-08 19:23:46.896 28259 28259 I Glide : at java.util.concurrent.ThreadPoolExecutor.runWorker(ThreadPoolExecutor.java:1167)
10-08 19:23:46.896 28259 28259 I Glide : at java.util.concurrent.ThreadPoolExecutor$Worker.run(ThreadPoolExecutor.java:641)
10-08 19:23:46.896 28259 28259 I Glide : at java.lang.Thread.run(Thread.java:764)
10-08 19:23:46.896 28259 28259 I Glide : at com.bumptech.glide.load.engine.executor.GlideExecutor$DefaultThreadFactory$1.run(GlideExecutor.java:431)
10-08 19:23:46.896 28259 28259 I Glide : Caused by: java.lang.RuntimeException: setDataSource failed: status = 0xFFFFFFEA
10-08 19:23:46.896 28259 28259 I Glide : at android.media.MediaMetadataRetriever.setDataSource(Native Method)
10-08 19:23:46.896 28259 28259 I Glide : at android.media.MediaMetadataRetriever.setDataSource(MediaMetadataRetriever.java:141)
10-08 19:23:46.896 28259 28259 I Glide : at com.bumptech.glide.load.resource.bitmap.VideoDecoder$ParcelFileDescriptorInitializer.initialize(VideoDecoder.java:299)
10-08 19:23:46.896 28259 28259 I Glide : at com.bumptech.glide.load.resource.bitmap.VideoDecoder$ParcelFileDescriptorInitializer.initialize(VideoDecoder.java:294)
10-08 19:23:46.896 28259 28259 I Glide : at com.bumptech.glide.load.resource.bitmap.VideoDecoder.decode(VideoDecoder.java:166)
10-08 19:23:46.896 28259 28259 I Glide : ... 30 more
10-08 19:23:46.896 28259 28259 I Glide : Root cause (2 of 2)
10-08 19:23:46.896 28259 28259 I Glide : java.io.IOException: java.lang.IllegalArgumentException
10-08 19:23:46.896 28259 28259 I Glide : at com.bumptech.glide.load.resource.bitmap.VideoDecoder.decode(VideoDecoder.java:178)
10-08 19:23:46.896 28259 28259 I Glide : at com.bumptech.glide.load.engine.DecodePath.decodeResourceWithList(DecodePath.java:92)
10-08 19:23:46.896 28259 28259 I Glide : at com.bumptech.glide.load.engine.DecodePath.decodeResource(DecodePath.java:70)
10-08 19:23:46.896 28259 28259 I Glide : at com.bumptech.glide.load.engine.DecodePath.decode(DecodePath.java:59)
10-08 19:23:46.896 28259 28259 I Glide : at com.bumptech.glide.load.engine.LoadPath.loadWithExceptionList(LoadPath.java:76)
10-08 19:23:46.896 28259 28259 I Glide : at com.bumptech.glide.load.engine.LoadPath.load(LoadPath.java:57)
