10-08 19:24:21.648 3470 8803 F .xbmc.kodinerd: runtime.cc:558] | sysTid=8725 nice=-9 cgrp=default sched=0/0 handle=0x2f684fd4f0
10-08 19:24:21.648 3470 8803 F .xbmc.kodinerd: runtime.cc:558] | state=S schedstat=( 331960479 117359372 422 ) utm=28 stm=4 core=3 HZ=100
10-08 19:24:21.648 3470 8803 F .xbmc.kodinerd: runtime.cc:558] | stack=0x2f68402000-0x2f68404000 stackSize=1009KB
10-08 19:24:21.648 3470 8803 F .xbmc.kodinerd: runtime.cc:558] | held mutexes=
10-08 19:24:21.648 3470 8803 F .xbmc.kodinerd: runtime.cc:558] kernel: (couldn't read /proc/self/task/8725/stack)
10-08 19:24:21.648 3470 8803 F .xbmc.kodinerd: runtime.cc:558] native: #00 pc 000000000001f070 /system/lib64/libc.so (syscall+32)
10-08 19:24:21.648 3470 8803 F .xbmc.kodinerd: runtime.cc:558] native: #01 pc 00000000000221bc /system/lib64/libc.so (__futex_wait_ex(void volatile*, bool, int, bool, timespec const*)+140)
10-08 19:24:21.648 3470 8803 F .xbmc.kodinerd: runtime.cc:558] native: #02 pc 0000000000080f60 /system/lib64/libc.so (pthread_cond_timedwait+120)
10-08 19:24:21.648 3470 8803 F .xbmc.kodinerd: runtime.cc:558] native: #03 pc 00000000000532b0 /data/app/org.xbmc.kodinerds-VOjJ1SzGWH_6mYFuwhW91Q==/lib/arm64/libc++_shared.so (_ZNSt6__ndk118condition_variable15__do_timed_waitERNS_11unique_lockINS_5mutexEEENS_6chrono10time_pointINS5_12system_clockENS5_8durationIxNS_5ratioILl1ELl1000000000EEEEEEE+108)
10-08 19:24:21.648 3470 8803 F .xbmc.kodinerd: runtime.cc:558] native: #04 pc 00000000011d06dc /data/app/org.xbmc.kodinerds-VOjJ1SzGWH_6mYFuwhW91Q==/lib/arm64/libkodi.so (???)
10-08 19:24:21.648 3470 8803 F .xbmc.kodinerd: runtime.cc:558] native: #05 pc 00000000011d051c /data/app/org.xbmc.kodinerds-VOjJ1SzGWH_6mYFuwhW91Q==/lib/arm64/libkodi.so (???)
10-08 19:24:21.648 3470 8803 F .xbmc.kodinerd: runtime.cc:558] native: #06 pc 00000000011d0320 /data/app/org.xbmc.kodinerds-VOjJ1SzGWH_6mYFuwhW91Q==/lib/arm64/libkodi.so (???)
10-08 19:24:21.648 3470 8803 F .xbmc.kodinerd: runtime.cc:558] native: #07 pc 00000000011d026c /data/app/org.xbmc.kodinerds-VOjJ1SzGWH_6mYFuwhW91Q==/lib/arm64/libkodi.so (???)
10-08 19:24:21.648 3470 8803 F .xbmc.kodinerd: runtime.cc:558] native: #08 pc 00000000011d0160 /data/app/org.xbmc.kodinerds-VOjJ1SzGWH_6mYFuwhW91Q==/lib/arm64/libkodi.so (XbmcThreads::ConditionVariable::wait(CCriticalSection&, unsigned long)+96)
10-08 19:24:21.648 3470 8803 F .xbmc.kodinerd: runtime.cc:558] native: #09 pc 00000000011d0080 /data/app/org.xbmc.kodinerds-VOjJ1SzGWH_6mYFuwhW91Q==/lib/arm64/libkodi.so (bool XbmcThreads::TightConditionVariable::wait(CCriticalSection&, unsigned long)+132)
10-08 19:24:21.648 3470 8803 F .xbmc.kodinerd: runtime.cc:558] native: #10 pc 00000000011cd45c /data/app/org.xbmc.kodinerds-VOjJ1SzGWH_6mYFuwhW91Q==/lib/arm64/libkodi.so (CEvent::WaitMSec(unsigned int)+80)
10-08 19:24:21.648 3470 8803 F .xbmc.kodinerd: runtime.cc:558] native: #11 pc 0000000001594e6c /data/app/org.xbmc.kodinerds-VOjJ1SzGWH_6mYFuwhW91Q==/lib/arm64/libkodi.so (CJobManager::GetNextJob(CJobWorker const*)+100)
10-08 19:24:21.648 3470 8803 F .xbmc.kodinerd: runtime.cc:558] native: #12 pc 0000000001594dbc /data/app/org.xbmc.kodinerds-VOjJ1SzGWH_6mYFuwhW91Q==/lib/arm64/libkodi.so (CJobWorker::Process()+196)
10-08 19:24:21.648 3470 8803 F .xbmc.kodinerd: runtime.cc:558] native: #13 pc 0000000001608a94 /data/app/org.xbmc.kodinerds-VOjJ1SzGWH_6mYFuwhW91Q==/lib/arm64/libkodi.so (CThread::Action()+40)
10-08 19:24:21.648 3470 8803 F .xbmc.kodinerd: runtime.cc:558] native: #14 pc 0000000001609038 /data/app/org.xbmc.kodinerds-VOjJ1SzGWH_6mYFuwhW91Q==/lib/arm64/libkodi.so (???)
10-08 19:24:21.648 3470 8803 F .xbmc.kodinerd: runtime.cc:558] native: #15 pc 0000000001608eec /data/app/org.xbmc.kodinerds-VOjJ1SzGWH_6mYFuwhW91Q==/lib/arm64/libkodi.so (???)
10-08 19:24:21.649 3470 8803 F .xbmc.kodinerd: runtime.cc:558] native: #16 pc 0000000001608cf8 /data/app/org.xbmc.kodinerds-VOjJ1SzGWH_6mYFuwhW91Q==/lib/arm64/libkodi.so (???)
10-08 19:24:21.649 3470 8803 F .xbmc.kodinerd: runtime.cc:558] native: #17 pc 0000000000081978 /system/lib64/libc.so (__pthread_start(void*)+36)
10-08 19:24:21.649 3470 8803 F .xbmc.kodinerd: runtime.cc:558] native: #18 pc 00000000000234b8 /system/lib64/libc.so (__start_thread+68)
10-08 19:24:21.649 3470 8803 F .xbmc.kodinerd: runtime.cc:558] (no managed stack frames)
10-08 19:24:21.649 3470 8803 F .xbmc.kodinerd: runtime.cc:558]
10-08 19:24:21.649 3470 8803 F .xbmc.kodinerd: runtime.cc:558] "Thread-10" prio=10 tid=28 Native
10-08 19:24:21.649 3470 8803 F .xbmc.kodinerd: runtime.cc:558] | group="" sCount=1 dsCount=0 flags=1 obj=0x12fc2c60 self=0x2f6c791000
10-08 19:24:21.649 3470 8803 F .xbmc.kodinerd: runtime.cc:558] | sysTid=8740 nice=-9 cgrp=default sched=0/0 handle=0x2f67bb14f0
10-08 19:24:21.649 3470 8803 F .xbmc.kodinerd: runtime.cc:558] | state=S schedstat=( 967988602 186020815 1176 ) utm=88 stm=8 core=3 HZ=100
10-08 19:24:21.649 3470 8803 F .xbmc.kodinerd: runtime.cc:558] | stack=0x2f67ab6000-0x2f67ab8000 stackSize=1009KB
10-08 19:24:21.649 3470 8803 F .xbmc.kodinerd: runtime.cc:558] | held mutexes=
10-08 19:24:21.649 3470 8803 F .xbmc.kodinerd: runtime.cc:558] kernel: (couldn't read /proc/self/task/8740/stack)
10-08 19:24:21.649 3470 8803 F .xbmc.kodinerd: runtime.cc:558] native: #00 pc 000000000001f070 /system/lib64/libc.so (syscall+32)
10-08 19:24:21.649 3470 8803 F .xbmc.kodinerd: runtime.cc:558] native: #01 pc 00000000000221bc /system/lib64/libc.so (__futex_wait_ex(void volatile*, bool, int, bool, timespec const*)+140)
10-08 19:24:21.649 3470 8803 F .xbmc.kodinerd: runtime.cc:558] native: #02 pc 0000000000080f60 /system/lib64/libc.so (pthread_cond_timedwait+120)
10-08 19:24:21.649 3470 8803 F .xbmc.kodinerd: runtime.cc:558] native: #03 pc 00000000000532b0 /data/app/org.xbmc.kodinerds-VOjJ1SzGWH_6mYFuwhW91Q==/lib/arm64/libc++_shared.so (_ZNSt6__ndk118condition_variable15__do_timed_waitERNS_11unique_lockINS_5mutexEEENS_6chrono10time_pointINS5_12system_clockENS5_8durationIxNS_5ratioILl1ELl1000000000EEEEEEE+108)
10-08 19:24:21.649 3470 8803 F .xbmc.kodinerd: runtime.cc:558] native: #04 pc 00000000011d06dc /data/app/org.xbmc.kodinerds-VOjJ1SzGWH_6mYFuwhW91Q==/lib/arm64/libkodi.so (???)
10-08 19:24:21.649 3470 8803 F .xbmc.kodinerd: runtime.cc:558] native: #05 pc 00000000011d051c /data/app/org.xbmc.kodinerds-VOjJ1SzGWH_6mYFuwhW91Q==/lib/arm64/libkodi.so (???)
10-08 19:24:21.649 3470 8803 F .xbmc.kodinerd: runtime.cc:558] native: #06 pc 00000000011d0320 /data/app/org.xbmc.kodinerds-VOjJ1SzGWH_6mYFuwhW91Q==/lib/arm64/libkodi.so (???)
10-08 19:24:21.649 3470 8803 F .xbmc.kodinerd: runtime.cc:558] native: #07 pc 00000000011d026c /data/app/org.xbmc.kodinerds-VOjJ1SzGWH_6mYFuwhW91Q==/lib/arm64/libkodi.so (???)
10-08 19:24:21.649 3470 8803 F .xbmc.kodinerd: runtime.cc:558] native: #08 pc 00000000011d0160 /data/app/org.xbmc.kodinerds-VOjJ1SzGWH_6mYFuwhW91Q==/lib/arm64/libkodi.so (XbmcThreads::ConditionVariable::wait(CCriticalSection&, unsigned long)+96)
10-08 19:24:21.649 3470 8803 F .xbmc.kodinerd: runtime.cc:558] native: #09 pc 00000000011d0080 /data/app/org.xbmc.kodinerds-VOjJ1SzGWH_6mYFuwhW91Q==/lib/arm64/libkodi.so (bool XbmcThreads::TightConditionVariable::wait(CCriticalSection&, unsigned long)+132)
10-08 19:24:21.649 3470 8803 F .xbmc.kodinerd: runtime.cc:558] native: #10 pc 00000000011cd45c /data/app/org.xbmc.kodinerds-VOjJ1SzGWH_6mYFuwhW91Q==/lib/arm64/libkodi.so (CEvent::WaitMSec(unsigned int)+80)
10-08 19:24:21.649 3470 8803 F .xbmc.kodinerd: runtime.cc:558] native: #11 pc 0000000001594e6c /data/app/org.xbmc.kodinerds-VOjJ1SzGWH_6mYFuwhW91Q==/lib/arm64/libkodi.so (CJobManager::GetNextJob(CJobWorker const*)+100)
10-08 19:24:21.649 3470 8803 F .xbmc.kodinerd: runtime.cc:558] native: #12 pc 0000000001594dbc /data/app/org.xbmc.kodinerds-VOjJ1SzGWH_6mYFuwhW91Q==/lib/arm64/libkodi.so (CJobWorker::Process()+196)
10-08 19:24:21.649 3470 8803 F .xbmc.kodinerd: runtime.cc:558] native: #13 pc 0000000001608a94 /data/app/org.xbmc.kodinerds-VOjJ1SzGWH_6mYFuwhW91Q==/lib/arm64/libkodi.so (CThread::Action()+40)
10-08 19:24:21.649 3470 8803 F .xbmc.kodinerd: runtime.cc:558] native: #14 pc 0000000001609038 /data/app/org.xbmc.kodinerds-VOjJ1SzGWH_6mYFuwhW91Q==/lib/arm64/libkodi.so (???)
10-08 19:24:21.649 3470 8803 F .xbmc.kodinerd: runtime.cc:558] native: #15 pc 0000000001608eec /data/app/org.xbmc.kodinerds-VOjJ1SzGWH_6mYFuwhW91Q==/lib/arm64/libkodi.so (???)
10-08 19:24:21.649 3470 8803 F .xbmc.kodinerd: runtime.cc:558] native: #16 pc 0000000001608cf8 /data/app/org.xbmc.kodinerds-VOjJ1SzGWH_6mYFuwhW91Q==/lib/arm64/libkodi.so (???)
10-08 19:24:21.649 3470 8803 F .xbmc.kodinerd: runtime.cc:558] native: #17 pc 0000000000081978 /system/lib64/libc.so (__pthread_start(void*)+36)
10-08 19:24:21.649 3470 8803 F .xbmc.kodinerd: runtime.cc:558] native: #18 pc 00000000000234b8 /system/lib64/libc.so (__start_thread+68)
10-08 19:24:21.649 3470 8803 F .xbmc.kodinerd: runtime.cc:558] (no managed stack frames)
10-08 19:24:21.649 3470 8803 F .xbmc.kodinerd: runtime.cc:558]
10-08 19:24:21.649 3470 8803 F .xbmc.kodinerd: runtime.cc:558] "AsyncTask #7" prio=10 tid=29 TimedWaiting
10-08 19:24:21.649 3470 8803 F .xbmc.kodinerd: runtime.cc:558] | group="" sCount=1 dsCount=0 flags=1 obj=0x12fc2ce8 self=0x2f68983c00
10-08 19:24:21.649 3470 8803 F .xbmc.kodinerd: runtime.cc:558] | sysTid=8741 nice=10 cgrp=default sched=0/0 handle=0x2f686034f0
10-08 19:24:21.649 3470 8803 F .xbmc.kodinerd: runtime.cc:558] | state=S schedstat=( 27549842 813437 21 ) utm=2 stm=0 core=0 HZ=100
10-08 19:24:21.649 3470 8803 F .xbmc.kodinerd: runtime.cc:558] | stack=0x2f68500000-0x2f68502000 stackSize=1041KB
10-08 19:24:21.649 3470 8803 F .xbmc.kodinerd: runtime.cc:558] | held mutexes=
10-08 19:24:21.649 3470 8803 F .xbmc.kodinerd: runtime.cc:558] kernel: (couldn't read /proc/self/task/8741/stack)
10-08 19:24:21.649 3470 8803 F .xbmc.kodinerd: runtime.cc:558] native: #00 pc 000000000001f070 /system/lib64/libc.so (syscall+32)
10-08 19:24:21.649 3470 8803 F .xbmc.kodinerd: runtime.cc:558] native: #01 pc 00000000000d7678 /system/lib64/libart.so (art::ConditionVariable::TimedWait(art::Thread*, long, int)+168)
10-08 19:24:21.649 3470 8803 F .xbmc.kodinerd: runtime.cc:558] native: #02 pc 00000000003bce28 /system/lib64/libart.so (art::Monitor::Wait(art::Thread*, long, int, bool, art::ThreadState)+656)
10-08 19:24:21.649 3470 8803 F .xbmc.kodinerd: runtime.cc:558] native: #03 pc 00000000003be8d0 /system/lib64/libart.so (art::Monitor::Wait(art::Thread*, art::mirror::Object*, long, int, bool, art::ThreadState)+424)
10-08 19:24:21.649 3470 8803 F .xbmc.kodinerd: runtime.cc:558]
at java.lang.Object.wait(Native method)
10-08 19:24:21.649 3470 8803 F .xbmc.kodinerd: runtime.cc:558] - waiting on <0x010de8dc> (a java.lang.Object)
10-08 19:24:21.649 3470 8803 F .xbmc.kodinerd: runtime.cc:558]
at java.lang.Thread.parkFor$(Thread.java:2137)
10-08 19:24:21.649 3470 8803 F .xbmc.kodinerd: runtime.cc:558] - locked <0x010de8dc> (a java.lang.Object)
10-08 19:24:21.649 3470 8803 F .xbmc.kodinerd: runtime.cc:558]
at sun.misc.Unsafe.park(Unsafe.java:358)
10-08 19:24:21.649 3470 8803 F .xbmc.kodinerd: runtime.cc:558]
at java.util.concurrent.locks.LockSupport.parkNanos(LockSupport.java:230)
10-08 19:24:21.649 3470 8803 F .xbmc.kodinerd: runtime.cc:558]
at java.util.concurrent.locks.AbstractQueuedSynchronizer$ConditionObject.awaitNanos(AbstractQueuedSynchronizer.java:2101)
10-08 19:24:21.649 3470 8803 F .xbmc.kodinerd: runtime.cc:558]
at java.util.concurrent.LinkedBlockingQueue.poll(LinkedBlockingQueue.java:467)
10-08 19:24:21.649 3470 8803 F .xbmc.kodinerd: runtime.cc:558]
at java.util.concurrent.ThreadPoolExecutor.getTask(ThreadPoolExecutor.java:1091)
10-08 19:24:21.649 3470 8803 F .xbmc.kodinerd: runtime.cc:558]
at java.util.concurrent.ThreadPoolExecutor.runWorker(ThreadPoolExecutor.java:1152)
10-08 19:24:21.649 3470 8803 F .xbmc.kodinerd: runtime.cc:558]
at java.util.concurrent.ThreadPoolExecutor$Worker.run(ThreadPoolExecutor.java:641)
10-08 19:24:21.649 3470 8803 F .xbmc.kodinerd: runtime.cc:558]
at java.lang.Thread.run(Thread.java:764)
10-08 19:24:21.649 3470 8803 F .xbmc.kodinerd: runtime.cc:558]
10-08 19:24:21.649 3470 8803 F .xbmc.kodinerd: runtime.cc:558] "AsyncTask #8" prio=10 tid=30 TimedWaiting
10-08 19:24:21.649 3470 8803 F .xbmc.kodinerd: runtime.cc:558] | group="" sCount=1 dsCount=0 flags=1 obj=0x12fc2dc8 self=0x2f68984800
10-08 19:24:21.649 3470 8803 F .xbmc.kodinerd: runtime.cc:558] | sysTid=8743 nice=10 cgrp=default sched=0/0 handle=0x2f687094f0
10-08 19:24:21.649 3470 8803 F .xbmc.kodinerd: runtime.cc:558] | state=S schedstat=( 1861146 2944115 3 ) utm=0 stm=0 core=0 HZ=100
10-08 19:24:21.649 3470 8803 F .xbmc.kodinerd: runtime.cc:558] | stack=0x2f68606000-0x2f68608000 stackSize=1041KB
10-08 19:24:21.649 3470 8803 F .xbmc.kodinerd: runtime.cc:558] | held mutexes=
10-08 19:24:21.649 3470 8803 F .xbmc.kodinerd: runtime.cc:558] kernel: (couldn't read /proc/self/task/8743/stack)
10-08 19:24:21.649 3470 8803 F .xbmc.kodinerd: runtime.cc:558] native: #00 pc 000000000001f070 /system/lib64/libc.so (syscall+32)
10-08 19:24:21.649 3470 8803 F .xbmc.kodinerd: runtime.cc:558] native: #01 pc 00000000000d7678 /system/lib64/libart.so (art::ConditionVariable::TimedWait(art::Thread*, long, int)+168)
10-08 19:24:21.649 3470 8803 F .xbmc.kodinerd: runtime.cc:558] native: #02 pc 00000000003bce28 /system/lib64/libart.so (art::Monitor::Wait(art::Thread*, long, int, bool, art::ThreadState)+656)
10-08 19:24:21.649 3470 8803 F .xbmc.kodinerd: runtime.cc:558] native: #03 pc 00000000003be8d0 /system/lib64/libart.so (art::Monitor::Wait(art::Thread*, art::mirror::Object*, long, int, bool, art::ThreadState)+424)
10-08 19:24:21.650 3470 8803 F .xbmc.kodinerd: runtime.cc:558]
at java.lang.Object.wait(Native method)
10-08 19:24:21.650 3470 8803 F .xbmc.kodinerd: runtime.cc:558] - waiting on <0x06075de5> (a java.lang.Object)
10-08 19:24:21.650 3470 8803 F .xbmc.kodinerd: runtime.cc:558]
at java.lang.Thread.parkFor$(Thread.java:2137)
10-08 19:24:21.650 3470 8803 F .xbmc.kodinerd: runtime.cc:558] - locked <0x06075de5> (a java.lang.Object)
10-08 19:24:21.650 3470 8803 F .xbmc.kodinerd: runtime.cc:558]
at sun.misc.Unsafe.park(Unsafe.java:358)
10-08 19:24:21.650 3470 8803 F .xbmc.kodinerd: runtime.cc:558]
at java.util.concurrent.locks.LockSupport.parkNanos(LockSupport.java:230)
10-08 19:24:21.650 3470 8803 F .xbmc.kodinerd: runtime.cc:558]
at java.util.concurrent.locks.AbstractQueuedSynchronizer$ConditionObject.awaitNanos(AbstractQueuedSynchronizer.java:2101)
10-08 19:24:21.650 3470 8803 F .xbmc.kodinerd: runtime.cc:558]
at java.util.concurrent.LinkedBlockingQueue.poll(LinkedBlockingQueue.java:467)
10-08 19:24:21.650 3470 8803 F .xbmc.kodinerd: runtime.cc:558]
at java.util.concurrent.ThreadPoolExecutor.getTask(ThreadPoolExecutor.java:1091)
10-08 19:24:21.650 3470 8803 F .xbmc.kodinerd: runtime.cc:558]
at java.util.concurrent.ThreadPoolExecutor.runWorker(ThreadPoolExecutor.java:1152)
10-08 19:24:21.650 3470 8803 F .xbmc.kodinerd: runtime.cc:558]
at java.util.concurrent.ThreadPoolExecutor$Worker.run(ThreadPoolExecutor.java:641)
10-08 19:24:21.650 3470 8803 F .xbmc.kodinerd: runtime.cc:558]
at java.lang.Thread.run(Thread.java:764)
10-08 19:24:21.650 3470 8803 F .xbmc.kodinerd: runtime.cc:558]
10-08 19:24:21.650 3470 8803 F .xbmc.kodinerd: runtime.cc:558] "AsyncTask #9" prio=10 tid=31 TimedWaiting
10-08 19:24:21.650 3470 8803 F .xbmc.kodinerd: runtime.cc:558] | group="" sCount=1 dsCount=0 flags=1 obj=0x12fc2ea8 self=0x2f68985400
10-08 19:24:21.650 3470 8803 F .xbmc.kodinerd: runtime.cc:558] | sysTid=8744 nice=10 cgrp=default sched=0/0 handle=0x2f6914d4f0
10-08 19:24:21.650 3470 8803 F .xbmc.kodinerd: runtime.cc:558] | state=S schedstat=( 24374790 721459 19 ) utm=2 stm=0 core=2 HZ=100
10-08 19:24:21.650 3470 8803 F .xbmc.kodinerd: runtime.cc:558] | stack=0x2f6904a000-0x2f6904c000 stackSize=1041KB
10-08 19:24:21.650 3470 8803 F .xbmc.kodinerd: runtime.cc:558] | held mutexes=
10-08 19:24:21.650 3470 8803 F .xbmc.kodinerd: runtime.cc:558] kernel: (couldn't read /proc/self/task/8744/stack)
10-08 19:24:21.650 3470 8803 F .xbmc.kodinerd: runtime.cc:558] native: #00 pc 000000000001f070 /system/lib64/libc.so (syscall+32)
10-08 19:24:21.650 3470 8803 F .xbmc.kodinerd: runtime.cc:558] native: #01 pc 00000000000d7678 /system/lib64/libart.so (art::ConditionVariable::TimedWait(art::Thread*, long, int)+168)
10-08 19:24:21.650 3470 8803 F .xbmc.kodinerd: runtime.cc:558] native: #02 pc 00000000003bce28 /system/lib64/libart.so (art::Monitor::Wait(art::Thread*, long, int, bool, art::ThreadState)+656)
10-08 19:24:21.650 3470 8803 F .xbmc.kodinerd: runtime.cc:558] native: #03 pc 00000000003be8d0 /system/lib64/libart.so (art::Monitor::Wait(art::Thread*, art::mirror::Object*, long, int, bool, art::ThreadState)+424)
10-08 19:24:21.650 3470 8803 F .xbmc.kodinerd: runtime.cc:558]
at java.lang.Object.wait(Native method)
10-08 19:24:21.650 3470 8803 F .xbmc.kodinerd: runtime.cc:558] - waiting on <0x03dcf0ba> (a java.lang.Object)
10-08 19:24:21.650 3470 8803 F .xbmc.kodinerd: runtime.cc:558]
at java.lang.Thread.parkFor$(Thread.java:2137)
10-08 19:24:21.650 3470 8803 F .xbmc.kodinerd: runtime.cc:558] - locked <0x03dcf0ba> (a java.lang.Object)
10-08 19:24:21.650 3470 8803 F .xbmc.kodinerd: runtime.cc:558]
at sun.misc.Unsafe.park(Unsafe.java:358)
10-08 19:24:21.650 3470 8803 F .xbmc.kodinerd: runtime.cc:558]
at java.util.concurrent.locks.LockSupport.parkNanos(LockSupport.java:230)
10-08 19:24:21.650 3470 8803 F .xbmc.kodinerd: runtime.cc:558]
at java.util.concurrent.locks.AbstractQueuedSynchronizer$ConditionObject.awaitNanos(AbstractQueuedSynchronizer.java:2101)
10-08 19:24:21.650 3470 8803 F .xbmc.kodinerd: runtime.cc:558]
at java.util.concurrent.LinkedBlockingQueue.poll(LinkedBlockingQueue.java:467)
10-08 19:24:21.650 3470 8803 F .xbmc.kodinerd: runtime.cc:558]
at java.util.concurrent.ThreadPoolExecutor.getTask(ThreadPoolExecutor.java:1091)
10-08 19:24:21.650 3470 8803 F .xbmc.kodinerd: runtime.cc:558]
at java.util.concurrent.ThreadPoolExecutor.runWorker(ThreadPoolExecutor.java:1152)
10-08 19:24:21.650 3470 8803 F .xbmc.kodinerd: runtime.cc:558]
at java.util.concurrent.ThreadPoolExecutor$Worker.run(ThreadPoolExecutor.java:641)
10-08 19:24:21.650 3470 8803 F .xbmc.kodinerd: runtime.cc:558]
at java.lang.Thread.run(Thread.java:764)
10-08 19:24:21.650 3470 8803 F .xbmc.kodinerd: runtime.cc:558]
10-08 19:24:21.650 3470 8803 F .xbmc.kodinerd: runtime.cc:558] "Thread-11" prio=10 tid=32 Native
10-08 19:24:21.650 3470 8803 F .xbmc.kodinerd: runtime.cc:558] | group="" sCount=1 dsCount=0 flags=1 obj=0x12d00000 self=0x2f6e275000
10-08 19:24:21.650 3470 8803 F .xbmc.kodinerd: runtime.cc:558] | sysTid=8687 nice=-9 cgrp=default sched=0/0 handle=0x2f5e1e24f0
10-08 19:24:21.650 3470 8803 F .xbmc.kodinerd: runtime.cc:558] | state=S schedstat=( 24839273 42163487 29 ) utm=2 stm=0 core=3 HZ=100
10-08 19:24:21.650 3470 8803 F .xbmc.kodinerd: runtime.cc:558] | stack=0x2f5e0e7000-0x2f5e0e9000 stackSize=1009KB
10-08 19:24:21.650 3470 8803 F .xbmc.kodinerd: runtime.cc:558] | held mutexes=
10-08 19:24:21.650 3470 8803 F .xbmc.kodinerd: runtime.cc:558] kernel: (couldn't read /proc/self/task/8687/stack)
10-08 19:24:21.650 3470 8803 F .xbmc.kodinerd: runtime.cc:558] native: #00 pc 000000000001f06c /system/lib64/libc.so (syscall+28)
10-08 19:24:21.650 3470 8803 F .xbmc.kodinerd: runtime.cc:558] native: #01 pc 00000000000221bc /system/lib64/libc.so (__futex_wait_ex(void volatile*, bool, int, bool, timespec const*)+140)
10-08 19:24:21.650 3470 8803 F .xbmc.kodinerd: runtime.cc:558] native: #02 pc 0000000000080ebc /system/lib64/libc.so (pthread_cond_wait+60)
10-08 19:24:21.650 3470 8803 F .xbmc.kodinerd: runtime.cc:558] native: #03 pc 0000000000053210 /data/app/org.xbmc.kodinerds-VOjJ1SzGWH_6mYFuwhW91Q==/lib/arm64/libc++_shared.so (std::__ndk1::condition_variable::wait(std::__ndk1::unique_lock&)+20)
10-08 19:24:21.650 3470 8803 F .xbmc.kodinerd: runtime.cc:558] native: #04 pc 00000000011da234 /data/app/org.xbmc.kodinerds-VOjJ1SzGWH_6mYFuwhW91Q==/lib/arm64/libkodi.so (???)
10-08 19:24:21.650 3470 8803 F .xbmc.kodinerd: runtime.cc:558] native: #05 pc 00000000011da1ac /data/app/org.xbmc.kodinerds-VOjJ1SzGWH_6mYFuwhW91Q==/lib/arm64/libkodi.so (XbmcThreads::ConditionVariable::wait(CCriticalSection&)+48)
10-08 19:24:21.650 3470 8803 F .xbmc.kodinerd: runtime.cc:558] native: #06 pc 00000000011da160 /data/app/org.xbmc.kodinerds-VOjJ1SzGWH_6mYFuwhW91Q==/lib/arm64/libkodi.so (void XbmcThreads::TightConditionVariable::wait(CCriticalSection&)+40)
10-08 19:24:21.650 3470 8803 F .xbmc.kodinerd: runtime.cc:558] native: #07 pc 00000000011cec94 /data/app/org.xbmc.kodinerds-VOjJ1SzGWH_6mYFuwhW91Q==/lib/arm64/libkodi.so (CEvent::Wait()+72)
10-08 19:24:21.650 3470 8803 F .xbmc.kodinerd: runtime.cc:558] native: #08 pc 0000000001cbfcac /data/app/org.xbmc.kodinerds-VOjJ1SzGWH_6mYFuwhW91Q==/lib/arm64/libkodi.so (ANNOUNCEMENT::CAnnouncementManager::Process()+164)
10-08 19:24:21.650 3470 8803 F .xbmc.kodinerd: runtime.cc:558] native: #09 pc 0000000001608a94 /data/app/org.xbmc.kodinerds-VOjJ1SzGWH_6mYFuwhW91Q==/lib/arm64/libkodi.so (CThread::Action()+40)
10-08 19:24:21.650 3470 8803 F .xbmc.kodinerd: runtime.cc:558] native: #10 pc 0000000001609038 /data/app/org.xbmc.kodinerds-VOjJ1SzGWH_6mYFuwhW91Q==/lib/arm64/libkodi.so (???)
10-08 19:24:21.650 3470 8803 F .xbmc.kodinerd: runtime.cc:558] native: #11 pc 0000000001608eec /data/app/org.xbmc.kodinerds-VOjJ1SzGWH_6mYFuwhW91Q==/lib/arm64/libkodi.so (???)
10-08 19:24:21.650 3470 8803 F .xbmc.kodinerd: runtime.cc:558] native: #12 pc 0000000001608cf8 /data/app/org.xbmc.kodinerds-VOjJ1SzGWH_6mYFuwhW91Q==/lib/arm64/libkodi.so (???)
10-08 19:24:21.650 3470 8803 F .xbmc.kodinerd: runtime.cc:558] native: #13 pc 0000000000081978 /system/lib64/libc.so (__pthread_start(void*)+36)
10-08 19:24:21.650 3470 8803 F .xbmc.kodinerd: runtime.cc:558] native: #14 pc 00000000000234b8 /system/lib64/libc.so (__start_thread+68)
10-08 19:24:21.650 3470 8803 F .xbmc.kodinerd: runtime.cc:558] (no managed stack frames)
10-08 19:24:21.650 3470 8803 F .xbmc.kodinerd: runtime.cc:558]
10-08 19:24:21.650 3470 8803 F .xbmc.kodinerd: runtime.cc:558] Aborting thread:
10-08 19:24:21.650 3470 8803 F .xbmc.kodinerd: runtime.cc:558] "Thread-12" prio=10 tid=33 Native
10-08 19:24:21.650 3470 8803 F .xbmc.kodinerd: runtime.cc:558] | group="" sCount=0 dsCount=0 flags=0 obj=0x12d40000 self=0x2f6aab8800
10-08 19:24:21.650 3470 8803 F .xbmc.kodinerd: runtime.cc:558] | sysTid=8803 nice=-10 cgrp=default sched=0/0 handle=0x2f6a0fd4f0
10-08 19:24:21.650 3470 8803 F .xbmc.kodinerd: runtime.cc:558] | state=R schedstat=( 266416457 24113134 369 ) utm=23 stm=3 core=3 HZ=100
10-08 19:24:21.650 3470 8803 F .xbmc.kodinerd: runtime.cc:558] | stack=0x2f6a002000-0x2f6a004000 stackSize=1009KB
10-08 19:24:21.650 3470 8803 F .xbmc.kodinerd: runtime.cc:558] | held mutexes= "abort lock"
10-08 19:24:21.650 3470 8803 F .xbmc.kodinerd: runtime.cc:558] native: #00 pc 00000000003c1870 /system/lib64/libart.so (art::DumpNativeStack(std::__1::basic_ostream>&, int, BacktraceMap*, char const*, art::ArtMethod*, void*, bool)+220)
10-08 19:24:21.650 3470 8803 F .xbmc.kodinerd: runtime.cc:558] native: #01 pc 000000000048ee2c /system/lib64/libart.so (art::Thread::DumpStack(std::__1::basic_ostream>&, bool, BacktraceMap*, bool) const+352)
10-08 19:24:21.650 3470 8803 F .xbmc.kodinerd: runtime.cc:558] native: #02 pc 00000000004739f8 /system/lib64/libart.so (art::AbortState::DumpThread(std::__1::basic_ostream>&, art::Thread*) const+60)
10-08 19:24:21.650 3470 8803 F .xbmc.kodinerd: runtime.cc:558] native: #03 pc 0000000000464050 /system/lib64/libart.so (art::Runtime::Abort(char const*)+508)
10-08 19:24:21.650 3470 8803 F .xbmc.kodinerd: runtime.cc:558] native: #04 pc 0000000000008cd4 /system/lib64/libbase.so (android::base::LogMessage::~LogMessage()+724)
10-08 19:24:21.650 3470 8803 F .xbmc.kodinerd: runtime.cc:558] native: #05 pc 00000000002e4ff0 /system/lib64/libart.so (art::JavaVMExt::JniAbort(char const*, char const*)+1640)
10-08 19:24:21.650 3470 8803 F .xbmc.kodinerd: runtime.cc:558] native: #06 pc 00000000002e5160 /system/lib64/libart.so (art::JavaVMExt::JniAbortV(char const*, char const*, std::__va_list)+116)
10-08 19:24:21.650 3470 8803 F .xbmc.kodinerd: runtime.cc:558] native: #07 pc 00000000000fcff8 /system/lib64/libart.so (art::(anonymous namespace)::ScopedCheck::AbortF(char const*, ...)+148)
10-08 19:24:21.650 3470 8803 F .xbmc.kodinerd: runtime.cc:558] native: #08 pc 00000000000fb9d4 /system/lib64/libart.so (art::(anonymous namespace)::ScopedCheck::CheckPossibleHeapValue(art::ScopedObjectAccess&, char, art::(anonymous namespace)::JniValueType)+1152)
10-08 19:24:21.650 3470 8803 F .xbmc.kodinerd: runtime.cc:558] native: #09 pc 00000000000fad40 /system/lib64/libart.so (art::(anonymous namespace)::ScopedCheck::Check(art::ScopedObjectAccess&, bool, char const*, art::(anonymous namespace)::JniValueType*)+628)
10-08 19:24:21.650 3470 8803 F .xbmc.kodinerd: runtime.cc:558] native: #10 pc 00000000000e19c8 /system/lib64/libart.so (art::(anonymous namespace)::CheckJNI::FindClass(_JNIEnv*, char const*)+688)
10-08 19:24:21.650 3470 8803 F .xbmc.kodinerd: runtime.cc:558] native: #11 pc 000000000007e760 /data/app/org.xbmc.kodinerds-VOjJ1SzGWH_6mYFuwhW91Q==/lib/arm64/libssd_wv.so (_ZN3jni18call_static_methodIiJEEET_P7_JNIEnvPKcS5_S5_DpOT0_+52)
10-08 19:24:21.650 3470 8803 F .xbmc.kodinerd: runtime.cc:558] native: #12 pc 0000000000070b1c /data/app/org.xbmc.kodinerds-VOjJ1SzGWH_6mYFuwhW91Q==/lib/arm64/libssd_wv.so (WV_CencSingleSampleDecrypter::WV_CencSingleSampleDecrypter(WV_DRM&, AP4_DataBuffer&, char const*, unsigned char const*)+880)
10-08 19:24:21.650 3470 8803 F .xbmc.kodinerd: runtime.cc:558] native: #13 pc 0000000000075eac /data/app/org.xbmc.kodinerds-VOjJ1SzGWH_6mYFuwhW91Q==/lib/arm64/libssd_wv.so (WVDecrypter::CreateSingleSampleDecrypter(AP4_DataBuffer&, char const*, unsigned char const*)+80)
10-08 19:24:21.650 3470 8803 F .xbmc.kodinerd: runtime.cc:558] native: #14 pc 00000000000cd97c /data/app/org.xbmc.kodinerds-VOjJ1SzGWH_6mYFuwhW91Q==/lib/arm64/libinputstream.adaptive.so (Session::InitializePeriod()+2084)
10-08 19:24:21.650 3470 8803 F .xbmc.kodinerd: runtime.cc:558] native: #15 pc 00000000000cd070 /data/app/org.xbmc.kodinerds-VOjJ1SzGWH_6mYFuwhW91Q==/lib/arm64/libinputstream.adaptive.so (Session::initialize(unsigned char, unsigned int)+460)
10-08 19:24:21.650 3470 8803 F .xbmc.kodinerd: runtime.cc:558] native: #16 pc 00000000000d0718 /data/app/org.xbmc.kodinerds-VOjJ1SzGWH_6mYFuwhW91Q==/lib/arm64/libinputstream.adaptive.so (CInputStreamAdaptive::Open(INPUTSTREAM&)+1596)
10-08 19:24:21.650 3470 8803 F .xbmc.kodinerd: runtime.cc:558] native: #17 pc 0000000001384eb8 /data/app/org.xbmc.kodinerds-VOjJ1SzGWH_6mYFuwhW91Q==/lib/arm64/libkodi.so (CInputStreamAddon::Open()+652)
10-08 19:24:21.650 3470 8803 F .xbmc.kodinerd: runtime.cc:558] native: #18 pc 000000000140c5f0 /data/app/org.xbmc.kodinerds-VOjJ1SzGWH_6mYFuwhW91Q==/lib/arm64/libkodi.so (CVideoPlayer::OpenInputStream()+384)
10-08 19:24:21.650 3470 8803 F .xbmc.kodinerd: runtime.cc:558] native: #19 pc 000000000140e7cc /data/app/org.xbmc.kodinerds-VOjJ1SzGWH_6mYFuwhW91Q==/lib/arm64/libkodi.so (CVideoPlayer::Prepare()+292)
10-08 19:24:21.650 3470 8803 F .xbmc.kodinerd: runtime.cc:558] native: #20 pc 000000000140fa00 /data/app/org.xbmc.kodinerds-VOjJ1SzGWH_6mYFuwhW91Q==/lib/arm64/libkodi.so (CVideoPlayer::Process()+72)
10-08 19:24:21.650 3470 8803 F .xbmc.kodinerd: runtime.cc:558] native: #21 pc 0000000001608a94 /data/app/org.xbmc.kodinerds-VOjJ1SzGWH_6mYFuwhW91Q==/lib/arm64/libkodi.so (CThread::Action()+40)
10-08 19:24:21.650 3470 8803 F .xbmc.kodinerd: runtime.cc:558] native: #22 pc 0000000001609038 /data/app/org.xbmc.kodinerds-VOjJ1SzGWH_6mYFuwhW91Q==/lib/arm64/libkodi.so (???)
10-08 19:24:21.650 3470 8803 F .xbmc.kodinerd: runtime.cc:558] native: #23 pc 0000000001608eec /data/app/org.xbmc.kodinerds-VOjJ1SzGWH_6mYFuwhW91Q==/lib/arm64/libkodi.so (???)
10-08 19:24:21.650 3470 8803 F .xbmc.kodinerd: runtime.cc:558] native: #24 pc 0000000001608cf8 /data/app/org.xbmc.kodinerds-VOjJ1SzGWH_6mYFuwhW91Q==/lib/arm64/libkodi.so (???)
10-08 19:24:21.650 3470 8803 F .xbmc.kodinerd: runtime.cc:558] native: #25 pc 0000000000081978 /system/lib64/libc.so (__pthread_start(void*)+36)
10-08 19:24:21.650 3470 8803 F .xbmc.kodinerd: runtime.cc:558] native: #26 pc 00000000000234b8 /system/lib64/libc.so (__start_thread+68)
10-08 19:24:21.650 3470 8803 F .xbmc.kodinerd: runtime.cc:558] (no managed stack frames)
10-08 19:24:21.650 3470 8803 F .xbmc.kodinerd: runtime.cc:558] Pending exception android.media.MediaDrmResetException: mediaserver died
10-08 19:24:21.650 3470 8803 F .xbmc.kodinerd: runtime.cc:558] at int android.media.MediaDrm.getSecurityLevel(byte[]) (MediaDrm.java:-2)
10-08 19:24:21.650 3470 8803 F .xbmc.kodinerd: runtime.cc:558]
10-08 19:24:21.650 3470 8803 F .xbmc.kodinerd: runtime.cc:566] JNI DETECTED ERROR IN APPLICATION: JNI FindClass called with pending exception android.media.MediaDrmResetException: mediaserver died
10-08 19:24:21.650 3470 8803 F .xbmc.kodinerd: runtime.cc:566] at int android.media.MediaDrm.getSecurityLevel(byte[]) (MediaDrm.java:-2)
10-08 19:24:21.650 3470 8803 F .xbmc.kodinerd: runtime.cc:566]
10-08 19:24:21.650 3470 8803 F .xbmc.kodinerd: runtime.cc:566] in call to FindClass
10-08 19:24:21.650 3470 8803 F .xbmc.kodinerd: runtime.cc:566] "Thread-12" prio=10 tid=33 Runnable
10-08 19:24:21.650 3470 8803 F .xbmc.kodinerd: runtime.cc:566] | group="main" sCount=0 dsCount=0 flags=0 obj=0x12d40000 self=0x2f6aab8800
10-08 19:24:21.650 3470 8803 F .xbmc.kodinerd: runtime.cc:566] | sysTid=8803 nice=-10 cgrp=default sched=0/0 handle=0x2f6a0fd4f0
10-08 19:24:21.650 3470 8803 F .xbmc.kodinerd: runtime.cc:566] | state=R schedstat=( 102912134 8985885 163 ) utm=10 stm=0 core=3 HZ=100
10-08 19:24:21.650 3470 8803 F .xbmc.kodinerd: runtime.cc:566] | stack=0x2f6a002000-0x2f6a004000 stackSize=1009KB
10-08 19:24:21.650 3470 8803 F .xbmc.kodinerd: runtime.cc:566] | held mutexes= "mutator lock"(shared held)
10-08 19:24:21.651 3470 8803 F .xbmc.kodinerd: runtime.cc:566] native: #00 pc 00000000003c1870 /system/lib64/libart.so (art::DumpNativeStack(std::__1::basic_ostream>&, int, BacktraceMap*, char const*, art::ArtMethod*, void*, bool)+220)
10-08 19:24:21.651 3470 8803 F .xbmc.kodinerd: runtime.cc:566] native: #01 pc 000000000048ee2c /system/lib64/libart.so (art::Thread::DumpStack(std::__1::basic_ostream>&, bool, BacktraceMap*, bool) const+352)
10-08 19:24:21.651 3470 8803 F .xbmc.kodinerd: runtime.cc:566] native: #02 pc 00000000002e4d50 /system/lib64/libart.so (art::JavaVMExt::JniAbort(char const*, char const*)+968)
10-08 19:24:21.651 3470 8803 F .xbmc.kodinerd: runtime.cc:566] native: #03 pc 00000000002e5160 /system/lib64/libart.so (art::JavaVMExt::JniAbortV(char const*, char const*, std::__va_list)+116)
10-08 19:24:21.651 3470 8803 F .xbmc.kodinerd: runtime.cc:566] native: #04 pc 00000000000fcff8 /system/lib64/libart.so (art::(anonymous namespace)::ScopedCheck::AbortF(char const*, ...)+148)
10-08 19:24:21.651 3470 8803 F .xbmc.kodinerd: runtime.cc:566] native: #05 pc 00000000000fb9d4 /system/lib64/libart.so (art::(anonymous namespace)::ScopedCheck::CheckPossibleHeapValue(art::ScopedObjectAccess&, char, art::(anonymous namespace)::JniValueType)+1152)
10-08 19:24:21.651 3470 8803 F .xbmc.kodinerd: runtime.cc:566] native: #06 pc 00000000000fad40 /system/lib64/libart.so (art::(anonymous namespace)::ScopedCheck::Check(art::ScopedObjectAccess&, bool, char const*, art::(anonymous namespace)::JniValueType*)+628)
10-08 19:24:21.651 3470 8803 F .xbmc.kodinerd: runtime.cc:566] native: #07 pc 00000000000e19c8 /system/lib64/libart.so (art::(anonymous namespace)::CheckJNI::FindClass(_JNIEnv*, char const*)+688)
10-08 19:24:21.651 3470 8803 F .xbmc.kodinerd: runtime.cc:566] native: #08 pc 000000000007e760 /data/app/org.xbmc.kodinerds-VOjJ1SzGWH_6mYFuwhW91Q==/lib/arm64/libssd_wv.so (_ZN3jni18call_static_methodIiJEEET_P7_JNIEnvPKcS5_S5_DpOT0_+52)
10-08 19:24:21.651 3470 8803 F .xbmc.kodinerd: runtime.cc:566] native: #09 pc 0000000000070b1c /data/app/org.xbmc.kodinerds-VOjJ1SzGWH_6mYFuwhW91Q==/lib/arm64/libssd_wv.so (WV_CencSingleSampleDecrypter::WV_CencSingleSampleDecrypter(WV_DRM&, AP4_DataBuffer&, char const*, unsigned char const*)+880)
10-08 19:24:21.651 3470 8803 F .xbmc.kodinerd: runtime.cc:566] native: #10 pc 0000000000075eac /data/app/org.xbmc.kodinerds-VOjJ1SzGWH_6mYFuwhW91Q==/lib/arm64/libssd_wv.so (WVDecrypter::CreateSingleSampleDecrypter(AP4_DataBuffer&, char const*, unsigned char const*)+80)
10-08 19:24:21.651 3470 8803 F .xbmc.kodinerd: runtime.cc:566] native: #11 pc 00000000000cd97c /data/app/org.xbmc.kodinerds-VOjJ1SzGWH_6mYFuwhW91Q==/lib/arm64/libinputstream.adaptive.so (Session::InitializePeriod()+2084)
10-08 19:24:21.651 3470 8803 F .xbmc.kodinerd: runtime.cc:566] native: #12 pc 00000000000cd070 /data/app/org.xbmc.kodinerds-VOjJ1SzGWH_6mYFuwhW91Q==/lib/arm64/libinputstream.adaptive.so (Session::initialize(unsigned char, unsigned int)+460)
10-08 19:24:21.651 3470 8803 F .xbmc.kodinerd: runtime.cc:566] native: #13 pc 00000000000d0718 /data/app/org.xbmc.kodinerds-VOjJ1SzGWH_6mYFuwhW91Q==/lib/arm64/libinputstream.adaptive.so (CInputStreamAdaptive::Open(INPUTSTREAM&)+1596)
10-08 19:24:21.651 3470 8803 F .xbmc.kodinerd: runtime.cc:566] native: #14 pc 0000000001384eb8 /data/app/org.xbmc.kodinerds-VOjJ1SzGWH_6mYFuwhW91Q==/lib/arm64/libkodi.so (CInputStreamAddon::Open()+652)
10-08 19:24:21.651 3470 8803 F .xbmc.kodinerd: runtime.cc:566] native: #15 pc 000000000140c5f0 /data/app/org.xbmc.kodinerds-VOjJ1SzGWH_6mYFuwhW91Q==/lib/arm64/libkodi.so (CVideoPlayer::OpenInputStream()+384)
10-08 19:24:21.651 3470 8803 F .xbmc.kodinerd: runtime.cc:566] native: #16 pc 000000000140e7cc /data/app/org.xbmc.kodinerds-VOjJ1SzGWH_6mYFuwhW91Q==/lib/arm64/libkodi.so (CVideoPlayer::Prepare()+292)
10-08 19:24:21.651 3470 8803 F .xbmc.kodinerd: runtime.cc:566] native: #17 pc 000000000140fa00 /data/app/org.xbmc.kodinerds-VOjJ1SzGWH_6mYFuwhW91Q==/lib/arm64/libkodi.so (CVideoPlayer::Process()+72)
10-08 19:24:21.651 3470 8803 F .xbmc.kodinerd: runtime.cc:566] native: #18 pc 0000000001608a94 /data/app/org.xbmc.kodinerds-VOjJ1SzGWH_6mYFuwhW91Q==/lib/arm64/libkodi.so (CThread::Action()+40)
10-08 19:24:21.651 3470 8803 F .xbmc.kodinerd: runtime.cc:566] native: #19 pc 0000000001609038 /data/app/org.xbmc.kodinerds-VOjJ1SzGWH_6mYFuwhW91Q==/lib/arm64/libkodi.so (???)
10-08 19:24:21.651 3470 8803 F .xbmc.kodinerd: runtime.cc:566] native: #20 pc 0000000001608eec /data/app/org.xbmc.kodinerds-VOjJ1SzGWH_6mYFuwhW91Q==/lib/arm64/libkodi.so (???)
10-08 19:24:21.651 3470 8803 F .xbmc.kodinerd: runtime.cc:566] native: #21 pc 0000000001608cf8 /data/app/org.xbmc.kodinerds-VOjJ1SzGWH_6mYFuwhW91Q==/lib/arm64/libkodi.so (???)
10-08 19:24:21.651 3470 8803 F .xbmc.kodinerd: runtime.cc:566] native: #22 pc 0000000000081978 /system/lib64/libc.so (__pthread_start(void*)+36)
10-08 19:24:21.651 3470 8803 F .xbmc.kodinerd: runtime.cc:566] native: #23 pc 00000000000234b8 /system/lib64/libc.so (__start_thread+68)
10-08 19:24:21.651 3470 8803 F .xbmc.kodinerd: runtime.cc:566] (no managed stack frames)
10-08 19:24:21.651 3470 8803 F .xbmc.kodinerd: runtime.cc:566]
10-08 19:24:21.651 3470 8803 F libc : Fatal signal 6 (SIGABRT), code -6 (SI_TKILL) in tid 8803 (Thread-12), pid 3470 (.xbmc.kodinerds)
10-08 19:24:21.651 3470 8803 F .xbmc.kodinerd: runtime.cc:566]
10-08 19:24:21.691 3728 3728 V NewAvrcpMediaPlayerWrapper: onPlaybackStateChanged(): com.ghisler.android.TotalCommander : PlaybackState {state=3, position=0, buffered position=0, speed=1.0, updated=100255190, actions=-1, custom actions=[], active item id=-1, error=null}
10-08 19:24:21.691 3728 3728 W NewAvrcpMediaPlayerWrapper: onPlaybackStateChanged(): com.ghisler.android.TotalCommander tried to update with no new data
10-08 19:24:21.741 8824 8824 I crash_dump64: obtaining output fd from tombstoned, type: kDebuggerdTombstone
10-08 19:24:21.741 3334 3334 I /system/bin/tombstoned: received crash request for pid 8803
10-08 19:24:21.742 8824 8824 I crash_dump64: performing dump of process 3470 (target tid = 8803)
10-08 19:24:21.752 8824 8824 F DEBUG : *** *** *** *** *** *** *** *** *** *** *** *** *** *** *** ***
10-08 19:24:21.752 8824 8824 F DEBUG : Build fingerprint: 'NVIDIA/foster_e_hdd/foster:9/PPR1.180610.011/4086637_1697.8089:user/release-keys'
10-08 19:24:21.752 8824 8824 F DEBUG : Revision: '0'
10-08 19:24:21.752 8824 8824 F DEBUG : ABI: 'arm64'
10-08 19:24:21.752 8824 8824 F DEBUG : pid: 3470, tid: 8803, name: Thread-12 >>> org.xbmc.kodinerds <<<
10-08 19:24:21.752 8824 8824 F DEBUG : signal 6 (SIGABRT), code -6 (SI_TKILL), fault addr --------
10-08 19:24:21.752 8824 8824 F DEBUG : Abort message: 'java_vm_ext.cc:542] JNI DETECTED ERROR IN APPLICATION: JNI FindClass called with pending exception android.media.MediaDrmResetException: mediaserver died'
10-08 19:24:21.752 8824 8824 F DEBUG : x0 0000000000000000 x1 0000000000002263 x2 0000000000000006 x3 0000000000000008
10-08 19:24:21.752 8824 8824 F DEBUG : x4 0000000000000000 x5 0000000000000000 x6 0000000000000000 x7 0000000000000080
10-08 19:24:21.752 8824 8824 F DEBUG : x8 0000000000000083 x9 cd13cd410685cbca x10 0000000000000000 x11 fffffffc7ffffbdf
10-08 19:24:21.752 8824 8824 F DEBUG : x12 0000000000000001 x13 0000000000000038 x14 ffffffffffffffff x15 000032a7877fad02
10-08 19:24:21.752 8824 8824 F DEBUG : x16 0000002ec0d2f2c8 x17 0000002ec0c6d110 x18 0000000000000001 x19 0000000000000d8e
10-08 19:24:21.752 8824 8824 F DEBUG : x20 0000000000002263 x21 0000002f6e3df1c0 x22 0000000000000011 x23 0000002f4516bc53
10-08 19:24:21.752 8824 8824 F DEBUG : x24 0000002f4516bb07 x25 0000000000000001 x26 0000002f6a0fbaf0 x27 0000000000000043
10-08 19:24:21.752 8824 8824 F DEBUG : x28 0000002f4491b2a0 x29 0000002f6a0fb9a0
10-08 19:24:21.752 8824 8824 F DEBUG : sp 0000002f6a0fb960 lr 0000002ec0c61c3c pc 0000002ec0c61c64
10-08 19:24:21.791 8824 8824 F DEBUG :
10-08 19:24:21.791 8824 8824 F DEBUG : backtrace:
10-08 19:24:21.791 8824 8824 F DEBUG : #00 pc 0000000000021c64 /system/lib64/libc.so (abort+116)
10-08 19:24:21.791 8824 8824 F DEBUG : #01 pc 0000000000464300 /system/lib64/libart.so (art::Runtime::Abort(char const*)+1196)
10-08 19:24:21.791 8824 8824 F DEBUG : #02 pc 0000000000008cd4 /system/lib64/libbase.so (android::base::LogMessage::~LogMessage()+724)
10-08 19:24:21.791 8824 8824 F DEBUG : #03 pc 00000000002e4ff0 /system/lib64/libart.so (art::JavaVMExt::JniAbort(char const*, char const*)+1640)
10-08 19:24:21.791 8824 8824 F DEBUG : #04 pc 00000000002e5160 /system/lib64/libart.so (art::JavaVMExt::JniAbortV(char const*, char const*, std::__va_list)+116)
10-08 19:24:21.791 8824 8824 F DEBUG : #05 pc 00000000000fcff8 /system/lib64/libart.so (art::(anonymous namespace)::ScopedCheck::AbortF(char const*, ...)+148)
10-08 19:24:21.791 8824 8824 F DEBUG : #06 pc 00000000000fb9d4 /system/lib64/libart.so (art::(anonymous namespace)::ScopedCheck::CheckPossibleHeapValue(art::ScopedObjectAccess&, char, art::(anonymous namespace)::JniValueType)+1152)
10-08 19:24:21.791 8824 8824 F DEBUG : #07 pc 00000000000fad40 /system/lib64/libart.so (art::(anonymous namespace)::ScopedCheck::Check(art::ScopedObjectAccess&, bool, char const*, art::(anonymous namespace)::JniValueType*)+628)
10-08 19:24:21.791 8824 8824 F DEBUG : #08 pc 00000000000e19c8 /system/lib64/libart.so (art::(anonymous namespace)::CheckJNI::FindClass(_JNIEnv*, char const*)+688)
10-08 19:24:21.791 8824 8824 F DEBUG : #09 pc 000000000007e760 /data/app/org.xbmc.kodinerds-VOjJ1SzGWH_6mYFuwhW91Q==/lib/arm64/libssd_wv.so (_ZN3jni18call_static_methodIiJEEET_P7_JNIEnvPKcS5_S5_DpOT0_+52)
10-08 19:24:21.791 8824 8824 F DEBUG : #10 pc 0000000000070b1c /data/app/org.xbmc.kodinerds-VOjJ1SzGWH_6mYFuwhW91Q==/lib/arm64/libssd_wv.so (WV_CencSingleSampleDecrypter::WV_CencSingleSampleDecrypter(WV_DRM&, AP4_DataBuffer&, char const*, unsigned char const*)+880)
10-08 19:24:21.791 8824 8824 F DEBUG : #11 pc 0000000000075eac /data/app/org.xbmc.kodinerds-VOjJ1SzGWH_6mYFuwhW91Q==/lib/arm64/libssd_wv.so (WVDecrypter::CreateSingleSampleDecrypter(AP4_DataBuffer&, char const*, unsigned char const*)+80)
10-08 19:24:21.791 8824 8824 F DEBUG : #12 pc 00000000000cd97c /data/app/org.xbmc.kodinerds-VOjJ1SzGWH_6mYFuwhW91Q==/lib/arm64/libinputstream.adaptive.so (Session::InitializePeriod()+2084)
10-08 19:24:21.791 8824 8824 F DEBUG : #13 pc 00000000000cd070 /data/app/org.xbmc.kodinerds-VOjJ1SzGWH_6mYFuwhW91Q==/lib/arm64/libinputstream.adaptive.so (Session::initialize(unsigned char, unsigned int)+460)
10-08 19:24:21.791 8824 8824 F DEBUG : #14 pc 00000000000d0718 /data/app/org.xbmc.kodinerds-VOjJ1SzGWH_6mYFuwhW91Q==/lib/arm64/libinputstream.adaptive.so (CInputStreamAdaptive::Open(INPUTSTREAM&)+1596)
10-08 19:24:21.791 8824 8824 F DEBUG : #15 pc 0000000001384eb8 /data/app/org.xbmc.kodinerds-VOjJ1SzGWH_6mYFuwhW91Q==/lib/arm64/libkodi.so (CInputStreamAddon::Open()+652)
10-08 19:24:21.791 8824 8824 F DEBUG : #16 pc 000000000140c5f0 /data/app/org.xbmc.kodinerds-VOjJ1SzGWH_6mYFuwhW91Q==/lib/arm64/libkodi.so (CVideoPlayer::OpenInputStream()+384)
10-08 19:24:21.791 8824 8824 F DEBUG : #17 pc 000000000140e7cc /data/app/org.xbmc.kodinerds-VOjJ1SzGWH_6mYFuwhW91Q==/lib/arm64/libkodi.so (CVideoPlayer::Prepare()+292)
10-08 19:24:21.791 8824 8824 F DEBUG : #18 pc 000000000140fa00 /data/app/org.xbmc.kodinerds-VOjJ1SzGWH_6mYFuwhW91Q==/lib/arm64/libkodi.so (CVideoPlayer::Process()+72)
10-08 19:24:21.791 8824 8824 F DEBUG : #19 pc 0000000001608a94 /data/app/org.xbmc.kodinerds-VOjJ1SzGWH_6mYFuwhW91Q==/lib/arm64/libkodi.so (CThread::Action()+40)
10-08 19:24:21.791 8824 8824 F DEBUG : #20 pc 0000000001609038 /data/app/org.xbmc.kodinerds-VOjJ1SzGWH_6mYFuwhW91Q==/lib/arm64/libkodi.so
10-08 19:24:21.791 8824 8824 F DEBUG : #21 pc 0000000001608eec /data/app/org.xbmc.kodinerds-VOjJ1SzGWH_6mYFuwhW91Q==/lib/arm64/libkodi.so
10-08 19:24:21.792 8824 8824 F DEBUG : #22 pc 0000000001608cf8 /data/app/org.xbmc.kodinerds-VOjJ1SzGWH_6mYFuwhW91Q==/lib/arm64/libkodi.so
10-08 19:24:21.792 8824 8824 F DEBUG : #23 pc 0000000000081978 /system/lib64/libc.so (__pthread_start(void*)+36)
10-08 19:24:21.792 8824 8824 F DEBUG : #24 pc 00000000000234b8 /system/lib64/libc.so (__start_thread+68)
10-08 19:24:22.071 6692 3968 I chromium: [6692:3968:INFO:ssdp_device.c(101)] SSDP packets sent for 30 seconds = 19
10-08 19:24:22.199 3728 3728 V NewAvrcpMediaPlayerWrapper: onPlaybackStateChanged(): com.ghisler.android.TotalCommander : PlaybackState {state=3, position=0, buffered position=0, speed=1.0, updated=100255698, actions=-1, custom actions=[], active item id=-1, error=null}
10-08 19:24:22.199 3728 3728 W NewAvrcpMediaPlayerWrapper: onPlaybackStateChanged(): com.ghisler.android.TotalCommander tried to update with no new data
10-08 19:24:22.586 3470 8733 V Kodi : Debug Print: ES: Starting UDP Event server on port 9777
10-08 19:24:22.586 3470 8733 V Kodi : Debug Print: UDP: Listening on port 9777 (ipv6 : false)
10-08 19:24:22.717 3728 3728 V NewAvrcpMediaPlayerWrapper: onPlaybackStateChanged(): com.ghisler.android.TotalCommander : PlaybackState {state=3, position=0, buffered position=0, speed=1.0, updated=100256216, actions=-1, custom actions=[], active item id=-1, error=null}
10-08 19:24:22.717 3543 8829 W ActivityManager: Force finishing activity org.xbmc.kodinerds/.Main
10-08 19:24:22.717 3334 3334 E /system/bin/tombstoned: Tombstone written to: /data/tombstones/tombstone_03
10-08 19:24:22.720 3543 3585 I BootReceiver: Copying /data/tombstones/tombstone_03 to DropBox (SYSTEM_TOMBSTONE)
10-08 19:24:22.721 3728 3728 W NewAvrcpMediaPlayerWrapper: onPlaybackStateChanged(): com.ghisler.android.TotalCommander tried to update with no new data
10-08 19:24:22.721 3470 3470 V threaded_app: Pause: 0x2f44867dc0
10-08 19:24:22.722 3470 8682 V threaded_app: activityState=13
10-08 19:24:22.722 3470 8682 V Kodi : virtual void CXBMCApp::onPause():
10-08 19:24:22.722 3470 8682 V Kodi : static bool CXBMCApp::EnableWakeLock(bool): false
10-08 19:24:22.726 3470 3470 D TvUtil : Scheduled channel creation.
10-08 19:24:22.732 3543 3577 W BroadcastQueue: Background execution not allowed: receiving Intent { act=android.intent.action.DROPBOX_ENTRY_ADDED flg=0x10 (has extras) } to com.google.android.gms/.stats.service.DropBoxEntryAddedReceiver
10-08 19:24:22.732 3543 3577 W BroadcastQueue: Background execution not allowed: receiving Intent { act=android.intent.action.DROPBOX_ENTRY_ADDED flg=0x10 (has extras) } to com.google.android.gms/.chimera.GmsIntentOperationService$PersistentTrustedReceiver
10-08 19:24:22.732 3543 3577 W BroadcastQueue: Background execution not allowed: receiving Intent { act=android.intent.action.DROPBOX_ENTRY_ADDED flg=0x10 (has extras) } to com.nvidia.stats/.CollectionsReceiver
10-08 19:24:22.752 3543 3577 W BroadcastQueue: Background execution not allowed: receiving Intent { act=android.intent.action.DROPBOX_ENTRY_ADDED flg=0x10 (has extras) } to com.google.android.gms/.stats.service.DropBoxEntryAddedReceiver
10-08 19:24:22.753 3543 3577 W BroadcastQueue: Background execution not allowed: receiving Intent { act=android.intent.action.DROPBOX_ENTRY_ADDED flg=0x10 (has extras) } to com.google.android.gms/.chimera.GmsIntentOperationService$PersistentTrustedReceiver
10-08 19:24:22.753 3543 3577 W BroadcastQueue: Background execution not allowed: receiving Intent { act=android.intent.action.DROPBOX_ENTRY_ADDED flg=0x10 (has extras) } to com.nvidia.stats/.CollectionsReceiver
10-08 19:24:22.803 3543 3644 W InputDispatcher: channel '68bcef5 org.xbmc.kodinerds/org.xbmc.kodinerds.Main (server)' ~ Consumer closed input channel or an error occurred. events=0x9
10-08 19:24:22.803 3543 3644 E InputDispatcher: channel '68bcef5 org.xbmc.kodinerds/org.xbmc.kodinerds.Main (server)' ~ Channel is unrecoverably broken and will be disposed!
10-08 19:24:22.804 3543 7320 D MediaSessionService: Media button session is changed to null
10-08 19:24:22.804 3543 4052 I MediaFocusControl: AudioFocus removeFocusStackEntryOnDeath(): removing entry for android.os.BinderProxy@5057925
10-08 19:24:22.805 3543 3665 D NsdService: Client disconnected
10-08 19:24:22.805 3543 3665 D NsdService: Terminating client-ID 2 global-ID 79 type 393225
10-08 19:24:22.805 3543 3665 D NsdService: mdnssd [stop-register, 79]
10-08 19:24:22.806 4869 4869 D NowPlayingListener: onActiveSessionsChanged() called with: controllers = [[android.media.session.MediaController@8e10ec5]]
10-08 19:24:22.806 4869 4869 D NowPlayingListener: updateMediaSessionCallback: android.media.session.MediaController@8e10ec5
10-08 19:24:22.807 3081 3205 D MDnsDS : polling error: 32
10-08 19:24:22.807 3728 3728 W NewAvrcpMediaPlayerWrapper: The session was destroyed com.ghisler.android.TotalCommander
10-08 19:24:22.807 3728 4293 E bt_btif : register_notification_rsp: Avrcp device is not connected, handle: 0x0
10-08 19:24:22.807 3728 3728 V NewAvrcpMediaPlayerList: onActiveSessionsChanged: number of controllers: 1
10-08 19:24:22.807 3728 4293 E bt_btif : register_notification_rsp: Avrcp device is not connected, handle: 0x0
10-08 19:24:22.807 3543 3665 D NsdService: Terminating client-ID 3 global-ID 80 type 393225
10-08 19:24:22.807 3543 3665 D NsdService: mdnssd [stop-register, 80]
10-08 19:24:22.807 3543 17117 I ActivityManager: Process org.xbmc.kodinerds (pid 3470) has died: vis +99TOP
10-08 19:24:22.807 3728 4293 I chatty : uid=1002(bluetooth) BluetoothAvrcpH identical 3 lines
10-08 19:24:22.807 3728 4293 E bt_btif : register_notification_rsp: Avrcp device is not connected, handle: 0x0
10-08 19:24:22.808 3081 3205 D MDnsDS : polling error: 32
10-08 19:24:22.808 3543 4081 I WindowManager: WIN DEATH: Window{68bcef5 u0 org.xbmc.kodinerds/org.xbmc.kodinerds.Main}
10-08 19:24:22.808 3543 3580 W libprocessgroup: kill(-3470, 9) failed: No such process
10-08 19:24:22.808 3543 4081 W InputDispatcher: Attempted to unregister already unregistered input channel '68bcef5 org.xbmc.kodinerds/org.xbmc.kodinerds.Main (server)'
10-08 19:24:22.809 3728 3728 D NewAvrcpMediaPlayerList: onActiveSessionsChanged: controller: com.ghisler.android.TotalCommander
10-08 19:24:22.809 3728 3728 D NewAvrcpMediaPlayerList: Already have a controller for the player: com.ghisler.android.TotalCommander, updating instead
10-08 19:24:22.809 4869 4869 D NowPlayingManager: onClientChanged() called with: clearing = [false]
10-08 19:24:22.809 4869 4869 D NowPlayingListener: updateMetadata() called with: metadata = [android.media.MediaMetadata@68e2ca92] and now playing listener: com.google.android.tvrecommendations.NowPlayingManager@ab6ca20
10-08 19:24:22.810 3728 3728 D NewAvrcpMediaPlayerWrapper: com.ghisler.android.TotalCommander: Controller for com.ghisler.android.TotalCommander was updated.
10-08 19:24:22.810 3728 3728 D NewAvrcpMediaPlayerList: sendMediaUpdate
10-08 19:24:22.810 3728 3728 I NewAvrcpMediaPlayerList: sendMediaUpdate: Creating a one item queue for a player with no queue
10-08 19:24:22.810 3728 3728 D NewAvrcpTargetService: onMediaUpdated: track_changed=true state=true queue=true
10-08 19:24:22.810 3728 3728 D NewAvrcpNativeInterface: sendMediaUpdate: metadata=true playStatus=true queue=true
10-08 19:24:22.810 3728 3728 D NewAvrcpTargetJni: sendMediaUpdateNative
10-08 19:24:22.810 3728 3728 I bt_stack: [INFO:avrcp_service.cc(342)] virtual void bluetooth::avrcp::AvrcpService::SendMediaUpdate(bool, bool, bool) track_changed=1 : play_state=1 : queue=1
10-08 19:24:22.811 5872 5872 D DeviceControlManagerService: active session:com.ghisler.android.TotalCommander
10-08 19:24:22.813 3082 3082 I Zygote : Process 3470 exited due to signal (6)
10-08 19:24:22.816 4490 4490 E phs:fs : Unable to open file "/proc/3470/largest_task": No such file or directory
10-08 19:24:22.817 3127 3217 W SurfaceFlinger: Attempting to set client state on removed layer: org.xbmc.kodinerds/org.xbmc.kodinerds.Main#0
