10-08 19:24:22.817 3127 3217 W SurfaceFlinger: Attempting to destroy on removed layer: org.xbmc.kodinerds/org.xbmc.kodinerds.Main#0
10-08 19:24:22.827 3543 3588 W ActivityManager: setHasOverlayUi called on unknown pid: 3470
10-08 19:24:22.828 3543 3645 I InputReader: Reconfiguring input devices. changes=0x00000004
10-08 19:24:22.835 28259 28259 I AppLifecycleTracker: App transition to foreground
10-08 19:24:22.836 28259 28259 I DataLoader: Failed to register content observer for URI: content://tvlauncher.mic/farfield_mic_status.
10-08 19:24:22.836 28259 28259 I DataLoader: Reason: Failed to find provider tvlauncher.mic for user 0; expected to find a valid ContentProvider for this authority
10-08 19:24:22.837 4869 4869 D NowPlayingManager: onMediaDataUpdated() called with: mediaData = [com.google.android.tvrecommendations.NowPlayingData@bb1801a]
10-08 19:24:22.837 4869 4869 D NowPlayingListener: updatePlayback() called with: state = [PlaybackState {state=1, position=-1, buffered position=0, speed=1.0, updated=4449198, actions=382, custom actions=[], active item id=-1, error=null}] and now playing listener: com.google.android.tvrecommendations.NowPlayingManager@ab6ca20
10-08 19:24:22.837 4869 4869 D NowPlayingManager: onClientPlaybackStateUpdate() called with: state = [1], stateChangeTimeMs = [4449198], currentPosMs = [-1]
10-08 19:24:22.837 4869 4869 D NowPlayingManager: onClientPlaybackStateUpdate: Skipped update, state: 1 was unchanged
10-08 19:24:22.837 28259 28259 I PrtnrWidgetInfoLdr: Failed to register content observer for URI: content://tvlauncher.widget/widget.
10-08 19:24:22.837 28259 28259 I PrtnrWidgetInfoLdr: Reason: Failed to find provider tvlauncher.widget for user 0; expected to find a valid ContentProvider for this authority
10-08 19:24:22.839 28259 8840 E ActivityThread: Failed to find provider info for tvlauncher.widget
10-08 19:24:22.840 28259 8839 E ActivityThread: Failed to find provider info for tvlauncher.mic
10-08 19:24:22.840 4692 4739 I android_os_HwBinder: HwBinder: Starting thread pool for default::vendor.nvidia.hardware.power@1.0::IPower
10-08 19:24:22.851 27679 8841 E org.xbmc.kodi: No implementation found for boolean org.xbmc.kodi.XBMCFile._open(java.lang.String) (tried Java_org_xbmc_kodi_XBMCFile__1open and Java_org_xbmc_kodi_XBMCFile__1open__Ljava_lang_String_2)
10-08 19:24:22.851 27679 8841 E Kodifile: Open: Not available
10-08 19:24:22.852 4869 4869 D NotifInteractonRcvr: Show unseen default level notification toasts
10-08 19:24:22.851 3543 3580 W libprocessgroup: kill(-3470, 9) failed: No such process
10-08 19:24:22.852 3543 3580 I libprocessgroup: Successfully killed process cgroup uid 10165 pid 3470 in 44ms
10-08 19:24:22.854 4490 4490 E phs:fs : Unable to open file "/proc/3470/largest_task": No such file or directory
10-08 19:24:22.856 28259 28328 D skia : --- Failed to create image decoder with message 'unimplemented'
10-08 19:24:22.857 28259 28328 D skia : --- Failed to create image decoder with message 'unimplemented'
10-08 19:24:22.861 27679 8845 E org.xbmc.kodi: No implementation found for boolean org.xbmc.kodi.XBMCFile._open(java.lang.String) (tried Java_org_xbmc_kodi_XBMCFile__1open and Java_org_xbmc_kodi_XBMCFile__1open__Ljava_lang_String_2)
10-08 19:24:22.861 27679 8845 E Kodifile: Open: Not available
10-08 19:24:22.861 4490 4490 E phs:fs : Unable to open file "/proc/3470/largest_task": No such file or directory
10-08 19:24:22.862 28259 28325 D skia : --- Failed to create image decoder with message 'unimplemented'
10-08 19:24:22.862 28259 28325 D skia : --- Failed to create image decoder with message 'unimplemented'
10-08 19:24:22.863 27679 8842 E org.xbmc.kodi: No implementation found for boolean org.xbmc.kodi.XBMCFile._open(java.lang.String) (tried Java_org_xbmc_kodi_XBMCFile__1open and Java_org_xbmc_kodi_XBMCFile__1open__Ljava_lang_String_2)
10-08 19:24:22.863 27679 8842 E Kodifile: Open: Not available
10-08 19:24:22.864 3326 6164 E MetadataRetrieverClient: offset (0) bigger than file size (0)
10-08 19:24:22.865 28259 28326 D skia : --- Failed to create image decoder with message 'unimplemented'
10-08 19:24:22.865 3326 3326 E MetadataRetrieverClient: offset (0) bigger than file size (0)
10-08 19:24:22.865 28259 28326 D skia : --- Failed to create image decoder with message 'unimplemented'
10-08 19:24:22.866 27679 8843 E org.xbmc.kodi: No implementation found for boolean org.xbmc.kodi.XBMCFile._open(java.lang.String) (tried Java_org_xbmc_kodi_XBMCFile__1open and Java_org_xbmc_kodi_XBMCFile__1open__Ljava_lang_String_2)
10-08 19:24:22.866 27679 8843 E Kodifile: Open: Not available
10-08 19:24:22.866 4490 4490 E phs:fs : Unable to open file "/proc/3470/largest_task": No such file or directory
10-08 19:24:22.867 27679 8844 E org.xbmc.kodi: No implementation found for boolean org.xbmc.kodi.XBMCFile._open(java.lang.String) (tried Java_org_xbmc_kodi_XBMCFile__1open and Java_org_xbmc_kodi_XBMCFile__1open__Ljava_lang_String_2)
10-08 19:24:22.867 27679 8844 E Kodifile: Open: Not available
10-08 19:24:22.868 28259 28330 D skia : --- Failed to create image decoder with message 'unimplemented'
10-08 19:24:22.868 28259 28330 D skia : --- Failed to create image decoder with message 'unimplemented'
10-08 19:24:22.869 27679 8846 E org.xbmc.kodi: No implementation found for boolean org.xbmc.kodi.XBMCFile._open(java.lang.String) (tried Java_org_xbmc_kodi_XBMCFile__1open and Java_org_xbmc_kodi_XBMCFile__1open__Ljava_lang_String_2)
10-08 19:24:22.869 27679 8846 E Kodifile: Open: Not available
10-08 19:24:22.874 27679 8847 E org.xbmc.kodi: No implementation found for boolean org.xbmc.kodi.XBMCFile._open(java.lang.String) (tried Java_org_xbmc_kodi_XBMCFile__1open and Java_org_xbmc_kodi_XBMCFile__1open__Ljava_lang_String_2)
10-08 19:24:22.874 27679 8847 E Kodifile: Open: Not available
10-08 19:24:22.876 3326 3326 E MetadataRetrieverClient: offset (0) bigger than file size (0)
10-08 19:24:22.882 28259 28330 E MediaMetadataRetrieverJNI: negative length (-1)
10-08 19:24:22.883 28259 28325 E MediaMetadataRetrieverJNI: negative length (-1)
10-08 19:24:22.884 3326 3326 E MetadataRetrieverClient: offset (0) bigger than file size (0)
10-08 19:24:22.886 27679 8851 E org.xbmc.kodi: No implementation found for boolean org.xbmc.kodi.XBMCFile._open(java.lang.String) (tried Java_org_xbmc_kodi_XBMCFile__1open and Java_org_xbmc_kodi_XBMCFile__1open__Ljava_lang_String_2)
10-08 19:24:22.886 27679 8851 E Kodifile: Open: Not available
10-08 19:24:22.886 28259 28325 D skia : --- Failed to create image decoder with message 'unimplemented'
10-08 19:24:22.887 27679 8850 E org.xbmc.kodi: No implementation found for boolean org.xbmc.kodi.XBMCFile._open(java.lang.String) (tried Java_org_xbmc_kodi_XBMCFile__1open and Java_org_xbmc_kodi_XBMCFile__1open__Ljava_lang_String_2)
10-08 19:24:22.887 27679 8850 E Kodifile: Open: Not available
10-08 19:24:22.887 27679 8849 E org.xbmc.kodi: No implementation found for boolean org.xbmc.kodi.XBMCFile._open(java.lang.String) (tried Java_org_xbmc_kodi_XBMCFile__1open and Java_org_xbmc_kodi_XBMCFile__1open__Ljava_lang_String_2)
10-08 19:24:22.887 27679 8849 E Kodifile: Open: Not available
10-08 19:24:22.888 28259 28326 E MediaMetadataRetrieverJNI: negative length (-1)
10-08 19:24:22.888 27679 8853 E org.xbmc.kodi: No implementation found for boolean org.xbmc.kodi.XBMCFile._open(java.lang.String) (tried Java_org_xbmc_kodi_XBMCFile__1open and Java_org_xbmc_kodi_XBMCFile__1open__Ljava_lang_String_2)
10-08 19:24:22.888 27679 8853 E Kodifile: Open: Not available
10-08 19:24:22.888 28259 28325 D skia : --- Failed to create image decoder with message 'unimplemented'
10-08 19:24:22.888 27679 8852 E org.xbmc.kodi: No implementation found for boolean org.xbmc.kodi.XBMCFile._open(java.lang.String) (tried Java_org_xbmc_kodi_XBMCFile__1open and Java_org_xbmc_kodi_XBMCFile__1open__Ljava_lang_String_2)
10-08 19:24:22.888 27679 8852 E Kodifile: Open: Not available
10-08 19:24:22.890 27679 8854 E org.xbmc.kodi: No implementation found for boolean org.xbmc.kodi.XBMCFile._open(java.lang.String) (tried Java_org_xbmc_kodi_XBMCFile__1open and Java_org_xbmc_kodi_XBMCFile__1open__Ljava_lang_String_2)
10-08 19:24:22.890 27679 8854 E Kodifile: Open: Not available
10-08 19:24:22.890 3326 3326 E MetadataRetrieverClient: offset (0) bigger than file size (0)
10-08 19:24:22.890 28259 28330 D skia : --- Failed to create image decoder with message 'unimplemented'
10-08 19:24:22.891 28259 28330 D skia : --- Failed to create image decoder with message 'unimplemented'
10-08 19:24:22.892 27679 8856 E org.xbmc.kodi: No implementation found for boolean org.xbmc.kodi.XBMCFile._open(java.lang.String) (tried Java_org_xbmc_kodi_XBMCFile__1open and Java_org_xbmc_kodi_XBMCFile__1open__Ljava_lang_String_2)
10-08 19:24:22.892 27679 8856 E Kodifile: Open: Not available
10-08 19:24:22.893 28259 28325 E MediaMetadataRetrieverJNI: negative length (-1)
10-08 19:24:22.893 27679 8855 E org.xbmc.kodi: No implementation found for boolean org.xbmc.kodi.XBMCFile._open(java.lang.String) (tried Java_org_xbmc_kodi_XBMCFile__1open and Java_org_xbmc_kodi_XBMCFile__1open__Ljava_lang_String_2)
10-08 19:24:22.893 27679 8855 E Kodifile: Open: Not available
10-08 19:24:22.895 3326 3326 E MetadataRetrieverClient: offset (0) bigger than file size (0)
10-08 19:24:22.897 27679 8857 E org.xbmc.kodi: No implementation found for boolean org.xbmc.kodi.XBMCFile._open(java.lang.String) (tried Java_org_xbmc_kodi_XBMCFile__1open and Java_org_xbmc_kodi_XBMCFile__1open__Ljava_lang_String_2)
10-08 19:24:22.897 27679 8857 E Kodifile: Open: Not available
10-08 19:24:22.897 28259 28330 E MediaMetadataRetrieverJNI: negative length (-1)
10-08 19:24:22.901 3125 3228 I hash_map_utils: key: 'nv_param_low_latency_active' value: ''
10-08 19:24:22.905 27679 8858 E org.xbmc.kodi: No implementation found for boolean org.xbmc.kodi.XBMCFile._open(java.lang.String) (tried Java_org_xbmc_kodi_XBMCFile__1open and Java_org_xbmc_kodi_XBMCFile__1open__Ljava_lang_String_2)
10-08 19:24:22.906 27679 8858 E Kodifile: Open: Not available
10-08 19:24:22.906 27679 8848 E org.xbmc.kodi: No implementation found for boolean org.xbmc.kodi.XBMCFile._open(java.lang.String) (tried Java_org_xbmc_kodi_XBMCFile__1open and Java_org_xbmc_kodi_XBMCFile__1open__Ljava_lang_String_2)
10-08 19:24:22.906 27679 8848 E Kodifile: Open: Not available
10-08 19:24:22.907 28259 28328 E MediaMetadataRetrieverJNI: negative length (-1)
10-08 19:24:22.910 3127 3217 D SurfaceFlinger: Connected to Power Manager
10-08 19:24:22.916 4490 4490 E phs:fs : Unable to open file "/proc/3470/largest_task": No such file or directory
10-08 19:24:22.922 28259 28259 W Glide : Load failed for content://org.xbmc.kodi.file#image%3A%2F%2Fhttp%253a%252f%252f192.168.1.25%253a8096%252femby%252fItems%252f9365%252fImages%252fPrimary%252f0%253fEnableImageEnhancers%253dTrue%2526Tag%253d4bc196b18fbffa16283f9eb171dd2fd4%2F with size [564x306]
10-08 19:24:22.922 28259 28259 W Glide : class com.bumptech.glide.load.engine.GlideException: Failed to load resource
10-08 19:24:22.922 28259 28259 W Glide : There were 2 causes:
10-08 19:24:22.922 28259 28259 W Glide : java.io.IOException(java.lang.RuntimeException: setDataSource failed: status = 0xFFFFFFEA)
10-08 19:24:22.922 28259 28259 W Glide : java.io.IOException(java.lang.IllegalArgumentException)
10-08 19:24:22.922 28259 28259 W Glide : call GlideException#logRootCauses(String) for more detail
10-08 19:24:22.922 28259 28259 W Glide : Cause (1 of 3): class com.bumptech.glide.load.engine.GlideException: Failed LoadPath{AutoCloseInputStream->Object->PaletteBitmapContainer}, LOCAL
10-08 19:24:22.922 28259 28259 W Glide : Cause (1 of 1): class com.bumptech.glide.load.engine.GlideException: Failed DecodePath{AutoCloseInputStream->Bitmap->PaletteBitmapContainer}
10-08 19:24:22.922 28259 28259 W Glide : Cause (2 of 3): class com.bumptech.glide.load.engine.GlideException: Failed LoadPath{ParcelFileDescriptorInner->Object->PaletteBitmapContainer}, LOCAL
10-08 19:24:22.922 28259 28259 W Glide : There was 1 cause:
10-08 19:24:22.922 28259 28259 W Glide : java.io.IOException(java.lang.RuntimeException: setDataSource failed: status = 0xFFFFFFEA)
10-08 19:24:22.922 28259 28259 W Glide : call GlideException#logRootCauses(String) for more detail
10-08 19:24:22.922 28259 28259 W Glide : Cause (1 of 1): class com.bumptech.glide.load.engine.GlideException: Failed DecodePath{ParcelFileDescriptorInner->Bitmap->PaletteBitmapContainer}
10-08 19:24:22.922 28259 28259 W Glide : There was 1 cause:
10-08 19:24:22.922 28259 28259 W Glide : java.io.IOException(java.lang.RuntimeException: setDataSource failed: status = 0xFFFFFFEA)
10-08 19:24:22.922 28259 28259 W Glide : call GlideException#logRootCauses(String) for more detail
10-08 19:24:22.922 28259 28259 W Glide : Cause (1 of 1): class java.io.IOException: java.lang.RuntimeException: setDataSource failed: status = 0xFFFFFFEA
10-08 19:24:22.922 28259 28259 W Glide : Cause (3 of 3): class com.bumptech.glide.load.engine.GlideException: Failed LoadPath{AssetFileDescriptor->Object->PaletteBitmapContainer}, LOCAL
10-08 19:24:22.922 28259 28259 W Glide : There was 1 cause:
10-08 19:24:22.922 28259 28259 W Glide : java.io.IOException(java.lang.IllegalArgumentException)
10-08 19:24:22.922 28259 28259 W Glide : call GlideException#logRootCauses(String) for more detail
10-08 19:24:22.922 28259 28259 W Glide : Cause (1 of 1): class com.bumptech.glide.load.engine.GlideException: Failed DecodePath{AssetFileDescriptor->Bitmap->PaletteBitmapContainer}
10-08 19:24:22.922 28259 28259 W Glide : There was 1 cause:
10-08 19:24:22.922 28259 28259 W Glide : java.io.IOException(java.lang.IllegalArgumentException)
10-08 19:24:22.922 28259 28259 W Glide : call GlideException#logRootCauses(String) for more detail
10-08 19:24:22.922 28259 28259 W Glide : Cause (1 of 1): class java.io.IOException: java.lang.IllegalArgumentException
10-08 19:24:22.922 4490 4490 E phs:fs : Unable to open file "/proc/3470/largest_task": No such file or directory
10-08 19:24:22.923 28259 28259 I Glide : Root cause (1 of 2)
10-08 19:24:22.923 28259 28259 I Glide : java.io.IOException: java.lang.RuntimeException: setDataSource failed: status = 0xFFFFFFEA
10-08 19:24:22.923 28259 28259 I Glide : at com.bumptech.glide.load.resource.bitmap.VideoDecoder.decode(VideoDecoder.java:178)
10-08 19:24:22.923 28259 28259 I Glide : at com.bumptech.glide.load.engine.DecodePath.decodeResourceWithList(DecodePath.java:92)
10-08 19:24:22.923 28259 28259 I Glide : at com.bumptech.glide.load.engine.DecodePath.decodeResource(DecodePath.java:70)
10-08 19:24:22.923 28259 28259 I Glide : at com.bumptech.glide.load.engine.DecodePath.decode(DecodePath.java:59)
10-08 19:24:22.923 28259 28259 I Glide : at com.bumptech.glide.load.engine.LoadPath.loadWithExceptionList(LoadPath.java:76)
10-08 19:24:22.923 28259 28259 I Glide : at com.bumptech.glide.load.engine.LoadPath.load(LoadPath.java:57)
10-08 19:24:22.923 28259 28259 I Glide : at com.bumptech.glide.load.engine.DecodeJob.runLoadPath(DecodeJob.java:524)
10-08 19:24:22.923 28259 28259 I Glide : at com.bumptech.glide.load.engine.DecodeJob.decodeFromFetcher(DecodeJob.java:488)
10-08 19:24:22.923 28259 28259 I Glide : at com.bumptech.glide.load.engine.DecodeJob.decodeFromData(DecodeJob.java:474)
10-08 19:24:22.923 28259 28259 I Glide : at com.bumptech.glide.load.engine.DecodeJob.decodeFromRetrievedData(DecodeJob.java:426)
10-08 19:24:22.923 28259 28259 I Glide : at com.bumptech.glide.load.engine.DecodeJob.onDataFetcherReady(DecodeJob.java:390)
10-08 19:24:22.923 28259 28259 I Glide : at com.bumptech.glide.load.engine.SourceGenerator.onDataReady(SourceGenerator.java:119)
10-08 19:24:22.923 28259 28259 I Glide : at com.bumptech.glide.load.model.MultiModelLoader$MultiFetcher.onDataReady(MultiModelLoader.java:145)
10-08 19:24:22.923 28259 28259 I Glide : at com.bumptech.glide.load.data.LocalUriFetcher.loadData(LocalUriFetcher.java:52)
10-08 19:24:22.923 28259 28259 I Glide : at com.bumptech.glide.load.model.MultiModelLoader$MultiFetcher.loadData(MultiModelLoader.java:100)
10-08 19:24:22.923 28259 28259 I Glide : at com.bumptech.glide.load.engine.SourceGenerator.startNext(SourceGenerator.java:63)
10-08 19:24:22.923 28259 28259 I Glide : at com.bumptech.glide.load.engine.DecodeJob.runGenerators(DecodeJob.java:310)
10-08 19:24:22.923 28259 28259 I Glide : at com.bumptech.glide.load.engine.DecodeJob.decodeFromRetrievedData(DecodeJob.java:434)
10-08 19:24:22.923 28259 28259 I Glide : at com.bumptech.glide.load.engine.DecodeJob.onDataFetcherReady(DecodeJob.java:390)
10-08 19:24:22.923 28259 28259 I Glide : at com.bumptech.glide.load.engine.SourceGenerator.onDataReady(SourceGenerator.java:119)
10-08 19:24:22.923 28259 28259 I Glide : at com.bumptech.glide.load.model.MultiModelLoader$MultiFetcher.onDataReady(MultiModelLoader.java:145)
10-08 19:24:22.923 28259 28259 I Glide : at com.bumptech.glide.load.data.LocalUriFetcher.loadData(LocalUriFetcher.java:52)
10-08 19:24:22.923 28259 28259 I Glide : at com.bumptech.glide.load.model.MultiModelLoader$MultiFetcher.loadData(MultiModelLoader.java:100)
10-08 19:24:22.923 28259 28259 I Glide : at com.bumptech.glide.load.engine.SourceGenerator.startNext(SourceGenerator.java:63)
10-08 19:24:22.923 28259 28259 I Glide : at com.bumptech.glide.load.engine.DecodeJob.runGenerators(DecodeJob.java:310)
10-08 19:24:22.923 28259 28259 I Glide : at com.bumptech.glide.load.engine.DecodeJob.runWrapped(DecodeJob.java:279)
10-08 19:24:22.923 28259 28259 I Glide : at com.bumptech.glide.load.engine.DecodeJob.run(DecodeJob.java:234)
10-08 19:24:22.923 28259 28259 I Glide : at java.util.concurrent.ThreadPoolExecutor.runWorker(ThreadPoolExecutor.java:1167)
10-08 19:24:22.923 28259 28259 I Glide : at java.util.concurrent.ThreadPoolExecutor$Worker.run(ThreadPoolExecutor.java:641)
10-08 19:24:22.923 28259 28259 I Glide : at java.lang.Thread.run(Thread.java:764)
10-08 19:24:22.923 28259 28259 I Glide : at com.bumptech.glide.load.engine.executor.GlideExecutor$DefaultThreadFactory$1.run(GlideExecutor.java:431)
10-08 19:24:22.923 28259 28259 I Glide : Caused by: java.lang.RuntimeException: setDataSource failed: status = 0xFFFFFFEA
10-08 19:24:22.923 28259 28259 I Glide : at android.media.MediaMetadataRetriever.setDataSource(Native Method)
10-08 19:24:22.923 28259 28259 I Glide : at android.media.MediaMetadataRetriever.setDataSource(MediaMetadataRetriever.java:141)
10-08 19:24:22.923 28259 28259 I Glide : at com.bumptech.glide.load.resource.bitmap.VideoDecoder$ParcelFileDescriptorInitializer.initialize(VideoDecoder.java:299)
10-08 19:24:22.923 28259 28259 I Glide : at com.bumptech.glide.load.resource.bitmap.VideoDecoder$ParcelFileDescriptorInitializer.initialize(VideoDecoder.java:294)
10-08 19:24:22.923 28259 28259 I Glide : at com.bumptech.glide.load.resource.bitmap.VideoDecoder.decode(VideoDecoder.java:166)
10-08 19:24:22.923 28259 28259 I Glide : ... 30 more
10-08 19:24:22.923 4490 4490 E phs:fs : Unable to open file "/proc/3470/largest_task": No such file or directory
10-08 19:24:22.923 28259 28259 I Glide : Root cause (2 of 2)
10-08 19:24:22.923 28259 28259 I Glide : java.io.IOException: java.lang.IllegalArgumentException
10-08 19:24:22.923 28259 28259 I Glide : at com.bumptech.glide.load.resource.bitmap.VideoDecoder.decode(VideoDecoder.java:178)
10-08 19:24:22.923 28259 28259 I Glide : at com.bumptech.glide.load.engine.DecodePath.decodeResourceWithList(DecodePath.java:92)
10-08 19:24:22.923 28259 28259 I Glide : at com.bumptech.glide.load.engine.DecodePath.decodeResource(DecodePath.java:70)
10-08 19:24:22.923 28259 28259 I Glide : at com.bumptech.glide.load.engine.DecodePath.decode(DecodePath.java:59)
10-08 19:24:22.923 28259 28259 I Glide : at com.bumptech.glide.load.engine.LoadPath.loadWithExceptionList(LoadPath.java:76)
10-08 19:24:22.923 28259 28259 I Glide : at com.bumptech.glide.load.engine.LoadPath.load(LoadPath.java:57)
10-08 19:24:22.923 28259 28259 I Glide : at com.bumptech.glide.load.engine.DecodeJob.runLoadPath(DecodeJob.java:524)
10-08 19:24:22.923 28259 28259 I Glide : at com.bumptech.glide.load.engine.DecodeJob.decodeFromFetcher(DecodeJob.java:488)
10-08 19:24:22.923 28259 28259 I Glide : at com.bumptech.glide.load.engine.DecodeJob.decodeFromData(DecodeJob.java:474)
10-08 19:24:22.923 28259 28259 I Glide : at com.bumptech.glide.load.engine.DecodeJob.decodeFromRetrievedData(DecodeJob.java:426)
10-08 19:24:22.923 28259 28259 I Glide : at com.bumptech.glide.load.engine.DecodeJob.onDataFetcherReady(DecodeJob.java:390)
10-08 19:24:22.923 28259 28259 I Glide : at com.bumptech.glide.load.engine.SourceGenerator.onDataReady(SourceGenerator.java:119)
10-08 19:24:22.923 28259 28259 I Glide : at com.bumptech.glide.load.data.LocalUriFetcher.loadData(LocalUriFetcher.java:52)
10-08 19:24:22.923 28259 28259 I Glide : at com.bumptech.glide.load.engine.SourceGenerator.startNext(SourceGenerator.java:63)
10-08 19:24:22.923 28259 28259 I Glide : at com.bumptech.glide.load.engine.DecodeJob.runGenerators(DecodeJob.java:310)
10-08 19:24:22.923 28259 28259 I Glide : at com.bumptech.glide.load.engine.DecodeJob.decodeFromRetrievedData(DecodeJob.java:434)
10-08 19:24:22.923 28259 28259 I Glide : at com.bumptech.glide.load.engine.DecodeJob.onDataFetcherReady(DecodeJob.java:390)
10-08 19:24:22.923 28259 28259 I Glide : at com.bumptech.glide.load.engine.SourceGenerator.onDataReady(SourceGenerator.java:119)
10-08 19:24:22.923 28259 28259 I Glide : at com.bumptech.glide.load.model.MultiModelLoader$MultiFetcher.onDataReady(MultiModelLoader.java:145)
10-08 19:24:22.923 28259 28259 I Glide : at com.bumptech.glide.load.data.LocalUriFetcher.loadData(LocalUriFetcher.java:52)
10-08 19:24:22.923 28259 28259 I Glide : at com.bumptech.glide.load.model.MultiModelLoader$MultiFetcher.loadData(MultiModelLoader.java:100)
10-08 19:24:22.923 28259 28259 I Glide : at com.bumptech.glide.load.engine.SourceGenerator.startNext(SourceGenerator.java:63)
10-08 19:24:22.923 28259 28259 I Glide : at com.bumptech.glide.load.engine.DecodeJob.runGenerators(DecodeJob.java:310)
10-08 19:24:22.923 28259 28259 I Glide : at com.bumptech.glide.load.engine.DecodeJob.decodeFromRetrievedData(DecodeJob.java:434)
10-08 19:24:22.923 28259 28259 I Glide : at com.bumptech.glide.load.engine.DecodeJob.onDataFetcherReady(DecodeJob.java:390)
10-08 19:24:22.923 28259 28259 I Glide : at com.bumptech.glide.load.engine.SourceGenerator.onDataReady(SourceGenerator.java:119)
10-08 19:24:22.923 28259 28259 I Glide : at com.bumptech.glide.load.model.MultiModelLoader$MultiFetcher.onDataReady(MultiModelLoader.java:145)
10-08 19:24:22.923 28259 28259 I Glide : at com.bumptech.glide.load.data.LocalUriFetcher.loadData(LocalUriFetcher.java:52)
10-08 19:24:22.923 28259 28259 I Glide : at com.bumptech.glide.load.model.MultiModelLoader$MultiFetcher.loadData(MultiModelLoader.java:100)
10-08 19:24:22.923 28259 28259 I Glide : at com.bumptech.glide.load.engine.SourceGenerator.startNext(SourceGenerator.java:63)
10-08 19:24:22.923 28259 28259 I Glide : at com.bumptech.glide.load.engine.DecodeJob.runGenerators(DecodeJob.java:310)
10-08 19:24:22.923 28259 28259 I Glide : at com.bumptech.glide.load.engine.DecodeJob.runWrapped(DecodeJob.java:279)
10-08 19:24:22.923 28259 28259 I Glide : at com.bumptech.glide.load.engine.DecodeJob.run(DecodeJob.java:234)
10-08 19:24:22.923 28259 28259 I Glide : at java.util.concurrent.ThreadPoolExecutor.runWorker(ThreadPoolExecutor.java:1167)
10-08 19:24:22.923 28259 28259 I Glide : at java.util.concurrent.ThreadPoolExecutor$Worker.run(ThreadPoolExecutor.java:641)
10-08 19:24:22.923 28259 28259 I Glide : at java.lang.Thread.run(Thread.java:764)
10-08 19:24:22.923 28259 28259 I Glide : at com.bumptech.glide.load.engine.executor.GlideExecutor$DefaultThreadFactory$1.run(GlideExecutor.java:431)
10-08 19:24:22.923 28259 28259 I Glide : Caused by: java.lang.IllegalArgumentException
10-08 19:24:22.923 28259 28259 I Glide : at android.media.MediaMetadataRetriever.setDataSource(Native Method)
10-08 19:24:22.923 28259 28259 I Glide : at com.bumptech.glide.load.resource.bitmap.VideoDecoder$AssetFileDescriptorInitializer.initialize(VideoDecoder.java:289)
10-08 19:24:22.923 28259 28259 I Glide : at com.bumptech.glide.load.resource.bitmap.VideoDecoder$AssetFileDescriptorInitializer.initialize(VideoDecoder.java:284)
10-08 19:24:22.923 28259 28259 I Glide : at com.bumptech.glide.load.resource.bitmap.VideoDecoder.decode(VideoDecoder.java:166)
10-08 19:24:22.923 28259 28259 I Glide : ... 36 more
10-08 19:24:22.924 28259 28259 W Glide : Load failed for content://org.xbmc.kodi.file#image%3A%2F%2Fhttp%253a%252f%252f192.168.1.25%253a8096%252femby%252fItems%252f11659%252fImages%252fPrimary%252f0%253fEnableImageEnhancers%253dTrue%2526Tag%253dba6482e28293b0fe915abdfd0572e390%2F with size [564x306]
10-08 19:24:22.924 28259 28259 W Glide : class com.bumptech.glide.load.engine.GlideException: Failed to load resource
10-08 19:24:22.924 28259 28259 W Glide : There were 2 causes:
10-08 19:24:22.924 28259 28259 W Glide : java.io.IOException(java.lang.RuntimeException: setDataSource failed: status = 0xFFFFFFEA)
10-08 19:24:22.924 28259 28259 W Glide : java.io.IOException(java.lang.IllegalArgumentException)
10-08 19:24:22.924 28259 28259 W Glide : call GlideException#logRootCauses(String) for more detail
10-08 19:24:22.924 28259 28259 W Glide : Cause (1 of 3): class com.bumptech.glide.load.engine.GlideException: Failed LoadPath{AutoCloseInputStream->Object->PaletteBitmapContainer}, LOCAL
10-08 19:24:22.924 28259 28259 W Glide : Cause (1 of 1): class com.bumptech.glide.load.engine.GlideException: Failed DecodePath{AutoCloseInputStream->Bitmap->PaletteBitmapContainer}
10-08 19:24:22.924 28259 28259 W Glide : Cause (2 of 3): class com.bumptech.glide.load.engine.GlideException: Failed LoadPath{ParcelFileDescriptorInner->Object->PaletteBitmapContainer}, LOCAL
10-08 19:24:22.924 28259 28259 W Glide : There was 1 cause:
10-08 19:24:22.924 28259 28259 W Glide : java.io.IOException(java.lang.RuntimeException: setDataSource failed: status = 0xFFFFFFEA)
10-08 19:24:22.924 28259 28259 W Glide : call GlideException#logRootCauses(String) for more detail
10-08 19:24:22.924 28259 28259 W Glide : Cause (1 of 1): class com.bumptech.glide.load.engine.GlideException: Failed DecodePath{ParcelFileDescriptorInner->Bitmap->PaletteBitmapContainer}
10-08 19:24:22.924 28259 28259 W Glide : There was 1 cause:
10-08 19:24:22.924 28259 28259 W Glide : java.io.IOException(java.lang.RuntimeException: setDataSource failed: status = 0xFFFFFFEA)
10-08 19:24:22.924 28259 28259 W Glide : call GlideException#logRootCauses(String) for more detail
10-08 19:24:22.924 28259 28259 W Glide : Cause (1 of 1): class java.io.IOException: java.lang.RuntimeException: setDataSource failed: status = 0xFFFFFFEA
10-08 19:24:22.924 28259 28259 W Glide : Cause (3 of 3): class com.bumptech.glide.load.engine.GlideException: Failed LoadPath{AssetFileDescriptor->Object->PaletteBitmapContainer}, LOCAL
10-08 19:24:22.924 28259 28259 W Glide : There was 1 cause:
10-08 19:24:22.924 28259 28259 W Glide : java.io.IOException(java.lang.IllegalArgumentException)
10-08 19:24:22.924 28259 28259 W Glide : call GlideException#logRootCauses(String) for more detail
10-08 19:24:22.924 28259 28259 W Glide : Cause (1 of 1): class com.bumptech.glide.load.engine.GlideException: Failed DecodePath{AssetFileDescriptor->Bitmap->PaletteBitmapContainer}
10-08 19:24:22.924 28259 28259 W Glide : There was 1 cause:
10-08 19:24:22.924 28259 28259 W Glide : java.io.IOException(java.lang.IllegalArgumentException)
10-08 19:24:22.924 28259 28259 W Glide : call GlideException#logRootCauses(String) for more detail
10-08 19:24:22.924 28259 28259 W Glide : Cause (1 of 1): class java.io.IOException: java.lang.IllegalArgumentException
10-08 19:24:22.924 28259 28259 I Glide : Root cause (1 of 2)
10-08 19:24:22.924 28259 28259 I Glide : java.io.IOException: java.lang.RuntimeException: setDataSource failed: status = 0xFFFFFFEA
10-08 19:24:22.924 28259 28259 I Glide : at com.bumptech.glide.load.resource.bitmap.VideoDecoder.decode(VideoDecoder.java:178)
10-08 19:24:22.924 28259 28259 I Glide : at com.bumptech.glide.load.engine.DecodePath.decodeResourceWithList(DecodePath.java:92)
10-08 19:24:22.924 28259 28259 I Glide : at com.bumptech.glide.load.engine.DecodePath.decodeResource(DecodePath.java:70)
10-08 19:24:22.924 28259 28259 I Glide : at com.bumptech.glide.load.engine.DecodePath.decode(DecodePath.java:59)
10-08 19:24:22.924 28259 28259 I Glide : at com.bumptech.glide.load.engine.LoadPath.loadWithExceptionList(LoadPath.java:76)
10-08 19:24:22.924 28259 28259 I Glide : at com.bumptech.glide.load.engine.LoadPath.load(LoadPath.java:57)
10-08 19:24:22.924 28259 28259 I Glide : at com.bumptech.glide.load.engine.DecodeJob.runLoadPath(DecodeJob.java:524)
10-08 19:24:22.924 28259 28259 I Glide : at com.bumptech.glide.load.engine.DecodeJob.decodeFromFetcher(DecodeJob.java:488)
10-08 19:24:22.924 28259 28259 I Glide : at com.bumptech.glide.load.engine.DecodeJob.decodeFromData(DecodeJob.java:474)
10-08 19:24:22.924 28259 28259 I Glide : at com.bumptech.glide.load.engine.DecodeJob.decodeFromRetrievedData(DecodeJob.java:426)
10-08 19:24:22.924 28259 28259 I Glide : at com.bumptech.glide.load.engine.DecodeJob.onDataFetcherReady(DecodeJob.java:390)
10-08 19:24:22.924 28259 28259 I Glide : at com.bumptech.glide.load.engine.SourceGenerator.onDataReady(SourceGenerator.java:119)
10-08 19:24:22.924 28259 28259 I Glide : at com.bumptech.glide.load.model.MultiModelLoader$MultiFetcher.onDataReady(MultiModelLoader.java:145)
10-08 19:24:22.924 28259 28259 I Glide : at com.bumptech.glide.load.data.LocalUriFetcher.loadData(LocalUriFetcher.java:52)
10-08 19:24:22.924 28259 28259 I Glide : at com.bumptech.glide.load.model.MultiModelLoader$MultiFetcher.loadData(MultiModelLoader.java:100)
10-08 19:24:22.924 28259 28259 I Glide : at com.bumptech.glide.load.engine.SourceGenerator.startNext(SourceGenerator.java:63)
10-08 19:24:22.924 28259 28259 I Glide : at com.bumptech.glide.load.engine.DecodeJob.runGenerators(DecodeJob.java:310)
10-08 19:24:22.924 28259 28259 I Glide : at com.bumptech.glide.load.engine.DecodeJob.decodeFromRetrievedData(DecodeJob.java:434)
10-08 19:24:22.924 28259 28259 I Glide : at com.bumptech.glide.load.engine.DecodeJob.onDataFetcherReady(DecodeJob.java:390)
10-08 19:24:22.924 28259 28259 I Glide : at com.bumptech.glide.load.engine.SourceGenerator.onDataReady(SourceGenerator.java:119)
10-08 19:24:22.924 28259 28259 I Glide : at com.bumptech.glide.load.model.MultiModelLoader$MultiFetcher.onDataReady(MultiModelLoader.java:145)
10-08 19:24:22.924 28259 28259 I Glide : at com.bumptech.glide.load.data.LocalUriFetcher.loadData(LocalUriFetcher.java:52)
10-08 19:24:22.924 28259 28259 I Glide : at com.bumptech.glide.load.model.MultiModelLoader$MultiFetcher.loadData(MultiModelLoader.java:100)
10-08 19:24:22.924 28259 28259 I Glide : at com.bumptech.glide.load.engine.SourceGenerator.startNext(SourceGenerator.java:63)
10-08 19:24:22.924 28259 28259 I Glide : at com.bumptech.glide.load.engine.DecodeJob.runGenerators(DecodeJob.java:310)
10-08 19:24:22.924 28259 28259 I Glide : at com.bumptech.glide.load.engine.DecodeJob.runWrapped(DecodeJob.java:279)
10-08 19:24:22.924 28259 28259 I Glide : at com.bumptech.glide.load.engine.DecodeJob.run(DecodeJob.java:234)
10-08 19:24:22.924 28259 28259 I Glide : at java.util.concurrent.ThreadPoolExecutor.runWorker(ThreadPoolExecutor.java:1167)
10-08 19:24:22.924 28259 28259 I Glide : at java.util.concurrent.ThreadPoolExecutor$Worker.run(ThreadPoolExecutor.java:641)
10-08 19:24:22.924 28259 28259 I Glide : at java.lang.Thread.run(Thread.java:764)
10-08 19:24:22.924 28259 28259 I Glide : at com.bumptech.glide.load.engine.executor.GlideExecutor$DefaultThreadFactory$1.run(GlideExecutor.java:431)
10-08 19:24:22.924 28259 28259 I Glide : Caused by: java.lang.RuntimeException: setDataSource failed: status = 0xFFFFFFEA
10-08 19:24:22.924 28259 28259 I Glide : at android.media.MediaMetadataRetriever.setDataSource(Native Method)
10-08 19:24:22.924 28259 28259 I Glide : at android.media.MediaMetadataRetriever.setDataSource(MediaMetadataRetriever.java:141)
10-08 19:24:22.924 28259 28259 I Glide : at com.bumptech.glide.load.resource.bitmap.VideoDecoder$ParcelFileDescriptorInitializer.initialize(VideoDecoder.java:299)
10-08 19:24:22.924 28259 28259 I Glide : at com.bumptech.glide.load.resource.bitmap.VideoDecoder$ParcelFileDescriptorInitializer.initialize(VideoDecoder.java:294)
10-08 19:24:22.924 28259 28259 I Glide : at com.bumptech.glide.load.resource.bitmap.VideoDecoder.decode(VideoDecoder.java:166)
10-08 19:24:22.924 28259 28259 I Glide : ... 30 more
10-08 19:24:22.924 28259 28259 I Glide : Root cause (2 of 2)
10-08 19:24:22.924 28259 28259 I Glide : java.io.IOException: java.lang.IllegalArgumentException
10-08 19:24:22.924 28259 28259 I Glide : at com.bumptech.glide.load.resource.bitmap.VideoDecoder.decode(VideoDecoder.java:178)
10-08 19:24:22.924 28259 28259 I Glide : at com.bumptech.glide.load.engine.DecodePath.decodeResourceWithList(DecodePath.java:92)
10-08 19:24:22.924 28259 28259 I Glide : at com.bumptech.glide.load.engine.DecodePath.decodeResource(DecodePath.java:70)
10-08 19:24:22.924 28259 28259 I Glide : at com.bumptech.glide.load.engine.DecodePath.decode(DecodePath.java:59)
10-08 19:24:22.924 28259 28259 I Glide : at com.bumptech.glide.load.engine.LoadPath.loadWithExceptionList(LoadPath.java:76)
10-08 19:24:22.924 28259 28259 I Glide : at com.bumptech.glide.load.engine.LoadPath.load(LoadPath.java:57)
10-08 19:24:22.924 28259 28259 I Glide : at com.bumptech.glide.load.engine.DecodeJob.runLoadPath(DecodeJob.java:524)
10-08 19:24:22.924 28259 28259 I Glide : at com.bumptech.glide.load.engine.DecodeJob.decodeFromFetcher(DecodeJob.java:488)
10-08 19:24:22.924 28259 28259 I Glide : at com.bumptech.glide.load.engine.DecodeJob.decodeFromData(DecodeJob.java:474)
10-08 19:24:22.924 28259 28259 I Glide : at com.bumptech.glide.load.engine.DecodeJob.decodeFromRetrievedData(DecodeJob.java:426)
10-08 19:24:22.924 28259 28259 I Glide : at com.bumptech.glide.load.engine.DecodeJob.onDataFetcherReady(DecodeJob.java:390)
10-08 19:24:22.924 28259 28259 I Glide : at com.bumptech.glide.load.engine.SourceGenerator.onDataReady(SourceGenerator.java:119)
10-08 19:24:22.924 28259 28259 I Glide : at com.bumptech.glide.load.data.LocalUriFetcher.loadData(LocalUriFetcher.java:52)
10-08 19:24:22.924 28259 28259 I Glide : at com.bumptech.glide.load.engine.SourceGenerator.startNext(SourceGenerator.java:63)
10-08 19:24:22.924 28259 28259 I Glide : at com.bumptech.glide.load.engine.DecodeJob.runGenerators(DecodeJob.java:310)
10-08 19:24:22.924 28259 28259 I Glide : at com.bumptech.glide.load.engine.DecodeJob.decodeFromRetrievedData(DecodeJob.java:434)
10-08 19:24:22.924 28259 28259 I Glide : at com.bumptech.glide.load.engine.DecodeJob.onDataFetcherReady(DecodeJob.java:390)
10-08 19:24:22.924 28259 28259 I Glide : at com.bumptech.glide.load.engine.SourceGenerator.onDataReady(SourceGenerator.java:119)
10-08 19:24:22.924 28259 28259 I Glide : at com.bumptech.glide.load.model.MultiModelLoader$MultiFetcher.onDataReady(MultiModelLoader.java:145)
10-08 19:24:22.924 28259 28259 I Glide : at com.bumptech.glide.load.data.LocalUriFetcher.loadData(LocalUriFetcher.java:52)
10-08 19:24:22.924 28259 28259 I Glide : at com.bumptech.glide.load.model.MultiModelLoader$MultiFetcher.loadData(MultiModelLoader.java:100)
10-08 19:24:22.924 28259 28259 I Glide : at com.bumptech.glide.load.engine.SourceGenerator.startNext(SourceGenerator.java:63)
10-08 19:24:22.924 28259 28259 I Glide : at com.bumptech.glide.load.engine.DecodeJob.runGenerators(DecodeJob.java:310)
10-08 19:24:22.924 28259 28259 I Glide : at com.bumptech.glide.load.engine.DecodeJob.decodeFromRetrievedData(DecodeJob.java:434)
10-08 19:24:22.924 28259 28259 I Glide : at com.bumptech.glide.load.engine.DecodeJob.onDataFetcherReady(DecodeJob.java:390)
10-08 19:24:22.924 28259 28259 I Glide : at com.bumptech.glide.load.engine.SourceGenerator.onDataReady(SourceGenerator.java:119)
10-08 19:24:22.924 28259 28259 I Glide : at com.bumptech.glide.load.model.MultiModelLoader$MultiFetcher.onDataReady(MultiModelLoader.java:145)
10-08 19:24:22.924 28259 28259 I Glide : at com.bumptech.glide.load.data.LocalUriFetcher.loadData(LocalUriFetcher.java:52)
10-08 19:24:22.924 28259 28259 I Glide : at com.bumptech.glide.load.model.MultiModelLoader$MultiFetcher.loadData(MultiModelLoader.java:100)
10-08 19:24:22.924 28259 28259 I Glide : at com.bumptech.glide.load.engine.SourceGenerator.startNext(SourceGenerator.java:63)
10-08 19:24:22.924 28259 28259 I Glide : at com.bumptech.glide.load.engine.DecodeJob.runGenerators(DecodeJob.java:310)
10-08 19:24:22.924 28259 28259 I Glide : at com.bumptech.glide.load.engine.DecodeJob.runWrapped(DecodeJob.java:279)
10-08 19:24:22.924 28259 28259 I Glide : at com.bumptech.glide.load.engine.DecodeJob.run(DecodeJob.java:234)
10-08 19:24:22.924 28259 28259 I Glide : at java.util.concurrent.ThreadPoolExecutor.runWorker(ThreadPoolExecutor.java:1167)
10-08 19:24:22.924 28259 28259 I Glide : at java.util.concurrent.ThreadPoolExecutor$Worker.run(ThreadPoolExecutor.java:641)
10-08 19:24:22.924 28259 28259 I Glide : at java.lang.Thread.run(Thread.java:764)
10-08 19:24:22.924 28259 28259 I Glide : at com.bumptech.glide.load.engine.executor.GlideExecutor$DefaultThreadFactory$1.run(GlideExecutor.java:431)
10-08 19:24:22.924 28259 28259 I Glide : Caused by: java.lang.IllegalArgumentException
10-08 19:24:22.924 28259 28259 I Glide : at android.media.MediaMetadataRetriever.setDataSource(Native Method)
10-08 19:24:22.924 28259 28259 I Glide : at com.bumptech.glide.load.resource.bitmap.VideoDecoder$AssetFileDescriptorInitializer.initialize(VideoDecoder.java:289)
10-08 19:24:22.924 28259 28259 I Glide : at com.bumptech.glide.load.resource.bitmap.VideoDecoder$AssetFileDescriptorInitializer.initialize(VideoDecoder.java:284)
10-08 19:24:22.924 28259 28259 I Glide : at com.bumptech.glide.load.resource.bitmap.VideoDecoder.decode(VideoDecoder.java:166)
10-08 19:24:22.924 28259 28259 I Glide : ... 36 more
10-08 19:24:22.925 28259 28259 W Glide : Load failed for content://org.xbmc.kodi.file#image%3A%2F%2Fhttp%253a%252f%252f192.168.1.25%253a8096%252femby%252fItems%252f33967%252fImages%252fBackdrop%252f0%253fEnableImageEnhancers%253dTrue%2526Tag%253d626bb0bd5ca4a11388a15d73de791ab2%2F with size [564x306]
10-08 19:24:22.925 28259 28259 W Glide : class com.bumptech.glide.load.engine.GlideException: Failed to load resource
10-08 19:24:22.925 28259 28259 W Glide : There were 2 causes:
10-08 19:24:22.925 28259 28259 W Glide : java.io.IOException(java.lang.RuntimeException: setDataSource failed: status = 0xFFFFFFEA)
10-08 19:24:22.925 28259 28259 W Glide : java.io.IOException(java.lang.IllegalArgumentException)
10-08 19:24:22.925 28259 28259 W Glide : call GlideException#logRootCauses(String) for more detail
10-08 19:24:22.925 28259 28259 W Glide : Cause (1 of 3): class com.bumptech.glide.load.engine.GlideException: Failed LoadPath{AutoCloseInputStream->Object->PaletteBitmapContainer}, LOCAL
10-08 19:24:22.925 28259 28259 W Glide : Cause (1 of 1): class com.bumptech.glide.load.engine.GlideException: Failed DecodePath{AutoCloseInputStream->Bitmap->PaletteBitmapContainer}
10-08 19:24:22.925 28259 28259 W Glide : Cause (2 of 3): class com.bumptech.glide.load.engine.GlideException: Failed LoadPath{ParcelFileDescriptorInner->Object->PaletteBitmapContainer}, LOCAL
10-08 19:24:22.925 28259 28259 W Glide : There was 1 cause:
10-08 19:24:22.925 28259 28259 W Glide : java.io.IOException(java.lang.RuntimeException: setDataSource failed: status = 0xFFFFFFEA)
10-08 19:24:22.925 28259 28259 W Glide : call GlideException#logRootCauses(String) for more detail
10-08 19:24:22.925 28259 28259 W Glide : Cause (1 of 1): class com.bumptech.glide.load.engine.GlideException: Failed DecodePath{ParcelFileDescriptorInner->Bitmap->PaletteBitmapContainer}
10-08 19:24:22.925 28259 28259 W Glide : There was 1 cause:
10-08 19:24:22.925 28259 28259 W Glide : java.io.IOException(java.lang.RuntimeException: setDataSource failed: status = 0xFFFFFFEA)
10-08 19:24:22.925 28259 28259 W Glide : call GlideException#logRootCauses(String) for more detail
10-08 19:24:22.925 28259 28259 W Glide : Cause (1 of 1): class java.io.IOException: java.lang.RuntimeException: setDataSource failed: status = 0xFFFFFFEA
10-08 19:24:22.925 28259 28259 W Glide : Cause (3 of 3): class com.bumptech.glide.load.engine.GlideException: Failed LoadPath{AssetFileDescriptor->Object->PaletteBitmapContainer}, LOCAL
10-08 19:24:22.925 28259 28259 W Glide : There was 1 cause:
10-08 19:24:22.925 28259 28259 W Glide : java.io.IOException(java.lang.IllegalArgumentException)
10-08 19:24:22.925 28259 28259 W Glide : call GlideException#logRootCauses(String) for more detail
10-08 19:24:22.925 28259 28259 W Glide : Cause (1 of 1): class com.bumptech.glide.load.engine.GlideException: Failed DecodePath{AssetFileDescriptor->Bitmap->PaletteBitmapContainer}
10-08 19:24:22.925 28259 28259 W Glide : There was 1 cause:
10-08 19:24:22.925 28259 28259 W Glide : java.io.IOException(java.lang.IllegalArgumentException)
10-08 19:24:22.925 28259 28259 W Glide : call GlideException#logRootCauses(String) for more detail
10-08 19:24:22.925 28259 28259 W Glide : Cause (1 of 1): class java.io.IOException: java.lang.IllegalArgumentException
10-08 19:24:22.925 28259 28259 I Glide : Root cause (1 of 2)
10-08 19:24:22.925 28259 28259 I Glide : java.io.IOException: java.lang.RuntimeException: setDataSource failed: status = 0xFFFFFFEA
10-08 19:24:22.925 28259 28259 I Glide : at com.bumptech.glide.load.resource.bitmap.VideoDecoder.decode(VideoDecoder.java:178)
10-08 19:24:22.925 28259 28259 I Glide : at com.bumptech.glide.load.engine.DecodePath.decodeResourceWithList(DecodePath.java:92)
10-08 19:24:22.925 28259 28259 I Glide : at com.bumptech.glide.load.engine.DecodePath.decodeResource(DecodePath.java:70)
10-08 19:24:22.925 28259 28259 I Glide : at com.bumptech.glide.load.engine.DecodePath.decode(DecodePath.java:59)
10-08 19:24:22.925 28259 28259 I Glide : at com.bumptech.glide.load.engine.LoadPath.loadWithExceptionList(LoadPath.java:76)
10-08 19:24:22.925 28259 28259 I Glide : at com.bumptech.glide.load.engine.LoadPath.load(LoadPath.java:57)
10-08 19:24:22.925 28259 28259 I Glide : at com.bumptech.glide.load.engine.DecodeJob.runLoadPath(DecodeJob.java:524)
10-08 19:24:22.925 28259 28259 I Glide : at com.bumptech.glide.load.engine.DecodeJob.decodeFromFetcher(DecodeJob.java:488)
10-08 19:24:22.925 28259 28259 I Glide : at com.bumptech.glide.load.engine.DecodeJob.decodeFromData(DecodeJob.java:474)
10-08 19:24:22.925 28259 28259 I Glide : at com.bumptech.glide.load.engine.DecodeJob.decodeFromRetrievedData(DecodeJob.java:426)
10-08 19:24:22.925 28259 28259 I Glide : at com.bumptech.glide.load.engine.DecodeJob.onDataFetcherReady(DecodeJob.java:390)
10-08 19:24:22.925 28259 28259 I Glide : at com.bumptech.glide.load.engine.SourceGenerator.onDataReady(SourceGenerator.java:119)
10-08 19:24:22.925 28259 28259 I Glide : at com.bumptech.glide.load.model.MultiModelLoader$MultiFetcher.onDataReady(MultiModelLoader.java:145)
10-08 19:24:22.925 28259 28259 I Glide : at com.bumptech.glide.load.data.LocalUriFetcher.loadData(LocalUriFetcher.java:52)
10-08 19:24:22.925 28259 28259 I Glide : at com.bumptech.glide.load.model.MultiModelLoader$MultiFetcher.loadData(MultiModelLoader.java:100)
10-08 19:24:22.925 28259 28259 I Glide : at com.bumptech.glide.load.engine.SourceGenerator.startNext(SourceGenerator.java:63)
10-08 19:24:22.925 28259 28259 I Glide : at com.bumptech.glide.load.engine.DecodeJob.runGenerators(DecodeJob.java:310)
10-08 19:24:22.925 28259 28259 I Glide : at com.bumptech.glide.load.engine.DecodeJob.decodeFromRetrievedData(DecodeJob.java:434)
10-08 19:24:22.925 28259 28259 I Glide : at com.bumptech.glide.load.engine.DecodeJob.onDataFetcherReady(DecodeJob.java:390)
10-08 19:24:22.925 28259 28259 I Glide : at com.bumptech.glide.load.engine.SourceGenerator.onDataReady(SourceGenerator.java:119)
10-08 19:24:22.925 28259 28259 I Glide : at com.bumptech.glide.load.model.MultiModelLoader$MultiFetcher.onDataReady(MultiModelLoader.java:145)
10-08 19:24:22.925 28259 28259 I Glide : at com.bumptech.glide.load.data.LocalUriFetcher.loadData(LocalUriFetcher.java:52)
10-08 19:24:22.925 28259 28259 I Glide : at com.bumptech.glide.load.model.MultiModelLoader$MultiFetcher.loadData(MultiModelLoader.java:100)
10-08 19:24:22.925 28259 28259 I Glide : at com.bumptech.glide.load.engine.SourceGenerator.startNext(SourceGenerator.java:63)
10-08 19:24:22.925 28259 28259 I Glide : at com.bumptech.glide.load.engine.DecodeJob.runGenerators(DecodeJob.java:310)
10-08 19:24:22.925 28259 28259 I Glide : at com.bumptech.glide.load.engine.DecodeJob.runWrapped(DecodeJob.java:279)
10-08 19:24:22.925 28259 28259 I Glide : at com.bumptech.glide.load.engine.DecodeJob.run(DecodeJob.java:234)
10-08 19:24:22.925 28259 28259 I Glide : at java.util.concurrent.ThreadPoolExecutor.runWorker(ThreadPoolExecutor.java:1167)
10-08 19:24:22.925 28259 28259 I Glide : at java.util.concurrent.ThreadPoolExecutor$Worker.run(ThreadPoolExecutor.java:641)
10-08 19:24:22.925 28259 28259 I Glide : at java.lang.Thread.run(Thread.java:764)
10-08 19:24:22.925 28259 28259 I Glide : at com.bumptech.glide.load.engine.executor.GlideExecutor$DefaultThreadFactory$1.run(GlideExecutor.java:431)
10-08 19:24:22.925 28259 28259 I Glide : Caused by: java.lang.RuntimeException: setDataSource failed: status = 0xFFFFFFEA
10-08 19:24:22.925 28259 28259 I Glide : at android.media.MediaMetadataRetriever.setDataSource(Native Method)
10-08 19:24:22.925 28259 28259 I Glide : at android.media.MediaMetadataRetriever.setDataSource(MediaMetadataRetriever.java:141)
10-08 19:24:22.925 28259 28259 I Glide : at com.bumptech.glide.load.resource.bitmap.VideoDecoder$ParcelFileDescriptorInitializer.initialize(VideoDecoder.java:299)
10-08 19:24:22.925 28259 28259 I Glide : at com.bumptech.glide.load.resource.bitmap.VideoDecoder$ParcelFileDescriptorInitializer.initialize(VideoDecoder.java:294)
10-08 19:24:22.925 28259 28259 I Glide : at com.bumptech.glide.load.resource.bitmap.VideoDecoder.decode(VideoDecoder.java:166)
10-08 19:24:22.925 28259 28259 I Glide : ... 30 more
10-08 19:24:22.925 28259 28259 I Glide : Root cause (2 of 2)
10-08 19:24:22.925 28259 28259 I Glide : java.io.IOException: java.lang.IllegalArgumentException
10-08 19:24:22.925 28259 28259 I Glide : at com.bumptech.glide.load.resource.bitmap.VideoDecoder.decode(VideoDecoder.java:178)
10-08 19:24:22.925 28259 28259 I Glide : at com.bumptech.glide.load.engine.DecodePath.decodeResourceWithList(DecodePath.java:92)
10-08 19:24:22.925 28259 28259 I Glide : at com.bumptech.glide.load.engine.DecodePath.decodeResource(DecodePath.java:70)
10-08 19:24:22.925 28259 28259 I Glide : at com.bumptech.glide.load.engine.DecodePath.decode(DecodePath.java:59)
10-08 19:24:22.925 28259 28259 I Glide : at com.bumptech.glide.load.engine.LoadPath.loadWithExceptionList(LoadPath.java:76)
10-08 19:24:22.925 28259 28259 I Glide : at com.bumptech.glide.load.engine.LoadPath.load(LoadPath.java:57)
10-08 19:24:22.925 28259 28259 I Glide : at com.bumptech.glide.load.engine.DecodeJob.runLoadPath(DecodeJob.java:524)
10-08 19:24:22.925 28259 28259 I Glide : at com.bumptech.glide.load.engine.DecodeJob.decodeFromFetcher(DecodeJob.java:488)
10-08 19:24:22.925 28259 28259 I Glide : at com.bumptech.glide.load.engine.DecodeJob.decodeFromData(DecodeJob.java:474)
10-08 19:24:22.925 28259 28259 I Glide : at com.bumptech.glide.load.engine.DecodeJob.decodeFromRetrievedData(DecodeJob.java:426)
10-08 19:24:22.925 28259 28259 I Glide : at com.bumptech.glide.load.engine.DecodeJob.onDataFetcherReady(DecodeJob.java:390)
10-08 19:24:22.925 28259 28259 I Glide : at com.bumptech.glide.load.engine.SourceGenerator.onDataReady(SourceGenerator.java:119)
10-08 19:24:22.925 28259 28259 I Glide : at com.bumptech.glide.load.data.LocalUriFetcher.loadData(LocalUriFetcher.java:52)
10-08 19:24:22.925 28259 28259 I Glide : at com.bumptech.glide.load.engine.SourceGenerator.startNext(SourceGenerator.java:63)
10-08 19:24:22.925 28259 28259 I Glide : at com.bumptech.glide.load.engine.DecodeJob.runGenerators(DecodeJob.java:310)
10-08 19:24:22.925 28259 28259 I Glide : at com.bumptech.glide.load.engine.DecodeJob.decodeFromRetrievedData(DecodeJob.java:434)
10-08 19:24:22.925 28259 28259 I Glide : at com.bumptech.glide.load.engine.DecodeJob.onDataFetcherReady(DecodeJob.java:390)
10-08 19:24:22.925 28259 28259 I Glide : at com.bumptech.glide.load.engine.SourceGenerator.onDataReady(SourceGenerator.java:119)
10-08 19:24:22.925 28259 28259 I Glide : at com.bumptech.glide.load.model.MultiModelLoader$MultiFetcher.onDataReady(MultiModelLoader.java:145)
10-08 19:24:22.925 28259 28259 I Glide : at com.bumptech.glide.load.data.LocalUriFetcher.loadData(LocalUriFetcher.java:52)
10-08 19:24:22.925 28259 28259 I Glide : at com.bumptech.glide.load.model.MultiModelLoader$MultiFetcher.loadData(MultiModelLoader.java:100)
10-08 19:24:22.925 28259 28259 I Glide : at com.bumptech.glide.load.engine.SourceGenerator.startNext(SourceGenerator.java:63)
10-08 19:24:22.925 28259 28259 I Glide : at com.bumptech.glide.load.engine.DecodeJob.runGenerators(DecodeJob.java:310)
10-08 19:24:22.925 28259 28259 I Glide : at com.bumptech.glide.load.engine.DecodeJob.decodeFromRetrievedData(DecodeJob.java:434)
10-08 19:24:22.925 28259 28259 I Glide : at com.bumptech.glide.load.engine.DecodeJob.onDataFetcherReady(DecodeJob.java:390)
10-08 19:24:22.925 28259 28259 I Glide : at com.bumptech.glide.load.engine.SourceGenerator.onDataReady(SourceGenerator.java:119)
10-08 19:24:22.925 28259 28259 I Glide : at com.bumptech.glide.load.model.MultiModelLoader$MultiFetcher.onDataReady(MultiModelLoader.java:145)
