10-07 18:14:08.616 24449 24476 D CandidateSuggestionFilter: filterCandidates duration: 0
10-07 18:14:08.616 24449 24476 D SuggestionParser: Day 67 for com.android.settings.suggested.category.FIRST_IMPRESSION
10-07 18:14:08.628 24449 24484 D CandidateSuggestionFilter: Suggestion state result Bundle[{candidate_is_complete=true}]
10-07 18:14:08.629 24449 24476 D CandidateSuggestionFilter: filterCandidates duration: 9
10-07 18:14:08.631 24449 24476 D CandidateSuggestionFilter: filterCandidates duration: 0
10-07 18:14:08.633 24449 24476 I chatty : uid=10100(com.android.settings.intelligence) Binder:24449_2 identical 6 lines
10-07 18:14:08.634 24449 24476 D CandidateSuggestionFilter: filterCandidates duration: 0
10-07 18:14:08.636 4046 24481 D SuggestionLoader: data size 0
10-07 18:14:08.675 4903 4903 W RenderThread: type=1400 audit(0.0:138): avc: denied { search } for name="gm20b" dev="sda24" ino=32 scontext=u:r:priv_app:s0:c512,c768 tcontext=u:object_r:vendor_firmware_gpu_file:s0 tclass=dir permissive=0
10-07 18:14:08.719 3127 3127 W surfaceflinger: type=1400 audit(0.0:139): avc: denied { search } for name="gm20b" dev="sda24" ino=32 scontext=u:r:surfaceflinger:s0 tcontext=u:object_r:vendor_firmware_gpu_file:s0 tclass=dir permissive=0
10-07 18:14:08.910 3116 3116 E powerHAL::common: Unknown power hint: 0x8
10-07 18:14:09.749 3543 3645 D WindowManager: handleComboKeys keyCode: 20, keyAction: 0
10-07 18:14:09.756 3125 11744 I hash_map_utils: key: 'nv_param_low_latency_active' value: ''
10-07 18:14:09.899 3543 3645 D WindowManager: handleComboKeys keyCode: 20, keyAction: 1
10-07 18:14:09.899 3125 3228 I hash_map_utils: key: 'nv_param_low_latency_active' value: ''
10-07 18:14:10.388 3543 3645 D WindowManager: handleComboKeys keyCode: 20, keyAction: 0
10-07 18:14:10.392 3125 11744 I hash_map_utils: key: 'nv_param_low_latency_active' value: ''
10-07 18:14:10.532 3543 3645 D WindowManager: handleComboKeys keyCode: 20, keyAction: 1
10-07 18:14:10.542 3125 3228 I hash_map_utils: key: 'nv_param_low_latency_active' value: ''
10-07 18:14:10.602 3543 17117 D WificondControl: Scan result ready event
10-07 18:14:10.636 3691 3691 D BlakeWifiIntentManager: SCAN_RESULTS_AVAILABLE_ACTION
10-07 18:14:13.523 3089 3222 W nvaudio_hw: stop_output_stream: 1 underruns seen on pcm device hdmi-playback
10-07 18:14:17.130 3543 3645 D WindowManager: handleComboKeys keyCode: 20, keyAction: 0
10-07 18:14:17.135 3125 11744 I hash_map_utils: key: 'nv_param_low_latency_active' value: ''
10-07 18:14:17.293 3125 3228 I hash_map_utils: key: 'nv_param_low_latency_active' value: ''
10-07 18:14:17.368 3543 3645 D WindowManager: handleComboKeys keyCode: 20, keyAction: 1
10-07 18:14:17.674 3543 3645 D WindowManager: handleComboKeys keyCode: 20, keyAction: 0
10-07 18:14:17.678 3125 11744 I hash_map_utils: key: 'nv_param_low_latency_active' value: ''
10-07 18:14:17.821 3125 3228 I hash_map_utils: key: 'nv_param_low_latency_active' value: ''
10-07 18:14:17.860 3543 3645 D WindowManager: handleComboKeys keyCode: 20, keyAction: 1
10-07 18:14:18.589 3543 17117 I WifiService: startScan uid=1000
10-07 18:14:18.774 3543 3645 D WindowManager: handleComboKeys keyCode: 23, keyAction: 0
10-07 18:14:18.916 3543 3645 D WindowManager: handleComboKeys keyCode: 23, keyAction: 1
10-07 18:14:18.921 3125 11744 I hash_map_utils: key: 'nv_param_low_latency_active' value: ''
10-07 18:14:19.071 3125 3228 I hash_map_utils: key: 'nv_param_low_latency_active' value: ''
10-07 18:14:20.637 3543 5899 D WificondControl: Scan result ready event
10-07 18:14:20.637 3838 3838 W wpa_supplicant: wpa_bss_add zero rssi scan result for SSID: FRITZ!Box 7590 AR, freq 2472. Use low RSSI: -65
10-07 18:14:20.637 3838 3838 W wpa_supplicant: wpa_bss_add zero rssi scan result for SSID: FRITZ!Box 7590 AR, freq 2472. Use low RSSI: -65
10-07 18:14:20.638 3543 3661 D WificondControl: using low RSSI for dc:39:6f:4d:c4:eb
10-07 18:14:20.639 3691 3691 D BlakeWifiIntentManager: SCAN_RESULTS_AVAILABLE_ACTION
10-07 18:14:20.803 3543 3645 D WindowManager: handleComboKeys keyCode: 4, keyAction: 0
10-07 18:14:21.080 3543 3645 D WindowManager: handleComboKeys keyCode: 4, keyAction: 1
10-07 18:14:21.103 4046 4046 D SettingsHelper: Called isFlynnShield flynnShield:false
10-07 18:14:21.103 4046 4046 D SettingsHelper: Called isFlynnShield flynnShield:false
10-07 18:14:21.157 3543 5114 I WifiService: startScan uid=1000
10-07 18:14:21.162 24449 24518 D SuggestionParser: Day 67 for com.android.settings.suggested.category.DEFERRED_SETUP
10-07 18:14:21.162 24449 24518 D CandidateSuggestionFilter: filterCandidates duration: 0
10-07 18:14:21.163 24449 24518 D SuggestionParser: Day 67 for com.android.settings.suggested.category.HIGH_PRIORITY
10-07 18:14:21.163 24449 24518 D CandidateSuggestionFilter: filterCandidates duration: 0
10-07 18:14:21.163 24449 24518 D SuggestionParser: Day 67 for com.android.settings.suggested.category.FIRST_IMPRESSION
10-07 18:14:21.165 24449 24484 D CandidateSuggestionFilter: Suggestion state result Bundle[{candidate_is_complete=true}]
10-07 18:14:21.165 24449 24518 D CandidateSuggestionFilter: filterCandidates duration: 1
10-07 18:14:21.166 24449 24518 D CandidateSuggestionFilter: filterCandidates duration: 0
10-07 18:14:21.167 24449 24518 I chatty : uid=10100(com.android.settings.intelligence) Binder:24449_3 identical 6 lines
10-07 18:14:21.167 24449 24518 D CandidateSuggestionFilter: filterCandidates duration: 0
10-07 18:14:21.168 4046 24520 D SuggestionLoader: data size 0
10-07 18:14:22.051 3089 3222 W nvaudio_hw: stop_output_stream: 1 underruns seen on pcm device hdmi-playback
10-07 18:14:22.305 3543 3645 D WindowManager: handleComboKeys keyCode: 23, keyAction: 0
10-07 18:14:22.426 3543 3645 D WindowManager: handleComboKeys keyCode: 23, keyAction: 1
10-07 18:14:22.430 3125 11744 I hash_map_utils: key: 'nv_param_low_latency_active' value: ''
10-07 18:14:22.600 3125 3228 I hash_map_utils: key: 'nv_param_low_latency_active' value: ''
10-07 18:14:23.196 3543 13393 D WificondControl: Scan result ready event
10-07 18:14:23.196 3838 3838 W wpa_supplicant: wpa_bss_update skip updating zero rssi scan result for SSID: FRITZ!Box 7590 AR, freq: 2472
10-07 18:14:23.197 3838 3838 W wpa_supplicant: wpa_bss_update skip updating zero rssi scan result for SSID: FRITZ!Box 7590 AR, freq: 2472
10-07 18:14:23.197 3543 3661 D WificondControl: using low RSSI for dc:39:6f:4d:c4:eb
10-07 18:14:23.199 3543 3661 D WificondScannerImpl: Filtering out 1 scan results.
10-07 18:14:23.201 3691 3691 D BlakeWifiIntentManager: SCAN_RESULTS_AVAILABLE_ACTION
10-07 18:14:23.829 3543 3645 D WindowManager: handleComboKeys keyCode: 20, keyAction: 0
10-07 18:14:23.833 3125 11744 I hash_map_utils: key: 'nv_param_low_latency_active' value: ''
10-07 18:14:23.976 3125 3228 I hash_map_utils: key: 'nv_param_low_latency_active' value: ''
10-07 18:14:24.333 3125 11744 I hash_map_utils: key: 'nv_param_low_latency_active' value: ''
10-07 18:14:24.666 3543 3645 D WindowManager: handleComboKeys keyCode: 20, keyAction: 1
10-07 18:14:24.792 3125 3228 I hash_map_utils: key: 'nv_param_low_latency_active' value: ''
10-07 18:14:25.494 3543 3645 D WindowManager: handleComboKeys keyCode: 19, keyAction: 0
10-07 18:14:25.498 3125 11744 I hash_map_utils: key: 'nv_param_low_latency_active' value: ''
10-07 18:14:25.640 3125 3228 I hash_map_utils: key: 'nv_param_low_latency_active' value: ''
10-07 18:14:25.640 3543 3645 D WindowManager: handleComboKeys keyCode: 19, keyAction: 1
10-07 18:14:25.882 3543 3645 D WindowManager: handleComboKeys keyCode: 19, keyAction: 0
10-07 18:14:25.887 3125 11744 I hash_map_utils: key: 'nv_param_low_latency_active' value: ''
10-07 18:14:26.040 3125 3228 I hash_map_utils: key: 'nv_param_low_latency_active' value: ''
10-07 18:14:26.074 3543 3645 D WindowManager: handleComboKeys keyCode: 19, keyAction: 1
10-07 18:14:27.804 3543 3645 D WindowManager: handleComboKeys keyCode: 20, keyAction: 0
10-07 18:14:27.808 3125 11744 I hash_map_utils: key: 'nv_param_low_latency_active' value: ''
10-07 18:14:27.960 3125 3228 I hash_map_utils: key: 'nv_param_low_latency_active' value: ''
10-07 18:14:27.997 3543 3645 D WindowManager: handleComboKeys keyCode: 20, keyAction: 1
10-07 18:14:28.373 3543 3645 D WindowManager: handleComboKeys keyCode: 20, keyAction: 0
10-07 18:14:28.377 3125 11744 I hash_map_utils: key: 'nv_param_low_latency_active' value: ''
10-07 18:14:28.520 3125 3228 I hash_map_utils: key: 'nv_param_low_latency_active' value: ''
10-07 18:14:28.526 3543 3645 D WindowManager: handleComboKeys keyCode: 20, keyAction: 1
10-07 18:14:30.146 6692 24026 I chromium: [6692:24026:INFO:ssdp_device.c(101)] SSDP packets sent for 30 seconds = 22
10-07 18:14:31.502 3089 3222 W nvaudio_hw: stop_output_stream: 1 underruns seen on pcm device hdmi-playback
10-07 18:14:32.847 3543 3645 D WindowManager: handleComboKeys keyCode: 4, keyAction: 0
10-07 18:14:33.008 3543 3645 D WindowManager: handleComboKeys keyCode: 4, keyAction: 1
10-07 18:14:33.031 4046 4046 D SettingsHelper: Called isFlynnShield flynnShield:false
10-07 18:14:33.032 4046 4046 D SettingsHelper: Called isFlynnShield flynnShield:false
10-07 18:14:33.079 3543 4052 I WifiService: startScan uid=1000
10-07 18:14:33.081 24449 24476 D SuggestionParser: Day 67 for com.android.settings.suggested.category.DEFERRED_SETUP
10-07 18:14:33.082 24449 24476 D CandidateSuggestionFilter: filterCandidates duration: 0
10-07 18:14:33.082 24449 24476 D SuggestionParser: Day 67 for com.android.settings.suggested.category.HIGH_PRIORITY
10-07 18:14:33.082 24449 24476 D CandidateSuggestionFilter: filterCandidates duration: 0
10-07 18:14:33.083 24449 24476 D SuggestionParser: Day 67 for com.android.settings.suggested.category.FIRST_IMPRESSION
10-07 18:14:33.086 24449 24484 D CandidateSuggestionFilter: Suggestion state result Bundle[{candidate_is_complete=true}]
10-07 18:14:33.087 24449 24476 D CandidateSuggestionFilter: filterCandidates duration: 0
10-07 18:14:33.089 24449 24476 I chatty : uid=10100(com.android.settings.intelligence) Binder:24449_2 identical 7 lines
10-07 18:14:33.089 24449 24476 D CandidateSuggestionFilter: filterCandidates duration: 0
10-07 18:14:33.089 4046 24447 D SuggestionLoader: data size 0
10-07 18:14:34.583 3543 3645 D WindowManager: handleComboKeys keyCode: 4, keyAction: 0
10-07 18:14:34.710 3543 3645 D WindowManager: handleComboKeys keyCode: 4, keyAction: 1
10-07 18:14:34.718 3543 4052 I ActivityManager: Killing 9467:com.google.android.tv/u0a32 (adj 906): empty #17
10-07 18:14:34.719 3543 3580 W libprocessgroup: kill(-9467, 9) failed: No such process
10-07 18:14:34.748 3083 3083 I Zygote : Process 9467 exited due to signal (9)
10-07 18:14:34.763 3543 3580 W libprocessgroup: kill(-9467, 9) failed: No such process
10-07 18:14:34.763 3543 3580 I libprocessgroup: Successfully killed process cgroup uid 10032 pid 9467 in 43ms
10-07 18:14:35.075 3543 5899 D WificondControl: Scan result ready event
10-07 18:14:35.078 3691 3691 D BlakeWifiIntentManager: SCAN_RESULTS_AVAILABLE_ACTION
10-07 18:14:35.095 3543 24538 D NvThermalService: setAppClose
10-07 18:14:35.115 4692 5658 I android_os_HwBinder: HwBinder: Starting thread pool for default::vendor.nvidia.hardware.power@1.0::IPower
10-07 18:14:35.129 4869 4869 D NotifInteractonRcvr: Show unseen default level notification toasts
10-07 18:14:35.518 3127 6075 W SurfaceFlinger: Attempting to set client state on removed layer: com.android.tv.settings/com.android.tv.settings.MainSettings#0
10-07 18:14:35.518 3127 6075 W SurfaceFlinger: Attempting to destroy on removed layer: com.android.tv.settings/com.android.tv.settings.MainSettings#0
10-07 18:14:35.521 3127 6075 W SurfaceFlinger: Attempting to destroy on removed layer: AppWindowToken{17b29c1 token=Token{bdc4aa8 ActivityRecord{65152cb u0 com.android.tv.settings/.MainSettings t1166}}}#0
10-07 18:14:35.521 3127 6075 W SurfaceFlinger: Attempting to destroy on removed layer: Task=1166#0
10-07 18:14:35.537 3543 10894 I OpenGLRenderer: Initialized EGL, version 1.4
10-07 18:14:35.538 3543 10894 D OpenGLRenderer: Swap behavior 2
10-07 18:14:36.028 6692 7053 I cr_CastCrashUploader: Remove crash dumps
10-07 18:14:36.127 3728 4249 W bt_btm_pm: Sniff Interval For Device MAC 00:04:20:f5:f5:a8 is 33.750000 msec.
10-07 18:14:36.166 6692 6692 I chromium: [6692:6692:INFO:metrics_recorder.cc(89)] Metrics stat: total=3
10-07 18:14:36.166 6692 6692 I chromium: Cast.Discovery.Mdns.Query.Cast.Count=1
10-07 18:14:36.166 6692 6692 I chromium: Cast.Discovery.Mdns.Request.In=1
10-07 18:14:36.166 6692 6692 I chromium: Cast.Discovery.Mdns.Response.Out=1
10-07 18:14:37.190 3543 3645 D WindowManager: handleComboKeys keyCode: 20, keyAction: 0
10-07 18:14:37.191 3543 3645 D WindowManager: handleComboKeys keyCode: 20, keyAction: 1
10-07 18:14:37.195 3125 11744 I hash_map_utils: key: 'nv_param_low_latency_active' value: ''
10-07 18:14:37.204 4903 4903 W Glide : Load failed for null with size [-1x-1]
10-07 18:14:37.204 4903 4903 W Glide : class com.bumptech.glide.load.engine.GlideException: Received null model
10-07 18:14:37.212 23189 24541 E org.xbmc.kodi: No implementation found for boolean org.xbmc.kodi.XBMCFile._open(java.lang.String) (tried Java_org_xbmc_kodi_XBMCFile__1open and Java_org_xbmc_kodi_XBMCFile__1open__Ljava_lang_String_2)
10-07 18:14:37.212 23189 24541 E Kodifile: Open: Not available
10-07 18:14:37.212 4903 8230 D skia : --- Failed to create image decoder with message 'unimplemented'
10-07 18:14:37.213 4903 8230 D skia : --- Failed to create image decoder with message 'unimplemented'
10-07 18:14:37.214 23189 24543 E org.xbmc.kodi: No implementation found for boolean org.xbmc.kodi.XBMCFile._open(java.lang.String) (tried Java_org_xbmc_kodi_XBMCFile__1open and Java_org_xbmc_kodi_XBMCFile__1open__Ljava_lang_String_2)
10-07 18:14:37.214 23189 24542 E org.xbmc.kodi: No implementation found for boolean org.xbmc.kodi.XBMCFile._open(java.lang.String) (tried Java_org_xbmc_kodi_XBMCFile__1open and Java_org_xbmc_kodi_XBMCFile__1open__Ljava_lang_String_2)
10-07 18:14:37.214 23189 24543 E Kodifile: Open: Not available
10-07 18:14:37.214 23189 24542 E Kodifile: Open: Not available
10-07 18:14:37.214 23189 24544 E org.xbmc.kodi: No implementation found for boolean org.xbmc.kodi.XBMCFile._open(java.lang.String) (tried Java_org_xbmc_kodi_XBMCFile__1open and Java_org_xbmc_kodi_XBMCFile__1open__Ljava_lang_String_2)
10-07 18:14:37.214 23189 24544 E Kodifile: Open: Not available
10-07 18:14:37.215 4903 8227 D skia : --- Failed to create image decoder with message 'unimplemented'
10-07 18:14:37.215 4903 8227 D skia : --- Failed to create image decoder with message 'unimplemented'
10-07 18:14:37.216 4903 8237 D skia : --- Failed to create image decoder with message 'unimplemented'
10-07 18:14:37.216 3326 3961 E MetadataRetrieverClient: offset (0) bigger than file size (0)
10-07 18:14:37.216 4903 8237 D skia : --- Failed to create image decoder with message 'unimplemented'
10-07 18:14:37.217 23189 24545 E org.xbmc.kodi: No implementation found for boolean org.xbmc.kodi.XBMCFile._open(java.lang.String) (tried Java_org_xbmc_kodi_XBMCFile__1open and Java_org_xbmc_kodi_XBMCFile__1open__Ljava_lang_String_2)
10-07 18:14:37.217 23189 24545 E Kodifile: Open: Not available
10-07 18:14:37.217 3326 3961 E MetadataRetrieverClient: offset (0) bigger than file size (0)
10-07 18:14:37.218 3326 8351 E MetadataRetrieverClient: offset (0) bigger than file size (0)
10-07 18:14:37.218 23189 24546 E org.xbmc.kodi: No implementation found for boolean org.xbmc.kodi.XBMCFile._open(java.lang.String) (tried Java_org_xbmc_kodi_XBMCFile__1open and Java_org_xbmc_kodi_XBMCFile__1open__Ljava_lang_String_2)
10-07 18:14:37.218 23189 24547 E org.xbmc.kodi: No implementation found for boolean org.xbmc.kodi.XBMCFile._open(java.lang.String) (tried Java_org_xbmc_kodi_XBMCFile__1open and Java_org_xbmc_kodi_XBMCFile__1open__Ljava_lang_String_2)
10-07 18:14:37.218 23189 24546 E Kodifile: Open: Not available
10-07 18:14:37.218 4903 8230 E MediaMetadataRetrieverJNI: negative length (-1)
10-07 18:14:37.218 23189 24547 E Kodifile: Open: Not available
10-07 18:14:37.219 23189 24549 E org.xbmc.kodi: No implementation found for boolean org.xbmc.kodi.XBMCFile._open(java.lang.String) (tried Java_org_xbmc_kodi_XBMCFile__1open and Java_org_xbmc_kodi_XBMCFile__1open__Ljava_lang_String_2)
10-07 18:14:37.219 23189 24549 E Kodifile: Open: Not available
10-07 18:14:37.220 23189 24548 E org.xbmc.kodi: No implementation found for boolean org.xbmc.kodi.XBMCFile._open(java.lang.String) (tried Java_org_xbmc_kodi_XBMCFile__1open and Java_org_xbmc_kodi_XBMCFile__1open__Ljava_lang_String_2)
10-07 18:14:37.220 23189 24548 E Kodifile: Open: Not available
10-07 18:14:37.220 4903 8227 E MediaMetadataRetrieverJNI: negative length (-1)
10-07 18:14:37.220 4903 8237 E MediaMetadataRetrieverJNI: negative length (-1)
10-07 18:14:37.239 4903 4903 W Glide : Load failed for content://org.xbmc.kodi.file#image%3A%2F%2Fhttp%253a%252f%252f192.168.1.25%253a8096%252femby%252fItems%252f11351%252fImages%252fPrimary%252f0%253fEnableImageEnhancers%253dTrue%2526Tag%253d5276506e2d5d6ba62364452717b1855b%2F with size [564x306]
10-07 18:14:37.239 4903 4903 W Glide : class com.bumptech.glide.load.engine.GlideException: Failed to load resource
10-07 18:14:37.239 4903 4903 W Glide : There were 2 causes:
10-07 18:14:37.239 4903 4903 W Glide : java.io.IOException(java.lang.RuntimeException: setDataSource failed: status = 0xFFFFFFEA)
10-07 18:14:37.239 4903 4903 W Glide : java.io.IOException(java.lang.IllegalArgumentException)
10-07 18:14:37.239 4903 4903 W Glide : call GlideException#logRootCauses(String) for more detail
10-07 18:14:37.239 4903 4903 W Glide : Cause (1 of 3): class com.bumptech.glide.load.engine.GlideException: Failed LoadPath{AutoCloseInputStream->Object->PaletteBitmapContainer}, LOCAL
10-07 18:14:37.239 4903 4903 W Glide : Cause (1 of 1): class com.bumptech.glide.load.engine.GlideException: Failed DecodePath{AutoCloseInputStream->Bitmap->PaletteBitmapContainer}
10-07 18:14:37.239 4903 4903 W Glide : Cause (2 of 3): class com.bumptech.glide.load.engine.GlideException: Failed LoadPath{ParcelFileDescriptorInner->Object->PaletteBitmapContainer}, LOCAL
10-07 18:14:37.239 4903 4903 W Glide : There was 1 cause:
10-07 18:14:37.239 4903 4903 W Glide : java.io.IOException(java.lang.RuntimeException: setDataSource failed: status = 0xFFFFFFEA)
10-07 18:14:37.239 4903 4903 W Glide : call GlideException#logRootCauses(String) for more detail
10-07 18:14:37.239 4903 4903 W Glide : Cause (1 of 1): class com.bumptech.glide.load.engine.GlideException: Failed DecodePath{ParcelFileDescriptorInner->Bitmap->PaletteBitmapContainer}
10-07 18:14:37.239 4903 4903 W Glide : There was 1 cause:
10-07 18:14:37.239 4903 4903 W Glide : java.io.IOException(java.lang.RuntimeException: setDataSource failed: status = 0xFFFFFFEA)
10-07 18:14:37.239 4903 4903 W Glide : call GlideException#logRootCauses(String) for more detail
10-07 18:14:37.239 4903 4903 W Glide : Cause (1 of 1): class java.io.IOException: java.lang.RuntimeException: setDataSource failed: status = 0xFFFFFFEA
10-07 18:14:37.239 4903 4903 W Glide : Cause (3 of 3): class com.bumptech.glide.load.engine.GlideException: Failed LoadPath{AssetFileDescriptor->Object->PaletteBitmapContainer}, LOCAL
10-07 18:14:37.239 4903 4903 W Glide : There was 1 cause:
10-07 18:14:37.239 4903 4903 W Glide : java.io.IOException(java.lang.IllegalArgumentException)
10-07 18:14:37.239 4903 4903 W Glide : call GlideException#logRootCauses(String) for more detail
10-07 18:14:37.239 4903 4903 W Glide : Cause (1 of 1): class com.bumptech.glide.load.engine.GlideException: Failed DecodePath{AssetFileDescriptor->Bitmap->PaletteBitmapContainer}
10-07 18:14:37.239 4903 4903 W Glide : There was 1 cause:
10-07 18:14:37.239 4903 4903 W Glide : java.io.IOException(java.lang.IllegalArgumentException)
10-07 18:14:37.239 4903 4903 W Glide : call GlideException#logRootCauses(String) for more detail
10-07 18:14:37.239 4903 4903 W Glide : Cause (1 of 1): class java.io.IOException: java.lang.IllegalArgumentException
10-07 18:14:37.239 4903 4903 I Glide : Root cause (1 of 2)
10-07 18:14:37.239 4903 4903 I Glide : java.io.IOException: java.lang.RuntimeException: setDataSource failed: status = 0xFFFFFFEA
10-07 18:14:37.239 4903 4903 I Glide : at com.bumptech.glide.load.resource.bitmap.VideoDecoder.decode(VideoDecoder.java:178)
10-07 18:14:37.239 4903 4903 I Glide : at com.bumptech.glide.load.engine.DecodePath.decodeResourceWithList(DecodePath.java:92)
10-07 18:14:37.239 4903 4903 I Glide : at com.bumptech.glide.load.engine.DecodePath.decodeResource(DecodePath.java:70)
10-07 18:14:37.239 4903 4903 I Glide : at com.bumptech.glide.load.engine.DecodePath.decode(DecodePath.java:59)
10-07 18:14:37.239 4903 4903 I Glide : at com.bumptech.glide.load.engine.LoadPath.loadWithExceptionList(LoadPath.java:76)
10-07 18:14:37.239 4903 4903 I Glide : at com.bumptech.glide.load.engine.LoadPath.load(LoadPath.java:57)
10-07 18:14:37.239 4903 4903 I Glide : at com.bumptech.glide.load.engine.DecodeJob.runLoadPath(DecodeJob.java:524)
10-07 18:14:37.239 4903 4903 I Glide : at com.bumptech.glide.load.engine.DecodeJob.decodeFromFetcher(DecodeJob.java:488)
10-07 18:14:37.239 4903 4903 I Glide : at com.bumptech.glide.load.engine.DecodeJob.decodeFromData(DecodeJob.java:474)
10-07 18:14:37.239 4903 4903 I Glide : at com.bumptech.glide.load.engine.DecodeJob.decodeFromRetrievedData(DecodeJob.java:426)
10-07 18:14:37.239 4903 4903 I Glide : at com.bumptech.glide.load.engine.DecodeJob.onDataFetcherReady(DecodeJob.java:390)
10-07 18:14:37.239 4903 4903 I Glide : at com.bumptech.glide.load.engine.SourceGenerator.onDataReady(SourceGenerator.java:119)
10-07 18:14:37.239 4903 4903 I Glide : at com.bumptech.glide.load.model.MultiModelLoader$MultiFetcher.onDataReady(MultiModelLoader.java:145)
10-07 18:14:37.239 4903 4903 I Glide : at com.bumptech.glide.load.data.LocalUriFetcher.loadData(LocalUriFetcher.java:52)
10-07 18:14:37.239 4903 4903 I Glide : at com.bumptech.glide.load.model.MultiModelLoader$MultiFetcher.loadData(MultiModelLoader.java:100)
10-07 18:14:37.239 4903 4903 I Glide : at com.bumptech.glide.load.engine.SourceGenerator.startNext(SourceGenerator.java:63)
10-07 18:14:37.239 4903 4903 I Glide : at com.bumptech.glide.load.engine.DecodeJob.runGenerators(DecodeJob.java:310)
10-07 18:14:37.239 4903 4903 I Glide : at com.bumptech.glide.load.engine.DecodeJob.decodeFromRetrievedData(DecodeJob.java:434)
10-07 18:14:37.239 4903 4903 I Glide : at com.bumptech.glide.load.engine.DecodeJob.onDataFetcherReady(DecodeJob.java:390)
10-07 18:14:37.239 4903 4903 I Glide : at com.bumptech.glide.load.engine.SourceGenerator.onDataReady(SourceGenerator.java:119)
10-07 18:14:37.239 4903 4903 I Glide : at com.bumptech.glide.load.model.MultiModelLoader$MultiFetcher.onDataReady(MultiModelLoader.java:145)
10-07 18:14:37.239 4903 4903 I Glide : at com.bumptech.glide.load.data.LocalUriFetcher.loadData(LocalUriFetcher.java:52)
10-07 18:14:37.239 4903 4903 I Glide : at com.bumptech.glide.load.model.MultiModelLoader$MultiFetcher.loadData(MultiModelLoader.java:100)
10-07 18:14:37.239 4903 4903 I Glide : at com.bumptech.glide.load.engine.SourceGenerator.startNext(SourceGenerator.java:63)
10-07 18:14:37.239 4903 4903 I Glide : at com.bumptech.glide.load.engine.DecodeJob.runGenerators(DecodeJob.java:310)
10-07 18:14:37.239 4903 4903 I Glide : at com.bumptech.glide.load.engine.DecodeJob.runWrapped(DecodeJob.java:279)
10-07 18:14:37.239 4903 4903 I Glide : at com.bumptech.glide.load.engine.DecodeJob.run(DecodeJob.java:234)
10-07 18:14:37.239 4903 4903 I Glide : at java.util.concurrent.ThreadPoolExecutor.runWorker(ThreadPoolExecutor.java:1167)
10-07 18:14:37.239 4903 4903 I Glide : at java.util.concurrent.ThreadPoolExecutor$Worker.run(ThreadPoolExecutor.java:641)
10-07 18:14:37.239 4903 4903 I Glide : at java.lang.Thread.run(Thread.java:764)
10-07 18:14:37.239 4903 4903 I Glide : at com.bumptech.glide.load.engine.executor.GlideExecutor$DefaultThreadFactory$1.run(GlideExecutor.java:431)
10-07 18:14:37.239 4903 4903 I Glide : Caused by: java.lang.RuntimeException: setDataSource failed: status = 0xFFFFFFEA
10-07 18:14:37.239 4903 4903 I Glide : at android.media.MediaMetadataRetriever.setDataSource(Native Method)
10-07 18:14:37.239 4903 4903 I Glide : at android.media.MediaMetadataRetriever.setDataSource(MediaMetadataRetriever.java:141)
10-07 18:14:37.239 4903 4903 I Glide : at com.bumptech.glide.load.resource.bitmap.VideoDecoder$ParcelFileDescriptorInitializer.initialize(VideoDecoder.java:299)
10-07 18:14:37.239 4903 4903 I Glide : at com.bumptech.glide.load.resource.bitmap.VideoDecoder$ParcelFileDescriptorInitializer.initialize(VideoDecoder.java:294)
10-07 18:14:37.239 4903 4903 I Glide : at com.bumptech.glide.load.resource.bitmap.VideoDecoder.decode(VideoDecoder.java:166)
10-07 18:14:37.239 4903 4903 I Glide : ... 30 more
10-07 18:14:37.240 4903 4903 I Glide : Root cause (2 of 2)
10-07 18:14:37.240 4903 4903 I Glide : java.io.IOException: java.lang.IllegalArgumentException
10-07 18:14:37.240 4903 4903 I Glide : at com.bumptech.glide.load.resource.bitmap.VideoDecoder.decode(VideoDecoder.java:178)
10-07 18:14:37.240 4903 4903 I Glide : at com.bumptech.glide.load.engine.DecodePath.decodeResourceWithList(DecodePath.java:92)
10-07 18:14:37.240 4903 4903 I Glide : at com.bumptech.glide.load.engine.DecodePath.decodeResource(DecodePath.java:70)
10-07 18:14:37.240 4903 4903 I Glide : at com.bumptech.glide.load.engine.DecodePath.decode(DecodePath.java:59)
10-07 18:14:37.240 4903 4903 I Glide : at com.bumptech.glide.load.engine.LoadPath.loadWithExceptionList(LoadPath.java:76)
10-07 18:14:37.240 4903 4903 I Glide : at com.bumptech.glide.load.engine.LoadPath.load(LoadPath.java:57)
10-07 18:14:37.240 4903 4903 I Glide : at com.bumptech.glide.load.engine.DecodeJob.runLoadPath(DecodeJob.java:524)
10-07 18:14:37.240 4903 4903 I Glide : at com.bumptech.glide.load.engine.DecodeJob.decodeFromFetcher(DecodeJob.java:488)
10-07 18:14:37.240 4903 4903 I Glide : at com.bumptech.glide.load.engine.DecodeJob.decodeFromData(DecodeJob.java:474)
10-07 18:14:37.240 4903 4903 I Glide : at com.bumptech.glide.load.engine.DecodeJob.decodeFromRetrievedData(DecodeJob.java:426)
10-07 18:14:37.240 4903 4903 I Glide : at com.bumptech.glide.load.engine.DecodeJob.onDataFetcherReady(DecodeJob.java:390)
10-07 18:14:37.240 4903 4903 I Glide : at com.bumptech.glide.load.engine.SourceGenerator.onDataReady(SourceGenerator.java:119)
10-07 18:14:37.240 4903 4903 I Glide : at com.bumptech.glide.load.data.LocalUriFetcher.loadData(LocalUriFetcher.java:52)
10-07 18:14:37.240 4903 4903 I Glide : at com.bumptech.glide.load.engine.SourceGenerator.startNext(SourceGenerator.java:63)
10-07 18:14:37.240 4903 4903 I Glide : at com.bumptech.glide.load.engine.DecodeJob.runGenerators(DecodeJob.java:310)
10-07 18:14:37.240 4903 4903 I Glide : at com.bumptech.glide.load.engine.DecodeJob.decodeFromRetrievedData(DecodeJob.java:434)
10-07 18:14:37.240 4903 4903 I Glide : at com.bumptech.glide.load.engine.DecodeJob.onDataFetcherReady(DecodeJob.java:390)
10-07 18:14:37.240 4903 4903 I Glide : at com.bumptech.glide.load.engine.SourceGenerator.onDataReady(SourceGenerator.java:119)
10-07 18:14:37.240 4903 4903 I Glide : at com.bumptech.glide.load.model.MultiModelLoader$MultiFetcher.onDataReady(MultiModelLoader.java:145)
10-07 18:14:37.240 4903 4903 I Glide : at com.bumptech.glide.load.data.LocalUriFetcher.loadData(LocalUriFetcher.java:52)
10-07 18:14:37.240 4903 4903 I Glide : at com.bumptech.glide.load.model.MultiModelLoader$MultiFetcher.loadData(MultiModelLoader.java:100)
10-07 18:14:37.240 4903 4903 I Glide : at com.bumptech.glide.load.engine.SourceGenerator.startNext(SourceGenerator.java:63)
10-07 18:14:37.240 4903 4903 I Glide : at com.bumptech.glide.load.engine.DecodeJob.runGenerators(DecodeJob.java:310)
10-07 18:14:37.240 4903 4903 I Glide : at com.bumptech.glide.load.engine.DecodeJob.decodeFromRetrievedData(DecodeJob.java:434)
10-07 18:14:37.240 4903 4903 I Glide : at com.bumptech.glide.load.engine.DecodeJob.onDataFetcherReady(DecodeJob.java:390)
10-07 18:14:37.240 4903 4903 I Glide : at com.bumptech.glide.load.engine.SourceGenerator.onDataReady(SourceGenerator.java:119)
10-07 18:14:37.240 4903 4903 I Glide : at com.bumptech.glide.load.model.MultiModelLoader$MultiFetcher.onDataReady(MultiModelLoader.java:145)
10-07 18:14:37.240 4903 4903 I Glide : at com.bumptech.glide.load.data.LocalUriFetcher.loadData(LocalUriFetcher.java:52)
10-07 18:14:37.240 4903 4903 I Glide : at com.bumptech.glide.load.model.MultiModelLoader$MultiFetcher.loadData(MultiModelLoader.java:100)
10-07 18:14:37.240 4903 4903 I Glide : at com.bumptech.glide.load.engine.SourceGenerator.startNext(SourceGenerator.java:63)
10-07 18:14:37.240 4903 4903 I Glide : at com.bumptech.glide.load.engine.DecodeJob.runGenerators(DecodeJob.java:310)
10-07 18:14:37.240 4903 4903 I Glide : at com.bumptech.glide.load.engine.DecodeJob.runWrapped(DecodeJob.java:279)
10-07 18:14:37.240 4903 4903 I Glide : at com.bumptech.glide.load.engine.DecodeJob.run(DecodeJob.java:234)
10-07 18:14:37.240 4903 4903 I Glide : at java.util.concurrent.ThreadPoolExecutor.runWorker(ThreadPoolExecutor.java:1167)
10-07 18:14:37.240 4903 4903 I Glide : at java.util.concurrent.ThreadPoolExecutor$Worker.run(ThreadPoolExecutor.java:641)
10-07 18:14:37.240 4903 4903 I Glide : at java.lang.Thread.run(Thread.java:764)
10-07 18:14:37.240 4903 4903 I Glide : at com.bumptech.glide.load.engine.executor.GlideExecutor$DefaultThreadFactory$1.run(GlideExecutor.java:431)
10-07 18:14:37.240 4903 4903 I Glide : Caused by: java.lang.IllegalArgumentException
10-07 18:14:37.240 4903 4903 I Glide : at android.media.MediaMetadataRetriever.setDataSource(Native Method)
10-07 18:14:37.240 4903 4903 I Glide : at com.bumptech.glide.load.resource.bitmap.VideoDecoder$AssetFileDescriptorInitializer.initialize(VideoDecoder.java:289)
10-07 18:14:37.240 4903 4903 I Glide : at com.bumptech.glide.load.resource.bitmap.VideoDecoder$AssetFileDescriptorInitializer.initialize(VideoDecoder.java:284)
10-07 18:14:37.240 4903 4903 I Glide : at com.bumptech.glide.load.resource.bitmap.VideoDecoder.decode(VideoDecoder.java:166)
10-07 18:14:37.240 4903 4903 I Glide : ... 36 more
10-07 18:14:37.240 4903 4903 W Glide : Load failed for content://org.xbmc.kodi.file#image%3A%2F%2Fhttp%253a%252f%252f192.168.1.25%253a8096%252femby%252fItems%252f9365%252fImages%252fPrimary%252f0%253fEnableImageEnhancers%253dTrue%2526Tag%253d4bc196b18fbffa16283f9eb171dd2fd4%2F with size [564x306]
10-07 18:14:37.240 4903 4903 W Glide : class com.bumptech.glide.load.engine.GlideException: Failed to load resource
10-07 18:14:37.240 4903 4903 W Glide : There were 2 causes:
10-07 18:14:37.240 4903 4903 W Glide : java.io.IOException(java.lang.RuntimeException: setDataSource failed: status = 0xFFFFFFEA)
10-07 18:14:37.240 4903 4903 W Glide : java.io.IOException(java.lang.IllegalArgumentException)
10-07 18:14:37.240 4903 4903 W Glide : call GlideException#logRootCauses(String) for more detail
10-07 18:14:37.240 4903 4903 W Glide : Cause (1 of 3): class com.bumptech.glide.load.engine.GlideException: Failed LoadPath{AutoCloseInputStream->Object->PaletteBitmapContainer}, LOCAL
10-07 18:14:37.240 4903 4903 W Glide : Cause (1 of 1): class com.bumptech.glide.load.engine.GlideException: Failed DecodePath{AutoCloseInputStream->Bitmap->PaletteBitmapContainer}
10-07 18:14:37.240 4903 4903 W Glide : Cause (2 of 3): class com.bumptech.glide.load.engine.GlideException: Failed LoadPath{ParcelFileDescriptorInner->Object->PaletteBitmapContainer}, LOCAL
10-07 18:14:37.240 4903 4903 W Glide : There was 1 cause:
10-07 18:14:37.240 4903 4903 W Glide : java.io.IOException(java.lang.RuntimeException: setDataSource failed: status = 0xFFFFFFEA)
10-07 18:14:37.240 4903 4903 W Glide : call GlideException#logRootCauses(String) for more detail
10-07 18:14:37.240 4903 4903 W Glide : Cause (1 of 1): class com.bumptech.glide.load.engine.GlideException: Failed DecodePath{ParcelFileDescriptorInner->Bitmap->PaletteBitmapContainer}
10-07 18:14:37.240 4903 4903 W Glide : There was 1 cause:
10-07 18:14:37.240 4903 4903 W Glide : java.io.IOException(java.lang.RuntimeException: setDataSource failed: status = 0xFFFFFFEA)
10-07 18:14:37.240 4903 4903 W Glide : call GlideException#logRootCauses(String) for more detail
10-07 18:14:37.240 4903 4903 W Glide : Cause (1 of 1): class java.io.IOException: java.lang.RuntimeException: setDataSource failed: status = 0xFFFFFFEA
10-07 18:14:37.240 4903 4903 W Glide : Cause (3 of 3): class com.bumptech.glide.load.engine.GlideException: Failed LoadPath{AssetFileDescriptor->Object->PaletteBitmapContainer}, LOCAL
10-07 18:14:37.240 4903 4903 W Glide : There was 1 cause:
10-07 18:14:37.240 4903 4903 W Glide : java.io.IOException(java.lang.IllegalArgumentException)
10-07 18:14:37.240 4903 4903 W Glide : call GlideException#logRootCauses(String) for more detail
10-07 18:14:37.240 4903 4903 W Glide : Cause (1 of 1): class com.bumptech.glide.load.engine.GlideException: Failed DecodePath{AssetFileDescriptor->Bitmap->PaletteBitmapContainer}
10-07 18:14:37.240 4903 4903 W Glide : There was 1 cause:
10-07 18:14:37.240 4903 4903 W Glide : java.io.IOException(java.lang.IllegalArgumentException)
10-07 18:14:37.240 4903 4903 W Glide : call GlideException#logRootCauses(String) for more detail
10-07 18:14:37.240 4903 4903 W Glide : Cause (1 of 1): class java.io.IOException: java.lang.IllegalArgumentException
10-07 18:14:37.240 4903 4903 I Glide : Root cause (1 of 2)
10-07 18:14:37.240 4903 4903 I Glide : java.io.IOException: java.lang.RuntimeException: setDataSource failed: status = 0xFFFFFFEA
10-07 18:14:37.240 4903 4903 I Glide : at com.bumptech.glide.load.resource.bitmap.VideoDecoder.decode(VideoDecoder.java:178)
10-07 18:14:37.240 4903 4903 I Glide : at com.bumptech.glide.load.engine.DecodePath.decodeResourceWithList(DecodePath.java:92)
10-07 18:14:37.240 4903 4903 I Glide : at com.bumptech.glide.load.engine.DecodePath.decodeResource(DecodePath.java:70)
10-07 18:14:37.240 4903 4903 I Glide : at com.bumptech.glide.load.engine.DecodePath.decode(DecodePath.java:59)
10-07 18:14:37.240 4903 4903 I Glide : at com.bumptech.glide.load.engine.LoadPath.loadWithExceptionList(LoadPath.java:76)
10-07 18:14:37.240 4903 4903 I Glide : at com.bumptech.glide.load.engine.LoadPath.load(LoadPath.java:57)
10-07 18:14:37.240 4903 4903 I Glide : at com.bumptech.glide.load.engine.DecodeJob.runLoadPath(DecodeJob.java:524)
10-07 18:14:37.240 4903 4903 I Glide : at com.bumptech.glide.load.engine.DecodeJob.decodeFromFetcher(DecodeJob.java:488)
10-07 18:14:37.240 4903 4903 I Glide : at com.bumptech.glide.load.engine.DecodeJob.decodeFromData(DecodeJob.java:474)
10-07 18:14:37.240 4903 4903 I Glide : at com.bumptech.glide.load.engine.DecodeJob.decodeFromRetrievedData(DecodeJob.java:426)
10-07 18:14:37.240 4903 4903 I Glide : at com.bumptech.glide.load.engine.DecodeJob.onDataFetcherReady(DecodeJob.java:390)
10-07 18:14:37.240 4903 4903 I Glide : at com.bumptech.glide.load.engine.SourceGenerator.onDataReady(SourceGenerator.java:119)
10-07 18:14:37.240 4903 4903 I Glide : at com.bumptech.glide.load.model.MultiModelLoader$MultiFetcher.onDataReady(MultiModelLoader.java:145)
10-07 18:14:37.240 4903 4903 I Glide : at com.bumptech.glide.load.data.LocalUriFetcher.loadData(LocalUriFetcher.java:52)
10-07 18:14:37.240 4903 4903 I Glide : at com.bumptech.glide.load.model.MultiModelLoader$MultiFetcher.loadData(MultiModelLoader.java:100)
10-07 18:14:37.240 4903 4903 I Glide : at com.bumptech.glide.load.engine.SourceGenerator.startNext(SourceGenerator.java:63)
10-07 18:14:37.240 4903 4903 I Glide : at com.bumptech.glide.load.engine.DecodeJob.runGenerators(DecodeJob.java:310)
10-07 18:14:37.240 4903 4903 I Glide : at com.bumptech.glide.load.engine.DecodeJob.decodeFromRetrievedData(DecodeJob.java:434)
10-07 18:14:37.240 4903 4903 I Glide : at com.bumptech.glide.load.engine.DecodeJob.onDataFetcherReady(DecodeJob.java:390)
10-07 18:14:37.240 4903 4903 I Glide : at com.bumptech.glide.load.engine.SourceGenerator.onDataReady(SourceGenerator.java:119)
10-07 18:14:37.240 4903 4903 I Glide : at com.bumptech.glide.load.model.MultiModelLoader$MultiFetcher.onDataReady(MultiModelLoader.java:145)
10-07 18:14:37.240 4903 4903 I Glide : at com.bumptech.glide.load.data.LocalUriFetcher.loadData(LocalUriFetcher.java:52)
10-07 18:14:37.240 4903 4903 I Glide : at com.bumptech.glide.load.model.MultiModelLoader$MultiFetcher.loadData(MultiModelLoader.java:100)
10-07 18:14:37.240 4903 4903 I Glide : at com.bumptech.glide.load.engine.SourceGenerator.startNext(SourceGenerator.java:63)
10-07 18:14:37.240 4903 4903 I Glide : at com.bumptech.glide.load.engine.DecodeJob.runGenerators(DecodeJob.java:310)
10-07 18:14:37.240 4903 4903 I Glide : at com.bumptech.glide.load.engine.DecodeJob.runWrapped(DecodeJob.java:279)
10-07 18:14:37.240 4903 4903 I Glide : at com.bumptech.glide.load.engine.DecodeJob.run(DecodeJob.java:234)
10-07 18:14:37.240 4903 4903 I Glide : at java.util.concurrent.ThreadPoolExecutor.runWorker(ThreadPoolExecutor.java:1167)
10-07 18:14:37.240 4903 4903 I Glide : at java.util.concurrent.ThreadPoolExecutor$Worker.run(ThreadPoolExecutor.java:641)
10-07 18:14:37.240 4903 4903 I Glide : at java.lang.Thread.run(Thread.java:764)
10-07 18:14:37.240 4903 4903 I Glide : at com.bumptech.glide.load.engine.executor.GlideExecutor$DefaultThreadFactory$1.run(GlideExecutor.java:431)
10-07 18:14:37.240 4903 4903 I Glide : Caused by: java.lang.RuntimeException: setDataSource failed: status = 0xFFFFFFEA
10-07 18:14:37.240 4903 4903 I Glide : at android.media.MediaMetadataRetriever.setDataSource(Native Method)
10-07 18:14:37.240 4903 4903 I Glide : at android.media.MediaMetadataRetriever.setDataSource(MediaMetadataRetriever.java:141)
10-07 18:14:37.240 4903 4903 I Glide : at com.bumptech.glide.load.resource.bitmap.VideoDecoder$ParcelFileDescriptorInitializer.initialize(VideoDecoder.java:299)
10-07 18:14:37.240 4903 4903 I Glide : at com.bumptech.glide.load.resource.bitmap.VideoDecoder$ParcelFileDescriptorInitializer.initialize(VideoDecoder.java:294)
10-07 18:14:37.240 4903 4903 I Glide : at com.bumptech.glide.load.resource.bitmap.VideoDecoder.decode(VideoDecoder.java:166)
10-07 18:14:37.240 4903 4903 I Glide : ... 30 more
10-07 18:14:37.241 4903 4903 I Glide : Root cause (2 of 2)
10-07 18:14:37.241 4903 4903 I Glide : java.io.IOException: java.lang.IllegalArgumentException
10-07 18:14:37.241 4903 4903 I Glide : at com.bumptech.glide.load.resource.bitmap.VideoDecoder.decode(VideoDecoder.java:178)
10-07 18:14:37.241 4903 4903 I Glide : at com.bumptech.glide.load.engine.DecodePath.decodeResourceWithList(DecodePath.java:92)
10-07 18:14:37.241 4903 4903 I Glide : at com.bumptech.glide.load.engine.DecodePath.decodeResource(DecodePath.java:70)
10-07 18:14:37.241 4903 4903 I Glide : at com.bumptech.glide.load.engine.DecodePath.decode(DecodePath.java:59)
10-07 18:14:37.241 4903 4903 I Glide : at com.bumptech.glide.load.engine.LoadPath.loadWithExceptionList(LoadPath.java:76)
10-07 18:14:37.241 4903 4903 I Glide : at com.bumptech.glide.load.engine.LoadPath.load(LoadPath.java:57)
10-07 18:14:37.241 4903 4903 I Glide : at com.bumptech.glide.load.engine.DecodeJob.runLoadPath(DecodeJob.java:524)
10-07 18:14:37.241 4903 4903 I Glide : at com.bumptech.glide.load.engine.DecodeJob.decodeFromFetcher(DecodeJob.java:488)
10-07 18:14:37.241 4903 4903 I Glide : at com.bumptech.glide.load.engine.DecodeJob.decodeFromData(DecodeJob.java:474)
10-07 18:14:37.241 4903 4903 I Glide : at com.bumptech.glide.load.engine.DecodeJob.decodeFromRetrievedData(DecodeJob.java:426)
10-07 18:14:37.241 4903 4903 I Glide : at com.bumptech.glide.load.engine.DecodeJob.onDataFetcherReady(DecodeJob.java:390)
10-07 18:14:37.241 4903 4903 I Glide : at com.bumptech.glide.load.engine.SourceGenerator.onDataReady(SourceGenerator.java:119)
10-07 18:14:37.241 4903 4903 I Glide : at com.bumptech.glide.load.data.LocalUriFetcher.loadData(LocalUriFetcher.java:52)
10-07 18:14:37.241 4903 4903 I Glide : at com.bumptech.glide.load.engine.SourceGenerator.startNext(SourceGenerator.java:63)
10-07 18:14:37.241 4903 4903 I Glide : at com.bumptech.glide.load.engine.DecodeJob.runGenerators(DecodeJob.java:310)
10-07 18:14:37.241 4903 4903 I Glide : at com.bumptech.glide.load.engine.DecodeJob.decodeFromRetrievedData(DecodeJob.java:434)
10-07 18:14:37.241 4903 4903 I Glide : at com.bumptech.glide.load.engine.DecodeJob.onDataFetcherReady(DecodeJob.java:390)
10-07 18:14:37.241 4903 4903 I Glide : at com.bumptech.glide.load.engine.SourceGenerator.onDataReady(SourceGenerator.java:119)
10-07 18:14:37.241 4903 4903 I Glide : at com.bumptech.glide.load.model.MultiModelLoader$MultiFetcher.onDataReady(MultiModelLoader.java:145)
10-07 18:14:37.241 4903 4903 I Glide : at com.bumptech.glide.load.data.LocalUriFetcher.loadData(LocalUriFetcher.java:52)
10-07 18:14:37.241 4903 4903 I Glide : at com.bumptech.glide.load.model.MultiModelLoader$MultiFetcher.loadData(MultiModelLoader.java:100)
10-07 18:14:37.241 4903 4903 I Glide : at com.bumptech.glide.load.engine.SourceGenerator.startNext(SourceGenerator.java:63)
10-07 18:14:37.241 4903 4903 I Glide : at com.bumptech.glide.load.engine.DecodeJob.runGenerators(DecodeJob.java:310)
10-07 18:14:37.241 4903 4903 I Glide : at com.bumptech.glide.load.engine.DecodeJob.decodeFromRetrievedData(DecodeJob.java:434)
10-07 18:14:37.241 4903 4903 I Glide : at com.bumptech.glide.load.engine.DecodeJob.onDataFetcherReady(DecodeJob.java:390)
10-07 18:14:37.241 4903 4903 I Glide : at com.bumptech.glide.load.engine.SourceGenerator.onDataReady(SourceGenerator.java:119)
10-07 18:14:37.241 4903 4903 I Glide : at com.bumptech.glide.load.model.MultiModelLoader$MultiFetcher.onDataReady(MultiModelLoader.java:145)
10-07 18:14:37.241 4903 4903 I Glide : at com.bumptech.glide.load.data.LocalUriFetcher.loadData(LocalUriFetcher.java:52)
10-07 18:14:37.241 4903 4903 I Glide : at com.bumptech.glide.load.model.MultiModelLoader$MultiFetcher.loadData(MultiModelLoader.java:100)
10-07 18:14:37.241 4903 4903 I Glide : at com.bumptech.glide.load.engine.SourceGenerator.startNext(SourceGenerator.java:63)
10-07 18:14:37.241 4903 4903 I Glide : at com.bumptech.glide.load.engine.DecodeJob.runGenerators(DecodeJob.java:310)
10-07 18:14:37.241 4903 4903 I Glide : at com.bumptech.glide.load.engine.DecodeJob.runWrapped(DecodeJob.java:279)
10-07 18:14:37.241 4903 4903 I Glide : at com.bumptech.glide.load.engine.DecodeJob.run(DecodeJob.java:234)
10-07 18:14:37.241 4903 4903 I Glide : at java.util.concurrent.ThreadPoolExecutor.runWorker(ThreadPoolExecutor.java:1167)
10-07 18:14:37.241 4903 4903 I Glide : at java.util.concurrent.ThreadPoolExecutor$Worker.run(ThreadPoolExecutor.java:641)
10-07 18:14:37.241 4903 4903 I Glide : at java.lang.Thread.run(Thread.java:764)
10-07 18:14:37.241 4903 4903 I Glide : at com.bumptech.glide.load.engine.executor.GlideExecutor$DefaultThreadFactory$1.run(GlideExecutor.java:431)
10-07 18:14:37.241 4903 4903 I Glide : Caused by: java.lang.IllegalArgumentException
10-07 18:14:37.241 4903 4903 I Glide : at android.media.MediaMetadataRetriever.setDataSource(Native Method)
10-07 18:14:37.241 4903 4903 I Glide : at com.bumptech.glide.load.resource.bitmap.VideoDecoder$AssetFileDescriptorInitializer.initialize(VideoDecoder.java:289)
10-07 18:14:37.241 4903 4903 I Glide : at com.bumptech.glide.load.resource.bitmap.VideoDecoder$AssetFileDescriptorInitializer.initialize(VideoDecoder.java:284)
10-07 18:14:37.241 4903 4903 I Glide : at com.bumptech.glide.load.resource.bitmap.VideoDecoder.decode(VideoDecoder.java:166)
10-07 18:14:37.241 4903 4903 I Glide : ... 36 more
10-07 18:14:37.243 4903 4903 W Glide : Load failed for content://org.xbmc.kodi.file#image%3A%2F%2Fhttp%253a%252f%252f192.168.1.25%253a8096%252femby%252fItems%252f176%252fImages%252fPrimary%252f0%253fEnableImageEnhancers%253dTrue%2526Tag%253d955c5a85a6b000a2f6f1076b6ed26f56%2F with size [564x306]
10-07 18:14:37.243 4903 4903 W Glide : class com.bumptech.glide.load.engine.GlideException: Failed to load resource
10-07 18:14:37.243 4903 4903 W Glide : There were 2 causes:
10-07 18:14:37.243 4903 4903 W Glide : java.io.IOException(java.lang.RuntimeException: setDataSource failed: status = 0xFFFFFFEA)
10-07 18:14:37.243 4903 4903 W Glide : java.io.IOException(java.lang.IllegalArgumentException)
10-07 18:14:37.243 4903 4903 W Glide : call GlideException#logRootCauses(String) for more detail
10-07 18:14:37.243 4903 4903 W Glide : Cause (1 of 3): class com.bumptech.glide.load.engine.GlideException: Failed LoadPath{AutoCloseInputStream->Object->PaletteBitmapContainer}, LOCAL
10-07 18:14:37.243 4903 4903 W Glide : Cause (1 of 1): class com.bumptech.glide.load.engine.GlideException: Failed DecodePath{AutoCloseInputStream->Bitmap->PaletteBitmapContainer}
10-07 18:14:37.243 4903 4903 W Glide : Cause (2 of 3): class com.bumptech.glide.load.engine.GlideException: Failed LoadPath{ParcelFileDescriptorInner->Object->PaletteBitmapContainer}, LOCAL
10-07 18:14:37.243 4903 4903 W Glide : There was 1 cause:
10-07 18:14:37.243 4903 4903 W Glide : java.io.IOException(java.lang.RuntimeException: setDataSource failed: status = 0xFFFFFFEA)
10-07 18:14:37.243 4903 4903 W Glide : call GlideException#logRootCauses(String) for more detail
10-07 18:14:37.243 4903 4903 W Glide : Cause (1 of 1): class com.bumptech.glide.load.engine.GlideException: Failed DecodePath{ParcelFileDescriptorInner->Bitmap->PaletteBitmapContainer}
10-07 18:14:37.243 4903 4903 W Glide : There was 1 cause:
10-07 18:14:37.243 4903 4903 W Glide : java.io.IOException(java.lang.RuntimeException: setDataSource failed: status = 0xFFFFFFEA)
10-07 18:14:37.243 4903 4903 W Glide : call GlideException#logRootCauses(String) for more detail
10-07 18:14:37.243 4903 4903 W Glide : Cause (1 of 1): class java.io.IOException: java.lang.RuntimeException: setDataSource failed: status = 0xFFFFFFEA
10-07 18:14:37.243 4903 4903 W Glide : Cause (3 of 3): class com.bumptech.glide.load.engine.GlideException: Failed LoadPath{AssetFileDescriptor->Object->PaletteBitmapContainer}, LOCAL
10-07 18:14:37.243 4903 4903 W Glide : There was 1 cause:
10-07 18:14:37.243 4903 4903 W Glide : java.io.IOException(java.lang.IllegalArgumentException)
10-07 18:14:37.243 4903 4903 W Glide : call GlideException#logRootCauses(String) for more detail
10-07 18:14:37.243 4903 4903 W Glide : Cause (1 of 1): class com.bumptech.glide.load.engine.GlideException: Failed DecodePath{AssetFileDescriptor->Bitmap->PaletteBitmapContainer}
10-07 18:14:37.243 4903 4903 W Glide : There was 1 cause:
10-07 18:14:37.243 4903 4903 W Glide : java.io.IOException(java.lang.IllegalArgumentException)
10-07 18:14:37.243 4903 4903 W Glide : call GlideException#logRootCauses(String) for more detail
10-07 18:14:37.243 4903 4903 W Glide : Cause (1 of 1): class java.io.IOException: java.lang.IllegalArgumentException
10-07 18:14:37.243 4903 4903 I Glide : Root cause (1 of 2)
10-07 18:14:37.243 4903 4903 I Glide : java.io.IOException: java.lang.RuntimeException: setDataSource failed: status = 0xFFFFFFEA
10-07 18:14:37.243 4903 4903 I Glide : at com.bumptech.glide.load.resource.bitmap.VideoDecoder.decode(VideoDecoder.java:178)
10-07 18:14:37.243 4903 4903 I Glide : at com.bumptech.glide.load.engine.DecodePath.decodeResourceWithList(DecodePath.java:92)
10-07 18:14:37.243 4903 4903 I Glide : at com.bumptech.glide.load.engine.DecodePath.decodeResource(DecodePath.java:70)
10-07 18:14:37.243 4903 4903 I Glide : at com.bumptech.glide.load.engine.DecodePath.decode(DecodePath.java:59)
10-07 18:14:37.243 4903 4903 I Glide : at com.bumptech.glide.load.engine.LoadPath.loadWithExceptionList(LoadPath.java:76)
10-07 18:14:37.243 4903 4903 I Glide : at com.bumptech.glide.load.engine.LoadPath.load(LoadPath.java:57)
10-07 18:14:37.243 4903 4903 I Glide : at com.bumptech.glide.load.engine.DecodeJob.runLoadPath(DecodeJob.java:524)
10-07 18:14:37.243 4903 4903 I Glide : at com.bumptech.glide.load.engine.DecodeJob.decodeFromFetcher(DecodeJob.java:488)
10-07 18:14:37.243 4903 4903 I Glide : at com.bumptech.glide.load.engine.DecodeJob.decodeFromData(DecodeJob.java:474)
10-07 18:14:37.243 4903 4903 I Glide : at com.bumptech.glide.load.engine.DecodeJob.decodeFromRetrievedData(DecodeJob.java:426)
10-07 18:14:37.243 4903 4903 I Glide : at com.bumptech.glide.load.engine.DecodeJob.onDataFetcherReady(DecodeJob.java:390)
10-07 18:14:37.243 4903 4903 I Glide : at com.bumptech.glide.load.engine.SourceGenerator.onDataReady(SourceGenerator.java:119)
10-07 18:14:37.243 4903 4903 I Glide : at com.bumptech.glide.load.model.MultiModelLoader$MultiFetcher.onDataReady(MultiModelLoader.java:145)
10-07 18:14:37.243 4903 4903 I Glide : at com.bumptech.glide.load.data.LocalUriFetcher.loadData(LocalUriFetcher.java:52)
10-07 18:14:37.243 4903 4903 I Glide : at com.bumptech.glide.load.model.MultiModelLoader$MultiFetcher.loadData(MultiModelLoader.java:100)
10-07 18:14:37.243 4903 4903 I Glide : at com.bumptech.glide.load.engine.SourceGenerator.startNext(SourceGenerator.java:63)
10-07 18:14:37.243 4903 4903 I Glide : at com.bumptech.glide.load.engine.DecodeJob.runGenerators(DecodeJob.java:310)
10-07 18:14:37.243 4903 4903 I Glide : at com.bumptech.glide.load.engine.DecodeJob.decodeFromRetrievedData(DecodeJob.java:434)
10-07 18:14:37.243 4903 4903 I Glide : at com.bumptech.glide.load.engine.DecodeJob.onDataFetcherReady(DecodeJob.java:390)
10-07 18:14:37.243 4903 4903 I Glide : at com.bumptech.glide.load.engine.SourceGenerator.onDataReady(SourceGenerator.java:119)
10-07 18:14:37.243 4903 4903 I Glide : at com.bumptech.glide.load.model.MultiModelLoader$MultiFetcher.onDataReady(MultiModelLoader.java:145)
10-07 18:14:37.243 4903 4903 I Glide : at com.bumptech.glide.load.data.LocalUriFetcher.loadData(LocalUriFetcher.java:52)
10-07 18:14:37.243 4903 4903 I Glide : at com.bumptech.glide.load.model.MultiModelLoader$MultiFetcher.loadData(MultiModelLoader.java:100)
