10-07 18:15:51.885 24590 24744 F .xbmc.kodinerd: runtime.cc:558] native: #01 pc 0000000000029110 /system/lib64/libc.so (ioctl+136)
10-07 18:15:51.885 24590 24744 F .xbmc.kodinerd: runtime.cc:558] native: #02 pc 000000000005a5e4 /system/lib64/libbinder.so (android::IPCThreadState::talkWithDriver(bool)+256)
10-07 18:15:51.885 24590 24744 F .xbmc.kodinerd: runtime.cc:558] native: #03 pc 000000000005a7b8 /system/lib64/libbinder.so (android::IPCThreadState::getAndExecuteCommand()+24)
10-07 18:15:51.885 24590 24744 F .xbmc.kodinerd: runtime.cc:558] native: #04 pc 000000000005af04 /system/lib64/libbinder.so (android::IPCThreadState::joinThreadPool(bool)+60)
10-07 18:15:51.885 24590 24744 F .xbmc.kodinerd: runtime.cc:558] native: #05 pc 000000000007b574 /system/lib64/libbinder.so (android::PoolThread::threadLoop()+28)
10-07 18:15:51.885 24590 24744 F .xbmc.kodinerd: runtime.cc:558] native: #06 pc 000000000000f9d8 /system/lib64/libutils.so (android::Thread::_threadLoop(void*)+280)
10-07 18:15:51.885 24590 24744 F .xbmc.kodinerd: runtime.cc:558] native: #07 pc 00000000000b4fa8 /system/lib64/libandroid_runtime.so (android::AndroidRuntime::javaThreadShell(void*)+140)
10-07 18:15:51.885 24590 24744 F .xbmc.kodinerd: runtime.cc:558] native: #08 pc 0000000000081978 /system/lib64/libc.so (__pthread_start(void*)+36)
10-07 18:15:51.885 24590 24744 F .xbmc.kodinerd: runtime.cc:558] native: #09 pc 00000000000234b8 /system/lib64/libc.so (__start_thread+68)
10-07 18:15:51.885 24590 24744 F .xbmc.kodinerd: runtime.cc:558] (no managed stack frames)
10-07 18:15:51.885 24590 24744 F .xbmc.kodinerd: runtime.cc:558]
10-07 18:15:51.885 24590 24744 F .xbmc.kodinerd: runtime.cc:558] "Binder:24590_3" prio=10 tid=11 Native
10-07 18:15:51.885 24590 24744 F .xbmc.kodinerd: runtime.cc:558] | group="" sCount=1 dsCount=0 flags=1 obj=0x12f40ac8 self=0x2f4e83b800
10-07 18:15:51.885 24590 24744 F .xbmc.kodinerd: runtime.cc:558] | sysTid=24620 nice=0 cgrp=default sched=0/0 handle=0x2f5d4234f0
10-07 18:15:51.885 24590 24744 F .xbmc.kodinerd: runtime.cc:558] | state=S schedstat=( 8430525 1865625 36 ) utm=0 stm=0 core=1 HZ=100
10-07 18:15:51.885 24590 24744 F .xbmc.kodinerd: runtime.cc:558] | stack=0x2f5d328000-0x2f5d32a000 stackSize=1009KB
10-07 18:15:51.885 24590 24744 F .xbmc.kodinerd: runtime.cc:558] | held mutexes=
10-07 18:15:51.885 24590 24744 F .xbmc.kodinerd: runtime.cc:558] kernel: (couldn't read /proc/self/task/24620/stack)
10-07 18:15:51.885 24590 24744 F .xbmc.kodinerd: runtime.cc:558] native: #00 pc 000000000006e188 /system/lib64/libc.so (__ioctl+4)
10-07 18:15:51.885 24590 24744 F .xbmc.kodinerd: runtime.cc:558] native: #01 pc 0000000000029110 /system/lib64/libc.so (ioctl+136)
10-07 18:15:51.885 24590 24744 F .xbmc.kodinerd: runtime.cc:558] native: #02 pc 000000000005a5e4 /system/lib64/libbinder.so (android::IPCThreadState::talkWithDriver(bool)+256)
10-07 18:15:51.885 24590 24744 F .xbmc.kodinerd: runtime.cc:558] native: #03 pc 000000000005a7b8 /system/lib64/libbinder.so (android::IPCThreadState::getAndExecuteCommand()+24)
10-07 18:15:51.885 24590 24744 F .xbmc.kodinerd: runtime.cc:558] native: #04 pc 000000000005af04 /system/lib64/libbinder.so (android::IPCThreadState::joinThreadPool(bool)+60)
10-07 18:15:51.885 24590 24744 F .xbmc.kodinerd: runtime.cc:558] native: #05 pc 000000000007b574 /system/lib64/libbinder.so (android::PoolThread::threadLoop()+28)
10-07 18:15:51.885 24590 24744 F .xbmc.kodinerd: runtime.cc:558] native: #06 pc 000000000000f9d8 /system/lib64/libutils.so (android::Thread::_threadLoop(void*)+280)
10-07 18:15:51.885 24590 24744 F .xbmc.kodinerd: runtime.cc:558] native: #07 pc 00000000000b4fa8 /system/lib64/libandroid_runtime.so (android::AndroidRuntime::javaThreadShell(void*)+140)
10-07 18:15:51.885 24590 24744 F .xbmc.kodinerd: runtime.cc:558] native: #08 pc 0000000000081978 /system/lib64/libc.so (__pthread_start(void*)+36)
10-07 18:15:51.885 24590 24744 F .xbmc.kodinerd: runtime.cc:558] native: #09 pc 00000000000234b8 /system/lib64/libc.so (__start_thread+68)
10-07 18:15:51.885 24590 24744 F .xbmc.kodinerd: runtime.cc:558] (no managed stack frames)
10-07 18:15:51.885 24590 24744 F .xbmc.kodinerd: runtime.cc:558]
10-07 18:15:51.885 24590 24744 F .xbmc.kodinerd: runtime.cc:558] "Binder:24590_4" prio=10 tid=12 Native
10-07 18:15:51.885 24590 24744 F .xbmc.kodinerd: runtime.cc:558] | group="" sCount=1 dsCount=0 flags=1 obj=0x12f40b50 self=0x2f4b446800
10-07 18:15:51.885 24590 24744 F .xbmc.kodinerd: runtime.cc:558] | sysTid=24621 nice=0 cgrp=default sched=0/0 handle=0x2f5d5214f0
10-07 18:15:51.885 24590 24744 F .xbmc.kodinerd: runtime.cc:558] | state=S schedstat=( 3814377 5118696 23 ) utm=0 stm=0 core=2 HZ=100
10-07 18:15:51.885 24590 24744 F .xbmc.kodinerd: runtime.cc:558] | stack=0x2f5d426000-0x2f5d428000 stackSize=1009KB
10-07 18:15:51.885 24590 24744 F .xbmc.kodinerd: runtime.cc:558] | held mutexes=
10-07 18:15:51.885 24590 24744 F .xbmc.kodinerd: runtime.cc:558] kernel: (couldn't read /proc/self/task/24621/stack)
10-07 18:15:51.885 24590 24744 F .xbmc.kodinerd: runtime.cc:558] native: #00 pc 000000000006e188 /system/lib64/libc.so (__ioctl+4)
10-07 18:15:51.885 24590 24744 F .xbmc.kodinerd: runtime.cc:558] native: #01 pc 0000000000029110 /system/lib64/libc.so (ioctl+136)
10-07 18:15:51.885 24590 24744 F .xbmc.kodinerd: runtime.cc:558] native: #02 pc 000000000005a5e4 /system/lib64/libbinder.so (android::IPCThreadState::talkWithDriver(bool)+256)
10-07 18:15:51.885 24590 24744 F .xbmc.kodinerd: runtime.cc:558] native: #03 pc 000000000005a7b8 /system/lib64/libbinder.so (android::IPCThreadState::getAndExecuteCommand()+24)
10-07 18:15:51.885 24590 24744 F .xbmc.kodinerd: runtime.cc:558] native: #04 pc 000000000005af04 /system/lib64/libbinder.so (android::IPCThreadState::joinThreadPool(bool)+60)
10-07 18:15:51.885 24590 24744 F .xbmc.kodinerd: runtime.cc:558] native: #05 pc 000000000007b574 /system/lib64/libbinder.so (android::PoolThread::threadLoop()+28)
10-07 18:15:51.885 24590 24744 F .xbmc.kodinerd: runtime.cc:558] native: #06 pc 000000000000f9d8 /system/lib64/libutils.so (android::Thread::_threadLoop(void*)+280)
10-07 18:15:51.885 24590 24744 F .xbmc.kodinerd: runtime.cc:558] native: #07 pc 00000000000b4fa8 /system/lib64/libandroid_runtime.so (android::AndroidRuntime::javaThreadShell(void*)+140)
10-07 18:15:51.885 24590 24744 F .xbmc.kodinerd: runtime.cc:558] native: #08 pc 0000000000081978 /system/lib64/libc.so (__pthread_start(void*)+36)
10-07 18:15:51.885 24590 24744 F .xbmc.kodinerd: runtime.cc:558] native: #09 pc 00000000000234b8 /system/lib64/libc.so (__start_thread+68)
10-07 18:15:51.885 24590 24744 F .xbmc.kodinerd: runtime.cc:558] (no managed stack frames)
10-07 18:15:51.885 24590 24744 F .xbmc.kodinerd: runtime.cc:558]
10-07 18:15:51.885 24590 24744 F .xbmc.kodinerd: runtime.cc:558] "Profile Saver" prio=10 tid=13 Native
10-07 18:15:51.885 24590 24744 F .xbmc.kodinerd: runtime.cc:558] | group="" sCount=1 dsCount=0 flags=1 obj=0x12f40bd8 self=0x2f449b8800
10-07 18:15:51.885 24590 24744 F .xbmc.kodinerd: runtime.cc:558] | sysTid=24624 nice=9 cgrp=default sched=0/0 handle=0x2f5d75e4f0
10-07 18:15:51.885 24590 24744 F .xbmc.kodinerd: runtime.cc:558] | state=S schedstat=( 2130309 51511 16 ) utm=0 stm=0 core=2 HZ=100
10-07 18:15:51.885 24590 24744 F .xbmc.kodinerd: runtime.cc:558] | stack=0x2f5d663000-0x2f5d665000 stackSize=1009KB
10-07 18:15:51.885 24590 24744 F .xbmc.kodinerd: runtime.cc:558] | held mutexes=
10-07 18:15:51.885 24590 24744 F .xbmc.kodinerd: runtime.cc:558] kernel: (couldn't read /proc/self/task/24624/stack)
10-07 18:15:51.885 24590 24744 F .xbmc.kodinerd: runtime.cc:558] native: #00 pc 000000000001f070 /system/lib64/libc.so (syscall+32)
10-07 18:15:51.885 24590 24744 F .xbmc.kodinerd: runtime.cc:558] native: #01 pc 00000000000d7678 /system/lib64/libart.so (art::ConditionVariable::TimedWait(art::Thread*, long, int)+168)
10-07 18:15:51.885 24590 24744 F .xbmc.kodinerd: runtime.cc:558] native: #02 pc 00000000003222c0 /system/lib64/libart.so (art::ProfileSaver::Run()+604)
10-07 18:15:51.885 24590 24744 F .xbmc.kodinerd: runtime.cc:558] native: #03 pc 00000000003255dc /system/lib64/libart.so (art::ProfileSaver::RunProfileSaverThread(void*)+92)
10-07 18:15:51.885 24590 24744 F .xbmc.kodinerd: runtime.cc:558] native: #04 pc 0000000000081978 /system/lib64/libc.so (__pthread_start(void*)+36)
10-07 18:15:51.885 24590 24744 F .xbmc.kodinerd: runtime.cc:558] native: #05 pc 00000000000234b8 /system/lib64/libc.so (__start_thread+68)
10-07 18:15:51.885 24590 24744 F .xbmc.kodinerd: runtime.cc:558] (no managed stack frames)
10-07 18:15:51.885 24590 24744 F .xbmc.kodinerd: runtime.cc:558]
10-07 18:15:51.885 24590 24744 F .xbmc.kodinerd: runtime.cc:558] "Thread-2" prio=10 tid=14 Native
10-07 18:15:51.885 24590 24744 F .xbmc.kodinerd: runtime.cc:558] | group="" sCount=1 dsCount=0 flags=1 obj=0x12f40c60 self=0x2f4b493000
10-07 18:15:51.885 24590 24744 F .xbmc.kodinerd: runtime.cc:558] | sysTid=24629 nice=-10 cgrp=default sched=0/0 handle=0x2f5d85c4f0
10-07 18:15:51.885 24590 24744 F .xbmc.kodinerd: runtime.cc:558] | state=S schedstat=( 29568495 15471512 225 ) utm=2 stm=0 core=3 HZ=100
10-07 18:15:51.885 24590 24744 F .xbmc.kodinerd: runtime.cc:558] | stack=0x2f5d761000-0x2f5d763000 stackSize=1009KB
10-07 18:15:51.885 24590 24744 F .xbmc.kodinerd: runtime.cc:558] | held mutexes=
10-07 18:15:51.885 24590 24744 F .xbmc.kodinerd: runtime.cc:558] kernel: (couldn't read /proc/self/task/24629/stack)
10-07 18:15:51.885 24590 24744 F .xbmc.kodinerd: runtime.cc:558] native: #00 pc 000000000006e09c /system/lib64/libc.so (__epoll_pwait+8)
10-07 18:15:51.885 24590 24744 F .xbmc.kodinerd: runtime.cc:558] native: #01 pc 0000000000013efc /system/lib64/libutils.so (android::Looper::pollInner(int)+144)
10-07 18:15:51.885 24590 24744 F .xbmc.kodinerd: runtime.cc:558] native: #02 pc 00000000000146a0 /system/lib64/libutils.so (android::Looper::pollAll(int, int*, int*, void**)+288)
10-07 18:15:51.885 24590 24744 F .xbmc.kodinerd: runtime.cc:558] native: #03 pc 0000000000012738 /system/lib64/libandroid.so (ALooper_pollAll+96)
10-07 18:15:51.885 24590 24744 F .xbmc.kodinerd: runtime.cc:558] native: #04 pc 0000000001dfe9f0 /data/app/org.xbmc.kodinerds-tXmRcWl0nYogoESJM-Jwkg==/lib/arm64/libkodi.so (CEventLoop::run(IActivityHandler&, IInputHandler&)+64)
10-07 18:15:51.885 24590 24744 F .xbmc.kodinerd: runtime.cc:558] native: #05 pc 0000000001dfd04c /data/app/org.xbmc.kodinerds-tXmRcWl0nYogoESJM-Jwkg==/lib/arm64/libkodi.so (android_main+100)
10-07 18:15:51.885 24590 24744 F .xbmc.kodinerd: runtime.cc:558] native: #06 pc 0000000001e0c09c /data/app/org.xbmc.kodinerds-tXmRcWl0nYogoESJM-Jwkg==/lib/arm64/libkodi.so (???)
10-07 18:15:51.885 24590 24744 F .xbmc.kodinerd: runtime.cc:558] native: #07 pc 0000000000081978 /system/lib64/libc.so (__pthread_start(void*)+36)
10-07 18:15:51.885 24590 24744 F .xbmc.kodinerd: runtime.cc:558] native: #08 pc 00000000000234b8 /system/lib64/libc.so (__start_thread+68)
10-07 18:15:51.885 24590 24744 F .xbmc.kodinerd: runtime.cc:558] (no managed stack frames)
10-07 18:15:51.885 24590 24744 F .xbmc.kodinerd: runtime.cc:558]
10-07 18:15:51.885 24590 24744 F .xbmc.kodinerd: runtime.cc:558] "Thread-3" prio=10 tid=15 Native
10-07 18:15:51.885 24590 24744 F .xbmc.kodinerd: runtime.cc:558] | group="" sCount=1 dsCount=0 flags=1 obj=0x12f40ce8 self=0x2f449b1800
10-07 18:15:51.885 24590 24744 F .xbmc.kodinerd: runtime.cc:558] | sysTid=24631 nice=-10 cgrp=default sched=0/0 handle=0x2f5da584f0
10-07 18:15:51.885 24590 24744 F .xbmc.kodinerd: runtime.cc:558] | state=S schedstat=( 14995671665 937884176 11653 ) utm=1390 stm=109 core=1 HZ=100
10-07 18:15:51.885 24590 24744 F .xbmc.kodinerd: runtime.cc:558] | stack=0x2f5d95d000-0x2f5d95f000 stackSize=1009KB
10-07 18:15:51.885 24590 24744 F .xbmc.kodinerd: runtime.cc:558] | held mutexes=
10-07 18:15:51.885 24590 24744 F .xbmc.kodinerd: runtime.cc:558] kernel: (couldn't read /proc/self/task/24631/stack)
10-07 18:15:51.885 24590 24744 F .xbmc.kodinerd: runtime.cc:558] native: #00 pc 000000000001f070 /system/lib64/libc.so (syscall+32)
10-07 18:15:51.885 24590 24744 F .xbmc.kodinerd: runtime.cc:558] native: #01 pc 00000000000221bc /system/lib64/libc.so (__futex_wait_ex(void volatile*, bool, int, bool, timespec const*)+140)
10-07 18:15:51.885 24590 24744 F .xbmc.kodinerd: runtime.cc:558] native: #02 pc 0000000000080f60 /system/lib64/libc.so (pthread_cond_timedwait+120)
10-07 18:15:51.885 24590 24744 F .xbmc.kodinerd: runtime.cc:558] native: #03 pc 00000000000532b0 /data/app/org.xbmc.kodinerds-tXmRcWl0nYogoESJM-Jwkg==/lib/arm64/libc++_shared.so (_ZNSt6__ndk118condition_variable15__do_timed_waitERNS_11unique_lockINS_5mutexEEENS_6chrono10time_pointINS5_12system_clockENS5_8durationIxNS_5ratioILl1ELl1000000000EEEEEEE+108)
10-07 18:15:51.885 24590 24744 F .xbmc.kodinerd: runtime.cc:558] native: #04 pc 00000000011d06dc /data/app/org.xbmc.kodinerds-tXmRcWl0nYogoESJM-Jwkg==/lib/arm64/libkodi.so (???)
10-07 18:15:51.885 24590 24744 F .xbmc.kodinerd: runtime.cc:558] native: #05 pc 00000000011d051c /data/app/org.xbmc.kodinerds-tXmRcWl0nYogoESJM-Jwkg==/lib/arm64/libkodi.so (???)
10-07 18:15:51.885 24590 24744 F .xbmc.kodinerd: runtime.cc:558] native: #06 pc 00000000011d0320 /data/app/org.xbmc.kodinerds-tXmRcWl0nYogoESJM-Jwkg==/lib/arm64/libkodi.so (???)
10-07 18:15:51.885 24590 24744 F .xbmc.kodinerd: runtime.cc:558] native: #07 pc 00000000011d026c /data/app/org.xbmc.kodinerds-tXmRcWl0nYogoESJM-Jwkg==/lib/arm64/libkodi.so (???)
10-07 18:15:51.885 24590 24744 F .xbmc.kodinerd: runtime.cc:558] native: #08 pc 00000000011d0160 /data/app/org.xbmc.kodinerds-tXmRcWl0nYogoESJM-Jwkg==/lib/arm64/libkodi.so (XbmcThreads::ConditionVariable::wait(CCriticalSection&, unsigned long)+96)
10-07 18:15:51.885 24590 24744 F .xbmc.kodinerd: runtime.cc:558] native: #09 pc 00000000011d0080 /data/app/org.xbmc.kodinerds-tXmRcWl0nYogoESJM-Jwkg==/lib/arm64/libkodi.so (bool XbmcThreads::TightConditionVariable::wait(CCriticalSection&, unsigned long)+132)
10-07 18:15:51.885 24590 24744 F .xbmc.kodinerd: runtime.cc:558] native: #10 pc 00000000011cd45c /data/app/org.xbmc.kodinerds-tXmRcWl0nYogoESJM-Jwkg==/lib/arm64/libkodi.so (CEvent::WaitMSec(unsigned int)+80)
10-07 18:15:51.885 24590 24744 F .xbmc.kodinerd: runtime.cc:558] native: #11 pc 0000000001dd6750 /data/app/org.xbmc.kodinerds-tXmRcWl0nYogoESJM-Jwkg==/lib/arm64/libkodi.so (CWinSystemAndroidGLESContext::PresentRenderImpl(bool)+96)
10-07 18:15:51.885 24590 24744 F .xbmc.kodinerd: runtime.cc:558] native: #12 pc 0000000001334864 /data/app/org.xbmc.kodinerds-tXmRcWl0nYogoESJM-Jwkg==/lib/arm64/libkodi.so (CRenderSystemGLES::PresentRender(bool, bool)+60)
10-07 18:15:51.885 24590 24744 F .xbmc.kodinerd: runtime.cc:558] native: #13 pc 0000000001529718 /data/app/org.xbmc.kodinerds-tXmRcWl0nYogoESJM-Jwkg==/lib/arm64/libkodi.so (CGraphicContext::Flip(bool, bool)+48)
10-07 18:15:51.885 24590 24744 F .xbmc.kodinerd: runtime.cc:558] native: #14 pc 00000000018b9934 /data/app/org.xbmc.kodinerds-tXmRcWl0nYogoESJM-Jwkg==/lib/arm64/libkodi.so (CApplication::Render()+420)
10-07 18:15:51.885 24590 24744 F .xbmc.kodinerd: runtime.cc:558] native: #15 pc 000000000173f0a4 /data/app/org.xbmc.kodinerds-tXmRcWl0nYogoESJM-Jwkg==/lib/arm64/libkodi.so (CGUIWindowManager::ProcessRenderLoop(bool)+132)
10-07 18:15:51.885 24590 24744 F .xbmc.kodinerd: runtime.cc:558] native: #16 pc 000000000176d564 /data/app/org.xbmc.kodinerds-tXmRcWl0nYogoESJM-Jwkg==/lib/arm64/libkodi.so (CGUIDialogBusy::WaitOnEvent(CEvent&, unsigned int, bool)+148)
10-07 18:15:51.885 24590 24744 F .xbmc.kodinerd: runtime.cc:558] native: #17 pc 00000000018bfec8 /data/app/org.xbmc.kodinerds-tXmRcWl0nYogoESJM-Jwkg==/lib/arm64/libkodi.so (CApplication::OnMessage(CGUIMessage&)+824)
10-07 18:15:51.885 24590 24744 F .xbmc.kodinerd: runtime.cc:558] native: #18 pc 000000000173c3d4 /data/app/org.xbmc.kodinerds-tXmRcWl0nYogoESJM-Jwkg==/lib/arm64/libkodi.so (CGUIWindowManager::SendMessage(CGUIMessage&)+112)
10-07 18:15:51.885 24590 24744 F .xbmc.kodinerd: runtime.cc:558] native: #19 pc 000000000173f954 /data/app/org.xbmc.kodinerds-tXmRcWl0nYogoESJM-Jwkg==/lib/arm64/libkodi.so (CGUIWindowManager::DispatchThreadMessages()+168)
10-07 18:15:51.885 24590 24744 F .xbmc.kodinerd: runtime.cc:558] native: #20 pc 00000000018c0d08 /data/app/org.xbmc.kodinerds-tXmRcWl0nYogoESJM-Jwkg==/lib/arm64/libkodi.so (CApplication::Process()+44)
10-07 18:15:51.885 24590 24744 F .xbmc.kodinerd: runtime.cc:558] native: #21 pc 0000000001947848 /data/app/org.xbmc.kodinerds-tXmRcWl0nYogoESJM-Jwkg==/lib/arm64/libkodi.so (CXBApplicationEx::Run(CAppParamParser const&)+160)
10-07 18:15:51.886 24590 24744 F .xbmc.kodinerd: runtime.cc:558] native: #22 pc 0000000001628674 /data/app/org.xbmc.kodinerds-tXmRcWl0nYogoESJM-Jwkg==/lib/arm64/libkodi.so (XBMC_Run+108)
10-07 18:15:51.886 24590 24744 F .xbmc.kodinerd: runtime.cc:558] native: #23 pc 00000000011c8c90 /data/app/org.xbmc.kodinerds-tXmRcWl0nYogoESJM-Jwkg==/lib/arm64/libkodi.so (CXBMCApp::run()+80)
10-07 18:15:51.886 24590 24744 F .xbmc.kodinerd: runtime.cc:558] native: #24 pc 00000000011ccf90 /data/app/org.xbmc.kodinerds-tXmRcWl0nYogoESJM-Jwkg==/lib/arm64/libkodi.so (_Z10thread_runI8CXBMCAppXadL_ZNS0_3runEvEEEPvS1_+8)
10-07 18:15:51.886 24590 24744 F .xbmc.kodinerd: runtime.cc:558] native: #25 pc 0000000000081978 /system/lib64/libc.so (__pthread_start(void*)+36)
10-07 18:15:51.886 24590 24744 F .xbmc.kodinerd: runtime.cc:558] native: #26 pc 00000000000234b8 /system/lib64/libc.so (__start_thread+68)
10-07 18:15:51.886 24590 24744 F .xbmc.kodinerd: runtime.cc:558] (no managed stack frames)
10-07 18:15:51.886 24590 24744 F .xbmc.kodinerd: runtime.cc:558]
10-07 18:15:51.886 24590 24744 F .xbmc.kodinerd: runtime.cc:558] "RenderThread" prio=10 tid=16 Native
10-07 18:15:51.886 24590 24744 F .xbmc.kodinerd: runtime.cc:558] | group="" sCount=1 dsCount=0 flags=1 obj=0x12f40d70 self=0x2f4b49a800
10-07 18:15:51.886 24590 24744 F .xbmc.kodinerd: runtime.cc:558] | sysTid=24632 nice=-10 cgrp=default sched=0/0 handle=0x2f5db564f0
10-07 18:15:51.886 24590 24744 F .xbmc.kodinerd: runtime.cc:558] | state=S schedstat=( 73010425 15784997 175 ) utm=3 stm=4 core=1 HZ=100
10-07 18:15:51.886 24590 24744 F .xbmc.kodinerd: runtime.cc:558] | stack=0x2f5da5b000-0x2f5da5d000 stackSize=1009KB
10-07 18:15:51.886 24590 24744 F .xbmc.kodinerd: runtime.cc:558] | held mutexes=
10-07 18:15:51.886 24590 24744 F .xbmc.kodinerd: runtime.cc:558] kernel: (couldn't read /proc/self/task/24632/stack)
10-07 18:15:51.886 24590 24744 F .xbmc.kodinerd: runtime.cc:558] native: #00 pc 000000000006e09c /system/lib64/libc.so (__epoll_pwait+8)
10-07 18:15:51.886 24590 24744 F .xbmc.kodinerd: runtime.cc:558] native: #01 pc 0000000000013efc /system/lib64/libutils.so (android::Looper::pollInner(int)+144)
10-07 18:15:51.886 24590 24744 F .xbmc.kodinerd: runtime.cc:558] native: #02 pc 0000000000013dd0 /system/lib64/libutils.so (android::Looper::pollOnce(int, int*, int*, void**)+60)
10-07 18:15:51.886 24590 24744 F .xbmc.kodinerd: runtime.cc:558] native: #03 pc 0000000000113e44 /system/lib64/libhwui.so (android::uirenderer::renderthread::RenderThread::threadLoop()+224)
10-07 18:15:51.886 24590 24744 F .xbmc.kodinerd: runtime.cc:558] native: #04 pc 000000000000f9d8 /system/lib64/libutils.so (android::Thread::_threadLoop(void*)+280)
10-07 18:15:51.886 24590 24744 F .xbmc.kodinerd: runtime.cc:558] native: #05 pc 0000000000081978 /system/lib64/libc.so (__pthread_start(void*)+36)
10-07 18:15:51.886 24590 24744 F .xbmc.kodinerd: runtime.cc:558] native: #06 pc 00000000000234b8 /system/lib64/libc.so (__start_thread+68)
10-07 18:15:51.886 24590 24744 F .xbmc.kodinerd: runtime.cc:558] (no managed stack frames)
10-07 18:15:51.886 24590 24744 F .xbmc.kodinerd: runtime.cc:558]
10-07 18:15:51.886 24590 24744 F .xbmc.kodinerd: runtime.cc:558] "hwuiTask1" prio=10 tid=17 Native
10-07 18:15:51.886 24590 24744 F .xbmc.kodinerd: runtime.cc:558] | group="" sCount=1 dsCount=0 flags=1 obj=0x12f40df8 self=0x2f639fb000
10-07 18:15:51.886 24590 24744 F .xbmc.kodinerd: runtime.cc:558] native: #02 pc 0000000000080ebc /system/lib64/libc.so (pthread_cond_wait+60)
10-07 18:15:51.886 24590 24744 F .xbmc.kodinerd: runtime.cc:558] native: #04 pc 000000000000f9d8 /system/lib64/libutils.so (android::Thread::_threadLoop(void*)+280)
10-07 18:15:51.886 24590 24744 F .xbmc.kodinerd: runtime.cc:558] native: #05 pc 00000000000b4fa8 /system/lib64/libandroid_runtime.so (android::AndroidRuntime::javaThreadShell(void*)+140)
10-07 18:15:51.886 24590 24744 F .xbmc.kodinerd: runtime.cc:558] native: #06 pc 0000000000081978 /system/lib64/libc.so (__pthread_start(void*)+36)
10-07 18:15:51.886 24590 24744 F .xbmc.kodinerd: runtime.cc:558] native: #07 pc 00000000000234b8 /system/lib64/libc.so (__start_thread+68)
10-07 18:15:51.886 24590 24744 F .xbmc.kodinerd: runtime.cc:558] (no managed stack frames)
10-07 18:15:51.886 24590 24744 F .xbmc.kodinerd: runtime.cc:558] | stack=0x2f63f7e000-0x2f63f80000 stackSize=1041KB
10-07 18:15:51.886 24590 24744 F .xbmc.kodinerd: runtime.cc:558] native: #03 pc 0000000000120bec /system/lib64/libandroid_runtime.so (android::android_os_MessageQueue_nativePollOnce(_JNIEnv*, _jobject*, long, int)+44)
10-07 18:15:51.886 24590 24744 F .xbmc.kodinerd: runtime.cc:558] | sysTid=24641 nice=-10 cgrp=default sched=0/0 handle=0x2f644374f0
10-07 18:15:51.886 24590 24744 F .xbmc.kodinerd: runtime.cc:558] | state=S schedstat=( 56754687 11014217 267 ) utm=4 stm=1 core=1 HZ=100
10-07 18:15:51.886 24590 24744 F .xbmc.kodinerd: runtime.cc:558] native: #02 pc 0000000000080f60 /system/lib64/libc.so (pthread_cond_timedwait+120)
10-07 18:15:51.886 24590 24744 F .xbmc.kodinerd: runtime.cc:558] native: #05 pc 00000000011d051c /data/app/org.xbmc.kodinerds-tXmRcWl0nYogoESJM-Jwkg==/lib/arm64/libkodi.so (???)
10-07 18:15:51.886 24590 24744 F .xbmc.kodinerd: runtime.cc:558] native: #06 pc 00000000011d0320 /data/app/org.xbmc.kodinerds-tXmRcWl0nYogoESJM-Jwkg==/lib/arm64/libkodi.so (???)
10-07 18:15:51.886 24590 24744 F .xbmc.kodinerd: runtime.cc:558] native: #07 pc 00000000011d026c /data/app/org.xbmc.kodinerds-tXmRcWl0nYogoESJM-Jwkg==/lib/arm64/libkodi.so (???)
10-07 18:15:51.886 24590 24744 F .xbmc.kodinerd: runtime.cc:558] native: #12 pc 0000000001608a94 /data/app/org.xbmc.kodinerds-tXmRcWl0nYogoESJM-Jwkg==/lib/arm64/libkodi.so (CThread::Action()+40)
10-07 18:15:51.886 24590 24744 F .xbmc.kodinerd: runtime.cc:558] | state=S schedstat=( 387925899 26093438 1325 ) utm=19 stm=19 core=3 HZ=100
10-07 18:15:51.886 24590 24744 F .xbmc.kodinerd: runtime.cc:558] native: #00 pc 000000000001f06c /system/lib64/libc.so (syscall+28)
10-07 18:15:51.887 24590 24744 F .xbmc.kodinerd: runtime.cc:558] native: #01 pc 00000000000d724c /system/lib64/libart.so (art::ConditionVariable::WaitHoldingLocks(art::Thread*)+148)
10-07 18:15:51.887 24590 24744 F .xbmc.kodinerd: runtime.cc:558] native: #02 pc 00000000001074e0 /system/lib64/libart.so (art::(anonymous namespace)::CheckJNI::ReleasePrimitiveArrayElements(char const*, art::Primitive::Type, _JNIEnv*, _jarray*, void*, int)+492)
10-07 18:15:51.887 24590 24744 F .xbmc.kodinerd: runtime.cc:558] | stack=0x2f64538000-0x2f6453a000 stackSize=1009KB
10-07 18:15:51.887 24590 24744 F .xbmc.kodinerd: runtime.cc:558] native: #04 pc 000000000000f9d8 /system/lib64/libutils.so (android::Thread::_threadLoop(void*)+280)
10-07 18:15:51.888 24590 24744 F .xbmc.kodinerd: runtime.cc:558] native: #05 pc 00000000011d051c /data/app/org.xbmc.kodinerds-tXmRcWl0nYogoESJM-Jwkg==/lib/arm64/libkodi.so (???)
10-07 18:15:51.888 24590 24744 F .xbmc.kodinerd: runtime.cc:558] native: #06 pc 00000000011d0320 /data/app/org.xbmc.kodinerds-tXmRcWl0nYogoESJM-Jwkg==/lib/arm64/libkodi.so (???)
10-07 18:15:51.888 24590 24744 F .xbmc.kodinerd: runtime.cc:558] native: #07 pc 00000000011d026c /data/app/org.xbmc.kodinerds-tXmRcWl0nYogoESJM-Jwkg==/lib/arm64/libkodi.so (???)
10-07 18:15:51.888 24590 24744 F .xbmc.kodinerd: runtime.cc:558] native: #08 pc 00000000011d0160 /data/app/org.xbmc.kodinerds-tXmRcWl0nYogoESJM-Jwkg==/lib/arm64/libkodi.so (XbmcThreads::ConditionVariable::wait(CCriticalSection&, unsigned long)+96)
10-07 18:15:51.888 24590 24744 F .xbmc.kodinerd: runtime.cc:558] native: #09 pc 00000000011d0080 /data/app/org.xbmc.kodinerds-tXmRcWl0nYogoESJM-Jwkg==/lib/arm64/libkodi.so (bool XbmcThreads::TightConditionVariable::wait(CCriticalSection&, unsigned long)+132)
10-07 18:15:51.888 24590 24744 F .xbmc.kodinerd: runtime.cc:558] native: #10 pc 00000000011cd45c /data/app/org.xbmc.kodinerds-tXmRcWl0nYogoESJM-Jwkg==/lib/arm64/libkodi.so (CEvent::WaitMSec(unsigned int)+80)
10-07 18:15:51.888 24590 24744 F .xbmc.kodinerd: runtime.cc:558] native: #11 pc 0000000001594e6c /data/app/org.xbmc.kodinerds-tXmRcWl0nYogoESJM-Jwkg==/lib/arm64/libkodi.so (CJobManager::GetNextJob(CJobWorker const*)+100)
10-07 18:15:51.888 24590 24744 F .xbmc.kodinerd: runtime.cc:558] native: #12 pc 0000000001594dbc /data/app/org.xbmc.kodinerds-tXmRcWl0nYogoESJM-Jwkg==/lib/arm64/libkodi.so (CJobWorker::Process()+196)
10-07 18:15:51.888 24590 24744 F .xbmc.kodinerd: runtime.cc:558] native: #13 pc 0000000001608a94 /data/app/org.xbmc.kodinerds-tXmRcWl0nYogoESJM-Jwkg==/lib/arm64/libkodi.so (CThread::Action()+40)
10-07 18:15:51.888 24590 24744 F .xbmc.kodinerd: runtime.cc:558] native: #14 pc 0000000001609038 /data/app/org.xbmc.kodinerds-tXmRcWl0nYogoESJM-Jwkg==/lib/arm64/libkodi.so (???)
10-07 18:15:51.890 24590 24744 F .xbmc.kodinerd: runtime.cc:566] JNI DETECTED ERROR IN APPLICATION: JNI FindClass called with pending exception android.media.MediaDrmResetException: mediaserver died
10-07 18:15:51.890 24590 24744 F .xbmc.kodinerd: runtime.cc:566] at int android.media.MediaDrm.getSecurityLevel(byte[]) (MediaDrm.java:-2)
10-07 18:15:51.890 24590 24744 F .xbmc.kodinerd: runtime.cc:566]
10-07 18:15:51.890 24590 24744 F .xbmc.kodinerd: runtime.cc:566] native: #04 pc 00000000000fcff8 /system/lib64/libart.so (art::(anonymous namespace)::ScopedCheck::AbortF(char const*, ...)+148)
10-07 18:15:51.890 24590 24744 F .xbmc.kodinerd: runtime.cc:566] native: #05 pc 00000000000fb9d4 /system/lib64/libart.so (art::(anonymous namespace)::ScopedCheck::CheckPossibleHeapValue(art::ScopedObjectAccess&, char, art::(anonymous namespace)::JniValueType)+1152)
10-07 18:15:51.890 24590 24744 F .xbmc.kodinerd: runtime.cc:566] native: #23 pc 00000000000234b8 /system/lib64/libc.so (__start_thread+68)
10-07 18:15:51.890 24590 24744 F libc : Fatal signal 6 (SIGABRT), code -6 (SI_TKILL) in tid 24744 (Thread-12), pid 24590 (.xbmc.kodinerds)
10-07 18:15:51.909 3728 3728 V NewAvrcpMediaPlayerWrapper: onPlaybackStateChanged(): org.xbmc.kodinerds : PlaybackState {state=3, position=0, buffered position=0, speed=1.0, updated=9745408, actions=-1, custom actions=[], active item id=-1, error=null}
10-07 18:15:51.909 3728 3728 W NewAvrcpMediaPlayerWrapper: onPlaybackStateChanged(): org.xbmc.kodinerds tried to update with no new data
10-07 18:15:51.936 24774 24774 E DEBUG : failed to readlink /proc/24744/fd/117: No such file or directory
10-07 18:15:51.936 24774 24774 E DEBUG : failed to readlink /proc/24744/fd/118: No such file or directory
10-07 18:15:51.936 24774 24774 E DEBUG : failed to readlink /proc/24744/fd/125: No such file or directory
10-07 18:15:51.970 24774 24774 I crash_dump64: obtaining output fd from tombstoned, type: kDebuggerdTombstone
10-07 18:15:51.971 3334 3334 I /system/bin/tombstoned: received crash request for pid 24744
10-07 18:15:51.971 24774 24774 I crash_dump64: performing dump of process 24590 (target tid = 24744)
10-07 18:15:51.981 24774 24774 F DEBUG : *** *** *** *** *** *** *** *** *** *** *** *** *** *** *** ***
10-07 18:15:51.981 24774 24774 F DEBUG : Build fingerprint: 'NVIDIA/foster_e_hdd/foster:9/PPR1.180610.011/4086637_1697.8089:user/release-keys'
10-07 18:15:51.981 24774 24774 F DEBUG : Revision: '0'
10-07 18:15:51.981 24774 24774 F DEBUG : ABI: 'arm64'
10-07 18:15:51.981 24774 24774 F DEBUG : pid: 24590, tid: 24744, name: Thread-12 >>> org.xbmc.kodinerds <<<
10-07 18:15:51.981 24774 24774 F DEBUG : signal 6 (SIGABRT), code -6 (SI_TKILL), fault addr --------
10-07 18:15:51.982 24774 24774 F DEBUG : Abort message: 'java_vm_ext.cc:542] JNI DETECTED ERROR IN APPLICATION: JNI FindClass called with pending exception android.media.MediaDrmResetException: mediaserver died'
10-07 18:15:51.982 24774 24774 F DEBUG : x0 0000000000000000 x1 00000000000060a8 x2 0000000000000006 x3 0000000000000008
10-07 18:15:51.982 24774 24774 F DEBUG : x4 fefeff2dc3160667 x5 fefeff2dc3160667 x6 fefeff2dc3160667 x7 7f7f7f7fff7f7f7f
10-07 18:15:51.982 24774 24774 F DEBUG : x8 0000000000000083 x9 cd13cd410685cbca x10 0000000000000000 x11 fffffffc7ffffbdf
10-07 18:15:51.982 24774 24774 F DEBUG : x12 0000000000000001 x13 ffffffffffffffff x14 ffffffffff000000 x15 ffffffffffffffff
10-07 18:15:51.982 24774 24774 F DEBUG : x16 0000002ec0d2f2c8 x17 0000002ec0c6d110 x18 0000000000000001 x19 000000000000600e
10-07 18:15:51.982 24774 24774 F DEBUG : x20 00000000000060a8 x21 0000002f6e25fb00 x22 0000000000000011 x23 0000002f4516bc53
10-07 18:15:51.982 24774 24774 F DEBUG : x24 0000002f4516bb07 x25 0000000000000001 x26 0000002f67ff5af0 x27 0000000000000043
10-07 18:15:51.982 24774 24774 F DEBUG : x28 0000002f4491b2a0 x29 0000002f67ff59a0
10-07 18:15:51.982 24774 24774 F DEBUG : sp 0000002f67ff5960 lr 0000002ec0c61c3c pc 0000002ec0c61c64
10-07 18:15:52.020 24774 24774 F DEBUG :
10-07 18:15:52.020 24774 24774 F DEBUG : backtrace:
10-07 18:15:52.020 24774 24774 F DEBUG : #00 pc 0000000000021c64 /system/lib64/libc.so (abort+116)
10-07 18:15:52.020 24774 24774 F DEBUG : #01 pc 0000000000464300 /system/lib64/libart.so (art::Runtime::Abort(char const*)+1196)
10-07 18:15:52.020 24774 24774 F DEBUG : #02 pc 0000000000008cd4 /system/lib64/libbase.so (android::base::LogMessage::~LogMessage()+724)
10-07 18:15:52.020 24774 24774 F DEBUG : #03 pc 00000000002e4ff0 /system/lib64/libart.so (art::JavaVMExt::JniAbort(char const*, char const*)+1640)
10-07 18:15:52.020 24774 24774 F DEBUG : #04 pc 00000000002e5160 /system/lib64/libart.so (art::JavaVMExt::JniAbortV(char const*, char const*, std::__va_list)+116)
10-07 18:15:52.020 24774 24774 F DEBUG : #05 pc 00000000000fcff8 /system/lib64/libart.so (art::(anonymous namespace)::ScopedCheck::AbortF(char const*, ...)+148)
10-07 18:15:52.020 24774 24774 F DEBUG : #06 pc 00000000000fb9d4 /system/lib64/libart.so (art::(anonymous namespace)::ScopedCheck::CheckPossibleHeapValue(art::ScopedObjectAccess&, char, art::(anonymous namespace)::JniValueType)+1152)
10-07 18:15:52.020 24774 24774 F DEBUG : #07 pc 00000000000fad40 /system/lib64/libart.so (art::(anonymous namespace)::ScopedCheck::Check(art::ScopedObjectAccess&, bool, char const*, art::(anonymous namespace)::JniValueType*)+628)
10-07 18:15:52.020 24774 24774 F DEBUG : #08 pc 00000000000e19c8 /system/lib64/libart.so (art::(anonymous namespace)::CheckJNI::FindClass(_JNIEnv*, char const*)+688)
10-07 18:15:52.020 24774 24774 F DEBUG : #09 pc 000000000007e970 /data/app/org.xbmc.kodinerds-tXmRcWl0nYogoESJM-Jwkg==/lib/arm64/libssd_wv.so (_ZN3jni18call_static_methodIiJEEET_P7_JNIEnvPKcS5_S5_DpOT0_+52)
10-07 18:15:52.020 24774 24774 F DEBUG : #10 pc 0000000000070d2c /data/app/org.xbmc.kodinerds-tXmRcWl0nYogoESJM-Jwkg==/lib/arm64/libssd_wv.so (WV_CencSingleSampleDecrypter::WV_CencSingleSampleDecrypter(WV_DRM&, AP4_DataBuffer&, char const*, unsigned char const*)+880)
10-07 18:15:52.020 24774 24774 F DEBUG : #11 pc 00000000000760bc /data/app/org.xbmc.kodinerds-tXmRcWl0nYogoESJM-Jwkg==/lib/arm64/libssd_wv.so (WVDecrypter::CreateSingleSampleDecrypter(AP4_DataBuffer&, char const*, unsigned char const*)+80)
10-07 18:15:52.020 24774 24774 F DEBUG : #12 pc 00000000000cd97c /data/app/org.xbmc.kodinerds-tXmRcWl0nYogoESJM-Jwkg==/lib/arm64/libinputstream.adaptive.so (Session::InitializePeriod()+2084)
10-07 18:15:52.020 24774 24774 F DEBUG : #13 pc 00000000000cd070 /data/app/org.xbmc.kodinerds-tXmRcWl0nYogoESJM-Jwkg==/lib/arm64/libinputstream.adaptive.so (Session::initialize(unsigned char, unsigned int)+460)
10-07 18:15:52.020 24774 24774 F DEBUG : #14 pc 00000000000d0718 /data/app/org.xbmc.kodinerds-tXmRcWl0nYogoESJM-Jwkg==/lib/arm64/libinputstream.adaptive.so (CInputStreamAdaptive::Open(INPUTSTREAM&)+1596)
10-07 18:15:52.020 24774 24774 F DEBUG : #15 pc 0000000001384eb8 /data/app/org.xbmc.kodinerds-tXmRcWl0nYogoESJM-Jwkg==/lib/arm64/libkodi.so (CInputStreamAddon::Open()+652)
10-07 18:15:52.021 24774 24774 F DEBUG : #16 pc 000000000140c5f0 /data/app/org.xbmc.kodinerds-tXmRcWl0nYogoESJM-Jwkg==/lib/arm64/libkodi.so (CVideoPlayer::OpenInputStream()+384)
10-07 18:15:52.021 24774 24774 F DEBUG : #17 pc 000000000140e7cc /data/app/org.xbmc.kodinerds-tXmRcWl0nYogoESJM-Jwkg==/lib/arm64/libkodi.so (CVideoPlayer::Prepare()+292)
10-07 18:15:52.021 24774 24774 F DEBUG : #18 pc 000000000140fa00 /data/app/org.xbmc.kodinerds-tXmRcWl0nYogoESJM-Jwkg==/lib/arm64/libkodi.so (CVideoPlayer::Process()+72)
10-07 18:15:52.021 24774 24774 F DEBUG : #19 pc 0000000001608a94 /data/app/org.xbmc.kodinerds-tXmRcWl0nYogoESJM-Jwkg==/lib/arm64/libkodi.so (CThread::Action()+40)
10-07 18:15:52.021 24774 24774 F DEBUG : #20 pc 0000000001609038 /data/app/org.xbmc.kodinerds-tXmRcWl0nYogoESJM-Jwkg==/lib/arm64/libkodi.so
10-07 18:15:52.021 24774 24774 F DEBUG : #21 pc 0000000001608eec /data/app/org.xbmc.kodinerds-tXmRcWl0nYogoESJM-Jwkg==/lib/arm64/libkodi.so
10-07 18:15:52.021 24774 24774 F DEBUG : #22 pc 0000000001608cf8 /data/app/org.xbmc.kodinerds-tXmRcWl0nYogoESJM-Jwkg==/lib/arm64/libkodi.so
10-07 18:15:52.021 24774 24774 F DEBUG : #23 pc 0000000000081978 /system/lib64/libc.so (__pthread_start(void*)+36)
10-07 18:15:52.021 24774 24774 F DEBUG : #24 pc 00000000000234b8 /system/lib64/libc.so (__start_thread+68)
10-07 18:15:52.395 24590 24686 V XBMC : detaching thread
10-07 18:15:52.414 3728 3728 V NewAvrcpMediaPlayerWrapper: onPlaybackStateChanged(): org.xbmc.kodinerds : PlaybackState {state=3, position=0, buffered position=0, speed=1.0, updated=9745913, actions=-1, custom actions=[], active item id=-1, error=null}
10-07 18:15:52.414 3728 3728 W NewAvrcpMediaPlayerWrapper: onPlaybackStateChanged(): org.xbmc.kodinerds tried to update with no new data
10-07 18:15:52.501 3334 3334 E /system/bin/tombstoned: Tombstone written to: /data/tombstones/tombstone_05
10-07 18:15:52.504 3543 24777 W ActivityManager: Force finishing activity org.xbmc.kodinerds/.Main
10-07 18:15:52.505 3543 3585 I BootReceiver: Copying /data/tombstones/tombstone_05 to DropBox (SYSTEM_TOMBSTONE)
10-07 18:15:52.520 3543 3577 W BroadcastQueue: Background execution not allowed: receiving Intent { act=android.intent.action.DROPBOX_ENTRY_ADDED flg=0x10 (has extras) } to com.google.android.gms/.stats.service.DropBoxEntryAddedReceiver
10-07 18:15:52.520 3543 3577 W BroadcastQueue: Background execution not allowed: receiving Intent { act=android.intent.action.DROPBOX_ENTRY_ADDED flg=0x10 (has extras) } to com.google.android.gms/.chimera.GmsIntentOperationService$PersistentTrustedReceiver
10-07 18:15:52.520 3543 3577 W BroadcastQueue: Background execution not allowed: receiving Intent { act=android.intent.action.DROPBOX_ENTRY_ADDED flg=0x10 (has extras) } to com.nvidia.stats/.CollectionsReceiver
10-07 18:15:52.533 3543 3577 W BroadcastQueue: Background execution not allowed: receiving Intent { act=android.intent.action.DROPBOX_ENTRY_ADDED flg=0x10 (has extras) } to com.google.android.gms/.stats.service.DropBoxEntryAddedReceiver
10-07 18:15:52.534 3543 3577 W BroadcastQueue: Background execution not allowed: receiving Intent { act=android.intent.action.DROPBOX_ENTRY_ADDED flg=0x10 (has extras) } to com.google.android.gms/.chimera.GmsIntentOperationService$PersistentTrustedReceiver
10-07 18:15:52.534 3543 3577 W BroadcastQueue: Background execution not allowed: receiving Intent { act=android.intent.action.DROPBOX_ENTRY_ADDED flg=0x10 (has extras) } to com.nvidia.stats/.CollectionsReceiver
10-07 18:15:52.570 3543 3644 W InputDispatcher: channel 'a71bfcd org.xbmc.kodinerds/org.xbmc.kodinerds.Main (server)' ~ Consumer closed input channel or an error occurred. events=0x9
10-07 18:15:52.571 3543 3644 E InputDispatcher: channel 'a71bfcd org.xbmc.kodinerds/org.xbmc.kodinerds.Main (server)' ~ Channel is unrecoverably broken and will be disposed!
10-07 18:15:52.571 3543 8487 I WindowManager: WIN DEATH: Window{a71bfcd u0 org.xbmc.kodinerds/org.xbmc.kodinerds.Main}
10-07 18:15:52.571 3543 4052 D MediaSessionService: Media button session is changed to null
10-07 18:15:52.571 3543 8487 W InputDispatcher: Attempted to unregister already unregistered input channel 'a71bfcd org.xbmc.kodinerds/org.xbmc.kodinerds.Main (server)'
10-07 18:15:52.572 3322 6775 E DrmHal : Failed to get vendor from drm plugin: -32
10-07 18:15:52.572 3322 6775 E DrmHal : Failed to get description from drm plugin: -32
10-07 18:15:52.573 3543 5120 I ActivityManager: Process org.xbmc.kodinerds (pid 24590) has died: vis +99TOP
10-07 18:15:52.573 3543 3665 D NsdService: Client disconnected
10-07 18:15:52.573 3543 7837 I MediaFocusControl: AudioFocus removeFocusStackEntryOnDeath(): removing entry for android.os.BinderProxy@3c6c54
10-07 18:15:52.573 3543 3665 D NsdService: Terminating client-ID 2 global-ID 21 type 393225
10-07 18:15:52.573 3543 3665 D NsdService: mdnssd [stop-register, 21]
10-07 18:15:52.573 3543 3580 W libprocessgroup: kill(-24590, 9) failed: No such process
10-07 18:15:52.574 3081 3205 D MDnsDS : polling error: 32
10-07 18:15:52.575 4869 4869 D NowPlayingListener: onActiveSessionsChanged() called with: controllers = [[android.media.session.MediaController@e4ddc5f]]
10-07 18:15:52.575 4869 4869 D NowPlayingListener: updateMediaSessionCallback: android.media.session.MediaController@e4ddc5f
10-07 18:15:52.575 3728 3728 V NewAvrcpMediaPlayerList: onActiveSessionsChanged: number of controllers: 1
10-07 18:15:52.576 3728 3728 D NewAvrcpMediaPlayerList: onActiveSessionsChanged: controller: com.ghisler.android.TotalCommander
10-07 18:15:52.576 3728 3728 D NewAvrcpMediaPlayerList: Already have a controller for the player: com.ghisler.android.TotalCommander, updating instead
10-07 18:15:52.576 3728 3728 W NewAvrcpMediaPlayerWrapper: The session was destroyed org.xbmc.kodinerds
10-07 18:15:52.576 3728 3728 V NewAvrcpMediaPlayerList: onActiveSessionsChanged: number of controllers: 1
10-07 18:15:52.576 5872 5872 D DeviceControlManagerService: active session:com.ghisler.android.TotalCommander
10-07 18:15:52.577 3728 3728 D NewAvrcpMediaPlayerList: onActiveSessionsChanged: controller: com.ghisler.android.TotalCommander
10-07 18:15:52.577 3728 3728 D NewAvrcpMediaPlayerList: Already have a controller for the player: com.ghisler.android.TotalCommander, updating instead
10-07 18:15:52.578 3543 3665 D NsdService: Terminating client-ID 3 global-ID 22 type 393225
10-07 18:15:52.578 3543 3665 D NsdService: mdnssd [stop-register, 22]
10-07 18:15:52.578 3081 3205 D MDnsDS : polling error: 32
10-07 18:15:52.580 5872 5872 D DeviceControlManagerService: active session:com.ghisler.android.TotalCommander
10-07 18:15:52.582 4869 4869 D NowPlayingManager: onClientChanged() called with: clearing = [false]
10-07 18:15:52.582 3728 4293 E bt_btif : register_notification_rsp: Avrcp device is not connected, handle: 0x0
10-07 18:15:52.583 3728 4293 I chatty : uid=1002(bluetooth) BluetoothAvrcpH identical 4 lines
10-07 18:15:52.583 3728 4293 E bt_btif : register_notification_rsp: Avrcp device is not connected, handle: 0x0
10-07 18:15:52.583 4869 4869 D NowPlayingListener: updateMetadata() called with: metadata = [android.media.MediaMetadata@68e2ca92] and now playing listener: com.google.android.tvrecommendations.NowPlayingManager@ab6ca20
10-07 18:15:52.584 3127 3218 W SurfaceFlinger: Attempting to set client state on removed layer: org.xbmc.kodinerds/org.xbmc.kodinerds.Main#0
10-07 18:15:52.584 3127 3218 W SurfaceFlinger: Attempting to destroy on removed layer: org.xbmc.kodinerds/org.xbmc.kodinerds.Main#0
10-07 18:15:52.585 3082 3082 I Zygote : Process 24590 exited due to signal (6)
10-07 18:15:52.599 4490 4490 E phs:fs : Unable to open file "/proc/24590/largest_task": No such file or directory
10-07 18:15:52.601 3543 3588 W ActivityManager: setHasOverlayUi called on unknown pid: 24590
10-07 18:15:52.601 4903 4903 I AppLifecycleTracker: App transition to foreground
10-07 18:15:52.602 4692 5658 I android_os_HwBinder: HwBinder: Starting thread pool for default::vendor.nvidia.hardware.power@1.0::IPower
10-07 18:15:52.602 3543 3645 I InputReader: Reconfiguring input devices. changes=0x00000004
10-07 18:15:52.603 4903 4903 I DataLoader: Failed to register content observer for URI: content://tvlauncher.mic/farfield_mic_status.
10-07 18:15:52.603 4903 4903 I DataLoader: Reason: Failed to find provider tvlauncher.mic for user 0; expected to find a valid ContentProvider for this authority
10-07 18:15:52.604 4903 4903 I PrtnrWidgetInfoLdr: Failed to register content observer for URI: content://tvlauncher.widget/widget.
10-07 18:15:52.604 4903 4903 I PrtnrWidgetInfoLdr: Reason: Failed to find provider tvlauncher.widget for user 0; expected to find a valid ContentProvider for this authority
10-07 18:15:52.608 4903 24782 E ActivityThread: Failed to find provider info for tvlauncher.mic
10-07 18:15:52.608 4903 24783 E ActivityThread: Failed to find provider info for tvlauncher.widget
10-07 18:15:52.611 4869 4869 D NowPlayingManager: onMediaDataUpdated() called with: mediaData = [com.google.android.tvrecommendations.NowPlayingData@c5f6ac]
10-07 18:15:52.612 4869 4869 D NowPlayingListener: updatePlayback() called with: state = [PlaybackState {state=1, position=-1, buffered position=0, speed=1.0, updated=4449198, actions=382, custom actions=[], active item id=-1, error=null}] and now playing listener: com.google.android.tvrecommendations.NowPlayingManager@ab6ca20
10-07 18:15:52.612 4869 4869 D NowPlayingManager: onClientPlaybackStateUpdate() called with: state = [1], stateChangeTimeMs = [4449198], currentPosMs = [-1]
10-07 18:15:52.612 4869 4869 D NowPlayingManager: onClientPlaybackStateUpdate: Skipped update, state: 1 was unchanged
10-07 18:15:52.613 4869 4869 D NowPlayingListener: onActiveSessionsChanged() called with: controllers = [[android.media.session.MediaController@a7a9f75]]
10-07 18:15:52.613 4869 4869 D NowPlayingListener: updateMediaSessionCallback: android.media.session.MediaController@a7a9f75
10-07 18:15:52.613 4869 4869 D NowPlayingManager: onClientChanged() called with: clearing = [false]
10-07 18:15:52.614 4869 4869 D NowPlayingListener: updateMetadata() called with: metadata = [android.media.MediaMetadata@68e2ca92] and now playing listener: com.google.android.tvrecommendations.NowPlayingManager@ab6ca20
10-07 18:15:52.619 3543 3580 W libprocessgroup: kill(-24590, 9) failed: No such process
10-07 18:15:52.619 3543 3580 I libprocessgroup: Successfully killed process cgroup uid 10159 pid 24590 in 46ms
10-07 18:15:52.621 4869 4869 D NowPlayingManager: onMediaDataUpdated() called with: mediaData = [com.google.android.tvrecommendations.NowPlayingData@c49bb0a]
10-07 18:15:52.621 4869 4869 D NowPlayingListener: updatePlayback() called with: state = [PlaybackState {state=1, position=-1, buffered position=0, speed=1.0, updated=4449198, actions=382, custom actions=[], active item id=-1, error=null}] and now playing listener: com.google.android.tvrecommendations.NowPlayingManager@ab6ca20
10-07 18:15:52.621 4869 4869 D NowPlayingManager: onClientPlaybackStateUpdate() called with: state = [1], stateChangeTimeMs = [4449198], currentPosMs = [-1]
10-07 18:15:52.621 4869 4869 D NowPlayingManager: onClientPlaybackStateUpdate: Skipped update, state: 1 was unchanged
10-07 18:15:52.628 4490 4490 E phs:fs : Unable to open file "/proc/24590/largest_task": No such file or directory
10-07 18:15:52.631 4869 4869 D NotifInteractonRcvr: Show unseen default level notification toasts
10-07 18:15:52.636 4490 4490 E phs:fs : Unable to open file "/proc/24590/largest_task": No such file or directory
10-07 18:15:52.639 23189 24784 E org.xbmc.kodi: No implementation found for boolean org.xbmc.kodi.XBMCFile._open(java.lang.String) (tried Java_org_xbmc_kodi_XBMCFile__1open and Java_org_xbmc_kodi_XBMCFile__1open__Ljava_lang_String_2)
10-07 18:15:52.639 23189 24784 E Kodifile: Open: Not available
10-07 18:15:52.640 4903 8237 D skia : --- Failed to create image decoder with message 'unimplemented'
10-07 18:15:52.640 23189 24786 E org.xbmc.kodi: No implementation found for boolean org.xbmc.kodi.XBMCFile._open(java.lang.String) (tried Java_org_xbmc_kodi_XBMCFile__1open and Java_org_xbmc_kodi_XBMCFile__1open__Ljava_lang_String_2)
10-07 18:15:52.640 23189 24786 E Kodifile: Open: Not available
10-07 18:15:52.640 4903 8237 D skia : --- Failed to create image decoder with message 'unimplemented'
10-07 18:15:52.641 23189 24785 E org.xbmc.kodi: No implementation found for boolean org.xbmc.kodi.XBMCFile._open(java.lang.String) (tried Java_org_xbmc_kodi_XBMCFile__1open and Java_org_xbmc_kodi_XBMCFile__1open__Ljava_lang_String_2)
10-07 18:15:52.641 23189 24785 E Kodifile: Open: Not available
10-07 18:15:52.641 4903 8227 D skia : --- Failed to create image decoder with message 'unimplemented'
10-07 18:15:52.642 4903 8227 D skia : --- Failed to create image decoder with message 'unimplemented'
10-07 18:15:52.644 4903 8230 D skia : --- Failed to create image decoder with message 'unimplemented'
10-07 18:15:52.645 4903 8230 D skia : --- Failed to create image decoder with message 'unimplemented'
10-07 18:15:52.649 4490 4490 E phs:fs : Unable to open file "/proc/24590/largest_task": No such file or directory
10-07 18:15:52.651 23189 24789 E org.xbmc.kodi: No implementation found for boolean org.xbmc.kodi.XBMCFile._open(java.lang.String) (tried Java_org_xbmc_kodi_XBMCFile__1open and Java_org_xbmc_kodi_XBMCFile__1open__Ljava_lang_String_2)
10-07 18:15:52.651 23189 24789 E Kodifile: Open: Not available
10-07 18:15:52.652 23189 24787 E org.xbmc.kodi: No implementation found for boolean org.xbmc.kodi.XBMCFile._open(java.lang.String) (tried Java_org_xbmc_kodi_XBMCFile__1open and Java_org_xbmc_kodi_XBMCFile__1open__Ljava_lang_String_2)
10-07 18:15:52.652 23189 24787 E Kodifile: Open: Not available
10-07 18:15:52.660 3326 6164 E MetadataRetrieverClient: offset (0) bigger than file size (0)
10-07 18:15:52.660 3326 8351 E MetadataRetrieverClient: offset (0) bigger than file size (0)
10-07 18:15:52.664 23189 24788 E org.xbmc.kodi: No implementation found for boolean org.xbmc.kodi.XBMCFile._open(java.lang.String) (tried Java_org_xbmc_kodi_XBMCFile__1open and Java_org_xbmc_kodi_XBMCFile__1open__Ljava_lang_String_2)
10-07 18:15:52.664 23189 24788 E Kodifile: Open: Not available
10-07 18:15:52.670 3125 3228 I hash_map_utils: key: 'nv_param_low_latency_active' value: ''
10-07 18:15:52.680 3326 3961 E MetadataRetrieverClient: offset (0) bigger than file size (0)
10-07 18:15:52.681 3127 3217 D SurfaceFlinger: Connected to Power Manager
10-07 18:15:52.682 23189 24790 E org.xbmc.kodi: No implementation found for boolean org.xbmc.kodi.XBMCFile._open(java.lang.String) (tried Java_org_xbmc_kodi_XBMCFile__1open and Java_org_xbmc_kodi_XBMCFile__1open__Ljava_lang_String_2)
10-07 18:15:52.682 23189 24790 E Kodifile: Open: Not available
10-07 18:15:52.691 4903 8237 E MediaMetadataRetrieverJNI: negative length (-1)
10-07 18:15:52.693 23189 24792 E org.xbmc.kodi: No implementation found for boolean org.xbmc.kodi.XBMCFile._open(java.lang.String) (tried Java_org_xbmc_kodi_XBMCFile__1open and Java_org_xbmc_kodi_XBMCFile__1open__Ljava_lang_String_2)
10-07 18:15:52.693 23189 24792 E Kodifile: Open: Not available
10-07 18:15:52.693 23189 24791 E org.xbmc.kodi: No implementation found for boolean org.xbmc.kodi.XBMCFile._open(java.lang.String) (tried Java_org_xbmc_kodi_XBMCFile__1open and Java_org_xbmc_kodi_XBMCFile__1open__Ljava_lang_String_2)
10-07 18:15:52.693 23189 24791 E Kodifile: Open: Not available
10-07 18:15:52.695 4903 8230 E MediaMetadataRetrieverJNI: negative length (-1)
10-07 18:15:52.697 4903 8227 E MediaMetadataRetrieverJNI: negative length (-1)
10-07 18:15:52.699 4490 4490 E phs:fs : Unable to open file "/proc/24590/largest_task": No such file or directory
10-07 18:15:52.708 4903 4903 W Glide : Load failed for content://org.xbmc.kodi.file#image%3A%2F%2Fhttp%253a%252f%252f192.168.1.25%253a8096%252femby%252fItems%252f9365%252fImages%252fPrimary%252f0%253fEnableImageEnhancers%253dTrue%2526Tag%253d4bc196b18fbffa16283f9eb171dd2fd4%2F with size [564x306]
10-07 18:15:52.708 4903 4903 W Glide : class com.bumptech.glide.load.engine.GlideException: Failed to load resource
10-07 18:15:52.708 4903 4903 W Glide : There were 2 causes:
10-07 18:15:52.708 4903 4903 W Glide : java.io.IOException(java.lang.RuntimeException: setDataSource failed: status = 0xFFFFFFEA)
10-07 18:15:52.708 4903 4903 W Glide : java.io.IOException(java.lang.IllegalArgumentException)
10-07 18:15:52.708 4903 4903 W Glide : call GlideException#logRootCauses(String) for more detail
10-07 18:15:52.708 4903 4903 W Glide : Cause (1 of 3): class com.bumptech.glide.load.engine.GlideException: Failed LoadPath{AutoCloseInputStream->Object->PaletteBitmapContainer}, LOCAL
10-07 18:15:52.708 4903 4903 W Glide : Cause (1 of 1): class com.bumptech.glide.load.engine.GlideException: Failed DecodePath{AutoCloseInputStream->Bitmap->PaletteBitmapContainer}
10-07 18:15:52.708 4903 4903 W Glide : Cause (2 of 3): class com.bumptech.glide.load.engine.GlideException: Failed LoadPath{ParcelFileDescriptorInner->Object->PaletteBitmapContainer}, LOCAL
10-07 18:15:52.708 4903 4903 W Glide : There was 1 cause:
10-07 18:15:52.708 4903 4903 W Glide : java.io.IOException(java.lang.RuntimeException: setDataSource failed: status = 0xFFFFFFEA)
10-07 18:15:52.708 4903 4903 W Glide : call GlideException#logRootCauses(String) for more detail
10-07 18:15:52.708 4903 4903 W Glide : Cause (1 of 1): class com.bumptech.glide.load.engine.GlideException: Failed DecodePath{ParcelFileDescriptorInner->Bitmap->PaletteBitmapContainer}
