10-07 18:08:29.953 3125 12053 I APM_AudioPolicyManager: getOutputForAttr() device 0x400, sampling rate 48000, format 0xe000000, channel mask 0x63f, flags 0x1
10-07 18:08:29.953 3125 12053 W APM_AudioPolicyManager: getOutputForDevice() could not find output for stream 3, sampling rate 48000, format 0xe000000, channels 0x63f, flags 0x1
10-07 18:08:30.003 3125 12053 I APM_AudioPolicyManager: getOutputForAttr() device 0x400, sampling rate 48000, format 0xe000000, channel mask 0x63f, flags 0x1
10-07 18:08:30.003 3125 12053 W APM_AudioPolicyManager: getOutputForDevice() could not find output for stream 3, sampling rate 48000, format 0xe000000, channels 0x63f, flags 0x1
10-07 18:08:30.053 3125 12053 I APM_AudioPolicyManager: getOutputForAttr() device 0x400, sampling rate 48000, format 0xe000000, channel mask 0x63f, flags 0x1
10-07 18:08:30.054 3125 12053 W APM_AudioPolicyManager: getOutputForDevice() could not find output for stream 3, sampling rate 48000, format 0xe000000, channels 0x63f, flags 0x1
10-07 18:08:30.054 3125 12053 E AudioFlinger: createTrack() getOutputForAttr() return error -38 or invalid output handle
10-07 18:08:30.108 3125 12053 I APM_AudioPolicyManager: getOutputForAttr() device 0x400, sampling rate 48000, format 0xd000000, channel mask 0x3, flags 0x1
10-07 18:08:30.108 3125 12053 I AudioFlinger: openOutput() this 0x4b3be000, module 10 Device 0x400, SamplingRate 48000, Format 0xd000000, Channels 0x3, flags 0x1
10-07 18:08:30.108 3125 12053 I AudioFlinger: HAL output buffer size 1024 frames, normal sink buffer size 1024 frames
10-07 18:08:30.109 3125 23560 I AudioFlinger: AudioFlinger's thread 0x4ecb7000 tid=23560 ready to run
10-07 18:08:30.141 3089 3222 W nvaudio_hw: stop_output_stream: 1 underruns seen on pcm device hdmi-playback
10-07 18:08:30.168 3125 3376 I APM_AudioPolicyManager: getOutputForAttr() device 0x400, sampling rate 192000, format 0xd000000, channel mask 0x63f, flags 0x1
10-07 18:08:30.168 3125 3376 W APM_AudioPolicyManager: getOutputForDevice() could not find output for stream 3, sampling rate 192000, format 0xd000000, channels 0x63f, flags 0x1
10-07 18:08:30.218 3125 3376 I APM_AudioPolicyManager: getOutputForAttr() device 0x400, sampling rate 192000, format 0xd000000, channel mask 0x63f, flags 0x1
10-07 18:08:30.218 3125 3376 W APM_AudioPolicyManager: getOutputForDevice() could not find output for stream 3, sampling rate 192000, format 0xd000000, channels 0x63f, flags 0x1
10-07 18:08:30.268 3125 3376 I APM_AudioPolicyManager: getOutputForAttr() device 0x400, sampling rate 192000, format 0xd000000, channel mask 0x63f, flags 0x1
10-07 18:08:30.269 3125 3376 W APM_AudioPolicyManager: getOutputForDevice() could not find output for stream 3, sampling rate 192000, format 0xd000000, channels 0x63f, flags 0x1
10-07 18:08:30.319 3125 3376 I APM_AudioPolicyManager: getOutputForAttr() device 0x400, sampling rate 192000, format 0xd000000, channel mask 0x63f, flags 0x1
10-07 18:08:30.319 3125 3376 W APM_AudioPolicyManager: getOutputForDevice() could not find output for stream 3, sampling rate 192000, format 0xd000000, channels 0x63f, flags 0x1
10-07 18:08:30.369 3125 3376 I APM_AudioPolicyManager: getOutputForAttr() device 0x400, sampling rate 192000, format 0xd000000, channel mask 0x63f, flags 0x1
10-07 18:08:30.369 3125 3376 W APM_AudioPolicyManager: getOutputForDevice() could not find output for stream 3, sampling rate 192000, format 0xd000000, channels 0x63f, flags 0x1
10-07 18:08:30.419 3125 3376 I APM_AudioPolicyManager: getOutputForAttr() device 0x400, sampling rate 192000, format 0xd000000, channel mask 0x63f, flags 0x1
10-07 18:08:30.419 3125 3376 W APM_AudioPolicyManager: getOutputForDevice() could not find output for stream 3, sampling rate 192000, format 0xd000000, channels 0x63f, flags 0x1
10-07 18:08:30.469 3125 3376 I APM_AudioPolicyManager: getOutputForAttr() device 0x400, sampling rate 192000, format 0xd000000, channel mask 0x63f, flags 0x1
10-07 18:08:30.469 3125 3376 W APM_AudioPolicyManager: getOutputForDevice() could not find output for stream 3, sampling rate 192000, format 0xd000000, channels 0x63f, flags 0x1
10-07 18:08:30.520 3125 3376 I APM_AudioPolicyManager: getOutputForAttr() device 0x400, sampling rate 192000, format 0xd000000, channel mask 0x63f, flags 0x1
10-07 18:08:30.520 3125 3376 W APM_AudioPolicyManager: getOutputForDevice() could not find output for stream 3, sampling rate 192000, format 0xd000000, channels 0x63f, flags 0x1
10-07 18:08:30.570 3125 3376 I APM_AudioPolicyManager: getOutputForAttr() device 0x400, sampling rate 192000, format 0xd000000, channel mask 0x63f, flags 0x1
10-07 18:08:30.570 3125 3376 W APM_AudioPolicyManager: getOutputForDevice() could not find output for stream 3, sampling rate 192000, format 0xd000000, channels 0x63f, flags 0x1
10-07 18:08:30.620 3125 3376 I APM_AudioPolicyManager: getOutputForAttr() device 0x400, sampling rate 192000, format 0xd000000, channel mask 0x63f, flags 0x1
10-07 18:08:30.620 3125 3376 W APM_AudioPolicyManager: getOutputForDevice() could not find output for stream 3, sampling rate 192000, format 0xd000000, channels 0x63f, flags 0x1
10-07 18:08:30.670 3125 3376 I APM_AudioPolicyManager: getOutputForAttr() device 0x400, sampling rate 192000, format 0xd000000, channel mask 0x63f, flags 0x1
10-07 18:08:30.670 3125 3376 W APM_AudioPolicyManager: getOutputForDevice() could not find output for stream 3, sampling rate 192000, format 0xd000000, channels 0x63f, flags 0x1
10-07 18:08:30.721 3125 3376 I APM_AudioPolicyManager: getOutputForAttr() device 0x400, sampling rate 192000, format 0xd000000, channel mask 0x63f, flags 0x1
10-07 18:08:30.721 3125 3376 W APM_AudioPolicyManager: getOutputForDevice() could not find output for stream 3, sampling rate 192000, format 0xd000000, channels 0x63f, flags 0x1
10-07 18:08:30.771 3125 3376 I APM_AudioPolicyManager: getOutputForAttr() device 0x400, sampling rate 192000, format 0xd000000, channel mask 0x63f, flags 0x1
10-07 18:08:30.771 3125 3376 W APM_AudioPolicyManager: getOutputForDevice() could not find output for stream 3, sampling rate 192000, format 0xd000000, channels 0x63f, flags 0x1
10-07 18:08:30.821 3125 3376 I APM_AudioPolicyManager: getOutputForAttr() device 0x400, sampling rate 192000, format 0xd000000, channel mask 0x63f, flags 0x1
10-07 18:08:30.821 3125 3376 W APM_AudioPolicyManager: getOutputForDevice() could not find output for stream 3, sampling rate 192000, format 0xd000000, channels 0x63f, flags 0x1
10-07 18:08:30.871 3125 3376 I APM_AudioPolicyManager: getOutputForAttr() device 0x400, sampling rate 192000, format 0xd000000, channel mask 0x63f, flags 0x1
10-07 18:08:30.871 3125 3376 W APM_AudioPolicyManager: getOutputForDevice() could not find output for stream 3, sampling rate 192000, format 0xd000000, channels 0x63f, flags 0x1
10-07 18:08:30.922 3125 3376 I APM_AudioPolicyManager: getOutputForAttr() device 0x400, sampling rate 192000, format 0xd000000, channel mask 0x63f, flags 0x1
10-07 18:08:30.922 3125 3376 W APM_AudioPolicyManager: getOutputForDevice() could not find output for stream 3, sampling rate 192000, format 0xd000000, channels 0x63f, flags 0x1
10-07 18:08:30.922 3125 3376 E AudioFlinger: createTrack() getOutputForAttr() return error -38 or invalid output handle
10-07 18:08:30.977 23492 23547 I chatty : uid=10159(org.xbmc.kodinerds) expire 2 lines
10-07 18:08:30.978 23189 23189 D SyncProgramsJobService: onStartJob(): android.app.job.JobParameters@36a83ec
10-07 18:08:30.978 23189 23189 D SyncProgramsJobService: onStartJob(): Scheduling syncing for programs for channel 0
10-07 18:08:30.978 23189 23479 E org.xbmc.kodi: No implementation found for java.lang.String org.xbmc.kodi.XBMCJsonRPC._requestJSON(java.lang.String) (tried Java_org_xbmc_kodi_XBMCJsonRPC__1requestJSON and Java_org_xbmc_kodi_XBMCJsonRPC__1requestJSON__Ljava_lang_String_2)
10-07 18:08:30.978 23189 23479 E Kodijson: _requestJSON: Not available
10-07 18:08:30.979 3125 3376 I APM_AudioPolicyManager: getOutputForAttr() device 0x400, sampling rate 44100, format 0x5, channel mask 0x3, flags 0
10-07 18:08:30.980 3125 3376 D AudioFlinger: Client defaulted notificationFrames to 945 for frameCount 2836
10-07 18:08:30.984 3728 4293 E bt_btif : register_notification_rsp: Avrcp device is not connected, handle: 0x0
10-07 18:08:30.984 3728 4293 E bt_btif : register_notification_rsp: Avrcp device is not connected, handle: 0x0
10-07 18:08:30.985 3125 3376 I hash_map_utils: key: 'nv_param_low_latency_active' value: ''
10-07 18:08:31.037 6692 7068 I chromium: [6692:7068:INFO:mdns_app_filter.cc(2438)] MdnsAppFilter: responses sent in 102 seconds: 1
10-07 18:08:31.127 2975 2975 E SELinux : avc: denied { find } for interface=vendor.nvidia.hardware.cpl.service::INvCplHalService sid=u:r:untrusted_app:s0:c159,c256,c512,c768 pid=23492 scontext=u:r:untrusted_app:s0:c159,c256,c512,c768 tcontext=u:object_r:hal_cplservice_hwservice:s0 tclass=hwservice_manager permissive=0
10-07 18:08:31.128 2975 2975 E SELinux : avc: denied { find } for interface=vendor.nvidia.hardware.cpl.service::INvCplHalService sid=u:r:untrusted_app:s0:c159,c256,c512,c768 pid=23492 scontext=u:r:untrusted_app:s0:c159,c256,c512,c768 tcontext=u:object_r:hal_cplservice_hwservice:s0 tclass=hwservice_manager permissive=0
10-07 18:08:31.173 2975 2975 E SELinux : avc: denied { find } for interface=vendor.nvidia.hardware.cpl.service::INvCplHalService sid=u:r:untrusted_app:s0:c159,c256,c512,c768 pid=23492 scontext=u:r:untrusted_app:s0:c159,c256,c512,c768 tcontext=u:object_r:hal_cplservice_hwservice:s0 tclass=hwservice_manager permissive=0
10-07 18:08:31.173 2975 2975 E SELinux : avc: denied { find } for interface=vendor.nvidia.hardware.cpl.service::INvCplHalService sid=u:r:untrusted_app:s0:c159,c256,c512,c768 pid=23492 scontext=u:r:untrusted_app:s0:c159,c256,c512,c768 tcontext=u:object_r:hal_cplservice_hwservice:s0 tclass=hwservice_manager permissive=0
10-07 18:08:31.316 3127 3218 D SurfaceFlinger: Connected to Power Manager
10-07 18:08:31.785 23492 23568 I chatty : uid=10159(org.xbmc.kodinerds) expire 8 lines
10-07 18:08:33.478 3543 3665 D NsdService: New client listening to asynchronous messages
10-07 18:08:33.478 3543 3665 D NsdService: New client, channel: com.android.internal.util.AsyncChannel@377ec9d messenger: android.os.Messenger@295c512
10-07 18:08:33.483 23492 23579 I chatty : uid=10159(org.xbmc.kodinerds) expire 5 lines
10-07 18:08:33.490 3543 3665 D NsdService: Register service
10-07 18:08:33.490 3543 3665 D NsdService: registerService: 19 name: Kodi (SHIELD.fritz.box), type: _xbmc-events._udp, host: /127.0.0.1, port: 9777, txtRecord:
10-07 18:08:33.490 3543 3665 D NsdService: mdnssd [register, 19, Kodi (SHIELD.fritz.box), _xbmc-events._udp, 9777, ]
10-07 18:08:33.491 3543 3665 D NsdService: Register 2 19
10-07 18:08:33.491 3543 3665 D NsdService: Register service
10-07 18:08:33.491 3543 3665 D NsdService: registerService: 20 name: Kodi (SHIELD.fritz.box), type: _xbmc-jsonrpc._tcp, host: /127.0.0.1, port: 9090, txtRecord: txtvers=1)uuid=7fcb549d-cc73-477c-8890-8004e6a26f06
10-07 18:08:33.491 3543 3665 D NsdService: mdnssd [register, 20, Kodi (SHIELD.fritz.box), _xbmc-jsonrpc._tcp, 9090, CXR4dHZlcnM9MSl1dWlkPTdmY2I1NDlkLWNjNzMtNDc3Yy04ODkwLTgwMDRlNmEyNmYwNg==]
10-07 18:08:33.492 3543 3665 D NsdService: Register 3 20
10-07 18:08:34.210 3543 3665 D NsdService: Native daemon message SERVICE_REGISTERED: 606 20 "Kodi (SHIELD.fritz.box)"
10-07 18:08:34.210 3543 3665 D NsdService: Native daemon message SERVICE_REGISTERED: 606 19 "Kodi (SHIELD.fritz.box)"
10-07 18:08:35.980 23189 23189 D SyncProgramsJobService: onStartJob(): android.app.job.JobParameters@470bdbb
10-07 18:08:35.980 23189 23189 D SyncProgramsJobService: onStartJob(): Scheduling syncing for programs for channel 266
10-07 18:08:35.980 23189 23486 E org.xbmc.kodi: No implementation found for java.lang.String org.xbmc.kodi.XBMCJsonRPC._requestJSON(java.lang.String) (tried Java_org_xbmc_kodi_XBMCJsonRPC__1requestJSON and Java_org_xbmc_kodi_XBMCJsonRPC__1requestJSON__Ljava_lang_String_2)
10-07 18:08:35.980 23189 23189 D SyncProgramsJobService: onStartJob(): android.app.job.JobParameters@771f2d8
10-07 18:08:35.980 23189 23486 E Kodijson: _requestJSON: Not available
10-07 18:08:35.980 23189 23189 D SyncProgramsJobService: onStartJob(): Scheduling syncing for programs for channel 267
10-07 18:08:35.981 23189 23489 E org.xbmc.kodi: No implementation found for java.lang.String org.xbmc.kodi.XBMCJsonRPC._requestJSON(java.lang.String) (tried Java_org_xbmc_kodi_XBMCJsonRPC__1requestJSON and Java_org_xbmc_kodi_XBMCJsonRPC__1requestJSON__Ljava_lang_String_2)
10-07 18:08:35.981 23189 23189 D SyncProgramsJobService: onStartJob(): android.app.job.JobParameters@e926631
10-07 18:08:35.981 23189 23489 E Kodijson: _requestJSON: Not available
10-07 18:08:35.981 23189 23189 D SyncProgramsJobService: onStartJob(): Scheduling syncing for programs for channel 263
10-07 18:08:35.981 23189 23479 E org.xbmc.kodi: No implementation found for java.lang.String org.xbmc.kodi.XBMCJsonRPC._requestJSON(java.lang.String) (tried Java_org_xbmc_kodi_XBMCJsonRPC__1requestJSON and Java_org_xbmc_kodi_XBMCJsonRPC__1requestJSON__Ljava_lang_String_2)
10-07 18:08:35.981 23189 23479 E Kodijson: _requestJSON: Not available
10-07 18:08:36.166 6692 6692 I chromium: [6692:6692:INFO:metrics_recorder.cc(89)] Metrics stat: total=5
10-07 18:08:36.166 6692 6692 I chromium: AppRunning=1
10-07 18:08:36.166 6692 6692 I chromium: Cast.CecHdmiInputState.Active=1
10-07 18:08:36.166 6692 6692 I chromium: Cast.CecStandby.On=1
10-07 18:08:36.166 6692 6692 I chromium: Cast.Discovery.Mdns.Request.In=1
10-07 18:08:36.166 6692 6692 I chromium: Cast.Discovery.Mdns.Response.Out=1
10-07 18:08:37.187 3543 3645 I chatty : uid=1000(system) InputReader expire 53 lines
10-07 18:08:37.267 6692 7068 I chromium: [6692:7068:INFO:mdns_app_filter.cc(2631)] Mdns cast queries recently sent: queries=1
10-07 18:08:40.979 23492 23492 I chatty : uid=10159(org.xbmc.kodinerds) expire 1 line
10-07 18:08:42.243 6692 7073 I chromium: [6692:7073:INFO:wifi_proximity.cc(209)] Request scan.
10-07 18:08:51.000 6692 22444 I chromium: [6692:22444:INFO:ssdp_device.c(101)] SSDP packets sent for 30 seconds = 21
10-07 18:08:54.736 3328 3362 E storaged: getDiskStats failed with result NOT_SUPPORTED and size 0
10-07 18:08:55.033 23492 23530 I chatty : uid=10159(org.xbmc.kodinerds) expire 57 lines
10-07 18:08:57.020 3728 4249 W bt_btm_pm: Sniff Interval For Device MAC 00:04:20:f5:f5:a8 is 33.750000 msec.
10-07 18:09:05.579 3543 3645 I chatty : uid=1000(system) InputReader expire 41 lines
10-07 18:09:11.071 23492 23592 I chatty : uid=10159(org.xbmc.kodinerds) expire 1 line
10-07 18:09:24.379 6692 22444 I chromium: [6692:22444:INFO:ssdp_device.c(101)] SSDP packets sent for 33 seconds = 28
10-07 18:09:25.925 3543 3645 I chatty : uid=1000(system) InputReader expire 14 lines
10-07 18:09:25.929 23492 23530 I chatty : uid=10159(org.xbmc.kodinerds) expire 38 lines
10-07 18:09:28.819 3728 4249 W bt_btm_pm: Sniff Interval For Device MAC 00:04:20:f5:f5:a8 is 33.750000 msec.
10-07 18:09:36.166 6692 6692 I chromium: [6692:6692:INFO:metrics_recorder.cc(89)] Metrics stat: total=1
10-07 18:09:36.166 6692 6692 I chromium: Cast.Discovery.Mdns.Query.Cast.Count=1
10-07 18:09:36.201 3543 3645 I chatty : uid=1000(system) InputReader expire 15 lines
10-07 18:09:36.450 23492 23570 I chatty : uid=10159(org.xbmc.kodinerds) expire 1 line
10-07 18:09:36.450 23492 23569 I chatty : uid=10159(org.xbmc.kodinerds) expire 1 line
10-07 18:09:39.221 23492 23696 I chatty : uid=10159(org.xbmc.kodinerds) expire 1 line
10-07 18:09:39.226 23492 23695 I chatty : uid=10159(org.xbmc.kodinerds) expire 1 line
10-07 18:09:41.044 3543 3645 D WindowManager: handleComboKeys keyCode: 20, keyAction: 1
10-07 18:09:41.445 3543 3645 D WindowManager: handleComboKeys keyCode: 23, keyAction: 0
10-07 18:09:41.575 3543 3645 D WindowManager: handleComboKeys keyCode: 23, keyAction: 1
10-07 18:09:45.048 3543 3645 D WindowManager: handleComboKeys keyCode: 20, keyAction: 0
10-07 18:09:45.267 3543 3645 D WindowManager: handleComboKeys keyCode: 20, keyAction: 1
10-07 18:09:45.509 3543 3645 D WindowManager: handleComboKeys keyCode: 20, keyAction: 0
10-07 18:09:45.690 3543 3645 D WindowManager: handleComboKeys keyCode: 20, keyAction: 1
10-07 18:09:45.889 3543 3645 D WindowManager: handleComboKeys keyCode: 20, keyAction: 0
10-07 18:09:46.021 3543 3645 D WindowManager: handleComboKeys keyCode: 20, keyAction: 1
10-07 18:09:46.216 3543 3645 D WindowManager: handleComboKeys keyCode: 20, keyAction: 0
10-07 18:09:46.219 23492 23530 I chatty : uid=10159(org.xbmc.kodinerds) expire 16 lines
10-07 18:09:46.297 3543 3645 D WindowManager: handleComboKeys keyCode: 20, keyAction: 1
10-07 18:09:46.906 3543 3645 D WindowManager: handleComboKeys keyCode: 19, keyAction: 0
10-07 18:09:47.102 3543 3645 D WindowManager: handleComboKeys keyCode: 19, keyAction: 1
10-07 18:09:47.434 3543 3645 D WindowManager: handleComboKeys keyCode: 23, keyAction: 0
10-07 18:09:47.581 3543 3645 D WindowManager: handleComboKeys keyCode: 23, keyAction: 1
10-07 18:09:49.042 3543 3645 D WindowManager: handleComboKeys keyCode: 20, keyAction: 0
10-07 18:09:49.277 3543 3645 D WindowManager: handleComboKeys keyCode: 20, keyAction: 1
10-07 18:09:49.496 3543 3645 D WindowManager: handleComboKeys keyCode: 20, keyAction: 0
10-07 18:09:49.661 3543 3645 D WindowManager: handleComboKeys keyCode: 20, keyAction: 1
10-07 18:09:49.844 3543 3645 D WindowManager: handleComboKeys keyCode: 20, keyAction: 0
10-07 18:09:50.014 3543 3645 D WindowManager: handleComboKeys keyCode: 20, keyAction: 1
10-07 18:09:50.936 3543 3645 D WindowManager: handleComboKeys keyCode: 19, keyAction: 0
10-07 18:09:51.113 3543 3645 D WindowManager: handleComboKeys keyCode: 19, keyAction: 1
10-07 18:09:54.651 6692 23698 I chromium: [6692:23698:INFO:ssdp_device.c(101)] SSDP packets sent for 31 seconds = 21
10-07 18:09:54.737 3328 3362 E storaged: getDiskStats failed with result NOT_SUPPORTED and size 0
10-07 18:09:54.981 3543 3645 D WindowManager: handleComboKeys keyCode: 23, keyAction: 0
10-07 18:09:55.157 3543 3645 D WindowManager: handleComboKeys keyCode: 23, keyAction: 1
10-07 18:09:57.076 23492 23702 I chatty : uid=10159(org.xbmc.kodinerds) expire 2 lines
10-07 18:09:58.605 3543 3645 D WindowManager: handleComboKeys keyCode: 23, keyAction: 0
10-07 18:09:58.608 23492 23530 I chatty : uid=10159(org.xbmc.kodinerds) expire 14 lines
10-07 18:09:58.741 3543 3645 D WindowManager: handleComboKeys keyCode: 23, keyAction: 1
10-07 18:09:58.896 3728 4249 W bt_btm_pm: Sniff Interval For Device MAC 00:04:20:f5:f5:a8 is 33.750000 msec.
10-07 18:10:00.107 3543 3645 D WindowManager: handleComboKeys keyCode: 19, keyAction: 0
10-07 18:10:00.285 3543 3645 D WindowManager: handleComboKeys keyCode: 19, keyAction: 1
10-07 18:10:00.714 3543 3645 D WindowManager: handleComboKeys keyCode: 23, keyAction: 0
10-07 18:10:00.876 3543 3645 D WindowManager: handleComboKeys keyCode: 23, keyAction: 1
10-07 18:10:02.870 3543 3645 D WindowManager: handleComboKeys keyCode: 20, keyAction: 0
10-07 18:10:03.061 3543 3645 D WindowManager: handleComboKeys keyCode: 20, keyAction: 1
10-07 18:10:03.330 3543 3645 D WindowManager: handleComboKeys keyCode: 20, keyAction: 0
10-07 18:10:03.481 3543 3645 D WindowManager: handleComboKeys keyCode: 20, keyAction: 1
10-07 18:10:04.615 3543 3645 D WindowManager: handleComboKeys keyCode: 23, keyAction: 0
10-07 18:10:04.850 3543 3645 D WindowManager: handleComboKeys keyCode: 23, keyAction: 1
10-07 18:10:06.102 3543 3543 E ActivityThread: Failed to find provider info for com.nvidia.ibeta
10-07 18:10:06.915 3543 3645 D WindowManager: handleComboKeys keyCode: 20, keyAction: 0
10-07 18:10:07.116 3543 3645 D WindowManager: handleComboKeys keyCode: 20, keyAction: 1
10-07 18:10:08.903 3543 3645 D WindowManager: handleComboKeys keyCode: 20, keyAction: 0
10-07 18:10:08.906 23492 23530 I chatty : uid=10159(org.xbmc.kodinerds) expire 16 lines
10-07 18:10:09.101 3543 3645 D WindowManager: handleComboKeys keyCode: 20, keyAction: 1
10-07 18:10:09.324 3543 3645 D WindowManager: handleComboKeys keyCode: 20, keyAction: 0
10-07 18:10:09.498 3543 3645 D WindowManager: handleComboKeys keyCode: 20, keyAction: 1
10-07 18:10:09.696 3543 3645 D WindowManager: handleComboKeys keyCode: 20, keyAction: 0
10-07 18:10:09.896 3543 3645 D WindowManager: handleComboKeys keyCode: 20, keyAction: 1
10-07 18:10:10.157 3543 3645 D WindowManager: handleComboKeys keyCode: 20, keyAction: 0
10-07 18:10:10.339 3543 3645 D WindowManager: handleComboKeys keyCode: 20, keyAction: 1
10-07 18:10:10.492 3543 3645 D WindowManager: handleComboKeys keyCode: 20, keyAction: 0
10-07 18:10:10.690 3543 3645 D WindowManager: handleComboKeys keyCode: 20, keyAction: 1
10-07 18:10:11.509 3543 3645 D WindowManager: handleComboKeys keyCode: 20, keyAction: 0
10-07 18:10:11.747 3543 3645 D WindowManager: handleComboKeys keyCode: 20, keyAction: 1
10-07 18:10:12.014 3543 3645 D WindowManager: handleComboKeys keyCode: 20, keyAction: 0
10-07 18:10:12.174 3543 3645 D WindowManager: handleComboKeys keyCode: 20, keyAction: 1
10-07 18:10:12.660 3543 3645 D WindowManager: handleComboKeys keyCode: 23, keyAction: 0
10-07 18:10:12.824 3543 3645 D WindowManager: handleComboKeys keyCode: 23, keyAction: 1
10-07 18:10:13.072 6692 7068 I chromium: [6692:7068:INFO:mdns_app_filter.cc(2438)] MdnsAppFilter: responses sent in 102 seconds: 1
10-07 18:10:14.437 23492 23532 I chatty : uid=10159(org.xbmc.kodinerds) expire 2 lines
10-07 18:10:14.531 23492 23788 I chatty : uid=10159(org.xbmc.kodinerds) expire 475 lines
10-07 18:10:14.582 4869 4869 D NowPlayingListener: onActiveSessionsChanged() called with: controllers = [[android.media.session.MediaController@700c75a, android.media.session.MediaController@1ae7d8b]]
10-07 18:10:14.582 4869 4869 D NowPlayingListener: updateMediaSessionCallback: android.media.session.MediaController@700c75a
10-07 18:10:14.582 5872 5872 D DeviceControlManagerService: active session:com.ghisler.android.TotalCommander
10-07 18:10:14.582 3728 3728 V NewAvrcpMediaPlayerList: onActiveSessionsChanged: number of controllers: 2
10-07 18:10:14.583 3728 3728 D NewAvrcpMediaPlayerList: onActiveSessionsChanged: controller: com.ghisler.android.TotalCommander
10-07 18:10:14.583 4869 4869 D NowPlayingManager: onClientChanged() called with: clearing = [false]
10-07 18:10:14.583 3728 3728 D NewAvrcpMediaPlayerList: Already have a controller for the player: com.ghisler.android.TotalCommander, updating instead
10-07 18:10:14.584 3728 3728 D NewAvrcpMediaPlayerList: onActiveSessionsChanged: controller: org.xbmc.kodinerds
10-07 18:10:14.584 3728 3728 D NewAvrcpMediaPlayerList: Already have a controller for the player: org.xbmc.kodinerds, updating instead
10-07 18:10:14.584 4869 4869 D NowPlayingListener: updateMetadata() called with: metadata = [android.media.MediaMetadata@68e2ca92] and now playing listener: com.google.android.tvrecommendations.NowPlayingManager@ab6ca20
10-07 18:10:14.585 3728 3728 D NewAvrcpMediaPlayerWrapper: org.xbmc.kodinerds: Controller for org.xbmc.kodinerds was updated.
10-07 18:10:14.587 3543 9105 I MediaFocusControl: requestAudioFocus() from uid/pid 10159/23492 clientId=android.media.AudioManager@d7d3d13org.xbmc.kodinerds.interfaces.XBMCAudioManagerOnAudioFocusChangeListener@6a0fb50 callingPack=org.xbmc.kodinerds req=1 flags=0x0 sdk=28
10-07 18:10:14.587 3728 3728 D NewAvrcpMediaPlayerList: sendMediaUpdate
10-07 18:10:14.587 3728 3728 I NewAvrcpMediaPlayerList: sendMediaUpdate: Creating a one item queue for a player with no queue
10-07 18:10:14.587 3728 3728 D NewAvrcpTargetService: onMediaUpdated: track_changed=true state=false queue=true
10-07 18:10:14.587 3728 3728 D NewAvrcpNativeInterface: sendMediaUpdate: metadata=true playStatus=false queue=true
10-07 18:10:14.588 3728 3728 D NewAvrcpTargetJni: sendMediaUpdateNative
10-07 18:10:14.588 3728 3728 I bt_stack: [INFO:avrcp_service.cc(342)] virtual void bluetooth::avrcp::AvrcpService::SendMediaUpdate(bool, bool, bool) track_changed=1 : play_state=0 : queue=1
10-07 18:10:14.592 4869 4869 D NowPlayingManager: onMediaDataUpdated() called with: mediaData = [com.google.android.tvrecommendations.NowPlayingData@60dfe68]
10-07 18:10:14.593 4869 4869 D NowPlayingListener: updatePlayback() called with: state = [PlaybackState {state=1, position=-1, buffered position=0, speed=1.0, updated=4449198, actions=382, custom actions=[], active item id=-1, error=null}] and now playing listener: com.google.android.tvrecommendations.NowPlayingManager@ab6ca20
10-07 18:10:14.593 4869 4869 D NowPlayingManager: onClientPlaybackStateUpdate() called with: state = [1], stateChangeTimeMs = [4449198], currentPosMs = [-1]
10-07 18:10:14.593 4869 4869 D NowPlayingManager: onClientPlaybackStateUpdate: Skipped update, state: 1 was unchanged
10-07 18:10:14.669 3728 3728 V NewAvrcpMediaPlayerWrapper: onPlaybackStateChanged(): org.xbmc.kodinerds : PlaybackState {state=3, position=0, buffered position=0, speed=1.0, updated=9408168, actions=-1, custom actions=[], active item id=-1, error=null}
10-07 18:10:14.669 3728 3728 W NewAvrcpMediaPlayerWrapper: onPlaybackStateChanged(): org.xbmc.kodinerds tried to update with no new data
10-07 18:10:15.012 3322 3322 D DrmHal : found drm@1.0 IDrmFactory clearkey
10-07 18:10:15.013 3322 3322 D DrmHal : found drm@1.0 IDrmFactory default
10-07 18:10:15.014 3322 3322 D DrmHal : found drm@1.0 IDrmFactory playready
10-07 18:10:15.015 3322 3322 D DrmHal : found drm@1.0 IDrmFactory widevine
10-07 18:10:15.016 3322 3322 D DrmHal : found drm@1.1 IDrmFactory clearkey
10-07 18:10:15.017 3322 3322 D DrmHal : found drm@1.1 IDrmFactory playready
10-07 18:10:15.018 3322 3322 D DrmHal : found drm@1.1 IDrmFactory widevine
10-07 18:10:15.023 23452 23793 E DxDrmModularPlugin: initClient_and_lock, failed to load config file a000000
10-07 18:10:15.025 23452 23793 I DxModule_0x80000000: Initializing DRM BlackBox
at external/DxDrm/MultiScheme/BlackBox/../../MultiScheme/BlackBox/DxDrmBlackBox.c(26)
10-07 18:10:15.027 23452 23793 I DxModule_0x80000000: Renewal table XML not found at: DxRenewalTable.xml
at external/DxDrm/MultiScheme/BlackBox/../../MultiScheme/BlackBox/DxSecureAssetsRenewal.cpp(44)
10-07 18:10:15.176 3728 3728 V NewAvrcpMediaPlayerWrapper: onPlaybackStateChanged(): org.xbmc.kodinerds : PlaybackState {state=3, position=0, buffered position=0, speed=1.0, updated=9408676, actions=-1, custom actions=[], active item id=-1, error=null}
10-07 18:10:15.177 3728 3728 W NewAvrcpMediaPlayerWrapper: onPlaybackStateChanged(): org.xbmc.kodinerds tried to update with no new data
10-07 18:10:15.345 23452 23793 I DxModule_0x80000000: Authenticator opened successfully.
at external/DxDrm/MultiScheme/Server/../../DxInfra/DB/CDxSecureDB.cpp(824)
10-07 18:10:15.346 23452 23793 I DxModule_0x80000000: g_DxLastTimeSaved is 0
at external/DxDrm/PlatformUtils/Server/DxSecureTime.cpp(645)
10-07 18:10:15.346 23452 23793 I DxModule_0x80000000: GetLastSavedTime return 1570456310
at external/DxDrm/PlatformUtils/Server/DxSecureTime.cpp(657)
10-07 18:10:15.347 23452 23793 I DxModule_0x80000000: Base clock delta: 0
at external/DxDrm/PlatformUtils/Server/DxSecureTime.cpp(159)
10-07 18:10:15.347 23452 23793 I DxModule_0x80000000: Secure-Time toolkit initialized successfully.
at external/DxDrm/PlatformUtils/Server/DxSecureTime.cpp(163)
10-07 18:10:15.347 23452 23793 I DxModule_0x80000000: Initializing PlayReady server
at external/DxDrm/PlayReady/Server/DxPrdyServer.cpp(83)
10-07 18:10:15.348 23452 23793 I DxModule_0x80000000: Auto-Provisioning
at external/DxDrm/PlayReady/Server/DxPrdyAutoProvision.cpp(580)
10-07 18:10:15.349 23452 23793 E DxModule_0x80000000: Returning Error Code: (0x02000009)
at external/DxDrm/PlayReady/Server/DxPrdyProvisioning.cpp(112)
10-07 18:10:15.352 23452 23793 I chatty : uid=1013(media) identical 1 line
10-07 18:10:15.354 23452 23793 E DxModule_0x80000000: Returning Error Code: (0x02000009)
at external/DxDrm/PlayReady/Server/DxPrdyProvisioning.cpp(112)
10-07 18:10:15.354 23452 23793 I DxModule_0x80000000: Trying to initialize application context
at external/DxDrm/PlayReady/Server/DxPrdyProvisioning.cpp(404)
10-07 18:10:15.354 23452 23793 E DxModule_0x80000000: Call PlayReady_Initialize
at external/DxDrm/PlayReady/Server/DxPrdyProvisioning.cpp(409)
10-07 18:10:15.461 23452 23793 I DxModule_0x80000000: g_DxLastElapsedTime=9408961 g_DxLastTime=0 g_DxLastTimeSaved=1570464615
at external/DxDrm/PlatformUtils/Server/DxSecureTime.cpp(387)
10-07 18:10:15.500 23452 23793 I DxModule_0x80000000: DRM_RVK_VerifyRevocationInfo Cache init
at external/DxDrm/PlayReady/ServerSDK/../Device_PK_1.2/Source/core/drmrevocation.c(2491)
10-07 18:10:15.573 23452 23793 I DxModule_0x80000000: Initialized PlayReady DRM context: 0x44703508
at external/DxDrm/PlayReady/Server/DxPrdyServerSdkApi.cpp(172)
10-07 18:10:15.573 23452 23793 I DxModule_0x80000000: PlayReady provisioning verified successfully
at external/DxDrm/PlayReady/Server/DxPrdyProvisioning.cpp(417)
10-07 18:10:15.577 23452 23793 I DxModule_0x80000000: DRM Server was initialized successfully.
at external/DxDrm/MultiScheme/Server/DxDrmServer.cpp(170)
10-07 18:10:15.577 23452 23793 I DxModule_0x80000000: DxDrmClient_Init DxLock_Create - res=0
at external/DxDrm/AdaptationLayer/CDxDrmClient.cpp(97)
10-07 18:10:15.577 23452 23793 I DxModule_0x80000000: DxDrmClient_Init end OK
at external/DxDrm/AdaptationLayer/CDxDrmClient.cpp(99)
10-07 18:10:15.635 23452 23793 I DxModule_0x80000000: Initialized PlayReady DRM context: 0x44703BC8
at external/DxDrm/PlayReady/Server/DxPrdyServerSdkApi.cpp(172)
10-07 18:10:15.635 23452 23793 I DxModule_0x80000000: Creating petition request
at external/DxDrm/PlayReady/Client/CDxPrdyClockSyncIS.cpp(94)
10-07 18:10:15.639 23452 23793 E DxModule_0x80000000: Returning Error Code: DX_HTTP_REQUEST_IS_AVAILABLE (0x00000020)
at external/DxDrm/PlayReady/Client/CDxPrdyClockSyncIS.cpp(100)
10-07 18:10:15.639 23452 23793 I LIBDXEXT_CURL: Initializing Lib
10-07 18:10:15.694 3728 3728 V NewAvrcpMediaPlayerWrapper: onPlaybackStateChanged(): org.xbmc.kodinerds : PlaybackState {state=3, position=0, buffered position=0, speed=1.0, updated=9409193, actions=-1, custom actions=[], active item id=-1, error=null}
10-07 18:10:15.694 3728 3728 W NewAvrcpMediaPlayerWrapper: onPlaybackStateChanged(): org.xbmc.kodinerds tried to update with no new data
10-07 18:10:16.211 3728 3728 V NewAvrcpMediaPlayerWrapper: onPlaybackStateChanged(): org.xbmc.kodinerds : PlaybackState {state=3, position=0, buffered position=0, speed=1.0, updated=9409710, actions=-1, custom actions=[], active item id=-1, error=null}
10-07 18:10:16.211 3728 3728 W NewAvrcpMediaPlayerWrapper: onPlaybackStateChanged(): org.xbmc.kodinerds tried to update with no new data
10-07 18:10:16.259 23452 23793 I DxModule_0x80000000: Processing petition response to retrieve challenge URL
at external/DxDrm/PlayReady/Client/CDxPrdyClockSyncIS.cpp(105)
10-07 18:10:16.259 23452 23793 I DxModule_0x80000000: Generating secure clock challenge request.
at external/DxDrm/PlayReady/Client/CDxPrdyClockSyncIS.cpp(115)
10-07 18:10:16.259 23452 23793 E DxModule_0x80000000: Returning Error Code: DX_HTTP_REQUEST_IS_AVAILABLE (0x00000020)
at external/DxDrm/PlayReady/Client/CDxPrdyClockSyncIS.cpp(121)
10-07 18:10:16.388 23452 23793 I DxModule_0x80000000: Processing secure clock challenge response.
at external/DxDrm/PlayReady/Client/CDxPrdyClockSyncIS.cpp(126)
10-07 18:10:16.458 23452 23793 I DxModule_0x80000000: Clock synchronization successful
at external/DxDrm/PlayReady/Client/CDxPrdyClockSyncIS.cpp(138)
10-07 18:10:16.462 23452 23793 D DxDrmModularPlugin: Android Release = 9
10-07 18:10:16.462 23452 23793 D DxDrmModularPlugin: ++++++++++++ DxDrmModularPlugin version: _KK_HWA_PR_1.0.0.0 CORE: DX10_NvidiaTLK_PLAYREADY_RC_06_00_16_30416 ++++++++++++
10-07 18:10:16.463 23452 23452 E DxNvGooModularPlugin: setListener
10-07 18:10:16.463 23452 23452 D DxDrmModularPlugin: DxModularDrmPluginBase::getPropertyByteArray - name = deviceUniqueId value = (null)
10-07 18:10:16.463 23452 23452 W DxDrmModularPlugin: Unable to convert legacy status: -2, defaulting to UNKNOWN
10-07 18:10:16.464 23452 23452 W DxDrmModularPlugin: Unable to convert legacy status: -2, defaulting to UNKNOWN
10-07 18:10:16.465 23452 23452 E DxNvGooModularPlugin: getSecurityLevel
10-07 18:10:16.465 23452 23452 F android.hardware.drm@1.1::DrmPlugin: getSecurityLevel: _hidl_cb not called, but must be called once.
10-07 18:10:16.466 23452 23452 F libc : Fatal signal 6 (SIGABRT), code -6 (SI_TKILL) in tid 23452 (drm@1.1-service), pid 23452 (drm@1.1-service)
10-07 18:10:16.485 23804 23804 I crash_dump32: obtaining output fd from tombstoned, type: kDebuggerdTombstone
10-07 18:10:16.486 3334 3334 I /system/bin/tombstoned: received crash request for pid 23452
10-07 18:10:16.486 23804 23804 I crash_dump32: performing dump of process 23452 (target tid = 23452)
10-07 18:10:16.488 23804 23804 F DEBUG : *** *** *** *** *** *** *** *** *** *** *** *** *** *** *** ***
10-07 18:10:16.489 23804 23804 F DEBUG : Build fingerprint: 'NVIDIA/foster_e_hdd/foster:9/PPR1.180610.011/4086637_1697.8089:user/release-keys'
10-07 18:10:16.489 23804 23804 F DEBUG : Revision: '0'
10-07 18:10:16.489 23804 23804 F DEBUG : ABI: 'arm'
10-07 18:10:16.489 23804 23804 F DEBUG : pid: 23452, tid: 23452, name: drm@1.1-service >>> /vendor/bin/hw/android.hardware.drm@1.1-service.playready <<<
10-07 18:10:16.489 23804 23804 F DEBUG : signal 6 (SIGABRT), code -6 (SI_TKILL), fault addr --------
10-07 18:10:16.489 23804 23804 F DEBUG : Abort message: 'getSecurityLevel: _hidl_cb not called, but must be called once.'
10-07 18:10:16.489 23804 23804 F DEBUG : r0 00000000 r1 00005b9c r2 00000006 r3 00000008
10-07 18:10:16.489 23804 23804 F DEBUG : r4 00005b9c r5 00005b9c r6 ff83b06c r7 0000010c
10-07 18:10:16.489 23804 23804 F DEBUG : r8 43967f79 r9 ff83b9a4 r10 ff83b9e8 r11 442640e4
10-07 18:10:16.489 23804 23804 F DEBUG : ip ff83b4f8 sp ff83b058 lr 432af24d pc 432a6f76
10-07 18:10:16.496 23804 23804 F DEBUG :
10-07 18:10:16.496 23804 23804 F DEBUG : backtrace:
10-07 18:10:16.496 23804 23804 F DEBUG : #00 pc 0001cf76 /system/lib/libc.so (abort+58)
10-07 18:10:16.496 23804 23804 F DEBUG : #01 pc 00006d91 /system/lib/liblog.so (__android_log_assert+156)
10-07 18:10:16.496 23804 23804 F DEBUG : #02 pc 00020ebf /system/lib/vndk-28/android.hardware.drm@1.1.so (android::hardware::drm::V1_1::BnHwDrmPlugin::_hidl_getSecurityLevel(android::hidl::base::V1_0::BnHwBase*, android::hardware::Parcel const&, android::hardware::Parcel*, std::__1::function)+310)
10-07 18:10:16.497 23804 23804 F DEBUG : #03 pc 00021fa1 /system/lib/vndk-28/android.hardware.drm@1.1.so (android::hardware::drm::V1_1::BnHwDrmPlugin::onTransact(unsigned int, android::hardware::Parcel const&, android::hardware::Parcel*, unsigned int, std::__1::function)+2652)
10-07 18:10:16.497 23804 23804 F DEBUG : #04 pc 000165d9 /system/lib/vndk-sp-28/libhwbinder.so (android::hardware::BHwBinder::transact(unsigned int, android::hardware::Parcel const&, android::hardware::Parcel*, unsigned int, std::__1::function)+52)
10-07 18:10:16.497 23804 23804 F DEBUG : #05 pc 0000f73f /system/lib/vndk-sp-28/libhwbinder.so (android::hardware::IPCThreadState::executeCommand(int)+806)
10-07 18:10:16.497 23804 23804 F DEBUG : #06 pc 0000f30b /system/lib/vndk-sp-28/libhwbinder.so (android::hardware::IPCThreadState::getAndExecuteCommand()+122)
10-07 18:10:16.497 23804 23804 F DEBUG : #07 pc 0000fbc7 /system/lib/vndk-sp-28/libhwbinder.so (android::hardware::IPCThreadState::joinThreadPool(bool)+190)
10-07 18:10:16.497 23804 23804 F DEBUG : #08 pc 000012d7 /vendor/bin/hw/android.hardware.drm@1.1-service.playready (main+410)
10-07 18:10:16.497 23804 23804 F DEBUG : #09 pc 0008cbdd /system/lib/libc.so (__libc_init+48)
10-07 18:10:16.497 23804 23804 F DEBUG : #10 pc 0000111d /vendor/bin/hw/android.hardware.drm@1.1-service.playready (_start_main+40)
10-07 18:10:16.497 23804 23804 F DEBUG : #11 pc 00000306
10-07 18:10:06.105 3543 3543 E ActivityThread: Failed to find provider info for com.nvidia.ibeta
10-07 18:10:16.522 3543 3799 W NativeCrashListener: Couldn't find ProcessRecord for pid 23452
10-07 18:10:16.523 3334 3334 E /system/bin/tombstoned: Tombstone written to: /data/tombstones/tombstone_02
10-07 18:10:16.526 3543 3585 I BootReceiver: Copying /data/tombstones/tombstone_02 to DropBox (SYSTEM_TOMBSTONE)
10-07 18:10:16.537 3543 3577 W BroadcastQueue: Background execution not allowed: receiving Intent { act=android.intent.action.DROPBOX_ENTRY_ADDED flg=0x10 (has extras) } to com.google.android.gms/.stats.service.DropBoxEntryAddedReceiver
10-07 18:10:16.539 3543 3577 W BroadcastQueue: Background execution not allowed: receiving Intent { act=android.intent.action.DROPBOX_ENTRY_ADDED flg=0x10 (has extras) } to com.google.android.gms/.chimera.GmsIntentOperationService$PersistentTrustedReceiver
10-07 18:10:16.539 3543 3577 W BroadcastQueue: Background execution not allowed: receiving Intent { act=android.intent.action.DROPBOX_ENTRY_ADDED flg=0x10 (has extras) } to com.nvidia.stats/.CollectionsReceiver
10-07 18:10:16.591 23807 23807 D NvOsDebugPrintf:
10-07 18:10:16.591 23807 23807 D NvOsDebugPrintf:
10-07 18:10:16.591 23807 23807 D NvOsDebugPrintf:
10-07 18:10:16.591 23807 23807 D NvOsDebugPrintf: ****NvRmMemInit failed****
10-07 18:10:16.591 23807 23807 D NvOsDebugPrintf:
10-07 18:10:16.591 23807 23807 D NvOsDebugPrintf:
10-07 18:10:16.591 23807 23807 D android.hardware.drm@1.1-service.playready: playready HAL service starting...
10-07 18:10:16.592 23807 23807 I ServiceManagement: Removing namespace from process name android.hardware.drm@1.1-service.playready to drm@1.1-service.playready.
10-07 18:10:16.593 23807 23807 I ServiceManagement: Removing namespace from process name android.hardware.drm@1.1-service.playready to drm@1.1-service.playready.
10-07 18:10:16.721 3728 3728 V NewAvrcpMediaPlayerWrapper: onPlaybackStateChanged(): org.xbmc.kodinerds : PlaybackState {state=3, position=0, buffered position=0, speed=1.0, updated=9410220, actions=-1, custom actions=[], active item id=-1, error=null}
10-07 18:10:16.722 3728 3728 W NewAvrcpMediaPlayerWrapper: onPlaybackStateChanged(): org.xbmc.kodinerds tried to update with no new data
10-07 18:10:16.770 23492 23788 F .xbmc.kodinerd: runtime.cc:558] native: #05 pc 00000000000b4fa8 /system/lib64/libandroid_runtime.so (android::AndroidRuntime::javaThreadShell(void*)+140)
10-07 18:10:16.770 23492 23788 F .xbmc.kodinerd: runtime.cc:558] native: #06 pc 0000000000081978 /system/lib64/libc.so (__pthread_start(void*)+36)
10-07 18:10:16.770 23492 23788 F .xbmc.kodinerd: runtime.cc:558] native: #07 pc 00000000000234b8 /system/lib64/libc.so (__start_thread+68)
10-07 18:10:16.770 23492 23788 F .xbmc.kodinerd: runtime.cc:558] (no managed stack frames)
10-07 18:10:16.770 23492 23788 F .xbmc.kodinerd: runtime.cc:558]
10-07 18:10:16.771 23492 23788 F .xbmc.kodinerd: runtime.cc:558] "NsdManager" prio=10 tid=24 Native
10-07 18:10:16.771 23492 23788 F .xbmc.kodinerd: runtime.cc:558] | group="" sCount=1 dsCount=0 flags=1 obj=0x12f838e0 self=0x2f673f3000
10-07 18:10:16.771 23492 23788 F .xbmc.kodinerd: runtime.cc:558] | sysTid=23578 nice=0 cgrp=default sched=0/0 handle=0x2f6d0574f0
10-07 18:10:16.771 23492 23788 F .xbmc.kodinerd: runtime.cc:558] | state=S schedstat=( 1170519 469948 7 ) utm=0 stm=0 core=0 HZ=100
10-07 18:10:16.771 23492 23788 F .xbmc.kodinerd: runtime.cc:558] | stack=0x2f6cf54000-0x2f6cf56000 stackSize=1041KB
10-07 18:10:16.771 23492 23788 F .xbmc.kodinerd: runtime.cc:558] | held mutexes=
10-07 18:10:16.771 23492 23788 F .xbmc.kodinerd: runtime.cc:558] kernel: (couldn't read /proc/self/task/23578/stack)
10-07 18:10:16.771 23492 23788 F .xbmc.kodinerd: runtime.cc:558] native: #00 pc 000000000006e09c /system/lib64/libc.so (__epoll_pwait+8)
10-07 18:10:16.771 23492 23788 F .xbmc.kodinerd: runtime.cc:558] native: #01 pc 0000000000013efc /system/lib64/libutils.so (android::Looper::pollInner(int)+144)
10-07 18:10:16.771 23492 23788 F .xbmc.kodinerd: runtime.cc:558] native: #02 pc 0000000000013dd0 /system/lib64/libutils.so (android::Looper::pollOnce(int, int*, int*, void**)+60)
10-07 18:10:16.771 23492 23788 F .xbmc.kodinerd: runtime.cc:558] native: #03 pc 0000000000120bec /system/lib64/libandroid_runtime.so (android::android_os_MessageQueue_nativePollOnce(_JNIEnv*, _jobject*, long, int)+44)
10-07 18:10:16.771 23492 23788 F .xbmc.kodinerd: runtime.cc:558]
at android.os.MessageQueue.nativePollOnce(Native method)
10-07 18:10:16.771 23492 23788 F .xbmc.kodinerd: runtime.cc:558]
at android.os.MessageQueue.next(MessageQueue.java:326)
10-07 18:10:16.771 23492 23788 F .xbmc.kodinerd: runtime.cc:558]
at android.os.Looper.loop(Looper.java:160)
10-07 18:10:16.771 23492 23788 F .xbmc.kodinerd: runtime.cc:558]
at android.os.HandlerThread.run(HandlerThread.java:65)
10-07 18:10:16.771 23492 23788 F .xbmc.kodinerd: runtime.cc:558]
10-07 18:10:16.771 23492 23788 F .xbmc.kodinerd: runtime.cc:558] "Thread-8" prio=10 tid=25 Native
10-07 18:10:16.771 23492 23788 F .xbmc.kodinerd: runtime.cc:558] | group="" sCount=1 dsCount=0 flags=1 obj=0x12f839d0 self=0x2f673f3c00
10-07 18:10:16.771 23492 23788 F .xbmc.kodinerd: runtime.cc:558] | sysTid=23579 nice=-10 cgrp=default sched=0/0 handle=0x2f6d1554f0
10-07 18:10:16.771 23492 23788 F .xbmc.kodinerd: runtime.cc:558] | state=S schedstat=( 5538186 4742136 113 ) utm=0 stm=0 core=1 HZ=100
10-07 18:10:16.771 23492 23788 F .xbmc.kodinerd: runtime.cc:558] | stack=0x2f6d05a000-0x2f6d05c000 stackSize=1009KB
10-07 18:10:16.771 23492 23788 F .xbmc.kodinerd: runtime.cc:558] | held mutexes=
10-07 18:10:16.771 23492 23788 F .xbmc.kodinerd: runtime.cc:558] kernel: (couldn't read /proc/self/task/23579/stack)
10-07 18:10:16.771 23492 23788 F .xbmc.kodinerd: runtime.cc:558] native: #00 pc 000000000006e1d4 /system/lib64/libc.so (__pselect6+8)
10-07 18:10:16.771 23492 23788 F .xbmc.kodinerd: runtime.cc:558] native: #01 pc 000000000002b798 /system/lib64/libc.so (select+100)
10-07 18:10:16.771 23492 23788 F .xbmc.kodinerd: runtime.cc:558] native: #02 pc 0000000001b8b814 /data/app/org.xbmc.kodinerds-tXmRcWl0nYogoESJM-Jwkg==/lib/arm64/libkodi.so (SOCKETS::CSocketListener::Listen(int)+264)
10-07 18:10:16.771 23492 23788 F .xbmc.kodinerd: runtime.cc:558] native: #03 pc 0000000001b7df84 /data/app/org.xbmc.kodinerds-tXmRcWl0nYogoESJM-Jwkg==/lib/arm64/libkodi.so (EVENTSERVER::CEventServer::Run()+428)
10-07 18:10:16.771 23492 23788 F .xbmc.kodinerd: runtime.cc:558] native: #04 pc 0000000001b7ddb8 /data/app/org.xbmc.kodinerds-tXmRcWl0nYogoESJM-Jwkg==/lib/arm64/libkodi.so (EVENTSERVER::CEventServer::Process()+52)
10-07 18:10:16.771 23492 23788 F .xbmc.kodinerd: runtime.cc:558] native: #05 pc 0000000001608a94 /data/app/org.xbmc.kodinerds-tXmRcWl0nYogoESJM-Jwkg==/lib/arm64/libkodi.so (CThread::Action()+40)
10-07 18:10:16.771 23492 23788 F .xbmc.kodinerd: runtime.cc:558] native: #06 pc 0000000001609038 /data/app/org.xbmc.kodinerds-tXmRcWl0nYogoESJM-Jwkg==/lib/arm64/libkodi.so (???)
10-07 18:10:16.771 23492 23788 F .xbmc.kodinerd: runtime.cc:558] native: #07 pc 0000000001608eec /data/app/org.xbmc.kodinerds-tXmRcWl0nYogoESJM-Jwkg==/lib/arm64/libkodi.so (???)
10-07 18:10:16.771 23492 23788 F .xbmc.kodinerd: runtime.cc:558] native: #08 pc 0000000001608cf8 /data/app/org.xbmc.kodinerds-tXmRcWl0nYogoESJM-Jwkg==/lib/arm64/libkodi.so (???)
10-07 18:10:16.771 23492 23788 F .xbmc.kodinerd: runtime.cc:558] native: #09 pc 0000000000081978 /system/lib64/libc.so (__pthread_start(void*)+36)
10-07 18:10:16.771 23492 23788 F .xbmc.kodinerd: runtime.cc:558] native: #10 pc 00000000000234b8 /system/lib64/libc.so (__start_thread+68)
10-07 18:10:16.771 23492 23788 F .xbmc.kodinerd: runtime.cc:558] (no managed stack frames)
10-07 18:10:16.771 23492 23788 F .xbmc.kodinerd: runtime.cc:558]
10-07 18:10:16.771 23492 23788 F .xbmc.kodinerd: runtime.cc:558] "Thread-10" prio=10 tid=22 Native
10-07 18:10:16.771 23492 23788 F .xbmc.kodinerd: runtime.cc:558] | group="" sCount=1 dsCount=0 flags=1 obj=0x13002e60 self=0x2f6d71dc00
10-07 18:10:16.771 23492 23788 F .xbmc.kodinerd: runtime.cc:558] | sysTid=23694 nice=-9 cgrp=default sched=0/0 handle=0x2f679fb4f0
10-07 18:10:16.771 23492 23788 F .xbmc.kodinerd: runtime.cc:558] | state=S schedstat=( 1011262477 189405676 1155 ) utm=97 stm=3 core=2 HZ=100
10-07 18:10:16.771 23492 23788 F .xbmc.kodinerd: runtime.cc:558] | stack=0x2f67900000-0x2f67902000 stackSize=1009KB
10-07 18:10:16.771 23492 23788 F .xbmc.kodinerd: runtime.cc:558] | held mutexes=
10-07 18:10:16.771 23492 23788 F .xbmc.kodinerd: runtime.cc:558] kernel: (couldn't read /proc/self/task/23694/stack)
10-07 18:10:16.771 23492 23788 F .xbmc.kodinerd: runtime.cc:558] native: #00 pc 000000000001f070 /system/lib64/libc.so (syscall+32)
10-07 18:10:16.771 23492 23788 F .xbmc.kodinerd: runtime.cc:558] native: #01 pc 00000000000221bc /system/lib64/libc.so (__futex_wait_ex(void volatile*, bool, int, bool, timespec const*)+140)
10-07 18:10:16.771 23492 23788 F .xbmc.kodinerd: runtime.cc:558] native: #02 pc 0000000000080f60 /system/lib64/libc.so (pthread_cond_timedwait+120)
10-07 18:10:16.771 23492 23788 F .xbmc.kodinerd: runtime.cc:558] native: #03 pc 00000000000532b0 /data/app/org.xbmc.kodinerds-tXmRcWl0nYogoESJM-Jwkg==/lib/arm64/libc++_shared.so (_ZNSt6__ndk118condition_variable15__do_timed_waitERNS_11unique_lockINS_5mutexEEENS_6chrono10time_pointINS5_12system_clockENS5_8durationIxNS_5ratioILl1ELl1000000000EEEEEEE+108)
10-07 18:10:16.771 23492 23788 F .xbmc.kodinerd: runtime.cc:558] native: #04 pc 00000000011d06dc /data/app/org.xbmc.kodinerds-tXmRcWl0nYogoESJM-Jwkg==/lib/arm64/libkodi.so (???)
10-07 18:10:16.771 23492 23788 F .xbmc.kodinerd: runtime.cc:558] native: #05 pc 00000000011d051c /data/app/org.xbmc.kodinerds-tXmRcWl0nYogoESJM-Jwkg==/lib/arm64/libkodi.so (???)
10-07 18:10:16.771 23492 23788 F .xbmc.kodinerd: runtime.cc:558] native: #06 pc 00000000011d0320 /data/app/org.xbmc.kodinerds-tXmRcWl0nYogoESJM-Jwkg==/lib/arm64/libkodi.so (???)
10-07 18:10:16.771 23492 23788 F .xbmc.kodinerd: runtime.cc:558] native: #07 pc 00000000011d026c /data/app/org.xbmc.kodinerds-tXmRcWl0nYogoESJM-Jwkg==/lib/arm64/libkodi.so (???)
10-07 18:10:16.771 23492 23788 F .xbmc.kodinerd: runtime.cc:558] native: #08 pc 00000000011d0160 /data/app/org.xbmc.kodinerds-tXmRcWl0nYogoESJM-Jwkg==/lib/arm64/libkodi.so (XbmcThreads::ConditionVariable::wait(CCriticalSection&, unsigned long)+96)
10-07 18:10:16.771 23492 23788 F .xbmc.kodinerd: runtime.cc:558] native: #09 pc 00000000011d0080 /data/app/org.xbmc.kodinerds-tXmRcWl0nYogoESJM-Jwkg==/lib/arm64/libkodi.so (bool XbmcThreads::TightConditionVariable::wait(CCriticalSection&, unsigned long)+132)
10-07 18:10:16.771 23492 23788 F .xbmc.kodinerd: runtime.cc:558] native: #10 pc 00000000011cd45c /data/app/org.xbmc.kodinerds-tXmRcWl0nYogoESJM-Jwkg==/lib/arm64/libkodi.so (CEvent::WaitMSec(unsigned int)+80)
10-07 18:10:16.771 23492 23788 F .xbmc.kodinerd: runtime.cc:558] native: #11 pc 0000000001594e6c /data/app/org.xbmc.kodinerds-tXmRcWl0nYogoESJM-Jwkg==/lib/arm64/libkodi.so (CJobManager::GetNextJob(CJobWorker const*)+100)
10-07 18:10:16.771 23492 23788 F .xbmc.kodinerd: runtime.cc:558] native: #12 pc 0000000001594dbc /data/app/org.xbmc.kodinerds-tXmRcWl0nYogoESJM-Jwkg==/lib/arm64/libkodi.so (CJobWorker::Process()+196)
10-07 18:10:16.771 23492 23788 F .xbmc.kodinerd: runtime.cc:558] native: #13 pc 0000000001608a94 /data/app/org.xbmc.kodinerds-tXmRcWl0nYogoESJM-Jwkg==/lib/arm64/libkodi.so (CThread::Action()+40)
10-07 18:10:16.771 23492 23788 F .xbmc.kodinerd: runtime.cc:558] native: #14 pc 0000000001609038 /data/app/org.xbmc.kodinerds-tXmRcWl0nYogoESJM-Jwkg==/lib/arm64/libkodi.so (???)
10-07 18:10:16.771 23492 23788 F .xbmc.kodinerd: runtime.cc:558] native: #15 pc 0000000001608eec /data/app/org.xbmc.kodinerds-tXmRcWl0nYogoESJM-Jwkg==/lib/arm64/libkodi.so (???)
10-07 18:10:16.771 23492 23788 F .xbmc.kodinerd: runtime.cc:558] native: #16 pc 0000000001608cf8 /data/app/org.xbmc.kodinerds-tXmRcWl0nYogoESJM-Jwkg==/lib/arm64/libkodi.so (???)
10-07 18:10:16.771 23492 23788 F .xbmc.kodinerd: runtime.cc:558] native: #17 pc 0000000000081978 /system/lib64/libc.so (__pthread_start(void*)+36)
10-07 18:10:16.771 23492 23788 F .xbmc.kodinerd: runtime.cc:558] native: #18 pc 00000000000234b8 /system/lib64/libc.so (__start_thread+68)
10-07 18:10:16.771 23492 23788 F .xbmc.kodinerd: runtime.cc:558] (no managed stack frames)
10-07 18:10:16.771 23492 23788 F .xbmc.kodinerd: runtime.cc:558]
10-07 18:10:16.771 23492 23788 F .xbmc.kodinerd: runtime.cc:558] "Thread-11" prio=10 tid=23 Native
10-07 18:10:16.771 23492 23788 F .xbmc.kodinerd: runtime.cc:558] | group="" sCount=1 dsCount=0 flags=1 obj=0x13002ee8 self=0x2f63a58800
10-07 18:10:16.771 23492 23788 F .xbmc.kodinerd: runtime.cc:558] | sysTid=23693 nice=-9 cgrp=default sched=0/0 handle=0x2f678fd4f0
10-07 18:10:16.771 23492 23788 F .xbmc.kodinerd: runtime.cc:558] | state=S schedstat=( 1611115750 211158816 1748 ) utm=149 stm=11 core=2 HZ=100
10-07 18:10:16.771 23492 23788 F .xbmc.kodinerd: runtime.cc:558] | stack=0x2f67802000-0x2f67804000 stackSize=1009KB
10-07 18:10:16.771 23492 23788 F .xbmc.kodinerd: runtime.cc:558] | held mutexes=
10-07 18:10:16.771 23492 23788 F .xbmc.kodinerd: runtime.cc:558] kernel: (couldn't read /proc/self/task/23693/stack)
10-07 18:10:16.771 23492 23788 F .xbmc.kodinerd: runtime.cc:558] native: #00 pc 000000000001f070 /system/lib64/libc.so (syscall+32)
10-07 18:10:16.771 23492 23788 F .xbmc.kodinerd: runtime.cc:558] native: #01 pc 00000000000221bc /system/lib64/libc.so (__futex_wait_ex(void volatile*, bool, int, bool, timespec const*)+140)
10-07 18:10:16.771 23492 23788 F .xbmc.kodinerd: runtime.cc:558] native: #02 pc 0000000000080f60 /system/lib64/libc.so (pthread_cond_timedwait+120)
