10-07 18:06:43.675 22815 22847 I Finsky : [98] ouy.a(5): SettingNotFoundException, fall through to G.downloadBytesOverMobileMaximum
10-07 18:06:43.675 22815 22847 W Settings: Setting download_manager_recommended_max_bytes_over_mobile has moved from android.provider.Settings.Secure to android.provider.Settings.Global.
10-07 18:06:43.675 22815 22847 I Finsky : [98] ouy.a(8): SettingNotFoundException, fall through to G.downloadBytesOverMobileRecommended
10-07 18:06:43.682 22815 22847 I Finsky : [98] wtx.i(7): Setup app restrictions monitor
10-07 18:06:43.683 22815 22847 I Finsky : [98] wvw.a(3): Device wide unknown source restriction is changed.
10-07 18:06:43.867 22815 22871 I Finsky : [120] nyw.a(12): Loaded library for account: [Ms9WfFXPIyA6qves6aUzglBnR8s]
10-07 18:06:43.868 22815 22871 I Finsky : [120] nyw.a(14): Finished loading 1 libraries.
10-07 18:06:43.869 22815 22848 I cr_CronetLibraryLoader: Cronet version: 78.0.3887.6, arch: armv8l
10-07 18:06:43.891 3543 3579 I ActivityManager: Start proc 22889:com.google.process.gapps/u0a12 for content provider com.google.android.gsf/.settings.GoogleSettingsProvider
10-07 18:06:43.896 22889 22889 E e.process.gapp: Not starting debugger since process cannot load the jdwp agent.
10-07 18:06:43.964 22889 22889 I GoogleHttpClient: GMS http client unavailable, use old client
10-07 18:06:44.005 22815 22815 I Finsky : [2] wnd.a(3): Verification requested, id = 0
10-07 18:06:44.010 22815 22815 I Finsky : [2] lts.(18): Installer: Setting Parallelism[DEFAULT]
10-07 18:06:44.010 22815 22840 W DynamiteModule: Local module descriptor class for com.google.android.gms.googlecertificates not found.
10-07 18:06:44.010 22815 22815 I Finsky : [2] lms.a(33): Installer: Attempting to start installer
10-07 18:06:44.012 22815 22815 I Finsky : [2] llz.(7): Not checking if recovering from paused session because experiment is off
10-07 18:06:44.013 22815 22840 W android.vendin: Unsupported class loader
10-07 18:06:44.027 22815 22840 W android.vendin: Skipping duplicate class check due to unsupported classloader
10-07 18:06:44.030 22815 22840 I DynamiteModule: Considering local module com.google.android.gms.googlecertificates:0 and remote module com.google.android.gms.googlecertificates:4
10-07 18:06:44.030 22815 22840 I DynamiteModule: Selected remote version of com.google.android.gms.googlecertificates, version >= 4
10-07 18:06:44.030 22815 22840 V DynamiteModule: Dynamite loader version >= 2, using loadModule2NoCrashUtils
10-07 18:06:44.034 22815 22815 I Finsky : [2] lms.a(207): Installer kick - no action, not running yet
10-07 18:06:44.034 22815 22815 I Finsky : [2] lms.a(207): Installer kick - no action, not running yet
10-07 18:06:44.037 22815 22853 I Finsky : [104] wpj.a(8): Single user settings service is not running, bind it now
10-07 18:06:44.041 22815 22851 D NetworkSecurityConfig: No Network Security Config specified, using platform default
10-07 18:06:44.042 22815 22815 I Finsky : [2] wpk.onServiceConnected(1): Single user settings service is connected
10-07 18:06:44.048 22815 22840 W ChimeraDebugLogger: Singleton logger instance not set.
10-07 18:06:44.048 22815 22840 W android.vendin: Unsupported class loader
10-07 18:06:44.068 3543 3579 I ActivityManager: Start proc 22938:android.process.media/u0a9 for content provider com.android.providers.downloads/.DownloadProvider
10-07 18:06:44.078 22938 22938 E d.process.medi: Not starting debugger since process cannot load the jdwp agent.
10-07 18:06:44.114 22815 22853 W Settings: Setting install_non_market_apps has moved from android.provider.Settings.Global to android.provider.Settings.Secure, returning read-only value.
10-07 18:06:44.159 22938 22938 D SQLiteConnection: set WAL/OFF: /data/user/0/com.android.providers.media/databases/external.db
10-07 18:06:44.173 22938 22938 D SQLiteConnection: set WAL/OFF: /data/user/0/com.android.providers.media/databases/external.db
10-07 18:06:44.433 22815 22815 I Finsky : [2] sbx.a(7): Jobs in database: 1-1337 26-1414141414 29-29 34-35
10-07 18:06:44.434 22815 22815 I Finsky : [2] rza.a(52): ConstraintMapping: 1-1337, -> L: 13508811ms, D: 56708811ms, C: false, I: false, N: 1
10-07 18:06:44.434 22815 22815 I Finsky : [2] rza.a(52): ConstraintMapping: 34-35, -> L: 529294556ms, D: 1825294556ms, C: false, I: true, N: 2
10-07 18:06:44.434 22815 22815 I Finsky : [2] rza.a(52): ConstraintMapping: 34-35, -> L: 529294556ms, D: 1825294556ms, C: true, I: true, N: 2
10-07 18:06:44.434 22815 22815 I Finsky : [2] rza.a(52): ConstraintMapping: 26-1414141414, 29-29, -> L: 29198ms, D: 59198ms, C: false, I: false, N: 0
10-07 18:06:44.438 22815 22815 I Finsky : [2] sbi.a(46): Cancelling existing jobscheduler jobs: 9004 9005 9006 9007
10-07 18:06:44.438 22815 22815 I Finsky : [2] sbi.a(24): Scheduling job Id: 9000, L: 13508811, D: 56708811, C: false, I: false, N: 1
10-07 18:06:44.440 22815 22815 I Finsky : [2] sbi.a(24): Scheduling job Id: 9001, L: 529294556, D: 1825294556, C: false, I: true, N: 2
10-07 18:06:44.440 22815 22815 I Finsky : [2] sbi.a(24): Scheduling job Id: 9002, L: 529294556, D: 1825294556, C: true, I: true, N: 2
10-07 18:06:44.441 22815 22815 I Finsky : [2] sbi.a(24): Scheduling job Id: 9003, L: 29198, D: 59198, C: false, I: false, N: 0
10-07 18:06:44.723 22815 22930 I Finsky : [140] lpz.run(2): Installer: Installer starting.
10-07 18:06:44.723 22815 22930 I Finsky : [140] lpz.run(4): Installer: Installer started.
10-07 18:06:44.724 22815 22815 I Finsky : [2] lms.a(214): Installer: found apps to install. isMultiUserMode=false, apps=[]
10-07 18:06:44.765 22815 22815 I Finsky : [2] thp.a(20): Connecting InstallListener to SplitInstallService broadcaster...
10-07 18:06:46.660 22815 22853 I Finsky : [104] jza.a(3): Task 7 requested foreground
10-07 18:06:46.664 22815 22853 I Finsky : [104] jza.a(5): Not entering foreground
10-07 18:06:47.270 3097 6767 D oemcrypto_cenc: >> OEMCrypto_Generic_Encrypt
10-07 18:06:47.270 3097 6767 D oemcrypto_cenc: << OEMCrypto_Generic_Encrypt
10-07 18:06:47.273 3097 6767 D oemcrypto_cenc: >> OEMCrypto_Generic_Sign
10-07 18:06:47.273 3097 6767 D oemcrypto_cenc: >> OEMCrypto_Generic_Sign
10-07 18:06:47.273 3097 6767 D oemcrypto_cenc: << OEMCrypto_Generic_Sign
10-07 18:06:47.281 3097 6767 D oemcrypto_cenc: >> OEMCrypto_Generic_Encrypt
10-07 18:06:47.281 3097 6767 D oemcrypto_cenc: << OEMCrypto_Generic_Encrypt
10-07 18:06:47.283 3097 6767 D oemcrypto_cenc: >> OEMCrypto_Generic_Sign
10-07 18:06:47.283 3097 6767 D oemcrypto_cenc: >> OEMCrypto_Generic_Sign
10-07 18:06:47.284 3097 6767 D oemcrypto_cenc: << OEMCrypto_Generic_Sign
10-07 18:06:47.287 3097 6767 D oemcrypto_cenc: >> OEMCrypto_Generic_Encrypt
10-07 18:06:47.287 3097 6767 D oemcrypto_cenc: << OEMCrypto_Generic_Encrypt
10-07 18:06:47.290 3097 6767 D oemcrypto_cenc: >> OEMCrypto_Generic_Sign
10-07 18:06:47.290 3097 6767 D oemcrypto_cenc: >> OEMCrypto_Generic_Sign
10-07 18:06:47.290 3097 6767 D oemcrypto_cenc: << OEMCrypto_Generic_Sign
10-07 18:06:47.595 3097 6767 D oemcrypto_cenc: >> OEMCrypto_Generic_Verify
10-07 18:06:47.595 3097 6767 D oemcrypto_cenc: << OEMCrypto_Generic_Verify
10-07 18:06:47.599 3097 6767 D oemcrypto_cenc: >> OEMCrypto_Generic_Decrypt
10-07 18:06:47.599 3097 6767 D oemcrypto_cenc: << OEMCrypto_Generic_Decrypt
10-07 18:06:47.611 3097 6767 D oemcrypto_cenc: >> OEMCrypto_Generic_Verify
10-07 18:06:47.611 3097 6767 D oemcrypto_cenc: << OEMCrypto_Generic_Verify
10-07 18:06:47.613 3097 6767 D oemcrypto_cenc: >> OEMCrypto_Generic_Decrypt
10-07 18:06:47.614 3097 6767 D oemcrypto_cenc: << OEMCrypto_Generic_Decrypt
10-07 18:06:47.647 22815 22877 I Finsky : [123] wvq.b(4): Verify: Verification package=org.xbmc.kodinerds, id=0 response=0
10-07 18:06:47.787 22815 22853 I Finsky : [104] xaq.b(3): PSIC verification started with installer uid: 10017 package name: com.google.android.packageinstaller, originating uid: 10125
10-07 18:06:47.789 22815 22853 I Finsky : [104] xaq.b(3): Skipping logging for attempted installation. The GPP Installer warnings experiment for O+ is disabled.
10-07 18:06:47.798 22815 22815 I Finsky : [2] wwk.c(3): Verifying id=0, result=1
10-07 18:06:48.007 3543 3577 I ActivityManager: Force stopping org.xbmc.kodinerds appid=10159 user=-1: installPackageLI
10-07 18:06:48.007 3543 3577 I ActivityManager: Killing 22626:org.xbmc.kodinerds/u0a159 (adj 900): stop org.xbmc.kodinerds
10-07 18:06:48.007 3543 3580 I chatty : uid=1000(system) ActivityManager expire 3 lines
10-07 18:06:48.036 3082 3082 I Zygote : Process 22626 exited due to signal (9)
10-07 18:06:48.220 3543 3595 I PackageManager: Update package org.xbmc.kodinerds code path from /data/app/org.xbmc.kodinerds-vbrsgimfQ6CBkJOdBTO2Fw== to /data/app/org.xbmc.kodinerds-tXmRcWl0nYogoESJM-Jwkg==; Retain data and using new
10-07 18:06:48.220 3543 3595 I PackageManager: Update package org.xbmc.kodinerds resource path from /data/app/org.xbmc.kodinerds-vbrsgimfQ6CBkJOdBTO2Fw== to /data/app/org.xbmc.kodinerds-tXmRcWl0nYogoESJM-Jwkg==; Retain data and using new
10-07 18:06:48.364 3543 3595 I chatty : uid=1000(system) PackageManager expire 5 lines
10-07 18:06:48.587 3320 3622 E : Couldn't opendir /data/app/vmdl90937588.tmp: No such file or directory
10-07 18:06:48.587 3320 3622 E installd: Failed to delete /data/app/vmdl90937588.tmp: No such file or directory
10-07 18:06:48.590 3543 3595 I ActivityManager: Force stopping org.xbmc.kodinerds appid=10159 user=0: pkg removed
10-07 18:06:48.601 3543 7541 I ActivityManager: START u0 {dat=file:///data/user_de/0/com.google.android.packageinstaller/no_backup/package7284464289701990447.apk flg=0x2000000 cmp=com.google.android.packageinstaller/com.android.packageinstaller.InstallSuccess (has extras)} from uid 10017
10-07 18:06:48.603 3116 3116 E powerHAL::common: Unknown power hint: 0x8
10-07 18:06:48.620 3728 3728 V NewAvrcpMediaPlayerList: mPackageChangedBroadcastReceiver: action: android.intent.action.PACKAGE_REMOVED
10-07 18:06:48.619 4869 5490 D PackageUpdatesReceiver: onReceive: android.intent.action.PACKAGE_REMOVED, extras: Bundle{ android.intent.extra.REMOVED_FOR_ALL_USERS=false android.intent.extra.DONT_KILL_APP=false android.intent.extra.UID=10159 android.intent.extra.DATA_REMOVED=false android.intent.extra.REPLACING=true android.intent.extra.user_handle=0 }, data: package:org.xbmc.kodinerds
10-07 18:06:48.620 4869 5490 D PackageUpdatesReceiver: Unknown action android.intent.action.PACKAGE_REMOVED
10-07 18:06:48.632 3543 3595 I ActivityManager: Force stopping org.xbmc.kodinerds appid=10159 user=0: pkg removed
10-07 18:06:48.648 22720 22720 W ActivityThread: handleWindowVisibility: no activity for token android.os.BinderProxy@752beef
10-07 18:06:48.654 4692 4729 I android_os_HwBinder: HwBinder: Starting thread pool for default::vendor.nvidia.hardware.power@1.0::IPower
10-07 18:06:48.657 4869 5490 D PackageUpdatesReceiver: onReceive: android.intent.action.PACKAGE_ADDED, extras: Bundle{ android.intent.extra.UID=10159 android.intent.extra.REPLACING=true android.intent.extra.user_handle=0 }, data: package:org.xbmc.kodinerds
10-07 18:06:48.657 22815 22815 I Finsky : [2] pnh.a(4): PackageMonitor received: android.intent.action.PACKAGE_ADDED
10-07 18:06:48.658 22815 22815 I Finsky : [2] pog.d(7): Invalidating cached PackageState for org.xbmc.kodinerds
10-07 18:06:48.661 3728 3728 D Avrcp : isBrowsableListUpdated: false
10-07 18:06:48.661 3728 3728 V NewAvrcpMediaPlayerList: mPackageChangedBroadcastReceiver: action: android.intent.action.PACKAGE_ADDED
10-07 18:06:48.661 3728 3728 D NewAvrcpMediaPlayerList: Name of package changed: org.xbmc.kodinerds
10-07 18:06:48.663 4869 5490 D TVNotifService.RecMgr: Skipped update channel for package: org.xbmc.kodinerds
10-07 18:06:48.684 3543 3579 I ActivityManager: Start proc 22990:com.android.keychain/1000 for service com.android.keychain/.KeyChainService
10-07 18:06:48.684 4869 5490 D PackageUpdatesReceiver: onReceive: android.intent.action.PACKAGE_REPLACED, extras: Bundle{ android.intent.extra.UID=10159 android.intent.extra.REPLACING=true android.intent.extra.user_handle=0 }, data: package:org.xbmc.kodinerds
10-07 18:06:48.685 22815 22815 I Finsky : [2] pem.c(2): Frosting ID looked up on UI thread. Caller should move to a background thread.
10-07 18:06:48.686 4869 5490 D TVNotifService.RecMgr: Skipped update channel for package: org.xbmc.kodinerds
10-07 18:06:48.715 3543 3571 I WindowManager: WindowState() - found Launcher @ mAppToken:AppWindowToken{464bf5b token=Token{6a2ae6a ActivityRecord{75bc455 u0 com.google.android.packageinstaller/com.android.packageinstaller.InstallSuccess t1158}}}
10-07 18:06:48.744 22990 22990 E ndroid.keychai: Not starting debugger since process cannot load the jdwp agent.
10-07 18:06:48.744 3543 3579 I ActivityManager: Start proc 23019:com.android.gallery3d/u0a51 for broadcast com.android.gallery3d/.app.PackagesMonitor
10-07 18:06:48.773 22815 22815 I Finsky : [2] pnh.a(4): PackageMonitor received: android.intent.action.PACKAGE_ADDED
10-07 18:06:48.773 22815 22815 I Finsky : [2] pog.d(7): Invalidating cached PackageState for org.xbmc.kodinerds
10-07 18:06:48.778 22815 22815 I Finsky : [2] pem.c(2): Frosting ID looked up on UI thread. Caller should move to a background thread.
10-07 18:06:48.780 3127 4079 D SurfaceFlinger: Connected to Power Manager
10-07 18:06:48.792 23019 23019 E droid.gallery3: Not starting debugger since process cannot load the jdwp agent.
10-07 18:06:48.812 22815 22815 I Finsky : [2] wwk.h(6): Verification complete: id=0, package_name=org.xbmc.kodinerds
10-07 18:06:48.822 3116 3116 E powerHAL::common: Unknown power hint: 0x8
10-07 18:06:48.861 3543 3543 W Looper : Slow dispatch took 150ms main h=android.app.ActivityThread$H c=android.app.-$$Lambda$LoadedApk$ReceiverDispatcher$Args$_BumDX2UKsnxLVrE6UJsJZkotuA@a6002c3 m=0
10-07 18:06:48.861 3543 3543 W Looper : Slow delivery took 206ms main h=android.app.ActivityThread$H c=android.app.-$$Lambda$LoadedApk$ReceiverDispatcher$Args$_BumDX2UKsnxLVrE6UJsJZkotuA@18ac740 m=0
10-07 18:06:48.906 5137 23058 I Auth : [SupervisedAccountIntentOperation] onHandleIntent(): android.intent.action.PACKAGE_ADDED
10-07 18:06:48.907 5137 23003 I ChromeSync: [Sync,SyncIntentOperation] Handling the intent: Intent { act=android.intent.action.PACKAGE_ADDED dat=package:org.xbmc.kodinerds flg=0x4000010 cmp=com.google.android.gms/.chimera.GmsIntentOperationService (has extras) }.
10-07 18:06:48.926 5137 23058 I FontsPackageChangeOp: Package org.xbmc.kodinerds has no metadata
10-07 18:06:48.943 22815 22989 I Finsky : [153] pep.run(16): Wrote row to frosting DB: 2310
10-07 18:06:48.949 22815 22815 I Finsky : [2] sbx.a(7): Jobs in database: 1-1337 12-1 26-1414141414 29-29 34-35
10-07 18:06:48.950 22815 22815 I Finsky : [2] rza.a(52): ConstraintMapping: 1-1337, 12-1, -> L: 14863ms, D: 56704295ms, C: false, I: false, N: 1
10-07 18:06:48.950 22815 22815 I Finsky : [2] rza.a(52): ConstraintMapping: 34-35, -> L: 529290040ms, D: 1825290040ms, C: false, I: true, N: 2
10-07 18:06:48.950 22815 22815 I Finsky : [2] rza.a(52): ConstraintMapping: 34-35, -> L: 529290040ms, D: 1825290040ms, C: true, I: true, N: 2
10-07 18:06:48.951 22815 22815 I Finsky : [2] rza.a(52): ConstraintMapping: 26-1414141414, 29-29, -> L: 24682ms, D: 54682ms, C: false, I: false, N: 0
10-07 18:06:48.961 22815 22815 I Finsky : [2] sbi.a(46): Cancelling existing jobscheduler jobs: 9003 9000 9002 9001
10-07 18:06:48.961 22815 22815 I Finsky : [2] sbi.a(24): Scheduling job Id: 9004, L: 14863, D: 56704295, C: false, I: false, N: 1
10-07 18:06:48.964 22815 22815 I Finsky : [2] sbi.a(24): Scheduling job Id: 9005, L: 529290040, D: 1825290040, C: false, I: true, N: 2
10-07 18:06:48.965 22815 22815 I Finsky : [2] sbi.a(24): Scheduling job Id: 9006, L: 529290040, D: 1825290040, C: true, I: true, N: 2
10-07 18:06:48.966 22815 22815 I Finsky : [2] sbi.a(24): Scheduling job Id: 9007, L: 24682, D: 54682, C: false, I: false, N: 0
10-07 18:06:48.972 22815 22989 I Finsky : [153] pep.run(16): Wrote row to frosting DB: 2311
10-07 18:06:49.019 6692 7068 I chromium: [6692:7068:INFO:mdns_app_filter.cc(2438)] MdnsAppFilter: responses sent in 40 seconds: 2
10-07 18:06:49.036 22815 22815 I Finsky : [2] sbx.a(7): Jobs in database: 1-1337 12-1 26-1414141414 29-29 34-35
10-07 18:06:49.037 22815 22815 I Finsky : [2] rza.a(52): ConstraintMapping: 1-1337, 12-1, -> L: 14776ms, D: 56704208ms, C: false, I: false, N: 1
10-07 18:06:49.037 22815 22815 I Finsky : [2] rza.a(52): ConstraintMapping: 34-35, -> L: 529289953ms, D: 1825289953ms, C: false, I: true, N: 2
10-07 18:06:49.037 22815 22815 I Finsky : [2] rza.a(52): ConstraintMapping: 34-35, -> L: 529289953ms, D: 1825289953ms, C: true, I: true, N: 2
10-07 18:06:49.037 22815 22815 I Finsky : [2] rza.a(52): ConstraintMapping: 26-1414141414, 29-29, -> L: 24595ms, D: 54595ms, C: false, I: false, N: 0
10-07 18:06:49.045 22815 22815 I Finsky : [2] sbi.a(46): Cancelling existing jobscheduler jobs: 9006 9004 9005 9007
10-07 18:06:49.045 22815 22815 I Finsky : [2] sbi.a(24): Scheduling job Id: 9000, L: 14776, D: 56704208, C: false, I: false, N: 1
10-07 18:06:49.047 22815 22815 I Finsky : [2] sbi.a(24): Scheduling job Id: 9001, L: 529289953, D: 1825289953, C: false, I: true, N: 2
10-07 18:06:49.048 22815 22815 I Finsky : [2] sbi.a(24): Scheduling job Id: 9002, L: 529289953, D: 1825289953, C: true, I: true, N: 2
10-07 18:06:49.049 22815 22815 I Finsky : [2] sbi.a(24): Scheduling job Id: 9003, L: 24595, D: 54595, C: false, I: false, N: 0
10-07 18:06:49.142 3543 3576 I chatty : uid=1000(system) android.bg expire 2 lines
10-07 18:06:49.143 22815 22839 W android.vendin: Suspending all threads took: 12.614ms
10-07 18:06:49.178 3543 3543 V BackupManagerConstants: getFullBackupIntervalMilliseconds(...) returns 86400000
10-07 18:06:49.179 3543 3543 W Looper : Slow dispatch took 236ms main h=android.app.ActivityThread$H c=android.app.-$$Lambda$LoadedApk$ReceiverDispatcher$Args$_BumDX2UKsnxLVrE6UJsJZkotuA@4e76601 m=0
10-07 18:06:49.182 3543 3543 E LoadedApk: Unable to instantiate appComponentFactory
10-07 18:06:49.182 3543 3543 E LoadedApk: java.lang.ClassNotFoundException: Didn't find class "android.support.v4.app.CoreComponentFactory" on path: DexPathList[[],nativeLibraryDirectories=[/data/app/com.google.android.tvlauncher-PdEcVp8CFuQczv9RUvG2Zg==/lib/arm64, /system/lib64]]
10-07 18:06:49.182 3543 3543 E LoadedApk: at dalvik.system.BaseDexClassLoader.findClass(BaseDexClassLoader.java:134)
10-07 18:06:49.182 3543 3543 E LoadedApk: at java.lang.ClassLoader.loadClass(ClassLoader.java:379)
10-07 18:06:49.182 3543 3543 E LoadedApk: at java.lang.ClassLoader.loadClass(ClassLoader.java:312)
10-07 18:06:49.182 3543 3543 E LoadedApk: at android.app.LoadedApk.createAppFactory(LoadedApk.java:226)
10-07 18:06:49.182 3543 3543 E LoadedApk: at android.app.LoadedApk.updateApplicationInfo(LoadedApk.java:338)
10-07 18:06:49.182 3543 3543 E LoadedApk: at android.app.ActivityThread.handleDispatchPackageBroadcast(ActivityThread.java:5439)
10-07 18:06:49.182 3543 3543 E LoadedApk: at android.app.ActivityThread$H.handleMessage(ActivityThread.java:1734)
10-07 18:06:49.182 3543 3543 E LoadedApk: at android.os.Handler.dispatchMessage(Handler.java:106)
10-07 18:06:49.182 3543 3543 E LoadedApk: at android.os.Looper.loop(Looper.java:193)
10-07 18:06:49.182 3543 3543 E LoadedApk: at com.android.server.SystemServer.run(SystemServer.java:460)
10-07 18:06:49.182 3543 3543 E LoadedApk: at com.android.server.SystemServer.main(SystemServer.java:300)
10-07 18:06:49.182 3543 3543 E LoadedApk: at java.lang.reflect.Method.invoke(Native Method)
10-07 18:06:49.182 3543 3543 E LoadedApk: at com.android.internal.os.RuntimeInit$MethodAndArgsCaller.run(RuntimeInit.java:493)
10-07 18:06:49.182 3543 3543 E LoadedApk: at com.android.internal.os.ZygoteInit.main(ZygoteInit.java:838)
10-07 18:06:49.182 3543 3543 I chatty : uid=1000 system_server identical 1 line
10-07 18:06:49.183 3543 3543 E LoadedApk: Unable to instantiate appComponentFactory
10-07 18:06:49.183 3543 3543 E LoadedApk: java.lang.ClassNotFoundException: Didn't find class "android.support.v4.app.CoreComponentFactory" on path: DexPathList[[],nativeLibraryDirectories=[/data/app/com.google.android.tvlauncher-PdEcVp8CFuQczv9RUvG2Zg==/lib/arm64, /system/lib64]]
10-07 18:06:49.183 3543 3543 E LoadedApk: at dalvik.system.BaseDexClassLoader.findClass(BaseDexClassLoader.java:134)
10-07 18:06:49.183 3543 3543 E LoadedApk: at java.lang.ClassLoader.loadClass(ClassLoader.java:379)
10-07 18:06:49.183 3543 3543 E LoadedApk: at java.lang.ClassLoader.loadClass(ClassLoader.java:312)
10-07 18:06:49.183 3543 3543 E LoadedApk: at android.app.LoadedApk.createAppFactory(LoadedApk.java:226)
10-07 18:06:49.183 3543 3543 E LoadedApk: at android.app.LoadedApk.updateApplicationInfo(LoadedApk.java:338)
10-07 18:06:49.183 3543 3543 E LoadedApk: at android.app.ActivityThread.handleDispatchPackageBroadcast(ActivityThread.java:5439)
10-07 18:06:49.183 3543 3543 E LoadedApk: at android.app.ActivityThread$H.handleMessage(ActivityThread.java:1734)
10-07 18:06:49.183 3543 3543 E LoadedApk: at android.os.Handler.dispatchMessage(Handler.java:106)
10-07 18:06:49.183 3543 3543 E LoadedApk: at android.os.Looper.loop(Looper.java:193)
10-07 18:06:49.183 3543 3543 E LoadedApk: at com.android.server.SystemServer.run(SystemServer.java:460)
10-07 18:06:49.183 3543 3543 E LoadedApk: at com.android.server.SystemServer.main(SystemServer.java:300)
10-07 18:06:49.183 3543 3543 E LoadedApk: at java.lang.reflect.Method.invoke(Native Method)
10-07 18:06:49.183 3543 3543 E LoadedApk: at com.android.internal.os.RuntimeInit$MethodAndArgsCaller.run(RuntimeInit.java:493)
10-07 18:06:49.183 3543 3543 E LoadedApk: at com.android.internal.os.ZygoteInit.main(ZygoteInit.java:838)
10-07 18:06:49.192 3543 3543 W Looper : Drained
10-07 18:06:49.205 5137 5778 I Icing : IndexChimeraService.getServiceInterface callingPackage=com.google.android.gms componentName=AppsCorpus serviceId=36
10-07 18:06:49.223 5137 7195 W Icing : No valid account for uploading user actions: pqm: Not signed in
10-07 18:06:49.254 5137 7195 I Icing : Usage reports ok 0, Failed Usage reports 0, indexed 0, rejected 0
10-07 18:06:49.343 3543 12052 W BroadcastQueue: Background execution not allowed: receiving Intent { act=android.intent.action.PACKAGE_REMOVED dat=package:org.xbmc.kodinerds flg=0x4000010 (has extras) } to com.android.vending/com.google.android.finsky.packagemanager.impl.PackageMonitorReceiverImpl$RegisteredReceiver
10-07 18:06:49.344 3543 3577 W BroadcastQueue: Background execution not allowed: receiving Intent { act=android.intent.action.PACKAGE_REMOVED dat=package:org.xbmc.kodinerds flg=0x4000010 (has extras) } to com.android.vending/com.google.android.finsky.instantapps.appmanagement.InstantAppRemoveMonitor
10-07 18:06:49.344 3543 3577 W BroadcastQueue: Background execution not allowed: receiving Intent { act=android.intent.action.PACKAGE_REMOVED dat=package:org.xbmc.kodinerds flg=0x4000010 (has extras) } to com.google.android.gms/.games.chimera.GamesSystemBroadcastReceiverProxy
10-07 18:06:49.344 3543 3577 W BroadcastQueue: Background execution not allowed: receiving Intent { act=android.intent.action.PACKAGE_REMOVED dat=package:org.xbmc.kodinerds flg=0x4000010 (has extras) } to com.google.android.gms/.chimera.GmsIntentOperationService$PersistentTrustedReceiver
10-07 18:06:49.344 3543 3577 W BroadcastQueue: Background execution not allowed: receiving Intent { act=android.intent.action.PACKAGE_REMOVED dat=package:org.xbmc.kodinerds flg=0x4000010 (has extras) } to com.google.android.tv/com.android.tv.receiver.PackageIntentsReceiver
10-07 18:06:49.344 3543 3577 W BroadcastQueue: Background execution not allowed: receiving Intent { act=android.intent.action.PACKAGE_REMOVED dat=package:org.xbmc.kodinerds flg=0x4000010 (has extras) } to com.nvidia.stats/.CollectionsReceiver
10-07 18:06:49.371 3543 9139 W BroadcastQueue: Background execution not allowed: receiving Intent { act=android.intent.action.PACKAGE_ADDED dat=package:org.xbmc.kodinerds flg=0x4000010 (has extras) } to com.android.vending/com.google.android.finsky.packagemanager.impl.PackageMonitorReceiverImpl$RegisteredReceiver
10-07 18:06:49.372 3543 3577 W BroadcastQueue: Background execution not allowed: receiving Intent { act=android.intent.action.PACKAGE_ADDED dat=package:org.xbmc.kodinerds flg=0x4000010 (has extras) } to com.google.android.gms/.games.chimera.GamesSystemBroadcastReceiverProxy
10-07 18:06:49.372 3543 3577 W BroadcastQueue: Background execution not allowed: receiving Intent { act=android.intent.action.PACKAGE_ADDED dat=package:org.xbmc.kodinerds flg=0x4000010 (has extras) } to com.google.android.gms/.gass.chimera.PackageChangeBroadcastReceiver
10-07 18:06:49.372 3543 3577 W BroadcastQueue: Background execution not allowed: receiving Intent { act=android.intent.action.PACKAGE_ADDED dat=package:org.xbmc.kodinerds flg=0x4000010 (has extras) } to com.google.android.gms/.chimera.GmsIntentOperationService$PersistentTrustedReceiver
10-07 18:06:49.372 3543 3577 W BroadcastQueue: Background execution not allowed: receiving Intent { act=android.intent.action.PACKAGE_ADDED dat=package:org.xbmc.kodinerds flg=0x4000010 (has extras) } to com.google.android.tv/com.android.tv.receiver.PackageIntentsReceiver
10-07 18:06:49.372 3543 3577 W BroadcastQueue: Background execution not allowed: receiving Intent { act=android.intent.action.PACKAGE_ADDED dat=package:org.xbmc.kodinerds flg=0x4000010 (has extras) } to com.nvidia.stats/.CollectionsReceiver
10-07 18:06:49.376 22815 22815 I Finsky : [2] pnh.a(4): PackageMonitor received: android.intent.action.PACKAGE_ADDED
10-07 18:06:49.376 22815 22815 I Finsky : [2] pog.d(7): Invalidating cached PackageState for org.xbmc.kodinerds
10-07 18:06:49.379 22815 22815 I Finsky : [2] pem.c(2): Frosting ID looked up on UI thread. Caller should move to a background thread.
10-07 18:06:49.384 22815 22989 I Finsky : [153] pep.run(16): Wrote row to frosting DB: 2312
10-07 18:06:49.384 3543 9139 W BroadcastQueue: Background execution not allowed: receiving Intent { act=android.intent.action.PACKAGE_REPLACED dat=package:org.xbmc.kodinerds flg=0x4000010 (has extras) } to com.google.android.gms/.gass.chimera.PackageChangeBroadcastReceiver
10-07 18:06:49.384 3543 3577 W BroadcastQueue: Background execution not allowed: receiving Intent { act=android.intent.action.PACKAGE_REPLACED dat=package:org.xbmc.kodinerds flg=0x4000010 (has extras) } to com.google.android.gms/.chimera.GmsIntentOperationService$PersistentTrustedReceiver
10-07 18:06:49.385 3543 3577 W BroadcastQueue: Background execution not allowed: receiving Intent { act=android.intent.action.PACKAGE_REPLACED dat=package:org.xbmc.kodinerds flg=0x4000010 (has extras) } to com.nvidia.stats/.CollectionsReceiver
10-07 18:06:49.389 10998 23084 D cm.aptoide.pt.install.InstalledIntentService: Packaged replaced: org.xbmc.kodinerds
10-07 18:06:49.394 3543 3579 I ActivityManager: Start proc 23085:org.xbmc.kodinerds/u0a159 for broadcast org.xbmc.kodinerds/.XBMCBroadcastReceiver
10-07 18:06:49.405 23085 23085 I chatty : uid=10159(org.xbmc.kodinerds) expire 7 lines
10-07 18:06:49.586 10998 11074 E cm.aptoide.pt.crashreports.ConsoleLogger: Exception found
10-07 18:06:49.586 10998 11074 E cm.aptoide.pt.crashreports.ConsoleLogger: java.lang.NullPointerException: Attempt to invoke virtual method 'java.lang.String cm.aptoide.pt.database.realm.Update.getPackageName()' on a null object reference
10-07 18:06:49.586 10998 11074 E cm.aptoide.pt.crashreports.ConsoleLogger: at cm.aptoide.pt.updates.UpdateRepository.lambda$remove$15(UpdateRepository.java:203)
10-07 18:06:49.586 10998 11074 E cm.aptoide.pt.crashreports.ConsoleLogger: at cm.aptoide.pt.updates.-$$Lambda$UpdateRepository$rVTrOrgpO8x8TCjbIR_1Vdh3LY4.call(Unknown Source:4)
10-07 18:06:49.586 10998 11074 E cm.aptoide.pt.crashreports.ConsoleLogger: at rx.b$21.a(Completable.java:469)
10-07 18:06:49.586 10998 11074 E cm.aptoide.pt.crashreports.ConsoleLogger: at rx.b$21.call(Completable.java:463)
10-07 18:06:49.586 10998 11074 E cm.aptoide.pt.crashreports.ConsoleLogger: at rx.b.a(Completable.java:2037)
10-07 18:06:49.586 10998 11074 E cm.aptoide.pt.crashreports.ConsoleLogger: at rx.internal.operators.CompletableOnSubscribeConcatArray$ConcatInnerSubscriber.b(CompletableOnSubscribeConcatArray.java:92)
10-07 18:06:49.586 10998 11074 E cm.aptoide.pt.crashreports.ConsoleLogger: at rx.internal.operators.CompletableOnSubscribeConcatArray$ConcatInnerSubscriber.a(CompletableOnSubscribeConcatArray.java:68)
10-07 18:06:49.586 10998 11074 E cm.aptoide.pt.crashreports.ConsoleLogger: at rx.b$2$1.onCompleted(Completable.java:577)
10-07 18:06:49.586 10998 11074 E cm.aptoide.pt.crashreports.ConsoleLogger: at rx.internal.operators.OnSubscribeFlatMapCompletable$FlatMapCompletableSubscriber.a(OnSubscribeFlatMapCompletable.java:142)
10-07 18:06:49.586 10998 11074 E cm.aptoide.pt.crashreports.ConsoleLogger: at rx.internal.operators.OnSubscribeFlatMapCompletable$FlatMapCompletableSubscriber.onCompleted(OnSubscribeFlatMapCompletable.java:133)
10-07 18:06:49.586 10998 11074 E cm.aptoide.pt.crashreports.ConsoleLogger: at rx.internal.operators.i$a.a(OnSubscribeFlattenIterable.java:305)
10-07 18:06:49.586 10998 11074 E cm.aptoide.pt.crashreports.ConsoleLogger: at rx.internal.operators.i$a.a(OnSubscribeFlattenIterable.java:177)
10-07 18:06:49.586 10998 11074 E cm.aptoide.pt.crashreports.ConsoleLogger: at rx.internal.operators.i$a.onCompleted(OnSubscribeFlattenIterable.java:144)
10-07 18:06:49.586 10998 11074 E cm.aptoide.pt.crashreports.ConsoleLogger: at rx.internal.producers.SingleProducer.request(SingleProducer.java:75)
10-07 18:06:49.586 10998 11074 E cm.aptoide.pt.crashreports.ConsoleLogger: at rx.j.setProducer(Subscriber.java:211)
10-07 18:06:49.586 10998 11074 E cm.aptoide.pt.crashreports.ConsoleLogger: at rx.internal.operators.ag$b.onCompleted(OperatorSingle.java:110)
10-07 18:06:49.586 10998 11074 E cm.aptoide.pt.crashreports.ConsoleLogger: at rx.internal.operators.ak$1.onNext(OperatorTake.java:80)
10-07 18:06:49.586 10998 11074 E cm.aptoide.pt.crashreports.ConsoleLogger: at rx.internal.operators.ai$a.onNext(OperatorSubscribeOn.java:74)
10-07 18:06:49.586 10998 11074 E cm.aptoide.pt.crashreports.ConsoleLogger: at rx.internal.operators.OperatorMerge$d.a(OperatorMerge.java:395)
10-07 18:06:49.586 10998 11074 E cm.aptoide.pt.crashreports.ConsoleLogger: at rx.internal.operators.OperatorMerge$d.a(OperatorMerge.java:355)
10-07 18:06:49.586 10998 11074 E cm.aptoide.pt.crashreports.ConsoleLogger: at rx.internal.operators.OperatorMerge$c.onNext(OperatorMerge.java:846)
10-07 18:06:49.586 10998 11074 E cm.aptoide.pt.crashreports.ConsoleLogger: at rx.internal.operators.ac$a.call(OperatorObserveOn.java:224)
10-07 18:06:49.586 10998 11074 E cm.aptoide.pt.crashreports.ConsoleLogger: at rx.internal.schedulers.a$b$1.call(CachedThreadScheduler.java:230)
10-07 18:06:49.586 10998 11074 E cm.aptoide.pt.crashreports.ConsoleLogger: at rx.internal.schedulers.ScheduledAction.run(ScheduledAction.java:55)
10-07 18:06:49.586 10998 11074 E cm.aptoide.pt.crashreports.ConsoleLogger: at java.util.concurrent.Executors$RunnableAdapter.call(Executors.java:458)
10-07 18:06:49.586 10998 11074 E cm.aptoide.pt.crashreports.ConsoleLogger: at java.util.concurrent.FutureTask.run(FutureTask.java:266)
10-07 18:06:49.586 10998 11074 E cm.aptoide.pt.crashreports.ConsoleLogger: at java.util.concurrent.ScheduledThreadPoolExecutor$ScheduledFutureTask.run(ScheduledThreadPoolExecutor.java:301)
10-07 18:06:49.586 10998 11074 E cm.aptoide.pt.crashreports.ConsoleLogger: at java.util.concurrent.ThreadPoolExecutor.runWorker(ThreadPoolExecutor.java:1167)
10-07 18:06:49.586 10998 11074 E cm.aptoide.pt.crashreports.ConsoleLogger: at java.util.concurrent.ThreadPoolExecutor$Worker.run(ThreadPoolExecutor.java:641)
10-07 18:06:49.586 10998 11074 E cm.aptoide.pt.crashreports.ConsoleLogger: at java.lang.Thread.run(Thread.java:764)
10-07 18:06:50.292 5137 7195 I Icing : Indexing com.google.android.gms-apps from com.google.android.gms
10-07 18:06:50.356 22720 22720 I InstallSuccess: Finished installing org.xbmc.kodinerds
10-07 18:06:50.358 3125 3125 I chatty : uid=1041(audioserver) /system/bin/audioserver expire 1 line
10-07 18:06:50.382 4692 5658 I android_os_HwBinder: HwBinder: Starting thread pool for default::vendor.nvidia.hardware.power@1.0::IPower
10-07 18:06:50.399 4692 5658 I android_os_HwBinder: HwBinder: Starting thread pool for default::vendor.nvidia.hardware.power@1.0::IPower
10-07 18:06:50.437 8228 9644 W ContentProvider: Normalized content://com.nvidia.pgcontentprovider.PGContentProvider//default/gameinfo to content://com.nvidia.pgcontentprovider.PGContentProvider/default/gameinfo to avoid possible security issues
10-07 18:06:50.443 5137 7195 I Icing : Indexing done com.google.android.gms-apps
10-07 18:06:50.443 5137 7195 I Icing : Indexing com.google.android.gms-internal.3p:MobileApplication from com.google.android.gms
10-07 18:06:50.463 5137 7195 I Icing : Indexing com.google.android.gms-internal.3p:Event from com.google.android.gms
10-07 18:06:50.469 5137 7195 I Icing : Indexing done com.google.android.gms-internal.3p:MobileApplication
10-07 18:06:50.472 5137 7195 I Icing : Indexing done com.google.android.gms-internal.3p:Event
10-07 18:06:50.489 17182 17231 E libnvcpl_vendor: NvCplGetAppProfileSettingInt failed to get INvCplHalService
10-07 18:06:50.489 2975 2975 I chatty : uid=1000(system) hwservicemanage expire 25 lines
10-07 18:06:50.489 17182 17231 E libnvcpl_vendor: NvCplGetAppProfileSettingInt failed to get INvCplHalService
10-07 18:06:50.519 3125 3228 I chatty : uid=1041(audioserver) ApmOutput expire 2 lines
10-07 18:06:50.581 3127 4079 D SurfaceFlinger: Connected to Power Manager
10-07 18:06:50.590 17182 17231 E libnvcpl_vendor: NvCplGetAppProfileSettingInt failed to get INvCplHalService
10-07 18:06:50.590 17182 17231 E libnvcpl_vendor: NvCplGetAppProfileSettingInt failed to get INvCplHalService
10-07 18:06:50.617 3127 6075 D SurfaceFlinger: Connected to Power Manager
10-07 18:06:50.621 22720 22758 D OpenGLRenderer: endAllActiveAnimators on 0x2f5e71c600 (RippleDrawable) with handle 0x2f5e7112a0
10-07 18:06:50.624 3543 3625 D PowerManagerNotifier: onWakeLockAcquired: flags=536870922, tag="WindowManager", packageName=android, ownerUid=1000, ownerPid=3543, workSource=WorkSource{10125}
10-07 18:06:50.942 6692 22444 I chromium: [6692:22444:INFO:ssdp_device.c(101)] SSDP packets sent for 31 seconds = 22
10-07 18:06:51.713 3543 4492 V BackupManagerConstants: getFullBackupRequiredNetworkType(...) returns 2
10-07 18:06:51.713 3543 4492 V BackupManagerConstants: getFullBackupRequireCharging(...) returns true
10-07 18:06:52.158 3543 12052 D PowerManagerNotifier: onWakeLockAcquired: flags=536870913, tag="com.ghisler.android.TotalCommander", packageName=com.ghisler.android.TotalCommander, ownerUid=10125, ownerPid=17182, workSource=null
10-07 18:06:52.160 17182 17208 D TC:totaldrip: LIST /Dropbox/
10-07 18:06:52.487 3543 9139 W NotificationService: Toast already killed. pkg=com.ghisler.android.TotalCommander callback=android.app.ITransientNotification$Stub$Proxy@ba6af66
10-07 18:06:53.007 3543 3625 D PowerManagerNotifier: onWakeLockReleased: flags=536870922, tag="WindowManager", packageName=android, ownerUid=1000, ownerPid=3543, workSource=WorkSource{10125}
10-07 18:06:53.010 3127 6075 W SurfaceFlinger: Attempting to destroy on removed layer: 728ec8d Toast#0
10-07 18:06:53.171 3543 9139 I WindowManager: WindowState() - found Launcher @ mAppToken:AppWindowToken{f24a698 token=Token{eb2e87b ActivityRecord{f59480a u0 com.ghisler.android.TotalCommander/.TotalCommander t1158}}}
10-07 18:06:53.196 17182 17231 E libnvcpl_vendor: NvCplGetAppProfileSettingInt failed to get INvCplHalService
10-07 18:06:53.196 17182 17231 E libnvcpl_vendor: NvCplGetAppProfileSettingInt failed to get INvCplHalService
10-07 18:06:53.215 3127 4079 D SurfaceFlinger: Connected to Power Manager
10-07 18:06:53.219 3543 3625 D PowerManagerNotifier: onWakeLockAcquired: flags=536870922, tag="WindowManager", packageName=android, ownerUid=1000, ownerPid=3543, workSource=WorkSource{10125}
10-07 18:06:53.263 3543 3571 D PowerManagerNotifier: onWakeLockReleased: flags=536870913, tag="com.ghisler.android.TotalCommander", packageName=com.ghisler.android.TotalCommander, ownerUid=10125, ownerPid=17182, workSource=null
10-07 18:06:53.342 3127 3127 D SurfaceFlinger: duplicate layer name: changing Surface(name=a8360c0 Lese Verzeichnis)/@0xa9dc8ec - animation-leash to Surface(name=a8360c0 Lese Verzeichnis)/@0xa9dc8ec - animation-leash#1
10-07 18:06:53.359 3127 3127 D SurfaceFlinger: duplicate layer name: changing Surface(name=Dim Layer for - Task=1158)/@0x6c9774a - animation-leash to Surface(name=Dim Layer for - Task=1158)/@0x6c9774a - animation-leash#1
10-07 18:06:53.501 3089 3461 I chatty : uid=1041(audioserver) HwBinder:3089_3 expire 1 line
10-07 18:06:53.528 3127 6075 W SurfaceFlinger: Attempting to set client state on removed layer: Lese Verzeichnis#0
10-07 18:06:53.528 3127 6075 W SurfaceFlinger: Attempting to set client state on removed layer: Dim Layer for - Task=1158#0
10-07 18:06:53.528 3127 6075 W SurfaceFlinger: Attempting to destroy on removed layer: Lese Verzeichnis#0
10-07 18:06:53.528 3127 6075 W SurfaceFlinger: Attempting to destroy on removed layer: Dim Layer for - Task=1158#0
10-07 18:06:53.528 3543 3625 D PowerManagerNotifier: onWakeLockReleased: flags=536870922, tag="WindowManager", packageName=android, ownerUid=1000, ownerPid=3543, workSource=WorkSource{10125}
10-07 18:06:53.658 22815 22877 I Finsky : [123] hdo.a(25): No selector loaded
10-07 18:06:53.659 22815 22860 I Finsky : [111] pwj.b(1): Triggered update for experiment package com.google.android.finsky.stable.
10-07 18:06:53.726 22815 22853 I Finsky : [104] eet.run(9): Cannot disable service: xtn
10-07 18:06:53.727 22815 22853 I Finsky : [104] eet.run(9): Cannot disable service: xpt
10-07 18:06:53.776 22815 22860 I Finsky : [111] pwj.b(6): Already at the latest configurations for experiment package com.google.android.finsky.stable.
10-07 18:06:53.776 22815 22930 I Finsky : [140] pwj.b(1): Triggered update for experiment package com.google.android.finsky.regular.
10-07 18:06:53.817 22815 22930 I Finsky : [140] pwj.b(6): Already at the latest configurations for experiment package com.google.android.finsky.regular.
10-07 18:06:53.817 22815 22936 I Finsky : [144] pwj.b(1): Triggered update for experiment package com.google.android.finsky.regular.
10-07 18:06:53.846 22815 22936 I Finsky : [144] pwj.b(6): Already at the latest configurations for experiment package com.google.android.finsky.regular.
10-07 18:06:54.060 3543 3588 W WindowManager: Unable to start animation, surface is null or no children.
10-07 18:06:54.506 3543 9024 D PowerManagerNotifier: onWakeLockAcquired: flags=536870913, tag="com.ghisler.android.TotalCommander", packageName=com.ghisler.android.TotalCommander, ownerUid=10125, ownerPid=17182, workSource=null
10-07 18:06:54.507 17182 17223 D TC:totaldrip: LIST /
10-07 18:06:54.507 3543 9024 D PowerManagerNotifier: onWakeLockReleased: flags=536870913, tag="com.ghisler.android.TotalCommander", packageName=com.ghisler.android.TotalCommander, ownerUid=10125, ownerPid=17182, workSource=null
10-07 18:06:54.735 3328 3362 E storaged: getDiskStats failed with result NOT_SUPPORTED and size 0
10-07 18:06:54.753 22815 22815 I Finsky : [2] ssn.run(5): Detected restoreservicev2://recovery not needed, will not run
10-07 18:06:54.780 22815 23141 I Finsky : [163] ixm.a(1): registerListener
10-07 18:06:54.783 22815 23141 I Finsky : [163] ixh.a(2): getDownloads(-)
10-07 18:06:54.784 22815 23143 I Finsky : [164] ixm.a(1): Initiate binding to the service.
10-07 18:06:54.784 22815 23141 I Finsky : [163] eof.run(2): Initialized AssetModuleDownloader.
10-07 18:06:54.792 3543 3579 I ActivityManager: Start proc 23144:com.android.vending:download_service/u0a35 for service com.android.vending/com.google.android.finsky.downloadservice.DownloadService
10-07 18:06:54.798 23144 23144 E ownload_servic: Not starting debugger since process cannot load the jdwp agent.
10-07 18:06:54.859 23144 23144 I Finsky:download_service: [2] eer.aP(6): Process created at version: 16.7.31-xhdpi [8] [PR] 269879416
10-07 18:06:54.875 3543 3571 D ConnectivityService: requestNetwork for uid/pid:10035/23144 NetworkRequest [ TRACK_DEFAULT id=51, [ Capabilities: INTERNET&NOT_RESTRICTED&TRUSTED Unwanted: Uid: 10035] ]
10-07 18:06:54.877 23144 23176 I Finsky:download_service: [103] iqg.a(1): Trying to resume downloads.
10-07 18:06:54.878 22815 22815 I Finsky : [2] ixm.a(1): ServiceConnectionImpl.onServiceConnected(ComponentInfo{com.android.vending/com.google.android.finsky.downloadservice.DownloadService})
10-07 18:06:54.879 22815 23143 I Finsky : [164] ixm.a(1): linkToDeath
10-07 18:06:54.880 23144 23175 I Finsky:download_service: [102] iqw.onAvailable(3): Network is available [NetworkState{connected=true, wifi=false, metered=false, roaming=false}].
10-07 18:06:54.880 23144 23171 I Finsky:download_service: [99] irp.a(13): Starting getDownloads().
10-07 18:06:54.939 22815 22842 I Finsky : [95] iwy.d(4): onGetDownloads()
10-07 18:06:54.940 22815 23143 I Finsky : [164] ixm.a(1): Unbind from service.
10-07 18:06:56.208 4692 5658 I android_os_HwBinder: HwBinder: Starting thread pool for default::vendor.nvidia.hardware.power@1.0::IPower
10-07 18:06:56.215 4903 4903 I chatty : uid=10031(com.google.android.tvlauncher) expire 12 lines
10-07 18:06:56.217 4903 23186 E ActivityThread: Failed to find provider info for tvlauncher.mic
10-07 18:06:56.218 4903 23187 E ActivityThread: Failed to find provider info for tvlauncher.widget
10-07 18:06:56.226 4869 4869 D NotifInteractonRcvr: Show unseen default level notification toasts
10-07 18:06:56.247 3543 3579 I ActivityManager: Start proc 23189:org.xbmc.kodi/u0a156 for content provider org.xbmc.kodi/.content.XBMCFileContentProvider
10-07 18:06:56.252 23189 23189 E org.xbmc.kodi: Not starting debugger since process cannot load the jdwp agent.
10-07 18:06:56.264 4903 5774 I chatty : uid=10031(com.google.android.tvlauncher) RenderThread expire 4 lines
10-07 18:06:56.332 23189 23222 E org.xbmc.kodi: No implementation found for boolean org.xbmc.kodi.XBMCFile._open(java.lang.String) (tried Java_org_xbmc_kodi_XBMCFile__1open and Java_org_xbmc_kodi_XBMCFile__1open__Ljava_lang_String_2)
10-07 18:06:56.332 23189 23222 E Kodifile: Open: Not available
10-07 18:06:56.333 4903 8237 I chatty : uid=10031(com.google.android.tvlauncher) glide-source-th expire 3 lines
10-07 18:06:56.333 23189 23225 E org.xbmc.kodi: No implementation found for boolean org.xbmc.kodi.XBMCFile._open(java.lang.String) (tried Java_org_xbmc_kodi_XBMCFile__1open and Java_org_xbmc_kodi_XBMCFile__1open__Ljava_lang_String_2)
10-07 18:06:56.333 23189 23225 E Kodifile: Open: Not available
10-07 18:06:56.333 4903 8230 I chatty : uid=10031(com.google.android.tvlauncher) glide-source-th expire 3 lines
10-07 18:06:56.334 23189 23224 E org.xbmc.kodi: No implementation found for boolean org.xbmc.kodi.XBMCFile._open(java.lang.String) (tried Java_org_xbmc_kodi_XBMCFile__1open and Java_org_xbmc_kodi_XBMCFile__1open__Ljava_lang_String_2)
10-07 18:06:56.334 23189 23224 E Kodifile: Open: Not available
10-07 18:06:56.334 4903 8248 I chatty : uid=10031(com.google.android.tvlauncher) glide-source-th expire 3 lines
10-07 18:06:56.336 23189 23226 E org.xbmc.kodi: No implementation found for boolean org.xbmc.kodi.XBMCFile._open(java.lang.String) (tried Java_org_xbmc_kodi_XBMCFile__1open and Java_org_xbmc_kodi_XBMCFile__1open__Ljava_lang_String_2)
10-07 18:06:56.336 3326 8351 E MetadataRetrieverClient: offset (0) bigger than file size (0)
10-07 18:06:56.336 23189 23226 E Kodifile: Open: Not available
10-07 18:06:56.336 3326 6164 E MetadataRetrieverClient: offset (0) bigger than file size (0)
10-07 18:06:56.337 23189 23227 E org.xbmc.kodi: No implementation found for boolean org.xbmc.kodi.XBMCFile._open(java.lang.String) (tried Java_org_xbmc_kodi_XBMCFile__1open and Java_org_xbmc_kodi_XBMCFile__1open__Ljava_lang_String_2)
10-07 18:06:56.338 23189 23227 E Kodifile: Open: Not available
10-07 18:06:56.339 23189 23228 E org.xbmc.kodi: No implementation found for boolean org.xbmc.kodi.XBMCFile._open(java.lang.String) (tried Java_org_xbmc_kodi_XBMCFile__1open and Java_org_xbmc_kodi_XBMCFile__1open__Ljava_lang_String_2)
10-07 18:06:56.339 23189 23228 E Kodifile: Open: Not available
10-07 18:06:56.340 23189 23230 E org.xbmc.kodi: No implementation found for boolean org.xbmc.kodi.XBMCFile._open(java.lang.String) (tried Java_org_xbmc_kodi_XBMCFile__1open and Java_org_xbmc_kodi_XBMCFile__1open__Ljava_lang_String_2)
10-07 18:06:56.340 23189 23230 E Kodifile: Open: Not available
10-07 18:06:56.341 3326 3961 E MetadataRetrieverClient: offset (0) bigger than file size (0)
10-07 18:06:56.343 23189 23229 E org.xbmc.kodi: No implementation found for boolean org.xbmc.kodi.XBMCFile._open(java.lang.String) (tried Java_org_xbmc_kodi_XBMCFile__1open and Java_org_xbmc_kodi_XBMCFile__1open__Ljava_lang_String_2)
10-07 18:06:56.343 23189 23229 E Kodifile: Open: Not available
10-07 18:06:56.344 23189 23232 E org.xbmc.kodi: No implementation found for boolean org.xbmc.kodi.XBMCFile._open(java.lang.String) (tried Java_org_xbmc_kodi_XBMCFile__1open and Java_org_xbmc_kodi_XBMCFile__1open__Ljava_lang_String_2)
10-07 18:06:56.345 23189 23232 E Kodifile: Open: Not available
10-07 18:06:56.432 3127 3490 D SurfaceFlinger: Connected to Power Manager
10-07 18:06:56.879 17182 17182 E ActivityThread: Activity com.ghisler.android.TotalCommander.TotalCommander has leaked IntentReceiver com.ghisler.android.TotalCommander.zf@f486986 that was originally registered here. Are you missing a call to unregisterReceiver()?
10-07 18:06:56.879 17182 17182 E ActivityThread: android.app.IntentReceiverLeaked: Activity com.ghisler.android.TotalCommander.TotalCommander has leaked IntentReceiver com.ghisler.android.TotalCommander.zf@f486986 that was originally registered here. Are you missing a call to unregisterReceiver()?
10-07 18:06:56.879 17182 17182 E ActivityThread: at android.app.LoadedApk$ReceiverDispatcher.(LoadedApk.java:1429)
10-07 18:06:56.879 17182 17182 E ActivityThread: at android.app.LoadedApk.getReceiverDispatcher(LoadedApk.java:1210)
10-07 18:06:56.879 17182 17182 E ActivityThread: at android.app.ContextImpl.registerReceiverInternal(ContextImpl.java:1493)
10-07 18:06:56.879 17182 17182 E ActivityThread: at android.app.ContextImpl.registerReceiver(ContextImpl.java:1466)
10-07 18:06:56.879 17182 17182 E ActivityThread: at android.app.ContextImpl.registerReceiver(ContextImpl.java:1454)
10-07 18:06:56.879 17182 17182 E ActivityThread: at android.content.ContextWrapper.registerReceiver(ContextWrapper.java:623)
10-07 18:06:56.879 17182 17182 E ActivityThread: at com.ghisler.android.TotalCommander.TotalCommander.onCreate(SourceFile:638)
10-07 18:06:56.879 17182 17182 E ActivityThread: at android.app.Activity.performCreate(Activity.java:7179)
10-07 18:06:56.879 17182 17182 E ActivityThread: at android.app.Activity.performCreate(Activity.java:7170)
10-07 18:06:56.879 17182 17182 E ActivityThread: at android.app.Instrumentation.callActivityOnCreate(Instrumentation.java:1271)
10-07 18:06:56.879 17182 17182 E ActivityThread: at android.app.ActivityThread.performLaunchActivity(ActivityThread.java:2935)
10-07 18:06:56.879 17182 17182 E ActivityThread: at android.app.ActivityThread.handleLaunchActivity(ActivityThread.java:3090)
10-07 18:06:56.879 17182 17182 E ActivityThread: at android.app.servertransaction.LaunchActivityItem.execute(LaunchActivityItem.java:78)
10-07 18:06:56.879 17182 17182 E ActivityThread: at android.app.servertransaction.TransactionExecutor.executeCallbacks(TransactionExecutor.java:108)
10-07 18:06:56.879 17182 17182 E ActivityThread: at android.app.servertransaction.TransactionExecutor.execute(TransactionExecutor.java:68)
10-07 18:06:56.879 17182 17182 E ActivityThread: at android.app.ActivityThread$H.handleMessage(ActivityThread.java:1809)
10-07 18:06:56.879 17182 17182 E ActivityThread: at android.os.Handler.dispatchMessage(Handler.java:106)
10-07 18:06:56.879 17182 17182 E ActivityThread: at android.os.Looper.loop(Looper.java:193)
10-07 18:06:56.879 17182 17182 E ActivityThread: at android.app.ActivityThread.main(ActivityThread.java:6720)
10-07 18:06:56.879 17182 17182 E ActivityThread: at java.lang.reflect.Method.invoke(Native Method)
10-07 18:06:56.879 17182 17182 E ActivityThread: at com.android.internal.os.RuntimeInit$MethodAndArgsCaller.run(RuntimeInit.java:493)
10-07 18:06:56.879 17182 17182 E ActivityThread: at com.android.internal.os.ZygoteInit.main(ZygoteInit.java:858)
10-07 18:06:56.879 3127 6075 W SurfaceFlinger: Attempting to destroy on removed layer: AppWindowToken{f24a698 token=Token{eb2e87b ActivityRecord{f59480a u0 com.ghisler.android.TotalCommander/.TotalCommander t1158}}}#0
10-07 18:06:56.891 3543 10894 I chatty : uid=1000(system) RenderThread expire 4 lines
10-07 18:06:57.193 4531 5046 I ShieldBluetoothScanPolicy: Scans allowed due to PACKAGE POLL
10-07 18:06:57.194 4531 5046 D BluetoothAdapter: isLeEnabled(): ON
10-07 18:06:57.196 3728 4249 I bt_stack: [INFO:gatt_api.cc(948)] GATT_Register 9ed50d71-13de-3eb7-c29b-83bada59854c
10-07 18:06:57.196 3728 4249 I bt_stack: [INFO:gatt_api.cc(968)] allocated gatt_if=5
10-07 18:06:57.196 4531 4556 D BluetoothLeScanner: onScannerRegistered() - status=0 scannerId=5 mScannerId=0
10-07 18:06:57.202 3728 3848 D AdapterProperties: Discoverable Timeout:-1
10-07 18:06:57.202 3728 3848 D AdapterProperties: Scan Mode:23
10-07 18:06:59.056 3543 7639 I ActivityManager: START u0 {act=android.intent.action.MAIN cat=[android.intent.category.LEANBACK_LAUNCHER] flg=0x10000000 pkg=org.xbmc.kodinerds cmp=org.xbmc.kodinerds/.Splash} from uid 10031
10-07 18:06:59.056 3125 4596 I chatty : uid=1041(audioserver) Binder:3125_4 expire 5 lines
