10-07 18:14:37.243 4903 4903 I Glide : at com.bumptech.glide.load.engine.SourceGenerator.startNext(SourceGenerator.java:63)
10-07 18:14:37.243 4903 4903 I Glide : at com.bumptech.glide.load.engine.DecodeJob.runGenerators(DecodeJob.java:310)
10-07 18:14:37.243 4903 4903 I Glide : at com.bumptech.glide.load.engine.DecodeJob.runWrapped(DecodeJob.java:279)
10-07 18:14:37.243 4903 4903 I Glide : at com.bumptech.glide.load.engine.DecodeJob.run(DecodeJob.java:234)
10-07 18:14:37.243 4903 4903 I Glide : at java.util.concurrent.ThreadPoolExecutor.runWorker(ThreadPoolExecutor.java:1167)
10-07 18:14:37.243 4903 4903 I Glide : at java.util.concurrent.ThreadPoolExecutor$Worker.run(ThreadPoolExecutor.java:641)
10-07 18:14:37.243 4903 4903 I Glide : at java.lang.Thread.run(Thread.java:764)
10-07 18:14:37.243 4903 4903 I Glide : at com.bumptech.glide.load.engine.executor.GlideExecutor$DefaultThreadFactory$1.run(GlideExecutor.java:431)
10-07 18:14:37.243 4903 4903 I Glide : Caused by: java.lang.RuntimeException: setDataSource failed: status = 0xFFFFFFEA
10-07 18:14:37.243 4903 4903 I Glide : at android.media.MediaMetadataRetriever.setDataSource(Native Method)
10-07 18:14:37.243 4903 4903 I Glide : at android.media.MediaMetadataRetriever.setDataSource(MediaMetadataRetriever.java:141)
10-07 18:14:37.243 4903 4903 I Glide : at com.bumptech.glide.load.resource.bitmap.VideoDecoder$ParcelFileDescriptorInitializer.initialize(VideoDecoder.java:299)
10-07 18:14:37.243 4903 4903 I Glide : at com.bumptech.glide.load.resource.bitmap.VideoDecoder$ParcelFileDescriptorInitializer.initialize(VideoDecoder.java:294)
10-07 18:14:37.243 4903 4903 I Glide : at com.bumptech.glide.load.resource.bitmap.VideoDecoder.decode(VideoDecoder.java:166)
10-07 18:14:37.243 4903 4903 I Glide : ... 30 more
10-07 18:14:37.244 4903 4903 I Glide : Root cause (2 of 2)
10-07 18:14:37.244 4903 4903 I Glide : java.io.IOException: java.lang.IllegalArgumentException
10-07 18:14:37.244 4903 4903 I Glide : at com.bumptech.glide.load.resource.bitmap.VideoDecoder.decode(VideoDecoder.java:178)
10-07 18:14:37.244 4903 4903 I Glide : at com.bumptech.glide.load.engine.DecodePath.decodeResourceWithList(DecodePath.java:92)
10-07 18:14:37.244 4903 4903 I Glide : at com.bumptech.glide.load.engine.DecodePath.decodeResource(DecodePath.java:70)
10-07 18:14:37.244 4903 4903 I Glide : at com.bumptech.glide.load.engine.DecodePath.decode(DecodePath.java:59)
10-07 18:14:37.244 4903 4903 I Glide : at com.bumptech.glide.load.engine.LoadPath.loadWithExceptionList(LoadPath.java:76)
10-07 18:14:37.244 4903 4903 I Glide : at com.bumptech.glide.load.engine.LoadPath.load(LoadPath.java:57)
10-07 18:14:37.244 4903 4903 I Glide : at com.bumptech.glide.load.engine.DecodeJob.runLoadPath(DecodeJob.java:524)
10-07 18:14:37.244 4903 4903 I Glide : at com.bumptech.glide.load.engine.DecodeJob.decodeFromFetcher(DecodeJob.java:488)
10-07 18:14:37.244 4903 4903 I Glide : at com.bumptech.glide.load.engine.DecodeJob.decodeFromData(DecodeJob.java:474)
10-07 18:14:37.244 4903 4903 I Glide : at com.bumptech.glide.load.engine.DecodeJob.decodeFromRetrievedData(DecodeJob.java:426)
10-07 18:14:37.244 4903 4903 I Glide : at com.bumptech.glide.load.engine.DecodeJob.onDataFetcherReady(DecodeJob.java:390)
10-07 18:14:37.244 4903 4903 I Glide : at com.bumptech.glide.load.engine.SourceGenerator.onDataReady(SourceGenerator.java:119)
10-07 18:14:37.244 4903 4903 I Glide : at com.bumptech.glide.load.data.LocalUriFetcher.loadData(LocalUriFetcher.java:52)
10-07 18:14:37.244 4903 4903 I Glide : at com.bumptech.glide.load.engine.SourceGenerator.startNext(SourceGenerator.java:63)
10-07 18:14:37.244 4903 4903 I Glide : at com.bumptech.glide.load.engine.DecodeJob.runGenerators(DecodeJob.java:310)
10-07 18:14:37.244 4903 4903 I Glide : at com.bumptech.glide.load.engine.DecodeJob.decodeFromRetrievedData(DecodeJob.java:434)
10-07 18:14:37.244 4903 4903 I Glide : at com.bumptech.glide.load.engine.DecodeJob.onDataFetcherReady(DecodeJob.java:390)
10-07 18:14:37.244 4903 4903 I Glide : at com.bumptech.glide.load.engine.SourceGenerator.onDataReady(SourceGenerator.java:119)
10-07 18:14:37.244 4903 4903 I Glide : at com.bumptech.glide.load.model.MultiModelLoader$MultiFetcher.onDataReady(MultiModelLoader.java:145)
10-07 18:14:37.244 4903 4903 I Glide : at com.bumptech.glide.load.data.LocalUriFetcher.loadData(LocalUriFetcher.java:52)
10-07 18:14:37.244 4903 4903 I Glide : at com.bumptech.glide.load.model.MultiModelLoader$MultiFetcher.loadData(MultiModelLoader.java:100)
10-07 18:14:37.244 4903 4903 I Glide : at com.bumptech.glide.load.engine.SourceGenerator.startNext(SourceGenerator.java:63)
10-07 18:14:37.244 4903 4903 I Glide : at com.bumptech.glide.load.engine.DecodeJob.runGenerators(DecodeJob.java:310)
10-07 18:14:37.244 4903 4903 I Glide : at com.bumptech.glide.load.engine.DecodeJob.decodeFromRetrievedData(DecodeJob.java:434)
10-07 18:14:37.244 4903 4903 I Glide : at com.bumptech.glide.load.engine.DecodeJob.onDataFetcherReady(DecodeJob.java:390)
10-07 18:14:37.244 4903 4903 I Glide : at com.bumptech.glide.load.engine.SourceGenerator.onDataReady(SourceGenerator.java:119)
10-07 18:14:37.244 4903 4903 I Glide : at com.bumptech.glide.load.model.MultiModelLoader$MultiFetcher.onDataReady(MultiModelLoader.java:145)
10-07 18:14:37.244 4903 4903 I Glide : at com.bumptech.glide.load.data.LocalUriFetcher.loadData(LocalUriFetcher.java:52)
10-07 18:14:37.244 4903 4903 I Glide : at com.bumptech.glide.load.model.MultiModelLoader$MultiFetcher.loadData(MultiModelLoader.java:100)
10-07 18:14:37.244 4903 4903 I Glide : at com.bumptech.glide.load.engine.SourceGenerator.startNext(SourceGenerator.java:63)
10-07 18:14:37.244 4903 4903 I Glide : at com.bumptech.glide.load.engine.DecodeJob.runGenerators(DecodeJob.java:310)
10-07 18:14:37.244 4903 4903 I Glide : at com.bumptech.glide.load.engine.DecodeJob.runWrapped(DecodeJob.java:279)
10-07 18:14:37.244 4903 4903 I Glide : at com.bumptech.glide.load.engine.DecodeJob.run(DecodeJob.java:234)
10-07 18:14:37.244 4903 4903 I Glide : at java.util.concurrent.ThreadPoolExecutor.runWorker(ThreadPoolExecutor.java:1167)
10-07 18:14:37.244 4903 4903 I Glide : at java.util.concurrent.ThreadPoolExecutor$Worker.run(ThreadPoolExecutor.java:641)
10-07 18:14:37.244 4903 4903 I Glide : at java.lang.Thread.run(Thread.java:764)
10-07 18:14:37.244 4903 4903 I Glide : at com.bumptech.glide.load.engine.executor.GlideExecutor$DefaultThreadFactory$1.run(GlideExecutor.java:431)
10-07 18:14:37.244 4903 4903 I Glide : Caused by: java.lang.IllegalArgumentException
10-07 18:14:37.244 4903 4903 I Glide : at android.media.MediaMetadataRetriever.setDataSource(Native Method)
10-07 18:14:37.244 4903 4903 I Glide : at com.bumptech.glide.load.resource.bitmap.VideoDecoder$AssetFileDescriptorInitializer.initialize(VideoDecoder.java:289)
10-07 18:14:37.244 4903 4903 I Glide : at com.bumptech.glide.load.resource.bitmap.VideoDecoder$AssetFileDescriptorInitializer.initialize(VideoDecoder.java:284)
10-07 18:14:37.244 4903 4903 I Glide : at com.bumptech.glide.load.resource.bitmap.VideoDecoder.decode(VideoDecoder.java:166)
10-07 18:14:37.244 4903 4903 I Glide : ... 36 more
10-07 18:14:37.398 3125 3228 I hash_map_utils: key: 'nv_param_low_latency_active' value: ''
10-07 18:14:40.383 3089 3222 W nvaudio_hw: stop_output_stream: 1 underruns seen on pcm device hdmi-playback
10-07 18:14:42.423 6692 7073 I chromium: [6692:7073:INFO:wifi_proximity.cc(209)] Request scan.
10-07 18:14:54.739 3328 3362 E storaged: getDiskStats failed with result NOT_SUPPORTED and size 0
10-07 18:15:00.231 6692 24561 I chromium: [6692:24561:INFO:ssdp_device.c(101)] SSDP packets sent for 30 seconds = 19
10-07 18:15:07.214 3728 4249 W bt_btm_pm: Sniff Interval For Device MAC 00:04:20:f5:f5:a8 is 33.750000 msec.
10-07 18:15:11.819 3543 3645 D WindowManager: handleComboKeys keyCode: 23, keyAction: 0
10-07 18:15:11.820 3543 3645 D WindowManager: handleComboKeys keyCode: 23, keyAction: 1
10-07 18:15:11.825 3543 9105 I ActivityManager: START u0 {act=android.intent.action.MAIN cat=[android.intent.category.LEANBACK_LAUNCHER] flg=0x10000000 pkg=org.xbmc.kodinerds cmp=org.xbmc.kodinerds/.Splash} from uid 10031
10-07 18:15:11.825 3125 11744 I hash_map_utils: key: 'nv_param_low_latency_active' value: ''
10-07 18:15:11.828 3543 9105 I android_os_HwBinder: HwBinder: Starting thread pool for default::vendor.nvidia.hardware.thermalservice@1.0::IThermalService
10-07 18:15:11.830 3116 3116 E powerHAL::common: Unknown power hint: 0x8
10-07 18:15:11.835 3543 24588 D NvThermalService: setAppClose
10-07 18:15:11.837 3543 3625 I WindowManager: WindowState() - found Launcher @ mAppToken:AppWindowToken{e68503c token=Token{a2622f ActivityRecord{2a0880e u0 org.xbmc.kodinerds/.Splash t1167}}}
10-07 18:15:11.852 3543 3579 I ActivityManager: Start proc 24590:org.xbmc.kodinerds/u0a159 for activity org.xbmc.kodinerds/.Splash
10-07 18:15:11.860 24590 24590 I .xbmc.kodinerd: Late-enabling -Xcheck:jni
10-07 18:15:11.921 3543 24619 W NvAppProfileService: App Profiles: Enabled
10-07 18:15:11.929 4692 5658 I android_os_HwBinder: HwBinder: Starting thread pool for default::vendor.nvidia.hardware.power@1.0::IPower
10-07 18:15:11.942 8228 9644 W ContentProvider: Normalized content://com.nvidia.pgcontentprovider.PGContentProvider//default/gameinfo to content://com.nvidia.pgcontentprovider.PGContentProvider/default/gameinfo to avoid possible security issues
10-07 18:15:11.981 3125 3228 I hash_map_utils: key: 'nv_param_low_latency_active' value: ''
10-07 18:15:12.047 24590 24590 I Kodi : ABI: arm64-v8a
10-07 18:15:12.047 24590 24590 I Kodi : ABI: armeabi-v7a
10-07 18:15:12.047 24590 24590 I Kodi : ABI: armeabi
10-07 18:15:12.049 24590 24590 D Kodi : External storage = /storage/emulated/0; state = mounted
10-07 18:15:12.054 3543 4052 I ActivityManager: START u0 {act=android.intent.action.MAIN cat=[android.intent.category.LEANBACK_LAUNCHER] flg=0x11000000 pkg=org.xbmc.kodinerds cmp=org.xbmc.kodinerds/.Main bnds=[809,257][1065,447]} from uid 10159
10-07 18:15:12.058 3543 4052 I android_os_HwBinder: HwBinder: Starting thread pool for default::vendor.nvidia.hardware.thermalservice@1.0::IThermalService
10-07 18:15:12.060 3116 3116 E powerHAL::common: Unknown power hint: 0x8
10-07 18:15:12.065 3543 3625 I WindowManager: WindowState() - found Launcher @ mAppToken:AppWindowToken{dbe3104 token=Token{363a917 ActivityRecord{2a07996 u0 org.xbmc.kodinerds/.Main t1168}}}
10-07 18:15:12.073 3127 3127 D SurfaceFlinger: duplicate layer name: changing Splash Screen org.xbmc.kodinerds to Splash Screen org.xbmc.kodinerds#1
10-07 18:15:12.089 3543 24626 D NvThermalService: setAppClose
10-07 18:15:12.095 3543 24588 W NvAppProfileService: App Profiles: Enabled
10-07 18:15:12.098 24590 24590 W ActivityThread: handleWindowVisibility: no activity for token android.os.BinderProxy@46a6bc0
10-07 18:15:12.104 4692 5658 I android_os_HwBinder: HwBinder: Starting thread pool for default::vendor.nvidia.hardware.power@1.0::IPower
10-07 18:15:12.116 3127 3127 D SurfaceFlinger: duplicate layer name: changing Surface(name=AppWindowToken{e68503c token=Token{a2622f ActivityRecord{2a0880e u0 org.xbmc.kodinerds/.Splash t1167}}})/@0x6a36040 - animation-leash to Surface(name=AppWindowToken{e68503c token=Token{a2622f ActivityRecord{2a0880e u0 org.xbmc.kodinerds/.Splash t1167}}})/@0x6a36040 - animation-leash#1
10-07 18:15:12.239 24590 24590 W .xbmc.kodinerds: type=1400 audit(0.0:140): avc: denied { read } for name="temp" dev="sysfs" ino=14981 scontext=u:r:untrusted_app:s0:c159,c256,c512,c768 tcontext=u:object_r:sysfs_thermal:s0 tclass=file permissive=0
10-07 18:15:12.279 24590 24590 V threaded_app: Creating: 0x2f44867c80
10-07 18:15:12.280 24590 24629 V threaded_app: Config: mcc=0 mnc=0 lang=de cnt=DE orien=2 touch=1 dens=320 keys=2 nav=2 keysHid=1 navHid=0 sdk=28 size=3 long=2 modetype=4 modenight=1
10-07 18:15:12.284 24590 24629 V Kodi : CXBMCApp: Created
10-07 18:15:12.285 24590 24629 V Kodi : CEventLoop: starting event loop
10-07 18:15:12.290 24590 24590 D TvUtil : Scheduled channel creation.
10-07 18:15:12.295 24590 24590 D OpenGLRenderer: Skia GL Pipeline
10-07 18:15:12.295 24590 24590 D XBMCMainView: Created
10-07 18:15:12.300 24590 24590 V threaded_app: Start: 0x2f44867c80
10-07 18:15:12.300 24590 24629 V threaded_app: activityState=10
10-07 18:15:12.300 24590 24629 V Kodi : virtual void CXBMCApp::onStart():
10-07 18:15:12.304 24590 24590 V threaded_app: Resume: 0x2f44867c80
10-07 18:15:12.307 24590 24629 D XBMCMediaSession: XBMCMediaSession init
10-07 18:15:12.309 3543 9105 D MediaSessionService: Media button session is changed to org.xbmc.kodinerds/XBMC_session (userId=0)
10-07 18:15:12.310 3728 3728 I NewAvrcpMediaPlayerList: onAddressedPlayerChanged: token=org.xbmc.kodinerds
10-07 18:15:12.310 3728 3728 W NewAvrcpMediaPlayerList: org.xbmc.kodinerds is already the active player
10-07 18:15:12.311 24590 24629 V threaded_app: activityState=11
10-07 18:15:12.311 4869 4869 D NowPlayingListener: onActiveSessionsChanged() called with: controllers = [[android.media.session.MediaController@4f89914]]
10-07 18:15:12.311 4869 4869 D NowPlayingListener: updateMediaSessionCallback: android.media.session.MediaController@4f89914
10-07 18:15:12.313 5872 5872 D DeviceControlManagerService: active session:com.ghisler.android.TotalCommander
10-07 18:15:12.313 24590 24629 V Kodi : virtual void CXBMCApp::onResume():
10-07 18:15:12.314 3728 4293 I Avrcp : Skipping update due to invalid playback state
10-07 18:15:12.314 3728 4293 E bt_btif : register_notification_rsp: Avrcp device is not connected, handle: 0x0
10-07 18:15:12.314 3728 4293 I chatty : uid=1002(bluetooth) BluetoothAvrcpH identical 4 lines
10-07 18:15:12.314 3728 4293 E bt_btif : register_notification_rsp: Avrcp device is not connected, handle: 0x0
10-07 18:15:12.314 3728 3728 V NewAvrcpMediaPlayerList: onActiveSessionsChanged: number of controllers: 1
10-07 18:15:12.315 3728 3728 D NewAvrcpMediaPlayerList: onActiveSessionsChanged: controller: com.ghisler.android.TotalCommander
10-07 18:15:12.315 3728 3728 D NewAvrcpMediaPlayerList: Already have a controller for the player: com.ghisler.android.TotalCommander, updating instead
10-07 18:15:12.318 4869 4869 D NowPlayingManager: onClientChanged() called with: clearing = [false]
10-07 18:15:12.318 4869 4869 D NowPlayingListener: updateMetadata() called with: metadata = [android.media.MediaMetadata@68e2ca92] and now playing listener: com.google.android.tvrecommendations.NowPlayingManager@ab6ca20
10-07 18:15:12.324 4869 4869 D NowPlayingManager: onMediaDataUpdated() called with: mediaData = [com.google.android.tvrecommendations.NowPlayingData@5f575bd]
10-07 18:15:12.327 4869 4869 D NowPlayingListener: updatePlayback() called with: state = [PlaybackState {state=1, position=-1, buffered position=0, speed=1.0, updated=4449198, actions=382, custom actions=[], active item id=-1, error=null}] and now playing listener: com.google.android.tvrecommendations.NowPlayingManager@ab6ca20
10-07 18:15:12.327 4869 4869 D NowPlayingManager: onClientPlaybackStateUpdate() called with: state = [1], stateChangeTimeMs = [4449198], currentPosMs = [-1]
10-07 18:15:12.327 4869 4869 D NowPlayingManager: onClientPlaybackStateUpdate: Skipped update, state: 1 was unchanged
10-07 18:15:12.341 3543 4052 I WindowManager: WindowState() - found Launcher @ mAppToken:AppWindowToken{dbe3104 token=Token{363a917 ActivityRecord{2a07996 u0 org.xbmc.kodinerds/.Main t1168}}}
10-07 18:15:12.343 24590 24590 V threaded_app: InputQueueCreated: 0x2f44867c80 -- 0x2f44868180
10-07 18:15:12.343 24590 24629 V threaded_app: APP_CMD_INPUT_CHANGED
10-07 18:15:12.343 24590 24629 V threaded_app: Attaching input queue to looper
10-07 18:15:12.345 24590 24590 V Kodi : Debug Print: CXBMCApp::onReceive - Got intent. Action: android.intent.action.BATTERY_CHANGED
10-07 18:15:12.345 24590 24590 V Kodi : Debug Print: CXBMCApp::onReceive - Got intent. Action: android.media.action.HDMI_AUDIO_PLUG
10-07 18:15:12.346 24590 24590 V Kodi : Debug Print: -- HDMI state: on
10-07 18:15:12.346 24590 24590 V Kodi : Debug Print: CXBMCApp::onReceive - Got intent. Action: android.net.conn.CONNECTIVITY_CHANGE
10-07 18:15:12.349 24590 24590 D View : com.nvidia.immediateInput = false
10-07 18:15:12.349 24590 24590 D View : com.nvidia.mRawCursorInputRequested = false
10-07 18:15:12.368 2975 2975 E SELinux : avc: denied { find } for interface=vendor.nvidia.hardware.cpl.service::INvCplHalService sid=u:r:untrusted_app:s0:c159,c256,c512,c768 pid=24590 scontext=u:r:untrusted_app:s0:c159,c256,c512,c768 tcontext=u:object_r:hal_cplservice_hwservice:s0 tclass=hwservice_manager permissive=0
10-07 18:15:12.369 24590 24632 E libnvcpl_vendor: NvCplGetAppProfileSettingString failed to get INvCplHalService
10-07 18:15:12.369 2975 2975 E SELinux : avc: denied { find } for interface=vendor.nvidia.hardware.cpl.service::INvCplHalService sid=u:r:untrusted_app:s0:c159,c256,c512,c768 pid=24590 scontext=u:r:untrusted_app:s0:c159,c256,c512,c768 tcontext=u:object_r:hal_cplservice_hwservice:s0 tclass=hwservice_manager permissive=0
10-07 18:15:12.369 24590 24632 E libnvcpl_vendor: NvCplGetAppProfileSettingString failed to get INvCplHalService
10-07 18:15:12.371 24590 24590 D XBMCMainView: Surface Created
10-07 18:15:12.371 24590 24590 W .xbmc.kodinerd: Attempt to remove non-JNI local reference, dumping thread
10-07 18:15:12.371 24590 24590 V Kodi : virtual void CXBMCApp::surfaceCreated(CJNISurfaceHolder):
10-07 18:15:12.371 24590 24590 W .xbmc.kodinerd: Attempt to remove non-JNI local reference, dumping thread
10-07 18:15:12.371 24590 24631 V Kodi : => running XBMC_Run...
10-07 18:15:12.372 24590 24590 D XBMCMainView: Surface Changed, format:-2, width:1920, height:1080
10-07 18:15:12.372 24590 24590 V Kodi : virtual void CXBMCApp::surfaceChanged(CJNISurfaceHolder, int, int, int):
10-07 18:15:12.372 24590 24590 W .xbmc.kodinerd: Attempt to remove non-JNI local reference, dumping thread
10-07 18:15:12.372 24590 24590 D XBMCMediaSession: XBMCMediaSession callback
10-07 18:15:12.379 2975 2975 E SELinux : avc: denied { find } for interface=vendor.nvidia.hardware.cpl.service::INvCplHalService sid=u:r:untrusted_app:s0:c159,c256,c512,c768 pid=24590 scontext=u:r:untrusted_app:s0:c159,c256,c512,c768 tcontext=u:object_r:hal_cplservice_hwservice:s0 tclass=hwservice_manager permissive=0
10-07 18:15:12.379 24590 24632 E libnvcpl_vendor: NvCplGetAppProfileSettingInt failed to get INvCplHalService
10-07 18:15:12.380 2975 2975 E SELinux : avc: denied { find } for interface=vendor.nvidia.hardware.cpl.service::INvCplHalService sid=u:r:untrusted_app:s0:c159,c256,c512,c768 pid=24590 scontext=u:r:untrusted_app:s0:c159,c256,c512,c768 tcontext=u:object_r:hal_cplservice_hwservice:s0 tclass=hwservice_manager permissive=0
10-07 18:15:12.380 24590 24632 E libnvcpl_vendor: NvCplGetAppProfileSettingInt failed to get INvCplHalService
10-07 18:15:12.382 2975 2975 E SELinux : avc: denied { find } for interface=vendor.nvidia.hardware.cpl.service::INvCplHalService sid=u:r:untrusted_app:s0:c159,c256,c512,c768 pid=24590 scontext=u:r:untrusted_app:s0:c159,c256,c512,c768 tcontext=u:object_r:hal_cplservice_hwservice:s0 tclass=hwservice_manager permissive=0
10-07 18:15:12.382 24590 24632 E libnvcpl_vendor: NvCplGetAppProfileSettingInt failed to get INvCplHalService
10-07 18:15:12.383 2975 2975 E SELinux : avc: denied { find } for interface=vendor.nvidia.hardware.cpl.service::INvCplHalService sid=u:r:untrusted_app:s0:c159,c256,c512,c768 pid=24590 scontext=u:r:untrusted_app:s0:c159,c256,c512,c768 tcontext=u:object_r:hal_cplservice_hwservice:s0 tclass=hwservice_manager permissive=0
10-07 18:15:12.383 24590 24632 E libnvcpl_vendor: NvCplGetAppProfileSettingInt failed to get INvCplHalService
10-07 18:15:12.384 24590 24632 I ConfigStore: android::hardware::configstore::V1_0::ISurfaceFlingerConfigs::hasWideColorDisplay retrieved: 1
10-07 18:15:12.384 24590 24632 I ConfigStore: android::hardware::configstore::V1_0::ISurfaceFlingerConfigs::hasHDRDisplay retrieved: 1
10-07 18:15:12.384 24590 24632 I OpenGLRenderer: Initialized EGL, version 1.4
10-07 18:15:12.384 24590 24632 D OpenGLRenderer: Swap behavior 2
10-07 18:15:12.385 2975 2975 E SELinux : avc: denied { find } for interface=vendor.nvidia.hardware.cpl.service::INvCplHalService sid=u:r:untrusted_app:s0:c159,c256,c512,c768 pid=24590 scontext=u:r:untrusted_app:s0:c159,c256,c512,c768 tcontext=u:object_r:hal_cplservice_hwservice:s0 tclass=hwservice_manager permissive=0
10-07 18:15:12.385 24590 24632 E libnvcpl_vendor: NvCplGetAppProfileSettingInt failed to get INvCplHalService
10-07 18:15:12.385 2975 2975 E SELinux : avc: denied { find } for interface=vendor.nvidia.hardware.cpl.service::INvCplHalService sid=u:r:untrusted_app:s0:c159,c256,c512,c768 pid=24590 scontext=u:r:untrusted_app:s0:c159,c256,c512,c768 tcontext=u:object_r:hal_cplservice_hwservice:s0 tclass=hwservice_manager permissive=0
10-07 18:15:12.385 24590 24632 E libnvcpl_vendor: NvCplGetAppProfileSettingInt failed to get INvCplHalService
10-07 18:15:12.390 2975 2975 E SELinux : avc: denied { find } for interface=vendor.nvidia.hardware.cpl.service::INvCplHalService sid=u:r:untrusted_app:s0:c159,c256,c512,c768 pid=24590 scontext=u:r:untrusted_app:s0:c159,c256,c512,c768 tcontext=u:object_r:hal_cplservice_hwservice:s0 tclass=hwservice_manager permissive=0
10-07 18:15:12.390 24590 24632 E libnvcpl_vendor: NvCplGetAppProfileSettingInt failed to get INvCplHalService
10-07 18:15:12.392 2975 2975 E SELinux : avc: denied { find } for interface=vendor.nvidia.hardware.cpl.service::INvCplHalService sid=u:r:untrusted_app:s0:c159,c256,c512,c768 pid=24590 scontext=u:r:untrusted_app:s0:c159,c256,c512,c768 tcontext=u:object_r:hal_cplservice_hwservice:s0 tclass=hwservice_manager permissive=0
10-07 18:15:12.392 24590 24632 E libnvcpl_vendor: NvCplGetAppProfileSettingStringLength failed to get INvCplHalService
10-07 18:15:12.392 2975 2975 E SELinux : avc: denied { find } for interface=vendor.nvidia.hardware.cpl.service::INvCplHalService sid=u:r:untrusted_app:s0:c159,c256,c512,c768 pid=24590 scontext=u:r:untrusted_app:s0:c159,c256,c512,c768 tcontext=u:object_r:hal_cplservice_hwservice:s0 tclass=hwservice_manager permissive=0
10-07 18:15:12.392 24590 24632 E libnvcpl_vendor: NvCplGetAppProfileSettingInt failed to get INvCplHalService
10-07 18:15:12.392 2975 2975 E SELinux : avc: denied { find } for interface=vendor.nvidia.hardware.cpl.service::INvCplHalService sid=u:r:untrusted_app:s0:c159,c256,c512,c768 pid=24590 scontext=u:r:untrusted_app:s0:c159,c256,c512,c768 tcontext=u:object_r:hal_cplservice_hwservice:s0 tclass=hwservice_manager permissive=0
10-07 18:15:12.392 24590 24632 E libnvcpl_vendor: NvCplGetAppProfileSettingStringLength failed to get INvCplHalService
10-07 18:15:12.393 2975 2975 E SELinux : avc: denied { find } for interface=vendor.nvidia.hardware.cpl.service::INvCplHalService sid=u:r:untrusted_app:s0:c159,c256,c512,c768 pid=24590 scontext=u:r:untrusted_app:s0:c159,c256,c512,c768 tcontext=u:object_r:hal_cplservice_hwservice:s0 tclass=hwservice_manager permissive=0
10-07 18:15:12.394 24590 24632 E libnvcpl_vendor: NvCplGetAppProfileSettingInt failed to get INvCplHalService
10-07 18:15:12.394 2975 2975 E SELinux : avc: denied { find } for interface=vendor.nvidia.hardware.cpl.service::INvCplHalService sid=u:r:untrusted_app:s0:c159,c256,c512,c768 pid=24590 scontext=u:r:untrusted_app:s0:c159,c256,c512,c768 tcontext=u:object_r:hal_cplservice_hwservice:s0 tclass=hwservice_manager permissive=0
10-07 18:15:12.394 24590 24632 E libnvcpl_vendor: NvCplGetAppProfileSettingInt failed to get INvCplHalService
10-07 18:15:12.394 2975 2975 E SELinux : avc: denied { find } for interface=vendor.nvidia.hardware.cpl.service::INvCplHalService sid=u:r:untrusted_app:s0:c159,c256,c512,c768 pid=24590 scontext=u:r:untrusted_app:s0:c159,c256,c512,c768 tcontext=u:object_r:hal_cplservice_hwservice:s0 tclass=hwservice_manager permissive=0
10-07 18:15:12.395 24590 24632 E libnvcpl_vendor: NvCplGetAppProfileSettingInt failed to get INvCplHalService
10-07 18:15:12.396 2975 2975 E SELinux : avc: denied { find } for interface=vendor.nvidia.hardware.cpl.service::INvCplHalService sid=u:r:untrusted_app:s0:c159,c256,c512,c768 pid=24590 scontext=u:r:untrusted_app:s0:c159,c256,c512,c768 tcontext=u:object_r:hal_cplservice_hwservice:s0 tclass=hwservice_manager permissive=0
10-07 18:15:12.396 24590 24632 E libnvcpl_vendor: NvCplGetAppProfileSettingInt failed to get INvCplHalService
10-07 18:15:12.397 24590 24631 V Kodi : Debug Print: CSettings: loaded settings definition from special://xbmc/system/settings/settings.xml
10-07 18:15:12.398 2975 2975 E SELinux : avc: denied { find } for interface=vendor.nvidia.hardware.cpl.service::INvCplHalService sid=u:r:untrusted_app:s0:c159,c256,c512,c768 pid=24590 scontext=u:r:untrusted_app:s0:c159,c256,c512,c768 tcontext=u:object_r:hal_cplservice_hwservice:s0 tclass=hwservice_manager permissive=0
10-07 18:15:12.398 24590 24632 E libnvcpl_vendor: NvCplGetAppProfileSettingInt failed to get INvCplHalService
10-07 18:15:12.400 2975 2975 E SELinux : avc: denied { find } for interface=vendor.nvidia.hardware.cpl.service::INvCplHalService sid=u:r:untrusted_app:s0:c159,c256,c512,c768 pid=24590 scontext=u:r:untrusted_app:s0:c159,c256,c512,c768 tcontext=u:object_r:hal_cplservice_hwservice:s0 tclass=hwservice_manager permissive=0
10-07 18:15:12.400 24590 24632 E libnvcpl_vendor: NvCplGetAppProfileSettingInt failed to get INvCplHalService
10-07 18:15:12.427 24590 24631 V Kodi : Debug Print: CSettings: loaded settings definition from special://xbmc/system/settings/android.xml
10-07 18:15:12.433 24590 24634 V Kodi : Debug Print: Thread Announce start, auto delete: false
10-07 18:15:12.435 24590 24590 W RenderThread: type=1400 audit(0.0:141): avc: denied { execute } for path=2F73746F726167652F656D756C617465642F302F416E64726F69642F646174612F6F72672E78626D632E6B6F64696E657264732F66696C65732F2E6E762F2E676C625173524E5A202864656C6574656429 dev="sdcardfs" ino=3703590 scontext=u:r:untrusted_app:s0:c159,c256,c512,c768 tcontext=u:object_r:sdcardfs:s0 tclass=file permissive=0
10-07 18:15:12.441 24590 24631 V Kodi : Debug Print: -----------------------------------------------------------------------
10-07 18:15:12.441 24590 24631 V Kodi : Debug Print: Starting Kodi (19.0-ALPHA1 Git:20191007-8ba9cb2a15-dirty). Platform: Android ARM 64-bit
10-07 18:15:12.441 24590 24631 V Kodi : Debug Print: Using Debug Kodi x64 build
10-07 18:15:12.441 24590 24631 V Kodi : Debug Print: Kodi compiled 2019-10-07 by Clang 8.0.7 (https://android.googlesource.com/toolchain/clang b55f2d4ebfd35bf643d27dbca1bb228957008617) (https://android.googlesource.com/toolchain/llvm 3c393fe7a7e13b0fba4ac75a01aa683d7a5b11cd) for Android ARM 64-bit API level 21 (API level 21)
10-07 18:15:12.441 24590 24631 V Kodi : Debug Print: Running on NVIDIA SHIELD Android TV with Android 9.0.0 API level 28, kernel: Linux ARM 64-bit version 4.9.140-tegra-g68283f0ff762
10-07 18:15:12.442 24590 24631 V Kodi : Debug Print: FFmpeg version/source: 4.0.4-Kodi
10-07 18:15:12.442 24590 24631 V Kodi : Debug Print: Host CPU: ARMv8 Processor rev 1 (v8l), 4 cores available
10-07 18:15:12.442 24590 24631 V Kodi : Debug Print: Product: foster_e_hdd, Device: foster, Board: foster_e_hdd - Manufacturer: NVIDIA, Brand: NVIDIA, Model: SHIELD Android TV, Hardware: foster_e_hdd
10-07 18:15:12.444 24590 24631 V Kodi : Debug Print: External storage path = /storage/emulated/0; status = ok
10-07 18:15:12.444 24590 24631 V Kodi : Debug Print: ARM Features: Neon disabled
10-07 18:15:12.445 24590 24631 V Kodi : Debug Print: special://xbmc/ is mapped to: /data/user/0/org.xbmc.kodinerds/cache/apk/assets
10-07 18:15:12.445 24590 24631 V Kodi : Debug Print: special://xbmcbin/ is mapped to: /data/user/0/org.xbmc.kodinerds/cache/apk/assets
10-07 18:15:12.445 24590 24631 V Kodi : Debug Print: special://xbmcbinaddons/ is mapped to: /data/user/0/org.xbmc.kodinerds/cache/apk/assets/addons
10-07 18:15:12.445 24590 24631 V Kodi : Debug Print: special://masterprofile/ is mapped to: /storage/emulated/0/Android/data/org.xbmc.kodinerds/files/.kodi/userdata
10-07 18:15:12.445 24590 24631 V Kodi : Debug Print: special://envhome/ is mapped to: /storage/emulated/0/Android/data/org.xbmc.kodinerds/files
10-07 18:15:12.445 24590 24631 V Kodi : Debug Print: special://home/ is mapped to: /storage/emulated/0/Android/data/org.xbmc.kodinerds/files/.kodi
10-07 18:15:12.445 24590 24631 V Kodi : Debug Print: special://temp/ is mapped to: /storage/emulated/0/Android/data/org.xbmc.kodinerds/files/.kodi/temp
10-07 18:15:12.445 24590 24631 V Kodi : Debug Print: special://logpath/ is mapped to: /storage/emulated/0/Android/data/org.xbmc.kodinerds/files/.kodi/temp
10-07 18:15:12.445 24590 24631 V Kodi : Debug Print: The executable running is: /data/app/org.xbmc.kodinerds-tXmRcWl0nYogoESJM-Jwkg==/lib/arm64/libkodi.so
10-07 18:15:12.447 2975 2975 E SELinux : avc: denied { find } for interface=vendor.nvidia.hardware.cpl.service::INvCplHalService sid=u:r:untrusted_app:s0:c159,c256,c512,c768 pid=24590 scontext=u:r:untrusted_app:s0:c159,c256,c512,c768 tcontext=u:object_r:hal_cplservice_hwservice:s0 tclass=hwservice_manager permissive=0
10-07 18:15:12.447 24590 24632 E libnvcpl_vendor: NvCplGetAppProfileSettingInt failed to get INvCplHalService
10-07 18:15:12.447 2975 2975 E SELinux : avc: denied { find } for interface=vendor.nvidia.hardware.cpl.service::INvCplHalService sid=u:r:untrusted_app:s0:c159,c256,c512,c768 pid=24590 scontext=u:r:untrusted_app:s0:c159,c256,c512,c768 tcontext=u:object_r:hal_cplservice_hwservice:s0 tclass=hwservice_manager permissive=0
10-07 18:15:12.447 24590 24632 E libnvcpl_vendor: NvCplGetAppProfileSettingInt failed to get INvCplHalService
10-07 18:15:12.457 24590 24631 V Kodi : Debug Print: Local hostname: SHIELD.fritz.box
10-07 18:15:12.457 24590 24631 V Kodi : Debug Print: Log File is located: /storage/emulated/0/Android/data/org.xbmc.kodinerds/files/.kodi/temp/kodi.log
10-07 18:15:12.457 24590 24631 V Kodi : Debug Print: -----------------------------------------------------------------------
10-07 18:15:12.457 24590 24631 V Kodi : Debug Print: loading settings
10-07 18:15:12.459 24590 24631 V Kodi : Debug Print: special://profile/ is mapped to: special://masterprofile/
10-07 18:15:12.474 3127 6075 D SurfaceFlinger: Connected to Power Manager
10-07 18:15:12.476 24590 24590 V threaded_app: WindowFocusChanged: 0x2f44867c80 -- 1
10-07 18:15:12.477 24590 24629 V Kodi : virtual void CXBMCApp::onGainFocus():
10-07 18:15:12.481 3543 3588 I ActivityManager: Displayed org.xbmc.kodinerds/.Main: +388ms (total +642ms)
10-07 18:15:12.492 24590 24631 V Kodi : Debug Print: CSkinSettings: no tag found
10-07 18:15:12.493 24590 24631 V Kodi : Debug Print: No settings file to load (special://xbmc/system/advancedsettings.xml)
10-07 18:15:12.494 24590 24631 V Kodi : Debug Print: No settings file to load (special://masterprofile/advancedsettings.xml)
10-07 18:15:12.494 24590 24631 V Kodi : Debug Print: Default Video Player: VideoPlayer
10-07 18:15:12.494 24590 24631 V Kodi : Debug Print: Default Audio Player: paplayer
10-07 18:15:12.494 24590 24631 V Kodi : Debug Print: Disabled debug logging due to GUI setting. Level 0.
10-07 18:15:12.494 24590 24631 V Kodi : Debug Print: Log level changed to "LOG_LEVEL_NORMAL"
10-07 18:15:12.496 3116 3116 E powerHAL::common: Unknown power hint: 0x8
10-07 18:15:12.507 3127 6075 W SurfaceFlinger: Attempting to set client state on removed layer: Splash Screen org.xbmc.kodinerds#0
10-07 18:15:12.507 3127 6075 W SurfaceFlinger: Attempting to destroy on removed layer: Splash Screen org.xbmc.kodinerds#0
10-07 18:15:12.517 3127 3490 W SurfaceFlinger: Attempting to destroy on removed layer: AppWindowToken{e68503c token=Token{a2622f ActivityRecord{2a0880e u0 org.xbmc.kodinerds/.Splash t1167}}}#0
10-07 18:15:12.522 4903 4903 I AppLifecycleTracker: App transition to background
10-07 18:15:12.524 24590 24631 V Kodi : Debug Print: Running database version Addons27
10-07 18:15:12.526 4903 4903 I AppLifecycleTracker: App foreground state unchanged: inForeground ? false
10-07 18:15:12.644 3127 3218 W SurfaceFlinger: Attempting to set client state on removed layer: Splash Screen org.xbmc.kodinerds#1
10-07 18:15:12.644 3127 3218 W SurfaceFlinger: Attempting to destroy on removed layer: Splash Screen org.xbmc.kodinerds#1
10-07 18:15:12.734 24590 24631 V Kodi : Debug Print: CAddonMgr::FindAddons: audioencoder.kodi.builtin.aac v1.0.0 installed
10-07 18:15:12.735 24590 24631 V Kodi : Debug Print: CAddonMgr::FindAddons: audioencoder.kodi.builtin.wma v1.0.0 installed
10-07 18:15:12.735 24590 24631 V Kodi : Debug Print: CAddonMgr::FindAddons: game.controller.default v1.0.8 installed
10-07 18:15:12.736 24590 24631 V Kodi : Debug Print: CAddonMgr::FindAddons: game.controller.snes v1.0.8 installed
10-07 18:15:12.736 24590 24631 V Kodi : Debug Print: CAddonMgr::FindAddons: inputstream.adaptive v2.5.1 installed
10-07 18:15:12.737 24590 24631 V Kodi : Debug Print: CAddonMgr::FindAddons: kodi.binary.global.audioengine v1.0.2 installed
10-07 18:15:12.738 24590 24631 V Kodi : Debug Print: CAddonMgr::FindAddons: kodi.binary.global.filesystem v1.0.3 installed
10-07 18:15:12.738 24590 24631 V Kodi : Debug Print: CAddonMgr::FindAddons: kodi.binary.global.general v1.0.3 installed
10-07 18:15:12.739 24590 24631 V Kodi : Debug Print: CAddonMgr::FindAddons: kodi.binary.global.gui v5.14.0 installed
10-07 18:15:12.739 24590 24631 V Kodi : Debug Print: CAddonMgr::FindAddons: kodi.binary.global.main v1.1.0 installed
10-07 18:15:12.740 24590 24631 V Kodi : Debug Print: CAddonMgr::FindAddons: kodi.binary.global.network v1.0.0 installed
10-07 18:15:12.740 24590 24631 V Kodi : Debug Print: CAddonMgr::FindAddons: kodi.binary.instance.audiodecoder v2.0.0 installed
10-07 18:15:12.741 24590 24631 V Kodi : Debug Print: CAddonMgr::FindAddons: kodi.binary.instance.audioencoder v2.0.0 installed
10-07 18:15:12.741 24590 24631 V Kodi : Debug Print: CAddonMgr::FindAddons: kodi.binary.instance.game v1.1.0 installed
10-07 18:15:12.741 24590 24631 V Kodi : Debug Print: CAddonMgr::FindAddons: kodi.binary.instance.imagedecoder v2.0.0 installed
10-07 18:15:12.742 24590 24631 V Kodi : Debug Print: CAddonMgr::FindAddons: kodi.binary.instance.inputstream v2.0.10 installed
10-07 18:15:12.742 24590 24631 V Kodi : Debug Print: CAddonMgr::FindAddons: kodi.binary.instance.peripheral v1.3.7 installed
10-07 18:15:12.742 24590 24631 V Kodi : Debug Print: CAddonMgr::FindAddons: kodi.binary.instance.pvr v6.1.0 installed
10-07 18:15:12.743 24590 24631 V Kodi : Debug Print: CAddonMgr::FindAddons: kodi.binary.instance.screensaver v2.0.0 installed
10-07 18:15:12.743 24590 24631 V Kodi : Debug Print: CAddonMgr::FindAddons: kodi.binary.instance.vfs v2.2.0 installed
10-07 18:15:12.744 24590 24631 V Kodi : Debug Print: CAddonMgr::FindAddons: kodi.binary.instance.videocodec v1.0.1 installed
10-07 18:15:12.744 24590 24631 V Kodi : Debug Print: CAddonMgr::FindAddons: kodi.binary.instance.visualization v2.0.1 installed
10-07 18:15:12.744 24590 24631 V Kodi : Debug Print: CAddonMgr::FindAddons: kodi.resource v1.0.0 installed
10-07 18:15:12.745 24590 24631 V Kodi : Debug Print: CAddonMgr::FindAddons: metadata.album.universal v3.1.2 installed
10-07 18:15:12.745 24590 24631 V Kodi : Debug Print: CAddonMgr::FindAddons: metadata.artists.universal v4.3.2 installed
10-07 18:15:12.746 24590 24631 V Kodi : Debug Print: CAddonMgr::FindAddons: metadata.common.allmusic.com v3.2.1 installed
10-07 18:15:12.746 24590 24631 V Kodi : Debug Print: CAddonMgr::FindAddons: metadata.common.fanart.tv v3.6.2 installed
10-07 18:15:12.746 24590 24631 V Kodi : Debug Print: CAddonMgr::FindAddons: metadata.common.imdb.com v3.1.4 installed
10-07 18:15:12.747 24590 24631 V Kodi : Debug Print: CAddonMgr::FindAddons: metadata.common.musicbrainz.org v2.2.1 installed
10-07 18:15:12.747 24590 24631 V Kodi : Debug Print: CAddonMgr::FindAddons: metadata.common.theaudiodb.com v2.0.3 installed
10-07 18:15:12.747 24590 24631 V Kodi : Debug Print: CAddonMgr::FindAddons: metadata.common.themoviedb.org v3.1.10 installed
10-07 18:15:12.748 24590 24631 V Kodi : Debug Print: CAddonMgr::FindAddons: metadata.local v1.0.0 installed
10-07 18:15:12.748 24590 24631 V Kodi : Debug Print: CAddonMgr::FindAddons: metadata.themoviedb.org v5.1.9 installed
10-07 18:15:12.749 24590 24631 V Kodi : Debug Print: CAddonMgr::FindAddons: metadata.tvshows.themoviedb.org v3.1.3 installed
10-07 18:15:12.749 24590 24631 V Kodi : Debug Print: CAddonMgr::FindAddons: peripheral.joystick v1.4.8 installed
10-07 18:15:12.750 24590 24631 V Kodi : Debug Print: CAddonMgr::FindAddons: plugin.video.skygo.de v1.13.4 installed
10-07 18:15:12.750 24590 24631 V Kodi : Debug Print: CAddonMgr::FindAddons: repository.kodinerds v6.0.0 installed
10-07 18:15:12.750 24590 24631 V Kodi : Debug Print: CAddonMgr::FindAddons: repository.xbmc.org v3.2.0 installed
10-07 18:15:12.751 24590 24631 V Kodi : Debug Print: CAddonMgr::FindAddons: resource.images.weathericons.default v1.1.8 installed
10-07 18:15:12.751 24590 24631 V Kodi : Debug Print: CAddonMgr::FindAddons: resource.language.de_de v9.0.19 installed
10-07 18:15:12.751 24590 24631 V Kodi : Debug Print: CAddonMgr::FindAddons: resource.language.en_gb v2.0.1 installed
10-07 18:15:12.752 24590 24631 V Kodi : Debug Print: CAddonMgr::FindAddons: resource.uisounds.kodi v1.0.0 installed
10-07 18:15:12.752 24590 24631 V Kodi : Debug Print: CAddonMgr::FindAddons: screensaver.xbmc.builtin.black v1.0.32 installed
10-07 18:15:12.752 24590 24631 V Kodi : Debug Print: CAddonMgr::FindAddons: screensaver.xbmc.builtin.dim v1.0.56 installed
10-07 18:15:12.753 24590 24631 V Kodi : Debug Print: CAddonMgr::FindAddons: script.common.plugin.cache v2.5.10 installed
10-07 18:15:12.753 24590 24631 V Kodi : Debug Print: CAddonMgr::FindAddons: script.module.certifi v2019.9.11 installed
10-07 18:15:12.753 24590 24631 V Kodi : Debug Print: CAddonMgr::FindAddons: script.module.chardet v3.0.4 installed
10-07 18:15:12.754 24590 24631 V Kodi : Debug Print: CAddonMgr::FindAddons: script.module.cryptopy v1.2.6 installed
10-07 18:15:12.754 24590 24631 V Kodi : Debug Print: CAddonMgr::FindAddons: script.module.idna v2.8 installed
10-07 18:15:12.755 24590 24631 V Kodi : Debug Print: CAddonMgr::FindAddons: script.module.inputstreamhelper v0.4.2 installed
10-07 18:15:12.755 24590 24631 V Kodi : Debug Print: CAddonMgr::FindAddons: script.module.kodi-six v0.1.0 installed
10-07 18:15:12.756 24590 24631 V Kodi : Debug Print: CAddonMgr::FindAddons: script.module.pil v1.1.7 installed
10-07 18:15:12.756 24590 24631 V Kodi : Debug Print: CAddonMgr::FindAddons: script.module.pycryptodome v3.4.3 installed
10-07 18:15:12.756 24590 24631 V Kodi : Debug Print: CAddonMgr::FindAddons: script.module.pydes v2.0.1 installed
10-07 18:15:12.757 24590 24631 V Kodi : Debug Print: CAddonMgr::FindAddons: script.module.requests v2.22.0 installed
10-07 18:15:12.757 24590 24631 V Kodi : Debug Print: CAddonMgr::FindAddons: script.module.routing v0.2.3 installed
10-07 18:15:12.758 24590 24631 V Kodi : Debug Print: CAddonMgr::FindAddons: script.module.urllib3 v1.25.3 installed
10-07 18:15:12.758 24590 24631 V Kodi : Debug Print: CAddonMgr::FindAddons: service.xbmc.versioncheck v0.4.6 installed
10-07 18:15:12.758 24590 24631 V Kodi : Debug Print: CAddonMgr::FindAddons: skin.estouchy v2.0.23 installed
10-07 18:15:12.759 24590 24631 V Kodi : Debug Print: CAddonMgr::FindAddons: skin.estuary v2.0.22 installed
10-07 18:15:12.759 24590 24631 V Kodi : Debug Print: CAddonMgr::FindAddons: webinterface.default v18.x-2.4.6 installed
10-07 18:15:12.760 24590 24631 V Kodi : Debug Print: CAddonMgr::FindAddons: xbmc.addon v18.9.701 installed
10-07 18:15:12.760 24590 24631 V Kodi : Debug Print: CAddonMgr::FindAddons: xbmc.core v0.1.0 installed
10-07 18:15:12.760 24590 24631 V Kodi : Debug Print: CAddonMgr::FindAddons: xbmc.gui v5.14.0 installed
10-07 18:15:12.761 24590 24631 V Kodi : Debug Print: CAddonMgr::FindAddons: xbmc.json v10.5.2 installed
10-07 18:15:12.761 24590 24631 V Kodi : Debug Print: CAddonMgr::FindAddons: xbmc.metadata v2.1.0 installed
10-07 18:15:12.761 24590 24631 V Kodi : Debug Print: CAddonMgr::FindAddons: xbmc.python v2.26.0 installed
10-07 18:15:12.762 24590 24631 V Kodi : Debug Print: CAddonMgr::FindAddons: xbmc.webinterface v1.0.0 installed
10-07 18:15:12.774 3125 11744 I APM_AudioPolicyManager: getOutputForAttr() device 0x400, sampling rate 48000, format 0x5, channel mask 0x3, flags 0
10-07 18:15:12.774 3125 11744 D AudioFlinger: Client defaulted notificationFrames to 770 for frameCount 1540
10-07 18:15:12.830 3125 11744 I APM_AudioPolicyManager: getOutputForAttr() device 0x400, sampling rate 48000, format 0x5, channel mask 0x63f, flags 0
10-07 18:15:12.830 3125 11744 D AudioFlinger: Client defaulted notificationFrames to 770 for frameCount 1540
10-07 18:15:12.884 24590 24641 V Kodi : Debug Print: Float is supported
10-07 18:15:12.884 24590 24641 V Kodi : Debug Print: Multi channel Float is supported
10-07 18:15:12.888 3125 11744 I APM_AudioPolicyManager: getOutputForAttr() device 0x400, sampling rate 48000, format 0x9000000, channel mask 0x3, flags 0x1
10-07 18:15:12.888 3125 11744 I AudioFlinger: openOutput() this 0x4b3be000, module 10 Device 0x400, SamplingRate 48000, Format 0x9000000, Channels 0x3, flags 0x1
10-07 18:15:12.888 3089 3222 W DeviceHAL: Error from HAL Device in function open_output_stream: Unknown error -22
10-07 18:15:12.888 3125 11744 I AudioHwDevice: openOutputStream(), HAL returned sampleRate 48000, Format 0x9000000, channelMask 0x3, status -61
10-07 18:15:12.888 3125 11744 I AudioSPDIF: SPDIFEncoder: mBurstBufferSizeBytes = 24576, littleEndian = 1
10-07 18:15:12.888 3125 11744 I AudioFlinger: SpdifStreamOut::open() AudioFlinger requested sampleRate 48000, format 0x9000000, channelMask 0x3
10-07 18:15:12.888 3125 11744 I AudioFlinger: SpdifStreamOut::open() HAL configured for sampleRate 48000, format 0x1, channelMask 0x3
10-07 18:15:12.889 3125 11744 I AudioFlinger: SpdifStreamOut::open() status = 0
10-07 18:15:12.889 3125 11744 I AudioFlinger: HAL output buffer size 4096 frames, normal sink buffer size 4096 frames
10-07 18:15:12.890 3125 24646 I AudioFlinger: AudioFlinger's thread 0x4d755000 tid=24646 ready to run
10-07 18:15:12.947 3125 11468 I APM_AudioPolicyManager: getOutputForAttr() device 0x400, sampling rate 48000, format 0xa000000, channel mask 0x3, flags 0x1
10-07 18:15:12.947 3125 11468 W APM_AudioPolicyManager: getOutputForDevice() could not find output for stream 3, sampling rate 48000, format 0xa000000, channels 0x3, flags 0x1
10-07 18:15:12.997 3125 11468 I APM_AudioPolicyManager: getOutputForAttr() device 0x400, sampling rate 48000, format 0xa000000, channel mask 0x3, flags 0x1
10-07 18:15:12.997 3125 11468 W APM_AudioPolicyManager: getOutputForDevice() could not find output for stream 3, sampling rate 48000, format 0xa000000, channels 0x3, flags 0x1
10-07 18:15:13.015 4531 5046 I ShieldBluetoothScanPolicy: Scans disallowed due to PACKAGE POLL
10-07 18:15:13.015 4531 5046 D BluetoothAdapter: isLeEnabled(): ON
10-07 18:15:13.019 3728 3848 D AdapterProperties: Discoverable Timeout:-1
10-07 18:15:13.019 3728 3848 D AdapterProperties: Scan Mode:21
10-07 18:15:13.047 3125 11468 I APM_AudioPolicyManager: getOutputForAttr() device 0x400, sampling rate 48000, format 0xa000000, channel mask 0x3, flags 0x1
10-07 18:15:13.047 3125 11468 W APM_AudioPolicyManager: getOutputForDevice() could not find output for stream 3, sampling rate 48000, format 0xa000000, channels 0x3, flags 0x1
10-07 18:15:13.097 3125 11468 I APM_AudioPolicyManager: getOutputForAttr() device 0x400, sampling rate 48000, format 0xa000000, channel mask 0x3, flags 0x1
10-07 18:15:13.097 3125 11468 W APM_AudioPolicyManager: getOutputForDevice() could not find output for stream 3, sampling rate 48000, format 0xa000000, channels 0x3, flags 0x1
10-07 18:15:13.148 3125 11468 I APM_AudioPolicyManager: getOutputForAttr() device 0x400, sampling rate 48000, format 0xa000000, channel mask 0x3, flags 0x1
10-07 18:15:13.148 3125 11468 W APM_AudioPolicyManager: getOutputForDevice() could not find output for stream 3, sampling rate 48000, format 0xa000000, channels 0x3, flags 0x1
10-07 18:15:13.198 3125 11468 I APM_AudioPolicyManager: getOutputForAttr() device 0x400, sampling rate 48000, format 0xa000000, channel mask 0x3, flags 0x1
10-07 18:15:13.198 3125 11468 W APM_AudioPolicyManager: getOutputForDevice() could not find output for stream 3, sampling rate 48000, format 0xa000000, channels 0x3, flags 0x1
10-07 18:15:13.248 3125 11468 I APM_AudioPolicyManager: getOutputForAttr() device 0x400, sampling rate 48000, format 0xa000000, channel mask 0x3, flags 0x1
10-07 18:15:13.248 3125 11468 W APM_AudioPolicyManager: getOutputForDevice() could not find output for stream 3, sampling rate 48000, format 0xa000000, channels 0x3, flags 0x1
10-07 18:15:13.298 3125 11468 I APM_AudioPolicyManager: getOutputForAttr() device 0x400, sampling rate 48000, format 0xa000000, channel mask 0x3, flags 0x1
10-07 18:15:13.298 3125 11468 W APM_AudioPolicyManager: getOutputForDevice() could not find output for stream 3, sampling rate 48000, format 0xa000000, channels 0x3, flags 0x1
10-07 18:15:13.348 3125 11468 I APM_AudioPolicyManager: getOutputForAttr() device 0x400, sampling rate 48000, format 0xa000000, channel mask 0x3, flags 0x1
10-07 18:15:13.349 3125 11468 W APM_AudioPolicyManager: getOutputForDevice() could not find output for stream 3, sampling rate 48000, format 0xa000000, channels 0x3, flags 0x1
10-07 18:15:13.399 3125 11468 I APM_AudioPolicyManager: getOutputForAttr() device 0x400, sampling rate 48000, format 0xa000000, channel mask 0x3, flags 0x1
10-07 18:15:13.399 3125 11468 W APM_AudioPolicyManager: getOutputForDevice() could not find output for stream 3, sampling rate 48000, format 0xa000000, channels 0x3, flags 0x1
10-07 18:15:13.449 3125 11468 I APM_AudioPolicyManager: getOutputForAttr() device 0x400, sampling rate 48000, format 0xa000000, channel mask 0x3, flags 0x1
10-07 18:15:13.449 3125 11468 W APM_AudioPolicyManager: getOutputForDevice() could not find output for stream 3, sampling rate 48000, format 0xa000000, channels 0x3, flags 0x1
10-07 18:15:13.499 3125 11468 I APM_AudioPolicyManager: getOutputForAttr() device 0x400, sampling rate 48000, format 0xa000000, channel mask 0x3, flags 0x1
10-07 18:15:13.499 3125 11468 W APM_AudioPolicyManager: getOutputForDevice() could not find output for stream 3, sampling rate 48000, format 0xa000000, channels 0x3, flags 0x1
10-07 18:15:13.549 3125 11468 I APM_AudioPolicyManager: getOutputForAttr() device 0x400, sampling rate 48000, format 0xa000000, channel mask 0x3, flags 0x1
10-07 18:15:13.549 3125 11468 W APM_AudioPolicyManager: getOutputForDevice() could not find output for stream 3, sampling rate 48000, format 0xa000000, channels 0x3, flags 0x1
10-07 18:15:13.600 3125 11468 I APM_AudioPolicyManager: getOutputForAttr() device 0x400, sampling rate 48000, format 0xa000000, channel mask 0x3, flags 0x1
10-07 18:15:13.600 3125 11468 W APM_AudioPolicyManager: getOutputForDevice() could not find output for stream 3, sampling rate 48000, format 0xa000000, channels 0x3, flags 0x1
10-07 18:15:13.650 3125 11468 I APM_AudioPolicyManager: getOutputForAttr() device 0x400, sampling rate 48000, format 0xa000000, channel mask 0x3, flags 0x1
10-07 18:15:13.650 3125 11468 W APM_AudioPolicyManager: getOutputForDevice() could not find output for stream 3, sampling rate 48000, format 0xa000000, channels 0x3, flags 0x1
10-07 18:15:13.700 3125 11468 I APM_AudioPolicyManager: getOutputForAttr() device 0x400, sampling rate 48000, format 0xa000000, channel mask 0x3, flags 0x1
10-07 18:15:13.700 3125 11468 W APM_AudioPolicyManager: getOutputForDevice() could not find output for stream 3, sampling rate 48000, format 0xa000000, channels 0x3, flags 0x1
10-07 18:15:13.700 3125 11468 E AudioFlinger: createTrack() getOutputForAttr() return error -38 or invalid output handle
10-07 18:15:13.700 24590 24641 E IAudioFlinger: createTrack returned error -38
10-07 18:15:13.700 24590 24641 E AudioTrack: AudioFlinger could not create track, status: -38 output 1684223368
10-07 18:15:13.700 24590 24641 E AudioTrack-JNI: Error -38 initializing AudioTrack
10-07 18:15:13.700 24590 24641 D AudioTrack: no metrics gathered, track status=-38
10-07 18:15:13.700 24590 24641 E android.media.AudioTrack: Error code -20 when initializing AudioTrack.
10-07 18:15:13.701 24590 24641 W System.err: java.lang.IllegalStateException: stop() called on uninitialized AudioTrack.
10-07 18:15:13.701 24590 24641 W System.err: at android.media.AudioTrack.stop(AudioTrack.java:2124)
10-07 18:15:13.753 3125 11468 I APM_AudioPolicyManager: getOutputForAttr() device 0x400, sampling rate 48000, format 0xb000000, channel mask 0x3, flags 0x1
10-07 18:15:13.753 3125 11468 I AudioFlinger: openOutput() this 0x4b3be000, module 10 Device 0x400, SamplingRate 48000, Format 0xb000000, Channels 0x3, flags 0x1
10-07 18:15:13.754 3089 3222 W DeviceHAL: Error from HAL Device in function open_output_stream: Unknown error -22
10-07 18:15:13.754 3125 11468 I AudioHwDevice: openOutputStream(), HAL returned sampleRate 48000, Format 0xb000000, channelMask 0x3, status -61
10-07 18:15:13.754 3125 11468 I AudioSPDIF: SPDIFEncoder: mBurstBufferSizeBytes = 16384, littleEndian = 1
10-07 18:15:13.754 3125 11468 I AudioFlinger: SpdifStreamOut::open() AudioFlinger requested sampleRate 48000, format 0xb000000, channelMask 0x3
10-07 18:15:13.754 3125 11468 I AudioFlinger: SpdifStreamOut::open() HAL configured for sampleRate 48000, format 0x1, channelMask 0x3
10-07 18:15:13.754 3125 11468 I AudioFlinger: SpdifStreamOut::open() status = 0
10-07 18:15:13.754 3125 11468 I AudioFlinger: HAL output buffer size 8192 frames, normal sink buffer size 8192 frames
10-07 18:15:13.755 3125 24651 I AudioFlinger: AudioFlinger's thread 0x4d830000 tid=24651 ready to run
