10-07 18:15:50.328 3322 6775 D DrmHal : found drm@1.1 IDrmFactory playready
10-07 18:15:50.329 3322 6775 D DrmHal : found drm@1.1 IDrmFactory widevine
10-07 18:15:50.332 23807 24748 E DxDrmModularPlugin: initClient_and_lock, failed to load config file a000000
10-07 18:15:50.332 23807 24748 I DxModule_0x80000000: Initializing DRM BlackBox
at external/DxDrm/MultiScheme/BlackBox/../../MultiScheme/BlackBox/DxDrmBlackBox.c(26)
10-07 18:15:50.332 23807 24748 I DxModule_0x80000000: Renewal table XML not found at: DxRenewalTable.xml
at external/DxDrm/MultiScheme/BlackBox/../../MultiScheme/BlackBox/DxSecureAssetsRenewal.cpp(44)
10-07 18:15:50.360 23807 24748 I DxModule_0x80000000: Authenticator opened successfully.
at external/DxDrm/MultiScheme/Server/../../DxInfra/DB/CDxSecureDB.cpp(824)
10-07 18:15:50.360 23807 24748 I DxModule_0x80000000: g_DxLastTimeSaved is 0
at external/DxDrm/PlatformUtils/Server/DxSecureTime.cpp(645)
10-07 18:15:50.361 23807 24748 I DxModule_0x80000000: GetLastSavedTime return 1570464616
at external/DxDrm/PlatformUtils/Server/DxSecureTime.cpp(657)
10-07 18:15:50.361 23807 24748 I DxModule_0x80000000: Base clock delta: 0
at external/DxDrm/PlatformUtils/Server/DxSecureTime.cpp(159)
10-07 18:15:50.361 23807 24748 I DxModule_0x80000000: Secure-Time toolkit initialized successfully.
at external/DxDrm/PlatformUtils/Server/DxSecureTime.cpp(163)
10-07 18:15:50.361 23807 24748 I DxModule_0x80000000: Initializing PlayReady server
at external/DxDrm/PlayReady/Server/DxPrdyServer.cpp(83)
10-07 18:15:50.361 23807 24748 I DxModule_0x80000000: Auto-Provisioning
at external/DxDrm/PlayReady/Server/DxPrdyAutoProvision.cpp(580)
10-07 18:15:50.362 3728 3728 V NewAvrcpMediaPlayerWrapper: onPlaybackStateChanged(): org.xbmc.kodinerds : PlaybackState {state=3, position=0, buffered position=0, speed=1.0, updated=9743861, actions=-1, custom actions=[], active item id=-1, error=null}
10-07 18:15:50.362 3728 3728 W NewAvrcpMediaPlayerWrapper: onPlaybackStateChanged(): org.xbmc.kodinerds tried to update with no new data
10-07 18:15:50.362 23807 24748 E DxModule_0x80000000: Returning Error Code: (0x02000009)
at external/DxDrm/PlayReady/Server/DxPrdyProvisioning.cpp(112)
10-07 18:15:50.364 23807 24748 I chatty : uid=1013(media) HwBinder:23807_ identical 1 line
10-07 18:15:50.367 23807 24748 E DxModule_0x80000000: Returning Error Code: (0x02000009)
at external/DxDrm/PlayReady/Server/DxPrdyProvisioning.cpp(112)
10-07 18:15:50.367 23807 24748 I DxModule_0x80000000: Trying to initialize application context
at external/DxDrm/PlayReady/Server/DxPrdyProvisioning.cpp(404)
10-07 18:15:50.367 23807 24748 E DxModule_0x80000000: Call PlayReady_Initialize
at external/DxDrm/PlayReady/Server/DxPrdyProvisioning.cpp(409)
10-07 18:15:50.393 23807 24748 I DxModule_0x80000000: DRM_RVK_VerifyRevocationInfo Cache init
at external/DxDrm/PlayReady/ServerSDK/../Device_PK_1.2/Source/core/drmrevocation.c(2491)
10-07 18:15:50.467 23807 24748 I DxModule_0x80000000: Initialized PlayReady DRM context: 0x471830C8
at external/DxDrm/PlayReady/Server/DxPrdyServerSdkApi.cpp(172)
10-07 18:15:50.467 23807 24748 I DxModule_0x80000000: PlayReady provisioning verified successfully
at external/DxDrm/PlayReady/Server/DxPrdyProvisioning.cpp(417)
10-07 18:15:50.470 23807 24748 I DxModule_0x80000000: DRM Server was initialized successfully.
at external/DxDrm/MultiScheme/Server/DxDrmServer.cpp(170)
10-07 18:15:50.470 23807 24748 I DxModule_0x80000000: DxDrmClient_Init DxLock_Create - res=0
at external/DxDrm/AdaptationLayer/CDxDrmClient.cpp(97)
10-07 18:15:50.470 23807 24748 I DxModule_0x80000000: DxDrmClient_Init end OK
at external/DxDrm/AdaptationLayer/CDxDrmClient.cpp(99)
10-07 18:15:50.530 23807 24748 I DxModule_0x80000000: Initialized PlayReady DRM context: 0x47183B88
at external/DxDrm/PlayReady/Server/DxPrdyServerSdkApi.cpp(172)
10-07 18:15:50.530 23807 24748 I DxModule_0x80000000: Creating petition request
at external/DxDrm/PlayReady/Client/CDxPrdyClockSyncIS.cpp(94)
10-07 18:15:50.534 23807 24748 E DxModule_0x80000000: Returning Error Code: DX_HTTP_REQUEST_IS_AVAILABLE (0x00000020)
at external/DxDrm/PlayReady/Client/CDxPrdyClockSyncIS.cpp(100)
10-07 18:15:50.534 23807 24748 I LIBDXEXT_CURL: Initializing Lib
10-07 18:15:50.879 3728 3728 V NewAvrcpMediaPlayerWrapper: onPlaybackStateChanged(): org.xbmc.kodinerds : PlaybackState {state=3, position=0, buffered position=0, speed=1.0, updated=9744378, actions=-1, custom actions=[], active item id=-1, error=null}
10-07 18:15:50.879 3728 3728 W NewAvrcpMediaPlayerWrapper: onPlaybackStateChanged(): org.xbmc.kodinerds tried to update with no new data
10-07 18:15:51.289 23807 24748 I DxModule_0x80000000: Processing petition response to retrieve challenge URL
at external/DxDrm/PlayReady/Client/CDxPrdyClockSyncIS.cpp(105)
10-07 18:15:51.289 23807 24748 I DxModule_0x80000000: Generating secure clock challenge request.
at external/DxDrm/PlayReady/Client/CDxPrdyClockSyncIS.cpp(115)
10-07 18:15:51.289 23807 24748 E DxModule_0x80000000: Returning Error Code: DX_HTTP_REQUEST_IS_AVAILABLE (0x00000020)
at external/DxDrm/PlayReady/Client/CDxPrdyClockSyncIS.cpp(121)
10-07 18:15:51.396 3728 3728 V NewAvrcpMediaPlayerWrapper: onPlaybackStateChanged(): org.xbmc.kodinerds : PlaybackState {state=3, position=0, buffered position=0, speed=1.0, updated=9744895, actions=-1, custom actions=[], active item id=-1, error=null}
10-07 18:15:51.396 3728 3728 W NewAvrcpMediaPlayerWrapper: onPlaybackStateChanged(): org.xbmc.kodinerds tried to update with no new data
10-07 18:15:51.467 23807 24748 I DxModule_0x80000000: Processing secure clock challenge response.
at external/DxDrm/PlayReady/Client/CDxPrdyClockSyncIS.cpp(126)
10-07 18:15:51.533 23807 24748 I DxModule_0x80000000: Clock synchronization successful
at external/DxDrm/PlayReady/Client/CDxPrdyClockSyncIS.cpp(138)
10-07 18:15:51.536 23807 24748 D DxDrmModularPlugin: Android Release = 9
10-07 18:15:51.536 23807 24748 D DxDrmModularPlugin: ++++++++++++ DxDrmModularPlugin version: _KK_HWA_PR_1.0.0.0 CORE: DX10_NvidiaTLK_PLAYREADY_RC_06_00_16_30416 ++++++++++++
10-07 18:15:51.538 23807 24756 E DxNvGooModularPlugin: setListener
10-07 18:15:51.539 23807 24756 D DxDrmModularPlugin: DxModularDrmPluginBase::getPropertyByteArray - name = deviceUniqueId value = (null)
10-07 18:15:51.539 23807 24756 W DxDrmModularPlugin: Unable to convert legacy status: -2, defaulting to UNKNOWN
10-07 18:15:51.539 24590 24744 E MediaDrm-JNI: Illegal state exception: Failed to get property: General DRM error (-2000)
10-07 18:15:51.539 23807 24756 W DxDrmModularPlugin: Unable to convert legacy status: -2, defaulting to UNKNOWN
10-07 18:15:51.539 24590 24744 E MediaDrm-JNI: Illegal state exception: Failed to get property: General DRM error (-2000)
10-07 18:15:51.540 23807 24756 E DxNvGooModularPlugin: getSecurityLevel
10-07 18:15:51.540 23807 24756 F android.hardware.drm@1.1::DrmPlugin: getSecurityLevel: _hidl_cb not called, but must be called once.
10-07 18:15:51.541 23807 24756 F libc : Fatal signal 6 (SIGABRT), code -6 (SI_TKILL) in tid 24756 (HwBinder:23807_), pid 23807 (drm@1.1-service)
10-07 18:15:51.565 24760 24760 I crash_dump32: obtaining output fd from tombstoned, type: kDebuggerdTombstone
10-07 18:15:51.565 3334 3334 I /system/bin/tombstoned: received crash request for pid 24756
10-07 18:15:51.566 24760 24760 I crash_dump32: performing dump of process 23807 (target tid = 24756)
10-07 18:15:51.568 24760 24760 F DEBUG : *** *** *** *** *** *** *** *** *** *** *** *** *** *** *** ***
10-07 18:15:51.568 24760 24760 F DEBUG : Build fingerprint: 'NVIDIA/foster_e_hdd/foster:9/PPR1.180610.011/4086637_1697.8089:user/release-keys'
10-07 18:15:51.568 24760 24760 F DEBUG : Revision: '0'
10-07 18:15:51.568 24760 24760 F DEBUG : ABI: 'arm'
10-07 18:15:51.568 24760 24760 F DEBUG : pid: 23807, tid: 24756, name: HwBinder:23807_ >>> /vendor/bin/hw/android.hardware.drm@1.1-service.playready <<<
10-07 18:15:51.568 24760 24760 F DEBUG : signal 6 (SIGABRT), code -6 (SI_TKILL), fault addr --------
10-07 18:15:51.568 24760 24760 F DEBUG : Abort message: 'getSecurityLevel: _hidl_cb not called, but must be called once.'
10-07 18:15:51.568 24760 24760 F DEBUG : r0 00000000 r1 000060b4 r2 00000006 r3 00000008
10-07 18:15:51.568 24760 24760 F DEBUG : r4 00005cff r5 000060b4 r6 472fce94 r7 0000010c
10-07 18:15:51.568 24760 24760 F DEBUG : r8 45c95f79 r9 472fd7cc r10 472fd810 r11 46ce44e4
10-07 18:15:51.568 24760 24760 F DEBUG : ip 472fd320 sp 472fce80 lr 45ab224d pc 45aa9f76
10-07 18:15:51.577 24760 24760 F DEBUG :
10-07 18:15:51.577 24760 24760 F DEBUG : backtrace:
10-07 18:15:51.577 24760 24760 F DEBUG : #00 pc 0001cf76 /system/lib/libc.so (abort+58)
10-07 18:15:51.577 24760 24760 F DEBUG : #01 pc 00006d91 /system/lib/liblog.so (__android_log_assert+156)
10-07 18:15:51.577 24760 24760 F DEBUG : #02 pc 00020ebf /system/lib/vndk-28/android.hardware.drm@1.1.so (android::hardware::drm::V1_1::BnHwDrmPlugin::_hidl_getSecurityLevel(android::hidl::base::V1_0::BnHwBase*, android::hardware::Parcel const&, android::hardware::Parcel*, std::__1::function)+310)
10-07 18:15:51.577 24760 24760 F DEBUG : #03 pc 00021fa1 /system/lib/vndk-28/android.hardware.drm@1.1.so (android::hardware::drm::V1_1::BnHwDrmPlugin::onTransact(unsigned int, android::hardware::Parcel const&, android::hardware::Parcel*, unsigned int, std::__1::function)+2652)
10-07 18:15:51.577 24760 24760 F DEBUG : #04 pc 000165d9 /system/lib/vndk-sp-28/libhwbinder.so (android::hardware::BHwBinder::transact(unsigned int, android::hardware::Parcel const&, android::hardware::Parcel*, unsigned int, std::__1::function)+52)
10-07 18:15:51.577 24760 24760 F DEBUG : #05 pc 0000f73f /system/lib/vndk-sp-28/libhwbinder.so (android::hardware::IPCThreadState::executeCommand(int)+806)
10-07 18:15:51.577 24760 24760 F DEBUG : #06 pc 0000f30b /system/lib/vndk-sp-28/libhwbinder.so (android::hardware::IPCThreadState::getAndExecuteCommand()+122)
10-07 18:15:51.577 24760 24760 F DEBUG : #07 pc 0000fbc7 /system/lib/vndk-sp-28/libhwbinder.so (android::hardware::IPCThreadState::joinThreadPool(bool)+190)
10-07 18:15:51.577 24760 24760 F DEBUG : #08 pc 00015f5d /system/lib/vndk-sp-28/libhwbinder.so (android::hardware::PoolThread::threadLoop()+12)
10-07 18:15:51.577 24760 24760 F DEBUG : #09 pc 0000bfcb /system/lib/vndk-sp-28/libutils.so (android::Thread::_threadLoop(void*)+170)
10-07 18:15:51.577 24760 24760 F DEBUG : #10 pc 00064883 /system/lib/libc.so (__pthread_start(void*)+22)
10-07 18:15:51.577 24760 24760 F DEBUG : #11 pc 0001e18d /system/lib/libc.so (__start_thread+32)
10-07 18:15:51.606 3543 3799 W NativeCrashListener: Couldn't find ProcessRecord for pid 23807
10-07 18:15:51.607 3334 3334 E /system/bin/tombstoned: Tombstone written to: /data/tombstones/tombstone_04
10-07 18:15:51.609 3543 3585 I BootReceiver: Copying /data/tombstones/tombstone_04 to DropBox (SYSTEM_TOMBSTONE)
10-07 18:15:51.628 3543 3577 W BroadcastQueue: Background execution not allowed: receiving Intent { act=android.intent.action.DROPBOX_ENTRY_ADDED flg=0x10 (has extras) } to com.google.android.gms/.stats.service.DropBoxEntryAddedReceiver
10-07 18:15:51.628 3543 3577 W BroadcastQueue: Background execution not allowed: receiving Intent { act=android.intent.action.DROPBOX_ENTRY_ADDED flg=0x10 (has extras) } to com.google.android.gms/.chimera.GmsIntentOperationService$PersistentTrustedReceiver
10-07 18:15:51.629 3543 3577 W BroadcastQueue: Background execution not allowed: receiving Intent { act=android.intent.action.DROPBOX_ENTRY_ADDED flg=0x10 (has extras) } to com.nvidia.stats/.CollectionsReceiver
10-07 18:15:51.691 24590 24744 F .xbmc.kodinerd: java_vm_ext.cc:542] JNI DETECTED ERROR IN APPLICATION: JNI FindClass called with pending exception android.media.MediaDrmResetException: mediaserver died
10-07 18:15:51.691 24590 24744 F .xbmc.kodinerd: java_vm_ext.cc:542] at int android.media.MediaDrm.getSecurityLevel(byte[]) (MediaDrm.java:-2)
10-07 18:15:51.691 24590 24744 F .xbmc.kodinerd: java_vm_ext.cc:542]
10-07 18:15:51.691 24590 24744 F .xbmc.kodinerd: java_vm_ext.cc:542] in call to FindClass
10-07 18:15:51.691 24590 24744 F .xbmc.kodinerd: java_vm_ext.cc:542] "Thread-12" prio=10 tid=30 Runnable
10-07 18:15:51.691 24590 24744 F .xbmc.kodinerd: java_vm_ext.cc:542] | group="main" sCount=0 dsCount=0 flags=0 obj=0x12f43d68 self=0x2f6e6db000
10-07 18:15:51.691 24590 24744 F .xbmc.kodinerd: java_vm_ext.cc:542] | sysTid=24744 nice=-10 cgrp=default sched=0/0 handle=0x2f67ff74f0
10-07 18:15:51.691 24590 24744 F .xbmc.kodinerd: java_vm_ext.cc:542] | state=R schedstat=( 110008855 14272650 187 ) utm=9 stm=1 core=0 HZ=100
10-07 18:15:51.691 24590 24744 F .xbmc.kodinerd: java_vm_ext.cc:542] | stack=0x2f67efc000-0x2f67efe000 stackSize=1009KB
10-07 18:15:51.691 24590 24744 F .xbmc.kodinerd: java_vm_ext.cc:542] | held mutexes= "mutator lock"(shared held)
10-07 18:15:51.691 24590 24744 F .xbmc.kodinerd: java_vm_ext.cc:542] native: #00 pc 00000000003c1870 /system/lib64/libart.so (art::DumpNativeStack(std::__1::basic_ostream>&, int, BacktraceMap*, char const*, art::ArtMethod*, void*, bool)+220)
10-07 18:15:51.691 24590 24744 F .xbmc.kodinerd: java_vm_ext.cc:542] native: #01 pc 000000000048ee2c /system/lib64/libart.so (art::Thread::DumpStack(std::__1::basic_ostream>&, bool, BacktraceMap*, bool) const+352)
10-07 18:15:51.691 24590 24744 F .xbmc.kodinerd: java_vm_ext.cc:542] native: #02 pc 00000000002e4d50 /system/lib64/libart.so (art::JavaVMExt::JniAbort(char const*, char const*)+968)
10-07 18:15:51.691 24590 24744 F .xbmc.kodinerd: java_vm_ext.cc:542] native: #03 pc 00000000002e5160 /system/lib64/libart.so (art::JavaVMExt::JniAbortV(char const*, char const*, std::__va_list)+116)
10-07 18:15:51.691 24590 24744 F .xbmc.kodinerd: java_vm_ext.cc:542] native: #04 pc 00000000000fcff8 /system/lib64/libart.so (art::(anonymous namespace)::ScopedCheck::AbortF(char const*, ...)+148)
10-07 18:15:51.691 24590 24744 F .xbmc.kodinerd: java_vm_ext.cc:542] native: #05 pc 00000000000fb9d4 /system/lib64/libart.so (art::(anonymous namespace)::ScopedCheck::CheckPossibleHeapValue(art::ScopedObjectAccess&, char, art::(anonymous namespace)::JniValueType)+1152)
10-07 18:15:51.691 24590 24744 F .xbmc.kodinerd: java_vm_ext.cc:542] native: #06 pc 00000000000fad40 /system/lib64/libart.so (art::(anonymous namespace)::ScopedCheck::Check(art::ScopedObjectAccess&, bool, char const*, art::(anonymous namespace)::JniValueType*)+628)
10-07 18:15:51.691 24590 24744 F .xbmc.kodinerd: java_vm_ext.cc:542] native: #07 pc 00000000000e19c8 /system/lib64/libart.so (art::(anonymous namespace)::CheckJNI::FindClass(_JNIEnv*, char const*)+688)
10-07 18:15:51.691 24590 24744 F .xbmc.kodinerd: java_vm_ext.cc:542] native: #08 pc 000000000007e970 /data/app/org.xbmc.kodinerds-tXmRcWl0nYogoESJM-Jwkg==/lib/arm64/libssd_wv.so (_ZN3jni18call_static_methodIiJEEET_P7_JNIEnvPKcS5_S5_DpOT0_+52)
10-07 18:15:51.691 24590 24744 F .xbmc.kodinerd: java_vm_ext.cc:542] native: #09 pc 0000000000070d2c /data/app/org.xbmc.kodinerds-tXmRcWl0nYogoESJM-Jwkg==/lib/arm64/libssd_wv.so (WV_CencSingleSampleDecrypter::WV_CencSingleSampleDecrypter(WV_DRM&, AP4_DataBuffer&, char const*, unsigned char const*)+880)
10-07 18:15:51.691 24590 24744 F .xbmc.kodinerd: java_vm_ext.cc:542] native: #10 pc 00000000000760bc /data/app/org.xbmc.kodinerds-tXmRcWl0nYogoESJM-Jwkg==/lib/arm64/libssd_wv.so (WVDecrypter::CreateSingleSampleDecrypter(AP4_DataBuffer&, char const*, unsigned char const*)+80)
10-07 18:15:51.691 24590 24744 F .xbmc.kodinerd: java_vm_ext.cc:542] native: #11 pc 00000000000cd97c /data/app/org.xbmc.kodinerds-tXmRcWl0nYogoESJM-Jwkg==/lib/arm64/libinputstream.adaptive.so (Session::InitializePeriod()+2084)
10-07 18:15:51.691 24590 24744 F .xbmc.kodinerd: java_vm_ext.cc:542] native: #12 pc 00000000000cd070 /data/app/org.xbmc.kodinerds-tXmRcWl0nYogoESJM-Jwkg==/lib/arm64/libinputstream.adaptive.so (Session::initialize(unsigned char, unsigned int)+460)
10-07 18:15:51.691 24590 24744 F .xbmc.kodinerd: java_vm_ext.cc:542] native: #13 pc 00000000000d0718 /data/app/org.xbmc.kodinerds-tXmRcWl0nYogoESJM-Jwkg==/lib/arm64/libinputstream.adaptive.so (CInputStreamAdaptive::Open(INPUTSTREAM&)+1596)
10-07 18:15:51.691 24590 24744 F .xbmc.kodinerd: java_vm_ext.cc:542] native: #14 pc 0000000001384eb8 /data/app/org.xbmc.kodinerds-tXmRcWl0nYogoESJM-Jwkg==/lib/arm64/libkodi.so (CInputStreamAddon::Open()+652)
10-07 18:15:51.691 24590 24744 F .xbmc.kodinerd: java_vm_ext.cc:542] native: #15 pc 000000000140c5f0 /data/app/org.xbmc.kodinerds-tXmRcWl0nYogoESJM-Jwkg==/lib/arm64/libkodi.so (CVideoPlayer::OpenInputStream()+384)
10-07 18:15:51.692 24590 24744 F .xbmc.kodinerd: java_vm_ext.cc:542] native: #16 pc 000000000140e7cc /data/app/org.xbmc.kodinerds-tXmRcWl0nYogoESJM-Jwkg==/lib/arm64/libkodi.so (CVideoPlayer::Prepare()+292)
10-07 18:15:51.692 24590 24744 F .xbmc.kodinerd: java_vm_ext.cc:542] native: #17 pc 000000000140fa00 /data/app/org.xbmc.kodinerds-tXmRcWl0nYogoESJM-Jwkg==/lib/arm64/libkodi.so (CVideoPlayer::Process()+72)
10-07 18:15:51.692 24590 24744 F .xbmc.kodinerd: java_vm_ext.cc:542] native: #18 pc 0000000001608a94 /data/app/org.xbmc.kodinerds-tXmRcWl0nYogoESJM-Jwkg==/lib/arm64/libkodi.so (CThread::Action()+40)
10-07 18:15:51.692 24590 24744 F .xbmc.kodinerd: java_vm_ext.cc:542] native: #19 pc 0000000001609038 /data/app/org.xbmc.kodinerds-tXmRcWl0nYogoESJM-Jwkg==/lib/arm64/libkodi.so (???)
10-07 18:15:51.692 24590 24744 F .xbmc.kodinerd: java_vm_ext.cc:542] native: #20 pc 0000000001608eec /data/app/org.xbmc.kodinerds-tXmRcWl0nYogoESJM-Jwkg==/lib/arm64/libkodi.so (???)
10-07 18:15:51.692 24590 24744 F .xbmc.kodinerd: java_vm_ext.cc:542] native: #21 pc 0000000001608cf8 /data/app/org.xbmc.kodinerds-tXmRcWl0nYogoESJM-Jwkg==/lib/arm64/libkodi.so (???)
10-07 18:15:51.692 24590 24744 F .xbmc.kodinerd: java_vm_ext.cc:542] native: #22 pc 0000000000081978 /system/lib64/libc.so (__pthread_start(void*)+36)
10-07 18:15:51.692 24590 24744 F .xbmc.kodinerd: java_vm_ext.cc:542] native: #23 pc 00000000000234b8 /system/lib64/libc.so (__start_thread+68)
10-07 18:15:51.692 24590 24744 F .xbmc.kodinerd: java_vm_ext.cc:542] (no managed stack frames)
10-07 18:15:51.692 24590 24744 F .xbmc.kodinerd: java_vm_ext.cc:542]
10-07 18:15:51.709 24763 24763 D NvOsDebugPrintf:
10-07 18:15:51.709 24763 24763 D NvOsDebugPrintf:
10-07 18:15:51.709 24763 24763 D NvOsDebugPrintf:
10-07 18:15:51.709 24763 24763 D NvOsDebugPrintf: ****NvRmMemInit failed****
10-07 18:15:51.709 24763 24763 D NvOsDebugPrintf:
10-07 18:15:51.709 24763 24763 D NvOsDebugPrintf:
10-07 18:15:51.710 24763 24763 D android.hardware.drm@1.1-service.playready: playready HAL service starting...
10-07 18:15:51.710 24763 24763 I ServiceManagement: Removing namespace from process name android.hardware.drm@1.1-service.playready to drm@1.1-service.playready.
10-07 18:15:51.780 3543 3577 W BroadcastQueue: Background execution not allowed: receiving Intent { act=android.intent.action.DROPBOX_ENTRY_ADDED flg=0x10 (has extras) } to com.google.android.gms/.stats.service.DropBoxEntryAddedReceiver
10-07 18:15:51.780 3543 3577 W BroadcastQueue: Background execution not allowed: receiving Intent { act=android.intent.action.DROPBOX_ENTRY_ADDED flg=0x10 (has extras) } to com.google.android.gms/.chimera.GmsIntentOperationService$PersistentTrustedReceiver
10-07 18:15:51.780 3543 3577 W BroadcastQueue: Background execution not allowed: receiving Intent { act=android.intent.action.DROPBOX_ENTRY_ADDED flg=0x10 (has extras) } to com.nvidia.stats/.CollectionsReceiver
10-07 18:15:51.711 24763 24763 I ServiceManagement: Removing namespace from process name android.hardware.drm@1.1-service.playready to drm@1.1-service.playready.
10-07 18:15:51.823 24590 24678 V Kodi : Debug Print: SOCK: Error selecting socket(s)
10-07 18:15:51.824 24590 24678 V Kodi : Debug Print: ES: Exception caught while listening for socket
10-07 18:15:51.824 24590 24678 V Kodi : Debug Print: ES: UDP Event server stopped
10-07 18:15:51.882 24590 24744 F .xbmc.kodinerd: runtime.cc:558] Runtime aborting...
10-07 18:15:51.882 24590 24744 F .xbmc.kodinerd: runtime.cc:558] Dumping all threads without appropriate locks held: thread list lock mutator lock
10-07 18:15:51.882 24590 24744 F .xbmc.kodinerd: runtime.cc:558] All threads:
10-07 18:15:51.882 24590 24744 F .xbmc.kodinerd: runtime.cc:558] DALVIK THREADS (30):
10-07 18:15:51.882 24590 24744 F .xbmc.kodinerd: runtime.cc:558] "Thread-12" prio=10 tid=30 Runnable
10-07 18:15:51.882 24590 24744 F .xbmc.kodinerd: runtime.cc:558] | group="" sCount=0 dsCount=0 flags=0 obj=0x12f43d68 self=0x2f6e6db000
10-07 18:15:51.882 24590 24744 F .xbmc.kodinerd: runtime.cc:558] | sysTid=24744 nice=-10 cgrp=default sched=0/0 handle=0x2f67ff74f0
10-07 18:15:51.882 24590 24744 F .xbmc.kodinerd: runtime.cc:558] | state=R schedstat=( 164901924 34700150 247 ) utm=12 stm=3 core=0 HZ=100
10-07 18:15:51.882 24590 24744 F .xbmc.kodinerd: runtime.cc:558] | stack=0x2f67efc000-0x2f67efe000 stackSize=1009KB
10-07 18:15:51.882 24590 24744 F .xbmc.kodinerd: runtime.cc:558] | held mutexes= "abort lock" "mutator lock"(shared held)
10-07 18:15:51.882 24590 24744 F .xbmc.kodinerd: runtime.cc:558] native: #00 pc 00000000003c1870 /system/lib64/libart.so (art::DumpNativeStack(std::__1::basic_ostream>&, int, BacktraceMap*, char const*, art::ArtMethod*, void*, bool)+220)
10-07 18:15:51.882 24590 24744 F .xbmc.kodinerd: runtime.cc:558] native: #01 pc 000000000048ee2c /system/lib64/libart.so (art::Thread::DumpStack(std::__1::basic_ostream>&, bool, BacktraceMap*, bool) const+352)
10-07 18:15:51.882 24590 24744 F .xbmc.kodinerd: runtime.cc:558] native: #02 pc 00000000004a89b8 /system/lib64/libart.so (art::DumpCheckpoint::Run(art::Thread*)+844)
10-07 18:15:51.882 24590 24744 F .xbmc.kodinerd: runtime.cc:558] native: #03 pc 00000000004a17c4 /system/lib64/libart.so (art::ThreadList::RunCheckpoint(art::Closure*, art::Closure*)+484)
10-07 18:15:51.882 24590 24744 F .xbmc.kodinerd: runtime.cc:558] native: #04 pc 00000000004a0c54 /system/lib64/libart.so (art::ThreadList::Dump(std::__1::basic_ostream>&, bool)+1036)
10-07 18:15:51.882 24590 24744 F .xbmc.kodinerd: runtime.cc:558] native: #05 pc 0000000000463fd8 /system/lib64/libart.so (art::Runtime::Abort(char const*)+388)
10-07 18:15:51.882 24590 24744 F .xbmc.kodinerd: runtime.cc:558] native: #06 pc 0000000000008cd4 /system/lib64/libbase.so (android::base::LogMessage::~LogMessage()+724)
10-07 18:15:51.882 24590 24744 F .xbmc.kodinerd: runtime.cc:558] native: #07 pc 00000000002e4ff0 /system/lib64/libart.so (art::JavaVMExt::JniAbort(char const*, char const*)+1640)
10-07 18:15:51.882 24590 24744 F .xbmc.kodinerd: runtime.cc:558] native: #08 pc 00000000002e5160 /system/lib64/libart.so (art::JavaVMExt::JniAbortV(char const*, char const*, std::__va_list)+116)
10-07 18:15:51.882 24590 24744 F .xbmc.kodinerd: runtime.cc:558] native: #09 pc 00000000000fcff8 /system/lib64/libart.so (art::(anonymous namespace)::ScopedCheck::AbortF(char const*, ...)+148)
10-07 18:15:51.882 24590 24744 F .xbmc.kodinerd: runtime.cc:558] native: #10 pc 00000000000fb9d4 /system/lib64/libart.so (art::(anonymous namespace)::ScopedCheck::CheckPossibleHeapValue(art::ScopedObjectAccess&, char, art::(anonymous namespace)::JniValueType)+1152)
10-07 18:15:51.882 24590 24744 F .xbmc.kodinerd: runtime.cc:558] native: #11 pc 00000000000fad40 /system/lib64/libart.so (art::(anonymous namespace)::ScopedCheck::Check(art::ScopedObjectAccess&, bool, char const*, art::(anonymous namespace)::JniValueType*)+628)
10-07 18:15:51.882 24590 24744 F .xbmc.kodinerd: runtime.cc:558] native: #12 pc 00000000000e19c8 /system/lib64/libart.so (art::(anonymous namespace)::CheckJNI::FindClass(_JNIEnv*, char const*)+688)
10-07 18:15:51.882 24590 24744 F .xbmc.kodinerd: runtime.cc:558] native: #13 pc 000000000007e970 /data/app/org.xbmc.kodinerds-tXmRcWl0nYogoESJM-Jwkg==/lib/arm64/libssd_wv.so (_ZN3jni18call_static_methodIiJEEET_P7_JNIEnvPKcS5_S5_DpOT0_+52)
10-07 18:15:51.882 24590 24744 F .xbmc.kodinerd: runtime.cc:558] native: #14 pc 0000000000070d2c /data/app/org.xbmc.kodinerds-tXmRcWl0nYogoESJM-Jwkg==/lib/arm64/libssd_wv.so (WV_CencSingleSampleDecrypter::WV_CencSingleSampleDecrypter(WV_DRM&, AP4_DataBuffer&, char const*, unsigned char const*)+880)
10-07 18:15:51.882 24590 24744 F .xbmc.kodinerd: runtime.cc:558] native: #15 pc 00000000000760bc /data/app/org.xbmc.kodinerds-tXmRcWl0nYogoESJM-Jwkg==/lib/arm64/libssd_wv.so (WVDecrypter::CreateSingleSampleDecrypter(AP4_DataBuffer&, char const*, unsigned char const*)+80)
10-07 18:15:51.882 24590 24744 F .xbmc.kodinerd: runtime.cc:558] native: #16 pc 00000000000cd97c /data/app/org.xbmc.kodinerds-tXmRcWl0nYogoESJM-Jwkg==/lib/arm64/libinputstream.adaptive.so (Session::InitializePeriod()+2084)
10-07 18:15:51.883 24590 24744 F .xbmc.kodinerd: runtime.cc:558] native: #17 pc 00000000000cd070 /data/app/org.xbmc.kodinerds-tXmRcWl0nYogoESJM-Jwkg==/lib/arm64/libinputstream.adaptive.so (Session::initialize(unsigned char, unsigned int)+460)
10-07 18:15:51.883 24590 24744 F .xbmc.kodinerd: runtime.cc:558] native: #18 pc 00000000000d0718 /data/app/org.xbmc.kodinerds-tXmRcWl0nYogoESJM-Jwkg==/lib/arm64/libinputstream.adaptive.so (CInputStreamAdaptive::Open(INPUTSTREAM&)+1596)
10-07 18:15:51.883 24590 24744 F .xbmc.kodinerd: runtime.cc:558] native: #19 pc 0000000001384eb8 /data/app/org.xbmc.kodinerds-tXmRcWl0nYogoESJM-Jwkg==/lib/arm64/libkodi.so (CInputStreamAddon::Open()+652)
10-07 18:15:51.883 24590 24744 F .xbmc.kodinerd: runtime.cc:558] native: #20 pc 000000000140c5f0 /data/app/org.xbmc.kodinerds-tXmRcWl0nYogoESJM-Jwkg==/lib/arm64/libkodi.so (CVideoPlayer::OpenInputStream()+384)
10-07 18:15:51.883 24590 24744 F .xbmc.kodinerd: runtime.cc:558] native: #21 pc 000000000140e7cc /data/app/org.xbmc.kodinerds-tXmRcWl0nYogoESJM-Jwkg==/lib/arm64/libkodi.so (CVideoPlayer::Prepare()+292)
10-07 18:15:51.883 24590 24744 F .xbmc.kodinerd: runtime.cc:558] native: #22 pc 000000000140fa00 /data/app/org.xbmc.kodinerds-tXmRcWl0nYogoESJM-Jwkg==/lib/arm64/libkodi.so (CVideoPlayer::Process()+72)
10-07 18:15:51.883 24590 24744 F .xbmc.kodinerd: runtime.cc:558] native: #23 pc 0000000001608a94 /data/app/org.xbmc.kodinerds-tXmRcWl0nYogoESJM-Jwkg==/lib/arm64/libkodi.so (CThread::Action()+40)
10-07 18:15:51.883 24590 24744 F .xbmc.kodinerd: runtime.cc:558] native: #24 pc 0000000001609038 /data/app/org.xbmc.kodinerds-tXmRcWl0nYogoESJM-Jwkg==/lib/arm64/libkodi.so (???)
10-07 18:15:51.883 24590 24744 F .xbmc.kodinerd: runtime.cc:558] native: #25 pc 0000000001608eec /data/app/org.xbmc.kodinerds-tXmRcWl0nYogoESJM-Jwkg==/lib/arm64/libkodi.so (???)
10-07 18:15:51.883 24590 24744 F .xbmc.kodinerd: runtime.cc:558] native: #26 pc 0000000001608cf8 /data/app/org.xbmc.kodinerds-tXmRcWl0nYogoESJM-Jwkg==/lib/arm64/libkodi.so (???)
10-07 18:15:51.883 24590 24744 F .xbmc.kodinerd: runtime.cc:558] native: #27 pc 0000000000081978 /system/lib64/libc.so (__pthread_start(void*)+36)
10-07 18:15:51.883 24590 24744 F .xbmc.kodinerd: runtime.cc:558] native: #28 pc 00000000000234b8 /system/lib64/libc.so (__start_thread+68)
10-07 18:15:51.883 24590 24744 F .xbmc.kodinerd: runtime.cc:558] (no managed stack frames)
10-07 18:15:51.883 24590 24744 F .xbmc.kodinerd: runtime.cc:558]
10-07 18:15:51.883 24590 24744 F .xbmc.kodinerd: runtime.cc:558] "main" prio=10 tid=1 Native
10-07 18:15:51.883 24590 24744 F .xbmc.kodinerd: runtime.cc:558] | group="" sCount=1 dsCount=0 flags=1 obj=0x75b30770 self=0x2f44821c00
10-07 18:15:51.883 24590 24744 F .xbmc.kodinerd: runtime.cc:558] | sysTid=24590 nice=-10 cgrp=default sched=0/0 handle=0x2ebedec548
10-07 18:15:51.883 24590 24744 F .xbmc.kodinerd: runtime.cc:558] | state=S schedstat=( 1169732228 233962660 4331 ) utm=83 stm=33 core=1 HZ=100
10-07 18:15:51.883 24590 24744 F .xbmc.kodinerd: runtime.cc:558] | stack=0x7fc9dd2000-0x7fc9dd4000 stackSize=8MB
10-07 18:15:51.883 24590 24744 F .xbmc.kodinerd: runtime.cc:558] | held mutexes=
10-07 18:15:51.883 24590 24744 F .xbmc.kodinerd: runtime.cc:558] kernel: (couldn't read /proc/self/task/24590/stack)
10-07 18:15:51.883 24590 24744 F .xbmc.kodinerd: runtime.cc:558] native: #00 pc 000000000001f06c /system/lib64/libc.so (syscall+28)
10-07 18:15:51.883 24590 24744 F .xbmc.kodinerd: runtime.cc:558] native: #01 pc 00000000000d724c /system/lib64/libart.so (art::ConditionVariable::WaitHoldingLocks(art::Thread*)+148)
10-07 18:15:51.883 24590 24744 F .xbmc.kodinerd: runtime.cc:558] native: #02 pc 00000000000ff530 /system/lib64/libart.so (art::(anonymous namespace)::CheckJNI::CallMethodV(char const*, _JNIEnv*, _jobject*, _jclass*, _jmethodID*, std::__va_list, art::Primitive::Type, art::InvokeType)+500)
10-07 18:15:51.883 24590 24744 F .xbmc.kodinerd: runtime.cc:558] native: #03 pc 00000000000ec2cc /system/lib64/libart.so (art::(anonymous namespace)::CheckJNI::CallObjectMethod(_JNIEnv*, _jobject*, _jmethodID*, ...)+156)
10-07 18:15:51.883 24590 24744 F .xbmc.kodinerd: runtime.cc:558] native: #04 pc 00000000000f4398 /system/lib64/libandroid_runtime.so (android::NativeDisplayEventReceiver::dispatchVsync(long, int, unsigned int)+48)
10-07 18:15:51.883 24590 24744 F .xbmc.kodinerd: runtime.cc:558] native: #05 pc 000000000004403c /system/lib64/libandroidfw.so (android::DisplayEventDispatcher::handleEvent(int, int, void*)+164)
10-07 18:15:51.883 24590 24744 F .xbmc.kodinerd: runtime.cc:558] native: #06 pc 00000000000141c4 /system/lib64/libutils.so (android::Looper::pollInner(int)+856)
10-07 18:15:51.883 24590 24744 F .xbmc.kodinerd: runtime.cc:558] native: #07 pc 0000000000013dd0 /system/lib64/libutils.so (android::Looper::pollOnce(int, int*, int*, void**)+60)
10-07 18:15:51.883 24590 24744 F .xbmc.kodinerd: runtime.cc:558] native: #08 pc 0000000000120bec /system/lib64/libandroid_runtime.so (android::android_os_MessageQueue_nativePollOnce(_JNIEnv*, _jobject*, long, int)+44)
10-07 18:15:51.883 24590 24744 F .xbmc.kodinerd: runtime.cc:558]
at android.os.MessageQueue.nativePollOnce(Native method)
10-07 18:15:51.883 24590 24744 F .xbmc.kodinerd: runtime.cc:558]
at android.os.MessageQueue.next(MessageQueue.java:326)
10-07 18:15:51.883 24590 24744 F .xbmc.kodinerd: runtime.cc:558]
at android.os.Looper.loop(Looper.java:160)
10-07 18:15:51.883 24590 24744 F .xbmc.kodinerd: runtime.cc:558]
at android.app.ActivityThread.main(ActivityThread.java:6720)
10-07 18:15:51.883 24590 24744 F .xbmc.kodinerd: runtime.cc:558]
at java.lang.reflect.Method.invoke(Native method)
10-07 18:15:51.883 24590 24744 F .xbmc.kodinerd: runtime.cc:558]
at com.android.internal.os.RuntimeInit$MethodAndArgsCaller.run(RuntimeInit.java:493)
10-07 18:15:51.883 24590 24744 F .xbmc.kodinerd: runtime.cc:558]
at com.android.internal.os.ZygoteInit.main(ZygoteInit.java:858)
10-07 18:15:51.883 24590 24744 F .xbmc.kodinerd: runtime.cc:558]
10-07 18:15:51.883 24590 24744 F .xbmc.kodinerd: runtime.cc:558] "Jit thread pool worker thread 0" prio=10 tid=2 Native
10-07 18:15:51.883 24590 24744 F .xbmc.kodinerd: runtime.cc:558] | group="" sCount=1 dsCount=0 flags=1 obj=0x12f40680 self=0x2f4b427000
10-07 18:15:51.883 24590 24744 F .xbmc.kodinerd: runtime.cc:558] | sysTid=24609 nice=9 cgrp=default sched=0/0 handle=0x2f4b1184f0
10-07 18:15:51.883 24590 24744 F .xbmc.kodinerd: runtime.cc:558] | state=S schedstat=( 105715264 100911403 236 ) utm=8 stm=1 core=3 HZ=100
10-07 18:15:51.883 24590 24744 F .xbmc.kodinerd: runtime.cc:558] | stack=0x2f4b01a000-0x2f4b01c000 stackSize=1021KB
10-07 18:15:51.883 24590 24744 F .xbmc.kodinerd: runtime.cc:558] | held mutexes=
10-07 18:15:51.883 24590 24744 F .xbmc.kodinerd: runtime.cc:558] kernel: (couldn't read /proc/self/task/24609/stack)
10-07 18:15:51.883 24590 24744 F .xbmc.kodinerd: runtime.cc:558] native: #00 pc 000000000001f06c /system/lib64/libc.so (syscall+28)
10-07 18:15:51.883 24590 24744 F .xbmc.kodinerd: runtime.cc:558] native: #01 pc 00000000000d724c /system/lib64/libart.so (art::ConditionVariable::WaitHoldingLocks(art::Thread*)+148)
10-07 18:15:51.883 24590 24744 F .xbmc.kodinerd: runtime.cc:558] native: #02 pc 00000000004aa1fc /system/lib64/libart.so (art::ThreadPool::GetTask(art::Thread*)+260)
10-07 18:15:51.883 24590 24744 F .xbmc.kodinerd: runtime.cc:558] native: #03 pc 00000000004a9764 /system/lib64/libart.so (art::ThreadPoolWorker::Run()+124)
10-07 18:15:51.883 24590 24744 F .xbmc.kodinerd: runtime.cc:558] native: #04 pc 00000000004a9224 /system/lib64/libart.so (art::ThreadPoolWorker::Callback(void*)+148)
10-07 18:15:51.883 24590 24744 F .xbmc.kodinerd: runtime.cc:558] native: #05 pc 0000000000081978 /system/lib64/libc.so (__pthread_start(void*)+36)
10-07 18:15:51.883 24590 24744 F .xbmc.kodinerd: runtime.cc:558] native: #06 pc 00000000000234b8 /system/lib64/libc.so (__start_thread+68)
10-07 18:15:51.883 24590 24744 F .xbmc.kodinerd: runtime.cc:558] (no managed stack frames)
10-07 18:15:51.883 24590 24744 F .xbmc.kodinerd: runtime.cc:558]
10-07 18:15:51.883 24590 24744 F .xbmc.kodinerd: runtime.cc:558] "Signal Catcher" prio=10 tid=3 WaitingInMainSignalCatcherLoop
10-07 18:15:51.883 24590 24744 F .xbmc.kodinerd: runtime.cc:558] | group="" sCount=1 dsCount=0 flags=1 obj=0x12f40708 self=0x2f44823400
10-07 18:15:51.883 24590 24744 F .xbmc.kodinerd: runtime.cc:558] | sysTid=24610 nice=0 cgrp=default sched=0/0 handle=0x2f4b2164f0
10-07 18:15:51.883 24590 24744 F .xbmc.kodinerd: runtime.cc:558] | state=S schedstat=( 311303 0 1 ) utm=0 stm=0 core=3 HZ=100
10-07 18:15:51.883 24590 24744 F .xbmc.kodinerd: runtime.cc:558] | stack=0x2f4b11b000-0x2f4b11d000 stackSize=1009KB
10-07 18:15:51.883 24590 24744 F .xbmc.kodinerd: runtime.cc:558] | held mutexes=
10-07 18:15:51.883 24590 24744 F .xbmc.kodinerd: runtime.cc:558] kernel: (couldn't read /proc/self/task/24610/stack)
10-07 18:15:51.883 24590 24744 F .xbmc.kodinerd: runtime.cc:558] native: #00 pc 000000000006e27c /system/lib64/libc.so (__rt_sigtimedwait+8)
10-07 18:15:51.883 24590 24744 F .xbmc.kodinerd: runtime.cc:558] native: #01 pc 000000000002d90c /system/lib64/libc.so (sigwait+64)
10-07 18:15:51.883 24590 24744 F .xbmc.kodinerd: runtime.cc:558] native: #02 pc 000000000047cc98 /system/lib64/libart.so (art::SignalCatcher::WaitForSignal(art::Thread*, art::SignalSet&)+388)
10-07 18:15:51.883 24590 24744 F .xbmc.kodinerd: runtime.cc:558] native: #03 pc 000000000047b640 /system/lib64/libart.so (art::SignalCatcher::Run(void*)+272)
10-07 18:15:51.883 24590 24744 F .xbmc.kodinerd: runtime.cc:558] native: #04 pc 0000000000081978 /system/lib64/libc.so (__pthread_start(void*)+36)
10-07 18:15:51.883 24590 24744 F .xbmc.kodinerd: runtime.cc:558] native: #05 pc 00000000000234b8 /system/lib64/libc.so (__start_thread+68)
10-07 18:15:51.883 24590 24744 F .xbmc.kodinerd: runtime.cc:558] (no managed stack frames)
10-07 18:15:51.883 24590 24744 F .xbmc.kodinerd: runtime.cc:558]
10-07 18:15:51.883 24590 24744 F .xbmc.kodinerd: runtime.cc:558] "ADB-JDWP Connection Control Thread" prio=10 tid=4 WaitingInMainDebuggerLoop
10-07 18:15:51.883 24590 24744 F .xbmc.kodinerd: runtime.cc:558] | group="" sCount=1 dsCount=0 flags=1 obj=0x12f40790 self=0x2f4b41f800
10-07 18:15:51.883 24590 24744 F .xbmc.kodinerd: runtime.cc:558] | sysTid=24611 nice=0 cgrp=default sched=0/0 handle=0x2f5cc134f0
10-07 18:15:51.883 24590 24744 F .xbmc.kodinerd: runtime.cc:558] | state=S schedstat=( 431196 0 4 ) utm=0 stm=0 core=3 HZ=100
10-07 18:15:51.883 24590 24744 F .xbmc.kodinerd: runtime.cc:558] | stack=0x2f5cb18000-0x2f5cb1a000 stackSize=1009KB
10-07 18:15:51.883 24590 24744 F .xbmc.kodinerd: runtime.cc:558] | held mutexes=
10-07 18:15:51.883 24590 24744 F .xbmc.kodinerd: runtime.cc:558] kernel: (couldn't read /proc/self/task/24611/stack)
10-07 18:15:51.883 24590 24744 F .xbmc.kodinerd: runtime.cc:558] native: #00 pc 000000000006e1bc /system/lib64/libc.so (__ppoll+8)
10-07 18:15:51.883 24590 24744 F .xbmc.kodinerd: runtime.cc:558] native: #01 pc 000000000002b5ec /system/lib64/libc.so (poll+88)
10-07 18:15:51.883 24590 24744 F .xbmc.kodinerd: runtime.cc:558] native: #02 pc 0000000000006c50 /system/lib64/libadbconnection.so (adbconnection::AdbConnectionState::RunPollLoop(art::Thread*)+836)
10-07 18:15:51.883 24590 24744 F .xbmc.kodinerd: runtime.cc:558] native: #03 pc 0000000000005218 /system/lib64/libadbconnection.so (adbconnection::CallbackFunction(void*)+1060)
10-07 18:15:51.883 24590 24744 F .xbmc.kodinerd: runtime.cc:558] native: #04 pc 0000000000081978 /system/lib64/libc.so (__pthread_start(void*)+36)
10-07 18:15:51.883 24590 24744 F .xbmc.kodinerd: runtime.cc:558] native: #05 pc 00000000000234b8 /system/lib64/libc.so (__start_thread+68)
10-07 18:15:51.883 24590 24744 F .xbmc.kodinerd: runtime.cc:558] (no managed stack frames)
10-07 18:15:51.883 24590 24744 F .xbmc.kodinerd: runtime.cc:558]
10-07 18:15:51.883 24590 24744 F .xbmc.kodinerd: runtime.cc:558] "ReferenceQueueDaemon" prio=10 tid=5 Waiting
10-07 18:15:51.883 24590 24744 F .xbmc.kodinerd: runtime.cc:558] | group="" sCount=1 dsCount=0 flags=1 obj=0x12f40818 self=0x2f44b5b400
10-07 18:15:51.883 24590 24744 F .xbmc.kodinerd: runtime.cc:558] | sysTid=24612 nice=4 cgrp=default sched=0/0 handle=0x2f5cd194f0
10-07 18:15:51.883 24590 24744 F .xbmc.kodinerd: runtime.cc:558] | state=S schedstat=( 3986665 551562 35 ) utm=0 stm=0 core=2 HZ=100
10-07 18:15:51.883 24590 24744 F .xbmc.kodinerd: runtime.cc:558] | stack=0x2f5cc16000-0x2f5cc18000 stackSize=1041KB
10-07 18:15:51.883 24590 24744 F .xbmc.kodinerd: runtime.cc:558] | held mutexes=
10-07 18:15:51.883 24590 24744 F .xbmc.kodinerd: runtime.cc:558] kernel: (couldn't read /proc/self/task/24612/stack)
10-07 18:15:51.883 24590 24744 F .xbmc.kodinerd: runtime.cc:558] native: #00 pc 000000000001f06c /system/lib64/libc.so (syscall+28)
10-07 18:15:51.883 24590 24744 F .xbmc.kodinerd: runtime.cc:558] native: #01 pc 00000000000d724c /system/lib64/libart.so (art::ConditionVariable::WaitHoldingLocks(art::Thread*)+148)
10-07 18:15:51.883 24590 24744 F .xbmc.kodinerd: runtime.cc:558] native: #02 pc 00000000003bce14 /system/lib64/libart.so (art::Monitor::Wait(art::Thread*, long, int, bool, art::ThreadState)+636)
10-07 18:15:51.883 24590 24744 F .xbmc.kodinerd: runtime.cc:558] native: #03 pc 00000000003be8d0 /system/lib64/libart.so (art::Monitor::Wait(art::Thread*, art::mirror::Object*, long, int, bool, art::ThreadState)+424)
10-07 18:15:51.883 24590 24744 F .xbmc.kodinerd: runtime.cc:558]
at java.lang.Object.wait(Native method)
10-07 18:15:51.883 24590 24744 F .xbmc.kodinerd: runtime.cc:558] - waiting on <0x0efd9149> (a java.lang.Class)
10-07 18:15:51.883 24590 24744 F .xbmc.kodinerd: runtime.cc:558]
at java.lang.Daemons$ReferenceQueueDaemon.runInternal(Daemons.java:178)
10-07 18:15:51.883 24590 24744 F .xbmc.kodinerd: runtime.cc:558] - locked <0x0efd9149> (a java.lang.Class)
10-07 18:15:51.883 24590 24744 F .xbmc.kodinerd: runtime.cc:558]
at java.lang.Daemons$Daemon.run(Daemons.java:103)
10-07 18:15:51.883 24590 24744 F .xbmc.kodinerd: runtime.cc:558]
at java.lang.Thread.run(Thread.java:764)
10-07 18:15:51.883 24590 24744 F .xbmc.kodinerd: runtime.cc:558]
10-07 18:15:51.884 24590 24744 F .xbmc.kodinerd: runtime.cc:558] "FinalizerDaemon" prio=10 tid=6 Waiting
10-07 18:15:51.884 24590 24744 F .xbmc.kodinerd: runtime.cc:558] | group="" sCount=1 dsCount=0 flags=1 obj=0x12f408a0 self=0x2f44b60800
10-07 18:15:51.884 24590 24744 F .xbmc.kodinerd: runtime.cc:558] | sysTid=24613 nice=4 cgrp=default sched=0/0 handle=0x2f5ce1f4f0
10-07 18:15:51.884 24590 24744 F .xbmc.kodinerd: runtime.cc:558] | state=S schedstat=( 11021768 886668 33 ) utm=0 stm=0 core=1 HZ=100
10-07 18:15:51.884 24590 24744 F .xbmc.kodinerd: runtime.cc:558] | stack=0x2f5cd1c000-0x2f5cd1e000 stackSize=1041KB
10-07 18:15:51.884 24590 24744 F .xbmc.kodinerd: runtime.cc:558] | held mutexes=
10-07 18:15:51.884 24590 24744 F .xbmc.kodinerd: runtime.cc:558] kernel: (couldn't read /proc/self/task/24613/stack)
10-07 18:15:51.884 24590 24744 F .xbmc.kodinerd: runtime.cc:558] native: #00 pc 000000000001f06c /system/lib64/libc.so (syscall+28)
10-07 18:15:51.884 24590 24744 F .xbmc.kodinerd: runtime.cc:558] native: #01 pc 00000000000d724c /system/lib64/libart.so (art::ConditionVariable::WaitHoldingLocks(art::Thread*)+148)
10-07 18:15:51.884 24590 24744 F .xbmc.kodinerd: runtime.cc:558] native: #02 pc 00000000003bce14 /system/lib64/libart.so (art::Monitor::Wait(art::Thread*, long, int, bool, art::ThreadState)+636)
10-07 18:15:51.884 24590 24744 F .xbmc.kodinerd: runtime.cc:558] native: #03 pc 00000000003be8d0 /system/lib64/libart.so (art::Monitor::Wait(art::Thread*, art::mirror::Object*, long, int, bool, art::ThreadState)+424)
10-07 18:15:51.884 24590 24744 F .xbmc.kodinerd: runtime.cc:558]
at java.lang.Object.wait(Native method)
10-07 18:15:51.884 24590 24744 F .xbmc.kodinerd: runtime.cc:558] - waiting on <0x0bb14a4e> (a java.lang.Object)
10-07 18:15:51.884 24590 24744 F .xbmc.kodinerd: runtime.cc:558]
at java.lang.Object.wait(Object.java:422)
10-07 18:15:51.884 24590 24744 F .xbmc.kodinerd: runtime.cc:558]
at java.lang.ref.ReferenceQueue.remove(ReferenceQueue.java:188)
10-07 18:15:51.884 24590 24744 F .xbmc.kodinerd: runtime.cc:558] - locked <0x0bb14a4e> (a java.lang.Object)
10-07 18:15:51.884 24590 24744 F .xbmc.kodinerd: runtime.cc:558]
at java.lang.ref.ReferenceQueue.remove(ReferenceQueue.java:209)
10-07 18:15:51.884 24590 24744 F .xbmc.kodinerd: runtime.cc:558]
at java.lang.Daemons$FinalizerDaemon.runInternal(Daemons.java:232)
10-07 18:15:51.884 24590 24744 F .xbmc.kodinerd: runtime.cc:558]
at java.lang.Daemons$Daemon.run(Daemons.java:103)
10-07 18:15:51.884 24590 24744 F .xbmc.kodinerd: runtime.cc:558]
at java.lang.Thread.run(Thread.java:764)
10-07 18:15:51.884 24590 24744 F .xbmc.kodinerd: runtime.cc:558]
10-07 18:15:51.884 24590 24744 F .xbmc.kodinerd: runtime.cc:558] "FinalizerWatchdogDaemon" prio=10 tid=7 Sleeping
10-07 18:15:51.884 24590 24744 F .xbmc.kodinerd: runtime.cc:558] | group="" sCount=1 dsCount=0 flags=1 obj=0x12f40928 self=0x2f44895000
10-07 18:15:51.884 24590 24744 F .xbmc.kodinerd: runtime.cc:558] | sysTid=24614 nice=4 cgrp=default sched=0/0 handle=0x2f5cf254f0
10-07 18:15:51.884 24590 24744 F .xbmc.kodinerd: runtime.cc:558] | state=S schedstat=( 598801 567396 8 ) utm=0 stm=0 core=0 HZ=100
10-07 18:15:51.884 24590 24744 F .xbmc.kodinerd: runtime.cc:558] | stack=0x2f5ce22000-0x2f5ce24000 stackSize=1041KB
10-07 18:15:51.884 24590 24744 F .xbmc.kodinerd: runtime.cc:558] | held mutexes=
10-07 18:15:51.884 24590 24744 F .xbmc.kodinerd: runtime.cc:558] kernel: (couldn't read /proc/self/task/24614/stack)
10-07 18:15:51.884 24590 24744 F .xbmc.kodinerd: runtime.cc:558] native: #00 pc 000000000001f070 /system/lib64/libc.so (syscall+32)
10-07 18:15:51.884 24590 24744 F .xbmc.kodinerd: runtime.cc:558] native: #01 pc 00000000000d7678 /system/lib64/libart.so (art::ConditionVariable::TimedWait(art::Thread*, long, int)+168)
10-07 18:15:51.884 24590 24744 F .xbmc.kodinerd: runtime.cc:558] native: #02 pc 00000000003bce28 /system/lib64/libart.so (art::Monitor::Wait(art::Thread*, long, int, bool, art::ThreadState)+656)
10-07 18:15:51.884 24590 24744 F .xbmc.kodinerd: runtime.cc:558] native: #03 pc 00000000003be8d0 /system/lib64/libart.so (art::Monitor::Wait(art::Thread*, art::mirror::Object*, long, int, bool, art::ThreadState)+424)
10-07 18:15:51.884 24590 24744 F .xbmc.kodinerd: runtime.cc:558]
at java.lang.Thread.sleep(Native method)
10-07 18:15:51.884 24590 24744 F .xbmc.kodinerd: runtime.cc:558] - sleeping on <0x0574976f> (a java.lang.Object)
10-07 18:15:51.884 24590 24744 F .xbmc.kodinerd: runtime.cc:558]
at java.lang.Thread.sleep(Thread.java:373)
10-07 18:15:51.884 24590 24744 F .xbmc.kodinerd: runtime.cc:558] - locked <0x0574976f> (a java.lang.Object)
10-07 18:15:51.884 24590 24744 F .xbmc.kodinerd: runtime.cc:558]
at java.lang.Thread.sleep(Thread.java:314)
10-07 18:15:51.884 24590 24744 F .xbmc.kodinerd: runtime.cc:558]
at java.lang.Daemons$FinalizerWatchdogDaemon.sleepFor(Daemons.java:342)
10-07 18:15:51.884 24590 24744 F .xbmc.kodinerd: runtime.cc:558]
at java.lang.Daemons$FinalizerWatchdogDaemon.waitForFinalization(Daemons.java:364)
10-07 18:15:51.884 24590 24744 F .xbmc.kodinerd: runtime.cc:558]
at java.lang.Daemons$FinalizerWatchdogDaemon.runInternal(Daemons.java:281)
10-07 18:15:51.884 24590 24744 F .xbmc.kodinerd: runtime.cc:558]
at java.lang.Daemons$Daemon.run(Daemons.java:103)
10-07 18:15:51.884 24590 24744 F .xbmc.kodinerd: runtime.cc:558]
at java.lang.Thread.run(Thread.java:764)
10-07 18:15:51.884 24590 24744 F .xbmc.kodinerd: runtime.cc:558]
10-07 18:15:51.884 24590 24744 F .xbmc.kodinerd: runtime.cc:558] "HeapTaskDaemon" prio=10 tid=8 WaitingForTaskProcessor
10-07 18:15:51.884 24590 24744 F .xbmc.kodinerd: runtime.cc:558] | group="" sCount=1 dsCount=0 flags=1 obj=0x12f43df0 self=0x2f44895c00
10-07 18:15:51.884 24590 24744 F .xbmc.kodinerd: runtime.cc:558] | sysTid=24615 nice=4 cgrp=default sched=0/0 handle=0x2f5d02b4f0
10-07 18:15:51.884 24590 24744 F .xbmc.kodinerd: runtime.cc:558] | state=S schedstat=( 113892296 19495104 96 ) utm=10 stm=1 core=1 HZ=100
10-07 18:15:51.884 24590 24744 F .xbmc.kodinerd: runtime.cc:558] | stack=0x2f5cf28000-0x2f5cf2a000 stackSize=1041KB
10-07 18:15:51.884 24590 24744 F .xbmc.kodinerd: runtime.cc:558] | held mutexes=
10-07 18:15:51.884 24590 24744 F .xbmc.kodinerd: runtime.cc:558] kernel: (couldn't read /proc/self/task/24615/stack)
10-07 18:15:51.884 24590 24744 F .xbmc.kodinerd: runtime.cc:558] native: #00 pc 000000000001f070 /system/lib64/libc.so (syscall+32)
10-07 18:15:51.884 24590 24744 F .xbmc.kodinerd: runtime.cc:558] native: #01 pc 00000000000d7678 /system/lib64/libart.so (art::ConditionVariable::TimedWait(art::Thread*, long, int)+168)
10-07 18:15:51.884 24590 24744 F .xbmc.kodinerd: runtime.cc:558] native: #02 pc 000000000022cd84 /system/lib64/libart.so (art::gc::TaskProcessor::GetTask(art::Thread*)+504)
10-07 18:15:51.884 24590 24744 F .xbmc.kodinerd: runtime.cc:558] native: #03 pc 000000000022d5d8 /system/lib64/libart.so (art::gc::TaskProcessor::RunAllTasks(art::Thread*)+96)
10-07 18:15:51.884 24590 24744 F .xbmc.kodinerd: runtime.cc:558]
at dalvik.system.VMRuntime.runHeapTasks(Native method)
10-07 18:15:51.884 24590 24744 F .xbmc.kodinerd: runtime.cc:558]
at java.lang.Daemons$HeapTaskDaemon.runInternal(Daemons.java:475)
10-07 18:15:51.884 24590 24744 F .xbmc.kodinerd: runtime.cc:558]
at java.lang.Daemons$Daemon.run(Daemons.java:103)
10-07 18:15:51.884 24590 24744 F .xbmc.kodinerd: runtime.cc:558]
at java.lang.Thread.run(Thread.java:764)
10-07 18:15:51.884 24590 24744 F .xbmc.kodinerd: runtime.cc:558]
10-07 18:15:51.884 24590 24744 F .xbmc.kodinerd: runtime.cc:558] "Binder:24590_1" prio=10 tid=9 Native
10-07 18:15:51.884 24590 24744 F .xbmc.kodinerd: runtime.cc:558] | group="" sCount=1 dsCount=0 flags=1 obj=0x12f409b8 self=0x2f4488f000
10-07 18:15:51.884 24590 24744 F .xbmc.kodinerd: runtime.cc:558] | sysTid=24617 nice=0 cgrp=default sched=0/0 handle=0x2f5d2274f0
10-07 18:15:51.884 24590 24744 F .xbmc.kodinerd: runtime.cc:558] | state=S schedstat=( 828540 1551771 12 ) utm=0 stm=0 core=3 HZ=100
10-07 18:15:51.884 24590 24744 F .xbmc.kodinerd: runtime.cc:558] | stack=0x2f5d12c000-0x2f5d12e000 stackSize=1009KB
10-07 18:15:51.884 24590 24744 F .xbmc.kodinerd: runtime.cc:558] | held mutexes=
10-07 18:15:51.884 24590 24744 F .xbmc.kodinerd: runtime.cc:558] kernel: (couldn't read /proc/self/task/24617/stack)
10-07 18:15:51.884 24590 24744 F .xbmc.kodinerd: runtime.cc:558] native: #00 pc 000000000006e188 /system/lib64/libc.so (__ioctl+4)
10-07 18:15:51.884 24590 24744 F .xbmc.kodinerd: runtime.cc:558] native: #01 pc 0000000000029110 /system/lib64/libc.so (ioctl+136)
10-07 18:15:51.884 24590 24744 F .xbmc.kodinerd: runtime.cc:558] native: #02 pc 000000000005a5e4 /system/lib64/libbinder.so (android::IPCThreadState::talkWithDriver(bool)+256)
10-07 18:15:51.884 24590 24744 F .xbmc.kodinerd: runtime.cc:558] native: #03 pc 000000000005a7b8 /system/lib64/libbinder.so (android::IPCThreadState::getAndExecuteCommand()+24)
10-07 18:15:51.884 24590 24744 F .xbmc.kodinerd: runtime.cc:558] native: #04 pc 000000000005af04 /system/lib64/libbinder.so (android::IPCThreadState::joinThreadPool(bool)+60)
10-07 18:15:51.884 24590 24744 F .xbmc.kodinerd: runtime.cc:558] native: #05 pc 000000000007b574 /system/lib64/libbinder.so (android::PoolThread::threadLoop()+28)
10-07 18:15:51.884 24590 24744 F .xbmc.kodinerd: runtime.cc:558] native: #06 pc 000000000000f9d8 /system/lib64/libutils.so (android::Thread::_threadLoop(void*)+280)
10-07 18:15:51.884 24590 24744 F .xbmc.kodinerd: runtime.cc:558] native: #07 pc 00000000000b4fa8 /system/lib64/libandroid_runtime.so (android::AndroidRuntime::javaThreadShell(void*)+140)
10-07 18:15:51.884 24590 24744 F .xbmc.kodinerd: runtime.cc:558] native: #08 pc 0000000000081978 /system/lib64/libc.so (__pthread_start(void*)+36)
10-07 18:15:51.884 24590 24744 F .xbmc.kodinerd: runtime.cc:558] native: #09 pc 00000000000234b8 /system/lib64/libc.so (__start_thread+68)
10-07 18:15:51.884 24590 24744 F .xbmc.kodinerd: runtime.cc:558] (no managed stack frames)
10-07 18:15:51.884 24590 24744 F .xbmc.kodinerd: runtime.cc:558]
10-07 18:15:51.884 24590 24744 F .xbmc.kodinerd: runtime.cc:558] "Binder:24590_2" prio=10 tid=10 Native
10-07 18:15:51.884 24590 24744 F .xbmc.kodinerd: runtime.cc:558] | group="" sCount=1 dsCount=0 flags=1 obj=0x12f40a40 self=0x2f4b43f000
10-07 18:15:51.884 24590 24744 F .xbmc.kodinerd: runtime.cc:558] | sysTid=24618 nice=0 cgrp=default sched=0/0 handle=0x2f5d3254f0
10-07 18:15:51.884 24590 24744 F .xbmc.kodinerd: runtime.cc:558] | state=S schedstat=( 24444790 7851823 31 ) utm=2 stm=0 core=0 HZ=100
10-07 18:15:51.884 24590 24744 F .xbmc.kodinerd: runtime.cc:558] | stack=0x2f5d22a000-0x2f5d22c000 stackSize=1009KB
10-07 18:15:51.884 24590 24744 F .xbmc.kodinerd: runtime.cc:558] | held mutexes=
10-07 18:15:51.884 24590 24744 F .xbmc.kodinerd: runtime.cc:558] kernel: (couldn't read /proc/self/task/24618/stack)
10-07 18:15:51.885 24590 24744 F .xbmc.kodinerd: runtime.cc:558] native: #00 pc 000000000006e188 /system/lib64/libc.so (__ioctl+4)
