10-07 18:06:59.060 3543 7639 I chatty : uid=1000(system) Binder:3543_10 expire 2 lines
10-07 18:06:59.062 3116 3116 E powerHAL::common: Unknown power hint: 0x8
10-07 18:06:59.077 3543 3625 I WindowManager: WindowState() - found Launcher @ mAppToken:AppWindowToken{37a84bd token=Token{63c8414 ActivityRecord{a0a1e67 u0 org.xbmc.kodinerds/.Splash t1162}}}
10-07 18:06:59.092 4692 5658 I android_os_HwBinder: HwBinder: Starting thread pool for default::vendor.nvidia.hardware.power@1.0::IPower
10-07 18:06:59.106 8228 9644 W ContentProvider: Normalized content://com.nvidia.pgcontentprovider.PGContentProvider//default/gameinfo to content://com.nvidia.pgcontentprovider.PGContentProvider/default/gameinfo to avoid possible security issues
10-07 18:06:59.186 23085 23241 I chatty : uid=10159(org.xbmc.kodinerds) expire 1 line
10-07 18:06:59.213 3543 7639 I WindowManager: WindowState() - found Launcher @ mAppToken:AppWindowToken{37a84bd token=Token{63c8414 ActivityRecord{a0a1e67 u0 org.xbmc.kodinerds/.Splash t1162}}}
10-07 18:06:59.233 4869 4907 D TVNotifService: getConnectedInstanceBlocking - block
10-07 18:06:59.233 4869 4907 D TVNotifService: getConnectedInstanceBlockingWithTimeout - done
10-07 18:06:59.242 4531 5046 I ShieldBluetoothScanPolicy: Scans disallowed due to PACKAGE POLL
10-07 18:06:59.243 4531 5046 D BluetoothAdapter: isLeEnabled(): ON
10-07 18:06:59.246 4903 4903 I chatty : uid=10031(com.google.android.tvlauncher) expire 12 lines
10-07 18:06:59.254 23085 23243 I chatty : uid=10159(org.xbmc.kodinerds) expire 27 lines
10-07 18:06:59.261 3728 3848 D AdapterProperties: Discoverable Timeout:-1
10-07 18:06:59.261 3728 3848 D AdapterProperties: Scan Mode:21
10-07 18:06:59.517 3127 3490 D SurfaceFlinger: Connected to Power Manager
10-07 18:06:59.543 3116 3116 E powerHAL::common: Unknown power hint: 0x8
10-07 18:06:59.685 3127 3218 W SurfaceFlinger: Attempting to set client state on removed layer: Splash Screen org.xbmc.kodinerds#0
10-07 18:06:59.685 3127 3218 W SurfaceFlinger: Attempting to destroy on removed layer: Splash Screen org.xbmc.kodinerds#0
10-07 18:07:02.068 3543 7837 I ActivityManager: START u0 {act=android.intent.action.MAIN cat=[android.intent.category.LEANBACK_LAUNCHER] flg=0x11000000 pkg=org.xbmc.kodinerds cmp=org.xbmc.kodinerds/.Main bnds=[809,257][1065,447]} from uid 10159
10-07 18:07:02.071 3543 7837 I chatty : uid=1000(system) Binder:3543_11 expire 3 lines
10-07 18:07:02.073 3116 3116 E powerHAL::common: Unknown power hint: 0x8
10-07 18:07:02.078 3543 3625 I WindowManager: WindowState() - found Launcher @ mAppToken:AppWindowToken{4f96537 token=Token{9851236 ActivityRecord{2b567d1 u0 org.xbmc.kodinerds/.Main t1163}}}
10-07 18:07:02.087 3543 22755 I chatty : uid=1000 system_server expire 1 line
10-07 18:07:02.096 3543 22749 I chatty : uid=1000 system_server expire 1 line
10-07 18:07:02.098 23085 23085 I chatty : uid=10159(org.xbmc.kodinerds) expire 25 lines
10-07 18:07:02.108 4692 5658 I android_os_HwBinder: HwBinder: Starting thread pool for default::vendor.nvidia.hardware.power@1.0::IPower
10-07 18:07:02.200 3089 3222 I chatty : uid=1041(audioserver) HwBinder:3089_1 expire 2 lines
10-07 18:07:02.319 23085 23263 I chatty : uid=10159(org.xbmc.kodinerds) expire 41 lines
10-07 18:07:02.348 4869 4869 D NowPlayingListener: onActiveSessionsChanged() called with: controllers = [[android.media.session.MediaController@7c5327f]]
10-07 18:07:02.348 4869 4869 D NowPlayingListener: updateMediaSessionCallback: android.media.session.MediaController@7c5327f
10-07 18:07:02.349 3728 3728 I NewAvrcpMediaPlayerList: onAddressedPlayerChanged: token=org.xbmc.kodinerds
10-07 18:07:02.349 3728 3728 W NewAvrcpMediaPlayerList: org.xbmc.kodinerds is already the active player
10-07 18:07:02.349 5872 5872 D DeviceControlManagerService: active session:com.ghisler.android.TotalCommander
10-07 18:07:02.350 3728 3728 V NewAvrcpMediaPlayerList: onActiveSessionsChanged: number of controllers: 1
10-07 18:07:02.351 3728 3728 D NewAvrcpMediaPlayerList: onActiveSessionsChanged: controller: com.ghisler.android.TotalCommander
10-07 18:07:02.351 3728 3728 D NewAvrcpMediaPlayerList: Already have a controller for the player: com.ghisler.android.TotalCommander, updating instead
10-07 18:07:02.351 3728 3728 V NewAvrcpMediaPlayerList: onActiveSessionsChanged: number of controllers: 1
10-07 18:07:02.354 3728 4293 I Avrcp : Skipping update due to invalid playback state
10-07 18:07:02.354 3728 4293 E bt_btif : register_notification_rsp: Avrcp device is not connected, handle: 0x0
10-07 18:07:02.354 3728 4293 I chatty : uid=1002(bluetooth) BluetoothAvrcpH identical 20 lines
10-07 18:07:02.354 3728 4293 E bt_btif : register_notification_rsp: Avrcp device is not connected, handle: 0x0
10-07 18:07:02.354 3728 3728 D NewAvrcpMediaPlayerList: onActiveSessionsChanged: controller: com.ghisler.android.TotalCommander
10-07 18:07:02.354 3728 3728 D NewAvrcpMediaPlayerList: Already have a controller for the player: com.ghisler.android.TotalCommander, updating instead
10-07 18:07:02.355 4869 4869 D NowPlayingManager: onClientChanged() called with: clearing = [false]
10-07 18:07:02.355 4869 4869 D NowPlayingListener: updateMetadata() called with: metadata = [android.media.MediaMetadata@68e2ca92] and now playing listener: com.google.android.tvrecommendations.NowPlayingManager@ab6ca20
10-07 18:07:02.355 5872 5872 D DeviceControlManagerService: active session:com.ghisler.android.TotalCommander
10-07 18:07:02.355 3728 4293 I Avrcp : Skipping update due to invalid playback state
10-07 18:07:02.359 3543 13394 I WindowManager: WindowState() - found Launcher @ mAppToken:AppWindowToken{4f96537 token=Token{9851236 ActivityRecord{2b567d1 u0 org.xbmc.kodinerds/.Main t1163}}}
10-07 18:07:02.365 4869 4869 D NowPlayingManager: onMediaDataUpdated() called with: mediaData = [com.google.android.tvrecommendations.NowPlayingData@67c3295]
10-07 18:07:02.367 4869 4869 D NowPlayingListener: updatePlayback() called with: state = [PlaybackState {state=1, position=-1, buffered position=0, speed=1.0, updated=4449198, actions=382, custom actions=[], active item id=-1, error=null}] and now playing listener: com.google.android.tvrecommendations.NowPlayingManager@ab6ca20
10-07 18:07:02.367 4869 4869 D NowPlayingManager: onClientPlaybackStateUpdate() called with: state = [1], stateChangeTimeMs = [4449198], currentPosMs = [-1]
10-07 18:07:02.367 4869 4869 D NowPlayingManager: onClientPlaybackStateUpdate: Skipped update, state: 1 was unchanged
10-07 18:07:02.368 4869 4869 D NowPlayingListener: onActiveSessionsChanged() called with: controllers = [[android.media.session.MediaController@e891faa]]
10-07 18:07:02.368 4869 4869 D NowPlayingListener: updateMediaSessionCallback: android.media.session.MediaController@e891faa
10-07 18:07:02.369 4869 4869 D NowPlayingManager: onClientChanged() called with: clearing = [false]
10-07 18:07:02.369 4869 4869 D NowPlayingListener: updateMetadata() called with: metadata = [android.media.MediaMetadata@68e2ca92] and now playing listener: com.google.android.tvrecommendations.NowPlayingManager@ab6ca20
10-07 18:07:02.373 4869 4869 D NowPlayingManager: onMediaDataUpdated() called with: mediaData = [com.google.android.tvrecommendations.NowPlayingData@f84779b]
10-07 18:07:02.373 4869 4869 D NowPlayingListener: updatePlayback() called with: state = [PlaybackState {state=1, position=-1, buffered position=0, speed=1.0, updated=4449198, actions=382, custom actions=[], active item id=-1, error=null}] and now playing listener: com.google.android.tvrecommendations.NowPlayingManager@ab6ca20
10-07 18:07:02.373 4869 4869 D NowPlayingManager: onClientPlaybackStateUpdate() called with: state = [1], stateChangeTimeMs = [4449198], currentPosMs = [-1]
10-07 18:07:02.373 4869 4869 D NowPlayingManager: onClientPlaybackStateUpdate: Skipped update, state: 1 was unchanged
10-07 18:07:02.376 2975 2975 I chatty : uid=1000(system) hwservicemanage expire 5 lines
10-07 18:07:02.382 23085 23265 I chatty : uid=10159(org.xbmc.kodinerds) expire 176 lines
10-07 18:07:02.402 3127 3218 D SurfaceFlinger: Connected to Power Manager
10-07 18:07:02.408 3543 3588 I chatty : uid=1000(system) android.display expire 2 lines
10-07 18:07:02.422 3116 3116 E powerHAL::common: Unknown power hint: 0x8
10-07 18:07:02.503 23085 23267 I chatty : uid=10159(org.xbmc.kodinerds) expire 3 lines
10-07 18:07:02.564 3127 3490 W SurfaceFlinger: Attempting to destroy on removed layer: AppWindowToken{37a84bd token=Token{63c8414 ActivityRecord{a0a1e67 u0 org.xbmc.kodinerds/.Splash t1162}}}#0
10-07 18:07:02.570 3127 3490 W SurfaceFlinger: Attempting to set client state on removed layer: Splash Screen org.xbmc.kodinerds#0
10-07 18:07:02.570 3127 3490 W SurfaceFlinger: Attempting to destroy on removed layer: Splash Screen org.xbmc.kodinerds#0
10-07 18:07:02.953 23085 23272 I chatty : uid=10159(org.xbmc.kodinerds) expire 34 lines
10-07 18:07:02.957 3125 3125 I chatty : uid=1041(audioserver) /system/bin/audioserver expire 27 lines
10-07 18:07:02.958 3125 23277 I chatty : uid=1041(audioserver) /system/bin/audioserver expire 1 line
10-07 18:07:03.467 3125 3125 I chatty : uid=1041(audioserver) /system/bin/audioserver expire 7 lines
10-07 18:07:03.487 3543 3543 W WindowManager: removeWindowToken: Attempted to remove non-existing token: android.os.Binder@d7bacb6
10-07 18:07:03.668 3125 3125 I APM_AudioPolicyManager: getOutputForAttr() device 0x400, sampling rate 48000, format 0xa000000, channel mask 0x3, flags 0x1
10-07 18:07:03.668 3125 3125 W APM_AudioPolicyManager: getOutputForDevice() could not find output for stream 3, sampling rate 48000, format 0xa000000, channels 0x3, flags 0x1
10-07 18:07:03.718 3125 3125 I APM_AudioPolicyManager: getOutputForAttr() device 0x400, sampling rate 48000, format 0xa000000, channel mask 0x3, flags 0x1
10-07 18:07:03.719 3125 3125 W APM_AudioPolicyManager: getOutputForDevice() could not find output for stream 3, sampling rate 48000, format 0xa000000, channels 0x3, flags 0x1
10-07 18:07:03.769 3125 3125 I APM_AudioPolicyManager: getOutputForAttr() device 0x400, sampling rate 48000, format 0xa000000, channel mask 0x3, flags 0x1
10-07 18:07:03.769 3125 3125 W APM_AudioPolicyManager: getOutputForDevice() could not find output for stream 3, sampling rate 48000, format 0xa000000, channels 0x3, flags 0x1
10-07 18:07:03.769 3125 3125 E AudioFlinger: createTrack() getOutputForAttr() return error -38 or invalid output handle
10-07 18:07:03.822 3125 3125 I APM_AudioPolicyManager: getOutputForAttr() device 0x400, sampling rate 48000, format 0xb000000, channel mask 0x3, flags 0x1
10-07 18:07:03.822 3125 3125 I AudioFlinger: openOutput() this 0x4b3be000, module 10 Device 0x400, SamplingRate 48000, Format 0xb000000, Channels 0x3, flags 0x1
10-07 18:07:03.822 3089 3461 W DeviceHAL: Error from HAL Device in function open_output_stream: Unknown error -22
10-07 18:07:03.822 3125 3125 I AudioHwDevice: openOutputStream(), HAL returned sampleRate 48000, Format 0xb000000, channelMask 0x3, status -61
10-07 18:07:03.822 3125 3125 I AudioSPDIF: SPDIFEncoder: mBurstBufferSizeBytes = 16384, littleEndian = 1
10-07 18:07:03.822 3125 3125 I AudioFlinger: SpdifStreamOut::open() AudioFlinger requested sampleRate 48000, format 0xb000000, channelMask 0x3
10-07 18:07:03.822 3125 3125 I AudioFlinger: SpdifStreamOut::open() HAL configured for sampleRate 48000, format 0x1, channelMask 0x3
10-07 18:07:03.823 3125 3125 I AudioFlinger: SpdifStreamOut::open() status = 0
10-07 18:07:03.823 3125 3125 I AudioFlinger: HAL output buffer size 8192 frames, normal sink buffer size 8192 frames
10-07 18:07:03.824 3125 23282 I AudioFlinger: AudioFlinger's thread 0x4bde4000 tid=23282 ready to run
10-07 18:07:03.835 22815 22815 I Finsky : [2] com.google.android.finsky.scheduler.JobSchedulerEngine$PhoneskyJobSchedulerJobService.onStartJob(3): onJobSchedulerWakeup with jobId 9000
10-07 18:07:03.836 22815 22815 I Finsky : [2] sab.a(28): Scheduling fallback job with id: 9034, and delay: 43200000 ms
10-07 18:07:03.838 22815 22815 I Finsky : [2] sab.a(7): Scheduling fallback in 64799999 (absolute: 74017338)
10-07 18:07:03.882 3125 4596 I APM_AudioPolicyManager: getOutputForAttr() device 0x400, sampling rate 48000, format 0xc000000, channel mask 0x63f, flags 0x1
10-07 18:07:03.882 3125 4596 I APM_AudioPolicyManager: Fallback from DTS-HD to DTS in profile passthrough
10-07 18:07:03.882 3125 4596 I AudioFlinger: openOutput() this 0x4b3be000, module 10 Device 0x400, SamplingRate 48000, Format 0xc000000, Channels 0x63f, flags 0x1
10-07 18:07:03.883 3089 3222 W nvaudio_hw: Sink does not support multichannel: 8 ch
10-07 18:07:03.883 3089 3222 W DeviceHAL: Error from HAL Device in function open_output_stream: Invalid argument
10-07 18:07:03.883 3125 4596 I AudioHwDevice: openOutputStream(), HAL returned sampleRate 48000, Format 0xb000000, channelMask 0x63f, status -22
10-07 18:07:03.883 3125 4596 I AudioHwDevice: format changed from DTS HD to DTS
10-07 18:07:03.883 3125 4596 I AudioSPDIF: SPDIFEncoder: mBurstBufferSizeBytes = 16384, littleEndian = 1
10-07 18:07:03.883 3125 4596 I AudioFlinger: SpdifStreamOut::open() AudioFlinger requested sampleRate 48000, format 0xb000000, channelMask 0x63f
10-07 18:07:03.883 3125 4596 I AudioFlinger: SpdifStreamOut::open() HAL configured for sampleRate 48000, format 0x1, channelMask 0x3
10-07 18:07:03.883 3125 4596 I AudioFlinger: SpdifStreamOut::open() status = 0
10-07 18:07:03.884 3125 4596 I AudioFlinger: HAL output buffer size 32768 frames, normal sink buffer size 32768 frames
10-07 18:07:03.884 3125 23284 I AudioFlinger: AudioFlinger's thread 0x4c36a000 tid=23284 ready to run
10-07 18:07:03.921 22815 22815 I Finsky : [2] sam.handleMessage(6): DeviceState: DeviceState{currentTime=1570464423919, isCharging=true, isIdle=false, netAny=true, netNotRoaming=true, netUnmetered=true, batteryPercent=100.0}
10-07 18:07:03.924 22815 22857 I Finsky : [108] sbx.a(7): Jobs in database: 1-1337 12-1 26-1414141414 29-29 34-35
10-07 18:07:03.926 22815 22815 I Finsky : [2] saj.a(19): Running job: 12-1
10-07 18:07:03.926 22815 22815 I Finsky : [2] com.google.android.finsky.contentsync.ContentSyncJob.a(19): ContentSyncJob started
10-07 18:07:03.927 22815 22815 I Finsky : [2] sam.handleMessage(77): RunningQueue size: 1, PendingQueue size: 0
10-07 18:07:03.927 22815 22815 I Finsky : [2] sam.handleMessage(80): Running queue: 12-1
10-07 18:07:03.942 3125 3375 I APM_AudioPolicyManager: getOutputForAttr() device 0x400, sampling rate 48000, format 0xe000000, channel mask 0x63f, flags 0x1
10-07 18:07:03.942 3125 3375 W APM_AudioPolicyManager: getOutputForDevice() could not find output for stream 3, sampling rate 48000, format 0xe000000, channels 0x63f, flags 0x1
10-07 18:07:03.981 22815 22836 W JavaBinder: BinderProxy is being destroyed but the application did not call unlinkToDeath to unlink all of its death recipients beforehand. Releasing leaked death recipient: aglj
10-07 18:07:03.992 3125 3375 I APM_AudioPolicyManager: getOutputForAttr() device 0x400, sampling rate 48000, format 0xe000000, channel mask 0x63f, flags 0x1
10-07 18:07:03.992 3125 3375 W APM_AudioPolicyManager: getOutputForDevice() could not find output for stream 3, sampling rate 48000, format 0xe000000, channels 0x63f, flags 0x1
10-07 18:07:04.042 3125 3375 I APM_AudioPolicyManager: getOutputForAttr() device 0x400, sampling rate 48000, format 0xe000000, channel mask 0x63f, flags 0x1
10-07 18:07:04.042 3125 3375 W APM_AudioPolicyManager: getOutputForDevice() could not find output for stream 3, sampling rate 48000, format 0xe000000, channels 0x63f, flags 0x1
10-07 18:07:04.082 22815 23287 I Finsky : [167] ekf.a(15): Completed 0 account content syncs with 0 successful.
10-07 18:07:04.082 22815 22815 I Finsky : [2] com.google.android.finsky.contentsync.ContentSyncJob.a(17): Installation state replication succeeded.
10-07 18:07:04.085 22815 22815 I Finsky : [2] sbt.a(12): jobFinished: 12-1. TimeElapsed: 159ms.
10-07 18:07:04.085 22815 22815 I Finsky : [2] saj.a(39): Job 12-1 finished. Not rescheduling.
10-07 18:07:04.086 22815 22815 I Finsky : [2] sam.handleMessage(77): RunningQueue size: 0, PendingQueue size: 0
10-07 18:07:04.086 22815 22815 I Finsky : [2] sam.handleMessage(39): Executor finished
10-07 18:07:04.092 3125 3375 I APM_AudioPolicyManager: getOutputForAttr() device 0x400, sampling rate 48000, format 0xe000000, channel mask 0x63f, flags 0x1
10-07 18:07:04.092 3125 3375 W APM_AudioPolicyManager: getOutputForDevice() could not find output for stream 3, sampling rate 48000, format 0xe000000, channels 0x63f, flags 0x1
10-07 18:07:04.093 22815 22815 I Finsky : [2] sbx.a(7): Jobs in database: 1-1337 26-1414141414 29-29 34-35
10-07 18:07:04.093 22815 22815 I Finsky : [2] rza.a(52): ConstraintMapping: 1-1337, -> L: 13489151ms, D: 56689151ms, C: false, I: false, N: 1
10-07 18:07:04.093 22815 22815 I Finsky : [2] rza.a(52): ConstraintMapping: 34-35, -> L: 529274896ms, D: 1825274896ms, C: false, I: true, N: 2
10-07 18:07:04.094 22815 22815 I Finsky : [2] rza.a(52): ConstraintMapping: 34-35, -> L: 529274896ms, D: 1825274896ms, C: true, I: true, N: 2
10-07 18:07:04.094 22815 22815 I Finsky : [2] rza.a(52): ConstraintMapping: 26-1414141414, 29-29, -> L: 9538ms, D: 39538ms, C: false, I: false, N: 0
10-07 18:07:04.097 22815 22815 I Finsky : [2] sbi.a(46): Cancelling existing jobscheduler jobs: 9003 9001 9002
10-07 18:07:04.097 22815 22815 I Finsky : [2] sbi.a(24): Scheduling job Id: 9004, L: 13489151, D: 56689151, C: false, I: false, N: 1
10-07 18:07:04.098 22815 22815 I Finsky : [2] sbi.a(24): Scheduling job Id: 9005, L: 529274896, D: 1825274896, C: false, I: true, N: 2
10-07 18:07:04.099 22815 22815 I Finsky : [2] sbi.a(24): Scheduling job Id: 9006, L: 529274896, D: 1825274896, C: true, I: true, N: 2
10-07 18:07:04.100 22815 22815 I Finsky : [2] sbi.a(9): Throttling wakeup for job 9007 (expected to run in 9538 ms) due to recent wakeup
10-07 18:07:04.100 22815 22815 I Finsky : [2] sbi.a(24): Scheduling job Id: 9007, L: 30000, D: 39538, C: false, I: false, N: 0
10-07 18:07:04.143 3125 3375 I APM_AudioPolicyManager: getOutputForAttr() device 0x400, sampling rate 48000, format 0xe000000, channel mask 0x63f, flags 0x1
10-07 18:07:04.143 3125 3375 W APM_AudioPolicyManager: getOutputForDevice() could not find output for stream 3, sampling rate 48000, format 0xe000000, channels 0x63f, flags 0x1
10-07 18:07:04.193 3125 3375 I APM_AudioPolicyManager: getOutputForAttr() device 0x400, sampling rate 48000, format 0xe000000, channel mask 0x63f, flags 0x1
10-07 18:07:04.193 3125 3375 W APM_AudioPolicyManager: getOutputForDevice() could not find output for stream 3, sampling rate 48000, format 0xe000000, channels 0x63f, flags 0x1
10-07 18:07:04.243 3125 3375 I APM_AudioPolicyManager: getOutputForAttr() device 0x400, sampling rate 48000, format 0xe000000, channel mask 0x63f, flags 0x1
10-07 18:07:04.243 3125 3375 W APM_AudioPolicyManager: getOutputForDevice() could not find output for stream 3, sampling rate 48000, format 0xe000000, channels 0x63f, flags 0x1
10-07 18:07:04.293 3125 3375 I APM_AudioPolicyManager: getOutputForAttr() device 0x400, sampling rate 48000, format 0xe000000, channel mask 0x63f, flags 0x1
10-07 18:07:04.293 3125 3375 W APM_AudioPolicyManager: getOutputForDevice() could not find output for stream 3, sampling rate 48000, format 0xe000000, channels 0x63f, flags 0x1
10-07 18:07:04.344 3125 3375 I APM_AudioPolicyManager: getOutputForAttr() device 0x400, sampling rate 48000, format 0xe000000, channel mask 0x63f, flags 0x1
10-07 18:07:04.344 3125 3375 W APM_AudioPolicyManager: getOutputForDevice() could not find output for stream 3, sampling rate 48000, format 0xe000000, channels 0x63f, flags 0x1
10-07 18:07:04.394 3125 3375 I APM_AudioPolicyManager: getOutputForAttr() device 0x400, sampling rate 48000, format 0xe000000, channel mask 0x63f, flags 0x1
10-07 18:07:04.394 3125 3375 W APM_AudioPolicyManager: getOutputForDevice() could not find output for stream 3, sampling rate 48000, format 0xe000000, channels 0x63f, flags 0x1
10-07 18:07:04.444 3125 3375 I APM_AudioPolicyManager: getOutputForAttr() device 0x400, sampling rate 48000, format 0xe000000, channel mask 0x63f, flags 0x1
10-07 18:07:04.444 3125 3375 W APM_AudioPolicyManager: getOutputForDevice() could not find output for stream 3, sampling rate 48000, format 0xe000000, channels 0x63f, flags 0x1
10-07 18:07:04.494 3125 3375 I APM_AudioPolicyManager: getOutputForAttr() device 0x400, sampling rate 48000, format 0xe000000, channel mask 0x63f, flags 0x1
10-07 18:07:04.494 3125 3375 W APM_AudioPolicyManager: getOutputForDevice() could not find output for stream 3, sampling rate 48000, format 0xe000000, channels 0x63f, flags 0x1
10-07 18:07:04.545 3125 3375 I APM_AudioPolicyManager: getOutputForAttr() device 0x400, sampling rate 48000, format 0xe000000, channel mask 0x63f, flags 0x1
10-07 18:07:04.545 3125 3375 W APM_AudioPolicyManager: getOutputForDevice() could not find output for stream 3, sampling rate 48000, format 0xe000000, channels 0x63f, flags 0x1
10-07 18:07:04.595 3125 3375 I APM_AudioPolicyManager: getOutputForAttr() device 0x400, sampling rate 48000, format 0xe000000, channel mask 0x63f, flags 0x1
10-07 18:07:04.595 3125 3375 W APM_AudioPolicyManager: getOutputForDevice() could not find output for stream 3, sampling rate 48000, format 0xe000000, channels 0x63f, flags 0x1
10-07 18:07:04.645 3125 3375 I APM_AudioPolicyManager: getOutputForAttr() device 0x400, sampling rate 48000, format 0xe000000, channel mask 0x63f, flags 0x1
10-07 18:07:04.645 3125 3375 W APM_AudioPolicyManager: getOutputForDevice() could not find output for stream 3, sampling rate 48000, format 0xe000000, channels 0x63f, flags 0x1
10-07 18:07:04.695 3125 3375 I APM_AudioPolicyManager: getOutputForAttr() device 0x400, sampling rate 48000, format 0xe000000, channel mask 0x63f, flags 0x1
10-07 18:07:04.695 3125 3375 W APM_AudioPolicyManager: getOutputForDevice() could not find output for stream 3, sampling rate 48000, format 0xe000000, channels 0x63f, flags 0x1
10-07 18:07:04.695 3125 3375 E AudioFlinger: createTrack() getOutputForAttr() return error -38 or invalid output handle
10-07 18:07:04.749 3125 3375 I APM_AudioPolicyManager: getOutputForAttr() device 0x400, sampling rate 48000, format 0xd000000, channel mask 0x3, flags 0x1
10-07 18:07:04.749 3125 3375 I AudioFlinger: openOutput() this 0x4b3be000, module 10 Device 0x400, SamplingRate 48000, Format 0xd000000, Channels 0x3, flags 0x1
10-07 18:07:04.750 3125 3375 I AudioFlinger: HAL output buffer size 1024 frames, normal sink buffer size 1024 frames
10-07 18:07:04.750 3125 23290 I AudioFlinger: AudioFlinger's thread 0x4b752000 tid=23290 ready to run
10-07 18:07:04.809 3125 3375 I APM_AudioPolicyManager: getOutputForAttr() device 0x400, sampling rate 192000, format 0xd000000, channel mask 0x63f, flags 0x1
10-07 18:07:04.809 3125 3375 W APM_AudioPolicyManager: getOutputForDevice() could not find output for stream 3, sampling rate 192000, format 0xd000000, channels 0x63f, flags 0x1
10-07 18:07:04.859 3125 3375 I APM_AudioPolicyManager: getOutputForAttr() device 0x400, sampling rate 192000, format 0xd000000, channel mask 0x63f, flags 0x1
10-07 18:07:04.859 3125 3375 W APM_AudioPolicyManager: getOutputForDevice() could not find output for stream 3, sampling rate 192000, format 0xd000000, channels 0x63f, flags 0x1
10-07 18:07:04.909 3125 3375 I APM_AudioPolicyManager: getOutputForAttr() device 0x400, sampling rate 192000, format 0xd000000, channel mask 0x63f, flags 0x1
10-07 18:07:04.909 3125 3375 W APM_AudioPolicyManager: getOutputForDevice() could not find output for stream 3, sampling rate 192000, format 0xd000000, channels 0x63f, flags 0x1
10-07 18:07:04.959 3125 3375 I APM_AudioPolicyManager: getOutputForAttr() device 0x400, sampling rate 192000, format 0xd000000, channel mask 0x63f, flags 0x1
10-07 18:07:04.959 3125 3375 W APM_AudioPolicyManager: getOutputForDevice() could not find output for stream 3, sampling rate 192000, format 0xd000000, channels 0x63f, flags 0x1
10-07 18:07:05.010 3125 3375 I APM_AudioPolicyManager: getOutputForAttr() device 0x400, sampling rate 192000, format 0xd000000, channel mask 0x63f, flags 0x1
10-07 18:07:05.010 3125 3375 W APM_AudioPolicyManager: getOutputForDevice() could not find output for stream 3, sampling rate 192000, format 0xd000000, channels 0x63f, flags 0x1
10-07 18:07:05.060 3125 3375 I APM_AudioPolicyManager: getOutputForAttr() device 0x400, sampling rate 192000, format 0xd000000, channel mask 0x63f, flags 0x1
10-07 18:07:05.060 3125 3375 W APM_AudioPolicyManager: getOutputForDevice() could not find output for stream 3, sampling rate 192000, format 0xd000000, channels 0x63f, flags 0x1
10-07 18:07:05.110 3125 3375 I APM_AudioPolicyManager: getOutputForAttr() device 0x400, sampling rate 192000, format 0xd000000, channel mask 0x63f, flags 0x1
10-07 18:07:05.110 3125 3375 W APM_AudioPolicyManager: getOutputForDevice() could not find output for stream 3, sampling rate 192000, format 0xd000000, channels 0x63f, flags 0x1
10-07 18:07:05.160 3125 3375 I APM_AudioPolicyManager: getOutputForAttr() device 0x400, sampling rate 192000, format 0xd000000, channel mask 0x63f, flags 0x1
10-07 18:07:05.160 3125 3375 W APM_AudioPolicyManager: getOutputForDevice() could not find output for stream 3, sampling rate 192000, format 0xd000000, channels 0x63f, flags 0x1
10-07 18:07:05.211 3125 3375 I APM_AudioPolicyManager: getOutputForAttr() device 0x400, sampling rate 192000, format 0xd000000, channel mask 0x63f, flags 0x1
10-07 18:07:05.211 3125 3375 W APM_AudioPolicyManager: getOutputForDevice() could not find output for stream 3, sampling rate 192000, format 0xd000000, channels 0x63f, flags 0x1
10-07 18:07:05.261 3125 3375 I APM_AudioPolicyManager: getOutputForAttr() device 0x400, sampling rate 192000, format 0xd000000, channel mask 0x63f, flags 0x1
10-07 18:07:05.261 3125 3375 W APM_AudioPolicyManager: getOutputForDevice() could not find output for stream 3, sampling rate 192000, format 0xd000000, channels 0x63f, flags 0x1
10-07 18:07:05.311 3125 3375 I APM_AudioPolicyManager: getOutputForAttr() device 0x400, sampling rate 192000, format 0xd000000, channel mask 0x63f, flags 0x1
10-07 18:07:05.311 3125 3375 W APM_AudioPolicyManager: getOutputForDevice() could not find output for stream 3, sampling rate 192000, format 0xd000000, channels 0x63f, flags 0x1
10-07 18:07:05.361 3125 3375 I APM_AudioPolicyManager: getOutputForAttr() device 0x400, sampling rate 192000, format 0xd000000, channel mask 0x63f, flags 0x1
10-07 18:07:05.361 3125 3375 W APM_AudioPolicyManager: getOutputForDevice() could not find output for stream 3, sampling rate 192000, format 0xd000000, channels 0x63f, flags 0x1
10-07 18:07:05.411 3125 3375 I APM_AudioPolicyManager: getOutputForAttr() device 0x400, sampling rate 192000, format 0xd000000, channel mask 0x63f, flags 0x1
10-07 18:07:05.412 3125 3375 W APM_AudioPolicyManager: getOutputForDevice() could not find output for stream 3, sampling rate 192000, format 0xd000000, channels 0x63f, flags 0x1
10-07 18:07:05.462 3125 3375 I APM_AudioPolicyManager: getOutputForAttr() device 0x400, sampling rate 192000, format 0xd000000, channel mask 0x63f, flags 0x1
10-07 18:07:05.462 3125 3375 W APM_AudioPolicyManager: getOutputForDevice() could not find output for stream 3, sampling rate 192000, format 0xd000000, channels 0x63f, flags 0x1
10-07 18:07:05.512 3125 3375 I APM_AudioPolicyManager: getOutputForAttr() device 0x400, sampling rate 192000, format 0xd000000, channel mask 0x63f, flags 0x1
10-07 18:07:05.512 3125 3375 W APM_AudioPolicyManager: getOutputForDevice() could not find output for stream 3, sampling rate 192000, format 0xd000000, channels 0x63f, flags 0x1
10-07 18:07:05.562 3125 3375 I APM_AudioPolicyManager: getOutputForAttr() device 0x400, sampling rate 192000, format 0xd000000, channel mask 0x63f, flags 0x1
10-07 18:07:05.562 3125 3375 W APM_AudioPolicyManager: getOutputForDevice() could not find output for stream 3, sampling rate 192000, format 0xd000000, channels 0x63f, flags 0x1
10-07 18:07:05.562 3125 3375 E AudioFlinger: createTrack() getOutputForAttr() return error -38 or invalid output handle
10-07 18:07:05.616 23085 23273 I chatty : uid=10159(org.xbmc.kodinerds) expire 2 lines
10-07 18:07:05.619 3125 3375 I APM_AudioPolicyManager: getOutputForAttr() device 0x400, sampling rate 44100, format 0x5, channel mask 0x3, flags 0
10-07 18:07:05.619 3125 3375 D AudioFlinger: Client defaulted notificationFrames to 945 for frameCount 2836
10-07 18:07:05.625 3728 4293 E bt_btif : register_notification_rsp: Avrcp device is not connected, handle: 0x0
10-07 18:07:05.626 3728 4293 E bt_btif : register_notification_rsp: Avrcp device is not connected, handle: 0x0
10-07 18:07:05.626 3125 12053 I hash_map_utils: key: 'nv_param_low_latency_active' value: ''
10-07 18:07:05.661 3728 4249 W bt_btm_pm: Sniff Interval For Device MAC 00:04:20:f5:f5:a8 is 33.750000 msec.
10-07 18:07:05.788 3543 3645 I chatty : uid=1000(system) InputReader expire 22 lines
10-07 18:07:05.989 2975 2975 E SELinux : avc: denied { find } for interface=vendor.nvidia.hardware.cpl.service::INvCplHalService sid=u:r:untrusted_app:s0:c159,c256,c512,c768 pid=23085 scontext=u:r:untrusted_app:s0:c159,c256,c512,c768 tcontext=u:object_r:hal_cplservice_hwservice:s0 tclass=hwservice_manager permissive=0
10-07 18:07:06.128 3127 3490 D SurfaceFlinger: Connected to Power Manager
10-07 18:07:06.381 23085 23315 I chatty : uid=10159(org.xbmc.kodinerds) expire 7 lines
10-07 18:07:07.985 3543 3665 D NsdService: New client listening to asynchronous messages
10-07 18:07:07.985 3543 3665 D NsdService: New client, channel: com.android.internal.util.AsyncChannel@387f515 messenger: android.os.Messenger@cdf02a
10-07 18:07:07.986 23085 23324 I chatty : uid=10159(org.xbmc.kodinerds) expire 7 lines
10-07 18:07:07.991 3543 3665 D NsdService: Register service
10-07 18:07:07.991 3543 3665 D NsdService: registerService: 17 name: Kodi (SHIELD.fritz.box), type: _xbmc-events._udp, host: /127.0.0.1, port: 9777, txtRecord:
10-07 18:07:07.993 3543 3665 D NsdService: mdnssd [register, 17, Kodi (SHIELD.fritz.box), _xbmc-events._udp, 9777, ]
10-07 18:07:07.994 3543 3665 D NsdService: Register 2 17
10-07 18:07:07.994 3543 3665 D NsdService: Register service
10-07 18:07:07.994 3543 3665 D NsdService: registerService: 18 name: Kodi (SHIELD.fritz.box), type: _xbmc-jsonrpc._tcp, host: /127.0.0.1, port: 9090, txtRecord: txtvers=1)uuid=7fcb549d-cc73-477c-8890-8004e6a26f06
10-07 18:07:07.994 3543 3665 D NsdService: mdnssd [register, 18, Kodi (SHIELD.fritz.box), _xbmc-jsonrpc._tcp, 9090, CXR4dHZlcnM9MSl1dWlkPTdmY2I1NDlkLWNjNzMtNDc3Yy04ODkwLTgwMDRlNmEyNmYwNg==]
10-07 18:07:07.995 3543 3665 D NsdService: Register 3 18
10-07 18:07:08.687 3543 3665 D NsdService: Native daemon message SERVICE_REGISTERED: 606 18 "Kodi (SHIELD.fritz.box)"
10-07 18:07:08.688 3543 3665 D NsdService: Native daemon message SERVICE_REGISTERED: 606 17 "Kodi (SHIELD.fritz.box)"
10-07 18:07:19.120 3543 4021 I ActivityManager: Killing 21521:android.process.acore/u0a5 (adj 906): empty #17
10-07 18:07:19.120 3543 3580 I chatty : uid=1000(system) ActivityManager expire 5 lines
10-07 18:07:19.156 3082 3082 I Zygote : Process 21521 exited due to signal (9)
10-07 18:07:19.216 3543 3645 I chatty : uid=1000(system) InputReader expire 19 lines
10-07 18:07:21.356 6692 22444 I chromium: [6692:22444:INFO:ssdp_device.c(101)] SSDP packets sent for 30 seconds = 21
10-07 18:07:21.392 23085 23263 I chatty : uid=10159(org.xbmc.kodinerds) expire 44 lines
10-07 18:07:27.115 4325 19277 E WakeLock: GCM_HB_ALARM release without a matched acquire!
10-07 18:07:27.157 4325 11012 D SQLiteConnection: set WAL/NORMAL: /data/user_de/0/com.google.android.gms/databases/playlog.db
10-07 18:07:27.159 4325 11012 D SQLiteConnection: set WAL/NORMAL: /data/user/0/com.google.android.gms/databases/playlog.db
10-07 18:07:27.162 4325 11012 I Funnel : Init: funnel is disabled, skipping initialization.
10-07 18:07:34.112 22815 22815 I Finsky : [2] com.google.android.finsky.scheduler.JobSchedulerEngine$PhoneskyJobSchedulerJobService.onStartJob(3): onJobSchedulerWakeup with jobId 9007
10-07 18:07:34.114 22815 22815 I Finsky : [2] sab.a(28): Scheduling fallback job with id: 9034, and delay: 43200000 ms
10-07 18:07:34.116 22815 22815 I Finsky : [2] sab.a(7): Scheduling fallback in 64799999 (absolute: 74047616)
10-07 18:07:34.185 22815 22815 I Finsky : [2] sam.handleMessage(6): DeviceState: DeviceState{currentTime=1570464454183, isCharging=true, isIdle=false, netAny=true, netNotRoaming=true, netUnmetered=true, batteryPercent=100.0}
10-07 18:07:34.188 22815 23370 I Finsky : [168] sbx.a(7): Jobs in database: 1-1337 26-1414141414 29-29 34-35
10-07 18:07:34.188 22815 22815 I Finsky : [2] saj.a(19): Running job: 29-29
10-07 18:07:34.191 22815 22815 I Finsky : [2] sam.handleMessage(77): RunningQueue size: 1, PendingQueue size: 0
10-07 18:07:34.191 22815 22815 I Finsky : [2] sam.handleMessage(80): Running queue: 29-29
10-07 18:07:34.192 22815 23371 I Finsky : [169] whs.a(1): ProcessRecoveryLogsUtil: No files in recovery directory
10-07 18:07:34.192 22815 23371 I Finsky : [169] sbt.a(12): jobFinished: 29-29. TimeElapsed: 4ms.
10-07 18:07:34.192 22815 22815 I Finsky : [2] saj.a(39): Job 29-29 finished. Not rescheduling.
10-07 18:07:34.192 22815 22815 I Finsky : [2] sam.handleMessage(77): RunningQueue size: 0, PendingQueue size: 0
10-07 18:07:34.193 22815 22815 I Finsky : [2] sam.handleMessage(39): Executor finished
10-07 18:07:34.199 22815 22815 I Finsky : [2] sbx.a(7): Jobs in database: 1-1337 26-1414141414 34-35
10-07 18:07:34.200 22815 22815 I Finsky : [2] rza.a(52): ConstraintMapping: 1-1337, -> L: 13459044ms, D: 56659044ms, C: false, I: false, N: 1
10-07 18:07:34.200 22815 22815 I Finsky : [2] rza.a(52): ConstraintMapping: 34-35, -> L: 529244789ms, D: 1825244789ms, C: false, I: true, N: 2
10-07 18:07:34.200 22815 22815 I Finsky : [2] rza.a(52): ConstraintMapping: 34-35, -> L: 529244789ms, D: 1825244789ms, C: true, I: true, N: 2
10-07 18:07:34.201 22815 22815 I Finsky : [2] rza.a(52): ConstraintMapping: 26-1414141414, -> L: 4514038ms, D: 5414038ms, C: false, I: false, N: 0
10-07 18:07:34.203 22815 22815 I Finsky : [2] sbi.a(46): Cancelling existing jobscheduler jobs: 9005 9004 9006
10-07 18:07:34.203 22815 22815 I Finsky : [2] sbi.a(24): Scheduling job Id: 9000, L: 13459044, D: 56659044, C: false, I: false, N: 1
10-07 18:07:34.204 22815 22815 I Finsky : [2] sbi.a(24): Scheduling job Id: 9001, L: 529244789, D: 1825244789, C: false, I: true, N: 2
10-07 18:07:34.205 22815 22815 I Finsky : [2] sbi.a(24): Scheduling job Id: 9002, L: 529244789, D: 1825244789, C: true, I: true, N: 2
10-07 18:07:34.206 22815 22815 I Finsky : [2] sbi.a(24): Scheduling job Id: 9003, L: 4514038, D: 5414038, C: false, I: false, N: 0
10-07 18:07:34.561 3543 3645 I chatty : uid=1000(system) InputReader expire 36 lines
10-07 18:07:36.166 6692 6692 I chromium: [6692:6692:INFO:metrics_recorder.cc(89)] Metrics stat: total=3
10-07 18:07:36.166 6692 6692 I chromium: Cast.Discovery.Mdns.Request.In=1
10-07 18:07:36.166 6692 6692 I chromium: Cast.Discovery.Mdns.Request.Namespace.In=1
10-07 18:07:36.166 6692 6692 I chromium: Cast.Discovery.Mdns.Response.Out=1
10-07 18:07:36.255 6692 7053 E chromium: [6692:7053:ERROR:wifi_frame_histogram_capturer.cc(404)] No histogram or IOCTL data
10-07 18:07:36.255 6692 7053 I chromium: [6692:7053:INFO:wifi_util.cc(199)] Current wifi TDLS peers:
10-07 18:07:36.255 6692 7053 I chromium: [6692:7053:INFO:wifi_util.cc(201)] No peers:
10-07 18:07:36.407 6692 6692 I chromium: [6692:6692:INFO:metrics_recorder.cc(228)] Record action: Cast.CecHdmiInputState.Active
10-07 18:07:36.407 6692 6692 I chromium: [6692:6692:INFO:metrics_recorder.cc(228)] Record action: Cast.CecStandby.On
10-07 18:07:40.786 3728 4249 W bt_btm_pm: Sniff Interval For Device MAC 00:04:20:f5:f5:a8 is 33.750000 msec.
10-07 18:07:42.626 23085 23263 I chatty : uid=10159(org.xbmc.kodinerds) expire 41 lines
10-07 18:07:42.884 23085 23382 I chatty : uid=10159(org.xbmc.kodinerds) expire 1 line
10-07 18:07:42.886 23085 23316 I chatty : uid=10159(org.xbmc.kodinerds) expire 1 line
10-07 18:07:43.446 22815 22846 I Finsky : [97] jis.run(3): Stats for Executor: BlockingExecutor jkk@5f39d2d[Running, pool size = 2, active threads = 0, queued tasks = 0, completed tasks = 17]
10-07 18:07:43.446 22815 22846 I Finsky : [97] jis.run(3): Stats for Executor: LightweightExecutor jkk@6bd262[Running, pool size = 3, active threads = 0, queued tasks = 0, completed tasks = 61]
10-07 18:07:43.639 22815 22846 I Finsky : [97] jis.run(3): Stats for Executor: bgExecutor jkk@1ce9ff3[Running, pool size = 4, active threads = 0, queued tasks = 0, completed tasks = 57]
10-07 18:07:50.542 6692 22444 I chromium: [6692:22444:INFO:ssdp_device.c(101)] SSDP packets sent for 30 seconds = 18
10-07 18:07:50.652 3543 3645 I chatty : uid=1000(system) InputReader expire 28 lines
10-07 18:07:52.053 23085 23349 I chatty : uid=10159(org.xbmc.kodinerds) expire 1 line
10-07 18:07:54.736 3328 3362 E storaged: getDiskStats failed with result NOT_SUPPORTED and size 0
10-07 18:07:59.716 23085 23387 I chatty : uid=10159(org.xbmc.kodinerds) expire 3 lines
10-07 18:08:06.559 23085 23265 I chatty : uid=10159(org.xbmc.kodinerds) expire 1 line
10-07 18:08:06.798 23085 23438 I chatty : uid=10159(org.xbmc.kodinerds) expire 472 lines
10-07 18:08:06.828 4869 4869 D NowPlayingListener: onActiveSessionsChanged() called with: controllers = [[android.media.session.MediaController@4ba5738, android.media.session.MediaController@73a6311]]
10-07 18:08:06.828 4869 4869 D NowPlayingListener: updateMediaSessionCallback: android.media.session.MediaController@4ba5738
10-07 18:08:06.828 3728 3728 V NewAvrcpMediaPlayerList: onActiveSessionsChanged: number of controllers: 2
10-07 18:08:06.829 3728 3728 D NewAvrcpMediaPlayerList: onActiveSessionsChanged: controller: com.ghisler.android.TotalCommander
10-07 18:08:06.829 3728 3728 D NewAvrcpMediaPlayerList: Already have a controller for the player: com.ghisler.android.TotalCommander, updating instead
10-07 18:08:06.830 5872 5872 D DeviceControlManagerService: active session:com.ghisler.android.TotalCommander
10-07 18:08:06.832 3728 3728 D NewAvrcpMediaPlayerList: onActiveSessionsChanged: controller: org.xbmc.kodinerds
10-07 18:08:06.832 3728 3728 D NewAvrcpMediaPlayerList: Already have a controller for the player: org.xbmc.kodinerds, updating instead
10-07 18:08:06.835 4869 4869 D NowPlayingManager: onClientChanged() called with: clearing = [false]
10-07 18:08:06.837 4869 4869 D NowPlayingListener: updateMetadata() called with: metadata = [android.media.MediaMetadata@68e2ca92] and now playing listener: com.google.android.tvrecommendations.NowPlayingManager@ab6ca20
10-07 18:08:06.837 3728 4293 W Avrcp : playState object null, sending STOPPED
10-07 18:08:06.844 3728 3728 D NewAvrcpMediaPlayerWrapper: org.xbmc.kodinerds: Controller for org.xbmc.kodinerds was updated.
10-07 18:08:06.850 3728 3728 D NewAvrcpMediaPlayerList: sendMediaUpdate
10-07 18:08:06.850 3728 3728 I NewAvrcpMediaPlayerList: sendMediaUpdate: Creating a one item queue for a player with no queue
10-07 18:08:06.850 3728 3728 D NewAvrcpTargetService: onMediaUpdated: track_changed=false state=false queue=false
10-07 18:08:06.850 3728 3728 D NewAvrcpNativeInterface: sendMediaUpdate: metadata=false playStatus=false queue=false
10-07 18:08:06.850 3728 3728 D NewAvrcpTargetJni: sendMediaUpdateNative
10-07 18:08:06.850 3728 3728 I bt_stack: [INFO:avrcp_service.cc(342)] virtual void bluetooth::avrcp::AvrcpService::SendMediaUpdate(bool, bool, bool) track_changed=0 : play_state=0 : queue=0
10-07 18:08:06.852 3728 3728 V NewAvrcpMediaPlayerWrapper: onPlaybackStateChanged(): org.xbmc.kodinerds : PlaybackState {state=3, position=0, buffered position=0, speed=1.0, updated=9280346, actions=-1, custom actions=[], active item id=-1, error=null}
10-07 18:08:06.856 4869 4869 D NowPlayingManager: onMediaDataUpdated() called with: mediaData = [com.google.android.tvrecommendations.NowPlayingData@e318c76]
10-07 18:08:06.857 3728 3728 V NewAvrcpMediaPlayerWrapper: trySendMediaUpdate(): Metadata has been updated for org.xbmc.kodinerds
10-07 18:08:06.857 3728 3728 D NewAvrcpMediaPlayerList: sendMediaUpdate
10-07 18:08:06.857 3728 3728 I NewAvrcpMediaPlayerList: sendMediaUpdate: Creating a one item queue for a player with no queue
10-07 18:08:06.857 3728 3728 D NewAvrcpTargetService: onMediaUpdated: track_changed=false state=false queue=false
10-07 18:08:06.857 3728 3728 D NewAvrcpNativeInterface: sendMediaUpdate: metadata=false playStatus=false queue=false
10-07 18:08:06.857 3728 3728 D NewAvrcpTargetJni: sendMediaUpdateNative
10-07 18:08:06.857 3728 3728 I bt_stack: [INFO:avrcp_service.cc(342)] virtual void bluetooth::avrcp::AvrcpService::SendMediaUpdate(bool, bool, bool) track_changed=0 : play_state=0 : queue=0
10-07 18:08:06.857 4869 4869 D NowPlayingListener: updatePlayback() called with: state = [PlaybackState {state=1, position=-1, buffered position=0, speed=1.0, updated=4449198, actions=382, custom actions=[], active item id=-1, error=null}] and now playing listener: com.google.android.tvrecommendations.NowPlayingManager@ab6ca20
10-07 18:08:06.857 4869 4869 D NowPlayingManager: onClientPlaybackStateUpdate() called with: state = [1], stateChangeTimeMs = [4449198], currentPosMs = [-1]
10-07 18:08:06.857 4869 4869 D NowPlayingManager: onClientPlaybackStateUpdate: Skipped update, state: 1 was unchanged
10-07 18:08:06.966 3728 3728 V NewAvrcpMediaPlayerWrapper: onPlaybackStateChanged(): org.xbmc.kodinerds : PlaybackState {state=3, position=0, buffered position=0, speed=1.0, updated=9280465, actions=-1, custom actions=[], active item id=-1, error=null}
10-07 18:08:06.966 3728 3728 W NewAvrcpMediaPlayerWrapper: onPlaybackStateChanged(): org.xbmc.kodinerds tried to update with no new data
10-07 18:08:07.250 3322 3322 D DrmHal : found drm@1.0 IDrmFactory clearkey
10-07 18:08:07.251 3322 3322 D DrmHal : found drm@1.0 IDrmFactory default
10-07 18:08:07.252 3322 3322 D DrmHal : found drm@1.0 IDrmFactory playready
10-07 18:08:07.252 3322 3322 D DrmHal : found drm@1.0 IDrmFactory widevine
10-07 18:08:07.253 3322 3322 D DrmHal : found drm@1.1 IDrmFactory clearkey
10-07 18:08:07.254 3322 3322 D DrmHal : found drm@1.1 IDrmFactory playready
10-07 18:08:07.255 3322 3322 D DrmHal : found drm@1.1 IDrmFactory widevine
10-07 18:08:07.261 3096 12033 E DxNvGooModularPlugin: setListener
10-07 18:08:07.262 3096 12033 D DxDrmModularPlugin: DxModularDrmPluginBase::getPropertyByteArray - name = deviceUniqueId value = (null)
10-07 18:08:07.262 3096 12033 W DxDrmModularPlugin: Unable to convert legacy status: -2, defaulting to UNKNOWN
10-07 18:08:07.263 3096 12033 W DxDrmModularPlugin: Unable to convert legacy status: -2, defaulting to UNKNOWN
10-07 18:08:07.270 3096 12033 E DxNvGooModularPlugin: getSecurityLevel
10-07 18:08:07.271 3096 12033 F android.hardware.drm@1.1::DrmPlugin: getSecurityLevel: _hidl_cb not called, but must be called once.
10-07 18:08:07.271 3096 12033 F libc : Fatal signal 6 (SIGABRT), code -6 (SI_TKILL) in tid 12033 (HwBinder:3096_2), pid 3096 (drm@1.1-service)
10-07 18:08:07.361 23444 23444 I crash_dump32: obtaining output fd from tombstoned, type: kDebuggerdTombstone
10-07 18:08:07.362 3334 3334 I /system/bin/tombstoned: received crash request for pid 12033
10-07 18:08:07.364 23444 23444 I crash_dump32: performing dump of process 3096 (target tid = 12033)
10-07 18:08:07.366 23444 23444 F DEBUG : *** *** *** *** *** *** *** *** *** *** *** *** *** *** *** ***
10-07 18:08:07.366 23444 23444 F DEBUG : Build fingerprint: 'NVIDIA/foster_e_hdd/foster:9/PPR1.180610.011/4086637_1697.8089:user/release-keys'
10-07 18:08:07.367 23444 23444 F DEBUG : Revision: '0'
10-07 18:08:07.367 23444 23444 F DEBUG : ABI: 'arm'
10-07 18:08:07.367 23444 23444 F DEBUG : pid: 3096, tid: 12033, name: HwBinder:3096_2 >>> /vendor/bin/hw/android.hardware.drm@1.1-service.playready <<<
10-07 18:08:07.367 23444 23444 F DEBUG : signal 6 (SIGABRT), code -6 (SI_TKILL), fault addr --------
10-07 18:08:07.367 23444 23444 F DEBUG : Abort message: 'getSecurityLevel: _hidl_cb not called, but must be called once.'
10-07 18:08:07.367 23444 23444 F DEBUG : r0 00000000 r1 00002f01 r2 00000006 r3 00000008
10-07 18:08:07.367 23444 23444 F DEBUG : r4 00000c18 r5 00002f01 r6 48cfce94 r7 0000010c
10-07 18:08:07.367 23444 23444 F DEBUG : r8 485f2f79 r9 48cfd7cc r10 48cfd810 r11 486e44e4
10-07 18:08:07.367 23444 23444 F DEBUG : ip 48cfd320 sp 48cfce80 lr 47fb524d pc 47facf76
10-07 18:08:07.378 23444 23444 F DEBUG :
10-07 18:08:07.378 23444 23444 F DEBUG : backtrace:
10-07 18:08:07.378 23444 23444 F DEBUG : #00 pc 0001cf76 /system/lib/libc.so (abort+58)
10-07 18:08:07.378 23444 23444 F DEBUG : #01 pc 00006d91 /system/lib/liblog.so (__android_log_assert+156)
10-07 18:08:07.378 23444 23444 F DEBUG : #02 pc 00020ebf /system/lib/vndk-28/android.hardware.drm@1.1.so (android::hardware::drm::V1_1::BnHwDrmPlugin::_hidl_getSecurityLevel(android::hidl::base::V1_0::BnHwBase*, android::hardware::Parcel const&, android::hardware::Parcel*, std::__1::function)+310)
10-07 18:08:07.378 23444 23444 F DEBUG : #03 pc 00021fa1 /system/lib/vndk-28/android.hardware.drm@1.1.so (android::hardware::drm::V1_1::BnHwDrmPlugin::onTransact(unsigned int, android::hardware::Parcel const&, android::hardware::Parcel*, unsigned int, std::__1::function)+2652)
10-07 18:08:07.378 23444 23444 F DEBUG : #04 pc 000165d9 /system/lib/vndk-sp-28/libhwbinder.so (android::hardware::BHwBinder::transact(unsigned int, android::hardware::Parcel const&, android::hardware::Parcel*, unsigned int, std::__1::function)+52)
10-07 18:08:07.378 23444 23444 F DEBUG : #05 pc 0000f73f /system/lib/vndk-sp-28/libhwbinder.so (android::hardware::IPCThreadState::executeCommand(int)+806)
10-07 18:08:07.378 23444 23444 F DEBUG : #06 pc 0000f30b /system/lib/vndk-sp-28/libhwbinder.so (android::hardware::IPCThreadState::getAndExecuteCommand()+122)
10-07 18:08:07.378 23444 23444 F DEBUG : #07 pc 0000fbc7 /system/lib/vndk-sp-28/libhwbinder.so (android::hardware::IPCThreadState::joinThreadPool(bool)+190)
10-07 18:08:07.378 23444 23444 F DEBUG : #08 pc 00015f5d /system/lib/vndk-sp-28/libhwbinder.so (android::hardware::PoolThread::threadLoop()+12)
10-07 18:08:07.378 23444 23444 F DEBUG : #09 pc 0000bfcb /system/lib/vndk-sp-28/libutils.so (android::Thread::_threadLoop(void*)+170)
10-07 18:08:07.378 23444 23444 F DEBUG : #10 pc 00064883 /system/lib/libc.so (__pthread_start(void*)+22)
10-07 18:08:07.378 23444 23444 F DEBUG : #11 pc 0001e18d /system/lib/libc.so (__start_thread+32)
10-07 18:08:07.483 3728 3728 V NewAvrcpMediaPlayerWrapper: onPlaybackStateChanged(): org.xbmc.kodinerds : PlaybackState {state=3, position=0, buffered position=0, speed=1.0, updated=9280982, actions=-1, custom actions=[], active item id=-1, error=null}
10-07 18:08:07.483 3728 3728 W NewAvrcpMediaPlayerWrapper: onPlaybackStateChanged(): org.xbmc.kodinerds tried to update with no new data
10-07 18:08:07.486 3543 3799 W NativeCrashListener: Couldn't find ProcessRecord for pid 3096
10-07 18:08:07.508 3334 3334 E /system/bin/tombstoned: Tombstone written to: /data/tombstones/tombstone_00
10-07 18:08:07.510 3543 3585 I BootReceiver: Copying /data/tombstones/tombstone_00 to DropBox (SYSTEM_TOMBSTONE)
10-07 18:08:07.522 3543 3577 W BroadcastQueue: Background execution not allowed: receiving Intent { act=android.intent.action.DROPBOX_ENTRY_ADDED flg=0x10 (has extras) } to com.google.android.gms/.stats.service.DropBoxEntryAddedReceiver
10-07 18:08:07.522 3543 3577 W BroadcastQueue: Background execution not allowed: receiving Intent { act=android.intent.action.DROPBOX_ENTRY_ADDED flg=0x10 (has extras) } to com.google.android.gms/.chimera.GmsIntentOperationService$PersistentTrustedReceiver
10-07 18:08:07.522 3543 3577 W BroadcastQueue: Background execution not allowed: receiving Intent { act=android.intent.action.DROPBOX_ENTRY_ADDED flg=0x10 (has extras) } to com.nvidia.stats/.CollectionsReceiver
10-07 18:08:07.668 23452 23452 D NvOsDebugPrintf:
10-07 18:08:07.668 23452 23452 D NvOsDebugPrintf:
10-07 18:08:07.668 23452 23452 D NvOsDebugPrintf:
10-07 18:08:07.668 23452 23452 D NvOsDebugPrintf: ****NvRmMemInit failed****
10-07 18:08:07.668 23452 23452 D NvOsDebugPrintf:
10-07 18:08:07.668 23452 23452 D NvOsDebugPrintf:
10-07 18:08:07.672 23452 23452 D android.hardware.drm@1.1-service.playready: playready HAL service starting...
10-07 18:08:07.673 23452 23452 I ServiceManagement: Removing namespace from process name android.hardware.drm@1.1-service.playready to drm@1.1-service.playready.
10-07 18:08:07.674 23452 23452 I ServiceManagement: Removing namespace from process name android.hardware.drm@1.1-service.playready to drm@1.1-service.playready.
10-07 18:08:07.869 23085 23438 F libc : Fatal signal 6 (SIGABRT), code -6 (SI_TKILL) in tid 23438 (Thread-12), pid 23085 (.xbmc.kodinerds)
10-07 18:08:07.929 23457 23457 I chatty : uid=10159(org.xbmc.kodinerds) expire 7 lines
10-07 18:08:07.969 3334 3334 I /system/bin/tombstoned: received crash request for pid 23438
10-07 18:08:07.979 23457 23457 F DEBUG : *** *** *** *** *** *** *** *** *** *** *** *** *** *** *** ***
10-07 18:08:07.979 23457 23457 F DEBUG : Build fingerprint: 'NVIDIA/foster_e_hdd/foster:9/PPR1.180610.011/4086637_1697.8089:user/release-keys'
10-07 18:08:07.980 23457 23457 F DEBUG : Revision: '0'
10-07 18:08:07.980 23457 23457 F DEBUG : ABI: 'arm64'
10-07 18:08:07.980 23457 23457 F DEBUG : pid: 23085, tid: 23438, name: Thread-12 >>> org.xbmc.kodinerds <<<
10-07 18:08:07.980 23457 23457 F DEBUG : signal 6 (SIGABRT), code -6 (SI_TKILL), fault addr --------
10-07 18:08:07.980 23457 23457 F DEBUG : Abort message: 'java_vm_ext.cc:542] JNI DETECTED ERROR IN APPLICATION: JNI FindClass called with pending exception android.media.MediaDrmResetException: mediaserver died'
