10-07 18:08:07.980 23457 23457 F DEBUG : x0 0000000000000000 x1 0000000000005b8e x2 0000000000000006 x3 0000000000000008
10-07 18:08:07.980 23457 23457 F DEBUG : x4 fefeff2dc3160667 x5 fefeff2dc3160667 x6 fefeff2dc3160667 x7 7f7f7f7fff7f7f7f
10-07 18:08:07.980 23457 23457 F DEBUG : x8 0000000000000083 x9 cd13cd410685cbca x10 0000000000000000 x11 fffffffc7ffffbdf
10-07 18:08:07.980 23457 23457 F DEBUG : x12 0000000000000001 x13 ffffffffffffffff x14 ffffffffff000000 x15 ffffffffffffffff
10-07 18:08:07.980 23457 23457 F DEBUG : x16 0000002ec0d2f2c8 x17 0000002ec0c6d110 x18 0000000000000001 x19 0000000000005a2d
10-07 18:08:07.980 23457 23457 F DEBUG : x20 0000000000005b8e x21 0000002f5ec664c0 x22 0000000000000011 x23 0000002f4516bc53
10-07 18:08:07.980 23457 23457 F DEBUG : x24 0000002f4516bb07 x25 0000000000000001 x26 0000002f6b9f5af0 x27 0000000000000043
10-07 18:08:07.980 23457 23457 F DEBUG : x28 0000002f4491b2a0 x29 0000002f6b9f59a0
10-07 18:08:07.980 23457 23457 F DEBUG : sp 0000002f6b9f5960 lr 0000002ec0c61c3c pc 0000002ec0c61c64
10-07 18:08:07.985 3728 3728 V NewAvrcpMediaPlayerWrapper: onPlaybackStateChanged(): org.xbmc.kodinerds : PlaybackState {state=3, position=0, buffered position=0, speed=1.0, updated=9281484, actions=-1, custom actions=[], active item id=-1, error=null}
10-07 18:08:07.985 3728 3728 W NewAvrcpMediaPlayerWrapper: onPlaybackStateChanged(): org.xbmc.kodinerds tried to update with no new data
10-07 18:08:08.017 23457 23457 F DEBUG :
10-07 18:08:08.017 23457 23457 F DEBUG : backtrace:
10-07 18:08:08.017 23457 23457 F DEBUG : #00 pc 0000000000021c64 /system/lib64/libc.so (abort+116)
10-07 18:08:08.017 23457 23457 F DEBUG : #01 pc 0000000000464300 /system/lib64/libart.so (art::Runtime::Abort(char const*)+1196)
10-07 18:08:08.017 23457 23457 F DEBUG : #02 pc 0000000000008cd4 /system/lib64/libbase.so (android::base::LogMessage::~LogMessage()+724)
10-07 18:08:08.017 23457 23457 F DEBUG : #03 pc 00000000002e4ff0 /system/lib64/libart.so (art::JavaVMExt::JniAbort(char const*, char const*)+1640)
10-07 18:08:08.017 23457 23457 F DEBUG : #04 pc 00000000002e5160 /system/lib64/libart.so (art::JavaVMExt::JniAbortV(char const*, char const*, std::__va_list)+116)
10-07 18:08:08.017 23457 23457 F DEBUG : #05 pc 00000000000fcff8 /system/lib64/libart.so (art::(anonymous namespace)::ScopedCheck::AbortF(char const*, ...)+148)
10-07 18:08:08.017 23457 23457 F DEBUG : #06 pc 00000000000fb9d4 /system/lib64/libart.so (art::(anonymous namespace)::ScopedCheck::CheckPossibleHeapValue(art::ScopedObjectAccess&, char, art::(anonymous namespace)::JniValueType)+1152)
10-07 18:08:08.017 23457 23457 F DEBUG : #07 pc 00000000000fad40 /system/lib64/libart.so (art::(anonymous namespace)::ScopedCheck::Check(art::ScopedObjectAccess&, bool, char const*, art::(anonymous namespace)::JniValueType*)+628)
10-07 18:08:08.017 23457 23457 F DEBUG : #08 pc 00000000000e19c8 /system/lib64/libart.so (art::(anonymous namespace)::CheckJNI::FindClass(_JNIEnv*, char const*)+688)
10-07 18:08:08.017 23457 23457 F DEBUG : #09 pc 000000000007e970 /data/app/org.xbmc.kodinerds-tXmRcWl0nYogoESJM-Jwkg==/lib/arm64/libssd_wv.so (_ZN3jni18call_static_methodIiJEEET_P7_JNIEnvPKcS5_S5_DpOT0_+52)
10-07 18:08:08.017 23457 23457 F DEBUG : #10 pc 0000000000070d2c /data/app/org.xbmc.kodinerds-tXmRcWl0nYogoESJM-Jwkg==/lib/arm64/libssd_wv.so (WV_CencSingleSampleDecrypter::WV_CencSingleSampleDecrypter(WV_DRM&, AP4_DataBuffer&, char const*, unsigned char const*)+880)
10-07 18:08:08.017 23457 23457 F DEBUG : #11 pc 00000000000760bc /data/app/org.xbmc.kodinerds-tXmRcWl0nYogoESJM-Jwkg==/lib/arm64/libssd_wv.so (WVDecrypter::CreateSingleSampleDecrypter(AP4_DataBuffer&, char const*, unsigned char const*)+80)
10-07 18:08:08.018 23457 23457 F DEBUG : #12 pc 00000000000cd97c /data/app/org.xbmc.kodinerds-tXmRcWl0nYogoESJM-Jwkg==/lib/arm64/libinputstream.adaptive.so (Session::InitializePeriod()+2084)
10-07 18:08:08.018 23457 23457 F DEBUG : #13 pc 00000000000cd070 /data/app/org.xbmc.kodinerds-tXmRcWl0nYogoESJM-Jwkg==/lib/arm64/libinputstream.adaptive.so (Session::initialize(unsigned char, unsigned int)+460)
10-07 18:08:08.018 23457 23457 F DEBUG : #14 pc 00000000000d0718 /data/app/org.xbmc.kodinerds-tXmRcWl0nYogoESJM-Jwkg==/lib/arm64/libinputstream.adaptive.so (CInputStreamAdaptive::Open(INPUTSTREAM&)+1596)
10-07 18:08:08.018 23457 23457 F DEBUG : #15 pc 0000000001384eb8 /data/app/org.xbmc.kodinerds-tXmRcWl0nYogoESJM-Jwkg==/lib/arm64/libkodi.so (CInputStreamAddon::Open()+652)
10-07 18:08:08.018 23457 23457 F DEBUG : #16 pc 000000000140c5f0 /data/app/org.xbmc.kodinerds-tXmRcWl0nYogoESJM-Jwkg==/lib/arm64/libkodi.so (CVideoPlayer::OpenInputStream()+384)
10-07 18:08:08.018 23457 23457 F DEBUG : #17 pc 000000000140e7cc /data/app/org.xbmc.kodinerds-tXmRcWl0nYogoESJM-Jwkg==/lib/arm64/libkodi.so (CVideoPlayer::Prepare()+292)
10-07 18:08:08.018 23457 23457 F DEBUG : #18 pc 000000000140fa00 /data/app/org.xbmc.kodinerds-tXmRcWl0nYogoESJM-Jwkg==/lib/arm64/libkodi.so (CVideoPlayer::Process()+72)
10-07 18:08:08.018 23457 23457 F DEBUG : #19 pc 0000000001608a94 /data/app/org.xbmc.kodinerds-tXmRcWl0nYogoESJM-Jwkg==/lib/arm64/libkodi.so (CThread::Action()+40)
10-07 18:08:08.018 23457 23457 F DEBUG : #20 pc 0000000001609038 /data/app/org.xbmc.kodinerds-tXmRcWl0nYogoESJM-Jwkg==/lib/arm64/libkodi.so
10-07 18:08:08.018 23457 23457 F DEBUG : #21 pc 0000000001608eec /data/app/org.xbmc.kodinerds-tXmRcWl0nYogoESJM-Jwkg==/lib/arm64/libkodi.so
10-07 18:08:08.018 23457 23457 F DEBUG : #22 pc 0000000001608cf8 /data/app/org.xbmc.kodinerds-tXmRcWl0nYogoESJM-Jwkg==/lib/arm64/libkodi.so
10-07 18:08:08.018 23457 23457 F DEBUG : #23 pc 0000000000081978 /system/lib64/libc.so (__pthread_start(void*)+36)
10-07 18:08:08.018 23457 23457 F DEBUG : #24 pc 00000000000234b8 /system/lib64/libc.so (__start_thread+68)
10-07 18:08:08.501 3728 3728 V NewAvrcpMediaPlayerWrapper: onPlaybackStateChanged(): org.xbmc.kodinerds : PlaybackState {state=3, position=0, buffered position=0, speed=1.0, updated=9282000, actions=-1, custom actions=[], active item id=-1, error=null}
10-07 18:08:08.501 3728 3728 W NewAvrcpMediaPlayerWrapper: onPlaybackStateChanged(): org.xbmc.kodinerds tried to update with no new data
10-07 18:08:08.988 3334 3334 E /system/bin/tombstoned: Tombstone written to: /data/tombstones/tombstone_01
10-07 18:08:08.990 3543 3585 I BootReceiver: Copying /data/tombstones/tombstone_01 to DropBox (SYSTEM_TOMBSTONE)
10-07 18:08:08.999 3543 23460 W ActivityManager: Force finishing activity org.xbmc.kodinerds/.Main
10-07 18:08:09.008 3543 3577 W BroadcastQueue: Background execution not allowed: receiving Intent { act=android.intent.action.DROPBOX_ENTRY_ADDED flg=0x10 (has extras) } to com.google.android.gms/.stats.service.DropBoxEntryAddedReceiver
10-07 18:08:09.009 3543 3577 W BroadcastQueue: Background execution not allowed: receiving Intent { act=android.intent.action.DROPBOX_ENTRY_ADDED flg=0x10 (has extras) } to com.google.android.gms/.chimera.GmsIntentOperationService$PersistentTrustedReceiver
10-07 18:08:09.009 3543 3577 W BroadcastQueue: Background execution not allowed: receiving Intent { act=android.intent.action.DROPBOX_ENTRY_ADDED flg=0x10 (has extras) } to com.nvidia.stats/.CollectionsReceiver
10-07 18:08:09.009 3543 3577 W BroadcastQueue: Background execution not allowed: receiving Intent { act=android.intent.action.DROPBOX_ENTRY_ADDED flg=0x10 (has extras) } to com.google.android.gms/.stats.service.DropBoxEntryAddedReceiver
10-07 18:08:09.009 3543 3577 W BroadcastQueue: Background execution not allowed: receiving Intent { act=android.intent.action.DROPBOX_ENTRY_ADDED flg=0x10 (has extras) } to com.google.android.gms/.chimera.GmsIntentOperationService$PersistentTrustedReceiver
10-07 18:08:09.009 3543 3577 W BroadcastQueue: Background execution not allowed: receiving Intent { act=android.intent.action.DROPBOX_ENTRY_ADDED flg=0x10 (has extras) } to com.nvidia.stats/.CollectionsReceiver
10-07 18:08:09.067 3543 3644 I chatty : uid=1000(system) InputDispatcher expire 2 lines
10-07 18:08:09.073 3543 9024 I chatty : uid=1000(system) Binder:3543_15 expire 1 line
10-07 18:08:09.075 3728 3728 W NewAvrcpMediaPlayerWrapper: The session was destroyed org.xbmc.kodinerds
10-07 18:08:09.075 3082 3082 I Zygote : Process 23085 exited due to signal (6)
10-07 18:08:09.075 3543 4021 I ActivityManager: Process org.xbmc.kodinerds (pid 23085) has died: vis +99TOP
10-07 18:08:09.076 5872 5872 D DeviceControlManagerService: active session:com.ghisler.android.TotalCommander
10-07 18:08:09.076 3728 4293 E bt_btif : register_notification_rsp: Avrcp device is not connected, handle: 0x0
10-07 18:08:09.076 3728 4293 E bt_btif : register_notification_rsp: Avrcp device is not connected, handle: 0x0
10-07 18:08:09.076 3728 3728 V NewAvrcpMediaPlayerList: onActiveSessionsChanged: number of controllers: 1
10-07 18:08:09.077 3322 3322 E DrmHal : Failed to get vendor from drm plugin: -32
10-07 18:08:09.077 3322 3322 E DrmHal : Failed to get description from drm plugin: -32
10-07 18:08:09.077 3543 7837 I WindowManager: WIN DEATH: Window{a183d79 u0 org.xbmc.kodinerds/org.xbmc.kodinerds.Main}
10-07 18:08:09.078 4869 4869 D NowPlayingListener: onActiveSessionsChanged() called with: controllers = [[android.media.session.MediaController@359aee4]]
10-07 18:08:09.078 4869 4869 D NowPlayingListener: updateMediaSessionCallback: android.media.session.MediaController@359aee4
10-07 18:08:09.078 3543 3665 D NsdService: Client disconnected
10-07 18:08:09.078 3728 3728 D NewAvrcpMediaPlayerList: onActiveSessionsChanged: controller: com.ghisler.android.TotalCommander
10-07 18:08:09.078 3728 3728 D NewAvrcpMediaPlayerList: Already have a controller for the player: com.ghisler.android.TotalCommander, updating instead
10-07 18:08:09.079 4869 4869 D NowPlayingManager: onClientChanged() called with: clearing = [false]
10-07 18:08:09.079 3543 3665 D NsdService: Terminating client-ID 2 global-ID 17 type 393225
10-07 18:08:09.079 3543 3665 D NsdService: mdnssd [stop-register, 17]
10-07 18:08:09.079 4869 4869 D NowPlayingListener: updateMetadata() called with: metadata = [android.media.MediaMetadata@68e2ca92] and now playing listener: com.google.android.tvrecommendations.NowPlayingManager@ab6ca20
10-07 18:08:09.080 3081 3205 D MDnsDS : polling error: 32
10-07 18:08:09.081 3543 3665 D NsdService: Terminating client-ID 3 global-ID 18 type 393225
10-07 18:08:09.081 3543 3665 D NsdService: mdnssd [stop-register, 18]
10-07 18:08:09.081 3081 3205 D MDnsDS : polling error: 32
10-07 18:08:09.088 3543 3571 I chatty : uid=1000(system) Binder:3543_1 expire 1 line
10-07 18:08:09.096 3127 3490 W SurfaceFlinger: Attempting to set client state on removed layer: org.xbmc.kodinerds/org.xbmc.kodinerds.Main#0
10-07 18:08:09.096 3127 3490 W SurfaceFlinger: Attempting to destroy on removed layer: org.xbmc.kodinerds/org.xbmc.kodinerds.Main#0
10-07 18:08:09.099 3127 3217 W SurfaceFlinger: Attempting to destroy on removed layer: AppWindowToken{4f96537 token=Token{9851236 ActivityRecord{2b567d1 u0 org.xbmc.kodinerds/.Main t1163}}}#0
10-07 18:08:09.108 3543 3588 W ActivityManager: setHasOverlayUi called on unknown pid: 23085
10-07 18:08:09.110 4869 4869 D NowPlayingManager: onMediaDataUpdated() called with: mediaData = [com.google.android.tvrecommendations.NowPlayingData@8d11f4d]
10-07 18:08:09.111 4869 4869 D NowPlayingListener: updatePlayback() called with: state = [PlaybackState {state=1, position=-1, buffered position=0, speed=1.0, updated=4449198, actions=382, custom actions=[], active item id=-1, error=null}] and now playing listener: com.google.android.tvrecommendations.NowPlayingManager@ab6ca20
10-07 18:08:09.111 4869 4869 D NowPlayingManager: onClientPlaybackStateUpdate() called with: state = [1], stateChangeTimeMs = [4449198], currentPosMs = [-1]
10-07 18:08:09.111 4869 4869 D NowPlayingManager: onClientPlaybackStateUpdate: Skipped update, state: 1 was unchanged
10-07 18:08:09.112 3543 3645 I chatty : uid=1000(system) InputReader expire 10 lines
10-07 18:08:09.116 4490 4490 E phs:fs : Unable to open file "/proc/23085/largest_task": No such file or directory
10-07 18:08:09.120 4903 23466 E ActivityThread: Failed to find provider info for tvlauncher.mic
10-07 18:08:09.122 4903 23467 E ActivityThread: Failed to find provider info for tvlauncher.widget
10-07 18:08:09.142 4869 4869 D NotifInteractonRcvr: Show unseen default level notification toasts
10-07 18:08:09.143 4692 5658 I android_os_HwBinder: HwBinder: Starting thread pool for default::vendor.nvidia.hardware.power@1.0::IPower
10-07 18:08:09.147 23189 23468 E org.xbmc.kodi: No implementation found for boolean org.xbmc.kodi.XBMCFile._open(java.lang.String) (tried Java_org_xbmc_kodi_XBMCFile__1open and Java_org_xbmc_kodi_XBMCFile__1open__Ljava_lang_String_2)
10-07 18:08:09.147 23189 23468 E Kodifile: Open: Not available
10-07 18:08:09.149 4490 4490 E phs:fs : Unable to open file "/proc/23085/largest_task": No such file or directory
10-07 18:08:09.152 23189 23469 E org.xbmc.kodi: No implementation found for boolean org.xbmc.kodi.XBMCFile._open(java.lang.String) (tried Java_org_xbmc_kodi_XBMCFile__1open and Java_org_xbmc_kodi_XBMCFile__1open__Ljava_lang_String_2)
10-07 18:08:09.153 4490 4490 E phs:fs : Unable to open file "/proc/23085/largest_task": No such file or directory
10-07 18:08:09.153 23189 23470 E org.xbmc.kodi: No implementation found for boolean org.xbmc.kodi.XBMCFile._open(java.lang.String) (tried Java_org_xbmc_kodi_XBMCFile__1open and Java_org_xbmc_kodi_XBMCFile__1open__Ljava_lang_String_2)
10-07 18:08:09.154 4903 8227 I chatty : uid=10031(com.google.android.tvlauncher) glide-source-th expire 3 lines
10-07 18:08:09.154 23189 23469 E Kodifile: Open: Not available
10-07 18:08:09.156 23189 23470 E Kodifile: Open: Not available
10-07 18:08:09.157 4903 8230 I chatty : uid=10031(com.google.android.tvlauncher) glide-source-th expire 3 lines
10-07 18:08:09.158 23189 23471 E org.xbmc.kodi: No implementation found for boolean org.xbmc.kodi.XBMCFile._open(java.lang.String) (tried Java_org_xbmc_kodi_XBMCFile__1open and Java_org_xbmc_kodi_XBMCFile__1open__Ljava_lang_String_2)
10-07 18:08:09.158 23189 23471 E Kodifile: Open: Not available
10-07 18:08:09.161 23189 23472 E org.xbmc.kodi: No implementation found for boolean org.xbmc.kodi.XBMCFile._open(java.lang.String) (tried Java_org_xbmc_kodi_XBMCFile__1open and Java_org_xbmc_kodi_XBMCFile__1open__Ljava_lang_String_2)
10-07 18:08:09.161 23189 23472 E Kodifile: Open: Not available
10-07 18:08:09.163 4903 8237 I chatty : uid=10031(com.google.android.tvlauncher) glide-source-th expire 6 lines
10-07 18:08:09.167 4490 4490 E phs:fs : Unable to open file "/proc/23085/largest_task": No such file or directory
10-07 18:08:09.167 3326 3961 E MetadataRetrieverClient: offset (0) bigger than file size (0)
10-07 18:08:09.168 3326 8351 E MetadataRetrieverClient: offset (0) bigger than file size (0)
10-07 18:08:09.168 3326 3961 E MetadataRetrieverClient: offset (0) bigger than file size (0)
10-07 18:08:09.169 23189 23473 E org.xbmc.kodi: No implementation found for boolean org.xbmc.kodi.XBMCFile._open(java.lang.String) (tried Java_org_xbmc_kodi_XBMCFile__1open and Java_org_xbmc_kodi_XBMCFile__1open__Ljava_lang_String_2)
10-07 18:08:09.169 23189 23473 E Kodifile: Open: Not available
10-07 18:08:09.169 23189 23474 E org.xbmc.kodi: No implementation found for boolean org.xbmc.kodi.XBMCFile._open(java.lang.String) (tried Java_org_xbmc_kodi_XBMCFile__1open and Java_org_xbmc_kodi_XBMCFile__1open__Ljava_lang_String_2)
10-07 18:08:09.169 23189 23474 E Kodifile: Open: Not available
10-07 18:08:09.171 23189 23476 E org.xbmc.kodi: No implementation found for boolean org.xbmc.kodi.XBMCFile._open(java.lang.String) (tried Java_org_xbmc_kodi_XBMCFile__1open and Java_org_xbmc_kodi_XBMCFile__1open__Ljava_lang_String_2)
10-07 18:08:09.171 23189 23476 E Kodifile: Open: Not available
10-07 18:08:09.171 23189 23475 E org.xbmc.kodi: No implementation found for boolean org.xbmc.kodi.XBMCFile._open(java.lang.String) (tried Java_org_xbmc_kodi_XBMCFile__1open and Java_org_xbmc_kodi_XBMCFile__1open__Ljava_lang_String_2)
10-07 18:08:09.171 23189 23475 E Kodifile: Open: Not available
10-07 18:08:09.181 3125 3228 I hash_map_utils: key: 'nv_param_low_latency_active' value: ''
10-07 18:08:09.198 3127 3217 D SurfaceFlinger: Connected to Power Manager
10-07 18:08:09.216 4490 4490 E phs:fs : Unable to open file "/proc/23085/largest_task": No such file or directory
10-07 18:08:09.224 4903 4903 I chatty : uid=10031(com.google.android.tvlauncher) expire 12 lines
10-07 18:08:09.266 4490 4490 E phs:fs : Unable to open file "/proc/23085/largest_task": No such file or directory
10-07 18:08:10.466 4490 4490 I chatty : uid=1000(system) /vendor/bin/nvphsd identical 31 lines
10-07 18:08:10.516 4490 4490 E phs:fs : Unable to open file "/proc/23085/largest_task": No such file or directory
10-07 18:08:10.552 4531 5046 I ShieldBluetoothScanPolicy: Scans allowed due to PACKAGE POLL
10-07 18:08:10.553 4531 5046 D BluetoothAdapter: isLeEnabled(): ON
10-07 18:08:10.554 3728 4249 I bt_stack: [INFO:gatt_api.cc(948)] GATT_Register 4afa28e0-d724-59cc-04f5-53de0fa5459d
10-07 18:08:10.554 3728 4249 I bt_stack: [INFO:gatt_api.cc(968)] allocated gatt_if=5
10-07 18:08:10.555 4531 4556 D BluetoothLeScanner: onScannerRegistered() - status=0 scannerId=5 mScannerId=0
10-07 18:08:10.561 3728 3848 D AdapterProperties: Discoverable Timeout:-1
10-07 18:08:10.562 3728 3848 D AdapterProperties: Scan Mode:23
10-07 18:08:10.566 4490 4490 E phs:fs : Unable to open file "/proc/23085/largest_task": No such file or directory
10-07 18:08:10.966 4490 4490 E phs:fs : Unable to open file "/proc/23085/largest_task": No such file or directory
10-07 18:08:10.975 3728 4249 W bt_btm_pm: Sniff Interval For Device MAC 00:04:20:f5:f5:a8 is 33.750000 msec.
10-07 18:08:11.004 23189 23189 D SyncProgramsJobService: onStartJob(): android.app.job.JobParameters@df74fa8
10-07 18:08:11.004 23189 23189 D SyncProgramsJobService: onStartJob(): Scheduling syncing for programs for channel 261
10-07 18:08:11.005 23189 23479 E org.xbmc.kodi: No implementation found for java.lang.String org.xbmc.kodi.XBMCJsonRPC._requestJSON(java.lang.String) (tried Java_org_xbmc_kodi_XBMCJsonRPC__1requestJSON and Java_org_xbmc_kodi_XBMCJsonRPC__1requestJSON__Ljava_lang_String_2)
10-07 18:08:11.005 23189 23479 E Kodijson: _requestJSON: Not available
10-07 18:08:11.016 4490 4490 E phs:fs : Unable to open file "/proc/23085/largest_task": No such file or directory
10-07 18:08:12.071 3089 3461 W nvaudio_hw: stop_output_stream: 1 underruns seen on pcm device hdmi-playback
10-07 18:08:12.125 4869 4945 D TVNotifService: getConnectedInstanceBlocking - block
10-07 18:08:12.125 4869 4945 D TVNotifService: getConnectedInstanceBlockingWithTimeout - done
10-07 18:08:20.963 23189 23189 D SyncProgramsJobService: onStartJob(): android.app.job.JobParameters@245be54
10-07 18:08:20.963 23189 23189 D SyncProgramsJobService: onStartJob(): Scheduling syncing for programs for channel 264
10-07 18:08:20.964 23189 23486 E org.xbmc.kodi: No implementation found for java.lang.String org.xbmc.kodi.XBMCJsonRPC._requestJSON(java.lang.String) (tried Java_org_xbmc_kodi_XBMCJsonRPC__1requestJSON and Java_org_xbmc_kodi_XBMCJsonRPC__1requestJSON__Ljava_lang_String_2)
10-07 18:08:20.964 23189 23486 E Kodijson: _requestJSON: Not available
10-07 18:08:21.000 6692 22444 I chromium: [6692:22444:INFO:ssdp_device.c(101)] SSDP packets sent for 30 seconds = 22
10-07 18:08:25.978 23189 23189 D SyncProgramsJobService: onStartJob(): android.app.job.JobParameters@46a6bc0
10-07 18:08:25.978 23189 23189 D SyncProgramsJobService: onStartJob(): Scheduling syncing for programs for channel 265
10-07 18:08:25.979 23189 23489 E org.xbmc.kodi: No implementation found for java.lang.String org.xbmc.kodi.XBMCJsonRPC._requestJSON(java.lang.String) (tried Java_org_xbmc_kodi_XBMCJsonRPC__1requestJSON and Java_org_xbmc_kodi_XBMCJsonRPC__1requestJSON__Ljava_lang_String_2)
10-07 18:08:25.980 23189 23489 E Kodijson: _requestJSON: Not available
10-07 18:08:26.998 3543 4021 I ActivityManager: START u0 {act=android.intent.action.MAIN cat=[android.intent.category.LEANBACK_LAUNCHER] flg=0x10000000 pkg=org.xbmc.kodinerds cmp=org.xbmc.kodinerds/.Splash} from uid 10031
10-07 18:08:26.998 3125 11744 I hash_map_utils: key: 'nv_param_low_latency_active' value: ''
10-07 18:08:27.006 3543 4021 I chatty : uid=1000(system) Binder:3543_5 expire 1 line
10-07 18:08:27.008 3116 3116 E powerHAL::common: Unknown power hint: 0x8
10-07 18:08:27.012 3543 23490 I chatty : uid=1000 system_server expire 2 lines
10-07 18:08:27.014 3543 3625 I WindowManager: WindowState() - found Launcher @ mAppToken:AppWindowToken{6d498f9 token=Token{b593c0 ActivityRecord{87c3143 u0 org.xbmc.kodinerds/.Splash t1164}}}
10-07 18:08:27.028 3543 3579 I ActivityManager: Start proc 23492:org.xbmc.kodinerds/u0a159 for activity org.xbmc.kodinerds/.Splash
10-07 18:08:27.033 23492 23492 I chatty : uid=10159(org.xbmc.kodinerds) expire 32 lines
10-07 18:08:27.159 3125 3228 I hash_map_utils: key: 'nv_param_low_latency_active' value: ''
10-07 18:08:27.373 3543 23521 I chatty : uid=1000 system_server expire 1 line
10-07 18:08:27.383 4692 5658 I android_os_HwBinder: HwBinder: Starting thread pool for default::vendor.nvidia.hardware.power@1.0::IPower
10-07 18:08:27.389 8228 9644 W ContentProvider: Normalized content://com.nvidia.pgcontentprovider.PGContentProvider//default/gameinfo to content://com.nvidia.pgcontentprovider.PGContentProvider/default/gameinfo to avoid possible security issues
10-07 18:08:27.521 3543 17117 I ActivityManager: START u0 {act=android.intent.action.MAIN cat=[android.intent.category.LEANBACK_LAUNCHER] flg=0x11000000 pkg=org.xbmc.kodinerds cmp=org.xbmc.kodinerds/.Main bnds=[809,257][1065,447]} from uid 10159
10-07 18:08:27.524 3543 17117 I chatty : uid=1000(system) Binder:3543_1F expire 1 line
10-07 18:08:27.526 3116 3116 E powerHAL::common: Unknown power hint: 0x8
10-07 18:08:27.530 3543 3625 I WindowManager: WindowState() - found Launcher @ mAppToken:AppWindowToken{8b1e3c6 token=Token{4d345a1 ActivityRecord{415ea08 u0 org.xbmc.kodinerds/.Main t1165}}}
10-07 18:08:27.536 3127 3127 D SurfaceFlinger: duplicate layer name: changing Splash Screen org.xbmc.kodinerds to Splash Screen org.xbmc.kodinerds#1
10-07 18:08:27.554 3543 23465 I chatty : uid=1000 system_server expire 1 line
10-07 18:08:27.561 4692 5658 I android_os_HwBinder: HwBinder: Starting thread pool for default::vendor.nvidia.hardware.power@1.0::IPower
10-07 18:08:27.574 3127 3127 D SurfaceFlinger: duplicate layer name: changing Surface(name=AppWindowToken{6d498f9 token=Token{b593c0 ActivityRecord{87c3143 u0 org.xbmc.kodinerds/.Splash t1164}}})/@0x6a7bc6d - animation-leash to Surface(name=AppWindowToken{6d498f9 token=Token{b593c0 ActivityRecord{87c3143 u0 org.xbmc.kodinerds/.Splash t1164}}})/@0x6a7bc6d - animation-leash#1
10-07 18:08:27.741 23492 23530 I chatty : uid=10159(org.xbmc.kodinerds) expire 82 lines
10-07 18:08:27.764 3543 10791 I chatty : uid=1000(system) Binder:3543_19 expire 1 line
10-07 18:08:27.765 3728 3728 I NewAvrcpMediaPlayerList: onAddressedPlayerChanged: token=org.xbmc.kodinerds
10-07 18:08:27.765 3728 3728 W NewAvrcpMediaPlayerList: org.xbmc.kodinerds is already the active player
10-07 18:08:27.766 4869 4869 D NowPlayingListener: onActiveSessionsChanged() called with: controllers = [[android.media.session.MediaController@b21fa02]]
10-07 18:08:27.766 4869 4869 D NowPlayingListener: updateMediaSessionCallback: android.media.session.MediaController@b21fa02
10-07 18:08:27.766 5872 5872 D DeviceControlManagerService: active session:com.ghisler.android.TotalCommander
10-07 18:08:27.768 3728 3728 V NewAvrcpMediaPlayerList: onActiveSessionsChanged: number of controllers: 1
10-07 18:08:27.769 3728 3728 D NewAvrcpMediaPlayerList: onActiveSessionsChanged: controller: com.ghisler.android.TotalCommander
10-07 18:08:27.769 3728 3728 D NewAvrcpMediaPlayerList: Already have a controller for the player: com.ghisler.android.TotalCommander, updating instead
10-07 18:08:27.770 3728 3728 V NewAvrcpMediaPlayerList: onActiveSessionsChanged: number of controllers: 1
10-07 18:08:27.770 3728 4293 I Avrcp : Skipping update due to invalid playback state
10-07 18:08:27.770 3728 4293 E bt_btif : register_notification_rsp: Avrcp device is not connected, handle: 0x0
10-07 18:08:27.770 3728 4293 E bt_btif : register_notification_rsp: Avrcp device is not connected, handle: 0x0
10-07 18:08:27.771 4869 4869 D NowPlayingManager: onClientChanged() called with: clearing = [false]
10-07 18:08:27.771 4869 4869 D NowPlayingListener: updateMetadata() called with: metadata = [android.media.MediaMetadata@68e2ca92] and now playing listener: com.google.android.tvrecommendations.NowPlayingManager@ab6ca20
10-07 18:08:27.772 5872 5872 D DeviceControlManagerService: active session:com.ghisler.android.TotalCommander
10-07 18:08:27.773 3728 3728 D NewAvrcpMediaPlayerList: onActiveSessionsChanged: controller: com.ghisler.android.TotalCommander
10-07 18:08:27.773 3728 3728 D NewAvrcpMediaPlayerList: Already have a controller for the player: com.ghisler.android.TotalCommander, updating instead
10-07 18:08:27.775 3728 4293 I Avrcp : Skipping update due to invalid playback state
10-07 18:08:27.775 4869 4869 D NowPlayingManager: onMediaDataUpdated() called with: mediaData = [com.google.android.tvrecommendations.NowPlayingData@7303f13]
10-07 18:08:27.778 4869 4869 D NowPlayingListener: updatePlayback() called with: state = [PlaybackState {state=1, position=-1, buffered position=0, speed=1.0, updated=4449198, actions=382, custom actions=[], active item id=-1, error=null}] and now playing listener: com.google.android.tvrecommendations.NowPlayingManager@ab6ca20
10-07 18:08:27.779 4869 4869 D NowPlayingManager: onClientPlaybackStateUpdate() called with: state = [1], stateChangeTimeMs = [4449198], currentPosMs = [-1]
10-07 18:08:27.779 4869 4869 D NowPlayingManager: onClientPlaybackStateUpdate: Skipped update, state: 1 was unchanged
10-07 18:08:27.779 4869 4869 D NowPlayingListener: onActiveSessionsChanged() called with: controllers = [[android.media.session.MediaController@e74d550]]
10-07 18:08:27.779 4869 4869 D NowPlayingListener: updateMediaSessionCallback: android.media.session.MediaController@e74d550
10-07 18:08:27.780 4869 4869 D NowPlayingManager: onClientChanged() called with: clearing = [false]
10-07 18:08:27.780 4869 4869 D NowPlayingListener: updateMetadata() called with: metadata = [android.media.MediaMetadata@68e2ca92] and now playing listener: com.google.android.tvrecommendations.NowPlayingManager@ab6ca20
10-07 18:08:27.784 4869 4869 D NowPlayingManager: onMediaDataUpdated() called with: mediaData = [com.google.android.tvrecommendations.NowPlayingData@c9d6349]
10-07 18:08:27.784 4869 4869 D NowPlayingListener: updatePlayback() called with: state = [PlaybackState {state=1, position=-1, buffered position=0, speed=1.0, updated=4449198, actions=382, custom actions=[], active item id=-1, error=null}] and now playing listener: com.google.android.tvrecommendations.NowPlayingManager@ab6ca20
10-07 18:08:27.784 4869 4869 D NowPlayingManager: onClientPlaybackStateUpdate() called with: state = [1], stateChangeTimeMs = [4449198], currentPosMs = [-1]
10-07 18:08:27.784 4869 4869 D NowPlayingManager: onClientPlaybackStateUpdate: Skipped update, state: 1 was unchanged
10-07 18:08:27.788 3543 17117 I WindowManager: WindowState() - found Launcher @ mAppToken:AppWindowToken{8b1e3c6 token=Token{4d345a1 ActivityRecord{415ea08 u0 org.xbmc.kodinerds/.Main t1165}}}
10-07 18:08:27.817 2975 2975 E SELinux : avc: denied { find } for interface=vendor.nvidia.hardware.cpl.service::INvCplHalService sid=u:r:untrusted_app:s0:c159,c256,c512,c768 pid=23492 scontext=u:r:untrusted_app:s0:c159,c256,c512,c768 tcontext=u:object_r:hal_cplservice_hwservice:s0 tclass=hwservice_manager permissive=0
10-07 18:08:27.817 23492 23535 I chatty : uid=10159(org.xbmc.kodinerds) expire 24 lines
10-07 18:08:27.818 23492 23532 I chatty : uid=10159(org.xbmc.kodinerds) expire 176 lines
10-07 18:08:27.817 2975 2975 E SELinux : avc: denied { find } for interface=vendor.nvidia.hardware.cpl.service::INvCplHalService sid=u:r:untrusted_app:s0:c159,c256,c512,c768 pid=23492 scontext=u:r:untrusted_app:s0:c159,c256,c512,c768 tcontext=u:object_r:hal_cplservice_hwservice:s0 tclass=hwservice_manager permissive=0
10-07 18:08:27.821 2975 2975 E SELinux : avc: denied { find } for interface=vendor.nvidia.hardware.cpl.service::INvCplHalService sid=u:r:untrusted_app:s0:c159,c256,c512,c768 pid=23492 scontext=u:r:untrusted_app:s0:c159,c256,c512,c768 tcontext=u:object_r:hal_cplservice_hwservice:s0 tclass=hwservice_manager permissive=0
10-07 18:08:27.821 2975 2975 E SELinux : avc: denied { find } for interface=vendor.nvidia.hardware.cpl.service::INvCplHalService sid=u:r:untrusted_app:s0:c159,c256,c512,c768 pid=23492 scontext=u:r:untrusted_app:s0:c159,c256,c512,c768 tcontext=u:object_r:hal_cplservice_hwservice:s0 tclass=hwservice_manager permissive=0
10-07 18:08:27.824 2975 2975 E SELinux : avc: denied { find } for interface=vendor.nvidia.hardware.cpl.service::INvCplHalService sid=u:r:untrusted_app:s0:c159,c256,c512,c768 pid=23492 scontext=u:r:untrusted_app:s0:c159,c256,c512,c768 tcontext=u:object_r:hal_cplservice_hwservice:s0 tclass=hwservice_manager permissive=0
10-07 18:08:27.824 2975 2975 E SELinux : avc: denied { find } for interface=vendor.nvidia.hardware.cpl.service::INvCplHalService sid=u:r:untrusted_app:s0:c159,c256,c512,c768 pid=23492 scontext=u:r:untrusted_app:s0:c159,c256,c512,c768 tcontext=u:object_r:hal_cplservice_hwservice:s0 tclass=hwservice_manager permissive=0
10-07 18:08:27.827 2975 2975 E SELinux : avc: denied { find } for interface=vendor.nvidia.hardware.cpl.service::INvCplHalService sid=u:r:untrusted_app:s0:c159,c256,c512,c768 pid=23492 scontext=u:r:untrusted_app:s0:c159,c256,c512,c768 tcontext=u:object_r:hal_cplservice_hwservice:s0 tclass=hwservice_manager permissive=0
10-07 18:08:27.827 2975 2975 E SELinux : avc: denied { find } for interface=vendor.nvidia.hardware.cpl.service::INvCplHalService sid=u:r:untrusted_app:s0:c159,c256,c512,c768 pid=23492 scontext=u:r:untrusted_app:s0:c159,c256,c512,c768 tcontext=u:object_r:hal_cplservice_hwservice:s0 tclass=hwservice_manager permissive=0
10-07 18:08:27.829 2975 2975 E SELinux : avc: denied { find } for interface=vendor.nvidia.hardware.cpl.service::INvCplHalService sid=u:r:untrusted_app:s0:c159,c256,c512,c768 pid=23492 scontext=u:r:untrusted_app:s0:c159,c256,c512,c768 tcontext=u:object_r:hal_cplservice_hwservice:s0 tclass=hwservice_manager permissive=0
10-07 18:08:27.830 2975 2975 E SELinux : avc: denied { find } for interface=vendor.nvidia.hardware.cpl.service::INvCplHalService sid=u:r:untrusted_app:s0:c159,c256,c512,c768 pid=23492 scontext=u:r:untrusted_app:s0:c159,c256,c512,c768 tcontext=u:object_r:hal_cplservice_hwservice:s0 tclass=hwservice_manager permissive=0
10-07 18:08:27.830 2975 2975 E SELinux : avc: denied { find } for interface=vendor.nvidia.hardware.cpl.service::INvCplHalService sid=u:r:untrusted_app:s0:c159,c256,c512,c768 pid=23492 scontext=u:r:untrusted_app:s0:c159,c256,c512,c768 tcontext=u:object_r:hal_cplservice_hwservice:s0 tclass=hwservice_manager permissive=0
10-07 18:08:27.830 2975 2975 E SELinux : avc: denied { find } for interface=vendor.nvidia.hardware.cpl.service::INvCplHalService sid=u:r:untrusted_app:s0:c159,c256,c512,c768 pid=23492 scontext=u:r:untrusted_app:s0:c159,c256,c512,c768 tcontext=u:object_r:hal_cplservice_hwservice:s0 tclass=hwservice_manager permissive=0
10-07 18:08:27.832 2975 2975 E SELinux : avc: denied { find } for interface=vendor.nvidia.hardware.cpl.service::INvCplHalService sid=u:r:untrusted_app:s0:c159,c256,c512,c768 pid=23492 scontext=u:r:untrusted_app:s0:c159,c256,c512,c768 tcontext=u:object_r:hal_cplservice_hwservice:s0 tclass=hwservice_manager permissive=0
10-07 18:08:27.832 2975 2975 E SELinux : avc: denied { find } for interface=vendor.nvidia.hardware.cpl.service::INvCplHalService sid=u:r:untrusted_app:s0:c159,c256,c512,c768 pid=23492 scontext=u:r:untrusted_app:s0:c159,c256,c512,c768 tcontext=u:object_r:hal_cplservice_hwservice:s0 tclass=hwservice_manager permissive=0
10-07 18:08:27.833 2975 2975 E SELinux : avc: denied { find } for interface=vendor.nvidia.hardware.cpl.service::INvCplHalService sid=u:r:untrusted_app:s0:c159,c256,c512,c768 pid=23492 scontext=u:r:untrusted_app:s0:c159,c256,c512,c768 tcontext=u:object_r:hal_cplservice_hwservice:s0 tclass=hwservice_manager permissive=0
10-07 18:08:27.836 2975 2975 E SELinux : avc: denied { find } for interface=vendor.nvidia.hardware.cpl.service::INvCplHalService sid=u:r:untrusted_app:s0:c159,c256,c512,c768 pid=23492 scontext=u:r:untrusted_app:s0:c159,c256,c512,c768 tcontext=u:object_r:hal_cplservice_hwservice:s0 tclass=hwservice_manager permissive=0
10-07 18:08:27.839 2975 2975 E SELinux : avc: denied { find } for interface=vendor.nvidia.hardware.cpl.service::INvCplHalService sid=u:r:untrusted_app:s0:c159,c256,c512,c768 pid=23492 scontext=u:r:untrusted_app:s0:c159,c256,c512,c768 tcontext=u:object_r:hal_cplservice_hwservice:s0 tclass=hwservice_manager permissive=0
10-07 18:08:27.841 2975 2975 E SELinux : avc: denied { find } for interface=vendor.nvidia.hardware.cpl.service::INvCplHalService sid=u:r:untrusted_app:s0:c159,c256,c512,c768 pid=23492 scontext=u:r:untrusted_app:s0:c159,c256,c512,c768 tcontext=u:object_r:hal_cplservice_hwservice:s0 tclass=hwservice_manager permissive=0
10-07 18:08:27.874 23492 23537 I chatty : uid=10159(org.xbmc.kodinerds) expire 3 lines
10-07 18:08:27.886 2975 2975 E SELinux : avc: denied { find } for interface=vendor.nvidia.hardware.cpl.service::INvCplHalService sid=u:r:untrusted_app:s0:c159,c256,c512,c768 pid=23492 scontext=u:r:untrusted_app:s0:c159,c256,c512,c768 tcontext=u:object_r:hal_cplservice_hwservice:s0 tclass=hwservice_manager permissive=0
10-07 18:08:27.886 2975 2975 E SELinux : avc: denied { find } for interface=vendor.nvidia.hardware.cpl.service::INvCplHalService sid=u:r:untrusted_app:s0:c159,c256,c512,c768 pid=23492 scontext=u:r:untrusted_app:s0:c159,c256,c512,c768 tcontext=u:object_r:hal_cplservice_hwservice:s0 tclass=hwservice_manager permissive=0
10-07 18:08:27.911 3127 6075 D SurfaceFlinger: Connected to Power Manager
10-07 18:08:27.932 3116 3116 E powerHAL::common: Unknown power hint: 0x8
10-07 18:08:27.987 3127 3218 W SurfaceFlinger: Attempting to set client state on removed layer: Splash Screen org.xbmc.kodinerds#0
10-07 18:08:27.987 3127 3218 W SurfaceFlinger: Attempting to destroy on removed layer: Splash Screen org.xbmc.kodinerds#0
10-07 18:08:27.998 3127 3218 W SurfaceFlinger: Attempting to destroy on removed layer: AppWindowToken{6d498f9 token=Token{b593c0 ActivityRecord{87c3143 u0 org.xbmc.kodinerds/.Splash t1164}}}#0
10-07 18:08:28.072 3127 6075 W SurfaceFlinger: Attempting to set client state on removed layer: Splash Screen org.xbmc.kodinerds#1
10-07 18:08:28.072 3127 6075 W SurfaceFlinger: Attempting to destroy on removed layer: Splash Screen org.xbmc.kodinerds#1
10-07 18:08:28.200 3125 3375 I APM_AudioPolicyManager: getOutputForAttr() device 0x400, sampling rate 48000, format 0x5, channel mask 0x3, flags 0
10-07 18:08:28.201 3125 3375 D AudioFlinger: Client defaulted notificationFrames to 770 for frameCount 1540
10-07 18:08:28.257 3125 3376 I APM_AudioPolicyManager: getOutputForAttr() device 0x400, sampling rate 48000, format 0x5, channel mask 0x63f, flags 0
10-07 18:08:28.257 3125 3376 D AudioFlinger: Client defaulted notificationFrames to 770 for frameCount 1540
10-07 18:08:28.311 23492 23546 I chatty : uid=10159(org.xbmc.kodinerds) expire 34 lines
10-07 18:08:28.314 3125 3376 I APM_AudioPolicyManager: getOutputForAttr() device 0x400, sampling rate 48000, format 0x9000000, channel mask 0x3, flags 0x1
10-07 18:08:28.315 3125 3376 I AudioFlinger: openOutput() this 0x4b3be000, module 10 Device 0x400, SamplingRate 48000, Format 0x9000000, Channels 0x3, flags 0x1
10-07 18:08:28.315 3089 3461 W DeviceHAL: Error from HAL Device in function open_output_stream: Unknown error -22
10-07 18:08:28.315 3125 3376 I AudioHwDevice: openOutputStream(), HAL returned sampleRate 48000, Format 0x9000000, channelMask 0x3, status -61
10-07 18:08:28.315 3125 3376 I AudioSPDIF: SPDIFEncoder: mBurstBufferSizeBytes = 24576, littleEndian = 1
10-07 18:08:28.315 3125 3376 I AudioFlinger: SpdifStreamOut::open() AudioFlinger requested sampleRate 48000, format 0x9000000, channelMask 0x3
10-07 18:08:28.315 3125 3376 I AudioFlinger: SpdifStreamOut::open() HAL configured for sampleRate 48000, format 0x1, channelMask 0x3
10-07 18:08:28.315 3125 3376 I AudioFlinger: SpdifStreamOut::open() status = 0
10-07 18:08:28.316 3125 3376 I AudioFlinger: HAL output buffer size 4096 frames, normal sink buffer size 4096 frames
10-07 18:08:28.316 3125 23551 I AudioFlinger: AudioFlinger's thread 0x4c33c000 tid=23551 ready to run
10-07 18:08:28.373 3125 17116 I APM_AudioPolicyManager: getOutputForAttr() device 0x400, sampling rate 48000, format 0xa000000, channel mask 0x3, flags 0x1
10-07 18:08:28.373 3125 17116 W APM_AudioPolicyManager: getOutputForDevice() could not find output for stream 3, sampling rate 48000, format 0xa000000, channels 0x3, flags 0x1
10-07 18:08:28.424 3125 17116 I APM_AudioPolicyManager: getOutputForAttr() device 0x400, sampling rate 48000, format 0xa000000, channel mask 0x3, flags 0x1
10-07 18:08:28.424 3125 17116 W APM_AudioPolicyManager: getOutputForDevice() could not find output for stream 3, sampling rate 48000, format 0xa000000, channels 0x3, flags 0x1
10-07 18:08:28.474 3125 17116 I APM_AudioPolicyManager: getOutputForAttr() device 0x400, sampling rate 48000, format 0xa000000, channel mask 0x3, flags 0x1
10-07 18:08:28.474 3125 17116 W APM_AudioPolicyManager: getOutputForDevice() could not find output for stream 3, sampling rate 48000, format 0xa000000, channels 0x3, flags 0x1
10-07 18:08:28.524 3125 17116 I APM_AudioPolicyManager: getOutputForAttr() device 0x400, sampling rate 48000, format 0xa000000, channel mask 0x3, flags 0x1
10-07 18:08:28.524 3125 17116 W APM_AudioPolicyManager: getOutputForDevice() could not find output for stream 3, sampling rate 48000, format 0xa000000, channels 0x3, flags 0x1
10-07 18:08:28.574 3125 17116 I APM_AudioPolicyManager: getOutputForAttr() device 0x400, sampling rate 48000, format 0xa000000, channel mask 0x3, flags 0x1
10-07 18:08:28.574 3125 17116 W APM_AudioPolicyManager: getOutputForDevice() could not find output for stream 3, sampling rate 48000, format 0xa000000, channels 0x3, flags 0x1
10-07 18:08:28.624 3125 17116 I APM_AudioPolicyManager: getOutputForAttr() device 0x400, sampling rate 48000, format 0xa000000, channel mask 0x3, flags 0x1
10-07 18:08:28.624 3125 17116 W APM_AudioPolicyManager: getOutputForDevice() could not find output for stream 3, sampling rate 48000, format 0xa000000, channels 0x3, flags 0x1
10-07 18:08:28.675 3125 17116 I APM_AudioPolicyManager: getOutputForAttr() device 0x400, sampling rate 48000, format 0xa000000, channel mask 0x3, flags 0x1
10-07 18:08:28.675 3125 17116 W APM_AudioPolicyManager: getOutputForDevice() could not find output for stream 3, sampling rate 48000, format 0xa000000, channels 0x3, flags 0x1
10-07 18:08:28.725 3125 17116 I APM_AudioPolicyManager: getOutputForAttr() device 0x400, sampling rate 48000, format 0xa000000, channel mask 0x3, flags 0x1
10-07 18:08:28.725 3125 17116 W APM_AudioPolicyManager: getOutputForDevice() could not find output for stream 3, sampling rate 48000, format 0xa000000, channels 0x3, flags 0x1
10-07 18:08:28.775 3125 17116 I APM_AudioPolicyManager: getOutputForAttr() device 0x400, sampling rate 48000, format 0xa000000, channel mask 0x3, flags 0x1
10-07 18:08:28.775 3125 17116 W APM_AudioPolicyManager: getOutputForDevice() could not find output for stream 3, sampling rate 48000, format 0xa000000, channels 0x3, flags 0x1
10-07 18:08:28.825 3125 17116 I APM_AudioPolicyManager: getOutputForAttr() device 0x400, sampling rate 48000, format 0xa000000, channel mask 0x3, flags 0x1
10-07 18:08:28.825 3125 17116 W APM_AudioPolicyManager: getOutputForDevice() could not find output for stream 3, sampling rate 48000, format 0xa000000, channels 0x3, flags 0x1
10-07 18:08:28.873 4531 5046 I ShieldBluetoothScanPolicy: Scans disallowed due to PACKAGE POLL
10-07 18:08:28.873 4531 5046 D BluetoothAdapter: isLeEnabled(): ON
10-07 18:08:28.875 3125 17116 I APM_AudioPolicyManager: getOutputForAttr() device 0x400, sampling rate 48000, format 0xa000000, channel mask 0x3, flags 0x1
10-07 18:08:28.875 3125 17116 W APM_AudioPolicyManager: getOutputForDevice() could not find output for stream 3, sampling rate 48000, format 0xa000000, channels 0x3, flags 0x1
10-07 18:08:28.878 3728 3848 D AdapterProperties: Discoverable Timeout:-1
10-07 18:08:28.879 3728 3848 D AdapterProperties: Scan Mode:21
10-07 18:08:28.926 3125 17116 I APM_AudioPolicyManager: getOutputForAttr() device 0x400, sampling rate 48000, format 0xa000000, channel mask 0x3, flags 0x1
10-07 18:08:28.926 3125 17116 W APM_AudioPolicyManager: getOutputForDevice() could not find output for stream 3, sampling rate 48000, format 0xa000000, channels 0x3, flags 0x1
10-07 18:08:28.976 3125 17116 I APM_AudioPolicyManager: getOutputForAttr() device 0x400, sampling rate 48000, format 0xa000000, channel mask 0x3, flags 0x1
10-07 18:08:28.976 3125 17116 W APM_AudioPolicyManager: getOutputForDevice() could not find output for stream 3, sampling rate 48000, format 0xa000000, channels 0x3, flags 0x1
10-07 18:08:29.026 3125 17116 I APM_AudioPolicyManager: getOutputForAttr() device 0x400, sampling rate 48000, format 0xa000000, channel mask 0x3, flags 0x1
10-07 18:08:29.026 3125 17116 W APM_AudioPolicyManager: getOutputForDevice() could not find output for stream 3, sampling rate 48000, format 0xa000000, channels 0x3, flags 0x1
10-07 18:08:29.076 3125 17116 I APM_AudioPolicyManager: getOutputForAttr() device 0x400, sampling rate 48000, format 0xa000000, channel mask 0x3, flags 0x1
10-07 18:08:29.076 3125 17116 W APM_AudioPolicyManager: getOutputForDevice() could not find output for stream 3, sampling rate 48000, format 0xa000000, channels 0x3, flags 0x1
10-07 18:08:29.126 3125 17116 I APM_AudioPolicyManager: getOutputForAttr() device 0x400, sampling rate 48000, format 0xa000000, channel mask 0x3, flags 0x1
10-07 18:08:29.126 3125 17116 W APM_AudioPolicyManager: getOutputForDevice() could not find output for stream 3, sampling rate 48000, format 0xa000000, channels 0x3, flags 0x1
10-07 18:08:29.126 3125 17116 E AudioFlinger: createTrack() getOutputForAttr() return error -38 or invalid output handle
10-07 18:08:29.180 3125 17116 I APM_AudioPolicyManager: getOutputForAttr() device 0x400, sampling rate 48000, format 0xb000000, channel mask 0x3, flags 0x1
10-07 18:08:29.180 3125 17116 I AudioFlinger: openOutput() this 0x4b3be000, module 10 Device 0x400, SamplingRate 48000, Format 0xb000000, Channels 0x3, flags 0x1
10-07 18:08:29.181 3089 3222 W DeviceHAL: Error from HAL Device in function open_output_stream: Unknown error -22
10-07 18:08:29.181 3125 17116 I AudioHwDevice: openOutputStream(), HAL returned sampleRate 48000, Format 0xb000000, channelMask 0x3, status -61
10-07 18:08:29.181 3125 17116 I AudioSPDIF: SPDIFEncoder: mBurstBufferSizeBytes = 16384, littleEndian = 1
10-07 18:08:29.181 3125 17116 I AudioFlinger: SpdifStreamOut::open() AudioFlinger requested sampleRate 48000, format 0xb000000, channelMask 0x3
10-07 18:08:29.181 3125 17116 I AudioFlinger: SpdifStreamOut::open() HAL configured for sampleRate 48000, format 0x1, channelMask 0x3
10-07 18:08:29.181 3125 17116 I AudioFlinger: SpdifStreamOut::open() status = 0
10-07 18:08:29.182 3125 17116 I AudioFlinger: HAL output buffer size 8192 frames, normal sink buffer size 8192 frames
10-07 18:08:29.182 3125 23555 I AudioFlinger: AudioFlinger's thread 0x4d8f5000 tid=23555 ready to run
10-07 18:08:29.241 3125 12053 I APM_AudioPolicyManager: getOutputForAttr() device 0x400, sampling rate 48000, format 0xc000000, channel mask 0x63f, flags 0x1
10-07 18:08:29.241 3125 12053 I APM_AudioPolicyManager: Fallback from DTS-HD to DTS in profile passthrough
10-07 18:08:29.241 3125 12053 I AudioFlinger: openOutput() this 0x4b3be000, module 10 Device 0x400, SamplingRate 48000, Format 0xc000000, Channels 0x63f, flags 0x1
10-07 18:08:29.242 3089 3222 W nvaudio_hw: Sink does not support multichannel: 8 ch
10-07 18:08:29.242 3089 3222 W DeviceHAL: Error from HAL Device in function open_output_stream: Invalid argument
10-07 18:08:29.242 3125 12053 I AudioHwDevice: openOutputStream(), HAL returned sampleRate 48000, Format 0xb000000, channelMask 0x63f, status -22
10-07 18:08:29.242 3125 12053 I AudioHwDevice: format changed from DTS HD to DTS
10-07 18:08:29.242 3125 12053 I AudioSPDIF: SPDIFEncoder: mBurstBufferSizeBytes = 16384, littleEndian = 1
10-07 18:08:29.242 3125 12053 I AudioFlinger: SpdifStreamOut::open() AudioFlinger requested sampleRate 48000, format 0xb000000, channelMask 0x63f
10-07 18:08:29.242 3125 12053 I AudioFlinger: SpdifStreamOut::open() HAL configured for sampleRate 48000, format 0x1, channelMask 0x3
10-07 18:08:29.242 3125 12053 I AudioFlinger: SpdifStreamOut::open() status = 0
10-07 18:08:29.242 3125 12053 I AudioFlinger: HAL output buffer size 32768 frames, normal sink buffer size 32768 frames
10-07 18:08:29.243 3125 23557 I AudioFlinger: AudioFlinger's thread 0x4ecb5000 tid=23557 ready to run
10-07 18:08:29.300 3125 12053 I APM_AudioPolicyManager: getOutputForAttr() device 0x400, sampling rate 48000, format 0xe000000, channel mask 0x63f, flags 0x1
10-07 18:08:29.300 3125 12053 W APM_AudioPolicyManager: getOutputForDevice() could not find output for stream 3, sampling rate 48000, format 0xe000000, channels 0x63f, flags 0x1
10-07 18:08:29.350 3125 12053 I APM_AudioPolicyManager: getOutputForAttr() device 0x400, sampling rate 48000, format 0xe000000, channel mask 0x63f, flags 0x1
10-07 18:08:29.350 3125 12053 W APM_AudioPolicyManager: getOutputForDevice() could not find output for stream 3, sampling rate 48000, format 0xe000000, channels 0x63f, flags 0x1
10-07 18:08:29.401 3125 12053 I APM_AudioPolicyManager: getOutputForAttr() device 0x400, sampling rate 48000, format 0xe000000, channel mask 0x63f, flags 0x1
10-07 18:08:29.401 3125 12053 W APM_AudioPolicyManager: getOutputForDevice() could not find output for stream 3, sampling rate 48000, format 0xe000000, channels 0x63f, flags 0x1
10-07 18:08:29.451 3125 12053 I APM_AudioPolicyManager: getOutputForAttr() device 0x400, sampling rate 48000, format 0xe000000, channel mask 0x63f, flags 0x1
10-07 18:08:29.451 3125 12053 W APM_AudioPolicyManager: getOutputForDevice() could not find output for stream 3, sampling rate 48000, format 0xe000000, channels 0x63f, flags 0x1
10-07 18:08:29.501 3125 12053 I APM_AudioPolicyManager: getOutputForAttr() device 0x400, sampling rate 48000, format 0xe000000, channel mask 0x63f, flags 0x1
10-07 18:08:29.501 3125 12053 W APM_AudioPolicyManager: getOutputForDevice() could not find output for stream 3, sampling rate 48000, format 0xe000000, channels 0x63f, flags 0x1
10-07 18:08:29.551 3125 12053 I APM_AudioPolicyManager: getOutputForAttr() device 0x400, sampling rate 48000, format 0xe000000, channel mask 0x63f, flags 0x1
10-07 18:08:29.551 3125 12053 W APM_AudioPolicyManager: getOutputForDevice() could not find output for stream 3, sampling rate 48000, format 0xe000000, channels 0x63f, flags 0x1
10-07 18:08:29.601 3125 12053 I APM_AudioPolicyManager: getOutputForAttr() device 0x400, sampling rate 48000, format 0xe000000, channel mask 0x63f, flags 0x1
10-07 18:08:29.601 3125 12053 W APM_AudioPolicyManager: getOutputForDevice() could not find output for stream 3, sampling rate 48000, format 0xe000000, channels 0x63f, flags 0x1
10-07 18:08:29.652 3125 12053 I APM_AudioPolicyManager: getOutputForAttr() device 0x400, sampling rate 48000, format 0xe000000, channel mask 0x63f, flags 0x1
10-07 18:08:29.652 3125 12053 W APM_AudioPolicyManager: getOutputForDevice() could not find output for stream 3, sampling rate 48000, format 0xe000000, channels 0x63f, flags 0x1
10-07 18:08:29.702 3125 12053 I APM_AudioPolicyManager: getOutputForAttr() device 0x400, sampling rate 48000, format 0xe000000, channel mask 0x63f, flags 0x1
10-07 18:08:29.702 3125 12053 W APM_AudioPolicyManager: getOutputForDevice() could not find output for stream 3, sampling rate 48000, format 0xe000000, channels 0x63f, flags 0x1
10-07 18:08:29.752 3125 12053 I APM_AudioPolicyManager: getOutputForAttr() device 0x400, sampling rate 48000, format 0xe000000, channel mask 0x63f, flags 0x1
10-07 18:08:29.752 3125 12053 W APM_AudioPolicyManager: getOutputForDevice() could not find output for stream 3, sampling rate 48000, format 0xe000000, channels 0x63f, flags 0x1
10-07 18:08:29.802 3125 12053 I APM_AudioPolicyManager: getOutputForAttr() device 0x400, sampling rate 48000, format 0xe000000, channel mask 0x63f, flags 0x1
10-07 18:08:29.802 3125 12053 W APM_AudioPolicyManager: getOutputForDevice() could not find output for stream 3, sampling rate 48000, format 0xe000000, channels 0x63f, flags 0x1
10-07 18:08:29.852 3125 12053 I APM_AudioPolicyManager: getOutputForAttr() device 0x400, sampling rate 48000, format 0xe000000, channel mask 0x63f, flags 0x1
10-07 18:08:29.853 3125 12053 W APM_AudioPolicyManager: getOutputForDevice() could not find output for stream 3, sampling rate 48000, format 0xe000000, channels 0x63f, flags 0x1
10-07 18:08:29.903 3125 12053 I APM_AudioPolicyManager: getOutputForAttr() device 0x400, sampling rate 48000, format 0xe000000, channel mask 0x63f, flags 0x1
10-07 18:08:29.903 3125 12053 W APM_AudioPolicyManager: getOutputForDevice() could not find output for stream 3, sampling rate 48000, format 0xe000000, channels 0x63f, flags 0x1
