1691 com.android.server.policy.PhoneWindowManager.sleepRelease:1942 com.android.server.policy.PhoneWindowManager.interceptKeyBeforeQueueing:7136 com.android.server.wm.InputMonitor.interceptKeyBeforeQueueing:459 com.android.server.input.InputManagerService.interceptKeyBeforeQueueing:1986
10-07 17:12:49.810 3543 3543 W UsageStatsService: Event reported without a package name
10-07 17:12:49.813 3543 3590 I PowerManagerService: Sleeping (uid 1000)...
10-07 17:12:50.745 3543 3590 I DisplayPowerController: Blocking screen off
10-07 17:12:50.758 3543 3590 I DisplayPowerController: Unblocked screen off after 13 ms
10-07 17:12:50.827 3543 3588 I DisplayManagerService: Display device changed state: "Integrierter Bildschirm", OFF
10-07 17:12:51.080 3543 3641 V WiredAccessoryManager: Headset UEVENT: {SUBSYSTEM=extcon, SEQNUM=5064, ACTION=change, DEVTYPE=extcon2, STATE=HDMI=1
10-07 17:12:51.080 3543 3641 V WiredAccessoryManager: DP=0
10-07 17:12:51.080 3543 3641 V WiredAccessoryManager: AUDIO_AUX0=0
10-07 17:12:51.080 3543 3641 V WiredAccessoryManager: AUDIO_AUX1=0
10-07 17:12:51.080 3543 3641 V WiredAccessoryManager: AUDIO_AUX2=0
10-07 17:12:51.080 3543 3641 V WiredAccessoryManager: AUDIO_AUX3=0, DEVPATH=/devices/extcon/extcon:disp-state/extcon/extcon2, NAME=extcon:disp-state}
10-07 17:12:51.082 3543 3641 V WiredAccessoryManager: newName=extcon2 newState=0 headsetState=0 prev headsetState=256
10-07 17:12:51.082 3543 3543 V WiredAccessoryManager: headsetName: disconnected address: = aux1_audio
10-07 17:12:51.154 3543 3543 V HdmiControlService: On standby-action cleared:4
10-07 17:12:51.154 3543 3543 V HdmiControlService: onStandbyCompleted
10-07 17:12:51.154 3543 3543 D HdmiCecLocalDevicePlayback: onStandby returning (initiatedByCec=false, mAutoTvOff=false, mIsActiveSource=false)
10-07 17:12:51.537 3543 3577 W BroadcastQueue: Background execution not allowed: receiving Intent { act=android.intent.action.DROPBOX_ENTRY_ADDED flg=0x10 (has extras) } to com.google.android.gms/.stats.service.DropBoxEntryAddedReceiver
10-07 17:12:51.537 3543 3577 W BroadcastQueue: Background execution not allowed: receiving Intent { act=android.intent.action.DROPBOX_ENTRY_ADDED flg=0x10 (has extras) } to com.google.android.gms/.chimera.GmsIntentOperationService$PersistentTrustedReceiver
10-07 17:12:51.537 3543 3577 W BroadcastQueue: Background execution not allowed: receiving Intent { act=android.intent.action.DROPBOX_ENTRY_ADDED flg=0x10 (has extras) } to com.nvidia.stats/.CollectionsReceiver
10-07 17:12:51.542 3543 3577 W BroadcastQueue: Background execution not allowed: receiving Intent { act=android.intent.action.DROPBOX_ENTRY_ADDED flg=0x10 (has extras) } to com.google.android.gms/.stats.service.DropBoxEntryAddedReceiver
10-07 17:12:51.543 3543 3577 W BroadcastQueue: Background execution not allowed: receiving Intent { act=android.intent.action.DROPBOX_ENTRY_ADDED flg=0x10 (has extras) } to com.google.android.gms/.chimera.GmsIntentOperationService$PersistentTrustedReceiver
10-07 17:12:51.543 3543 3577 W BroadcastQueue: Background execution not allowed: receiving Intent { act=android.intent.action.DROPBOX_ENTRY_ADDED flg=0x10 (has extras) } to com.nvidia.stats/.CollectionsReceiver
10-07 17:12:51.589 3543 3577 W BroadcastQueue: Background execution not allowed: receiving Intent { act=android.intent.action.DROPBOX_ENTRY_ADDED flg=0x10 (has extras) } to com.google.android.gms/.stats.service.DropBoxEntryAddedReceiver
10-07 17:12:51.589 3543 3577 W BroadcastQueue: Background execution not allowed: receiving Intent { act=android.intent.action.DROPBOX_ENTRY_ADDED flg=0x10 (has extras) } to com.google.android.gms/.chimera.GmsIntentOperationService$PersistentTrustedReceiver
10-07 17:12:51.589 3543 3577 W BroadcastQueue: Background execution not allowed: receiving Intent { act=android.intent.action.DROPBOX_ENTRY_ADDED flg=0x10 (has extras) } to com.nvidia.stats/.CollectionsReceiver
10-07 17:12:52.066 3543 3543 D HdmiCecLocalDevicePlayback: phyAddr=0x4300 curPhyAddr=0x4100 isOnPath=false
10-07 17:12:52.066 3543 3543 D HdmiCecLocalDevicePlayback: sleepIfNoLongerActiveSource wasActive=false isActive=false
10-07 17:12:54.592 3328 3362 E storaged: getDiskStats failed with result NOT_SUPPORTED and size 0
10-07 17:13:40.008 3543 3543 D HdmiCecLocalDevicePlayback: src: 3, dst: 15, params: 43 00 received, laddr=4 phyaddr=0x4100 actions empty=true timeSinceLastOtp=1570461220006
10-07 17:13:40.009 3543 3543 D HdmiCecLocalDevicePlayback: phyAddr=0x4300 curPhyAddr=0x4100 isOnPath=false
10-07 17:13:40.010 3543 3543 D HdmiCecLocalDevicePlayback: sleepIfNoLongerActiveSource wasActive=false isActive=false
10-07 17:13:54.593 3328 3362 E storaged: getDiskStats failed with result NOT_SUPPORTED and size 0
10-07 17:14:54.594 3328 3362 E storaged: getDiskStats failed with result NOT_SUPPORTED and size 0
10-07 17:15:54.596 3328 3362 E storaged: getDiskStats failed with result NOT_SUPPORTED and size 0
10-07 17:16:05.827 3543 3543 E ActivityThread: Failed to find provider info for com.nvidia.ibeta
10-07 17:16:05.832 3543 3543 E ActivityThread: Failed to find provider info for com.nvidia.ibeta
10-07 17:16:54.597 3328 3362 E storaged: getDiskStats failed with result NOT_SUPPORTED and size 0
10-07 17:17:54.599 3328 3362 E storaged: getDiskStats failed with result NOT_SUPPORTED and size 0
10-07 17:18:54.600 3328 3362 E storaged: getDiskStats failed with result NOT_SUPPORTED and size 0
10-07 17:19:45.633 7756 7756 W ContextImpl: Calling a method in the system process without a qualified user: android.app.ContextImpl.startService:1548 android.content.ContextWrapper.startService:664 com.nvidia.app.messagingsdk.NvmoTopicsManager.sendRequest:139 com.nvidia.app.messagingsdk.NvmoTopicsManager.sendSubscribeRequest:130 com.nvidia.app.messagingsdk.NvmoTopicsManager.subscribe:58
10-07 17:19:45.645 7756 7756 W ContextImpl: Calling a method in the system process without a qualified user: android.app.ContextImpl.startService:1548 android.content.ContextWrapper.startService:664 com.nvidia.app.messagingsdk.NvmoTopicsManager.sendRequestCompleted:122 com.nvidia.app.messagingsdk.NvmoTopicsManager.access$000:24 com.nvidia.app.messagingsdk.NvmoTopicsManager$1.handleMessage:97
10-07 17:19:54.602 3328 3362 E storaged: getDiskStats failed with result NOT_SUPPORTED and size 0
10-07 17:20:10.905 3543 3543 I ActivityManager: Killing 17564:com.google.android.gms.ui/u0a12 (adj 906): empty for 1814s
10-07 17:20:54.604 3328 3362 E storaged: getDiskStats failed with result NOT_SUPPORTED and size 0
10-07 17:21:54.606 3328 3362 E storaged: getDiskStats failed with result NOT_SUPPORTED and size 0
10-07 17:22:05.844 3543 3543 E ActivityThread: Failed to find provider info for com.nvidia.ibeta
10-07 17:22:05.849 3543 3543 E ActivityThread: Failed to find provider info for com.nvidia.ibeta
10-07 17:22:54.607 3328 3362 E storaged: getDiskStats failed with result NOT_SUPPORTED and size 0
10-07 17:23:54.609 3328 3362 E storaged: getDiskStats failed with result NOT_SUPPORTED and size 0
10-07 17:24:54.611 3328 3362 E storaged: getDiskStats failed with result NOT_SUPPORTED and size 0
10-07 17:25:54.612 3328 3362 E storaged: getDiskStats failed with result NOT_SUPPORTED and size 0
10-07 17:26:54.614 3328 3362 E storaged: getDiskStats failed with result NOT_SUPPORTED and size 0
10-07 17:27:54.615 3328 3362 E storaged: getDiskStats failed with result NOT_SUPPORTED and size 0
10-07 17:28:05.887 3543 3543 E ActivityThread: Failed to find provider info for com.nvidia.ibeta
10-07 17:28:05.891 3543 3543 E ActivityThread: Failed to find provider info for com.nvidia.ibeta
10-07 17:28:44.610 3543 3576 I UsageStatsService: User[0] Flushing usage stats to disk
10-07 17:28:54.617 3328 3362 E storaged: getDiskStats failed with result NOT_SUPPORTED and size 0
10-07 17:29:54.618 3328 3362 E storaged: getDiskStats failed with result NOT_SUPPORTED and size 0
10-07 17:30:54.620 3328 3362 E storaged: getDiskStats failed with result NOT_SUPPORTED and size 0
10-07 17:31:54.621 3328 3362 E storaged: getDiskStats failed with result NOT_SUPPORTED and size 0
10-07 17:32:54.623 3328 3362 E storaged: getDiskStats failed with result NOT_SUPPORTED and size 0
10-07 17:33:26.591 3543 3582 E BatteryExternalStatsWorker: no controller energy info supplied for wifi
10-07 17:33:26.602 3543 3582 E BatteryExternalStatsWorker: no controller energy info supplied for telephony
10-07 17:33:26.613 3543 3582 D KernelUidCpuTimeReader: Removing uids 99005-99005
10-07 17:33:54.625 3328 3362 E storaged: getDiskStats failed with result NOT_SUPPORTED and size 0
10-07 17:34:05.895 3543 3543 E ActivityThread: Failed to find provider info for com.nvidia.ibeta
10-07 17:34:05.899 3543 3543 E ActivityThread: Failed to find provider info for com.nvidia.ibeta
10-07 17:34:45.737 7756 7756 W ContextImpl: Calling a method in the system process without a qualified user: android.app.ContextImpl.startService:1548 android.content.ContextWrapper.startService:664 com.nvidia.app.messagingsdk.NvmoTopicsManager.sendRequest:139 com.nvidia.app.messagingsdk.NvmoTopicsManager.sendSubscribeRequest:130 com.nvidia.app.messagingsdk.NvmoTopicsManager.subscribe:58
10-07 17:34:45.751 7756 7756 W ContextImpl: Calling a method in the system process without a qualified user: android.app.ContextImpl.startService:1548 android.content.ContextWrapper.startService:664 com.nvidia.app.messagingsdk.NvmoTopicsManager.sendRequestCompleted:122 com.nvidia.app.messagingsdk.NvmoTopicsManager.access$000:24 com.nvidia.app.messagingsdk.NvmoTopicsManager$1.handleMessage:97
10-07 17:34:46.346 3543 3579 I ActivityManager: Start proc 20713:com.nvidia.feedback/1000 for service com.nvidia.feedback/.FeedbackUploadJobService
10-07 17:34:46.367 3543 3579 I ActivityManager: Start proc 20743:com.opera.browser/u0a154 for service com.opera.browser/com.opera.android.ping.SyncService
10-07 17:34:46.378 3543 8947 W BroadcastQueue: Background execution not allowed: receiving Intent { act=android.intent.action.DROPBOX_ENTRY_ADDED flg=0x10 (has extras) } to com.google.android.gms/.stats.service.DropBoxEntryAddedReceiver
10-07 17:34:46.380 3543 3577 W BroadcastQueue: Background execution not allowed: receiving Intent { act=android.intent.action.DROPBOX_ENTRY_ADDED flg=0x10 (has extras) } to com.google.android.gms/.chimera.GmsIntentOperationService$PersistentTrustedReceiver
10-07 17:34:46.380 3543 3577 W BroadcastQueue: Background execution not allowed: receiving Intent { act=android.intent.action.DROPBOX_ENTRY_ADDED flg=0x10 (has extras) } to com.nvidia.stats/.CollectionsReceiver
10-07 17:34:46.383 5565 5565 E ActivityThread: Failed to find provider info for com.nvidia.ibeta
10-07 17:34:46.384 3543 8947 W BroadcastQueue: Background execution not allowed: receiving Intent { act=android.intent.action.DROPBOX_ENTRY_ADDED flg=0x10 (has extras) } to com.google.android.gms/.stats.service.DropBoxEntryAddedReceiver
10-07 17:34:46.384 3543 3577 W BroadcastQueue: Background execution not allowed: receiving Intent { act=android.intent.action.DROPBOX_ENTRY_ADDED flg=0x10 (has extras) } to com.google.android.gms/.chimera.GmsIntentOperationService$PersistentTrustedReceiver
10-07 17:34:46.384 3543 3577 W BroadcastQueue: Background execution not allowed: receiving Intent { act=android.intent.action.DROPBOX_ENTRY_ADDED flg=0x10 (has extras) } to com.nvidia.stats/.CollectionsReceiver
10-07 17:34:46.388 5565 20756 E ActivityThread: Failed to find provider info for com.nvidia.ibeta
10-07 17:34:46.790 20713 20713 W ContextImpl: Calling a method in the system process without a qualified user: android.app.ContextImpl.startService:1548 android.content.ContextWrapper.startService:664 com.nvidia.feedback.FeedbackUploadJobService.onStartJob:28 android.app.job.JobService$1.onStartJob:62 android.app.job.JobServiceEngine$JobHandler.handleMessage:108
10-07 17:34:46.798 3543 5123 E JobScheduler: Can't cancel all jobs for system uid
10-07 17:34:46.798 3543 5123 E JobScheduler: android.util.Log$TerribleFailure: Can't cancel all jobs for system uid
10-07 17:34:46.798 3543 5123 E JobScheduler: at android.util.Log.wtf(Log.java:299)
10-07 17:34:46.798 3543 5123 E JobScheduler: at android.util.Slog.wtfStack(Slog.java:98)
10-07 17:34:46.798 3543 5123 E JobScheduler: at com.android.server.job.JobSchedulerService.cancelJobsForUid(JobSchedulerService.java:984)
10-07 17:34:46.798 3543 5123 E JobScheduler: at com.android.server.job.JobSchedulerService$JobSchedulerStub.cancelAll(JobSchedulerService.java:2654)
10-07 17:34:46.798 3543 5123 E JobScheduler: at android.app.job.IJobScheduler$Stub.onTransact(IJobScheduler.java:120)
10-07 17:34:46.798 3543 5123 E JobScheduler: at android.os.Binder.execTransact(Binder.java:731)
10-07 17:34:46.801 3543 3577 W BroadcastQueue: Background execution not allowed: receiving Intent { act=android.intent.action.DROPBOX_ENTRY_ADDED flg=0x10 (has extras) } to com.google.android.gms/.stats.service.DropBoxEntryAddedReceiver
10-07 17:34:46.801 3543 3577 W BroadcastQueue: Background execution not allowed: receiving Intent { act=android.intent.action.DROPBOX_ENTRY_ADDED flg=0x10 (has extras) } to com.google.android.gms/.chimera.GmsIntentOperationService$PersistentTrustedReceiver
10-07 17:34:46.801 3543 3577 W BroadcastQueue: Background execution not allowed: receiving Intent { act=android.intent.action.DROPBOX_ENTRY_ADDED flg=0x10 (has extras) } to com.nvidia.stats/.CollectionsReceiver
10-07 17:34:48.752 7859 20845 E ActivityThread: Failed to find provider info for com.nvidia.ibeta
10-07 17:34:54.688 3328 3362 E storaged: getDiskStats failed with result NOT_SUPPORTED and size 0
10-07 17:35:54.690 3328 3362 E storaged: getDiskStats failed with result NOT_SUPPORTED and size 0
10-07 17:36:54.691 3328 3362 E storaged: getDiskStats failed with result NOT_SUPPORTED and size 0
10-07 17:37:54.692 3328 3362 E storaged: getDiskStats failed with result NOT_SUPPORTED and size 0
10-07 17:38:54.694 3328 3362 E storaged: getDiskStats failed with result NOT_SUPPORTED and size 0
10-07 17:39:54.696 3328 3362 E storaged: getDiskStats failed with result NOT_SUPPORTED and size 0
10-07 17:40:05.906 3543 3543 E ActivityThread: Failed to find provider info for com.nvidia.ibeta
10-07 17:40:05.911 3543 3543 E ActivityThread: Failed to find provider info for com.nvidia.ibeta
10-07 17:40:14.694 3543 3543 I ActivityManager: Killing 19140:com.google.android.youtube.tv.recommendations/u0a77 (adj 906): empty for 1818s
10-07 17:40:14.763 3543 5123 D ConnectivityService: ConnectivityService NetworkRequestInfo binderDied(NetworkRequest [ LISTEN id=46, [ Capabilities: INTERNET&NOT_RESTRICTED&TRUSTED Unwanted: Uid: 10077] ], android.os.BinderProxy@1781398)
10-07 17:40:14.764 3543 5120 D ConnectivityService: ConnectivityService NetworkRequestInfo binderDied(NetworkRequest [ TRACK_DEFAULT id=45, [ Capabilities: INTERNET&NOT_RESTRICTED&TRUSTED Unwanted: Uid: 10077] ], android.os.BinderProxy@5a8d7f1)
10-07 17:40:14.764 3543 3663 D ConnectivityService: releasing NetworkRequest [ TRACK_DEFAULT id=45, [ Capabilities: INTERNET&NOT_RESTRICTED&TRUSTED Unwanted: Uid: 10077] ] (release request)
10-07 17:40:54.697 3328 3362 E storaged: getDiskStats failed with result NOT_SUPPORTED and size 0
10-07 17:41:54.699 3328 3362 E storaged: getDiskStats failed with result NOT_SUPPORTED and size 0
10-07 17:42:14.753 3543 3543 I ActivityManager: Killing 19360:com.google.process.gapps/u0a12 (adj 904): empty for 1907s
10-07 17:42:14.754 3543 3543 I ActivityManager: Killing 19283:com.google.android.youtube.tv/u0a77 (adj 906): empty for 1908s
10-07 17:42:14.816 3543 17153 D ConnectivityService: ConnectivityService NetworkRequestInfo binderDied(NetworkRequest [ TRACK_DEFAULT id=47, [ Capabilities: INTERNET&NOT_RESTRICTED&TRUSTED Unwanted: Uid: 10077] ], android.os.BinderProxy@676cba)
10-07 17:42:14.816 3543 5120 D ConnectivityService: ConnectivityService NetworkRequestInfo binderDied(NetworkRequest [ LISTEN id=48, [ Capabilities: INTERNET&NOT_RESTRICTED&TRUSTED Unwanted: Uid: 10077] ], android.os.BinderProxy@106276b)
10-07 17:42:14.816 3543 3663 D ConnectivityService: releasing NetworkRequest [ TRACK_DEFAULT id=47, [ Capabilities: INTERNET&NOT_RESTRICTED&TRUSTED Unwanted: Uid: 10077] ] (release request)
10-07 17:42:54.700 3328 3362 E storaged: getDiskStats failed with result NOT_SUPPORTED and size 0
10-07 17:43:54.702 3328 3362 E storaged: getDiskStats failed with result NOT_SUPPORTED and size 0
10-07 17:44:54.703 3328 3362 E storaged: getDiskStats failed with result NOT_SUPPORTED and size 0
10-07 17:45:54.705 3328 3362 E storaged: getDiskStats failed with result NOT_SUPPORTED and size 0
10-07 17:46:05.957 3543 3543 E ActivityThread: Failed to find provider info for com.nvidia.ibeta
10-07 17:46:05.961 3543 3543 E ActivityThread: Failed to find provider info for com.nvidia.ibeta
10-07 17:46:14.814 3543 3543 I ActivityManager: Killing 8087:com.nvidia.tegrazone3/u0a89 (adj 906): empty for 2018s
10-07 17:46:54.706 3328 3362 E storaged: getDiskStats failed with result NOT_SUPPORTED and size 0
10-07 17:47:54.708 3328 3362 E storaged: getDiskStats failed with result NOT_SUPPORTED and size 0
10-07 17:48:27.146 3543 3579 I ActivityManager: Start proc 21521:android.process.acore/u0a5 for content provider com.android.providers.contacts/.ContactsProvider2
10-07 17:48:27.969 3543 3577 W BroadcastQueue: Background execution not allowed: receiving Intent { act=android.intent.action.DROPBOX_ENTRY_ADDED flg=0x10 (has extras) } to com.google.android.gms/.stats.service.DropBoxEntryAddedReceiver
10-07 17:48:27.970 3543 3577 W BroadcastQueue: Background execution not allowed: receiving Intent { act=android.intent.action.DROPBOX_ENTRY_ADDED flg=0x10 (has extras) } to com.google.android.gms/.chimera.GmsIntentOperationService$PersistentTrustedReceiver
10-07 17:48:27.971 3543 3577 W BroadcastQueue: Background execution not allowed: receiving Intent { act=android.intent.action.DROPBOX_ENTRY_ADDED flg=0x10 (has extras) } to com.nvidia.stats/.CollectionsReceiver
10-07 17:48:54.709 3328 3362 E storaged: getDiskStats failed with result NOT_SUPPORTED and size 0
10-07 17:49:45.830 7756 7756 W ContextImpl: Calling a method in the system process without a qualified user: android.app.ContextImpl.startService:1548 android.content.ContextWrapper.startService:664 com.nvidia.app.messagingsdk.NvmoTopicsManager.sendRequest:139 com.nvidia.app.messagingsdk.NvmoTopicsManager.sendSubscribeRequest:130 com.nvidia.app.messagingsdk.NvmoTopicsManager.subscribe:58
10-07 17:49:45.841 7756 7756 W ContextImpl: Calling a method in the system process without a qualified user: android.app.ContextImpl.startService:1548 android.content.ContextWrapper.startService:664 com.nvidia.app.messagingsdk.NvmoTopicsManager.sendRequestCompleted:122 com.nvidia.app.messagingsdk.NvmoTopicsManager.access$000:24 com.nvidia.app.messagingsdk.NvmoTopicsManager$1.handleMessage:97
10-07 17:49:54.711 3328 3362 E storaged: getDiskStats failed with result NOT_SUPPORTED and size 0
10-07 17:50:54.713 3328 3362 E storaged: getDiskStats failed with result NOT_SUPPORTED and size 0
10-07 17:51:54.714 3328 3362 E storaged: getDiskStats failed with result NOT_SUPPORTED and size 0
10-07 17:52:06.003 3543 3543 E ActivityThread: Failed to find provider info for com.nvidia.ibeta
10-07 17:52:06.008 3543 3543 E ActivityThread: Failed to find provider info for com.nvidia.ibeta
10-07 17:52:54.716 3328 3362 E storaged: getDiskStats failed with result NOT_SUPPORTED and size 0
10-07 17:53:54.717 3328 3362 E storaged: getDiskStats failed with result NOT_SUPPORTED and size 0
10-07 17:54:12.082 3543 3576 I UsageStatsService: User[0] Flushing usage stats to disk
10-07 17:54:54.718 3328 3362 E storaged: getDiskStats failed with result NOT_SUPPORTED and size 0
10-07 17:55:31.474 4600 21905 W ContextImpl: Calling a method in the system process without a qualified user: android.app.ContextImpl.sendBroadcast:1005 android.content.ContextWrapper.sendBroadcast:444 com.nvidia.peripheralservice.StatsUtils.sendStatsIntent:158 com.nvidia.peripheralservice.Stat.runStat:111 com.nvidia.peripheralservice.Stat.startWork:75
10-07 17:55:31.482 5565 5565 W ContextImpl: Calling a method in the system process without a qualified user: android.app.ContextImpl.startService:1548 android.content.ContextWrapper.startService:664 android.content.ContextWrapper.startService:664 com.nvidia.stats.CollectionsReceiver.onReceive:22 android.app.ActivityThread.handleReceiver:3421
10-07 17:55:54.720 3328 3362 E storaged: getDiskStats failed with result NOT_SUPPORTED and size 0
10-07 17:56:54.721 3328 3362 E storaged: getDiskStats failed with result NOT_SUPPORTED and size 0
10-07 17:57:54.723 3328 3362 E storaged: getDiskStats failed with result NOT_SUPPORTED and size 0
10-07 17:58:06.046 3543 3543 E ActivityThread: Failed to find provider info for com.nvidia.ibeta
10-07 17:58:06.050 3543 3543 E ActivityThread: Failed to find provider info for com.nvidia.ibeta
10-07 17:58:54.725 3328 3362 E storaged: getDiskStats failed with result NOT_SUPPORTED and size 0
10-07 17:59:54.726 3328 3362 E storaged: getDiskStats failed with result NOT_SUPPORTED and size 0
10-07 18:00:54.728 3328 3362 E storaged: getDiskStats failed with result NOT_SUPPORTED and size 0
10-07 18:01:54.729 3328 3362 E storaged: getDiskStats failed with result NOT_SUPPORTED and size 0
10-07 18:02:54.731 3328 3362 E storaged: getDiskStats failed with result NOT_SUPPORTED and size 0
10-07 18:03:26.594 3543 3582 E BatteryExternalStatsWorker: no controller energy info supplied for wifi
10-07 18:03:26.598 3543 3582 E BatteryExternalStatsWorker: no controller energy info supplied for telephony
10-07 18:03:54.732 3328 3362 E storaged: getDiskStats failed with result NOT_SUPPORTED and size 0
10-07 18:04:06.098 3543 3543 E ActivityThread: Failed to find provider info for com.nvidia.ibeta
10-07 18:04:06.102 3543 3543 E ActivityThread: Failed to find provider info for com.nvidia.ibeta
10-07 18:04:45.948 7756 7756 W ContextImpl: Calling a method in the system process without a qualified user: android.app.ContextImpl.startService:1548 android.content.ContextWrapper.startService:664 com.nvidia.app.messagingsdk.NvmoTopicsManager.sendRequest:139 com.nvidia.app.messagingsdk.NvmoTopicsManager.sendSubscribeRequest:130 com.nvidia.app.messagingsdk.NvmoTopicsManager.subscribe:58
10-07 18:04:45.958 7756 7756 W ContextImpl: Calling a method in the system process without a qualified user: android.app.ContextImpl.startService:1548 android.content.ContextWrapper.startService:664 com.nvidia.app.messagingsdk.NvmoTopicsManager.sendRequestCompleted:122 com.nvidia.app.messagingsdk.NvmoTopicsManager.access$000:24 com.nvidia.app.messagingsdk.NvmoTopicsManager$1.handleMessage:97
10-07 18:04:48.788 3543 5856 I ActivityManager: Killing 20713:com.nvidia.feedback/1000 (adj 906): empty for 1801s
10-07 18:04:54.734 3328 3362 E storaged: getDiskStats failed with result NOT_SUPPORTED and size 0
10-07 18:05:29.011 3543 3645 D PowerManagerService: wakeUpNoUpdateLocked: eventTime=9122508, uid=1000
10-07 18:05:29.011 3543 3645 I PowerManagerService: Waking up from sleep (uid=1000 reason=android.policy:KEY)...
10-07 18:05:29.011 3543 3645 I PowerManagerService: Called by com.android.server.power.PowerManagerService.wakeUpInternal:1660 com.android.server.power.PowerManagerService.access$4900:132 com.android.server.power.PowerManagerService$BinderService.wakeUp:4777 android.os.PowerManager.wakeUp:938 com.android.server.policy.PhoneWindowManager.wakeUp:7766 com.android.server.policy.PhoneWindowManager.interceptKeyBeforeQueueing:7261 com.android.server.wm.InputMonitor.interceptKeyBeforeQueueing:459 com.android.server.input.InputManagerService.interceptKeyBeforeQueueing:1986
10-07 18:05:29.012 3543 3645 D PowerManagerNotifier: onWakeUp: event=android.policy:KEY, reasonUid=1000 opPackageName=android opUid=1000
10-07 18:05:29.012 3543 3543 W UsageStatsService: Event reported without a package name
10-07 18:05:29.015 3543 3590 I DisplayPowerController: Blocking screen on until initial contents have been drawn.
10-07 18:05:29.027 17395 17395 W ViewRootImpl[Main]: Cancelling event due to no window focus: KeyEvent { action=ACTION_UP, keyCode=KEYCODE_0, scanCode=11, metaState=0, flags=0x28, repeatCount=0, eventTime=9122509, downTime=9122508, deviceId=4, source=0x301 }
10-07 18:05:29.032 17395 17395 I chatty : uid=10159(org.xbmc.kodinerds) identical 1 line
10-07 18:05:29.032 17395 17395 W ViewRootImpl[Main]: Cancelling event due to no window focus: KeyEvent { action=ACTION_UP, keyCode=KEYCODE_0, scanCode=11, metaState=0, flags=0x28, repeatCount=0, eventTime=9122509, downTime=9122508, deviceId=4, source=0x301 }
10-07 18:05:29.088 3543 3641 V WiredAccessoryManager: Headset UEVENT: {SUBSYSTEM=extcon, SEQNUM=5119, ACTION=change, DEVTYPE=extcon2, STATE=HDMI=1
10-07 18:05:29.088 3543 3641 V WiredAccessoryManager: DP=0
10-07 18:05:29.088 3543 3641 V WiredAccessoryManager: AUDIO_AUX0=0
10-07 18:05:29.088 3543 3641 V WiredAccessoryManager: AUDIO_AUX1=1
10-07 18:05:29.088 3543 3641 V WiredAccessoryManager: AUDIO_AUX2=0
10-07 18:05:29.088 3543 3641 V WiredAccessoryManager: AUDIO_AUX3=0, DEVPATH=/devices/extcon/extcon:disp-state/extcon/extcon2, NAME=extcon:disp-state}
10-07 18:05:29.088 3543 3641 V WiredAccessoryManager: newName=extcon2 newState=256 headsetState=256 prev headsetState=0
10-07 18:05:29.098 3543 3588 I DisplayManagerService: Display device changed state: "Integrierter Bildschirm", ON
10-07 18:05:29.101 3543 3543 V WiredAccessoryManager: headsetName: connected address: = aux1_audio
10-07 18:05:29.138 3543 3579 I ActivityManager: Start proc 22477:com.nvidia.tegrazone3/u0a89 for broadcast com.nvidia.tegrazone3/.provider.IntentReceiver
10-07 18:05:29.152 3543 3677 W HDMI : [3]:Failed to send a polling message(4->4) with return code 3 --------- beginning of main
10-07 18:05:29.178 3322 20850 D DrmHal : found drm@1.0 IDrmFactory playready
10-07 18:05:29.180 17395 17395 I chatty : uid=10159(org.xbmc.kodinerds) expire 13 lines
10-07 18:05:29.182 3125 22507 I chatty : uid=1041(audioserver) /system/bin/audioserver expire 1 line
10-07 18:05:29.183 17395 17429 I chatty : uid=10159(org.xbmc.kodinerds) expire 13 lines
10-07 18:05:29.184 3543 3590 I DisplayPowerController: Unblocked screen on after 168 ms
10-07 18:05:29.208 3127 4079 D SurfaceFlinger: Connected to Power Manager
10-07 18:05:29.210 3322 20850 D DrmHal : found drm@1.0 IDrmFactory widevine
10-07 18:05:29.212 3322 20850 D DrmHal : found drm@1.1 IDrmFactory clearkey
10-07 18:05:29.214 3322 20850 D DrmHal : found drm@1.1 IDrmFactory playready
10-07 18:05:29.217 3322 20850 D DrmHal : found drm@1.1 IDrmFactory widevine
10-07 18:05:29.217 3094 6766 D WVCdm : Instantiating CDM.
10-07 18:05:29.221 3097 6767 I WVCdm : [cdm_engine.cpp(481):QueryStatus] CdmEngine::QueryStatus
10-07 18:05:29.221 3097 6767 I WVCdm : [cdm_engine.cpp(481):QueryStatus] CdmEngine::QueryStatus
10-07 18:05:29.222 3322 6775 W MediaAnalyticsItem: Failed to record: [1:drm.vendor.Google.WidevineCDM:96:-1:com.netflix.ninja:0:-1:1:0:0:] [forcenew=0]
10-07 18:05:29.222 3322 6775 E PluginMetricsReporting: selfrecord() returned false. sessioId 96
10-07 18:05:29.225 3322 20850 D DrmHal : found drm@1.0 IDrmFactory clearkey
10-07 18:05:29.227 3322 20850 D DrmHal : found drm@1.0 IDrmFactory default
10-07 18:05:29.228 3322 20850 D DrmHal : found drm@1.0 IDrmFactory playready
10-07 18:05:29.228 3125 22509 I chatty : uid=1041(audioserver) /system/bin/audioserver expire 1 line
10-07 18:05:29.229 3322 20850 D DrmHal : found drm@1.0 IDrmFactory widevine
10-07 18:05:29.233 3769 3769 I DeviceStatusMonitor: onReceive() : Action = android.intent.action.SCREEN_ON
10-07 18:05:29.235 3089 3461 I chatty : uid=1041(audioserver) HwBinder:3089_3 expire 7 lines
10-07 18:05:29.235 3543 3543 W HdmiCecLocalDevicePlayback: CEC OneTouchPlay disabled
10-07 18:05:29.235 3543 3543 W HdmiCecLocalDevicePlayback: OneTouchPlay failed: 6
10-07 18:05:29.237 3322 20850 D DrmHal : found drm@1.1 IDrmFactory clearkey
10-07 18:05:29.238 3322 20850 D DrmHal : found drm@1.1 IDrmFactory playready
10-07 18:05:29.239 3322 20850 D DrmHal : found drm@1.1 IDrmFactory widevine
10-07 18:05:29.240 3094 6766 D WVCdm : Instantiating CDM.
10-07 18:05:29.241 4531 5046 I ShieldBluetoothScanPolicy: Scan Poll enabled due to SCREEN
10-07 18:05:29.242 3097 6767 I WVCdm : [cdm_engine.cpp(481):QueryStatus] CdmEngine::QueryStatus
10-07 18:05:29.242 3097 6767 I WVCdm : [cdm_engine.cpp(481):QueryStatus] CdmEngine::QueryStatus
10-07 18:05:29.243 3322 6775 W MediaAnalyticsItem: Failed to record: [1:drm.vendor.Google.WidevineCDM:98:-1:com.netflix.ninja:0:-1:1:0:0:] [forcenew=0]
10-07 18:05:29.243 3322 6775 E PluginMetricsReporting: selfrecord() returned false. sessioId 98
10-07 18:05:29.246 4531 5046 I ShieldBluetoothScanPolicy: scan optmizations poll trigger due to SCREEN
10-07 18:05:29.248 4531 5046 I ShieldBluetoothHandler: SCREEN ON
10-07 18:05:29.249 4531 5046 I ShieldBluetoothScanPolicy: Scans disallowed due to PACKAGE POLL
10-07 18:05:29.249 4531 5046 D BluetoothAdapter: isLeEnabled(): ON
10-07 18:05:29.253 3728 3848 D AdapterProperties: Discoverable Timeout:-1
10-07 18:05:29.253 3728 3848 D AdapterProperties: Scan Mode:21
10-07 18:05:29.347 6692 7068 I chromium: [6692:7068:INFO:mdns_app_filter.cc(2438)] MdnsAppFilter: responses sent in 40 seconds: 2
10-07 18:05:29.433 3543 3641 V WiredAccessoryManager: Headset UEVENT: {SUBSYSTEM=extcon, SEQNUM=5136, ACTION=change, DEVTYPE=extcon2, STATE=HDMI=1
10-07 18:05:29.433 3543 3641 V WiredAccessoryManager: DP=0
10-07 18:05:29.433 3543 3641 V WiredAccessoryManager: AUDIO_AUX0=0
10-07 18:05:29.433 3543 3641 V WiredAccessoryManager: AUDIO_AUX1=0
10-07 18:05:29.433 3543 3641 V WiredAccessoryManager: AUDIO_AUX2=0
10-07 18:05:29.433 3543 3641 V WiredAccessoryManager: AUDIO_AUX3=0, DEVPATH=/devices/extcon/extcon:disp-state/extcon/extcon2, NAME=extcon:disp-state}
10-07 18:05:29.433 3543 3641 V WiredAccessoryManager: newName=extcon2 newState=0 headsetState=0 prev headsetState=256
10-07 18:05:29.454 3112 3211 I hwcomposer: hotplug: display 0 connected = 0
10-07 18:05:29.454 3543 3641 V WiredAccessoryManager: Headset UEVENT: {SUBSYSTEM=extcon, SEQNUM=5139, ACTION=change, DEVTYPE=extcon2, STATE=HDMI=0
10-07 18:05:29.454 3543 3641 V WiredAccessoryManager: DP=0
10-07 18:05:29.454 3543 3641 V WiredAccessoryManager: AUDIO_AUX0=0
10-07 18:05:29.454 3543 3641 V WiredAccessoryManager: AUDIO_AUX1=0
10-07 18:05:29.454 3543 3641 V WiredAccessoryManager: AUDIO_AUX2=0
10-07 18:05:29.454 3543 3641 V WiredAccessoryManager: AUDIO_AUX3=0, DEVPATH=/devices/extcon/extcon:disp-state/extcon/extcon2, NAME=extcon:disp-state}
10-07 18:05:29.454 3112 3211 V hwcomposer: Display 0 (head 0): creating default mode
10-07 18:05:29.454 3112 3211 D hwcomposer: Fallback mode 1280 x 720 @ 60.00 Hz (RGB/8/Rec.709)
10-07 18:05:29.454 3112 3211 D hwcomposer: Chosen mode 1280 x 720 @ 60.00 Hz (RGB/8/Rec.709)
10-07 18:05:29.454 3112 3211 V hwcomposer: display 0: vblank period = 16666666 ns
10-07 18:05:29.454 3112 3211 D hwcomposer: SF configs: 1
10-07 18:05:29.454 3543 3641 V WiredAccessoryManager: newName=extcon2 newState=0 headsetState=0 prev headsetState=0
10-07 18:05:29.454 3103 3192 I TegraHDMICEC: hotplug display 0 connected 0
10-07 18:05:29.461 4531 5046 I ShieldBluetoothScanPolicy: Scan Poll enabled due to HDMI
10-07 18:05:29.465 3322 6775 D DrmHal : found drm@1.0 IDrmFactory clearkey
10-07 18:05:29.466 4531 5046 I ShieldBluetoothScanPolicy: scan optmizations poll trigger due to HDMI
10-07 18:05:29.468 4531 5046 I ShieldBluetoothHandler: HDMI plug state change false
10-07 18:05:29.472 3322 6775 D DrmHal : found drm@1.0 IDrmFactory default
10-07 18:05:29.472 3322 20850 D DrmHal : found drm@1.0 IDrmFactory clearkey
10-07 18:05:29.473 3322 6775 D DrmHal : found drm@1.0 IDrmFactory playready
10-07 18:05:29.473 3322 20850 D DrmHal : found drm@1.0 IDrmFactory default
10-07 18:05:29.475 3322 6775 D DrmHal : found drm@1.0 IDrmFactory widevine
10-07 18:05:29.475 3322 20850 D DrmHal : found drm@1.0 IDrmFactory playready
10-07 18:05:29.476 3322 20850 D DrmHal : found drm@1.0 IDrmFactory widevine
10-07 18:05:29.476 3322 6775 D DrmHal : found drm@1.1 IDrmFactory clearkey
10-07 18:05:29.477 3322 20850 D DrmHal : found drm@1.1 IDrmFactory clearkey
10-07 18:05:29.477 3322 6775 D DrmHal : found drm@1.1 IDrmFactory playready
10-07 18:05:29.478 3322 20850 D DrmHal : found drm@1.1 IDrmFactory playready
10-07 18:05:29.479 3322 6775 D DrmHal : found drm@1.1 IDrmFactory widevine
10-07 18:05:29.479 3322 20850 D DrmHal : found drm@1.1 IDrmFactory widevine
10-07 18:05:29.479 3094 6766 D WVCdm : Instantiating CDM.
10-07 18:05:29.480 3094 6766 D WVCdm : Instantiating CDM.
10-07 18:05:29.481 3097 6767 I WVCdm : [cdm_engine.cpp(481):QueryStatus] CdmEngine::QueryStatus
10-07 18:05:29.481 3097 6767 I WVCdm : [cdm_engine.cpp(481):QueryStatus] CdmEngine::QueryStatus
10-07 18:05:29.482 3322 20850 W MediaAnalyticsItem: Failed to record: [1:drm.vendor.Google.WidevineCDM:100:-1:com.netflix.ninja:0:-1:1:0:0:] [forcenew=0]
10-07 18:05:29.482 3322 20850 E PluginMetricsReporting: selfrecord() returned false. sessioId 100
10-07 18:05:29.484 3322 20850 D DrmHal : found drm@1.0 IDrmFactory clearkey
10-07 18:05:29.485 3322 20850 D DrmHal : found drm@1.0 IDrmFactory default
10-07 18:05:29.485 3322 20850 D DrmHal : found drm@1.0 IDrmFactory playready
10-07 18:05:29.486 3322 20850 D DrmHal : found drm@1.0 IDrmFactory widevine
10-07 18:05:29.486 3322 20850 D DrmHal : found drm@1.1 IDrmFactory clearkey
10-07 18:05:29.488 3322 20850 D DrmHal : found drm@1.1 IDrmFactory playready
10-07 18:05:29.488 3691 3691 D BlakeWifiIntentManager: HDMI_PLUGGED_ACTION
10-07 18:05:29.489 3322 20850 D DrmHal : found drm@1.1 IDrmFactory widevine
10-07 18:05:29.489 3094 6766 D WVCdm : Instantiating CDM.
10-07 18:05:29.491 3543 3543 W Looper : Slow dispatch took 257ms main h=android.os.Handler c=com.android.server.hdmi.HdmiCecController$4@b23de8d m=0
10-07 18:05:29.492 3112 3212 V hwcomposer: hdcp_poll: processing pipe fd
10-07 18:05:29.492 3112 3211 V hwcomposer: hwc_hotplug: display 0 disconnected
10-07 18:05:29.492 3112 3211 V hwcomposer: hwc_blank_display: display 0: [0 -> 1]
10-07 18:05:29.492 3112 3212 D : signalling poll disabled
10-07 18:05:29.492 3112 3212 I : SecureHdcp_PollDisabled
10-07 18:05:29.492 3097 22520 I WVCdm : [cdm_engine.cpp(481):QueryStatus] CdmEngine::QueryStatus
10-07 18:05:29.493 6692 6692 D cr_AvSettingsAndroid: [AvSettingsAndroid.java:147] HDMI plug update: action=android.media.action.HDMI_AUDIO_PLUG, plug=1
10-07 18:05:29.493 6692 6692 D cr_AvSettingsAndroid: [AvSettingsAndroid.java:155] Max channel count = 8
10-07 18:05:29.495 3543 3543 V WiredAccessoryManager: headsetName: disconnected address: = aux1_audio
10-07 18:05:29.495 4692 4692 I NvCPLSvc: requestMinCores(4)
10-07 18:05:29.495 3097 22520 I WVCdm : [cdm_engine.cpp(481):QueryStatus] CdmEngine::QueryStatus
10-07 18:05:29.497 3728 3940 D BluetoothActiveDeviceManager: onAudioDevicesAdded
10-07 18:05:29.497 3728 3728 D NewAvrcpVolumeManager: onAudioDevicesAdded: Not expecting device changed
10-07 18:05:29.497 3322 20850 W MediaAnalyticsItem: Failed to record: [1:drm.vendor.Google.WidevineCDM:102:-1:com.netflix.ninja:0:-1:1:0:0:] [forcenew=0]
10-07 18:05:29.497 3322 20850 E PluginMetricsReporting: selfrecord() returned false. sessioId 102
10-07 18:05:29.498 3728 3940 D BluetoothActiveDeviceManager: Audio device added: SHIELD Android TV type: 9
10-07 18:05:29.500 6692 6692 D cr_AvSettingsAndroid: [AvSettingsAndroid.java:138] Supported audio codecs:16
10-07 18:05:29.500 6692 7066 I chromium: [6692:7066:INFO:media_manager_impl.cc(1232)] New audio codecs supported: new_codecs=16, old_codecs=0
10-07 18:05:29.500 4692 4692 I NvCPLSvc: requestMinFreq(1100000) cluster: 0
10-07 18:05:29.502 6692 7066 W cr_AvSettingsAndroid: getDolbyVisionFlags() not supported, returning 0
10-07 18:05:29.503 6692 7066 D cr_EstimateResolution: [MaxAnticipatedResolutionEstimator.java:41] Assuming 4K display capabilities because we can decode VP9 4K video.
10-07 18:05:29.509 3543 3543 I chatty : uid=1000 system_server expire 6 lines
10-07 18:05:29.509 3803 3803 V MediaRouter: Audio routes updated: AudioRoutesInfo{ type=HDMI }, a2dp=false
10-07 18:05:29.509 3803 3803 V MediaRouter: Selecting route: RouteInfo{ name=HDMI, description=null, status=null, category=RouteCategory{ name=System types=ROUTE_TYPE_LIVE_AUDIO ROUTE_TYPE_LIVE_VIDEO groupable=false }, supportedTypes=ROUTE_TYPE_LIVE_AUDIO ROUTE_TYPE_LIVE_VIDEO , presentationDisplay=null }
10-07 18:05:29.522 4493 4493 W AudioManager: attempt to call unregisterAudioPlaybackCallback() on a callback already unregistered or never registered
10-07 18:05:29.527 6692 7066 I chromium: [6692:7066:INFO:media_manager_impl.cc(477)] New mute state for MEDIA: 0
10-07 18:05:29.532 6692 7066 I chromium: [6692:7066:INFO:media_manager_impl.cc(477)] New mute state for ALARM: 0
10-07 18:05:29.533 6692 6692 D cr_AvSettingsAndroid: [AvSettingsAndroid.java:177] Got intent: android.intent.action.SCREEN_ON
10-07 18:05:29.534 6692 7066 I chromium: [6692:7066:INFO:media_manager_impl.cc(985)] New active state: new_state=3, old_state=1
10-07 18:05:29.534 6692 6692 I chromium: [6692:6692:INFO:metrics_recorder.cc(228)] Record action: Cast.CecHdmiInputState.InactiveToActive
10-07 18:05:29.534 6692 6692 I chromium: [6692:6692:INFO:metrics_recorder.cc(228)] Record action: Cast.CecStandby.StandbyToOn
10-07 18:05:29.537 6692 7066 I chromium: [6692:7066:INFO:media_manager_impl.cc(477)] New mute state for COMMUNICATION: 0
10-07 18:05:29.538 4776 4776 V OSCRSController: onScreenOn true
10-07 18:05:29.543 5171 5534 W SessionLifecycleManager: Client : AttachedClient[22743868964170689, ClientConfig[mFlags=[40000088001] mSuggestFlags=[0] mClientId=HOTWORD_SERVICE mSessionType=search publicSearchServiceCallerUid=-1]] has no associated SessionController
10-07 18:05:29.543 3111 3111 I GenSysfsServiceImpl: StylusServiceImpl::setLedBrightnessNode is called.
10-07 18:05:29.545 3803 3996 I vol.Events: writeEvent mute_changed STREAM_VOICE_CALL false
10-07 18:05:29.545 3803 3996 I vol.Events: writeEvent mute_changed STREAM_SYSTEM false
10-07 18:05:29.545 3803 3996 I vol.Events: writeEvent mute_changed STREAM_RING false
10-07 18:05:29.546 3803 3996 I vol.Events: writeEvent mute_changed STREAM_MUSIC false
10-07 18:05:29.546 3803 3996 I vol.Events: writeEvent mute_changed STREAM_ALARM false
10-07 18:05:29.546 3803 3996 I vol.Events: writeEvent mute_changed STREAM_BLUETOOTH_SCO false
10-07 18:05:29.556 3543 3677 W HDMI : [1]:Failed to send a polling message(4->14) with return code 3
10-07 18:05:29.631 22477 22530 I FA : App measurement is starting up, version: 15300
10-07 18:05:29.631 22477 22530 I FA : To enable debug logging run: adb shell setprop log.tag.FA VERBOSE
10-07 18:05:29.632 22477 22530 I FA : To enable faster debug mode event logging run:
10-07 18:05:29.632 22477 22530 I FA : adb shell setprop debug.firebase.analytics.app com.nvidia.tegrazone3
10-07 18:05:29.632 22477 22477 D FirebaseApp: com.google.firebase.auth.FirebaseAuth is not linked. Skipping initialization.
10-07 18:05:29.632 22477 22477 D FirebaseApp: com.google.firebase.crash.FirebaseCrash is not linked. Skipping initialization.
10-07 18:05:29.632 22477 22477 I FirebaseInitProvider: FirebaseApp initialization successful
10-07 18:05:29.645 22477 22477 D SuggestContentProvider: onCreate
10-07 18:05:29.650 22477 22477 I TegraZoneApplication_KPI: onCreate process name:com.nvidia.tegrazone3, package name: com.nvidia.tegrazone3
10-07 18:05:29.650 22477 22477 I UpdateWatchdog: Timer start
10-07 18:05:29.685 3543 3677 W HdmiCecController: Failed to send src: 4, dst: 0 with errorCode=3
10-07 18:05:29.697 3097 6767 I WVCdm : [cdm_engine.cpp(481):QueryStatus] CdmEngine::QueryStatus
10-07 18:05:29.698 3322 20850 W MediaAnalyticsItem: Failed to record: [1:drm.vendor.Google.WidevineCDM:104:-1:com.google.android.apps.mediashell:0:-1:1:0:0:] [forcenew=0]
10-07 18:05:29.698 3322 20850 E PluginMetricsReporting: selfrecord() returned false. sessioId 104
10-07 18:05:29.699 6692 7066 W cr_AvSettingsAndroid: getDolbyVisionFlags() not supported, returning 0
10-07 18:05:29.700 6692 7066 I chromium: [6692:7066:INFO:media_manager_impl.cc(1289)] ScreenInfo changed: HDCP version=0 supported EOTFs=0 DolbyVision flags=0 Size(mm): 0x0 cur mode HDR=0 cur mode DV=0
10-07 18:05:29.700 6692 7066 D cr_EstimateResolution: [MaxAnticipatedResolutionEstimator.java:41] Assuming 4K display capabilities because we can decode VP9 4K video.
10-07 18:05:29.718 22477 22477 D RenderScript HIDL Adaptation: IRenderScriptDevice::getService()
10-07 18:05:29.725 22477 22477 D RenderScript HIDL Adaptation: IRenderScriptDevice::getService() returned 0x0
10-07 18:05:29.725 22477 22477 D RenderScript HIDL Adaptation: Using Fallback Path.
10-07 18:05:29.726 3543 3677 W HDMI : [1]:Failed to send a polling message(4->13) with return code 3
10-07 18:05:29.766 3543 3677 W HDMI : [1]:Failed to send a polling message(4->12) with return code 3
10-07 18:05:29.807 3543 3677 W HDMI : [1]:Failed to send a polling message(4->11) with return code 3
10-07 18:05:29.847 3543 3677 W HDMI : [1]:Failed to send a polling message(4->10) with return code 3
10-07 18:05:29.888 3543 3677 W HDMI : [1]:Failed to send a polling message(4->9) with return code 3
10-07 18:05:29.928 22477 22477 D : Successfully queried cache dir: /data/user_de/0/com.nvidia.tegrazone3/code_cache
10-07 18:05:29.928 22477 22477 D RenderScript: Setting cache dir: /data/user_de/0/com.nvidia.tegrazone3/code_cache
10-07 18:05:29.928 3543 3677 W HDMI : [1]:Failed to send a polling message(4->8) with return code 3
10-07 18:05:29.930 22477 22477 D NetworkSecurityConfig: No Network Security Config specified, using platform default
10-07 18:05:29.932 22477 22477 W Settings: Setting airplane_mode_on has moved from android.provider.Settings.System to android.provider.Settings.Global, returning read-only value.
10-07 18:05:29.939 22477 22477 D AccountManager: sendLoginInfoToTelemetry
10-07 18:05:29.941 22477 22477 D AccountManager: User is logged out
10-07 18:05:29.941 22477 22477 D AccountManager: java.lang.IllegalStateException: Cannot read when there is no user
10-07 18:05:29.941 22477 22477 D AccountManager: at com.nvidia.tegrazone.account.b.a(GameStream:186)
10-07 18:05:29.941 22477 22477 D AccountManager: at com.nvidia.tegrazone.account.b.k(GameStream:332)
10-07 18:05:29.941 22477 22477 D AccountManager: at com.nvidia.tegrazone.account.b.i(GameStream:314)
10-07 18:05:29.941 22477 22477 D AccountManager: at com.nvidia.tegrazone.TegraZoneApplication.o(GameStream:348)
10-07 18:05:29.941 22477 22477 D AccountManager: at com.nvidia.tegrazone.TegraZoneApplication.g(GameStream:157)
10-07 18:05:29.941 22477 22477 D AccountManager: at com.nvidia.tegrazone.TegraZoneApplication.onCreate(GameStream:128)
10-07 18:05:29.941 22477 22477 D AccountManager: at android.app.Instrumentation.callApplicationOnCreate(Instrumentation.java:1154)
10-07 18:05:29.941 22477 22477 D AccountManager: at android.app.ActivityThread.handleBindApplication(ActivityThread.java:5922)
10-07 18:05:29.941 22477 22477 D AccountManager: at android.app.ActivityThread.access$1100(ActivityThread.java:200)
10-07 18:05:29.941 22477 22477 D AccountManager: at android.app.ActivityThread$H.handleMessage(ActivityThread.java:1651)
10-07 18:05:29.941 22477 22477 D AccountManager: at android.os.Handler.dispatchMessage(Handler.java:106)
10-07 18:05:29.941 22477 22477 D AccountManager: at android.os.Looper.loop(Looper.java:193)
10-07 18:05:29.941 22477 22477 D AccountManager: at android.app.ActivityThread.main(ActivityThread.java:6720)
10-07 18:05:29.941 22477 22477 D AccountManager: at java.lang.reflect.Method.invoke(Native Method)
10-07 18:05:29.941 22477 22477 D AccountManager: at com.android.internal.os.RuntimeInit$MethodAndArgsCaller.run(RuntimeInit.java:493)
10-07 18:05:29.941 22477 22477 D AccountManager: at com.android.internal.os.ZygoteInit.main(ZygoteInit.java:858)
10-07 18:05:29.941 22477 22477 D AccountManager: getProviderInfo:{unknown}
10-07 18:05:29.956 22477 22477 D ChannelsJobService: scheduleChannels -->
10-07 18:05:29.959 22477 22477 D ChannelsJobService: scheduleChannels now
10-07 18:05:29.961 22477 22477 D ChannelsJobService: scheduleChannels <--
10-07 18:05:29.969 3543 3677 W HDMI : [1]:Failed to send a polling message(4->7) with return code 3
10-07 18:05:29.973 22477 22477 I UpdateWatchdog: Timer cancelled
10-07 18:05:29.976 22477 22560 V TegraZoneApplication: Get property factory.accessory.bundleinfo : 0
10-07 18:05:29.984 22477 22477 V TegraZoneApplication: mAccessoryInfo set
10-07 18:05:29.988 22477 22477 D ChannelsJobService: onStartJob: 1767486
10-07 18:05:29.988 22477 22477 D ChannelsJobService: scheduleForChannelChanges
10-07 18:05:29.993 22477 22570 D TegraZoneApplication: no need to lock thread:Thread[pool-1-thread-1,5,main]
10-07 18:05:29.993 22477 22570 D ChannelsJobService: ChannelsJob called
10-07 18:05:29.998 8228 8267 W ContentProvider: Normalized content://com.nvidia.pgcontentprovider.PGContentProvider//minimal/serverinfo to content://com.nvidia.pgcontentprovider.PGContentProvider/minimal/serverinfo to avoid possible security issues
10-07 18:05:30.003 8228 8267 W ContentProvider: Normalized content://com.nvidia.pgcontentprovider.PGContentProvider//minimal/gameinfoview to content://com.nvidia.pgcontentprovider.PGContentProvider/minimal/gameinfoview to avoid possible security issues
10-07 18:05:30.009 3543 3677 W HDMI : [1]:Failed to send a polling message(4->6) with return code 3
10-07 18:05:30.010 8146 22569 D TelemetryService: event Timing sent because of consent:FULL , event gdpr level:FUNCTIONAL , event client id:94211521738964993
10-07 18:05:30.042 8228 8267 W CursorWindow: Window is full: requested allocation 1237 bytes, free space 379 bytes, window size 2097152 bytes
10-07 18:05:30.050 3543 3677 W HDMI : [1]:Failed to send a polling message(4->5) with return code 3
10-07 18:05:30.172 22477 22570 D TileAndroidGame: Unable to parse developer
10-07 18:05:30.172 22477 22570 D TileAndroidGame: org.json.JSONException: End of input at character 0 of
10-07 18:05:30.172 22477 22570 D TileAndroidGame: at org.json.JSONTokener.syntaxError(JSONTokener.java:449)
10-07 18:05:30.172 22477 22570 D TileAndroidGame: at org.json.JSONTokener.nextValue(JSONTokener.java:97)
10-07 18:05:30.172 22477 22570 D TileAndroidGame: at org.json.JSONObject.(JSONObject.java:159)
10-07 18:05:30.172 22477 22570 D TileAndroidGame: at org.json.JSONObject.(JSONObject.java:176)
10-07 18:05:30.172 22477 22570 D TileAndroidGame: at com.nvidia.tegrazone.e.b.j.a(GameStream:155)
10-07 18:05:30.172 22477 22570 D TileAndroidGame: at com.nvidia.tegrazone.e.a.a(GameStream:355)
10-07 18:05:30.172 22477 22570 D TileAndroidGame: at com.nvidia.tegrazone.e.a.a(GameStream:78)
10-07 18:05:30.172 22477 22570 D TileAndroidGame: at com.nvidia.tegrazone.channels.ChannelsJobService.a(GameStream:199)
10-07 18:05:30.172 22477 22570 D TileAndroidGame: at com.nvidia.tegrazone.channels.ChannelsJobService.a(GameStream:83)
10-07 18:05:30.172 22477 22570 D TileAndroidGame: at com.nvidia.tegrazone.channels.ChannelsJobService$a.a(GameStream:181)
10-07 18:05:30.172 22477 22570 D TileAndroidGame: at com.nvidia.tegrazone.channels.ChannelsJobService$a.call(GameStream:162)
10-07 18:05:30.172 22477 22570 D TileAndroidGame: at java.util.concurrent.FutureTask.run(FutureTask.java:266)
10-07 18:05:30.172 22477 22570 D TileAndroidGame: at java.util.concurrent.ThreadPoolExecutor.runWorker(ThreadPoolExecutor.java:1167)
10-07 18:05:30.172 22477 22570 D TileAndroidGame: at java.util.concurrent.ThreadPoolExecutor$Worker.run(ThreadPoolExecutor.java:641)
10-07 18:05:30.172 22477 22570 D TileAndroidGame: at java.lang.Thread.run(Thread.java:764)
10-07 18:05:30.173 3543 3677 W HDMI : [1]:Failed to send a polling message(4->2) with return code 3
10-07 18:05:30.210 3543 3677 W HDMI : [1]:Failed to send a polling message(4->1) with return code 3
10-07 18:05:30.250 3543 3677 W HDMI : [1]:Failed to send a polling message(4->0) with return code 3
10-07 18:05:30.251 3543 3543 V DeviceDiscoveryAction: Device detected: [3]
10-07 18:05:30.251 3543 3543 V DeviceDiscoveryAction: Start [Physical Address Stage]:1
10-07 18:05:30.176 22477 22570 D TileAndroidGame: Unable to parse developer
10-07 18:05:30.176 22477 22570 D TileAndroidGame: org.json.JSONException: End of input at character 0 of
10-07 18:05:30.176 22477 22570 D TileAndroidGame: at org.json.JSONTokener.syntaxError(JSONTokener.java:449)
10-07 18:05:30.176 22477 22570 D TileAndroidGame: at org.json.JSONTokener.nextValue(JSONTokener.java:97)
10-07 18:05:30.176 22477 22570 D TileAndroidGame: at org.json.JSONObject.(JSONObject.java:159)
10-07 18:05:30.176 22477 22570 D TileAndroidGame: at org.json.JSONObject.(JSONObject.java:176)
10-07 18:05:30.176 22477 22570 D TileAndroidGame: at com.nvidia.tegrazone.e.b.j.a(GameStream:155)
10-07 18:05:30.176 22477 22570 D TileAndroidGame: at com.nvidia.tegrazone.e.a.a(GameStream:355)
10-07 18:05:30.176 22477 22570 D TileAndroidGame: at com.nvidia.tegrazone.e.a.a(GameStream:78)
10-07 18:05:30.176 22477 22570 D TileAndroidGame: at com.nvidia.tegrazone.channels.ChannelsJobService.a(GameStream:199)
10-07 18:05:30.176 22477 22570 D TileAndroidGame: at com.nvidia.tegrazone.channels.ChannelsJobService.a(GameStream:83)
10-07 18:05:30.176 22477 22570 D TileAndroidGame: at com.nvidia.tegrazone.channels.ChannelsJobService$a.a(GameStream:181)
10-07 18:05:30.176 22477 22570 D TileAndroidGame: at com.nvidia.tegrazone.channels.ChannelsJobService$a.call(GameStream:162)
10-07 18:05:30.176 22477 22570 D TileAndroidGame: at java.util.concurrent.FutureTask.run(FutureTask.java:266)
10-07 18:05:30.176 22477 22570 D TileAndroidGame: at java.util.concurrent.ThreadPoolExecutor.runWorker(ThreadPoolExecutor.java:1167)
10-07 18:05:30.176 22477 22570 D TileAndroidGame: at java.util.concurrent.ThreadPoolExecutor$Worker.run(ThreadPoolExecutor.java:641)
