10-07 18:15:13.813 3125 11468 I APM_AudioPolicyManager: getOutputForAttr() device 0x400, sampling rate 48000, format 0xc000000, channel mask 0x63f, flags 0x1
10-07 18:15:13.813 3125 11468 I APM_AudioPolicyManager: Fallback from DTS-HD to DTS in profile passthrough
10-07 18:15:13.813 3125 11468 I AudioFlinger: openOutput() this 0x4b3be000, module 10 Device 0x400, SamplingRate 48000, Format 0xc000000, Channels 0x63f, flags 0x1
10-07 18:15:13.814 3089 3461 W nvaudio_hw: Sink does not support multichannel: 8 ch
10-07 18:15:13.814 3089 3461 W DeviceHAL: Error from HAL Device in function open_output_stream: Invalid argument
10-07 18:15:13.814 3125 11468 I AudioHwDevice: openOutputStream(), HAL returned sampleRate 48000, Format 0xb000000, channelMask 0x63f, status -22
10-07 18:15:13.814 3125 11468 I AudioHwDevice: format changed from DTS HD to DTS
10-07 18:15:13.814 3125 11468 I AudioSPDIF: SPDIFEncoder: mBurstBufferSizeBytes = 16384, littleEndian = 1
10-07 18:15:13.814 3125 11468 I AudioFlinger: SpdifStreamOut::open() AudioFlinger requested sampleRate 48000, format 0xb000000, channelMask 0x63f
10-07 18:15:13.814 3125 11468 I AudioFlinger: SpdifStreamOut::open() HAL configured for sampleRate 48000, format 0x1, channelMask 0x3
10-07 18:15:13.814 3125 11468 I AudioFlinger: SpdifStreamOut::open() status = 0
10-07 18:15:13.815 3125 11468 I AudioFlinger: HAL output buffer size 32768 frames, normal sink buffer size 32768 frames
10-07 18:15:13.815 3125 24655 I AudioFlinger: AudioFlinger's thread 0x4d834000 tid=24655 ready to run
10-07 18:15:13.875 3125 11744 I APM_AudioPolicyManager: getOutputForAttr() device 0x400, sampling rate 48000, format 0xe000000, channel mask 0x63f, flags 0x1
10-07 18:15:13.876 3125 11744 W APM_AudioPolicyManager: getOutputForDevice() could not find output for stream 3, sampling rate 48000, format 0xe000000, channels 0x63f, flags 0x1
10-07 18:15:13.926 3125 11744 I APM_AudioPolicyManager: getOutputForAttr() device 0x400, sampling rate 48000, format 0xe000000, channel mask 0x63f, flags 0x1
10-07 18:15:13.926 3125 11744 W APM_AudioPolicyManager: getOutputForDevice() could not find output for stream 3, sampling rate 48000, format 0xe000000, channels 0x63f, flags 0x1
10-07 18:15:13.976 3125 11744 I APM_AudioPolicyManager: getOutputForAttr() device 0x400, sampling rate 48000, format 0xe000000, channel mask 0x63f, flags 0x1
10-07 18:15:13.976 3125 11744 W APM_AudioPolicyManager: getOutputForDevice() could not find output for stream 3, sampling rate 48000, format 0xe000000, channels 0x63f, flags 0x1
10-07 18:15:14.026 3125 11744 I APM_AudioPolicyManager: getOutputForAttr() device 0x400, sampling rate 48000, format 0xe000000, channel mask 0x63f, flags 0x1
10-07 18:15:14.026 3125 11744 W APM_AudioPolicyManager: getOutputForDevice() could not find output for stream 3, sampling rate 48000, format 0xe000000, channels 0x63f, flags 0x1
10-07 18:15:14.076 3125 11744 I APM_AudioPolicyManager: getOutputForAttr() device 0x400, sampling rate 48000, format 0xe000000, channel mask 0x63f, flags 0x1
10-07 18:15:14.076 3125 11744 W APM_AudioPolicyManager: getOutputForDevice() could not find output for stream 3, sampling rate 48000, format 0xe000000, channels 0x63f, flags 0x1
10-07 18:15:14.127 3125 11744 I APM_AudioPolicyManager: getOutputForAttr() device 0x400, sampling rate 48000, format 0xe000000, channel mask 0x63f, flags 0x1
10-07 18:15:14.127 3125 11744 W APM_AudioPolicyManager: getOutputForDevice() could not find output for stream 3, sampling rate 48000, format 0xe000000, channels 0x63f, flags 0x1
10-07 18:15:14.177 3125 11744 I APM_AudioPolicyManager: getOutputForAttr() device 0x400, sampling rate 48000, format 0xe000000, channel mask 0x63f, flags 0x1
10-07 18:15:14.177 3125 11744 W APM_AudioPolicyManager: getOutputForDevice() could not find output for stream 3, sampling rate 48000, format 0xe000000, channels 0x63f, flags 0x1
10-07 18:15:14.227 3125 11744 I APM_AudioPolicyManager: getOutputForAttr() device 0x400, sampling rate 48000, format 0xe000000, channel mask 0x63f, flags 0x1
10-07 18:15:14.227 3125 11744 W APM_AudioPolicyManager: getOutputForDevice() could not find output for stream 3, sampling rate 48000, format 0xe000000, channels 0x63f, flags 0x1
10-07 18:15:14.277 3125 11744 I APM_AudioPolicyManager: getOutputForAttr() device 0x400, sampling rate 48000, format 0xe000000, channel mask 0x63f, flags 0x1
10-07 18:15:14.277 3125 11744 W APM_AudioPolicyManager: getOutputForDevice() could not find output for stream 3, sampling rate 48000, format 0xe000000, channels 0x63f, flags 0x1
10-07 18:15:14.328 3125 11744 I APM_AudioPolicyManager: getOutputForAttr() device 0x400, sampling rate 48000, format 0xe000000, channel mask 0x63f, flags 0x1
10-07 18:15:14.328 3125 11744 W APM_AudioPolicyManager: getOutputForDevice() could not find output for stream 3, sampling rate 48000, format 0xe000000, channels 0x63f, flags 0x1
10-07 18:15:14.378 3125 11744 I APM_AudioPolicyManager: getOutputForAttr() device 0x400, sampling rate 48000, format 0xe000000, channel mask 0x63f, flags 0x1
10-07 18:15:14.378 3125 11744 W APM_AudioPolicyManager: getOutputForDevice() could not find output for stream 3, sampling rate 48000, format 0xe000000, channels 0x63f, flags 0x1
10-07 18:15:14.428 3125 11744 I APM_AudioPolicyManager: getOutputForAttr() device 0x400, sampling rate 48000, format 0xe000000, channel mask 0x63f, flags 0x1
10-07 18:15:14.428 3125 11744 W APM_AudioPolicyManager: getOutputForDevice() could not find output for stream 3, sampling rate 48000, format 0xe000000, channels 0x63f, flags 0x1
10-07 18:15:14.478 3125 11744 I APM_AudioPolicyManager: getOutputForAttr() device 0x400, sampling rate 48000, format 0xe000000, channel mask 0x63f, flags 0x1
10-07 18:15:14.478 3125 11744 W APM_AudioPolicyManager: getOutputForDevice() could not find output for stream 3, sampling rate 48000, format 0xe000000, channels 0x63f, flags 0x1
10-07 18:15:14.529 3125 11744 I APM_AudioPolicyManager: getOutputForAttr() device 0x400, sampling rate 48000, format 0xe000000, channel mask 0x63f, flags 0x1
10-07 18:15:14.529 3125 11744 W APM_AudioPolicyManager: getOutputForDevice() could not find output for stream 3, sampling rate 48000, format 0xe000000, channels 0x63f, flags 0x1
10-07 18:15:14.579 3125 11744 I APM_AudioPolicyManager: getOutputForAttr() device 0x400, sampling rate 48000, format 0xe000000, channel mask 0x63f, flags 0x1
10-07 18:15:14.579 3125 11744 W APM_AudioPolicyManager: getOutputForDevice() could not find output for stream 3, sampling rate 48000, format 0xe000000, channels 0x63f, flags 0x1
10-07 18:15:14.629 3125 11744 I APM_AudioPolicyManager: getOutputForAttr() device 0x400, sampling rate 48000, format 0xe000000, channel mask 0x63f, flags 0x1
10-07 18:15:14.629 3125 11744 W APM_AudioPolicyManager: getOutputForDevice() could not find output for stream 3, sampling rate 48000, format 0xe000000, channels 0x63f, flags 0x1
10-07 18:15:14.629 3125 11744 E AudioFlinger: createTrack() getOutputForAttr() return error -38 or invalid output handle
10-07 18:15:14.629 24590 24641 E IAudioFlinger: createTrack returned error -38
10-07 18:15:14.629 24590 24641 E AudioTrack: AudioFlinger could not create track, status: -38 output 1684223368
10-07 18:15:14.630 24590 24641 E AudioTrack-JNI: Error -38 initializing AudioTrack
10-07 18:15:14.630 24590 24641 D AudioTrack: no metrics gathered, track status=-38
10-07 18:15:14.630 24590 24641 E android.media.AudioTrack: Error code -20 when initializing AudioTrack.
10-07 18:15:14.630 24590 24641 W System.err: java.lang.IllegalStateException: stop() called on uninitialized AudioTrack.
10-07 18:15:14.631 24590 24641 W System.err: at android.media.AudioTrack.stop(AudioTrack.java:2124)
10-07 18:15:14.683 3125 11744 I APM_AudioPolicyManager: getOutputForAttr() device 0x400, sampling rate 48000, format 0xd000000, channel mask 0x3, flags 0x1
10-07 18:15:14.683 3125 11744 I AudioFlinger: openOutput() this 0x4b3be000, module 10 Device 0x400, SamplingRate 48000, Format 0xd000000, Channels 0x3, flags 0x1
10-07 18:15:14.684 3125 11744 I AudioFlinger: HAL output buffer size 1024 frames, normal sink buffer size 1024 frames
10-07 18:15:14.685 3125 24658 I AudioFlinger: AudioFlinger's thread 0x4d757000 tid=24658 ready to run
10-07 18:15:14.743 3125 3375 I APM_AudioPolicyManager: getOutputForAttr() device 0x400, sampling rate 192000, format 0xd000000, channel mask 0x63f, flags 0x1
10-07 18:15:14.743 3125 3375 W APM_AudioPolicyManager: getOutputForDevice() could not find output for stream 3, sampling rate 192000, format 0xd000000, channels 0x63f, flags 0x1
10-07 18:15:14.794 3125 3375 I APM_AudioPolicyManager: getOutputForAttr() device 0x400, sampling rate 192000, format 0xd000000, channel mask 0x63f, flags 0x1
10-07 18:15:14.794 3125 3375 W APM_AudioPolicyManager: getOutputForDevice() could not find output for stream 3, sampling rate 192000, format 0xd000000, channels 0x63f, flags 0x1
10-07 18:15:14.844 3125 3375 I APM_AudioPolicyManager: getOutputForAttr() device 0x400, sampling rate 192000, format 0xd000000, channel mask 0x63f, flags 0x1
10-07 18:15:14.844 3125 3375 W APM_AudioPolicyManager: getOutputForDevice() could not find output for stream 3, sampling rate 192000, format 0xd000000, channels 0x63f, flags 0x1
10-07 18:15:14.894 3125 3375 I APM_AudioPolicyManager: getOutputForAttr() device 0x400, sampling rate 192000, format 0xd000000, channel mask 0x63f, flags 0x1
10-07 18:15:14.894 3125 3375 W APM_AudioPolicyManager: getOutputForDevice() could not find output for stream 3, sampling rate 192000, format 0xd000000, channels 0x63f, flags 0x1
10-07 18:15:14.944 3125 3375 I APM_AudioPolicyManager: getOutputForAttr() device 0x400, sampling rate 192000, format 0xd000000, channel mask 0x63f, flags 0x1
10-07 18:15:14.944 3125 3375 W APM_AudioPolicyManager: getOutputForDevice() could not find output for stream 3, sampling rate 192000, format 0xd000000, channels 0x63f, flags 0x1
10-07 18:15:14.963 3089 3222 W nvaudio_hw: stop_output_stream: 1 underruns seen on pcm device hdmi-playback
10-07 18:15:14.995 3125 3375 I APM_AudioPolicyManager: getOutputForAttr() device 0x400, sampling rate 192000, format 0xd000000, channel mask 0x63f, flags 0x1
10-07 18:15:14.995 3125 3375 W APM_AudioPolicyManager: getOutputForDevice() could not find output for stream 3, sampling rate 192000, format 0xd000000, channels 0x63f, flags 0x1
10-07 18:15:15.045 3125 3375 I APM_AudioPolicyManager: getOutputForAttr() device 0x400, sampling rate 192000, format 0xd000000, channel mask 0x63f, flags 0x1
10-07 18:15:15.045 3125 3375 W APM_AudioPolicyManager: getOutputForDevice() could not find output for stream 3, sampling rate 192000, format 0xd000000, channels 0x63f, flags 0x1
10-07 18:15:15.095 3125 3375 I APM_AudioPolicyManager: getOutputForAttr() device 0x400, sampling rate 192000, format 0xd000000, channel mask 0x63f, flags 0x1
10-07 18:15:15.095 3125 3375 W APM_AudioPolicyManager: getOutputForDevice() could not find output for stream 3, sampling rate 192000, format 0xd000000, channels 0x63f, flags 0x1
10-07 18:15:15.145 3125 3375 I APM_AudioPolicyManager: getOutputForAttr() device 0x400, sampling rate 192000, format 0xd000000, channel mask 0x63f, flags 0x1
10-07 18:15:15.145 3125 3375 W APM_AudioPolicyManager: getOutputForDevice() could not find output for stream 3, sampling rate 192000, format 0xd000000, channels 0x63f, flags 0x1
10-07 18:15:15.196 3125 3375 I APM_AudioPolicyManager: getOutputForAttr() device 0x400, sampling rate 192000, format 0xd000000, channel mask 0x63f, flags 0x1
10-07 18:15:15.196 3125 3375 W APM_AudioPolicyManager: getOutputForDevice() could not find output for stream 3, sampling rate 192000, format 0xd000000, channels 0x63f, flags 0x1
10-07 18:15:15.246 3125 3375 I APM_AudioPolicyManager: getOutputForAttr() device 0x400, sampling rate 192000, format 0xd000000, channel mask 0x63f, flags 0x1
10-07 18:15:15.246 3125 3375 W APM_AudioPolicyManager: getOutputForDevice() could not find output for stream 3, sampling rate 192000, format 0xd000000, channels 0x63f, flags 0x1
10-07 18:15:15.296 3125 3375 I APM_AudioPolicyManager: getOutputForAttr() device 0x400, sampling rate 192000, format 0xd000000, channel mask 0x63f, flags 0x1
10-07 18:15:15.296 3125 3375 W APM_AudioPolicyManager: getOutputForDevice() could not find output for stream 3, sampling rate 192000, format 0xd000000, channels 0x63f, flags 0x1
10-07 18:15:15.346 3125 3375 I APM_AudioPolicyManager: getOutputForAttr() device 0x400, sampling rate 192000, format 0xd000000, channel mask 0x63f, flags 0x1
10-07 18:15:15.346 3125 3375 W APM_AudioPolicyManager: getOutputForDevice() could not find output for stream 3, sampling rate 192000, format 0xd000000, channels 0x63f, flags 0x1
10-07 18:15:15.397 3125 3375 I APM_AudioPolicyManager: getOutputForAttr() device 0x400, sampling rate 192000, format 0xd000000, channel mask 0x63f, flags 0x1
10-07 18:15:15.397 3125 3375 W APM_AudioPolicyManager: getOutputForDevice() could not find output for stream 3, sampling rate 192000, format 0xd000000, channels 0x63f, flags 0x1
10-07 18:15:15.447 3125 3375 I APM_AudioPolicyManager: getOutputForAttr() device 0x400, sampling rate 192000, format 0xd000000, channel mask 0x63f, flags 0x1
10-07 18:15:15.447 3125 3375 W APM_AudioPolicyManager: getOutputForDevice() could not find output for stream 3, sampling rate 192000, format 0xd000000, channels 0x63f, flags 0x1
10-07 18:15:15.497 3125 3375 I APM_AudioPolicyManager: getOutputForAttr() device 0x400, sampling rate 192000, format 0xd000000, channel mask 0x63f, flags 0x1
10-07 18:15:15.497 3125 3375 W APM_AudioPolicyManager: getOutputForDevice() could not find output for stream 3, sampling rate 192000, format 0xd000000, channels 0x63f, flags 0x1
10-07 18:15:15.497 3125 3375 E AudioFlinger: createTrack() getOutputForAttr() return error -38 or invalid output handle
10-07 18:15:15.497 24590 24641 E IAudioFlinger: createTrack returned error -38
10-07 18:15:15.497 24590 24641 E AudioTrack: AudioFlinger could not create track, status: -38 output 1684223368
10-07 18:15:15.498 24590 24641 E AudioTrack-JNI: Error -38 initializing AudioTrack
10-07 18:15:15.498 24590 24641 D AudioTrack: no metrics gathered, track status=-38
10-07 18:15:15.498 24590 24641 E android.media.AudioTrack: Error code -20 when initializing AudioTrack.
10-07 18:15:15.498 24590 24641 W System.err: java.lang.IllegalStateException: stop() called on uninitialized AudioTrack.
10-07 18:15:15.499 24590 24641 W System.err: at android.media.AudioTrack.stop(AudioTrack.java:2124)
10-07 18:15:15.549 24590 24641 V Kodi : Debug Print: Found 1 Lists of Devices
10-07 18:15:15.550 24590 24641 V Kodi : Debug Print: Enumerated AUDIOTRACK devices:
10-07 18:15:15.550 24590 24641 V Kodi : Debug Print: Device 1
10-07 18:15:15.550 24590 24641 V Kodi : Debug Print: m_deviceName : AudioTrack
10-07 18:15:15.550 24590 24641 V Kodi : Debug Print: m_displayName : android
10-07 18:15:15.550 24590 24641 V Kodi : Debug Print: m_displayNameExtra: audiotrack
10-07 18:15:15.550 24590 24641 V Kodi : Debug Print: m_deviceType : AE_DEVTYPE_HDMI
10-07 18:15:15.551 24590 24641 V Kodi : Debug Print: m_channels : FL, FR, FC, LFE, SL, SR, BL, BR, BC, BLOC, BROC
10-07 18:15:15.551 24590 24641 V Kodi : Debug Print: m_sampleRates : 32000,44100,48000,88200,96000,176400,192000
10-07 18:15:15.551 24590 24641 V Kodi : Debug Print: m_dataFormats : AE_FMT_S16LE,AE_FMT_FLOAT,AE_FMT_RAW,AE_FMT_RAW
10-07 18:15:15.551 24590 24641 V Kodi : Debug Print: m_streamTypes : STREAM_TYPE_AC3,STREAM_TYPE_DTSHD_CORE,STREAM_TYPE_DTS_1024,STREAM_TYPE_DTS_2048,STREAM_TYPE_DTS_512,STREAM_TYPE_EAC3
10-07 18:15:15.552 24590 24642 V Kodi : Debug Print: Trying to open: samplerate: 44100, channelMask: 12, encoding: 4
10-07 18:15:15.554 3125 3375 I APM_AudioPolicyManager: getOutputForAttr() device 0x400, sampling rate 44100, format 0x5, channel mask 0x3, flags 0
10-07 18:15:15.555 3125 3375 D AudioFlinger: Client defaulted notificationFrames to 945 for frameCount 2836
10-07 18:15:15.558 24590 24642 V Kodi : Debug Print: CAESinkAUDIOTRACK::Initializing with: m_sampleRate: 44100 format: AE_FMT_FLOAT (AE) method: PCM stream-type: PCM-STREAM min_buffer_size: 22688 m_frames: 1418 m_frameSize: 8 channels: 2
10-07 18:15:15.560 3728 4293 E bt_btif : register_notification_rsp: Avrcp device is not connected, handle: 0x0
10-07 18:15:15.560 3728 4293 I chatty : uid=1002(bluetooth) BluetoothAvrcpH identical 4 lines
10-07 18:15:15.560 3728 4293 E bt_btif : register_notification_rsp: Avrcp device is not connected, handle: 0x0
10-07 18:15:15.563 3125 11468 I hash_map_utils: key: 'nv_param_low_latency_active' value: ''
10-07 18:15:15.612 24590 24631 W .xbmc.kodinerd: Accessing hidden method Landroid/os/storage/StorageManager;->getVolumeList()[Landroid/os/storage/StorageVolume; (light greylist, JNI)
10-07 18:15:15.613 24590 24590 V Kodi : CXBMCApp: installing DisplayManager::DisplayListener
10-07 18:15:15.617 24590 24631 V Kodi : Debug Print: CDecoderFilter: loading filters from special://masterprofile/decoderfilter.xml
10-07 18:15:15.629 24590 24631 W AudioCapabilities: Unsupported mime audio/mpeg-L2
10-07 18:15:15.635 24590 24631 W AudioCapabilities: Unsupported mime audio/x-ms-wma
10-07 18:15:15.643 24590 24631 W VideoCapabilities: Unsupported mime image/vnd.android.heic
10-07 18:15:15.663 24590 24631 W VideoCapabilities: Unrecognized profile 4 for video/hevc
10-07 18:15:15.666 24590 24631 W VideoCapabilities: Unsupported mime video/mjpeg
10-07 18:15:15.674 24590 24631 W VideoCapabilities: Unsupported mime video/wvc1
10-07 18:15:15.694 24590 24631 I VideoCapabilities: Unsupported profile 4 for video/mp4v-es
10-07 18:15:15.703 24590 24631 V Kodi : Debug Print: Mediacodec decoder: OMX.google.aac.decoder
10-07 18:15:15.703 24590 24631 V Kodi : Debug Print: Mediacodec decoder: OMX.google.amrnb.decoder
10-07 18:15:15.703 24590 24631 V Kodi : Debug Print: Mediacodec decoder: OMX.google.amrwb.decoder
10-07 18:15:15.703 24590 24631 V Kodi : Debug Print: Mediacodec decoder: OMX.google.flac.decoder
10-07 18:15:15.703 24590 24631 V Kodi : Debug Print: Mediacodec decoder: OMX.google.g711.alaw.decoder
10-07 18:15:15.704 24590 24631 V Kodi : Debug Print: Mediacodec decoder: OMX.google.g711.mlaw.decoder
10-07 18:15:15.704 24590 24631 V Kodi : Debug Print: Mediacodec decoder: OMX.Nvidia.mp2.decoder
10-07 18:15:15.704 24590 24631 V Kodi : Debug Print: Mediacodec decoder: OMX.google.mp3.decoder
10-07 18:15:15.704 24590 24631 V Kodi : Debug Print: Mediacodec decoder: OMX.google.opus.decoder
10-07 18:15:15.704 24590 24631 V Kodi : Debug Print: Mediacodec decoder: OMX.google.raw.decoder
10-07 18:15:15.704 24590 24631 V Kodi : Debug Print: Mediacodec decoder: OMX.google.vorbis.decoder
10-07 18:15:15.704 24590 24631 V Kodi : Debug Print: Mediacodec decoder: OMX.Nvidia.wma.decoder
10-07 18:15:15.705 24590 24631 V Kodi : Debug Print: Mediacodec decoder: OMX.Nvidia.h264.decode
10-07 18:15:15.705 24590 24631 V Kodi : Debug Print: Mediacodec decoder: OMX.google.h264.decoder
10-07 18:15:15.705 24590 24631 V Kodi : Debug Print: Mediacodec decoder: OMX.Nvidia.h263.decode
10-07 18:15:15.705 24590 24631 V Kodi : Debug Print: Mediacodec decoder: OMX.google.h263.decoder
10-07 18:15:15.705 24590 24631 V Kodi : Debug Print: Mediacodec decoder: OMX.Nvidia.h265.decode
10-07 18:15:15.705 24590 24631 V Kodi : Debug Print: Mediacodec decoder: OMX.google.hevc.decoder
10-07 18:15:15.705 24590 24631 V Kodi : Debug Print: Mediacodec decoder: OMX.Nvidia.mjpeg.decoder
10-07 18:15:15.706 24590 24631 V Kodi : Debug Print: Mediacodec decoder: OMX.Nvidia.mpeg2v.decode
10-07 18:15:15.706 24590 24631 V Kodi : Debug Print: Mediacodec decoder: OMX.Nvidia.mp4.decode
10-07 18:15:15.706 24590 24631 V Kodi : Debug Print: Mediacodec decoder: OMX.google.mpeg4.decoder
10-07 18:15:15.706 24590 24631 V Kodi : Debug Print: Mediacodec decoder: OMX.Nvidia.vc1.decode
10-07 18:15:15.706 24590 24631 V Kodi : Debug Print: Mediacodec decoder: OMX.Nvidia.vp8.decode
10-07 18:15:15.706 24590 24631 V Kodi : Debug Print: Mediacodec decoder: OMX.google.vp8.decoder
10-07 18:15:15.706 24590 24631 V Kodi : Debug Print: Mediacodec decoder: OMX.Nvidia.vp9.decode
10-07 18:15:15.706 24590 24631 V Kodi : Debug Print: Mediacodec decoder: OMX.google.vp9.decoder
10-07 18:15:15.707 24590 24631 V Kodi : Debug Print: CAndroidUtils: window resolution: 1920x1080
10-07 18:15:15.707 24590 24631 V Kodi : Debug Print: CAndroidUtils: Current resolution: 1920x1080 3840x2160 @ 59.940060 - Full Screen
10-07 18:15:15.708 24590 24631 V Kodi : Debug Print: Previous line repeats 1 times.
10-07 18:15:15.708 24590 24631 V Kodi : Debug Print: EGL_VERSION = 1.4 Android META-EGL
10-07 18:15:15.708 24590 24631 V Kodi : Debug Print: EGL_VENDOR = Android
10-07 18:15:15.708 24590 24631 V Kodi : Debug Print: EGL_EXTENSIONS = EGL_KHR_get_all_proc_addresses EGL_ANDROID_presentation_time EGL_KHR_swap_buffers_with_damage EGL_ANDROID_get_native_client_buffer EGL_ANDROID_front_buffer_auto_refresh EGL_ANDROID_get_frame_timestamps EGL_EXT_surface_SMPTE2086_metadata EGL_EXT_surface_CTA861_3_metadata EGL_EXT_gl_colorspace_scrgb EGL_EXT_gl_colorspace_scrgb_linear EGL_EXT_gl_colorspace_display_p3_linear EGL_EXT_gl_colorspace_display_p3 EGL_EXT_gl_colorspace_bt2020_linear EGL_EXT_gl_colorspace_bt2020_pq EGL_KHR_image EGL_KHR_image_base EGL_KHR_gl_colorspace EGL_KHR_gl_texture_2D_image EGL_KHR_gl_texture_3D_image EGL_KHR_gl_texture_cubemap_image EGL_KHR_gl_renderbuffer_image EGL_KHR_reusable_sync EGL_KHR_fence_sync EGL_KHR_create_context EGL_KHR_config_attribs EGL_KHR_surfaceless_context EGL_KHR_stream EGL_KHR_stream_fifo EGL_KHR_stream_producer_eglsurface EGL_KHR_stream_consumer_gltexture EGL_KHR_stream_cross_process_fd EGL_EXT_create_context_robustness EGL_NV_system_time EGL_NV_stream_sync EGL_ANDROID_image_nat
10-07 18:15:15.708 24590 24631 V Kodi : Debug Print: EGL_CLIENT_EXTENSIONS = NULL
10-07 18:15:15.711 24590 24631 V Kodi : Debug Print: Checking resolution 16
10-07 18:15:15.711 24590 24631 V Kodi : Debug Print: CAndroidUtils: SetNativeResolution: 19: 1920x1080 3840x2160@59.940060
10-07 18:15:15.714 2975 2975 E SELinux : avc: denied { find } for interface=vendor.nvidia.hardware.cpl.service::INvCplHalService sid=u:r:untrusted_app:s0:c159,c256,c512,c768 pid=24590 scontext=u:r:untrusted_app:s0:c159,c256,c512,c768 tcontext=u:object_r:hal_cplservice_hwservice:s0 tclass=hwservice_manager permissive=0
10-07 18:15:15.714 24590 24631 E libnvcpl_vendor: NvCplGetAppProfileSettingInt failed to get INvCplHalService
10-07 18:15:15.714 2975 2975 E SELinux : avc: denied { find } for interface=vendor.nvidia.hardware.cpl.service::INvCplHalService sid=u:r:untrusted_app:s0:c159,c256,c512,c768 pid=24590 scontext=u:r:untrusted_app:s0:c159,c256,c512,c768 tcontext=u:object_r:hal_cplservice_hwservice:s0 tclass=hwservice_manager permissive=0
10-07 18:15:15.715 24590 24631 E libnvcpl_vendor: NvCplGetAppProfileSettingInt failed to get INvCplHalService
10-07 18:15:15.727 3543 3645 I InputReader: Reconfiguring input devices. changes=0x00000004
10-07 18:15:15.770 24590 24631 V Kodi : Debug Print: GL_VENDOR = NVIDIA Corporation
10-07 18:15:15.770 24590 24631 V Kodi : Debug Print: GL_RENDERER = NVIDIA Tegra
10-07 18:15:15.770 24590 24631 V Kodi : Debug Print: GL_VERSION = OpenGL ES 3.2 NVIDIA 418.00
10-07 18:15:15.771 24590 24631 V Kodi : Debug Print: GL_SHADING_LANGUAGE_VERSION = OpenGL ES GLSL ES 3.20
10-07 18:15:15.771 24590 24631 V Kodi : Debug Print: GL_EXTENSIONS = GL_EXT_debug_marker GL_EXT_base_instance GL_EXT_blend_func_extended GL_EXT_blend_minmax GL_EXT_buffer_storage GL_EXT_clear_texture GL_EXT_clip_control GL_EXT_clip_cull_distance GL_EXT_color_buffer_float GL_EXT_color_buffer_half_float GL_EXT_conservative_depth GL_EXT_copy_image GL_EXT_debug_label GL_EXT_discard_framebuffer GL_EXT_disjoint_timer_query GL_EXT_draw_buffers_indexed GL_EXT_draw_elements_base_vertex GL_EXT_EGL_image_array GL_EXT_EGL_image_storage GL_EXT_EGL_image_external_wrap_modes GL_EXT_external_buffer GL_EXT_float_blend GL_EXT_frag_depth GL_EXT_geometry_point_size GL_EXT_geometry_shader GL_EXT_gpu_shader5 GL_EXT_map_buffer_range GL_EXT_multi_draw_indirect GL_EXT_multisample_compatibility GL_EXT_occlusion_query_boolean GL_EXT_polygon_offset_clamp GL_EXT_post_depth_coverage GL_EXT_primitive_bounding_box GL_EXT_protected_textures GL_EXT_raster_multisample GL_EXT_render_snorm GL_EXT_robustness GL_EXT_separate_shader_objects GL_EXT_shader_group_vote GL_EXT_shader_implici
10-07 18:15:15.784 24590 24631 V Kodi : Debug Print: CAndroidUtils: SetNativeResolution: 19: 1920x1080 3840x2160@59.940060
10-07 18:15:15.785 2975 2975 E SELinux : avc: denied { find } for interface=vendor.nvidia.hardware.cpl.service::INvCplHalService sid=u:r:untrusted_app:s0:c159,c256,c512,c768 pid=24590 scontext=u:r:untrusted_app:s0:c159,c256,c512,c768 tcontext=u:object_r:hal_cplservice_hwservice:s0 tclass=hwservice_manager permissive=0
10-07 18:15:15.785 24590 24631 E libnvcpl_vendor: NvCplGetAppProfileSettingInt failed to get INvCplHalService
10-07 18:15:15.785 2975 2975 E SELinux : avc: denied { find } for interface=vendor.nvidia.hardware.cpl.service::INvCplHalService sid=u:r:untrusted_app:s0:c159,c256,c512,c768 pid=24590 scontext=u:r:untrusted_app:s0:c159,c256,c512,c768 tcontext=u:object_r:hal_cplservice_hwservice:s0 tclass=hwservice_manager permissive=0
10-07 18:15:15.785 24590 24631 E libnvcpl_vendor: NvCplGetAppProfileSettingInt failed to get INvCplHalService
10-07 18:15:15.928 3127 6075 D SurfaceFlinger: Connected to Power Manager
10-07 18:15:16.214 24590 24668 V Kodi : Debug Print: Running database version Addons27
10-07 18:15:16.216 24590 24668 V Kodi : Debug Print: Running database version ViewModes6
10-07 18:15:16.217 24590 24668 V Kodi : Debug Print: Running database version Textures13
10-07 18:15:16.220 24590 24668 V Kodi : Debug Print: Running database version MyMusic72
10-07 18:15:16.225 24590 24668 V Kodi : Debug Print: Running database version MyVideos116
10-07 18:15:16.227 24590 24668 V Kodi : Debug Print: Running database version TV36
10-07 18:15:16.229 24590 24668 V Kodi : Debug Print: Running database version Epg12
10-07 18:15:16.295 24590 24631 V Kodi : Debug Print: load skin from: /data/user/0/org.xbmc.kodinerds/cache/apk/assets/addons/skin.estuary/ (version: 2.0.22)
10-07 18:15:17.450 24590 24631 V Kodi : Debug Print: JSONRPC: Could not parse type "Setting.Details.SettingList"
10-07 18:15:17.570 24590 24631 V Kodi : Debug Print: CAndroidJoystickState: ignoring unknown axis 32 on input device "Harmony Keyboard" with ID 4
10-07 18:15:17.570 24590 24631 V Kodi : Debug Print: CAndroidJoystickState: ignoring unknown axis 33 on input device "Harmony Keyboard" with ID 4
10-07 18:15:17.570 24590 24631 V Kodi : Debug Print: CAndroidJoystickState: ignoring unknown axis 34 on input device "Harmony Keyboard" with ID 4
10-07 18:15:17.570 24590 24631 V Kodi : Debug Print: CAndroidJoystickState: ignoring unknown axis 35 on input device "Harmony Keyboard" with ID 4
10-07 18:15:17.571 24590 24631 V Kodi : Debug Print: CAndroidJoystickState: ignoring unknown axis 36 on input device "Harmony Keyboard" with ID 4
10-07 18:15:17.680 24590 24631 V Kodi : Debug Print: AddOnLog: Joystick Support: Device "Sony Interactive Entertainment Wireless Controller": can't find tag
10-07 18:15:17.781 24590 24631 V Kodi : Debug Print: Register - new joystick device registered on android->android/inputdevice/4: Harmony Keyboard (FFFF:0000)
10-07 18:15:17.782 24590 24631 V Kodi : Debug Print: Register - new keyboard device registered on application->keyboard: Tastatur (0000:0000)
10-07 18:15:17.782 24590 24631 V Kodi : Debug Print: Register - new mouse device registered on application->mouse: Maus (0000:0000)
10-07 18:15:17.783 24590 24631 V Kodi : Debug Print: Loading player core factory settings from special://xbmc/system/playercorefactory.xml.
10-07 18:15:17.784 24590 24631 V Kodi : Debug Print: Loaded playercorefactory configuration
10-07 18:15:17.785 24590 24631 V Kodi : Debug Print: Loading player core factory settings from special://masterprofile/playercorefactory.xml.
10-07 18:15:17.785 24590 24631 V Kodi : Debug Print: special://masterprofile/playercorefactory.xml does not exist. Skipping.
10-07 18:15:17.794 24590 24631 V Kodi : Debug Print: initialize done
10-07 18:15:17.794 24590 24631 V Kodi : Debug Print: Running the application...
10-07 18:15:17.791 24590 24590 W Thread-3: type=1400 audit(0.0:142): avc: denied { getattr } for path="/vendor/bin/python" dev="sda24" ino=213 scontext=u:r:untrusted_app:s0:c159,c256,c512,c768 tcontext=u:object_r:vendor_file:s0 tclass=file permissive=0
10-07 18:15:17.798 3543 3665 D NsdService: New client listening to asynchronous messages
10-07 18:15:17.798 3543 3665 D NsdService: New client, channel: com.android.internal.util.AsyncChannel@1189671 messenger: android.os.Messenger@1b4ac56
10-07 18:15:17.799 24590 24631 V Kodi : Debug Print: starting zeroconf publishing
10-07 18:15:17.800 24590 24678 V Kodi : Debug Print: ES: Starting UDP Event server on port 9777
10-07 18:15:17.800 24590 24678 V Kodi : Debug Print: UDP: Listening on port 9777 (ipv6 : false)
10-07 18:15:17.808 3543 3665 D NsdService: Register service
10-07 18:15:17.808 3543 3665 D NsdService: registerService: 21 name: Kodi (SHIELD.fritz.box), type: _xbmc-jsonrpc._tcp, host: /127.0.0.1, port: 9090, txtRecord: txtvers=1)uuid=7fcb549d-cc73-477c-8890-8004e6a26f06
10-07 18:15:17.808 3543 3665 D NsdService: mdnssd [register, 21, Kodi (SHIELD.fritz.box), _xbmc-jsonrpc._tcp, 9090, CXR4dHZlcnM9MSl1dWlkPTdmY2I1NDlkLWNjNzMtNDc3Yy04ODkwLTgwMDRlNmEyNmYwNg==]
10-07 18:15:17.810 3543 3665 D NsdService: Register 2 21
10-07 18:15:17.821 3543 3665 D NsdService: Register service
10-07 18:15:17.821 3543 3665 D NsdService: registerService: 22 name: Kodi (SHIELD.fritz.box), type: _xbmc-events._udp, host: /127.0.0.1, port: 9777, txtRecord:
10-07 18:15:17.821 3543 3665 D NsdService: mdnssd [register, 22, Kodi (SHIELD.fritz.box), _xbmc-events._udp, 9777, ]
10-07 18:15:17.822 3543 3665 D NsdService: Register 3 22
10-07 18:15:18.517 3543 3665 D NsdService: Native daemon message SERVICE_REGISTERED: 606 22 "Kodi (SHIELD.fritz.box)"
10-07 18:15:18.517 3543 3665 D NsdService: Native daemon message SERVICE_REGISTERED: 606 21 "Kodi (SHIELD.fritz.box)"
10-07 18:15:19.115 6692 7068 I chromium: [6692:7068:INFO:mdns_app_filter.cc(2438)] MdnsAppFilter: responses sent in 102 seconds: 1
10-07 18:15:19.143 3543 3645 D WindowManager: handleComboKeys keyCode: 20, keyAction: 0
10-07 18:15:19.147 24590 24629 V Kodi : CAndroidKey: key down (dev:4; src:769; code: 20; repeat: 0; flags: 0x8; alt: no; shift: no; sym: no)
10-07 18:15:19.475 3543 3645 D WindowManager: handleComboKeys keyCode: 20, keyAction: 1
10-07 18:15:19.478 24590 24629 V Kodi : CAndroidKey: key up (dev:4; src:769; code: 20; repeat: 0; flags: 0x8; alt: no; shift: no; sym: no)
10-07 18:15:19.781 3543 3645 D WindowManager: handleComboKeys keyCode: 20, keyAction: 0
10-07 18:15:19.785 24590 24629 V Kodi : CAndroidKey: key down (dev:4; src:769; code: 20; repeat: 0; flags: 0x8; alt: no; shift: no; sym: no)
10-07 18:15:19.992 3543 3645 D WindowManager: handleComboKeys keyCode: 20, keyAction: 1
10-07 18:15:19.998 24590 24629 V Kodi : CAndroidKey: key up (dev:4; src:769; code: 20; repeat: 0; flags: 0x8; alt: no; shift: no; sym: no)
10-07 18:15:20.140 3543 3645 D WindowManager: handleComboKeys keyCode: 20, keyAction: 0
10-07 18:15:20.144 24590 24629 V Kodi : CAndroidKey: key down (dev:4; src:769; code: 20; repeat: 0; flags: 0x8; alt: no; shift: no; sym: no)
10-07 18:15:20.333 3543 3645 D WindowManager: handleComboKeys keyCode: 20, keyAction: 1
10-07 18:15:20.337 24590 24629 V Kodi : CAndroidKey: key up (dev:4; src:769; code: 20; repeat: 0; flags: 0x8; alt: no; shift: no; sym: no)
10-07 18:15:20.533 3543 3645 D WindowManager: handleComboKeys keyCode: 20, keyAction: 0
10-07 18:15:20.538 24590 24629 V Kodi : CAndroidKey: key down (dev:4; src:769; code: 20; repeat: 0; flags: 0x8; alt: no; shift: no; sym: no)
10-07 18:15:20.746 3543 3645 D WindowManager: handleComboKeys keyCode: 20, keyAction: 1
10-07 18:15:20.750 24590 24629 V Kodi : CAndroidKey: key up (dev:4; src:769; code: 20; repeat: 0; flags: 0x8; alt: no; shift: no; sym: no)
10-07 18:15:20.931 3543 3645 D WindowManager: handleComboKeys keyCode: 20, keyAction: 0
10-07 18:15:20.935 24590 24629 V Kodi : CAndroidKey: key down (dev:4; src:769; code: 20; repeat: 0; flags: 0x8; alt: no; shift: no; sym: no)
10-07 18:15:21.136 3543 3645 D WindowManager: handleComboKeys keyCode: 20, keyAction: 1
10-07 18:15:21.139 24590 24629 V Kodi : CAndroidKey: key up (dev:4; src:769; code: 20; repeat: 0; flags: 0x8; alt: no; shift: no; sym: no)
10-07 18:15:21.277 3543 3645 D WindowManager: handleComboKeys keyCode: 20, keyAction: 0
10-07 18:15:21.282 24590 24629 V Kodi : CAndroidKey: key down (dev:4; src:769; code: 20; repeat: 0; flags: 0x8; alt: no; shift: no; sym: no)
10-07 18:15:21.632 3543 3645 D WindowManager: handleComboKeys keyCode: 20, keyAction: 1
10-07 18:15:21.637 24590 24629 V Kodi : CAndroidKey: key up (dev:4; src:769; code: 20; repeat: 0; flags: 0x8; alt: no; shift: no; sym: no)
10-07 18:15:22.289 3543 3645 D WindowManager: handleComboKeys keyCode: 20, keyAction: 0
10-07 18:15:22.293 24590 24629 V Kodi : CAndroidKey: key down (dev:4; src:769; code: 20; repeat: 0; flags: 0x8; alt: no; shift: no; sym: no)
10-07 18:15:22.297 24590 24590 D RecommendChannelJobSvc: Starting channel creation job
10-07 18:15:22.386 24590 24670 V Kodi : Debug Print: DoWork - Direct texture file loading failed for androidapp://sources/apps/com.plexapp.android.png
10-07 18:15:22.389 24590 24688 V Kodi : Debug Print: DoWork - Direct texture file loading failed for androidapp://sources/apps/com.nvidia.remotelocator.png
10-07 18:15:22.486 3543 3645 D WindowManager: handleComboKeys keyCode: 20, keyAction: 1
10-07 18:15:22.489 24590 24629 V Kodi : CAndroidKey: key up (dev:4; src:769; code: 20; repeat: 0; flags: 0x8; alt: no; shift: no; sym: no)
10-07 18:15:23.769 3543 3645 D WindowManager: handleComboKeys keyCode: 22, keyAction: 0
10-07 18:15:23.773 24590 24629 V Kodi : CAndroidKey: key down (dev:4; src:769; code: 22; repeat: 0; flags: 0x8; alt: no; shift: no; sym: no)
10-07 18:15:23.942 3543 3645 D WindowManager: handleComboKeys keyCode: 22, keyAction: 1
10-07 18:15:23.945 24590 24629 V Kodi : CAndroidKey: key up (dev:4; src:769; code: 22; repeat: 0; flags: 0x8; alt: no; shift: no; sym: no)
10-07 18:15:24.702 3543 3645 D WindowManager: handleComboKeys keyCode: 20, keyAction: 0
10-07 18:15:24.706 24590 24629 V Kodi : CAndroidKey: key down (dev:4; src:769; code: 20; repeat: 0; flags: 0x8; alt: no; shift: no; sym: no)
10-07 18:15:24.958 3543 3645 D WindowManager: handleComboKeys keyCode: 20, keyAction: 1
10-07 18:15:24.962 24590 24629 V Kodi : CAndroidKey: key up (dev:4; src:769; code: 20; repeat: 0; flags: 0x8; alt: no; shift: no; sym: no)
10-07 18:15:25.354 3543 3645 D WindowManager: handleComboKeys keyCode: 23, keyAction: 0
10-07 18:15:25.357 24590 24629 V Kodi : CAndroidKey: key down (dev:4; src:769; code: 23; repeat: 0; flags: 0x8; alt: no; shift: no; sym: no)
10-07 18:15:25.511 3543 3645 D WindowManager: handleComboKeys keyCode: 23, keyAction: 1
10-07 18:15:25.514 24590 24629 V Kodi : CAndroidKey: key up (dev:4; src:769; code: 23; repeat: 0; flags: 0x8; alt: no; shift: no; sym: no)
10-07 18:15:29.027 3543 3645 D WindowManager: handleComboKeys keyCode: 20, keyAction: 0
10-07 18:15:29.032 24590 24629 V Kodi : CAndroidKey: key down (dev:4; src:769; code: 20; repeat: 0; flags: 0x8; alt: no; shift: no; sym: no)
10-07 18:15:29.273 3543 3645 D WindowManager: handleComboKeys keyCode: 20, keyAction: 1
10-07 18:15:29.279 24590 24629 V Kodi : CAndroidKey: key up (dev:4; src:769; code: 20; repeat: 0; flags: 0x8; alt: no; shift: no; sym: no)
10-07 18:15:29.467 3543 3645 D WindowManager: handleComboKeys keyCode: 20, keyAction: 0
10-07 18:15:29.471 24590 24629 V Kodi : CAndroidKey: key down (dev:4; src:769; code: 20; repeat: 0; flags: 0x8; alt: no; shift: no; sym: no)
10-07 18:15:29.647 3543 3645 D WindowManager: handleComboKeys keyCode: 20, keyAction: 1
10-07 18:15:29.651 24590 24629 V Kodi : CAndroidKey: key up (dev:4; src:769; code: 20; repeat: 0; flags: 0x8; alt: no; shift: no; sym: no)
10-07 18:15:29.825 3543 3645 D WindowManager: handleComboKeys keyCode: 20, keyAction: 0
10-07 18:15:29.829 24590 24629 V Kodi : CAndroidKey: key down (dev:4; src:769; code: 20; repeat: 0; flags: 0x8; alt: no; shift: no; sym: no)
10-07 18:15:30.015 3543 3645 D WindowManager: handleComboKeys keyCode: 20, keyAction: 1
10-07 18:15:30.018 24590 24629 V Kodi : CAndroidKey: key up (dev:4; src:769; code: 20; repeat: 0; flags: 0x8; alt: no; shift: no; sym: no)
10-07 18:15:30.757 3543 3645 D WindowManager: handleComboKeys keyCode: 23, keyAction: 0
10-07 18:15:30.762 24590 24629 V Kodi : CAndroidKey: key down (dev:4; src:769; code: 23; repeat: 0; flags: 0x8; alt: no; shift: no; sym: no)
10-07 18:15:30.763 6692 24026 I chromium: [6692:24026:INFO:ssdp_device.c(101)] SSDP packets sent for 31 seconds = 25
10-07 18:15:30.905 3543 3645 D WindowManager: handleComboKeys keyCode: 23, keyAction: 1
10-07 18:15:30.909 24590 24629 V Kodi : CAndroidKey: key up (dev:4; src:769; code: 23; repeat: 0; flags: 0x8; alt: no; shift: no; sym: no)
10-07 18:15:32.367 3543 3645 D WindowManager: handleComboKeys keyCode: 20, keyAction: 0
10-07 18:15:32.371 24590 24629 V Kodi : CAndroidKey: key down (dev:4; src:769; code: 20; repeat: 0; flags: 0x8; alt: no; shift: no; sym: no)
10-07 18:15:32.566 3543 3645 D WindowManager: handleComboKeys keyCode: 20, keyAction: 1
10-07 18:15:32.569 24590 24629 V Kodi : CAndroidKey: key up (dev:4; src:769; code: 20; repeat: 0; flags: 0x8; alt: no; shift: no; sym: no)
10-07 18:15:32.727 3543 3645 D WindowManager: handleComboKeys keyCode: 20, keyAction: 0
10-07 18:15:32.732 24590 24629 V Kodi : CAndroidKey: key down (dev:4; src:769; code: 20; repeat: 0; flags: 0x8; alt: no; shift: no; sym: no)
10-07 18:15:32.927 3543 3645 D WindowManager: handleComboKeys keyCode: 20, keyAction: 1
10-07 18:15:32.931 24590 24629 V Kodi : CAndroidKey: key up (dev:4; src:769; code: 20; repeat: 0; flags: 0x8; alt: no; shift: no; sym: no)
10-07 18:15:34.949 3543 3645 D WindowManager: handleComboKeys keyCode: 20, keyAction: 0
10-07 18:15:34.953 24590 24629 V Kodi : CAndroidKey: key down (dev:4; src:769; code: 20; repeat: 0; flags: 0x8; alt: no; shift: no; sym: no)
10-07 18:15:35.186 3543 3645 D WindowManager: handleComboKeys keyCode: 20, keyAction: 1
10-07 18:15:35.191 24590 24629 V Kodi : CAndroidKey: key up (dev:4; src:769; code: 20; repeat: 0; flags: 0x8; alt: no; shift: no; sym: no)
10-07 18:15:36.166 6692 6692 I chromium: [6692:6692:INFO:metrics_recorder.cc(89)] Metrics stat: total=2
10-07 18:15:36.166 6692 6692 I chromium: Cast.Discovery.Mdns.Request.In=1
10-07 18:15:36.166 6692 6692 I chromium: Cast.Discovery.Mdns.Response.Out=1
10-07 18:15:36.509 3543 3645 D WindowManager: handleComboKeys keyCode: 19, keyAction: 0
10-07 18:15:36.513 24590 24629 V Kodi : CAndroidKey: key down (dev:4; src:769; code: 19; repeat: 0; flags: 0x8; alt: no; shift: no; sym: no)
10-07 18:15:36.699 3543 3645 D WindowManager: handleComboKeys keyCode: 19, keyAction: 1
10-07 18:15:36.702 24590 24629 V Kodi : CAndroidKey: key up (dev:4; src:769; code: 19; repeat: 0; flags: 0x8; alt: no; shift: no; sym: no)
10-07 18:15:36.921 3543 3645 D WindowManager: handleComboKeys keyCode: 19, keyAction: 0
10-07 18:15:36.925 24590 24629 V Kodi : CAndroidKey: key down (dev:4; src:769; code: 19; repeat: 0; flags: 0x8; alt: no; shift: no; sym: no)
10-07 18:15:37.075 3543 3645 D WindowManager: handleComboKeys keyCode: 19, keyAction: 1
10-07 18:15:37.078 24590 24629 V Kodi : CAndroidKey: key up (dev:4; src:769; code: 19; repeat: 0; flags: 0x8; alt: no; shift: no; sym: no)
10-07 18:15:37.314 6692 7068 I chromium: [6692:7068:INFO:mdns_app_filter.cc(2631)] Mdns cast queries recently sent: queries=1
10-07 18:15:37.490 3543 3645 D WindowManager: handleComboKeys keyCode: 23, keyAction: 0
10-07 18:15:37.493 24590 24629 V Kodi : CAndroidKey: key down (dev:4; src:769; code: 23; repeat: 0; flags: 0x8; alt: no; shift: no; sym: no)
10-07 18:15:37.661 3543 3645 D WindowManager: handleComboKeys keyCode: 23, keyAction: 1
10-07 18:15:37.665 24590 24629 V Kodi : CAndroidKey: key up (dev:4; src:769; code: 23; repeat: 0; flags: 0x8; alt: no; shift: no; sym: no)
10-07 18:15:38.406 24590 24696 V Kodi : Debug Print: Using iconImage in ListItem constructor results in NOP. Use setArt.
10-07 18:15:39.752 3543 3645 D WindowManager: handleComboKeys keyCode: 20, keyAction: 0
10-07 18:15:39.756 24590 24629 V Kodi : CAndroidKey: key down (dev:4; src:769; code: 20; repeat: 0; flags: 0x8; alt: no; shift: no; sym: no)
10-07 18:15:39.861 3543 3645 D WindowManager: handleComboKeys keyCode: 20, keyAction: 1
10-07 18:15:39.865 24590 24629 V Kodi : CAndroidKey: key up (dev:4; src:769; code: 20; repeat: 0; flags: 0x8; alt: no; shift: no; sym: no)
10-07 18:15:40.025 3543 3645 D WindowManager: handleComboKeys keyCode: 20, keyAction: 0
10-07 18:15:40.028 24590 24629 V Kodi : CAndroidKey: key down (dev:4; src:769; code: 20; repeat: 0; flags: 0x8; alt: no; shift: no; sym: no)
10-07 18:15:40.289 3543 3645 D WindowManager: handleComboKeys keyCode: 20, keyAction: 1
10-07 18:15:40.292 24590 24629 V Kodi : CAndroidKey: key up (dev:4; src:769; code: 20; repeat: 0; flags: 0x8; alt: no; shift: no; sym: no)
10-07 18:15:40.881 3543 3645 D WindowManager: handleComboKeys keyCode: 23, keyAction: 0
10-07 18:15:40.885 24590 24629 V Kodi : CAndroidKey: key down (dev:4; src:769; code: 23; repeat: 0; flags: 0x8; alt: no; shift: no; sym: no)
10-07 18:15:41.038 3543 3645 D WindowManager: handleComboKeys keyCode: 23, keyAction: 1
10-07 18:15:41.043 24590 24629 V Kodi : CAndroidKey: key up (dev:4; src:769; code: 23; repeat: 0; flags: 0x8; alt: no; shift: no; sym: no)
10-07 18:15:41.852 3728 4249 W bt_btm_pm: Sniff Interval For Device MAC 00:04:20:f5:f5:a8 is 33.750000 msec.
10-07 18:15:43.946 3543 3645 D WindowManager: handleComboKeys keyCode: 20, keyAction: 0
10-07 18:15:43.947 3543 3645 D WindowManager: handleComboKeys keyCode: 20, keyAction: 1
10-07 18:15:43.951 24590 24629 V Kodi : CAndroidKey: key down (dev:4; src:769; code: 20; repeat: 0; flags: 0x8; alt: no; shift: no; sym: no)
10-07 18:15:43.955 24590 24629 V Kodi : CAndroidKey: key up (dev:4; src:769; code: 20; repeat: 0; flags: 0x8; alt: no; shift: no; sym: no)
10-07 18:15:44.899 3543 3645 D WindowManager: handleComboKeys keyCode: 20, keyAction: 0
10-07 18:15:44.902 24590 24629 V Kodi : CAndroidKey: key down (dev:4; src:769; code: 20; repeat: 0; flags: 0x8; alt: no; shift: no; sym: no)
10-07 18:15:45.150 3543 3645 D WindowManager: handleComboKeys keyCode: 20, keyAction: 1
10-07 18:15:45.154 24590 24629 V Kodi : CAndroidKey: key up (dev:4; src:769; code: 20; repeat: 0; flags: 0x8; alt: no; shift: no; sym: no)
10-07 18:15:45.308 3543 3645 D WindowManager: handleComboKeys keyCode: 20, keyAction: 0
10-07 18:15:45.311 24590 24629 V Kodi : CAndroidKey: key down (dev:4; src:769; code: 20; repeat: 0; flags: 0x8; alt: no; shift: no; sym: no)
10-07 18:15:45.469 3543 3645 D WindowManager: handleComboKeys keyCode: 20, keyAction: 1
10-07 18:15:45.473 24590 24629 V Kodi : CAndroidKey: key up (dev:4; src:769; code: 20; repeat: 0; flags: 0x8; alt: no; shift: no; sym: no)
10-07 18:15:45.643 3543 3645 D WindowManager: handleComboKeys keyCode: 20, keyAction: 0
10-07 18:15:45.647 24590 24629 V Kodi : CAndroidKey: key down (dev:4; src:769; code: 20; repeat: 0; flags: 0x8; alt: no; shift: no; sym: no)
10-07 18:15:45.834 3543 3645 D WindowManager: handleComboKeys keyCode: 20, keyAction: 1
10-07 18:15:45.840 24590 24629 V Kodi : CAndroidKey: key up (dev:4; src:769; code: 20; repeat: 0; flags: 0x8; alt: no; shift: no; sym: no)
10-07 18:15:47.103 3543 3645 D WindowManager: handleComboKeys keyCode: 23, keyAction: 0
10-07 18:15:47.107 24590 24629 V Kodi : CAndroidKey: key down (dev:4; src:769; code: 23; repeat: 0; flags: 0x8; alt: no; shift: no; sym: no)
10-07 18:15:47.291 3543 3645 D WindowManager: handleComboKeys keyCode: 23, keyAction: 1
10-07 18:15:47.295 24590 24629 V Kodi : CAndroidKey: key up (dev:4; src:769; code: 23; repeat: 0; flags: 0x8; alt: no; shift: no; sym: no)
10-07 18:15:49.306 24590 24631 V Kodi : Debug Print: Previous line repeats 21 times.
10-07 18:15:49.306 24590 24631 V Kodi : Debug Print: VideoPlayer::OpenFile: plugin://plugin.video.skygo.de/?parental_rating=16&vod_id=810581&art=%7B%27fanart%27%3A+u%27https%3A%2F%2Fskyticket.sky.de%2Fbin%2FPicture%2F588%2FC_1_Picture_305988_hero_img.jpg%7CUser-Agent%3DMozilla%2F5.0+%28Windows+NT+10.0%3B+Win64%3B+x64%29+AppleWebKit%2F537.36+%28KHTML%2C+like+Gecko%29+Chrome%2F70.0.3538.110+Safari%2F537.36%27%2C+%27poster%27%3A+u%27https%3A%2F%2Fskyticket.sky.de%2Fst%2Fbin%2FAsset%2Fweb%2Fdvd_cover_810581.jpg%7CUser-Agent%3DMozilla%2F5.0+%28Windows+NT+10.0%3B+Win64%3B+x64%29+AppleWebKit%2F537.36+%28KHTML%2C+like+Gecko%29+Chrome%2F70.0.3538.110+Safari%2F537.36%27%7D&zz=&action=playVod&infolabels=%7B%27plot%27%3A+u%27Am+Ende+des+Zweiten+Weltkriegs+k%5Cxe4mpft+eine+US-Panzer-Crew+gegen+das+letzte+Aufgebot+der+Nazis%3A+Brad+Pitt+und+Logan+Lerman+in+einem+hoch+realistischen+Kriegsfilm%2C+der+die+Entmenschlichung+im+Krieg+anprangert.+-+Gegen+Ende+des+Zweiten+Weltkriegs+k%5Cxe4mpft+die+Crew+des+US-Panzers+%22Fury%22+gegen+das+letzte+Aufgebot+der+Nazis.+W%5
10-07 18:15:49.705 24590 24744 V Kodi : Debug Print: Creating InputStream
10-07 18:15:49.763 4869 4869 D NowPlayingListener: onActiveSessionsChanged() called with: controllers = [[android.media.session.MediaController@90e7b2, android.media.session.MediaController@9f71303]]
10-07 18:15:49.763 4869 4869 D NowPlayingListener: updateMediaSessionCallback: android.media.session.MediaController@90e7b2
10-07 18:15:49.763 3728 3728 V NewAvrcpMediaPlayerList: onActiveSessionsChanged: number of controllers: 2
10-07 18:15:49.765 3728 3728 D NewAvrcpMediaPlayerList: onActiveSessionsChanged: controller: com.ghisler.android.TotalCommander
10-07 18:15:49.765 3728 3728 D NewAvrcpMediaPlayerList: Already have a controller for the player: com.ghisler.android.TotalCommander, updating instead
10-07 18:15:49.766 3728 3728 D NewAvrcpMediaPlayerList: onActiveSessionsChanged: controller: org.xbmc.kodinerds
10-07 18:15:49.766 3728 3728 D NewAvrcpMediaPlayerList: Already have a controller for the player: org.xbmc.kodinerds, updating instead
10-07 18:15:49.767 5872 5872 D DeviceControlManagerService: active session:com.ghisler.android.TotalCommander
10-07 18:15:49.768 4869 4869 D NowPlayingManager: onClientChanged() called with: clearing = [false]
10-07 18:15:49.770 24590 24634 W AudioManager: Use of stream types is deprecated for operations other than volume control
10-07 18:15:49.770 24590 24634 W AudioManager: See the documentation of requestAudioFocus() for what to use instead with android.media.AudioAttributes to qualify your playback use case
10-07 18:15:49.770 4869 4869 D NowPlayingListener: updateMetadata() called with: metadata = [android.media.MediaMetadata@68e2ca92] and now playing listener: com.google.android.tvrecommendations.NowPlayingManager@ab6ca20
10-07 18:15:49.771 3543 8487 I MediaFocusControl: requestAudioFocus() from uid/pid 10159/24590 clientId=android.media.AudioManager@d7d3d13org.xbmc.kodinerds.interfaces.XBMCAudioManagerOnAudioFocusChangeListener@6a0fb50 callingPack=org.xbmc.kodinerds req=1 flags=0x0 sdk=28
10-07 18:15:49.771 3728 3728 D NewAvrcpMediaPlayerWrapper: org.xbmc.kodinerds: Controller for org.xbmc.kodinerds was updated.
10-07 18:15:49.773 3728 3728 D NewAvrcpMediaPlayerList: sendMediaUpdate
10-07 18:15:49.773 3728 3728 I NewAvrcpMediaPlayerList: sendMediaUpdate: Creating a one item queue for a player with no queue
10-07 18:15:49.773 3728 3728 D NewAvrcpTargetService: onMediaUpdated: track_changed=true state=false queue=true
10-07 18:15:49.773 3728 3728 D NewAvrcpNativeInterface: sendMediaUpdate: metadata=true playStatus=false queue=true
10-07 18:15:49.773 3728 3728 D NewAvrcpTargetJni: sendMediaUpdateNative
10-07 18:15:49.773 3728 3728 I bt_stack: [INFO:avrcp_service.cc(342)] virtual void bluetooth::avrcp::AvrcpService::SendMediaUpdate(bool, bool, bool) track_changed=1 : play_state=0 : queue=1
10-07 18:15:49.778 4869 4869 D NowPlayingManager: onMediaDataUpdated() called with: mediaData = [com.google.android.tvrecommendations.NowPlayingData@988b0b9]
10-07 18:15:49.779 4869 4869 D NowPlayingListener: updatePlayback() called with: state = [PlaybackState {state=1, position=-1, buffered position=0, speed=1.0, updated=4449198, actions=382, custom actions=[], active item id=-1, error=null}] and now playing listener: com.google.android.tvrecommendations.NowPlayingManager@ab6ca20
10-07 18:15:49.779 4869 4869 D NowPlayingManager: onClientPlaybackStateUpdate() called with: state = [1], stateChangeTimeMs = [4449198], currentPosMs = [-1]
10-07 18:15:49.779 4869 4869 D NowPlayingManager: onClientPlaybackStateUpdate: Skipped update, state: 1 was unchanged
10-07 18:15:49.786 24590 24744 V Kodi : Debug Print: AddOnLog: InputStream Adaptive: Key system request: com.microsoft.playready
10-07 18:15:49.860 3728 3728 V NewAvrcpMediaPlayerWrapper: onPlaybackStateChanged(): org.xbmc.kodinerds : PlaybackState {state=3, position=0, buffered position=0, speed=1.0, updated=9743359, actions=-1, custom actions=[], active item id=-1, error=null}
10-07 18:15:49.860 3728 3728 W NewAvrcpMediaPlayerWrapper: onPlaybackStateChanged(): org.xbmc.kodinerds tried to update with no new data
10-07 18:15:50.322 3322 6775 D DrmHal : found drm@1.0 IDrmFactory clearkey
10-07 18:15:50.323 3322 6775 D DrmHal : found drm@1.0 IDrmFactory default
10-07 18:15:50.325 3322 6775 D DrmHal : found drm@1.0 IDrmFactory playready
10-07 18:15:50.326 3322 6775 D DrmHal : found drm@1.0 IDrmFactory widevine
10-07 18:15:50.327 3322 6775 D DrmHal : found drm@1.1 IDrmFactory clearkey
