10-07 18:10:16.771 23492 23788 F .xbmc.kodinerd: runtime.cc:558] native: #03 pc 00000000000532b0 /data/app/org.xbmc.kodinerds-tXmRcWl0nYogoESJM-Jwkg==/lib/arm64/libc++_shared.so (_ZNSt6__ndk118condition_variable15__do_timed_waitERNS_11unique_lockINS_5mutexEEENS_6chrono10time_pointINS5_12system_clockENS5_8durationIxNS_5ratioILl1ELl1000000000EEEEEEE+108)
10-07 18:10:16.771 23492 23788 F .xbmc.kodinerd: runtime.cc:558] native: #04 pc 00000000011d06dc /data/app/org.xbmc.kodinerds-tXmRcWl0nYogoESJM-Jwkg==/lib/arm64/libkodi.so (???)
10-07 18:10:16.771 23492 23788 F .xbmc.kodinerd: runtime.cc:558] native: #05 pc 00000000011d051c /data/app/org.xbmc.kodinerds-tXmRcWl0nYogoESJM-Jwkg==/lib/arm64/libkodi.so (???)
10-07 18:10:16.771 23492 23788 F .xbmc.kodinerd: runtime.cc:558] native: #06 pc 00000000011d0320 /data/app/org.xbmc.kodinerds-tXmRcWl0nYogoESJM-Jwkg==/lib/arm64/libkodi.so (???)
10-07 18:10:16.771 23492 23788 F .xbmc.kodinerd: runtime.cc:558] native: #07 pc 00000000011d026c /data/app/org.xbmc.kodinerds-tXmRcWl0nYogoESJM-Jwkg==/lib/arm64/libkodi.so (???)
10-07 18:10:16.771 23492 23788 F .xbmc.kodinerd: runtime.cc:558] native: #08 pc 00000000011d0160 /data/app/org.xbmc.kodinerds-tXmRcWl0nYogoESJM-Jwkg==/lib/arm64/libkodi.so (XbmcThreads::ConditionVariable::wait(CCriticalSection&, unsigned long)+96)
10-07 18:10:16.771 23492 23788 F .xbmc.kodinerd: runtime.cc:558] native: #09 pc 00000000011d0080 /data/app/org.xbmc.kodinerds-tXmRcWl0nYogoESJM-Jwkg==/lib/arm64/libkodi.so (bool XbmcThreads::TightConditionVariable::wait(CCriticalSection&, unsigned long)+132)
10-07 18:10:16.771 23492 23788 F .xbmc.kodinerd: runtime.cc:558] native: #10 pc 00000000011cd45c /data/app/org.xbmc.kodinerds-tXmRcWl0nYogoESJM-Jwkg==/lib/arm64/libkodi.so (CEvent::WaitMSec(unsigned int)+80)
10-07 18:10:16.771 23492 23788 F .xbmc.kodinerd: runtime.cc:558] native: #11 pc 0000000001594e6c /data/app/org.xbmc.kodinerds-tXmRcWl0nYogoESJM-Jwkg==/lib/arm64/libkodi.so (CJobManager::GetNextJob(CJobWorker const*)+100)
10-07 18:10:16.771 23492 23788 F .xbmc.kodinerd: runtime.cc:558] native: #12 pc 0000000001594dbc /data/app/org.xbmc.kodinerds-tXmRcWl0nYogoESJM-Jwkg==/lib/arm64/libkodi.so (CJobWorker::Process()+196)
10-07 18:10:16.771 23492 23788 F .xbmc.kodinerd: runtime.cc:558] native: #13 pc 0000000001608a94 /data/app/org.xbmc.kodinerds-tXmRcWl0nYogoESJM-Jwkg==/lib/arm64/libkodi.so (CThread::Action()+40)
10-07 18:10:16.771 23492 23788 F .xbmc.kodinerd: runtime.cc:558] native: #14 pc 0000000001609038 /data/app/org.xbmc.kodinerds-tXmRcWl0nYogoESJM-Jwkg==/lib/arm64/libkodi.so (???)
10-07 18:10:16.771 23492 23788 F .xbmc.kodinerd: runtime.cc:558] native: #15 pc 0000000001608eec /data/app/org.xbmc.kodinerds-tXmRcWl0nYogoESJM-Jwkg==/lib/arm64/libkodi.so (???)
10-07 18:10:16.771 23492 23788 F .xbmc.kodinerd: runtime.cc:558] native: #16 pc 0000000001608cf8 /data/app/org.xbmc.kodinerds-tXmRcWl0nYogoESJM-Jwkg==/lib/arm64/libkodi.so (???)
10-07 18:10:16.771 23492 23788 F .xbmc.kodinerd: runtime.cc:558] native: #17 pc 0000000000081978 /system/lib64/libc.so (__pthread_start(void*)+36)
10-07 18:10:16.771 23492 23788 F .xbmc.kodinerd: runtime.cc:558] native: #18 pc 00000000000234b8 /system/lib64/libc.so (__start_thread+68)
10-07 18:10:16.771 23492 23788 F .xbmc.kodinerd: runtime.cc:558] (no managed stack frames)
10-07 18:10:16.771 23492 23788 F .xbmc.kodinerd: runtime.cc:558]
10-07 18:10:16.771 23492 23788 F .xbmc.kodinerd: runtime.cc:558] "Thread-12" prio=10 tid=26 Native
10-07 18:10:16.771 23492 23788 F .xbmc.kodinerd: runtime.cc:558] | group="" sCount=1 dsCount=0 flags=1 obj=0x13002f70 self=0x2f685d9c00
10-07 18:10:16.771 23492 23788 F .xbmc.kodinerd: runtime.cc:558] | sysTid=23695 nice=-9 cgrp=default sched=0/0 handle=0x2f67c0a4f0
10-07 18:10:16.771 23492 23788 F .xbmc.kodinerd: runtime.cc:558] | state=S schedstat=( 974118799 166495469 1144 ) utm=90 stm=6 core=1 HZ=100
10-07 18:10:16.771 23492 23788 F .xbmc.kodinerd: runtime.cc:558] | stack=0x2f67b0f000-0x2f67b11000 stackSize=1009KB
10-07 18:10:16.771 23492 23788 F .xbmc.kodinerd: runtime.cc:558] | held mutexes=
10-07 18:10:16.771 23492 23788 F .xbmc.kodinerd: runtime.cc:558] kernel: (couldn't read /proc/self/task/23695/stack)
10-07 18:10:16.771 23492 23788 F .xbmc.kodinerd: runtime.cc:558] native: #00 pc 000000000001f070 /system/lib64/libc.so (syscall+32)
10-07 18:10:16.771 23492 23788 F .xbmc.kodinerd: runtime.cc:558] native: #01 pc 00000000000221bc /system/lib64/libc.so (__futex_wait_ex(void volatile*, bool, int, bool, timespec const*)+140)
10-07 18:10:16.771 23492 23788 F .xbmc.kodinerd: runtime.cc:558] native: #02 pc 0000000000080f60 /system/lib64/libc.so (pthread_cond_timedwait+120)
10-07 18:10:16.771 23492 23788 F .xbmc.kodinerd: runtime.cc:558] native: #03 pc 00000000000532b0 /data/app/org.xbmc.kodinerds-tXmRcWl0nYogoESJM-Jwkg==/lib/arm64/libc++_shared.so (_ZNSt6__ndk118condition_variable15__do_timed_waitERNS_11unique_lockINS_5mutexEEENS_6chrono10time_pointINS5_12system_clockENS5_8durationIxNS_5ratioILl1ELl1000000000EEEEEEE+108)
10-07 18:10:16.771 23492 23788 F .xbmc.kodinerd: runtime.cc:558] native: #04 pc 00000000011d06dc /data/app/org.xbmc.kodinerds-tXmRcWl0nYogoESJM-Jwkg==/lib/arm64/libkodi.so (???)
10-07 18:10:16.771 23492 23788 F .xbmc.kodinerd: runtime.cc:558] native: #05 pc 00000000011d051c /data/app/org.xbmc.kodinerds-tXmRcWl0nYogoESJM-Jwkg==/lib/arm64/libkodi.so (???)
10-07 18:10:16.771 23492 23788 F .xbmc.kodinerd: runtime.cc:558] native: #06 pc 00000000011d0320 /data/app/org.xbmc.kodinerds-tXmRcWl0nYogoESJM-Jwkg==/lib/arm64/libkodi.so (???)
10-07 18:10:16.771 23492 23788 F .xbmc.kodinerd: runtime.cc:558] native: #07 pc 00000000011d026c /data/app/org.xbmc.kodinerds-tXmRcWl0nYogoESJM-Jwkg==/lib/arm64/libkodi.so (???)
10-07 18:10:16.771 23492 23788 F .xbmc.kodinerd: runtime.cc:558] native: #08 pc 00000000011d0160 /data/app/org.xbmc.kodinerds-tXmRcWl0nYogoESJM-Jwkg==/lib/arm64/libkodi.so (XbmcThreads::ConditionVariable::wait(CCriticalSection&, unsigned long)+96)
10-07 18:10:16.771 23492 23788 F .xbmc.kodinerd: runtime.cc:558] native: #09 pc 00000000011d0080 /data/app/org.xbmc.kodinerds-tXmRcWl0nYogoESJM-Jwkg==/lib/arm64/libkodi.so (bool XbmcThreads::TightConditionVariable::wait(CCriticalSection&, unsigned long)+132)
10-07 18:10:16.771 23492 23788 F .xbmc.kodinerd: runtime.cc:558] native: #10 pc 00000000011cd45c /data/app/org.xbmc.kodinerds-tXmRcWl0nYogoESJM-Jwkg==/lib/arm64/libkodi.so (CEvent::WaitMSec(unsigned int)+80)
10-07 18:10:16.771 23492 23788 F .xbmc.kodinerd: runtime.cc:558] native: #11 pc 0000000001594e6c /data/app/org.xbmc.kodinerds-tXmRcWl0nYogoESJM-Jwkg==/lib/arm64/libkodi.so (CJobManager::GetNextJob(CJobWorker const*)+100)
10-07 18:10:16.771 23492 23788 F .xbmc.kodinerd: runtime.cc:558] native: #12 pc 0000000001594dbc /data/app/org.xbmc.kodinerds-tXmRcWl0nYogoESJM-Jwkg==/lib/arm64/libkodi.so (CJobWorker::Process()+196)
10-07 18:10:16.771 23492 23788 F .xbmc.kodinerd: runtime.cc:558] native: #13 pc 0000000001608a94 /data/app/org.xbmc.kodinerds-tXmRcWl0nYogoESJM-Jwkg==/lib/arm64/libkodi.so (CThread::Action()+40)
10-07 18:10:16.771 23492 23788 F .xbmc.kodinerd: runtime.cc:558] native: #14 pc 0000000001609038 /data/app/org.xbmc.kodinerds-tXmRcWl0nYogoESJM-Jwkg==/lib/arm64/libkodi.so (???)
10-07 18:10:16.772 23492 23788 F .xbmc.kodinerd: runtime.cc:558] native: #15 pc 0000000001608eec /data/app/org.xbmc.kodinerds-tXmRcWl0nYogoESJM-Jwkg==/lib/arm64/libkodi.so (???)
10-07 18:10:16.772 23492 23788 F .xbmc.kodinerd: runtime.cc:558] native: #16 pc 0000000001608cf8 /data/app/org.xbmc.kodinerds-tXmRcWl0nYogoESJM-Jwkg==/lib/arm64/libkodi.so (???)
10-07 18:10:16.772 23492 23788 F .xbmc.kodinerd: runtime.cc:558] native: #17 pc 0000000000081978 /system/lib64/libc.so (__pthread_start(void*)+36)
10-07 18:10:16.772 23492 23788 F .xbmc.kodinerd: runtime.cc:558] native: #18 pc 00000000000234b8 /system/lib64/libc.so (__start_thread+68)
10-07 18:10:16.772 23492 23788 F .xbmc.kodinerd: runtime.cc:558] (no managed stack frames)
10-07 18:10:16.772 23492 23788 F .xbmc.kodinerd: runtime.cc:558]
10-07 18:10:16.772 23492 23788 F .xbmc.kodinerd: runtime.cc:558] "Thread-13" prio=10 tid=27 Native
10-07 18:10:16.772 23492 23788 F .xbmc.kodinerd: runtime.cc:558] | group="" sCount=1 dsCount=0 flags=1 obj=0x13002ff8 self=0x2f6d96d000
10-07 18:10:16.772 23492 23788 F .xbmc.kodinerd: runtime.cc:558] | sysTid=23696 nice=-9 cgrp=default sched=0/0 handle=0x2f67d084f0
10-07 18:10:16.772 23492 23788 F .xbmc.kodinerd: runtime.cc:558] | state=S schedstat=( 1495629270 227481638 1540 ) utm=138 stm=11 core=1 HZ=100
10-07 18:10:16.772 23492 23788 F .xbmc.kodinerd: runtime.cc:558] | stack=0x2f67c0d000-0x2f67c0f000 stackSize=1009KB
10-07 18:10:16.772 23492 23788 F .xbmc.kodinerd: runtime.cc:558] | held mutexes=
10-07 18:10:16.772 23492 23788 F .xbmc.kodinerd: runtime.cc:558] kernel: (couldn't read /proc/self/task/23696/stack)
10-07 18:10:16.772 23492 23788 F .xbmc.kodinerd: runtime.cc:558] native: #00 pc 000000000001f070 /system/lib64/libc.so (syscall+32)
10-07 18:10:16.772 23492 23788 F .xbmc.kodinerd: runtime.cc:558] native: #01 pc 00000000000221bc /system/lib64/libc.so (__futex_wait_ex(void volatile*, bool, int, bool, timespec const*)+140)
10-07 18:10:16.772 23492 23788 F .xbmc.kodinerd: runtime.cc:558] native: #02 pc 0000000000080f60 /system/lib64/libc.so (pthread_cond_timedwait+120)
10-07 18:10:16.772 23492 23788 F .xbmc.kodinerd: runtime.cc:558] native: #03 pc 00000000000532b0 /data/app/org.xbmc.kodinerds-tXmRcWl0nYogoESJM-Jwkg==/lib/arm64/libc++_shared.so (_ZNSt6__ndk118condition_variable15__do_timed_waitERNS_11unique_lockINS_5mutexEEENS_6chrono10time_pointINS5_12system_clockENS5_8durationIxNS_5ratioILl1ELl1000000000EEEEEEE+108)
10-07 18:10:16.772 23492 23788 F .xbmc.kodinerd: runtime.cc:558] native: #04 pc 00000000011d06dc /data/app/org.xbmc.kodinerds-tXmRcWl0nYogoESJM-Jwkg==/lib/arm64/libkodi.so (???)
10-07 18:10:16.772 23492 23788 F .xbmc.kodinerd: runtime.cc:558] native: #05 pc 00000000011d051c /data/app/org.xbmc.kodinerds-tXmRcWl0nYogoESJM-Jwkg==/lib/arm64/libkodi.so (???)
10-07 18:10:16.772 23492 23788 F .xbmc.kodinerd: runtime.cc:558] native: #06 pc 00000000011d0320 /data/app/org.xbmc.kodinerds-tXmRcWl0nYogoESJM-Jwkg==/lib/arm64/libkodi.so (???)
10-07 18:10:16.772 23492 23788 F .xbmc.kodinerd: runtime.cc:558] native: #07 pc 00000000011d026c /data/app/org.xbmc.kodinerds-tXmRcWl0nYogoESJM-Jwkg==/lib/arm64/libkodi.so (???)
10-07 18:10:16.772 23492 23788 F .xbmc.kodinerd: runtime.cc:558] native: #08 pc 00000000011d0160 /data/app/org.xbmc.kodinerds-tXmRcWl0nYogoESJM-Jwkg==/lib/arm64/libkodi.so (XbmcThreads::ConditionVariable::wait(CCriticalSection&, unsigned long)+96)
10-07 18:10:16.772 23492 23788 F .xbmc.kodinerd: runtime.cc:558] native: #09 pc 00000000011d0080 /data/app/org.xbmc.kodinerds-tXmRcWl0nYogoESJM-Jwkg==/lib/arm64/libkodi.so (bool XbmcThreads::TightConditionVariable::wait(CCriticalSection&, unsigned long)+132)
10-07 18:10:16.772 23492 23788 F .xbmc.kodinerd: runtime.cc:558] native: #10 pc 00000000011cd45c /data/app/org.xbmc.kodinerds-tXmRcWl0nYogoESJM-Jwkg==/lib/arm64/libkodi.so (CEvent::WaitMSec(unsigned int)+80)
10-07 18:10:16.772 23492 23788 F .xbmc.kodinerd: runtime.cc:558] native: #11 pc 0000000001594e6c /data/app/org.xbmc.kodinerds-tXmRcWl0nYogoESJM-Jwkg==/lib/arm64/libkodi.so (CJobManager::GetNextJob(CJobWorker const*)+100)
10-07 18:10:16.772 23492 23788 F .xbmc.kodinerd: runtime.cc:558] native: #12 pc 0000000001594dbc /data/app/org.xbmc.kodinerds-tXmRcWl0nYogoESJM-Jwkg==/lib/arm64/libkodi.so (CJobWorker::Process()+196)
10-07 18:10:16.772 23492 23788 F .xbmc.kodinerd: runtime.cc:558] native: #13 pc 0000000001608a94 /data/app/org.xbmc.kodinerds-tXmRcWl0nYogoESJM-Jwkg==/lib/arm64/libkodi.so (CThread::Action()+40)
10-07 18:10:16.772 23492 23788 F .xbmc.kodinerd: runtime.cc:558] native: #14 pc 0000000001609038 /data/app/org.xbmc.kodinerds-tXmRcWl0nYogoESJM-Jwkg==/lib/arm64/libkodi.so (???)
10-07 18:10:16.772 23492 23788 F .xbmc.kodinerd: runtime.cc:558] native: #15 pc 0000000001608eec /data/app/org.xbmc.kodinerds-tXmRcWl0nYogoESJM-Jwkg==/lib/arm64/libkodi.so (???)
10-07 18:10:16.772 23492 23788 F .xbmc.kodinerd: runtime.cc:558] native: #16 pc 0000000001608cf8 /data/app/org.xbmc.kodinerds-tXmRcWl0nYogoESJM-Jwkg==/lib/arm64/libkodi.so (???)
10-07 18:10:16.772 23492 23788 F .xbmc.kodinerd: runtime.cc:558] native: #17 pc 0000000000081978 /system/lib64/libc.so (__pthread_start(void*)+36)
10-07 18:10:16.772 23492 23788 F .xbmc.kodinerd: runtime.cc:558] native: #18 pc 00000000000234b8 /system/lib64/libc.so (__start_thread+68)
10-07 18:10:16.772 23492 23788 F .xbmc.kodinerd: runtime.cc:558] (no managed stack frames)
10-07 18:10:16.772 23492 23788 F .xbmc.kodinerd: runtime.cc:558]
10-07 18:10:16.772 23492 23788 F .xbmc.kodinerd: runtime.cc:558] "Thread-14" prio=10 tid=28 Native
10-07 18:10:16.772 23492 23788 F .xbmc.kodinerd: runtime.cc:558] | group="" sCount=1 dsCount=0 flags=1 obj=0x12f42c60 self=0x2f666fd800
10-07 18:10:16.772 23492 23788 F .xbmc.kodinerd: runtime.cc:558] | sysTid=23537 nice=-9 cgrp=default sched=0/0 handle=0x2f63dfd4f0
10-07 18:10:16.772 23492 23788 F .xbmc.kodinerd: runtime.cc:558] | state=S schedstat=( 25469586 15196559 29 ) utm=2 stm=0 core=1 HZ=100
10-07 18:10:16.772 23492 23788 F .xbmc.kodinerd: runtime.cc:558] | stack=0x2f63d02000-0x2f63d04000 stackSize=1009KB
10-07 18:10:16.772 23492 23788 F .xbmc.kodinerd: runtime.cc:558] | held mutexes=
10-07 18:10:16.772 23492 23788 F .xbmc.kodinerd: runtime.cc:558] kernel: (couldn't read /proc/self/task/23537/stack)
10-07 18:10:16.772 23492 23788 F .xbmc.kodinerd: runtime.cc:558] native: #00 pc 000000000001f06c /system/lib64/libc.so (syscall+28)
10-07 18:10:16.772 23492 23788 F .xbmc.kodinerd: runtime.cc:558] native: #01 pc 00000000000221bc /system/lib64/libc.so (__futex_wait_ex(void volatile*, bool, int, bool, timespec const*)+140)
10-07 18:10:16.772 23492 23788 F .xbmc.kodinerd: runtime.cc:558] native: #02 pc 0000000000080ebc /system/lib64/libc.so (pthread_cond_wait+60)
10-07 18:10:16.772 23492 23788 F .xbmc.kodinerd: runtime.cc:558] native: #03 pc 0000000000053210 /data/app/org.xbmc.kodinerds-tXmRcWl0nYogoESJM-Jwkg==/lib/arm64/libc++_shared.so (std::__ndk1::condition_variable::wait(std::__ndk1::unique_lock&)+20)
10-07 18:10:16.772 23492 23788 F .xbmc.kodinerd: runtime.cc:558] native: #04 pc 00000000011da234 /data/app/org.xbmc.kodinerds-tXmRcWl0nYogoESJM-Jwkg==/lib/arm64/libkodi.so (???)
10-07 18:10:16.772 23492 23788 F .xbmc.kodinerd: runtime.cc:558] native: #05 pc 00000000011da1ac /data/app/org.xbmc.kodinerds-tXmRcWl0nYogoESJM-Jwkg==/lib/arm64/libkodi.so (XbmcThreads::ConditionVariable::wait(CCriticalSection&)+48)
10-07 18:10:16.772 23492 23788 F .xbmc.kodinerd: runtime.cc:558] native: #06 pc 00000000011da160 /data/app/org.xbmc.kodinerds-tXmRcWl0nYogoESJM-Jwkg==/lib/arm64/libkodi.so (void XbmcThreads::TightConditionVariable::wait(CCriticalSection&)+40)
10-07 18:10:16.772 23492 23788 F .xbmc.kodinerd: runtime.cc:558] native: #07 pc 00000000011cec94 /data/app/org.xbmc.kodinerds-tXmRcWl0nYogoESJM-Jwkg==/lib/arm64/libkodi.so (CEvent::Wait()+72)
10-07 18:10:16.772 23492 23788 F .xbmc.kodinerd: runtime.cc:558] native: #08 pc 0000000001cbfcac /data/app/org.xbmc.kodinerds-tXmRcWl0nYogoESJM-Jwkg==/lib/arm64/libkodi.so (ANNOUNCEMENT::CAnnouncementManager::Process()+164)
10-07 18:10:16.772 23492 23788 F .xbmc.kodinerd: runtime.cc:558] native: #09 pc 0000000001608a94 /data/app/org.xbmc.kodinerds-tXmRcWl0nYogoESJM-Jwkg==/lib/arm64/libkodi.so (CThread::Action()+40)
10-07 18:10:16.772 23492 23788 F .xbmc.kodinerd: runtime.cc:558] native: #10 pc 0000000001609038 /data/app/org.xbmc.kodinerds-tXmRcWl0nYogoESJM-Jwkg==/lib/arm64/libkodi.so (???)
10-07 18:10:16.772 23492 23788 F .xbmc.kodinerd: runtime.cc:558] native: #11 pc 0000000001608eec /data/app/org.xbmc.kodinerds-tXmRcWl0nYogoESJM-Jwkg==/lib/arm64/libkodi.so (???)
10-07 18:10:16.772 23492 23788 F .xbmc.kodinerd: runtime.cc:558] native: #12 pc 0000000001608cf8 /data/app/org.xbmc.kodinerds-tXmRcWl0nYogoESJM-Jwkg==/lib/arm64/libkodi.so (???)
10-07 18:10:16.772 23492 23788 F .xbmc.kodinerd: runtime.cc:558] native: #13 pc 0000000000081978 /system/lib64/libc.so (__pthread_start(void*)+36)
10-07 18:10:16.772 23492 23788 F .xbmc.kodinerd: runtime.cc:558] native: #14 pc 00000000000234b8 /system/lib64/libc.so (__start_thread+68)
10-07 18:10:16.772 23492 23788 F .xbmc.kodinerd: runtime.cc:558] (no managed stack frames)
10-07 18:10:16.772 23492 23788 F .xbmc.kodinerd: runtime.cc:558]
10-07 18:10:16.772 23492 23788 F .xbmc.kodinerd: runtime.cc:558] Aborting thread:
10-07 18:10:16.772 23492 23788 F .xbmc.kodinerd: runtime.cc:558] "Thread-15" prio=10 tid=29 Native
10-07 18:10:16.772 23492 23788 F .xbmc.kodinerd: runtime.cc:558] | group="" sCount=0 dsCount=0 flags=0 obj=0x12f42ce8 self=0x2f68023400
10-07 18:10:16.772 23492 23788 F .xbmc.kodinerd: runtime.cc:558] | sysTid=23788 nice=-10 cgrp=default sched=0/0 handle=0x2f693414f0
10-07 18:10:16.772 23492 23788 F .xbmc.kodinerd: runtime.cc:558] | state=R schedstat=( 270472407 31324524 342 ) utm=20 stm=6 core=1 HZ=100
10-07 18:10:16.772 23492 23788 F .xbmc.kodinerd: runtime.cc:558] | stack=0x2f69246000-0x2f69248000 stackSize=1009KB
10-07 18:10:16.772 23492 23788 F .xbmc.kodinerd: runtime.cc:558] | held mutexes= "abort lock"
10-07 18:10:16.772 23492 23788 F .xbmc.kodinerd: runtime.cc:558] native: #00 pc 00000000003c1870 /system/lib64/libart.so (art::DumpNativeStack(std::__1::basic_ostream>&, int, BacktraceMap*, char const*, art::ArtMethod*, void*, bool)+220)
10-07 18:10:16.772 23492 23788 F .xbmc.kodinerd: runtime.cc:558] native: #01 pc 000000000048ee2c /system/lib64/libart.so (art::Thread::DumpStack(std::__1::basic_ostream>&, bool, BacktraceMap*, bool) const+352)
10-07 18:10:16.772 23492 23788 F .xbmc.kodinerd: runtime.cc:558] native: #02 pc 00000000004739f8 /system/lib64/libart.so (art::AbortState::DumpThread(std::__1::basic_ostream>&, art::Thread*) const+60)
10-07 18:10:16.772 23492 23788 F .xbmc.kodinerd: runtime.cc:558] native: #03 pc 0000000000464050 /system/lib64/libart.so (art::Runtime::Abort(char const*)+508)
10-07 18:10:16.772 23492 23788 F .xbmc.kodinerd: runtime.cc:558] native: #04 pc 0000000000008cd4 /system/lib64/libbase.so (android::base::LogMessage::~LogMessage()+724)
10-07 18:10:16.772 23492 23788 F .xbmc.kodinerd: runtime.cc:558] native: #05 pc 00000000002e4ff0 /system/lib64/libart.so (art::JavaVMExt::JniAbort(char const*, char const*)+1640)
10-07 18:10:16.772 23492 23788 F .xbmc.kodinerd: runtime.cc:558] native: #06 pc 00000000002e5160 /system/lib64/libart.so (art::JavaVMExt::JniAbortV(char const*, char const*, std::__va_list)+116)
10-07 18:10:16.772 23492 23788 F .xbmc.kodinerd: runtime.cc:558] native: #07 pc 00000000000fcff8 /system/lib64/libart.so (art::(anonymous namespace)::ScopedCheck::AbortF(char const*, ...)+148)
10-07 18:10:16.772 23492 23788 F .xbmc.kodinerd: runtime.cc:558] native: #08 pc 00000000000fb9d4 /system/lib64/libart.so (art::(anonymous namespace)::ScopedCheck::CheckPossibleHeapValue(art::ScopedObjectAccess&, char, art::(anonymous namespace)::JniValueType)+1152)
10-07 18:10:16.772 23492 23788 F .xbmc.kodinerd: runtime.cc:558] native: #09 pc 00000000000fad40 /system/lib64/libart.so (art::(anonymous namespace)::ScopedCheck::Check(art::ScopedObjectAccess&, bool, char const*, art::(anonymous namespace)::JniValueType*)+628)
10-07 18:10:16.772 23492 23788 F .xbmc.kodinerd: runtime.cc:558] native: #10 pc 00000000000e19c8 /system/lib64/libart.so (art::(anonymous namespace)::CheckJNI::FindClass(_JNIEnv*, char const*)+688)
10-07 18:10:16.772 23492 23788 F .xbmc.kodinerd: runtime.cc:558] native: #11 pc 000000000007e970 /data/app/org.xbmc.kodinerds-tXmRcWl0nYogoESJM-Jwkg==/lib/arm64/libssd_wv.so (_ZN3jni18call_static_methodIiJEEET_P7_JNIEnvPKcS5_S5_DpOT0_+52)
10-07 18:10:16.772 23492 23788 F .xbmc.kodinerd: runtime.cc:558] native: #12 pc 0000000000070d2c /data/app/org.xbmc.kodinerds-tXmRcWl0nYogoESJM-Jwkg==/lib/arm64/libssd_wv.so (WV_CencSingleSampleDecrypter::WV_CencSingleSampleDecrypter(WV_DRM&, AP4_DataBuffer&, char const*, unsigned char const*)+880)
10-07 18:10:16.772 23492 23788 F .xbmc.kodinerd: runtime.cc:558] native: #13 pc 00000000000760bc /data/app/org.xbmc.kodinerds-tXmRcWl0nYogoESJM-Jwkg==/lib/arm64/libssd_wv.so (WVDecrypter::CreateSingleSampleDecrypter(AP4_DataBuffer&, char const*, unsigned char const*)+80)
10-07 18:10:16.772 23492 23788 F .xbmc.kodinerd: runtime.cc:558] native: #14 pc 00000000000cd97c /data/app/org.xbmc.kodinerds-tXmRcWl0nYogoESJM-Jwkg==/lib/arm64/libinputstream.adaptive.so (Session::InitializePeriod()+2084)
10-07 18:10:16.772 23492 23788 F .xbmc.kodinerd: runtime.cc:558] native: #15 pc 00000000000cd070 /data/app/org.xbmc.kodinerds-tXmRcWl0nYogoESJM-Jwkg==/lib/arm64/libinputstream.adaptive.so (Session::initialize(unsigned char, unsigned int)+460)
10-07 18:10:16.772 23492 23788 F .xbmc.kodinerd: runtime.cc:558] native: #16 pc 00000000000d0718 /data/app/org.xbmc.kodinerds-tXmRcWl0nYogoESJM-Jwkg==/lib/arm64/libinputstream.adaptive.so (CInputStreamAdaptive::Open(INPUTSTREAM&)+1596)
10-07 18:10:16.772 23492 23788 F .xbmc.kodinerd: runtime.cc:558] native: #17 pc 0000000001384eb8 /data/app/org.xbmc.kodinerds-tXmRcWl0nYogoESJM-Jwkg==/lib/arm64/libkodi.so (CInputStreamAddon::Open()+652)
10-07 18:10:16.772 23492 23788 F .xbmc.kodinerd: runtime.cc:558] native: #18 pc 000000000140c5f0 /data/app/org.xbmc.kodinerds-tXmRcWl0nYogoESJM-Jwkg==/lib/arm64/libkodi.so (CVideoPlayer::OpenInputStream()+384)
10-07 18:10:16.772 23492 23788 F .xbmc.kodinerd: runtime.cc:558] native: #19 pc 000000000140e7cc /data/app/org.xbmc.kodinerds-tXmRcWl0nYogoESJM-Jwkg==/lib/arm64/libkodi.so (CVideoPlayer::Prepare()+292)
10-07 18:10:16.772 23492 23788 F .xbmc.kodinerd: runtime.cc:558] native: #20 pc 000000000140fa00 /data/app/org.xbmc.kodinerds-tXmRcWl0nYogoESJM-Jwkg==/lib/arm64/libkodi.so (CVideoPlayer::Process()+72)
10-07 18:10:16.772 23492 23788 F .xbmc.kodinerd: runtime.cc:558] native: #21 pc 0000000001608a94 /data/app/org.xbmc.kodinerds-tXmRcWl0nYogoESJM-Jwkg==/lib/arm64/libkodi.so (CThread::Action()+40)
10-07 18:10:16.772 23492 23788 F .xbmc.kodinerd: runtime.cc:558] native: #22 pc 0000000001609038 /data/app/org.xbmc.kodinerds-tXmRcWl0nYogoESJM-Jwkg==/lib/arm64/libkodi.so (???)
10-07 18:10:16.772 23492 23788 F .xbmc.kodinerd: runtime.cc:558] native: #23 pc 0000000001608eec /data/app/org.xbmc.kodinerds-tXmRcWl0nYogoESJM-Jwkg==/lib/arm64/libkodi.so (???)
10-07 18:10:16.772 23492 23788 F .xbmc.kodinerd: runtime.cc:558] native: #24 pc 0000000001608cf8 /data/app/org.xbmc.kodinerds-tXmRcWl0nYogoESJM-Jwkg==/lib/arm64/libkodi.so (???)
10-07 18:10:16.772 23492 23788 F .xbmc.kodinerd: runtime.cc:558] native: #25 pc 0000000000081978 /system/lib64/libc.so (__pthread_start(void*)+36)
10-07 18:10:16.772 23492 23788 F .xbmc.kodinerd: runtime.cc:558] native: #26 pc 00000000000234b8 /system/lib64/libc.so (__start_thread+68)
10-07 18:10:16.772 23492 23788 F .xbmc.kodinerd: runtime.cc:558] (no managed stack frames)
10-07 18:10:16.772 23492 23788 F .xbmc.kodinerd: runtime.cc:558] Pending exception android.media.MediaDrmResetException: mediaserver died
10-07 18:10:16.772 23492 23788 F .xbmc.kodinerd: runtime.cc:558] at int android.media.MediaDrm.getSecurityLevel(byte[]) (MediaDrm.java:-2)
10-07 18:10:16.772 23492 23788 F .xbmc.kodinerd: runtime.cc:558]
10-07 18:10:16.772 23492 23788 F .xbmc.kodinerd: runtime.cc:566] JNI DETECTED ERROR IN APPLICATION: JNI FindClass called with pending exception android.media.MediaDrmResetException: mediaserver died
10-07 18:10:16.772 23492 23788 F .xbmc.kodinerd: runtime.cc:566] at int android.media.MediaDrm.getSecurityLevel(byte[]) (MediaDrm.java:-2)
10-07 18:10:16.772 23492 23788 F .xbmc.kodinerd: runtime.cc:566]
10-07 18:10:16.772 23492 23788 F .xbmc.kodinerd: runtime.cc:566] in call to FindClass
10-07 18:10:16.772 23492 23788 F .xbmc.kodinerd: runtime.cc:566] "Thread-15" prio=10 tid=29 Runnable
10-07 18:10:16.772 23492 23788 F .xbmc.kodinerd: runtime.cc:566] | group="main" sCount=0 dsCount=0 flags=0 obj=0x12f42ce8 self=0x2f68023400
10-07 18:10:16.772 23492 23788 F .xbmc.kodinerd: runtime.cc:566] | sysTid=23788 nice=-10 cgrp=default sched=0/0 handle=0x2f693414f0
10-07 18:10:16.772 23492 23788 F .xbmc.kodinerd: runtime.cc:566] | state=R schedstat=( 110455058 5315934 151 ) utm=9 stm=1 core=1 HZ=100
10-07 18:10:16.772 23492 23788 F .xbmc.kodinerd: runtime.cc:566] | stack=0x2f69246000-0x2f69248000 stackSize=1009KB
10-07 18:10:16.772 23492 23788 F .xbmc.kodinerd: runtime.cc:566] | held mutexes= "mutator lock"(shared held)
10-07 18:10:16.772 23492 23788 F .xbmc.kodinerd: runtime.cc:566] native: #00 pc 00000000003c1870 /system/lib64/libart.so (art::DumpNativeStack(std::__1::basic_ostream>&, int, BacktraceMap*, char const*, art::ArtMethod*, void*, bool)+220)
10-07 18:10:16.772 23492 23788 F .xbmc.kodinerd: runtime.cc:566] native: #01 pc 000000000048ee2c /system/lib64/libart.so (art::Thread::DumpStack(std::__1::basic_ostream>&, bool, BacktraceMap*, bool) const+352)
10-07 18:10:16.772 23492 23788 F .xbmc.kodinerd: runtime.cc:566] native: #02 pc 00000000002e4d50 /system/lib64/libart.so (art::JavaVMExt::JniAbort(char const*, char const*)+968)
10-07 18:10:16.772 23492 23788 F .xbmc.kodinerd: runtime.cc:566] native: #03 pc 00000000002e5160 /system/lib64/libart.so (art::JavaVMExt::JniAbortV(char const*, char const*, std::__va_list)+116)
10-07 18:10:16.772 23492 23788 F .xbmc.kodinerd: runtime.cc:566] native: #04 pc 00000000000fcff8 /system/lib64/libart.so (art::(anonymous namespace)::ScopedCheck::AbortF(char const*, ...)+148)
10-07 18:10:16.772 23492 23788 F .xbmc.kodinerd: runtime.cc:566] native: #05 pc 00000000000fb9d4 /system/lib64/libart.so (art::(anonymous namespace)::ScopedCheck::CheckPossibleHeapValue(art::ScopedObjectAccess&, char, art::(anonymous namespace)::JniValueType)+1152)
10-07 18:10:16.773 23492 23788 F .xbmc.kodinerd: runtime.cc:566] native: #06 pc 00000000000fad40 /system/lib64/libart.so (art::(anonymous namespace)::ScopedCheck::Check(art::ScopedObjectAccess&, bool, char const*, art::(anonymous namespace)::JniValueType*)+628)
10-07 18:10:16.773 23492 23788 F .xbmc.kodinerd: runtime.cc:566] native: #07 pc 00000000000e19c8 /system/lib64/libart.so (art::(anonymous namespace)::CheckJNI::FindClass(_JNIEnv*, char const*)+688)
10-07 18:10:16.773 23492 23788 F .xbmc.kodinerd: runtime.cc:566] native: #08 pc 000000000007e970 /data/app/org.xbmc.kodinerds-tXmRcWl0nYogoESJM-Jwkg==/lib/arm64/libssd_wv.so (_ZN3jni18call_static_methodIiJEEET_P7_JNIEnvPKcS5_S5_DpOT0_+52)
10-07 18:10:16.773 23492 23788 F .xbmc.kodinerd: runtime.cc:566] native: #09 pc 0000000000070d2c /data/app/org.xbmc.kodinerds-tXmRcWl0nYogoESJM-Jwkg==/lib/arm64/libssd_wv.so (WV_CencSingleSampleDecrypter::WV_CencSingleSampleDecrypter(WV_DRM&, AP4_DataBuffer&, char const*, unsigned char const*)+880)
10-07 18:10:16.773 23492 23788 F .xbmc.kodinerd: runtime.cc:566] native: #10 pc 00000000000760bc /data/app/org.xbmc.kodinerds-tXmRcWl0nYogoESJM-Jwkg==/lib/arm64/libssd_wv.so (WVDecrypter::CreateSingleSampleDecrypter(AP4_DataBuffer&, char const*, unsigned char const*)+80)
10-07 18:10:16.773 23492 23788 F .xbmc.kodinerd: runtime.cc:566] native: #12 pc 00000000000cd070 /data/app/org.xbmc.kodinerds-tXmRcWl0nYogoESJM-Jwkg==/lib/arm64/libinputstream.adaptive.so (Session::initialize(unsigned char, unsigned int)+460)
10-07 18:10:16.773 23492 23788 F .xbmc.kodinerd: runtime.cc:566] native: #13 pc 00000000000d0718 /data/app/org.xbmc.kodinerds-tXmRcWl0nYogoESJM-Jwkg==/lib/arm64/libinputstream.adaptive.so (CInputStreamAdaptive::Open(INPUTSTREAM&)+1596)
10-07 18:10:16.773 23492 23788 F .xbmc.kodinerd: runtime.cc:566] native: #17 pc 000000000140fa00 /data/app/org.xbmc.kodinerds-tXmRcWl0nYogoESJM-Jwkg==/lib/arm64/libkodi.so (CVideoPlayer::Process()+72)
10-07 18:10:16.773 23492 23788 F libc : Fatal signal 6 (SIGABRT), code -6 (SI_TKILL) in tid 23788 (Thread-15), pid 23492 (.xbmc.kodinerds)
10-07 18:10:16.858 23816 23816 I crash_dump64: obtaining output fd from tombstoned, type: kDebuggerdTombstone
10-07 18:10:16.859 3334 3334 I /system/bin/tombstoned: received crash request for pid 23788
10-07 18:10:16.859 23816 23816 I crash_dump64: performing dump of process 23492 (target tid = 23788)
10-07 18:10:16.869 23816 23816 F DEBUG : *** *** *** *** *** *** *** *** *** *** *** *** *** *** *** ***
10-07 18:10:16.869 23816 23816 F DEBUG : Build fingerprint: 'NVIDIA/foster_e_hdd/foster:9/PPR1.180610.011/4086637_1697.8089:user/release-keys'
10-07 18:10:16.869 23816 23816 F DEBUG : Revision: '0'
10-07 18:10:16.869 23816 23816 F DEBUG : ABI: 'arm64'
10-07 18:10:16.869 23816 23816 F DEBUG : pid: 23492, tid: 23788, name: Thread-15 >>> org.xbmc.kodinerds <<<
10-07 18:10:16.869 23816 23816 F DEBUG : signal 6 (SIGABRT), code -6 (SI_TKILL), fault addr --------
10-07 18:10:16.870 23816 23816 F DEBUG : Abort message: 'java_vm_ext.cc:542] JNI DETECTED ERROR IN APPLICATION: JNI FindClass called with pending exception android.media.MediaDrmResetException: mediaserver died'
10-07 18:10:16.870 23816 23816 F DEBUG : x0 0000000000000000 x1 0000000000005cec x2 0000000000000006 x3 0000000000000008
10-07 18:10:16.870 23816 23816 F DEBUG : x4 fefeff2dc3160667 x5 fefeff2dc3160667 x6 fefeff2dc3160667 x7 7f7f7f7fff7f7f7f
10-07 18:10:16.870 23816 23816 F DEBUG : x8 0000000000000083 x9 cd13cd410685cbca x10 0000000000000000 x11 fffffffc7ffffbdf
10-07 18:10:16.870 23816 23816 F DEBUG : x12 0000000000000001 x13 ffffffffffffffff x14 ffffffffff000000 x15 ffffffffffffffff
10-07 18:10:16.870 23816 23816 F DEBUG : x16 0000002ec0d2f2c8 x17 0000002ec0c6d110 x18 0000000000000001 x19 0000000000005bc4
10-07 18:10:16.870 23816 23816 F DEBUG : x20 0000000000005cec x21 0000002f68449840 x22 0000000000000011 x23 0000002f4516bc53
10-07 18:10:16.870 23816 23816 F DEBUG : x24 0000002f4516bb07 x25 0000000000000001 x26 0000002f6933faf0 x27 0000000000000043
10-07 18:10:16.870 23816 23816 F DEBUG : x28 0000002f4491b2a0 x29 0000002f6933f9a0
10-07 18:10:16.870 23816 23816 F DEBUG : sp 0000002f6933f960 lr 0000002ec0c61c3c pc 0000002ec0c61c64
10-07 18:10:16.904 23816 23816 F DEBUG :
10-07 18:10:16.904 23816 23816 F DEBUG : backtrace:
10-07 18:10:16.904 23816 23816 F DEBUG : #00 pc 0000000000021c64 /system/lib64/libc.so (abort+116)
10-07 18:10:16.904 23816 23816 F DEBUG : #01 pc 0000000000464300 /system/lib64/libart.so (art::Runtime::Abort(char const*)+1196)
10-07 18:10:16.904 23816 23816 F DEBUG : #02 pc 0000000000008cd4 /system/lib64/libbase.so (android::base::LogMessage::~LogMessage()+724)
10-07 18:10:16.904 23816 23816 F DEBUG : #03 pc 00000000002e4ff0 /system/lib64/libart.so (art::JavaVMExt::JniAbort(char const*, char const*)+1640)
10-07 18:10:16.905 23816 23816 F DEBUG : #04 pc 00000000002e5160 /system/lib64/libart.so (art::JavaVMExt::JniAbortV(char const*, char const*, std::__va_list)+116)
10-07 18:10:16.905 23816 23816 F DEBUG : #05 pc 00000000000fcff8 /system/lib64/libart.so (art::(anonymous namespace)::ScopedCheck::AbortF(char const*, ...)+148)
10-07 18:10:16.905 23816 23816 F DEBUG : #06 pc 00000000000fb9d4 /system/lib64/libart.so (art::(anonymous namespace)::ScopedCheck::CheckPossibleHeapValue(art::ScopedObjectAccess&, char, art::(anonymous namespace)::JniValueType)+1152)
10-07 18:10:16.905 23816 23816 F DEBUG : #07 pc 00000000000fad40 /system/lib64/libart.so (art::(anonymous namespace)::ScopedCheck::Check(art::ScopedObjectAccess&, bool, char const*, art::(anonymous namespace)::JniValueType*)+628)
10-07 18:10:16.905 23816 23816 F DEBUG : #08 pc 00000000000e19c8 /system/lib64/libart.so (art::(anonymous namespace)::CheckJNI::FindClass(_JNIEnv*, char const*)+688)
10-07 18:10:16.905 23816 23816 F DEBUG : #09 pc 000000000007e970 /data/app/org.xbmc.kodinerds-tXmRcWl0nYogoESJM-Jwkg==/lib/arm64/libssd_wv.so (_ZN3jni18call_static_methodIiJEEET_P7_JNIEnvPKcS5_S5_DpOT0_+52)
10-07 18:10:16.905 23816 23816 F DEBUG : #10 pc 0000000000070d2c /data/app/org.xbmc.kodinerds-tXmRcWl0nYogoESJM-Jwkg==/lib/arm64/libssd_wv.so (WV_CencSingleSampleDecrypter::WV_CencSingleSampleDecrypter(WV_DRM&, AP4_DataBuffer&, char const*, unsigned char const*)+880)
10-07 18:10:16.905 23816 23816 F DEBUG : #11 pc 00000000000760bc /data/app/org.xbmc.kodinerds-tXmRcWl0nYogoESJM-Jwkg==/lib/arm64/libssd_wv.so (WVDecrypter::CreateSingleSampleDecrypter(AP4_DataBuffer&, char const*, unsigned char const*)+80)
10-07 18:10:16.905 23816 23816 F DEBUG : #12 pc 00000000000cd97c /data/app/org.xbmc.kodinerds-tXmRcWl0nYogoESJM-Jwkg==/lib/arm64/libinputstream.adaptive.so (Session::InitializePeriod()+2084)
10-07 18:10:16.905 23816 23816 F DEBUG : #13 pc 00000000000cd070 /data/app/org.xbmc.kodinerds-tXmRcWl0nYogoESJM-Jwkg==/lib/arm64/libinputstream.adaptive.so (Session::initialize(unsigned char, unsigned int)+460)
10-07 18:10:16.905 23816 23816 F DEBUG : #14 pc 00000000000d0718 /data/app/org.xbmc.kodinerds-tXmRcWl0nYogoESJM-Jwkg==/lib/arm64/libinputstream.adaptive.so (CInputStreamAdaptive::Open(INPUTSTREAM&)+1596)
10-07 18:10:16.905 23816 23816 F DEBUG : #15 pc 0000000001384eb8 /data/app/org.xbmc.kodinerds-tXmRcWl0nYogoESJM-Jwkg==/lib/arm64/libkodi.so (CInputStreamAddon::Open()+652)
10-07 18:10:16.905 23816 23816 F DEBUG : #16 pc 000000000140c5f0 /data/app/org.xbmc.kodinerds-tXmRcWl0nYogoESJM-Jwkg==/lib/arm64/libkodi.so (CVideoPlayer::OpenInputStream()+384)
10-07 18:10:16.905 23816 23816 F DEBUG : #17 pc 000000000140e7cc /data/app/org.xbmc.kodinerds-tXmRcWl0nYogoESJM-Jwkg==/lib/arm64/libkodi.so (CVideoPlayer::Prepare()+292)
10-07 18:10:16.905 23816 23816 F DEBUG : #18 pc 000000000140fa00 /data/app/org.xbmc.kodinerds-tXmRcWl0nYogoESJM-Jwkg==/lib/arm64/libkodi.so (CVideoPlayer::Process()+72)
10-07 18:10:16.905 23816 23816 F DEBUG : #19 pc 0000000001608a94 /data/app/org.xbmc.kodinerds-tXmRcWl0nYogoESJM-Jwkg==/lib/arm64/libkodi.so (CThread::Action()+40)
10-07 18:10:16.905 23816 23816 F DEBUG : #20 pc 0000000001609038 /data/app/org.xbmc.kodinerds-tXmRcWl0nYogoESJM-Jwkg==/lib/arm64/libkodi.so
10-07 18:10:16.905 23816 23816 F DEBUG : #21 pc 0000000001608eec /data/app/org.xbmc.kodinerds-tXmRcWl0nYogoESJM-Jwkg==/lib/arm64/libkodi.so
10-07 18:10:16.905 23816 23816 F DEBUG : #22 pc 0000000001608cf8 /data/app/org.xbmc.kodinerds-tXmRcWl0nYogoESJM-Jwkg==/lib/arm64/libkodi.so
10-07 18:10:16.905 23816 23816 F DEBUG : #23 pc 0000000000081978 /system/lib64/libc.so (__pthread_start(void*)+36)
10-07 18:10:16.905 23816 23816 F DEBUG : #24 pc 00000000000234b8 /system/lib64/libc.so (__start_thread+68)
10-07 18:10:17.230 3728 3728 V NewAvrcpMediaPlayerWrapper: onPlaybackStateChanged(): org.xbmc.kodinerds : PlaybackState {state=3, position=0, buffered position=0, speed=1.0, updated=9410729, actions=-1, custom actions=[], active item id=-1, error=null}
10-07 18:10:17.230 3728 3728 W NewAvrcpMediaPlayerWrapper: onPlaybackStateChanged(): org.xbmc.kodinerds tried to update with no new data
10-07 18:10:17.539 3334 3334 E /system/bin/tombstoned: Tombstone written to: /data/tombstones/tombstone_03
10-07 18:10:17.542 3543 23819 W ActivityManager: Force finishing activity org.xbmc.kodinerds/.Main
10-07 18:10:17.546 3543 3585 I BootReceiver: Copying /data/tombstones/tombstone_03 to DropBox (SYSTEM_TOMBSTONE)
10-07 18:10:17.548 23492 23492 V threaded_app: Pause: 0x2f44867c80
10-07 18:10:17.549 23492 23530 V threaded_app: activityState=13
10-07 18:10:17.549 23492 23530 V Kodi : virtual void CXBMCApp::onPause():
10-07 18:10:17.549 23492 23530 V Kodi : static bool CXBMCApp::EnableWakeLock(bool): false
10-07 18:10:17.551 23492 23492 D TvUtil : Scheduled channel creation.
10-07 18:10:17.553 3543 3577 W BroadcastQueue: Background execution not allowed: receiving Intent { act=android.intent.action.DROPBOX_ENTRY_ADDED flg=0x10 (has extras) } to com.google.android.gms/.stats.service.DropBoxEntryAddedReceiver
10-07 18:10:17.553 3543 3577 W BroadcastQueue: Background execution not allowed: receiving Intent { act=android.intent.action.DROPBOX_ENTRY_ADDED flg=0x10 (has extras) } to com.google.android.gms/.chimera.GmsIntentOperationService$PersistentTrustedReceiver
10-07 18:10:17.553 3543 3577 W BroadcastQueue: Background execution not allowed: receiving Intent { act=android.intent.action.DROPBOX_ENTRY_ADDED flg=0x10 (has extras) } to com.nvidia.stats/.CollectionsReceiver
10-07 18:10:17.582 3543 3577 W BroadcastQueue: Background execution not allowed: receiving Intent { act=android.intent.action.DROPBOX_ENTRY_ADDED flg=0x10 (has extras) } to com.google.android.gms/.stats.service.DropBoxEntryAddedReceiver
10-07 18:10:17.591 3543 3577 W BroadcastQueue: Background execution not allowed: receiving Intent { act=android.intent.action.DROPBOX_ENTRY_ADDED flg=0x10 (has extras) } to com.google.android.gms/.chimera.GmsIntentOperationService$PersistentTrustedReceiver
10-07 18:10:17.591 3543 3577 W BroadcastQueue: Background execution not allowed: receiving Intent { act=android.intent.action.DROPBOX_ENTRY_ADDED flg=0x10 (has extras) } to com.nvidia.stats/.CollectionsReceiver
10-07 18:10:17.623 3543 3644 W InputDispatcher: channel '5dc8714 org.xbmc.kodinerds/org.xbmc.kodinerds.Main (server)' ~ Consumer closed input channel or an error occurred. events=0x9
10-07 18:10:17.623 3543 3644 E InputDispatcher: channel '5dc8714 org.xbmc.kodinerds/org.xbmc.kodinerds.Main (server)' ~ Channel is unrecoverably broken and will be disposed!
10-07 18:10:17.623 3543 17117 D MediaSessionService: Media button session is changed to null
10-07 18:10:17.624 3543 5114 I ActivityManager: Process org.xbmc.kodinerds (pid 23492) has died: vis +99TOP
10-07 18:10:17.625 3543 3580 W libprocessgroup: kill(-23492, 9) failed: No such process
10-07 18:10:17.625 3728 3728 W NewAvrcpMediaPlayerWrapper: The session was destroyed org.xbmc.kodinerds
10-07 18:10:17.625 3322 6775 E DrmHal : Failed to get vendor from drm plugin: -32
10-07 18:10:17.625 3322 6775 E DrmHal : Failed to get description from drm plugin: -32
10-07 18:10:17.625 3728 3728 V NewAvrcpMediaPlayerList: onActiveSessionsChanged: number of controllers: 1
10-07 18:10:17.625 4869 4869 D NowPlayingListener: onActiveSessionsChanged() called with: controllers = [[android.media.session.MediaController@873ff26]]
10-07 18:10:17.625 4869 4869 D NowPlayingListener: updateMediaSessionCallback: android.media.session.MediaController@873ff26
10-07 18:10:17.626 3543 5120 I MediaFocusControl: AudioFocus removeFocusStackEntryOnDeath(): removing entry for android.os.BinderProxy@779ef3d
10-07 18:10:17.626 3543 3665 D NsdService: Client disconnected
10-07 18:10:17.626 3543 3665 D NsdService: Terminating client-ID 2 global-ID 19 type 393225
10-07 18:10:17.626 3543 3665 D NsdService: mdnssd [stop-register, 19]
10-07 18:10:17.627 3543 17117 I WindowManager: WIN DEATH: Window{5dc8714 u0 org.xbmc.kodinerds/org.xbmc.kodinerds.Main}
10-07 18:10:17.627 3543 17117 W InputDispatcher: Attempted to unregister already unregistered input channel '5dc8714 org.xbmc.kodinerds/org.xbmc.kodinerds.Main (server)'
10-07 18:10:17.627 3081 3205 D MDnsDS : polling error: 32
10-07 18:10:17.627 4869 4869 D NowPlayingManager: onClientChanged() called with: clearing = [false]
10-07 18:10:17.628 3543 3665 D NsdService: Terminating client-ID 3 global-ID 20 type 393225
10-07 18:10:17.628 3543 3665 D NsdService: mdnssd [stop-register, 20]
10-07 18:10:17.628 3081 3205 D MDnsDS : polling error: 32
10-07 18:10:17.628 5872 5872 D DeviceControlManagerService: active session:com.ghisler.android.TotalCommander
10-07 18:10:17.628 3728 3728 D NewAvrcpMediaPlayerList: onActiveSessionsChanged: controller: com.ghisler.android.TotalCommander
10-07 18:10:17.628 3728 3728 D NewAvrcpMediaPlayerList: Already have a controller for the player: com.ghisler.android.TotalCommander, updating instead
10-07 18:10:17.628 3082 3082 I Zygote : Process 23492 exited due to signal (6)
10-07 18:10:17.629 4869 4869 D NowPlayingListener: updateMetadata() called with: metadata = [android.media.MediaMetadata@68e2ca92] and now playing listener: com.google.android.tvrecommendations.NowPlayingManager@ab6ca20
10-07 18:10:17.630 3728 4293 E bt_btif : register_notification_rsp: Avrcp device is not connected, handle: 0x0
10-07 18:10:17.630 3728 4293 I chatty : uid=1002(bluetooth) BluetoothAvrcpH identical 4 lines
10-07 18:10:17.630 3728 4293 E bt_btif : register_notification_rsp: Avrcp device is not connected, handle: 0x0
10-07 18:10:17.635 3127 3217 W SurfaceFlinger: Attempting to set client state on removed layer: org.xbmc.kodinerds/org.xbmc.kodinerds.Main#0
10-07 18:10:17.636 3127 3217 W SurfaceFlinger: Attempting to destroy on removed layer: org.xbmc.kodinerds/org.xbmc.kodinerds.Main#0
10-07 18:10:17.644 4490 4490 E phs:fs : Unable to open file "/proc/23492/largest_task": No such file or directory
10-07 18:10:17.650 3543 3588 W ActivityManager: setHasOverlayUi called on unknown pid: 23492
10-07 18:10:17.650 3543 3645 I InputReader: Reconfiguring input devices. changes=0x00000004
10-07 18:10:17.660 4903 23825 E ActivityThread: Failed to find provider info for tvlauncher.widget
10-07 18:10:17.661 4903 23824 E ActivityThread: Failed to find provider info for tvlauncher.mic
10-07 18:10:17.661 4869 4869 D NowPlayingManager: onMediaDataUpdated() called with: mediaData = [com.google.android.tvrecommendations.NowPlayingData@e856767]
10-07 18:10:17.661 4869 4869 D NowPlayingListener: updatePlayback() called with: state = [PlaybackState {state=1, position=-1, buffered position=0, speed=1.0, updated=4449198, actions=382, custom actions=[], active item id=-1, error=null}] and now playing listener: com.google.android.tvrecommendations.NowPlayingManager@ab6ca20
10-07 18:10:17.661 4869 4869 D NowPlayingManager: onClientPlaybackStateUpdate() called with: state = [1], stateChangeTimeMs = [4449198], currentPosMs = [-1]
10-07 18:10:17.661 4869 4869 D NowPlayingManager: onClientPlaybackStateUpdate: Skipped update, state: 1 was unchanged
10-07 18:10:17.664 4692 5658 I android_os_HwBinder: HwBinder: Starting thread pool for default::vendor.nvidia.hardware.power@1.0::IPower
10-07 18:10:17.667 3543 3580 W libprocessgroup: kill(-23492, 9) failed: No such process
10-07 18:10:17.667 3543 3580 I libprocessgroup: Successfully killed process cgroup uid 10159 pid 23492 in 42ms
10-07 18:10:17.672 4869 4869 D NotifInteractonRcvr: Show unseen default level notification toasts
10-07 18:10:17.674 4490 4490 E phs:fs : Unable to open file "/proc/23492/largest_task": No such file or directory
10-07 18:10:17.675 23189 23827 E org.xbmc.kodi: No implementation found for boolean org.xbmc.kodi.XBMCFile._open(java.lang.String) (tried Java_org_xbmc_kodi_XBMCFile__1open and Java_org_xbmc_kodi_XBMCFile__1open__Ljava_lang_String_2)
10-07 18:10:17.675 23189 23827 E Kodifile: Open: Not available
10-07 18:10:17.675 4903 8248 I chatty : uid=10031(com.google.android.tvlauncher) glide-source-th expire 3 lines
10-07 18:10:17.678 23189 23828 E org.xbmc.kodi: No implementation found for boolean org.xbmc.kodi.XBMCFile._open(java.lang.String) (tried Java_org_xbmc_kodi_XBMCFile__1open and Java_org_xbmc_kodi_XBMCFile__1open__Ljava_lang_String_2)
10-07 18:10:17.678 23189 23828 E Kodifile: Open: Not available
10-07 18:10:17.679 23189 23829 E org.xbmc.kodi: No implementation found for boolean org.xbmc.kodi.XBMCFile._open(java.lang.String) (tried Java_org_xbmc_kodi_XBMCFile__1open and Java_org_xbmc_kodi_XBMCFile__1open__Ljava_lang_String_2)
10-07 18:10:17.679 4903 8227 I chatty : uid=10031(com.google.android.tvlauncher) glide-source-th expire 3 lines
10-07 18:10:17.679 23189 23829 E Kodifile: Open: Not available
10-07 18:10:17.682 4490 4490 E phs:fs : Unable to open file "/proc/23492/largest_task": No such file or directory
10-07 18:10:17.682 3326 3961 E MetadataRetrieverClient: offset (0) bigger than file size (0)
10-07 18:10:17.685 23189 23826 E org.xbmc.kodi: No implementation found for boolean org.xbmc.kodi.XBMCFile._open(java.lang.String) (tried Java_org_xbmc_kodi_XBMCFile__1open and Java_org_xbmc_kodi_XBMCFile__1open__Ljava_lang_String_2)
10-07 18:10:17.685 23189 23826 E Kodifile: Open: Not available
10-07 18:10:17.687 3326 6164 E MetadataRetrieverClient: offset (0) bigger than file size (0)
10-07 18:10:17.690 23189 23830 E org.xbmc.kodi: No implementation found for boolean org.xbmc.kodi.XBMCFile._open(java.lang.String) (tried Java_org_xbmc_kodi_XBMCFile__1open and Java_org_xbmc_kodi_XBMCFile__1open__Ljava_lang_String_2)
10-07 18:10:17.691 23189 23830 E Kodifile: Open: Not available
10-07 18:10:17.692 23189 23831 E org.xbmc.kodi: No implementation found for boolean org.xbmc.kodi.XBMCFile._open(java.lang.String) (tried Java_org_xbmc_kodi_XBMCFile__1open and Java_org_xbmc_kodi_XBMCFile__1open__Ljava_lang_String_2)
10-07 18:10:17.692 23189 23831 E Kodifile: Open: Not available
10-07 18:10:17.692 3326 6164 E MetadataRetrieverClient: offset (0) bigger than file size (0)
10-07 18:10:17.693 23189 23833 E org.xbmc.kodi: No implementation found for boolean org.xbmc.kodi.XBMCFile._open(java.lang.String) (tried Java_org_xbmc_kodi_XBMCFile__1open and Java_org_xbmc_kodi_XBMCFile__1open__Ljava_lang_String_2)
10-07 18:10:17.693 23189 23833 E Kodifile: Open: Not available
10-07 18:10:17.693 23189 23832 E org.xbmc.kodi: No implementation found for boolean org.xbmc.kodi.XBMCFile._open(java.lang.String) (tried Java_org_xbmc_kodi_XBMCFile__1open and Java_org_xbmc_kodi_XBMCFile__1open__Ljava_lang_String_2)
10-07 18:10:17.693 23189 23832 E Kodifile: Open: Not available
10-07 18:10:17.694 4490 4490 E phs:fs : Unable to open file "/proc/23492/largest_task": No such file or directory
10-07 18:10:17.704 23189 23834 E org.xbmc.kodi: No implementation found for boolean org.xbmc.kodi.XBMCFile._open(java.lang.String) (tried Java_org_xbmc_kodi_XBMCFile__1open and Java_org_xbmc_kodi_XBMCFile__1open__Ljava_lang_String_2)
10-07 18:10:17.705 23189 23834 E Kodifile: Open: Not available
10-07 18:10:17.712 3127 4079 D SurfaceFlinger: Connected to Power Manager
10-07 18:10:17.722 3125 3228 I hash_map_utils: key: 'nv_param_low_latency_active' value: ''
10-07 18:10:17.744 4490 4490 E phs:fs : Unable to open file "/proc/23492/largest_task": No such file or directory
10-07 18:10:17.758 23189 23836 E org.xbmc.kodi: No implementation found for boolean org.xbmc.kodi.XBMCFile._open(java.lang.String) (tried Java_org_xbmc_kodi_XBMCFile__1open and Java_org_xbmc_kodi_XBMCFile__1open__Ljava_lang_String_2)
10-07 18:10:17.758 23189 23836 E Kodifile: Open: Not available
10-07 18:10:17.760 4903 8237 D skia : --- Failed to create image decoder with message 'unimplemented'
10-07 18:10:17.760 4903 8237 D skia : --- Failed to create image decoder with message 'unimplemented'
10-07 18:10:17.761 4903 4903 W Glide : Load failed for content://org.xbmc.kodi.file#image%3A%2F%2Fhttp%253a%252f%252f192.168.1.25%253a8096%252femby%252fItems%252f9365%252fImages%252fPrimary%252f0%253fEnableImageEnhancers%253dTrue%2526Tag%253d4bc196b18fbffa16283f9eb171dd2fd4%2F with size [564x306]
10-07 18:10:17.761 4903 4903 W Glide : class com.bumptech.glide.load.engine.GlideException: Failed to load resource
10-07 18:10:17.761 4903 4903 W Glide : There were 2 causes:
10-07 18:10:17.761 4903 4903 W Glide : java.io.IOException(java.lang.RuntimeException: setDataSource failed: status = 0xFFFFFFEA)
10-07 18:10:17.761 4903 4903 W Glide : java.io.IOException(java.lang.IllegalArgumentException)
10-07 18:10:17.761 4903 4903 W Glide : call GlideException#logRootCauses(String) for more detail
10-07 18:10:17.761 4903 4903 W Glide : Cause (1 of 3): class com.bumptech.glide.load.engine.GlideException: Failed LoadPath{AutoCloseInputStream->Object->PaletteBitmapContainer}, LOCAL
10-07 18:10:17.761 4903 4903 W Glide : Cause (1 of 1): class com.bumptech.glide.load.engine.GlideException: Failed DecodePath{AutoCloseInputStream->Bitmap->PaletteBitmapContainer}
10-07 18:10:17.761 4903 4903 W Glide : Cause (2 of 3): class com.bumptech.glide.load.engine.GlideException: Failed LoadPath{ParcelFileDescriptorInner->Object->PaletteBitmapContainer}, LOCAL
10-07 18:10:17.761 4903 4903 W Glide : There was 1 cause:
10-07 18:10:17.761 4903 4903 W Glide : java.io.IOException(java.lang.RuntimeException: setDataSource failed: status = 0xFFFFFFEA)
10-07 18:10:17.761 4903 4903 W Glide : call GlideException#logRootCauses(String) for more detail
10-07 18:10:17.761 4903 4903 W Glide : Cause (1 of 1): class com.bumptech.glide.load.engine.GlideException: Failed DecodePath{ParcelFileDescriptorInner->Bitmap->PaletteBitmapContainer}
10-07 18:10:17.761 4903 4903 W Glide : There was 1 cause:
10-07 18:10:17.761 4903 4903 W Glide : java.io.IOException(java.lang.RuntimeException: setDataSource failed: status = 0xFFFFFFEA)
10-07 18:10:17.761 4903 4903 W Glide : call GlideException#logRootCauses(String) for more detail
10-07 18:10:17.761 4903 4903 W Glide : Cause (1 of 1): class java.io.IOException: java.lang.RuntimeException: setDataSource failed: status = 0xFFFFFFEA
10-07 18:10:17.761 4903 4903 W Glide : Cause (3 of 3): class com.bumptech.glide.load.engine.GlideException: Failed LoadPath{AssetFileDescriptor->Object->PaletteBitmapContainer}, LOCAL
10-07 18:10:17.761 4903 4903 W Glide : There was 1 cause:
10-07 18:10:17.761 4903 4903 W Glide : java.io.IOException(java.lang.IllegalArgumentException)
10-07 18:10:17.761 4903 4903 W Glide : call GlideException#logRootCauses(String) for more detail
10-07 18:10:17.761 4903 4903 W Glide : Cause (1 of 1): class com.bumptech.glide.load.engine.GlideException: Failed DecodePath{AssetFileDescriptor->Bitmap->PaletteBitmapContainer}
10-07 18:10:17.761 4903 4903 W Glide : There was 1 cause:
10-07 18:10:17.761 4903 4903 W Glide : java.io.IOException(java.lang.IllegalArgumentException)
10-07 18:10:17.761 4903 4903 W Glide : call GlideException#logRootCauses(String) for more detail
10-07 18:10:17.761 4903 4903 W Glide : Cause (1 of 1): class java.io.IOException: java.lang.IllegalArgumentException
10-07 18:10:17.762 4903 4903 I Glide : Root cause (1 of 2)
10-07 18:10:17.762 4903 4903 I Glide : java.io.IOException: java.lang.RuntimeException: setDataSource failed: status = 0xFFFFFFEA
