10-07 18:05:30.176 22477 22570 D TileAndroidGame: at java.lang.Thread.run(Thread.java:764)
10-07 18:05:30.505 3125 11468 I chatty : uid=1041(audioserver) Binder:3125_6 expire 10 lines
10-07 18:05:30.517 6692 6692 D cr_AvSettingsAndroid: [AvSettingsAndroid.java:147] HDMI plug update: action=android.media.action.HDMI_AUDIO_PLUG, plug=0
10-07 18:05:30.517 6692 6692 D cr_AvSettingsAndroid: [AvSettingsAndroid.java:155] Max channel count = 2
10-07 18:05:30.517 3803 3803 V MediaRouter: Audio routes updated: AudioRoutesInfo{ type=SPEAKER }, a2dp=false
10-07 18:05:30.518 3803 3803 V MediaRouter: Selecting route: RouteInfo{ name=TV, description=null, status=null, category=RouteCategory{ name=System types=ROUTE_TYPE_LIVE_AUDIO ROUTE_TYPE_LIVE_VIDEO groupable=false }, supportedTypes=ROUTE_TYPE_LIVE_AUDIO ROUTE_TYPE_LIVE_VIDEO , presentationDisplay=null }
10-07 18:05:30.522 6692 6692 D cr_AvSettingsAndroid: [AvSettingsAndroid.java:138] Supported audio codecs:16
10-07 18:05:30.523 6692 7066 I chromium: [6692:7066:INFO:media_manager_impl.cc(1216)] Audio codec adjusted: old_codecs = 16, new_codecs = 0
10-07 18:05:30.523 6692 7066 I chromium: [6692:7066:INFO:media_manager_impl.cc(1232)] New audio codecs supported: new_codecs=0, old_codecs=16
10-07 18:05:30.523 6692 7066 W cr_AvSettingsAndroid: getDolbyVisionFlags() not supported, returning 0
10-07 18:05:30.524 6692 7066 D cr_EstimateResolution: [MaxAnticipatedResolutionEstimator.java:41] Assuming 4K display capabilities because we can decode VP9 4K video.
10-07 18:05:30.657 8228 9957 W ContentProvider: Normalized content://com.nvidia.pgcontentprovider.PGContentProvider//minimal/gameAssetsV2 to content://com.nvidia.pgcontentprovider.PGContentProvider/minimal/gameAssetsV2 to avoid possible security issues
10-07 18:05:31.148 3543 3543 D HdmiCecLocalDevicePlayback: phyAddr=0x4100 curPhyAddr=0x4100 isOnPath=true
10-07 18:05:31.150 3543 3543 D HdmiCecLocalDevicePlayback: sleepIfNoLongerActiveSource wasActive=false isActive=true
10-07 18:05:31.151 3543 3543 V SettingsProvider: Notifying for 0: content://settings/global/hdmi_control_is_active_source
10-07 18:05:31.285 3543 3543 V DeviceDiscoveryAction: Start [Osd Name Stage]:1
10-07 18:05:31.594 3543 3543 D HdmiCecLocalDevicePlayback: src: 4, dst: 15, params: 41 00 received, laddr=4 phyaddr=0x4100 actions empty=true timeSinceLastOtp=1570464331395
10-07 18:05:32.519 17395 17445 I chatty : uid=10159(org.xbmc.kodinerds) expire 4 lines
10-07 18:05:32.527 3728 4293 E bt_btif : register_notification_rsp: Avrcp device is not connected, handle: 0x0
10-07 18:05:32.528 3125 11461 I chatty : uid=1041(audioserver) Binder:3125_5 expire 1 line
10-07 18:05:32.528 3728 4293 E bt_btif : register_notification_rsp: Avrcp device is not connected, handle: 0x0
10-07 18:05:32.528 3728 4293 I chatty : uid=1002(bluetooth) BluetoothAvrcpH identical 7 lines
10-07 18:05:32.528 3728 4293 E bt_btif : register_notification_rsp: Avrcp device is not connected, handle: 0x0
10-07 18:05:32.529 3089 3451 I chatty : uid=1041(audioserver) HwBinder:3089_1 expire 1 line
10-07 18:05:33.774 3543 3543 W Looper : Slow delivery took 489ms main h=com.android.server.hdmi.HdmiCecFeatureAction$ActionTimerHandler c=null m=100
10-07 18:05:33.775 3125 3460 I chatty : uid=1041(audioserver) AudioOut_D expire 2 lines
10-07 18:05:33.775 3089 10876 I chatty : uid=1041(audioserver) writer expire 2 lines
10-07 18:05:33.776 3112 3211 I hwcomposer: hotplug: display 0 connected = 1
10-07 18:05:33.776 3103 3192 I TegraHDMICEC: hotplug display 0 connected 1
10-07 18:05:33.776 3103 3192 D TegraHDMICEC: edid: Manufacturer ID: "SAM"
10-07 18:05:33.776 3103 3192 D TegraHDMICEC: edid: Manufacturer Product Code: 0c00
10-07 18:05:33.776 3112 3211 I hwcomposer: edid: Manufacturer ID: "SAM"
10-07 18:05:33.776 3103 3192 D TegraHDMICEC: edid: Monitor name: "SAMSUNG"
10-07 18:05:33.776 3112 3211 I hwcomposer: edid: Manufacturer Product Code: 0c00
10-07 18:05:33.776 3103 3192 I TegraHDMICEC: edid in whitelist[-1]
10-07 18:05:33.776 3112 3211 I hwcomposer: edid: Monitor name: "SAMSUNG"
10-07 18:05:33.776 3112 3211 D hwcomposer: Display 0 (head 0): capabilities: no RGB full range, no YUV full range, SMPTE_2084, Y422, Y444
10-07 18:05:33.776 3112 3211 D hwcomposer: Display 0 (head 0): found 59 modes
10-07 18:05:33.776 3112 3211 D hwcomposer: Display 0 (head 0): HWC features active: max pixclk: 297, EOTF PQ, deep color, YUV, 2160p, CEA
10-07 18:05:33.776 3112 3211 D hwcomposer: Fallback mode 3840 x 2160 @ 30.00 Hz (RGB/8/Rec.709/cea)
10-07 18:05:33.776 3112 3211 D hwcomposer: Chosen mode 3840 x 2160 @ 59.94 Hz (YUV420/8/Rec.709/cea)
10-07 18:05:33.776 3112 3211 V hwcomposer: display 0: vblank period = 16683333 ns
10-07 18:05:33.776 3112 3211 D hwcomposer: SF configs: 19
10-07 18:05:33.776 3543 3641 V WiredAccessoryManager: Headset UEVENT: {SUBSYSTEM=extcon, SEQNUM=5150, ACTION=change, DEVTYPE=extcon2, STATE=HDMI=1
10-07 18:05:33.776 3543 3641 V WiredAccessoryManager: DP=0
10-07 18:05:33.776 3543 3641 V WiredAccessoryManager: AUDIO_AUX0=0
10-07 18:05:33.776 3543 3641 V WiredAccessoryManager: AUDIO_AUX1=0
10-07 18:05:33.776 3543 3641 V WiredAccessoryManager: AUDIO_AUX2=0
10-07 18:05:33.776 3543 3641 V WiredAccessoryManager: AUDIO_AUX3=0, DEVPATH=/devices/extcon/extcon:disp-state/extcon/extcon2, NAME=extcon:disp-state}
10-07 18:05:33.777 3543 3641 V WiredAccessoryManager: newName=extcon2 newState=0 headsetState=0 prev headsetState=0
10-07 18:05:33.777 3112 3211 V hwcomposer: hwc_hotplug: display 0 connected
10-07 18:05:33.777 3112 3212 V hwcomposer: hdcp_poll: processing pipe fd
10-07 18:05:33.777 3112 3211 V hwcomposer: hwc_blank_display: display 0: [1 -> 0]
10-07 18:05:33.777 3112 3212 D : signalling poll disabled
10-07 18:05:33.777 3112 3211 V hwcomposer: Display 0 device size is 3840 x 2160
10-07 18:05:33.777 3112 3212 I : SecureHdcp_PollDisabled
10-07 18:05:33.777 3112 3211 V hwcomposer: Display 0 device clip is (0.0, 0.0, 3840.0, 2160.0)
10-07 18:05:33.777 3112 3212 V hwcomposer: hdcp_poll: processing pipe fd
10-07 18:05:33.781 3322 3322 D DrmHal : found drm@1.0 IDrmFactory clearkey
10-07 18:05:33.782 3112 3212 D : signalling poll failure
10-07 18:05:33.782 3112 3212 I : SecureHdcp_PollFailure
10-07 18:05:33.782 3112 3212 E : hdcp_status: readstatus failed
10-07 18:05:33.782 3322 3322 D DrmHal : found drm@1.0 IDrmFactory default
10-07 18:05:33.783 3322 3322 D DrmHal : found drm@1.0 IDrmFactory playready
10-07 18:05:33.784 3322 3322 D DrmHal : found drm@1.0 IDrmFactory widevine
10-07 18:05:33.785 3691 3691 D BlakeWifiIntentManager: HDMI_PLUGGED_ACTION
10-07 18:05:33.786 3322 3322 D DrmHal : found drm@1.1 IDrmFactory clearkey
10-07 18:05:33.786 4531 5046 I ShieldBluetoothScanPolicy: Scan Poll enabled due to HDMI
10-07 18:05:33.787 3322 3322 D DrmHal : found drm@1.1 IDrmFactory playready
10-07 18:05:33.787 4531 5046 I ShieldBluetoothScanPolicy: scan optmizations poll trigger due to HDMI
10-07 18:05:33.787 3322 20850 D DrmHal : found drm@1.0 IDrmFactory clearkey
10-07 18:05:33.787 3322 3322 D DrmHal : found drm@1.1 IDrmFactory widevine
10-07 18:05:33.788 4531 5046 I ShieldBluetoothHandler: HDMI plug state change true
10-07 18:05:33.788 3094 6766 D WVCdm : Instantiating CDM.
10-07 18:05:33.788 3322 20850 D DrmHal : found drm@1.0 IDrmFactory default
10-07 18:05:33.789 3322 20850 D DrmHal : found drm@1.0 IDrmFactory playready
10-07 18:05:33.789 3097 22520 I WVCdm : [cdm_engine.cpp(481):QueryStatus] CdmEngine::QueryStatus
10-07 18:05:33.789 3322 20850 D DrmHal : found drm@1.0 IDrmFactory widevine
10-07 18:05:33.790 3097 22520 I WVCdm : [cdm_engine.cpp(481):QueryStatus] CdmEngine::QueryStatus
10-07 18:05:33.790 3322 20850 D DrmHal : found drm@1.1 IDrmFactory clearkey
10-07 18:05:33.790 3322 3322 W MediaAnalyticsItem: Failed to record: [1:drm.vendor.Google.WidevineCDM:106:-1:com.netflix.ninja:0:-1:1:0:0:] [forcenew=0]
10-07 18:05:33.790 3322 3322 E PluginMetricsReporting: selfrecord() returned false. sessioId 106
10-07 18:05:33.791 3322 20850 D DrmHal : found drm@1.1 IDrmFactory playready
10-07 18:05:33.792 3322 20850 D DrmHal : found drm@1.1 IDrmFactory widevine
10-07 18:05:33.792 3094 3094 D WVCdm : Instantiating CDM.
10-07 18:05:33.808 3112 3112 V hwcomposer: hwc_getDisplayConfigs: disp 0: returning 19 configs
10-07 18:05:33.809 3112 3112 V hwcomposer: hwc_getDisplayConfigs: disp 0: returning 19 configs
10-07 18:05:33.827 3112 3112 E hwcomposer: modes_match: field h_active mismatch 3840 - 0
10-07 18:05:33.881 3543 3641 V WiredAccessoryManager: Headset UEVENT: {SUBSYSTEM=extcon, SEQNUM=5153, ACTION=change, DEVTYPE=extcon2, STATE=HDMI=1
10-07 18:05:33.881 3543 3641 V WiredAccessoryManager: DP=0
10-07 18:05:33.881 3543 3641 V WiredAccessoryManager: AUDIO_AUX0=0
10-07 18:05:33.881 3543 3641 V WiredAccessoryManager: AUDIO_AUX1=1
10-07 18:05:33.881 3543 3641 V WiredAccessoryManager: AUDIO_AUX2=0
10-07 18:05:33.881 3543 3641 V WiredAccessoryManager: AUDIO_AUX3=0, DEVPATH=/devices/extcon/extcon:disp-state/extcon/extcon2, NAME=extcon:disp-state}
10-07 18:05:33.881 3543 3641 V WiredAccessoryManager: newName=extcon2 newState=256 headsetState=256 prev headsetState=0
10-07 18:05:33.926 3112 3112 V hwcomposer: HDR: Clear cached SMPTE 2086 metadata
10-07 18:05:33.926 3112 3112 V hwcomposer: setting property vendor.display-size to 3840x2160
10-07 18:05:33.926 3112 3112 V hwcomposer: setting property vendor.tegra.display-size to 3840x2160
10-07 18:05:33.928 3543 3588 W LocalDisplayAdapter: Default display mode no longer available, using currently active mode as default.
10-07 18:05:33.928 3543 3588 W LocalDisplayAdapter: Active display mode no longer available, reverting to default mode.
10-07 18:05:33.929 3543 3543 V WiredAccessoryManager: headsetName: connected address: = aux1_audio
10-07 18:05:33.929 3543 3543 W Looper : Drained
10-07 18:05:33.929 3125 3125 I chatty : uid=1041(audioserver) /system/bin/audioserver expire 30 lines
10-07 18:05:33.944 3125 22587 I chatty : uid=1041(audioserver) /system/bin/audioserver expire 1 line
10-07 18:05:33.948 3125 22588 I chatty : uid=1041(audioserver) /system/bin/audioserver expire 1 line
10-07 18:05:33.951 3125 22589 I chatty : uid=1041(audioserver) /system/bin/audioserver expire 1 line
10-07 18:05:33.955 3103 3103 V TegraHDMICEC: reply_vendor_command_with_id_from_nvidia: ff:a0:00:04:4b:01
10-07 18:05:33.955 3103 3103 I TegraHDMICEC: Send white list list from HAL to frameworks.
10-07 18:05:33.955 3103 3103 V TegraHDMICEC: reply_vendor_command_with_id_from_nvidia: ff:a0:00:04:4b:02:00
10-07 18:05:34.031 3097 6767 I WVCdm : [cdm_engine.cpp(481):QueryStatus] CdmEngine::QueryStatus
10-07 18:05:34.069 3803 3803 V MediaRouter: Audio routes updated: AudioRoutesInfo{ type=HDMI }, a2dp=false
10-07 18:05:34.069 3803 3803 V MediaRouter: Selecting route: RouteInfo{ name=HDMI, description=null, status=null, category=RouteCategory{ name=System types=ROUTE_TYPE_LIVE_AUDIO ROUTE_TYPE_LIVE_VIDEO groupable=false }, supportedTypes=ROUTE_TYPE_LIVE_AUDIO ROUTE_TYPE_LIVE_VIDEO , presentationDisplay=null }
10-07 18:05:34.069 3728 3940 D BluetoothActiveDeviceManager: onAudioDevicesAdded
10-07 18:05:34.069 3728 3728 D NewAvrcpVolumeManager: onAudioDevicesAdded: Not expecting device changed
10-07 18:05:34.069 3728 3940 D BluetoothActiveDeviceManager: Audio device added: SHIELD Android TV type: 9
10-07 18:05:34.070 6692 6692 D cr_AvSettingsAndroid: [AvSettingsAndroid.java:147] HDMI plug update: action=android.media.action.HDMI_AUDIO_PLUG, plug=1
10-07 18:05:34.070 6692 6692 D cr_AvSettingsAndroid: [AvSettingsAndroid.java:155] Max channel count = 8
10-07 18:05:34.071 6692 6692 D cr_AvSettingsAndroid: [AvSettingsAndroid.java:138] Supported audio codecs:16
10-07 18:05:34.071 6692 7066 I chromium: [6692:7066:INFO:media_manager_impl.cc(1232)] New audio codecs supported: new_codecs=16, old_codecs=0
10-07 18:05:34.072 6692 7066 W cr_AvSettingsAndroid: getDolbyVisionFlags() not supported, returning 0
10-07 18:05:34.073 6692 7066 D cr_EstimateResolution: [MaxAnticipatedResolutionEstimator.java:41] Assuming 4K display capabilities because we can decode VP9 4K video.
10-07 18:05:34.091 3543 3543 I HdmiCecLocalDevice: White list index from is -1
10-07 18:05:34.302 3543 3543 V DeviceDiscoveryAction: Start [Vendor Id Stage]:1
10-07 18:05:34.389 3097 6767 I WVCdm : [cdm_engine.cpp(481):QueryStatus] CdmEngine::QueryStatus
10-07 18:05:34.438 3543 3543 W DeviceDiscoveryAction: Unmatched address[expected:3, actual:4
10-07 18:05:34.571 3543 3677 W HdmiCecController: Failed to send src: 4, dst: 0 with errorCode=3
10-07 18:05:34.786 3112 3212 D : signalling poll failure
10-07 18:05:34.786 3112 3212 I : SecureHdcp_PollFailure
10-07 18:05:34.786 3112 3212 E : hdcp_status: readstatus failed
10-07 18:05:34.942 3097 6767 I WVCdm : [cdm_engine.cpp(481):QueryStatus] CdmEngine::QueryStatus
10-07 18:05:35.013 3543 3543 W HDMI : [1]:Unexpected direct message: src: 3, dst: 4, params: 00 00 00
10-07 18:05:35.790 3112 3212 D : signalling poll failure
10-07 18:05:35.790 3112 3212 I : SecureHdcp_PollFailure
10-07 18:05:35.790 3112 3212 E : hdcp_status: readstatus failed
10-07 18:05:35.801 3097 6767 I WVCdm : [cdm_engine.cpp(481):QueryStatus] CdmEngine::QueryStatus
10-07 18:05:36.165 6692 6692 I chromium: [6692:6692:INFO:metrics_recorder.cc(89)] Metrics stat: total=8
10-07 18:05:36.165 6692 6692 I chromium: Cast.CecHdmiInputState.InactiveToActive=1
10-07 18:05:36.165 6692 6692 I chromium: Cast.CecStandby.StandbyToOn=1
10-07 18:05:36.165 6692 6692 I chromium: Cast.Discovery.Mdns.Request.In=3
10-07 18:05:36.165 6692 6692 I chromium: Cast.Discovery.Mdns.Request.Namespace.In=3
10-07 18:05:36.165 6692 6692 I chromium: Cast.Discovery.Mdns.Response.Out=3
10-07 18:05:36.165 6692 6692 I chromium: CastV2.Receiver.DeviceStatus.Out=4
10-07 18:05:36.165 6692 6692 I chromium: CastV2.Receiver.DeviceStatus.Out.Broadcast=2
10-07 18:05:36.165 6692 6692 I chromium: VolumeUnmuted=1
10-07 18:05:37.092 3322 6775 D DrmHal : found drm@1.0 IDrmFactory clearkey
10-07 18:05:37.093 3322 6775 D DrmHal : found drm@1.0 IDrmFactory default
10-07 18:05:37.094 3322 6775 D DrmHal : found drm@1.0 IDrmFactory playready
10-07 18:05:37.095 3322 6775 D DrmHal : found drm@1.0 IDrmFactory widevine
10-07 18:05:37.097 3322 6775 D DrmHal : found drm@1.1 IDrmFactory clearkey
10-07 18:05:37.098 3322 6775 D DrmHal : found drm@1.1 IDrmFactory playready
10-07 18:05:37.099 3322 6775 D DrmHal : found drm@1.1 IDrmFactory widevine
10-07 18:05:37.099 3094 3094 D WVCdm : Instantiating CDM.
10-07 18:05:37.101 3097 22520 I WVCdm : [cdm_engine.cpp(481):QueryStatus] CdmEngine::QueryStatus
10-07 18:05:37.102 3097 22520 I WVCdm : [cdm_engine.cpp(481):QueryStatus] CdmEngine::QueryStatus
10-07 18:05:37.102 3322 6775 W MediaAnalyticsItem: Failed to record: [1:drm.vendor.Google.WidevineCDM:108:-1:com.netflix.ninja:0:-1:1:0:0:] [forcenew=0]
10-07 18:05:37.103 3322 6775 E PluginMetricsReporting: selfrecord() returned false. sessioId 108
10-07 18:05:37.135 3097 6767 I WVCdm : [cdm_engine.cpp(481):QueryStatus] CdmEngine::QueryStatus
10-07 18:05:37.136 3322 6775 W MediaAnalyticsItem: Failed to record: [1:drm.vendor.Google.WidevineCDM:110:-1:com.google.android.apps.mediashell:0:-1:1:0:0:] [forcenew=0]
10-07 18:05:37.136 3322 6775 E PluginMetricsReporting: selfrecord() returned false. sessioId 110
10-07 18:05:37.137 6692 7066 W cr_AvSettingsAndroid: getDolbyVisionFlags() not supported, returning 0
10-07 18:05:37.138 6692 7066 I chromium: [6692:7066:INFO:media_manager_impl.cc(1289)] ScreenInfo changed: HDCP version=22 supported EOTFs=0 DolbyVision flags=0 Size(mm): 0x0 cur mode HDR=0 cur mode DV=0
10-07 18:05:37.139 6692 7066 D cr_EstimateResolution: [MaxAnticipatedResolutionEstimator.java:41] Assuming 4K display capabilities because we can decode VP9 4K video.
10-07 18:05:38.304 3543 3543 V DeviceDiscoveryAction: Ignoring timeout
10-07 18:05:38.304 3543 3543 V DeviceDiscoveryAction: Timeout[State=4, Processed=1]
10-07 18:05:38.304 3543 3543 V DeviceDiscoveryAction: Start [CEC Version Stage]:1
10-07 18:05:41.627 3543 7837 I ActivityManager: START u0 {flg=0x10804000 cmp=com.android.systemui/.recents.tv.RecentsTvActivity} from uid 10029
10-07 18:05:41.631 3543 7837 I chatty : uid=1000(system) Binder:3543_11 expire 1 line
10-07 18:05:41.633 3116 3116 E powerHAL::common: Unknown power hint: 0x8
10-07 18:05:41.637 17395 17395 I chatty : uid=10159(org.xbmc.kodinerds) expire 12 lines
10-07 18:05:41.641 3803 3803 I vol.Events: writeEvent dismiss_dialog volume_controller
10-07 18:05:41.641 3543 22598 I chatty : uid=1000 system_server expire 2 lines
10-07 18:05:41.642 3803 3803 W ActivityThread: handleWindowVisibility: no activity for token android.os.BinderProxy@295be34
10-07 18:05:41.656 3543 22600 I chatty : uid=1000 system_server expire 1 line
10-07 18:05:41.663 4692 5658 I android_os_HwBinder: HwBinder: Starting thread pool for default::vendor.nvidia.hardware.power@1.0::IPower
10-07 18:05:41.681 3543 3571 I WindowManager: WindowState() - found Launcher @ mAppToken:AppWindowToken{b7a6976 token=Token{cd89411 ActivityRecord{c1eac38 u0 com.android.systemui/.recents.tv.RecentsTvActivity t1161}}}
10-07 18:05:41.710 3803 3803 W View : requestLayout() improperly called by com.android.systemui.recents.tv.views.TaskCardView{7573132 VFE...C.. .F....ID 704,0-1216,476} during layout: running second layout pass
10-07 18:05:41.719 3543 3645 I chatty : uid=1000(system) InputReader expire 41 lines
10-07 18:05:41.730 3127 4079 D SurfaceFlinger: Connected to Power Manager
10-07 18:05:41.754 3543 3588 I chatty : uid=1000(system) android.display expire 7 lines
10-07 18:05:41.773 3116 3116 E powerHAL::common: Unknown power hint: 0x8
10-07 18:05:42.073 8228 9957 W ContentProvider: Normalized content://com.nvidia.pgcontentprovider.PGContentProvider//minimal/genres to content://com.nvidia.pgcontentprovider.PGContentProvider/minimal/genres to avoid possible security issues
10-07 18:05:42.077 8228 9957 W ContentProvider: Normalized content://com.nvidia.pgcontentprovider.PGContentProvider//default/genregamejunction to content://com.nvidia.pgcontentprovider.PGContentProvider/default/genregamejunction to avoid possible security issues
10-07 18:05:42.088 3127 6075 W SurfaceFlinger: Attempting to set client state on removed layer: thumbnail anim: AppWindowToken{8317d7e token=Token{a3ed339 ActivityRecord{5574f00 u0 org.xbmc.kodinerds/.Main t1160}}}#0
10-07 18:05:42.088 3127 6075 W SurfaceFlinger: Attempting to destroy on removed layer: thumbnail anim: AppWindowToken{8317d7e token=Token{a3ed339 ActivityRecord{5574f00 u0 org.xbmc.kodinerds/.Main t1160}}}#0
10-07 18:05:42.120 8228 9957 W ContentProvider: Normalized content://com.nvidia.pgcontentprovider.PGContentProvider//minimal/gameAssetsV2 to content://com.nvidia.pgcontentprovider.PGContentProvider/minimal/gameAssetsV2 to avoid possible security issues
10-07 18:05:42.307 3543 3543 V DeviceDiscoveryAction: Ignoring timeout
10-07 18:05:42.307 3543 3543 V DeviceDiscoveryAction: Timeout[State=5, Processed=1]
10-07 18:05:42.307 3543 3543 V DeviceDiscoveryAction: ---------Wrap up Device Discovery:[1]---------
10-07 18:05:42.307 3543 3543 V DeviceDiscoveryAction: DeviceInfo: CEC: logical_address: 0x03 device_type: 3 vendor_id: 16777215 display_name: vuduo2 power_status: -1 cec_version: -1 physical_address: 0x4300 port_id: -1
10-07 18:05:42.307 3543 3543 V DeviceDiscoveryAction: --------------------------------------------
10-07 18:05:42.364 4424 4424 I android_os_HwBinder: HwBinder: Starting thread pool for default::vendor.nvidia.hardware.graphics.display@1.0::INvDisplay
10-07 18:05:42.364 4424 4424 D NvIRTunerService: Called updateIRHdmiDevice EDID from hwc:{ SAM, SAMSUNG, 3072 }
10-07 18:05:42.364 4424 4424 D NvIRTunerService: Called updateIRHdmiDevice vendor code from EDID:SAM edid { SAM, SAMSUNG, 3072 }
10-07 18:05:42.584 8228 9957 W ContentProvider: Normalized content://com.nvidia.pgcontentprovider.PGContentProvider//minimal/gameAssetsV2 to content://com.nvidia.pgcontentprovider.PGContentProvider/minimal/gameAssetsV2 to avoid possible security issues
10-07 18:05:42.884 8228 9957 W ContentProvider: Normalized content://com.nvidia.pgcontentprovider.PGContentProvider//minimal/layout to content://com.nvidia.pgcontentprovider.PGContentProvider/minimal/layout to avoid possible security issues
10-07 18:05:42.887 8228 9644 W ContentProvider: Normalized content://com.nvidia.pgcontentprovider.PGContentProvider//minimal/layoutsectionview to content://com.nvidia.pgcontentprovider.PGContentProvider/minimal/layoutsectionview to avoid possible security issues
10-07 18:05:42.889 8228 9644 W ContentProvider: Normalized content://com.nvidia.pgcontentprovider.PGContentProvider//minimal/sectiontileview to content://com.nvidia.pgcontentprovider.PGContentProvider/minimal/sectiontileview to avoid possible security issues
10-07 18:05:42.909 8228 9644 I chatty : uid=10089(com.nvidia.tegrazone3) Binder:8228_5 identical 7 lines
10-07 18:05:42.911 8228 9644 W ContentProvider: Normalized content://com.nvidia.pgcontentprovider.PGContentProvider//minimal/sectiontileview to content://com.nvidia.pgcontentprovider.PGContentProvider/minimal/sectiontileview to avoid possible security issues
10-07 18:05:42.980 22477 22490 W System : A resource failed to call close.
10-07 18:05:42.985 22477 22490 I chatty : uid=10089(com.nvidia.tegrazone3) FinalizerDaemon identical 10 lines
10-07 18:05:42.986 22477 22490 W System : A resource failed to call close.
10-07 18:05:43.153 22477 22570 D ChannelsJobService: scheduleForChannelChanges
10-07 18:05:44.112 3322 6775 D DrmHal : found drm@1.0 IDrmFactory clearkey
10-07 18:05:44.113 3322 6775 D DrmHal : found drm@1.0 IDrmFactory default
10-07 18:05:44.114 3322 6775 D DrmHal : found drm@1.0 IDrmFactory playready
10-07 18:05:44.115 3322 6775 D DrmHal : found drm@1.0 IDrmFactory widevine
10-07 18:05:44.116 3322 6775 D DrmHal : found drm@1.1 IDrmFactory clearkey
10-07 18:05:44.117 3322 6775 D DrmHal : found drm@1.1 IDrmFactory playready
10-07 18:05:44.118 3322 6775 D DrmHal : found drm@1.1 IDrmFactory widevine
10-07 18:05:44.119 3094 3094 D WVCdm : Instantiating CDM.
10-07 18:05:44.122 3097 6750 I WVCdm : [cdm_engine.cpp(481):QueryStatus] CdmEngine::QueryStatus
10-07 18:05:44.122 3097 6750 I WVCdm : [cdm_engine.cpp(481):QueryStatus] CdmEngine::QueryStatus
10-07 18:05:44.124 3322 3322 W MediaAnalyticsItem: Failed to record: [1:drm.vendor.Google.WidevineCDM:112:-1:com.netflix.ninja:0:-1:1:0:0:] [forcenew=0]
10-07 18:05:44.124 3322 3322 E PluginMetricsReporting: selfrecord() returned false. sessioId 112
10-07 18:05:44.784 3543 3671 I chatty : uid=1000(system) AudioService expire 6 lines
10-07 18:05:44.785 3125 3125 I chatty : uid=1041(audioserver) /system/bin/audioserver expire 2 lines
10-07 18:05:44.934 3125 3228 I chatty : uid=1041(audioserver) ApmOutput expire 16 lines
10-07 18:05:45.211 17395 17429 I chatty : uid=10159(org.xbmc.kodinerds) expire 3 lines
10-07 18:05:45.211 3543 3571 I ActivityManager: Killing 17395:org.xbmc.kodinerds/u0a159 (adj 900): remove task
10-07 18:05:45.270 3543 3644 I chatty : uid=1000(system) InputDispatcher expire 2 lines
10-07 18:05:45.270 3543 7639 I chatty : uid=1000(system) Binder:3543_10 expire 1 line
10-07 18:05:45.271 3543 3665 D NsdService: Client disconnected
10-07 18:05:45.272 3543 3665 D NsdService: Terminating client-ID 2 global-ID 15 type 393225
10-07 18:05:45.274 3543 3665 D NsdService: mdnssd [stop-register, 15]
10-07 18:05:45.274 3728 4293 E bt_btif : register_notification_rsp: Avrcp device is not connected, handle: 0x0
10-07 18:05:45.274 3728 4293 E bt_btif : register_notification_rsp: Avrcp device is not connected, handle: 0x0
10-07 18:05:45.274 3081 3205 D MDnsDS : polling error: 32
10-07 18:05:45.275 3543 8468 I WindowManager: WIN DEATH: Window{9bb5cbf u0 org.xbmc.kodinerds/org.xbmc.kodinerds.Main}
10-07 18:05:45.275 3543 8468 I chatty : uid=1000(system) Binder:3543_12 expire 1 line
10-07 18:05:45.275 3543 3665 D NsdService: Terminating client-ID 3 global-ID 16 type 393225
10-07 18:05:45.275 3543 3665 D NsdService: mdnssd [stop-register, 16]
10-07 18:05:45.276 3081 3205 D MDnsDS : polling error: 32
10-07 18:05:45.277 3728 3728 V NewAvrcpMediaPlayerList: onActiveSessionsChanged: number of controllers: 1
10-07 18:05:45.277 4869 4869 D NowPlayingListener: onActiveSessionsChanged() called with: controllers = [[android.media.session.MediaController@73d478f]]
10-07 18:05:45.277 3728 3728 D NewAvrcpMediaPlayerList: onActiveSessionsChanged: controller: com.ghisler.android.TotalCommander
10-07 18:05:45.277 4869 4869 D NowPlayingListener: updateMediaSessionCallback: android.media.session.MediaController@73d478f
10-07 18:05:45.277 3728 3728 D NewAvrcpMediaPlayerList: Already have a controller for the player: com.ghisler.android.TotalCommander, updating instead
10-07 18:05:45.277 3728 3728 V NewAvrcpMediaPlayerList: onActiveSessionsChanged: number of controllers: 1
10-07 18:05:45.278 3728 3728 D NewAvrcpMediaPlayerList: onActiveSessionsChanged: controller: com.ghisler.android.TotalCommander
10-07 18:05:45.278 3728 3728 D NewAvrcpMediaPlayerList: Already have a controller for the player: com.ghisler.android.TotalCommander, updating instead
10-07 18:05:45.277 3082 3082 I Zygote : Process 17395 exited due to signal (9)
10-07 18:05:45.278 5872 5872 D DeviceControlManagerService: active session:com.ghisler.android.TotalCommander
10-07 18:05:45.280 5872 5872 D DeviceControlManagerService: active session:com.ghisler.android.TotalCommander
10-07 18:05:45.281 4869 4869 D NowPlayingManager: onClientChanged() called with: clearing = [false]
10-07 18:05:45.281 4869 4869 D NowPlayingListener: updateMetadata() called with: metadata = [android.media.MediaMetadata@68e2ca92] and now playing listener: com.google.android.tvrecommendations.NowPlayingManager@ab6ca20
10-07 18:05:45.282 3127 3217 W SurfaceFlinger: Attempting to destroy on removed layer: AppWindowToken{8317d7e token=Token{a3ed339 ActivityRecord{5574f00 u0 org.xbmc.kodinerds/.Main t1160}}}#0
10-07 18:05:45.288 3543 3588 W ActivityManager: setHasOverlayUi called on unknown pid: 17395
10-07 18:05:45.294 4869 4869 D NowPlayingManager: onMediaDataUpdated() called with: mediaData = [com.google.android.tvrecommendations.NowPlayingData@87f3a1c]
10-07 18:05:45.294 4869 4869 D NowPlayingListener: updatePlayback() called with: state = [PlaybackState {state=1, position=-1, buffered position=0, speed=1.0, updated=4449198, actions=382, custom actions=[], active item id=-1, error=null}] and now playing listener: com.google.android.tvrecommendations.NowPlayingManager@ab6ca20
10-07 18:05:45.294 4869 4869 D NowPlayingManager: onClientPlaybackStateUpdate() called with: state = [1], stateChangeTimeMs = [4449198], currentPosMs = [-1]
10-07 18:05:45.294 4869 4869 D NowPlayingManager: onClientPlaybackStateUpdate: Skipped update, state: 1 was unchanged
10-07 18:05:45.294 4869 4869 D NowPlayingListener: onActiveSessionsChanged() called with: controllers = [[android.media.session.MediaController@f887625]]
10-07 18:05:45.294 4869 4869 D NowPlayingListener: updateMediaSessionCallback: android.media.session.MediaController@f887625
10-07 18:05:45.296 4869 4869 D NowPlayingManager: onClientChanged() called with: clearing = [false]
10-07 18:05:45.296 4869 4869 D NowPlayingListener: updateMetadata() called with: metadata = [android.media.MediaMetadata@68e2ca92] and now playing listener: com.google.android.tvrecommendations.NowPlayingManager@ab6ca20
10-07 18:05:45.299 4869 4869 D NowPlayingManager: onMediaDataUpdated() called with: mediaData = [com.google.android.tvrecommendations.NowPlayingData@6b7c3fa]
10-07 18:05:45.300 4869 4869 D NowPlayingListener: updatePlayback() called with: state = [PlaybackState {state=1, position=-1, buffered position=0, speed=1.0, updated=4449198, actions=382, custom actions=[], active item id=-1, error=null}] and now playing listener: com.google.android.tvrecommendations.NowPlayingManager@ab6ca20
10-07 18:05:45.300 4869 4869 D NowPlayingManager: onClientPlaybackStateUpdate() called with: state = [1], stateChangeTimeMs = [4449198], currentPosMs = [-1]
10-07 18:05:45.300 4869 4869 D NowPlayingManager: onClientPlaybackStateUpdate: Skipped update, state: 1 was unchanged
10-07 18:05:46.189 3125 17116 I chatty : uid=1041(audioserver) Binder:3125_9 expire 10 lines
10-07 18:05:46.198 3543 5899 I ActivityManager: START u0 {act=android.intent.action.MAIN cat=[android.intent.category.LEANBACK_LAUNCHER] flg=0x10100000 pkg=com.ghisler.android.TotalCommander cmp=com.ghisler.android.TotalCommander/.TotalCommander bnds=[1011,257][1267,447]} from uid 10031
10-07 18:05:46.199 3116 3116 E powerHAL::common: Unknown power hint: 0x8
10-07 18:05:46.203 3543 22471 I chatty : uid=1000 system_server expire 1 line
10-07 18:05:46.203 3543 8468 E ActivityManager: applyOptionsLocked: Unknown animationType=0
10-07 18:05:46.204 17182 17182 W ActivityThread: handleWindowVisibility: no activity for token android.os.BinderProxy@3e14bba
10-07 18:05:46.220 4692 4729 I android_os_HwBinder: HwBinder: Starting thread pool for default::vendor.nvidia.hardware.power@1.0::IPower
10-07 18:05:46.222 3543 3625 I WindowManager: WindowState() - found Launcher @ mAppToken:AppWindowToken{f24a698 token=Token{eb2e87b ActivityRecord{f59480a u0 com.ghisler.android.TotalCommander/.TotalCommander t1158}}}
10-07 18:05:46.226 17182 17182 W .TotalCommande: Opening an oat file without a class loader. Are you using the deprecated DexFile APIs?
10-07 18:05:46.248 8228 9644 W ContentProvider: Normalized content://com.nvidia.pgcontentprovider.PGContentProvider//default/gameinfo to content://com.nvidia.pgcontentprovider.PGContentProvider/default/gameinfo to avoid possible security issues
10-07 18:05:46.272 3543 5899 W ActivityManager: cancelTaskWindowTransition: taskId=1160 not found
10-07 18:05:46.324 3543 5899 I WindowManager: WindowState() - found Launcher @ mAppToken:AppWindowToken{f24a698 token=Token{eb2e87b ActivityRecord{f59480a u0 com.ghisler.android.TotalCommander/.TotalCommander t1158}}}
10-07 18:05:46.335 17182 17231 E libnvcpl_vendor: NvCplGetAppProfileSettingInt failed to get INvCplHalService
10-07 18:05:46.335 17182 17231 E libnvcpl_vendor: NvCplGetAppProfileSettingInt failed to get INvCplHalService
10-07 18:05:46.420 3127 4079 D SurfaceFlinger: Connected to Power Manager
10-07 18:05:46.423 3116 3116 E powerHAL::common: Unknown power hint: 0x8
10-07 18:05:46.594 3127 3217 W SurfaceFlinger: Attempting to set client state on removed layer: Splash Screen com.ghisler.android.TotalCommander#0
10-07 18:05:46.594 3127 3217 W SurfaceFlinger: Attempting to destroy on removed layer: Splash Screen com.ghisler.android.TotalCommander#0
10-07 18:05:46.610 3127 6075 W SurfaceFlinger: Attempting to set client state on removed layer: thumbnail anim: AppWindowToken{f24a698 token=Token{eb2e87b ActivityRecord{f59480a u0 com.ghisler.android.TotalCommander/.TotalCommander t1158}}}#0
10-07 18:05:46.610 3127 6075 W SurfaceFlinger: Attempting to destroy on removed layer: thumbnail anim: AppWindowToken{f24a698 token=Token{eb2e87b ActivityRecord{f59480a u0 com.ghisler.android.TotalCommander/.TotalCommander t1158}}}#0
10-07 18:05:46.624 3127 6075 W SurfaceFlinger: Attempting to destroy on removed layer: AppWindowToken{b7a6976 token=Token{cd89411 ActivityRecord{c1eac38 u0 com.android.systemui/.recents.tv.RecentsTvActivity t1161}}}#0
10-07 18:05:46.634 3803 17170 I ndroid.systemu: Explicit concurrent copying GC freed 10239(598KB) AllocSpace objects, 0(0B) LOS objects, 49% free, 1903KB/3MB, paused 55us total 23.936ms
10-07 18:05:49.213 6692 22444 I chromium: [6692:22444:INFO:ssdp_device.c(101)] SSDP packets sent for 30 seconds = 21
10-07 18:05:49.965 3125 4596 I chatty : uid=1041(audioserver) Binder:3125_4 expire 4 lines
10-07 18:05:51.651 3543 3579 I ActivityManager: Start proc 22626:org.xbmc.kodinerds/u0a159 for service org.xbmc.kodinerds/.channels.SyncChannelJobService
10-07 18:05:51.655 22626 22626 I chatty : uid=10159(org.xbmc.kodinerds) expire 3 lines
10-07 18:05:51.915 22626 22657 I chatty : uid=10159(org.xbmc.kodinerds) expire 2 lines
10-07 18:05:51.920 3543 8468 I ActivityManager: Killing 20743:com.opera.browser/u0a154 (adj 906): empty for 1864s
10-07 18:05:51.952 3083 3083 I Zygote : Process 20743 exited due to signal (9)
10-07 18:05:52.286 3543 3631 D PowerManagerNotifier: onWakeLockAcquired: flags=536870913, tag="com.ghisler.android.TotalCommander", packageName=com.ghisler.android.TotalCommander, ownerUid=10125, ownerPid=17182, workSource=null
10-07 18:05:52.288 17182 17210 D TC:totaldrip: LIST /
10-07 18:05:52.288 3543 3631 D PowerManagerNotifier: onWakeLockReleased: flags=536870913, tag="com.ghisler.android.TotalCommander", packageName=com.ghisler.android.TotalCommander, ownerUid=10125, ownerPid=17182, workSource=null
10-07 18:05:54.218 3543 3631 D PowerManagerNotifier: onWakeLockAcquired: flags=536870913, tag="com.ghisler.android.TotalCommander", packageName=com.ghisler.android.TotalCommander, ownerUid=10125, ownerPid=17182, workSource=null
10-07 18:05:54.220 17182 17210 D TC:totaldrip: LIST /Dropbox/
10-07 18:05:54.735 3328 3362 E storaged: getDiskStats failed with result NOT_SUPPORTED and size 0
10-07 18:05:55.023 3543 7541 D PowerManagerNotifier: onWakeLockReleased: flags=536870913, tag="com.ghisler.android.TotalCommander", packageName=com.ghisler.android.TotalCommander, ownerUid=10125, ownerPid=17182, workSource=null
10-07 18:05:56.710 3543 7541 D PowerManagerNotifier: onWakeLockAcquired: flags=536870913, tag="com.ghisler.android.TotalCommander", packageName=com.ghisler.android.TotalCommander, ownerUid=10125, ownerPid=17182, workSource=null
10-07 18:05:56.711 17182 17210 D TC:totaldrip: LIST /Dropbox/Kodi/
10-07 18:05:57.214 3543 7541 D PowerManagerNotifier: onWakeLockReleased: flags=536870913, tag="com.ghisler.android.TotalCommander", packageName=com.ghisler.android.TotalCommander, ownerUid=10125, ownerPid=17182, workSource=null
10-07 18:05:58.397 3125 17116 I chatty : uid=1041(audioserver) Binder:3125_9 expire 3 lines
10-07 18:05:58.546 3125 3228 I chatty : uid=1041(audioserver) ApmOutput expire 2 lines
10-07 18:05:58.999 3125 4596 I chatty : uid=1041(audioserver) Binder:3125_4 expire 1 line
10-07 18:05:59.050 3728 4249 W bt_btm_pm: Sniff Interval For Device MAC 00:04:20:f5:f5:a8 is 33.750000 msec.
10-07 18:06:00.019 3125 3125 I chatty : uid=1041(audioserver) /system/bin/audioserver expire 3 lines
10-07 18:06:00.143 3543 3645 I chatty : uid=1000(system) InputReader expire 13 lines
10-07 18:06:00.161 3125 3228 I chatty : uid=1041(audioserver) ApmOutput expire 4 lines
10-07 18:06:00.933 3125 3125 I chatty : uid=1041(audioserver) /system/bin/audioserver expire 3 lines
10-07 18:06:02.545 3125 3228 I chatty : uid=1041(audioserver) ApmOutput expire 4 lines
10-07 18:06:07.387 3125 3125 I chatty : uid=1041(audioserver) /system/bin/audioserver expire 2 lines
10-07 18:06:07.387 3543 8468 D PowerManagerNotifier: onWakeLockAcquired: flags=536870913, tag="com.ghisler.android.TotalCommander", packageName=com.ghisler.android.TotalCommander, ownerUid=10125, ownerPid=17182, workSource=null
10-07 18:06:07.388 17182 17210 D TC:totaldrip: open /Dropbox/Kodi/kodinerds-20191007-8ba9cb2a-master-arm64-v8a.apk
10-07 18:06:07.389 3543 7541 D PowerManagerNotifier: onWakeLockReleased: flags=536870913, tag="com.ghisler.android.TotalCommander", packageName=com.ghisler.android.TotalCommander, ownerUid=10125, ownerPid=17182, workSource=null
10-07 18:06:07.499 4325 4325 W InstantAppResolver: Instant App routing requested but is disabled by flag.
10-07 18:06:07.796 3543 3631 I WindowManager: WindowState() - found Launcher @ mAppToken:AppWindowToken{f24a698 token=Token{eb2e87b ActivityRecord{f59480a u0 com.ghisler.android.TotalCommander/.TotalCommander t1158}}}
10-07 18:06:07.818 17182 17231 E libnvcpl_vendor: NvCplGetAppProfileSettingInt failed to get INvCplHalService
10-07 18:06:07.818 17182 17231 E libnvcpl_vendor: NvCplGetAppProfileSettingInt failed to get INvCplHalService
10-07 18:06:07.839 3127 4079 D SurfaceFlinger: Connected to Power Manager
10-07 18:06:07.862 3112 3112 V hwcomposer: Special case, adding scratch for framebuffer target to get a valid handle
10-07 18:06:09.015 6692 7068 I chromium: [6692:7068:INFO:mdns_app_filter.cc(2438)] MdnsAppFilter: responses sent in 39 seconds: 2
10-07 18:06:10.520 3089 3461 I chatty : uid=1041(audioserver) HwBinder:3089_3 expire 2 lines
10-07 18:06:10.531 3543 3645 I chatty : uid=1000(system) InputReader expire 27 lines
10-07 18:06:10.798 3543 3631 I WindowManager: WindowState() - found Launcher @ mAppToken:AppWindowToken{f24a698 token=Token{eb2e87b ActivityRecord{f59480a u0 com.ghisler.android.TotalCommander/.TotalCommander t1158}}}
10-07 18:06:10.802 3543 3631 D PowerManagerNotifier: onWakeLockAcquired: flags=536870913, tag="com.ghisler.android.TotalCommander", packageName=com.ghisler.android.TotalCommander, ownerUid=10125, ownerPid=17182, workSource=null
10-07 18:06:10.805 17182 17210 D TC:totaldrip: GET /Dropbox/Kodi/kodinerds-20191007-8ba9cb2a-master-arm64-v8a.apk
10-07 18:06:10.806 17182 17223 D TC:totaldrip: Datei herunterladen
10-07 18:06:10.810 17182 17182 W InputEventReceiver: Attempted to finish an input event but the input event receiver has already been disposed.
10-07 18:06:10.821 17182 17205 W System : A resource failed to call close.
10-07 18:06:10.821 17182 17205 W System : A resource failed to call close.
10-07 18:06:10.822 17182 17231 E libnvcpl_vendor: NvCplGetAppProfileSettingInt failed to get INvCplHalService
10-07 18:06:10.823 17182 17231 E libnvcpl_vendor: NvCplGetAppProfileSettingInt failed to get INvCplHalService
10-07 18:06:10.823 17182 17205 W System : A resource failed to call close.
10-07 18:06:10.824 17182 17205 I chatty : uid=10125(com.ghisler.android.TotalCommander) FinalizerDaemon identical 3 lines
10-07 18:06:10.824 17182 17205 W System : A resource failed to call close.
10-07 18:06:10.867 3127 4079 D SurfaceFlinger: Connected to Power Manager
10-07 18:06:10.871 3127 3127 D SurfaceFlinger: duplicate layer name: changing Dim Layer for - Task=1158 to Dim Layer for - Task=1158#1
10-07 18:06:10.873 3543 3625 D PowerManagerNotifier: onWakeLockAcquired: flags=536870922, tag="WindowManager", packageName=android, ownerUid=1000, ownerPid=3543, workSource=WorkSource{10125}
10-07 18:06:10.967 3127 6075 W SurfaceFlinger: Attempting to set client state on removed layer: AtchDlg:com.ghisler.android.TotalCommander/com.ghisler.android.TotalCommander.TotalCommander#0
10-07 18:06:10.968 3127 6075 W SurfaceFlinger: Attempting to destroy on removed layer: AtchDlg:com.ghisler.android.TotalCommander/com.ghisler.android.TotalCommander.TotalCommander#0
10-07 18:06:10.981 3127 3490 W SurfaceFlinger: Attempting to set client state on removed layer: Dim Layer for - Task=1158#0
10-07 18:06:10.981 3127 3490 W SurfaceFlinger: Attempting to destroy on removed layer: Dim Layer for - Task=1158#0
10-07 18:06:20.144 6692 22444 I chromium: [6692:22444:INFO:ssdp_device.c(101)] SSDP packets sent for 31 seconds = 18
10-07 18:06:21.929 22626 22709 I chatty : uid=10159(org.xbmc.kodinerds) expire 2 lines
10-07 18:06:29.514 3728 4249 W bt_btm_pm: Sniff Interval For Device MAC 00:04:20:f5:f5:a8 is 33.750000 msec.
10-07 18:06:31.772 17182 17208 D TC:totaldrip: Kopiert: /Kodi/kodinerds-20191007-8ba9cb2a-master-arm64-v8a.apk -> /storage/emulated/0/.TotalCommander/temp/kodinerds-20191007-8ba9cb2a-master-arm64-v8a.apk, 64161800 bytes, 3267.1 kbytes/s
10-07 18:06:31.773 3543 3631 D PowerManagerNotifier: onWakeLockReleased: flags=536870913, tag="com.ghisler.android.TotalCommander", packageName=com.ghisler.android.TotalCommander, ownerUid=10125, ownerPid=17182, workSource=null
10-07 18:06:31.794 3543 3631 I ActivityManager: START u0 {act=android.intent.action.VIEW dat=file:///storage/emulated/0/.TotalCommander/temp/kodinerds-20191007-8ba9cb2a-master-arm64-v8a.apk typ=application/vnd.android.package-archive cmp=com.google.android.packageinstaller/com.android.packageinstaller.InstallStart} from uid 10125
10-07 18:06:31.820 3116 3116 E powerHAL::common: Unknown power hint: 0x8
10-07 18:06:31.832 3543 3625 I WindowManager: WindowState() - found Launcher @ mAppToken:AppWindowToken{78746ce token=Token{1b3afc9 ActivityRecord{fa83d0 u0 com.google.android.packageinstaller/com.android.packageinstaller.InstallStart t1158}}}
10-07 18:06:31.903 3543 22719 I chatty : uid=1000 system_server expire 6 lines
10-07 18:06:31.908 3543 3577 I ActivityManager: Killing 17125:org.xbmc.kodi/u0a156 (adj 906): empty for 1800s
10-07 18:06:31.915 3543 3579 I ActivityManager: Start proc 22720:com.google.android.packageinstaller/u0a17 for activity com.google.android.packageinstaller/com.android.packageinstaller.InstallStart
10-07 18:06:31.923 22720 22720 E ackageinstalle: Not starting debugger since process cannot load the jdwp agent.
10-07 18:06:31.944 3082 3082 I Zygote : Process 17125 exited due to signal (9)
10-07 18:06:31.946 3543 22749 I chatty : uid=1000 system_server expire 5 lines
10-07 18:06:31.952 4692 4729 I android_os_HwBinder: HwBinder: Starting thread pool for default::vendor.nvidia.hardware.power@1.0::IPower
10-07 18:06:31.962 3127 4079 W SurfaceFlinger: Attempting to set client state on removed layer: Kopiervorgang#0
10-07 18:06:31.962 3127 4079 W SurfaceFlinger: Attempting to set client state on removed layer: Dim Layer for - Task=1158#1
10-07 18:06:31.962 3127 4079 W SurfaceFlinger: Attempting to destroy on removed layer: Kopiervorgang#0
10-07 18:06:31.962 3127 4079 W SurfaceFlinger: Attempting to destroy on removed layer: Dim Layer for - Task=1158#1
10-07 18:06:31.962 3543 3625 D PowerManagerNotifier: onWakeLockReleased: flags=536870922, tag="WindowManager", packageName=android, ownerUid=1000, ownerPid=3543, workSource=WorkSource{10125}
10-07 18:06:32.023 3543 3631 I ActivityManager: START u0 {act=android.intent.action.VIEW dat=file:///storage/emulated/0/.TotalCommander/temp/kodinerds-20191007-8ba9cb2a-master-arm64-v8a.apk typ=application/vnd.android.package-archive flg=0x2000000 cmp=com.google.android.packageinstaller/com.android.packageinstaller.InstallStaging (has extras)} from uid 10017
10-07 18:06:32.025 3116 3116 E powerHAL::common: Unknown power hint: 0x8
10-07 18:06:32.037 3543 22755 I chatty : uid=1000 system_server expire 6 lines
10-07 18:06:32.042 22720 22720 W ActivityThread: handleWindowVisibility: no activity for token android.os.BinderProxy@4a490f9
10-07 18:06:32.045 4692 4729 I android_os_HwBinder: HwBinder: Starting thread pool for default::vendor.nvidia.hardware.power@1.0::IPower
10-07 18:06:32.090 22720 22720 D OpenGLRenderer: Skia GL Pipeline
10-07 18:06:32.134 3543 7541 I WindowManager: WindowState() - found Launcher @ mAppToken:AppWindowToken{a174be2 token=Token{ca30cad ActivityRecord{47375c4 u0 com.google.android.packageinstaller/com.android.packageinstaller.InstallStaging t1158}}}
10-07 18:06:32.191 22720 22758 I ConfigStore: android::hardware::configstore::V1_0::ISurfaceFlingerConfigs::hasWideColorDisplay retrieved: 1
10-07 18:06:32.191 22720 22758 I ConfigStore: android::hardware::configstore::V1_0::ISurfaceFlingerConfigs::hasHDRDisplay retrieved: 1
10-07 18:06:32.191 22720 22758 I OpenGLRenderer: Initialized EGL, version 1.4
10-07 18:06:32.191 22720 22758 D OpenGLRenderer: Swap behavior 2
10-07 18:06:32.317 3127 3217 D SurfaceFlinger: Connected to Power Manager
10-07 18:06:32.326 3543 7541 I ActivityManager: START u0 {act=android.intent.action.VIEW dat=file:///data/user_de/0/com.google.android.packageinstaller/no_backup/package7284464289701990447.apk flg=0x2010000 cmp=com.google.android.packageinstaller/com.android.packageinstaller.DeleteStagedFileOnResult (has extras)} from uid 10017
10-07 18:06:32.328 3116 3116 E powerHAL::common: Unknown power hint: 0x8
10-07 18:06:32.343 22720 22720 W ActivityThread: handleWindowVisibility: no activity for token android.os.BinderProxy@be03a5f
10-07 18:06:32.348 4692 4729 I android_os_HwBinder: HwBinder: Starting thread pool for default::vendor.nvidia.hardware.power@1.0::IPower
10-07 18:06:32.348 3543 7837 I ActivityManager: START u0 {act=android.intent.action.VIEW dat=file:///data/user_de/0/com.google.android.packageinstaller/no_backup/package7284464289701990447.apk flg=0x10000 cmp=com.google.android.packageinstaller/com.android.packageinstaller.PackageInstallerActivity (has extras)} from uid 10017
10-07 18:06:32.810 3116 3116 E powerHAL::common: Unknown power hint: 0x8
10-07 18:06:32.823 3543 3631 I WindowManager: WindowState() - found Launcher @ mAppToken:AppWindowToken{5b1e1b6 token=Token{65dc551 ActivityRecord{920da78 u0 com.google.android.packageinstaller/com.android.packageinstaller.DeleteStagedFileOnResult t1158}}}
10-07 18:06:32.833 4692 4729 I android_os_HwBinder: HwBinder: Starting thread pool for default::vendor.nvidia.hardware.power@1.0::IPower
10-07 18:06:32.844 22720 22720 W ActivityThread: handleWindowVisibility: no activity for token android.os.BinderProxy@70bd762
10-07 18:06:33.048 3543 7837 I WindowManager: WindowState() - found Launcher @ mAppToken:AppWindowToken{7d515bc token=Token{b58cdaf ActivityRecord{5fe8f53 u0 com.google.android.packageinstaller/com.android.packageinstaller.PackageInstallerActivity t1158}}}
10-07 18:06:33.063 3127 3217 D SurfaceFlinger: Connected to Power Manager
10-07 18:06:33.095 3127 3217 D SurfaceFlinger: Connected to Power Manager
10-07 18:06:33.142 3116 3116 E powerHAL::common: Unknown power hint: 0x8
10-07 18:06:35.628 3125 3125 I chatty : uid=1041(audioserver) /system/bin/audioserver expire 3 lines
10-07 18:06:35.784 3125 3228 I chatty : uid=1041(audioserver) ApmOutput expire 3 lines
10-07 18:06:36.165 6692 6692 I chromium: [6692:6692:INFO:metrics_recorder.cc(89)] Metrics stat: total=3
10-07 18:06:36.165 6692 6692 I chromium: Cast.Discovery.Mdns.Request.In=3
10-07 18:06:36.165 6692 6692 I chromium: Cast.Discovery.Mdns.Request.Namespace.In=3
10-07 18:06:36.165 6692 6692 I chromium: Cast.Discovery.Mdns.Response.Out=3
10-07 18:06:37.247 3543 3631 I ActivityManager: START u0 {dat=file:///data/user_de/0/com.google.android.packageinstaller/no_backup/package7284464289701990447.apk flg=0x2000000 cmp=com.google.android.packageinstaller/com.android.packageinstaller.InstallInstalling (has extras)} from uid 10017
10-07 18:06:37.249 3116 3116 E powerHAL::common: Unknown power hint: 0x8
10-07 18:06:37.270 4692 4729 I android_os_HwBinder: HwBinder: Starting thread pool for default::vendor.nvidia.hardware.power@1.0::IPower
10-07 18:06:37.276 22720 22720 W ActivityThread: handleWindowVisibility: no activity for token android.os.BinderProxy@22f78c3
10-07 18:06:38.146 3543 7541 I WindowManager: WindowState() - found Launcher @ mAppToken:AppWindowToken{f68684 token=Token{899e497 ActivityRecord{9247316 u0 com.google.android.packageinstaller/com.android.packageinstaller.InstallInstalling t1158}}}
10-07 18:06:38.148 22720 22720 I Choreographer: Skipped 51 frames! The application may be doing too much work on its main thread.
10-07 18:06:38.187 3127 3218 D SurfaceFlinger: Connected to Power Manager
10-07 18:06:38.214 3116 3116 E powerHAL::common: Unknown power hint: 0x8
10-07 18:06:40.382 3089 3461 I chatty : uid=1041(audioserver) HwBinder:3089_3 expire 1 line
10-07 18:06:42.143 6692 7073 I chromium: [6692:7073:INFO:wifi_proximity.cc(209)] Request scan.
10-07 18:06:42.619 3543 3579 I ActivityManager: Start proc 22780:com.android.defcontainer/u0a7 for service com.android.defcontainer/.DefaultContainerService
10-07 18:06:42.625 22780 22780 E id.defcontaine: Not starting debugger since process cannot load the jdwp agent.
10-07 18:06:43.099 3543 3579 I ActivityManager: Start proc 22815:com.android.vending/u0a35 for broadcast com.android.vending/com.google.android.finsky.verifier.impl.PackageVerificationReceiver
10-07 18:06:43.104 22815 22815 E android.vendin: Not starting debugger since process cannot load the jdwp agent.
10-07 18:06:43.418 22815 22815 I Finsky : [2] eer.aP(6): Process created at version: 16.7.31-xhdpi [8] [PR] 269879416
10-07 18:06:43.607 22815 22851 I Finsky : [102] pwc.a(33): Started reading experiment flags from file [SKocQA9EQQFTb-1gQsc5WsjVhGA].
10-07 18:06:43.610 22815 22853 I Finsky : [104] pwc.a(33): Started reading experiment flags from file [GjOClr8eMEpp7C4u4U_SvtBMqNI].
10-07 18:06:43.619 22815 22851 I Finsky : [102] pwc.a(38): Finished reading experiment flags from file [SKocQA9EQQFTb-1gQsc5WsjVhGA].
10-07 18:06:43.620 22815 22853 I Finsky : [104] pwc.a(38): Finished reading experiment flags from file [GjOClr8eMEpp7C4u4U_SvtBMqNI].
10-07 18:06:43.627 22815 22815 I Finsky : [2] pwc.a(33): Started reading experiment flags from file [v6B-2IolLQRBwrwPhscSaeg04As].
10-07 18:06:43.629 22815 22815 I Finsky : [2] pwc.a(38): Finished reading experiment flags from file [v6B-2IolLQRBwrwPhscSaeg04As].
10-07 18:06:43.632 22815 22815 I Finsky : [2] sbx.(6): Resetting scheduler db
10-07 18:06:43.643 22815 22847 I Finsky : [98] eer.ae(6): Not a unicorn account
10-07 18:06:43.651 3543 12052 D ConnectivityService: requestNetwork for uid/pid:10035/22815 NetworkRequest [ TRACK_DEFAULT id=49, [ Capabilities: INTERNET&NOT_RESTRICTED&TRUSTED Unwanted: Uid: 10035] ]
10-07 18:06:43.651 3543 3681 I chatty : uid=1000(system) EthernetService expire 2 lines
10-07 18:06:43.651 3543 3658 I chatty : uid=1000(system) WifiStateMachin expire 4 lines
10-07 18:06:43.652 22815 22847 W PrimesInit: Primes instant initialization
10-07 18:06:43.652 22815 22864 W Primes : background initialization
10-07 18:06:43.655 22815 22847 I Finsky : [98] pnh.(5): Registering in memory receiver for android.intent.action.PACKAGE_ADDED
10-07 18:06:43.657 22815 22847 I Finsky : [98] eer.ba(5): Disable SystemUpdateActivity, because of invalid flavor 4
10-07 18:06:43.660 22815 22864 I PrimesTesting: GserviceFlagsSupplier.get()
10-07 18:06:43.674 22815 22847 W Settings: Setting download_manager_max_bytes_over_mobile has moved from android.provider.Settings.Secure to android.provider.Settings.Global.
