10-07 18:10:17.762 4903 4903 I Glide : at com.bumptech.glide.load.resource.bitmap.VideoDecoder.decode(VideoDecoder.java:178)
10-07 18:10:17.762 4903 4903 I Glide : at com.bumptech.glide.load.engine.DecodePath.decodeResourceWithList(DecodePath.java:92)
10-07 18:10:17.762 4903 4903 I Glide : at com.bumptech.glide.load.engine.DecodePath.decodeResource(DecodePath.java:70)
10-07 18:10:17.762 4903 4903 I Glide : at com.bumptech.glide.load.engine.DecodePath.decode(DecodePath.java:59)
10-07 18:10:17.762 4903 4903 I Glide : at com.bumptech.glide.load.engine.LoadPath.loadWithExceptionList(LoadPath.java:76)
10-07 18:10:17.762 4903 4903 I Glide : at com.bumptech.glide.load.engine.LoadPath.load(LoadPath.java:57)
10-07 18:10:17.762 4903 4903 I Glide : at com.bumptech.glide.load.engine.DecodeJob.runLoadPath(DecodeJob.java:524)
10-07 18:10:17.762 4903 4903 I Glide : at com.bumptech.glide.load.engine.DecodeJob.decodeFromFetcher(DecodeJob.java:488)
10-07 18:10:17.762 4903 4903 I Glide : at com.bumptech.glide.load.engine.DecodeJob.decodeFromData(DecodeJob.java:474)
10-07 18:10:17.762 4903 4903 I Glide : at com.bumptech.glide.load.engine.DecodeJob.decodeFromRetrievedData(DecodeJob.java:426)
10-07 18:10:17.762 4903 4903 I Glide : at com.bumptech.glide.load.engine.DecodeJob.onDataFetcherReady(DecodeJob.java:390)
10-07 18:10:17.762 4903 4903 I Glide : at com.bumptech.glide.load.engine.SourceGenerator.onDataReady(SourceGenerator.java:119)
10-07 18:10:17.762 4903 4903 I Glide : at com.bumptech.glide.load.model.MultiModelLoader$MultiFetcher.onDataReady(MultiModelLoader.java:145)
10-07 18:10:17.762 4903 4903 I Glide : at com.bumptech.glide.load.data.LocalUriFetcher.loadData(LocalUriFetcher.java:52)
10-07 18:10:17.762 4903 4903 I Glide : at com.bumptech.glide.load.model.MultiModelLoader$MultiFetcher.loadData(MultiModelLoader.java:100)
10-07 18:10:17.762 4903 4903 I Glide : at com.bumptech.glide.load.engine.SourceGenerator.startNext(SourceGenerator.java:63)
10-07 18:10:17.762 4903 4903 I Glide : at com.bumptech.glide.load.engine.DecodeJob.runGenerators(DecodeJob.java:310)
10-07 18:10:17.762 4903 4903 I Glide : at com.bumptech.glide.load.engine.DecodeJob.decodeFromRetrievedData(DecodeJob.java:434)
10-07 18:10:17.762 4903 4903 I Glide : at com.bumptech.glide.load.engine.DecodeJob.onDataFetcherReady(DecodeJob.java:390)
10-07 18:10:17.762 4903 4903 I Glide : at com.bumptech.glide.load.engine.SourceGenerator.onDataReady(SourceGenerator.java:119)
10-07 18:10:17.762 4903 4903 I Glide : at com.bumptech.glide.load.model.MultiModelLoader$MultiFetcher.onDataReady(MultiModelLoader.java:145)
10-07 18:10:17.762 4903 4903 I Glide : at com.bumptech.glide.load.data.LocalUriFetcher.loadData(LocalUriFetcher.java:52)
10-07 18:10:17.762 4903 4903 I Glide : at com.bumptech.glide.load.model.MultiModelLoader$MultiFetcher.loadData(MultiModelLoader.java:100)
10-07 18:10:17.762 4903 4903 I Glide : at com.bumptech.glide.load.engine.SourceGenerator.startNext(SourceGenerator.java:63)
10-07 18:10:17.762 4903 4903 I Glide : at com.bumptech.glide.load.engine.DecodeJob.runGenerators(DecodeJob.java:310)
10-07 18:10:17.762 4903 4903 I Glide : at com.bumptech.glide.load.engine.DecodeJob.runWrapped(DecodeJob.java:279)
10-07 18:10:17.762 4903 4903 I Glide : at com.bumptech.glide.load.engine.DecodeJob.run(DecodeJob.java:234)
10-07 18:10:17.762 4903 4903 I Glide : at java.util.concurrent.ThreadPoolExecutor.runWorker(ThreadPoolExecutor.java:1167)
10-07 18:10:17.762 4903 4903 I Glide : at java.util.concurrent.ThreadPoolExecutor$Worker.run(ThreadPoolExecutor.java:641)
10-07 18:10:17.762 4903 4903 I Glide : at java.lang.Thread.run(Thread.java:764)
10-07 18:10:17.762 4903 4903 I Glide : at com.bumptech.glide.load.engine.executor.GlideExecutor$DefaultThreadFactory$1.run(GlideExecutor.java:431)
10-07 18:10:17.762 4903 4903 I Glide : Caused by: java.lang.RuntimeException: setDataSource failed: status = 0xFFFFFFEA
10-07 18:10:17.762 4903 4903 I Glide : at android.media.MediaMetadataRetriever.setDataSource(Native Method)
10-07 18:10:17.762 4903 4903 I Glide : at android.media.MediaMetadataRetriever.setDataSource(MediaMetadataRetriever.java:141)
10-07 18:10:17.762 4903 4903 I Glide : at com.bumptech.glide.load.resource.bitmap.VideoDecoder$ParcelFileDescriptorInitializer.initialize(VideoDecoder.java:299)
10-07 18:10:17.762 4903 4903 I Glide : at com.bumptech.glide.load.resource.bitmap.VideoDecoder$ParcelFileDescriptorInitializer.initialize(VideoDecoder.java:294)
10-07 18:10:17.762 4903 4903 I Glide : at com.bumptech.glide.load.resource.bitmap.VideoDecoder.decode(VideoDecoder.java:166)
10-07 18:10:17.762 4903 4903 I Glide : ... 30 more
10-07 18:10:17.762 23189 23837 E org.xbmc.kodi: No implementation found for boolean org.xbmc.kodi.XBMCFile._open(java.lang.String) (tried Java_org_xbmc_kodi_XBMCFile__1open and Java_org_xbmc_kodi_XBMCFile__1open__Ljava_lang_String_2)
10-07 18:10:17.762 23189 23837 E Kodifile: Open: Not available
10-07 18:10:17.762 4903 4903 I Glide : Root cause (2 of 2)
10-07 18:10:17.762 4903 4903 I Glide : java.io.IOException: java.lang.IllegalArgumentException
10-07 18:10:17.762 4903 4903 I Glide : at com.bumptech.glide.load.resource.bitmap.VideoDecoder.decode(VideoDecoder.java:178)
10-07 18:10:17.762 4903 4903 I Glide : at com.bumptech.glide.load.engine.DecodePath.decodeResourceWithList(DecodePath.java:92)
10-07 18:10:17.762 4903 4903 I Glide : at com.bumptech.glide.load.engine.DecodePath.decodeResource(DecodePath.java:70)
10-07 18:10:17.762 4903 4903 I Glide : at com.bumptech.glide.load.engine.DecodePath.decode(DecodePath.java:59)
10-07 18:10:17.762 4903 4903 I Glide : at com.bumptech.glide.load.engine.LoadPath.loadWithExceptionList(LoadPath.java:76)
10-07 18:10:17.762 4903 4903 I Glide : at com.bumptech.glide.load.engine.LoadPath.load(LoadPath.java:57)
10-07 18:10:17.762 4903 4903 I Glide : at com.bumptech.glide.load.engine.DecodeJob.runLoadPath(DecodeJob.java:524)
10-07 18:10:17.762 4903 4903 I Glide : at com.bumptech.glide.load.engine.DecodeJob.decodeFromFetcher(DecodeJob.java:488)
10-07 18:10:17.762 4903 4903 I Glide : at com.bumptech.glide.load.engine.DecodeJob.decodeFromData(DecodeJob.java:474)
10-07 18:10:17.762 4903 4903 I Glide : at com.bumptech.glide.load.engine.DecodeJob.decodeFromRetrievedData(DecodeJob.java:426)
10-07 18:10:17.762 4903 4903 I Glide : at com.bumptech.glide.load.engine.DecodeJob.onDataFetcherReady(DecodeJob.java:390)
10-07 18:10:17.762 4903 4903 I Glide : at com.bumptech.glide.load.engine.SourceGenerator.onDataReady(SourceGenerator.java:119)
10-07 18:10:17.762 4903 4903 I Glide : at com.bumptech.glide.load.data.LocalUriFetcher.loadData(LocalUriFetcher.java:52)
10-07 18:10:17.762 4903 4903 I Glide : at com.bumptech.glide.load.engine.SourceGenerator.startNext(SourceGenerator.java:63)
10-07 18:10:17.762 4903 4903 I Glide : at com.bumptech.glide.load.engine.DecodeJob.runGenerators(DecodeJob.java:310)
10-07 18:10:17.762 4903 4903 I Glide : at com.bumptech.glide.load.engine.DecodeJob.decodeFromRetrievedData(DecodeJob.java:434)
10-07 18:10:17.762 4903 4903 I Glide : at com.bumptech.glide.load.engine.DecodeJob.onDataFetcherReady(DecodeJob.java:390)
10-07 18:10:17.762 4903 4903 I Glide : at com.bumptech.glide.load.engine.SourceGenerator.onDataReady(SourceGenerator.java:119)
10-07 18:10:17.762 4903 4903 I Glide : at com.bumptech.glide.load.model.MultiModelLoader$MultiFetcher.onDataReady(MultiModelLoader.java:145)
10-07 18:10:17.762 4903 4903 I Glide : at com.bumptech.glide.load.data.LocalUriFetcher.loadData(LocalUriFetcher.java:52)
10-07 18:10:17.762 4903 4903 I Glide : at com.bumptech.glide.load.model.MultiModelLoader$MultiFetcher.loadData(MultiModelLoader.java:100)
10-07 18:10:17.762 4903 4903 I Glide : at com.bumptech.glide.load.engine.SourceGenerator.startNext(SourceGenerator.java:63)
10-07 18:10:17.762 4903 4903 I Glide : at com.bumptech.glide.load.engine.DecodeJob.runGenerators(DecodeJob.java:310)
10-07 18:10:17.762 4903 4903 I Glide : at com.bumptech.glide.load.engine.DecodeJob.decodeFromRetrievedData(DecodeJob.java:434)
10-07 18:10:17.762 4903 4903 I Glide : at com.bumptech.glide.load.engine.DecodeJob.onDataFetcherReady(DecodeJob.java:390)
10-07 18:10:17.762 4903 4903 I Glide : at com.bumptech.glide.load.engine.SourceGenerator.onDataReady(SourceGenerator.java:119)
10-07 18:10:17.762 4903 4903 I Glide : at com.bumptech.glide.load.model.MultiModelLoader$MultiFetcher.onDataReady(MultiModelLoader.java:145)
10-07 18:10:17.762 4903 4903 I Glide : at com.bumptech.glide.load.data.LocalUriFetcher.loadData(LocalUriFetcher.java:52)
10-07 18:10:17.762 4903 4903 I Glide : at com.bumptech.glide.load.model.MultiModelLoader$MultiFetcher.loadData(MultiModelLoader.java:100)
10-07 18:10:17.762 4903 4903 I Glide : at com.bumptech.glide.load.engine.SourceGenerator.startNext(SourceGenerator.java:63)
10-07 18:10:17.762 4903 4903 I Glide : at com.bumptech.glide.load.engine.DecodeJob.runGenerators(DecodeJob.java:310)
10-07 18:10:17.762 4903 4903 I Glide : at com.bumptech.glide.load.engine.DecodeJob.runWrapped(DecodeJob.java:279)
10-07 18:10:17.762 4903 4903 I Glide : at com.bumptech.glide.load.engine.DecodeJob.run(DecodeJob.java:234)
10-07 18:10:17.762 4903 4903 I Glide : at java.util.concurrent.ThreadPoolExecutor.runWorker(ThreadPoolExecutor.java:1167)
10-07 18:10:17.762 4903 4903 I Glide : at java.util.concurrent.ThreadPoolExecutor$Worker.run(ThreadPoolExecutor.java:641)
10-07 18:10:17.762 4903 4903 I Glide : at java.lang.Thread.run(Thread.java:764)
10-07 18:10:17.762 4903 4903 I Glide : at com.bumptech.glide.load.engine.executor.GlideExecutor$DefaultThreadFactory$1.run(GlideExecutor.java:431)
10-07 18:10:17.762 4903 4903 I Glide : Caused by: java.lang.IllegalArgumentException
10-07 18:10:17.762 4903 4903 I Glide : at android.media.MediaMetadataRetriever.setDataSource(Native Method)
10-07 18:10:17.762 4903 4903 I Glide : at com.bumptech.glide.load.resource.bitmap.VideoDecoder$AssetFileDescriptorInitializer.initialize(VideoDecoder.java:289)
10-07 18:10:17.762 4903 4903 I Glide : at com.bumptech.glide.load.resource.bitmap.VideoDecoder$AssetFileDescriptorInitializer.initialize(VideoDecoder.java:284)
10-07 18:10:17.762 4903 4903 I Glide : at com.bumptech.glide.load.resource.bitmap.VideoDecoder.decode(VideoDecoder.java:166)
10-07 18:10:17.762 4903 4903 I Glide : ... 36 more
10-07 18:10:17.762 4903 4903 W Glide : Load failed for content://org.xbmc.kodi.file#image%3A%2F%2Fhttp%253a%252f%252f192.168.1.25%253a8096%252femby%252fItems%252f176%252fImages%252fPrimary%252f0%253fEnableImageEnhancers%253dTrue%2526Tag%253d955c5a85a6b000a2f6f1076b6ed26f56%2F with size [564x306]
10-07 18:10:17.762 4903 4903 W Glide : class com.bumptech.glide.load.engine.GlideException: Failed to load resource
10-07 18:10:17.762 4903 4903 W Glide : There were 2 causes:
10-07 18:10:17.762 4903 4903 W Glide : java.io.IOException(java.lang.RuntimeException: setDataSource failed: status = 0xFFFFFFEA)
10-07 18:10:17.762 4903 4903 W Glide : java.io.IOException(java.lang.IllegalArgumentException)
10-07 18:10:17.762 4903 4903 W Glide : call GlideException#logRootCauses(String) for more detail
10-07 18:10:17.762 4903 4903 W Glide : Cause (1 of 3): class com.bumptech.glide.load.engine.GlideException: Failed LoadPath{AutoCloseInputStream->Object->PaletteBitmapContainer}, LOCAL
10-07 18:10:17.762 4903 4903 W Glide : Cause (1 of 1): class com.bumptech.glide.load.engine.GlideException: Failed DecodePath{AutoCloseInputStream->Bitmap->PaletteBitmapContainer}
10-07 18:10:17.762 4903 4903 W Glide : Cause (2 of 3): class com.bumptech.glide.load.engine.GlideException: Failed LoadPath{ParcelFileDescriptorInner->Object->PaletteBitmapContainer}, LOCAL
10-07 18:10:17.762 4903 4903 W Glide : There was 1 cause:
10-07 18:10:17.762 4903 4903 W Glide : java.io.IOException(java.lang.RuntimeException: setDataSource failed: status = 0xFFFFFFEA)
10-07 18:10:17.762 4903 4903 W Glide : call GlideException#logRootCauses(String) for more detail
10-07 18:10:17.762 4903 4903 W Glide : Cause (1 of 1): class com.bumptech.glide.load.engine.GlideException: Failed DecodePath{ParcelFileDescriptorInner->Bitmap->PaletteBitmapContainer}
10-07 18:10:17.762 4903 4903 W Glide : There was 1 cause:
10-07 18:10:17.762 4903 4903 W Glide : java.io.IOException(java.lang.RuntimeException: setDataSource failed: status = 0xFFFFFFEA)
10-07 18:10:17.762 4903 4903 W Glide : call GlideException#logRootCauses(String) for more detail
10-07 18:10:17.762 4903 4903 W Glide : Cause (1 of 1): class java.io.IOException: java.lang.RuntimeException: setDataSource failed: status = 0xFFFFFFEA
10-07 18:10:17.762 4903 4903 W Glide : Cause (3 of 3): class com.bumptech.glide.load.engine.GlideException: Failed LoadPath{AssetFileDescriptor->Object->PaletteBitmapContainer}, LOCAL
10-07 18:10:17.762 4903 4903 W Glide : There was 1 cause:
10-07 18:10:17.762 4903 4903 W Glide : java.io.IOException(java.lang.IllegalArgumentException)
10-07 18:10:17.762 4903 4903 W Glide : call GlideException#logRootCauses(String) for more detail
10-07 18:10:17.762 4903 4903 W Glide : Cause (1 of 1): class com.bumptech.glide.load.engine.GlideException: Failed DecodePath{AssetFileDescriptor->Bitmap->PaletteBitmapContainer}
10-07 18:10:17.762 4903 4903 W Glide : There was 1 cause:
10-07 18:10:17.762 4903 4903 W Glide : java.io.IOException(java.lang.IllegalArgumentException)
10-07 18:10:17.762 4903 4903 W Glide : call GlideException#logRootCauses(String) for more detail
10-07 18:10:17.762 4903 4903 W Glide : Cause (1 of 1): class java.io.IOException: java.lang.IllegalArgumentException
10-07 18:10:17.763 4903 4903 I Glide : Root cause (1 of 2)
10-07 18:10:17.763 4903 4903 I Glide : java.io.IOException: java.lang.RuntimeException: setDataSource failed: status = 0xFFFFFFEA
10-07 18:10:17.763 4903 4903 I Glide : at com.bumptech.glide.load.resource.bitmap.VideoDecoder.decode(VideoDecoder.java:178)
10-07 18:10:17.763 4903 4903 I Glide : at com.bumptech.glide.load.engine.DecodePath.decodeResourceWithList(DecodePath.java:92)
10-07 18:10:17.763 4903 4903 I Glide : at com.bumptech.glide.load.engine.DecodePath.decodeResource(DecodePath.java:70)
10-07 18:10:17.763 4903 4903 I Glide : at com.bumptech.glide.load.engine.DecodePath.decode(DecodePath.java:59)
10-07 18:10:17.763 4903 4903 I Glide : at com.bumptech.glide.load.engine.LoadPath.loadWithExceptionList(LoadPath.java:76)
10-07 18:10:17.763 4903 4903 I Glide : at com.bumptech.glide.load.engine.LoadPath.load(LoadPath.java:57)
10-07 18:10:17.763 4903 4903 I Glide : at com.bumptech.glide.load.engine.DecodeJob.runLoadPath(DecodeJob.java:524)
10-07 18:10:17.763 4903 4903 I Glide : at com.bumptech.glide.load.engine.DecodeJob.decodeFromFetcher(DecodeJob.java:488)
10-07 18:10:17.763 4903 4903 I Glide : at com.bumptech.glide.load.engine.DecodeJob.decodeFromData(DecodeJob.java:474)
10-07 18:10:17.763 4903 4903 I Glide : at com.bumptech.glide.load.engine.DecodeJob.decodeFromRetrievedData(DecodeJob.java:426)
10-07 18:10:17.763 4903 4903 I Glide : at com.bumptech.glide.load.engine.DecodeJob.onDataFetcherReady(DecodeJob.java:390)
10-07 18:10:17.763 4903 4903 I Glide : at com.bumptech.glide.load.engine.SourceGenerator.onDataReady(SourceGenerator.java:119)
10-07 18:10:17.763 4903 4903 I Glide : at com.bumptech.glide.load.model.MultiModelLoader$MultiFetcher.onDataReady(MultiModelLoader.java:145)
10-07 18:10:17.763 4903 4903 I Glide : at com.bumptech.glide.load.data.LocalUriFetcher.loadData(LocalUriFetcher.java:52)
10-07 18:10:17.763 4903 4903 I Glide : at com.bumptech.glide.load.model.MultiModelLoader$MultiFetcher.loadData(MultiModelLoader.java:100)
10-07 18:10:17.763 4903 4903 I Glide : at com.bumptech.glide.load.engine.SourceGenerator.startNext(SourceGenerator.java:63)
10-07 18:10:17.763 4903 4903 I Glide : at com.bumptech.glide.load.engine.DecodeJob.runGenerators(DecodeJob.java:310)
10-07 18:10:17.763 4903 4903 I Glide : at com.bumptech.glide.load.engine.DecodeJob.decodeFromRetrievedData(DecodeJob.java:434)
10-07 18:10:17.763 4903 4903 I Glide : at com.bumptech.glide.load.engine.DecodeJob.onDataFetcherReady(DecodeJob.java:390)
10-07 18:10:17.763 4903 4903 I Glide : at com.bumptech.glide.load.engine.SourceGenerator.onDataReady(SourceGenerator.java:119)
10-07 18:10:17.763 4903 4903 I Glide : at com.bumptech.glide.load.model.MultiModelLoader$MultiFetcher.onDataReady(MultiModelLoader.java:145)
10-07 18:10:17.763 4903 4903 I Glide : at com.bumptech.glide.load.data.LocalUriFetcher.loadData(LocalUriFetcher.java:52)
10-07 18:10:17.763 4903 4903 I Glide : at com.bumptech.glide.load.model.MultiModelLoader$MultiFetcher.loadData(MultiModelLoader.java:100)
10-07 18:10:17.763 4903 4903 I Glide : at com.bumptech.glide.load.engine.SourceGenerator.startNext(SourceGenerator.java:63)
10-07 18:10:17.763 4903 4903 I Glide : at com.bumptech.glide.load.engine.DecodeJob.runGenerators(DecodeJob.java:310)
10-07 18:10:17.763 4903 4903 I Glide : at com.bumptech.glide.load.engine.DecodeJob.runWrapped(DecodeJob.java:279)
10-07 18:10:17.763 4903 4903 I Glide : at com.bumptech.glide.load.engine.DecodeJob.run(DecodeJob.java:234)
10-07 18:10:17.763 4903 4903 I Glide : at java.util.concurrent.ThreadPoolExecutor.runWorker(ThreadPoolExecutor.java:1167)
10-07 18:10:17.763 4903 4903 I Glide : at java.util.concurrent.ThreadPoolExecutor$Worker.run(ThreadPoolExecutor.java:641)
10-07 18:10:17.763 4903 4903 I Glide : at java.lang.Thread.run(Thread.java:764)
10-07 18:10:17.763 4903 4903 I Glide : at com.bumptech.glide.load.engine.executor.GlideExecutor$DefaultThreadFactory$1.run(GlideExecutor.java:431)
10-07 18:10:17.763 4903 4903 I Glide : Caused by: java.lang.RuntimeException: setDataSource failed: status = 0xFFFFFFEA
10-07 18:10:17.763 4903 4903 I Glide : at android.media.MediaMetadataRetriever.setDataSource(Native Method)
10-07 18:10:17.763 4903 4903 I Glide : at android.media.MediaMetadataRetriever.setDataSource(MediaMetadataRetriever.java:141)
10-07 18:10:17.763 4903 4903 I Glide : at com.bumptech.glide.load.resource.bitmap.VideoDecoder$ParcelFileDescriptorInitializer.initialize(VideoDecoder.java:299)
10-07 18:10:17.763 4903 4903 I Glide : at com.bumptech.glide.load.resource.bitmap.VideoDecoder$ParcelFileDescriptorInitializer.initialize(VideoDecoder.java:294)
10-07 18:10:17.763 4903 4903 I Glide : at com.bumptech.glide.load.resource.bitmap.VideoDecoder.decode(VideoDecoder.java:166)
10-07 18:10:17.763 4903 4903 I Glide : ... 30 more
10-07 18:10:17.763 4903 4903 I Glide : Root cause (2 of 2)
10-07 18:10:17.763 4903 4903 I Glide : java.io.IOException: java.lang.IllegalArgumentException
10-07 18:10:17.763 4903 4903 I Glide : at com.bumptech.glide.load.resource.bitmap.VideoDecoder.decode(VideoDecoder.java:178)
10-07 18:10:17.763 4903 4903 I Glide : at com.bumptech.glide.load.engine.DecodePath.decodeResourceWithList(DecodePath.java:92)
10-07 18:10:17.763 4903 4903 I Glide : at com.bumptech.glide.load.engine.DecodePath.decodeResource(DecodePath.java:70)
10-07 18:10:17.763 4903 4903 I Glide : at com.bumptech.glide.load.engine.DecodePath.decode(DecodePath.java:59)
10-07 18:10:17.763 4903 4903 I Glide : at com.bumptech.glide.load.engine.LoadPath.loadWithExceptionList(LoadPath.java:76)
10-07 18:10:17.763 4903 4903 I Glide : at com.bumptech.glide.load.engine.LoadPath.load(LoadPath.java:57)
10-07 18:10:17.763 4903 4903 I Glide : at com.bumptech.glide.load.engine.DecodeJob.runLoadPath(DecodeJob.java:524)
10-07 18:10:17.763 4903 4903 I Glide : at com.bumptech.glide.load.engine.DecodeJob.decodeFromFetcher(DecodeJob.java:488)
10-07 18:10:17.763 4903 4903 I Glide : at com.bumptech.glide.load.engine.DecodeJob.decodeFromData(DecodeJob.java:474)
10-07 18:10:17.763 4903 4903 I Glide : at com.bumptech.glide.load.engine.DecodeJob.decodeFromRetrievedData(DecodeJob.java:426)
10-07 18:10:17.763 4903 4903 I Glide : at com.bumptech.glide.load.engine.DecodeJob.onDataFetcherReady(DecodeJob.java:390)
10-07 18:10:17.763 4903 4903 I Glide : at com.bumptech.glide.load.engine.SourceGenerator.onDataReady(SourceGenerator.java:119)
10-07 18:10:17.763 4903 4903 I Glide : at com.bumptech.glide.load.data.LocalUriFetcher.loadData(LocalUriFetcher.java:52)
10-07 18:10:17.763 4903 4903 I Glide : at com.bumptech.glide.load.engine.SourceGenerator.startNext(SourceGenerator.java:63)
10-07 18:10:17.763 4903 4903 I Glide : at com.bumptech.glide.load.engine.DecodeJob.runGenerators(DecodeJob.java:310)
10-07 18:10:17.763 4903 4903 I Glide : at com.bumptech.glide.load.engine.DecodeJob.decodeFromRetrievedData(DecodeJob.java:434)
10-07 18:10:17.763 4903 4903 I Glide : at com.bumptech.glide.load.engine.DecodeJob.onDataFetcherReady(DecodeJob.java:390)
10-07 18:10:17.763 4903 4903 I Glide : at com.bumptech.glide.load.engine.SourceGenerator.onDataReady(SourceGenerator.java:119)
10-07 18:10:17.763 4903 4903 I Glide : at com.bumptech.glide.load.model.MultiModelLoader$MultiFetcher.onDataReady(MultiModelLoader.java:145)
10-07 18:10:17.763 4903 4903 I Glide : at com.bumptech.glide.load.data.LocalUriFetcher.loadData(LocalUriFetcher.java:52)
10-07 18:10:17.763 4903 4903 I Glide : at com.bumptech.glide.load.model.MultiModelLoader$MultiFetcher.loadData(MultiModelLoader.java:100)
10-07 18:10:17.763 4903 4903 I Glide : at com.bumptech.glide.load.engine.SourceGenerator.startNext(SourceGenerator.java:63)
10-07 18:10:17.763 4903 4903 I Glide : at com.bumptech.glide.load.engine.DecodeJob.runGenerators(DecodeJob.java:310)
10-07 18:10:17.763 4903 4903 I Glide : at com.bumptech.glide.load.engine.DecodeJob.decodeFromRetrievedData(DecodeJob.java:434)
10-07 18:10:17.763 4903 4903 I Glide : at com.bumptech.glide.load.engine.DecodeJob.onDataFetcherReady(DecodeJob.java:390)
10-07 18:10:17.763 4903 4903 I Glide : at com.bumptech.glide.load.engine.SourceGenerator.onDataReady(SourceGenerator.java:119)
10-07 18:10:17.763 4903 4903 I Glide : at com.bumptech.glide.load.model.MultiModelLoader$MultiFetcher.onDataReady(MultiModelLoader.java:145)
10-07 18:10:17.763 4903 4903 I Glide : at com.bumptech.glide.load.data.LocalUriFetcher.loadData(LocalUriFetcher.java:52)
10-07 18:10:17.763 4903 4903 I Glide : at com.bumptech.glide.load.model.MultiModelLoader$MultiFetcher.loadData(MultiModelLoader.java:100)
10-07 18:10:17.763 4903 4903 I Glide : at com.bumptech.glide.load.engine.SourceGenerator.startNext(SourceGenerator.java:63)
10-07 18:10:17.763 4903 4903 I Glide : at com.bumptech.glide.load.engine.DecodeJob.runGenerators(DecodeJob.java:310)
10-07 18:10:17.763 4903 4903 I Glide : at com.bumptech.glide.load.engine.DecodeJob.runWrapped(DecodeJob.java:279)
10-07 18:10:17.763 4903 4903 I Glide : at com.bumptech.glide.load.engine.DecodeJob.run(DecodeJob.java:234)
10-07 18:10:17.763 4903 4903 I Glide : at java.util.concurrent.ThreadPoolExecutor.runWorker(ThreadPoolExecutor.java:1167)
10-07 18:10:17.763 4903 4903 I Glide : at java.util.concurrent.ThreadPoolExecutor$Worker.run(ThreadPoolExecutor.java:641)
10-07 18:10:17.763 4903 4903 I Glide : at java.lang.Thread.run(Thread.java:764)
10-07 18:10:17.763 4903 4903 I Glide : at com.bumptech.glide.load.engine.executor.GlideExecutor$DefaultThreadFactory$1.run(GlideExecutor.java:431)
10-07 18:10:17.763 4903 4903 I Glide : Caused by: java.lang.IllegalArgumentException
10-07 18:10:17.763 4903 4903 I Glide : at android.media.MediaMetadataRetriever.setDataSource(Native Method)
10-07 18:10:17.763 4903 4903 I Glide : at com.bumptech.glide.load.resource.bitmap.VideoDecoder$AssetFileDescriptorInitializer.initialize(VideoDecoder.java:289)
10-07 18:10:17.763 4903 4903 I Glide : at com.bumptech.glide.load.resource.bitmap.VideoDecoder$AssetFileDescriptorInitializer.initialize(VideoDecoder.java:284)
10-07 18:10:17.763 4903 4903 I Glide : at com.bumptech.glide.load.resource.bitmap.VideoDecoder.decode(VideoDecoder.java:166)
10-07 18:10:17.763 4903 4903 I Glide : ... 36 more
10-07 18:10:17.764 3326 3961 E MetadataRetrieverClient: offset (0) bigger than file size (0)
10-07 18:10:17.766 23189 23838 E org.xbmc.kodi: No implementation found for boolean org.xbmc.kodi.XBMCFile._open(java.lang.String) (tried Java_org_xbmc_kodi_XBMCFile__1open and Java_org_xbmc_kodi_XBMCFile__1open__Ljava_lang_String_2)
10-07 18:10:17.766 23189 23838 E Kodifile: Open: Not available
10-07 18:10:17.766 4903 8237 E MediaMetadataRetrieverJNI: negative length (-1)
10-07 18:10:17.806 4903 4903 W Glide : Load failed for content://org.xbmc.kodi.file#image%3A%2F%2Fhttp%253a%252f%252f192.168.1.25%253a8096%252femby%252fItems%252f11351%252fImages%252fPrimary%252f0%253fEnableImageEnhancers%253dTrue%2526Tag%253d5276506e2d5d6ba62364452717b1855b%2F with size [564x306]
10-07 18:10:17.806 4903 4903 W Glide : class com.bumptech.glide.load.engine.GlideException: Failed to load resource
10-07 18:10:17.806 4903 4903 W Glide : There were 2 causes:
10-07 18:10:17.806 4903 4903 W Glide : java.io.IOException(java.lang.RuntimeException: setDataSource failed: status = 0xFFFFFFEA)
10-07 18:10:17.806 4903 4903 W Glide : java.io.IOException(java.lang.IllegalArgumentException)
10-07 18:10:17.806 4903 4903 W Glide : call GlideException#logRootCauses(String) for more detail
10-07 18:10:17.806 4903 4903 W Glide : Cause (1 of 3): class com.bumptech.glide.load.engine.GlideException: Failed LoadPath{AutoCloseInputStream->Object->PaletteBitmapContainer}, LOCAL
10-07 18:10:17.806 4903 4903 W Glide : Cause (1 of 1): class com.bumptech.glide.load.engine.GlideException: Failed DecodePath{AutoCloseInputStream->Bitmap->PaletteBitmapContainer}
10-07 18:10:17.806 4903 4903 W Glide : Cause (2 of 3): class com.bumptech.glide.load.engine.GlideException: Failed LoadPath{ParcelFileDescriptorInner->Object->PaletteBitmapContainer}, LOCAL
10-07 18:10:17.806 4903 4903 W Glide : There was 1 cause:
10-07 18:10:17.806 4903 4903 W Glide : java.io.IOException(java.lang.RuntimeException: setDataSource failed: status = 0xFFFFFFEA)
10-07 18:10:17.806 4903 4903 W Glide : call GlideException#logRootCauses(String) for more detail
10-07 18:10:17.806 4903 4903 W Glide : Cause (1 of 1): class com.bumptech.glide.load.engine.GlideException: Failed DecodePath{ParcelFileDescriptorInner->Bitmap->PaletteBitmapContainer}
10-07 18:10:17.806 4903 4903 W Glide : There was 1 cause:
10-07 18:10:17.806 4903 4903 W Glide : java.io.IOException(java.lang.RuntimeException: setDataSource failed: status = 0xFFFFFFEA)
10-07 18:10:17.806 4903 4903 W Glide : call GlideException#logRootCauses(String) for more detail
10-07 18:10:17.806 4903 4903 W Glide : Cause (1 of 1): class java.io.IOException: java.lang.RuntimeException: setDataSource failed: status = 0xFFFFFFEA
10-07 18:10:17.806 4903 4903 W Glide : Cause (3 of 3): class com.bumptech.glide.load.engine.GlideException: Failed LoadPath{AssetFileDescriptor->Object->PaletteBitmapContainer}, LOCAL
10-07 18:10:17.806 4903 4903 W Glide : There was 1 cause:
10-07 18:10:17.806 4903 4903 W Glide : java.io.IOException(java.lang.IllegalArgumentException)
10-07 18:10:17.806 4903 4903 W Glide : call GlideException#logRootCauses(String) for more detail
10-07 18:10:17.806 4903 4903 W Glide : Cause (1 of 1): class com.bumptech.glide.load.engine.GlideException: Failed DecodePath{AssetFileDescriptor->Bitmap->PaletteBitmapContainer}
10-07 18:10:17.806 4903 4903 W Glide : There was 1 cause:
10-07 18:10:17.806 4903 4903 W Glide : java.io.IOException(java.lang.IllegalArgumentException)
10-07 18:10:17.806 4903 4903 W Glide : call GlideException#logRootCauses(String) for more detail
10-07 18:10:17.806 4903 4903 W Glide : Cause (1 of 1): class java.io.IOException: java.lang.IllegalArgumentException
10-07 18:10:17.806 4903 4903 I Glide : Root cause (1 of 2)
10-07 18:10:17.806 4903 4903 I Glide : java.io.IOException: java.lang.RuntimeException: setDataSource failed: status = 0xFFFFFFEA
10-07 18:10:17.806 4903 4903 I Glide : at com.bumptech.glide.load.resource.bitmap.VideoDecoder.decode(VideoDecoder.java:178)
10-07 18:10:17.806 4903 4903 I Glide : at com.bumptech.glide.load.engine.DecodePath.decodeResourceWithList(DecodePath.java:92)
10-07 18:10:17.806 4903 4903 I Glide : at com.bumptech.glide.load.engine.DecodePath.decodeResource(DecodePath.java:70)
10-07 18:10:17.806 4903 4903 I Glide : at com.bumptech.glide.load.engine.DecodePath.decode(DecodePath.java:59)
10-07 18:10:17.806 4903 4903 I Glide : at com.bumptech.glide.load.engine.LoadPath.loadWithExceptionList(LoadPath.java:76)
10-07 18:10:17.806 4903 4903 I Glide : at com.bumptech.glide.load.engine.LoadPath.load(LoadPath.java:57)
10-07 18:10:17.806 4903 4903 I Glide : at com.bumptech.glide.load.engine.DecodeJob.runLoadPath(DecodeJob.java:524)
10-07 18:10:17.806 4903 4903 I Glide : at com.bumptech.glide.load.engine.DecodeJob.decodeFromFetcher(DecodeJob.java:488)
10-07 18:10:17.806 4903 4903 I Glide : at com.bumptech.glide.load.engine.DecodeJob.decodeFromData(DecodeJob.java:474)
10-07 18:10:17.806 4903 4903 I Glide : at com.bumptech.glide.load.engine.DecodeJob.decodeFromRetrievedData(DecodeJob.java:426)
10-07 18:10:17.806 4903 4903 I Glide : at com.bumptech.glide.load.engine.DecodeJob.onDataFetcherReady(DecodeJob.java:390)
10-07 18:10:17.806 4903 4903 I Glide : at com.bumptech.glide.load.engine.SourceGenerator.onDataReady(SourceGenerator.java:119)
10-07 18:10:17.806 4903 4903 I Glide : at com.bumptech.glide.load.model.MultiModelLoader$MultiFetcher.onDataReady(MultiModelLoader.java:145)
10-07 18:10:17.806 4903 4903 I Glide : at com.bumptech.glide.load.data.LocalUriFetcher.loadData(LocalUriFetcher.java:52)
10-07 18:10:17.806 4903 4903 I Glide : at com.bumptech.glide.load.model.MultiModelLoader$MultiFetcher.loadData(MultiModelLoader.java:100)
10-07 18:10:17.806 4903 4903 I Glide : at com.bumptech.glide.load.engine.SourceGenerator.startNext(SourceGenerator.java:63)
10-07 18:10:17.806 4903 4903 I Glide : at com.bumptech.glide.load.engine.DecodeJob.runGenerators(DecodeJob.java:310)
10-07 18:10:17.806 4903 4903 I Glide : at com.bumptech.glide.load.engine.DecodeJob.decodeFromRetrievedData(DecodeJob.java:434)
10-07 18:10:17.806 4903 4903 I Glide : at com.bumptech.glide.load.engine.DecodeJob.onDataFetcherReady(DecodeJob.java:390)
10-07 18:10:17.806 4903 4903 I Glide : at com.bumptech.glide.load.engine.SourceGenerator.onDataReady(SourceGenerator.java:119)
10-07 18:10:17.806 4903 4903 I Glide : at com.bumptech.glide.load.model.MultiModelLoader$MultiFetcher.onDataReady(MultiModelLoader.java:145)
10-07 18:10:17.806 4903 4903 I Glide : at com.bumptech.glide.load.data.LocalUriFetcher.loadData(LocalUriFetcher.java:52)
10-07 18:10:17.806 4903 4903 I Glide : at com.bumptech.glide.load.model.MultiModelLoader$MultiFetcher.loadData(MultiModelLoader.java:100)
10-07 18:10:17.806 4903 4903 I Glide : at com.bumptech.glide.load.engine.SourceGenerator.startNext(SourceGenerator.java:63)
10-07 18:10:17.806 4903 4903 I Glide : at com.bumptech.glide.load.engine.DecodeJob.runGenerators(DecodeJob.java:310)
10-07 18:10:17.806 4903 4903 I Glide : at com.bumptech.glide.load.engine.DecodeJob.runWrapped(DecodeJob.java:279)
10-07 18:10:17.806 4903 4903 I Glide : at com.bumptech.glide.load.engine.DecodeJob.run(DecodeJob.java:234)
10-07 18:10:17.806 4903 4903 I Glide : at java.util.concurrent.ThreadPoolExecutor.runWorker(ThreadPoolExecutor.java:1167)
10-07 18:10:17.806 4903 4903 I Glide : at java.util.concurrent.ThreadPoolExecutor$Worker.run(ThreadPoolExecutor.java:641)
10-07 18:10:17.806 4903 4903 I Glide : at java.lang.Thread.run(Thread.java:764)
10-07 18:10:17.806 4903 4903 I Glide : at com.bumptech.glide.load.engine.executor.GlideExecutor$DefaultThreadFactory$1.run(GlideExecutor.java:431)
10-07 18:10:17.806 4903 4903 I Glide : Caused by: java.lang.RuntimeException: setDataSource failed: status = 0xFFFFFFEA
10-07 18:10:17.806 4903 4903 I Glide : at android.media.MediaMetadataRetriever.setDataSource(Native Method)
10-07 18:10:17.806 4903 4903 I Glide : at android.media.MediaMetadataRetriever.setDataSource(MediaMetadataRetriever.java:141)
10-07 18:10:17.806 4903 4903 I Glide : at com.bumptech.glide.load.resource.bitmap.VideoDecoder$ParcelFileDescriptorInitializer.initialize(VideoDecoder.java:299)
10-07 18:10:17.806 4903 4903 I Glide : at com.bumptech.glide.load.resource.bitmap.VideoDecoder$ParcelFileDescriptorInitializer.initialize(VideoDecoder.java:294)
10-07 18:10:17.806 4903 4903 I Glide : at com.bumptech.glide.load.resource.bitmap.VideoDecoder.decode(VideoDecoder.java:166)
10-07 18:10:17.806 4903 4903 I Glide : ... 30 more
10-07 18:10:17.806 4903 4903 I Glide : Root cause (2 of 2)
10-07 18:10:17.806 4903 4903 I Glide : java.io.IOException: java.lang.IllegalArgumentException
10-07 18:10:17.806 4903 4903 I Glide : at com.bumptech.glide.load.resource.bitmap.VideoDecoder.decode(VideoDecoder.java:178)
10-07 18:10:17.806 4903 4903 I Glide : at com.bumptech.glide.load.engine.DecodePath.decodeResourceWithList(DecodePath.java:92)
10-07 18:10:17.806 4903 4903 I Glide : at com.bumptech.glide.load.engine.DecodePath.decodeResource(DecodePath.java:70)
10-07 18:10:17.806 4903 4903 I Glide : at com.bumptech.glide.load.engine.DecodePath.decode(DecodePath.java:59)
10-07 18:10:17.806 4903 4903 I Glide : at com.bumptech.glide.load.engine.LoadPath.loadWithExceptionList(LoadPath.java:76)
10-07 18:10:17.806 4903 4903 I Glide : at com.bumptech.glide.load.engine.LoadPath.load(LoadPath.java:57)
10-07 18:10:17.806 4903 4903 I Glide : at com.bumptech.glide.load.engine.DecodeJob.runLoadPath(DecodeJob.java:524)
10-07 18:10:17.806 4903 4903 I Glide : at com.bumptech.glide.load.engine.DecodeJob.decodeFromFetcher(DecodeJob.java:488)
10-07 18:10:17.806 4903 4903 I Glide : at com.bumptech.glide.load.engine.DecodeJob.decodeFromData(DecodeJob.java:474)
10-07 18:10:17.806 4903 4903 I Glide : at com.bumptech.glide.load.engine.DecodeJob.decodeFromRetrievedData(DecodeJob.java:426)
10-07 18:10:17.806 4903 4903 I Glide : at com.bumptech.glide.load.engine.DecodeJob.onDataFetcherReady(DecodeJob.java:390)
10-07 18:10:17.806 4903 4903 I Glide : at com.bumptech.glide.load.engine.SourceGenerator.onDataReady(SourceGenerator.java:119)
10-07 18:10:17.806 4903 4903 I Glide : at com.bumptech.glide.load.data.LocalUriFetcher.loadData(LocalUriFetcher.java:52)
10-07 18:10:17.806 4903 4903 I Glide : at com.bumptech.glide.load.engine.SourceGenerator.startNext(SourceGenerator.java:63)
10-07 18:10:17.806 4903 4903 I Glide : at com.bumptech.glide.load.engine.DecodeJob.runGenerators(DecodeJob.java:310)
10-07 18:10:17.806 4903 4903 I Glide : at com.bumptech.glide.load.engine.DecodeJob.decodeFromRetrievedData(DecodeJob.java:434)
10-07 18:10:17.806 4903 4903 I Glide : at com.bumptech.glide.load.engine.DecodeJob.onDataFetcherReady(DecodeJob.java:390)
10-07 18:10:17.806 4903 4903 I Glide : at com.bumptech.glide.load.engine.SourceGenerator.onDataReady(SourceGenerator.java:119)
10-07 18:10:17.806 4903 4903 I Glide : at com.bumptech.glide.load.model.MultiModelLoader$MultiFetcher.onDataReady(MultiModelLoader.java:145)
10-07 18:10:17.806 4903 4903 I Glide : at com.bumptech.glide.load.data.LocalUriFetcher.loadData(LocalUriFetcher.java:52)
10-07 18:10:17.806 4903 4903 I Glide : at com.bumptech.glide.load.model.MultiModelLoader$MultiFetcher.loadData(MultiModelLoader.java:100)
10-07 18:10:17.806 4903 4903 I Glide : at com.bumptech.glide.load.engine.SourceGenerator.startNext(SourceGenerator.java:63)
10-07 18:10:17.806 4903 4903 I Glide : at com.bumptech.glide.load.engine.DecodeJob.runGenerators(DecodeJob.java:310)
10-07 18:10:17.806 4903 4903 I Glide : at com.bumptech.glide.load.engine.DecodeJob.decodeFromRetrievedData(DecodeJob.java:434)
10-07 18:10:17.806 4903 4903 I Glide : at com.bumptech.glide.load.engine.DecodeJob.onDataFetcherReady(DecodeJob.java:390)
10-07 18:10:17.806 4903 4903 I Glide : at com.bumptech.glide.load.engine.SourceGenerator.onDataReady(SourceGenerator.java:119)
10-07 18:10:17.806 4903 4903 I Glide : at com.bumptech.glide.load.model.MultiModelLoader$MultiFetcher.onDataReady(MultiModelLoader.java:145)
10-07 18:10:17.806 4903 4903 I Glide : at com.bumptech.glide.load.data.LocalUriFetcher.loadData(LocalUriFetcher.java:52)
10-07 18:10:17.806 4903 4903 I Glide : at com.bumptech.glide.load.model.MultiModelLoader$MultiFetcher.loadData(MultiModelLoader.java:100)
10-07 18:10:17.806 4903 4903 I Glide : at com.bumptech.glide.load.engine.SourceGenerator.startNext(SourceGenerator.java:63)
10-07 18:10:17.806 4903 4903 I Glide : at com.bumptech.glide.load.engine.DecodeJob.runGenerators(DecodeJob.java:310)
10-07 18:10:17.806 4903 4903 I Glide : at com.bumptech.glide.load.engine.DecodeJob.runWrapped(DecodeJob.java:279)
10-07 18:10:17.806 4903 4903 I Glide : at com.bumptech.glide.load.engine.DecodeJob.run(DecodeJob.java:234)
10-07 18:10:17.806 4903 4903 I Glide : at java.util.concurrent.ThreadPoolExecutor.runWorker(ThreadPoolExecutor.java:1167)
10-07 18:10:17.806 4903 4903 I Glide : at java.util.concurrent.ThreadPoolExecutor$Worker.run(ThreadPoolExecutor.java:641)
10-07 18:10:17.806 4903 4903 I Glide : at java.lang.Thread.run(Thread.java:764)
10-07 18:10:17.806 4903 4903 I Glide : at com.bumptech.glide.load.engine.executor.GlideExecutor$DefaultThreadFactory$1.run(GlideExecutor.java:431)
10-07 18:10:17.806 4903 4903 I Glide : Caused by: java.lang.IllegalArgumentException
10-07 18:10:17.806 4903 4903 I Glide : at android.media.MediaMetadataRetriever.setDataSource(Native Method)
10-07 18:10:17.806 4903 4903 I Glide : at com.bumptech.glide.load.resource.bitmap.VideoDecoder$AssetFileDescriptorInitializer.initialize(VideoDecoder.java:289)
10-07 18:10:17.806 4903 4903 I Glide : at com.bumptech.glide.load.resource.bitmap.VideoDecoder$AssetFileDescriptorInitializer.initialize(VideoDecoder.java:284)
10-07 18:10:17.806 4903 4903 I Glide : at com.bumptech.glide.load.resource.bitmap.VideoDecoder.decode(VideoDecoder.java:166)
10-07 18:10:17.806 4903 4903 I Glide : ... 36 more
10-07 18:10:18.739 4531 5046 I ShieldBluetoothScanPolicy: Scans allowed due to PACKAGE POLL
10-07 18:10:18.740 4531 5046 D BluetoothAdapter: isLeEnabled(): ON
10-07 18:10:18.742 3728 4249 I bt_stack: [INFO:gatt_api.cc(948)] GATT_Register a95e929c-225d-4c04-7629-9f505c2927e8
10-07 18:10:18.742 3728 4249 I bt_stack: [INFO:gatt_api.cc(968)] allocated gatt_if=5
10-07 18:10:18.742 4531 4556 D BluetoothLeScanner: onScannerRegistered() - status=0 scannerId=5 mScannerId=0
10-07 18:10:18.749 3728 3848 D AdapterProperties: Discoverable Timeout:-1
10-07 18:10:18.749 3728 3848 D AdapterProperties: Scan Mode:23
10-07 18:10:20.628 3089 3222 W nvaudio_hw: stop_output_stream: 1 underruns seen on pcm device hdmi-playback
10-07 18:10:20.663 4869 5562 D TVNotifService: getConnectedInstanceBlocking - block
10-07 18:10:20.664 4869 5562 D TVNotifService: getConnectedInstanceBlockingWithTimeout - done
10-07 18:10:20.680 4903 4903 E Clearcut-EventLogger: Unexpected log parameter tray_notification_count
10-07 18:10:24.865 6692 23698 I chromium: [6692:23698:INFO:ssdp_device.c(101)] SSDP packets sent for 30 seconds = 19
10-07 18:10:30.155 3728 4249 W bt_btm_pm: Sniff Interval For Device MAC 00:04:20:f5:f5:a8 is 33.750000 msec.
10-07 18:10:36.166 6692 6692 I chromium: [6692:6692:INFO:metrics_recorder.cc(89)] Metrics stat: total=4
10-07 18:10:36.166 6692 6692 I chromium: Cast.Discovery.Mdns.Request.In=1
10-07 18:10:36.166 6692 6692 I chromium: Cast.Discovery.Mdns.Response.Out=1
10-07 18:10:36.166 6692 6692 I chromium: Dial.SsdpDeviceDesc.Windows=1
10-07 18:10:36.166 6692 6692 I chromium: Dial.SsdpDeviceDesc.Windows.200=1
10-07 18:10:37.274 6692 7068 I chromium: [6692:7068:INFO:mdns_app_filter.cc(2631)] Mdns cast queries recently sent: queries=1
10-07 18:10:42.295 6692 7073 I chromium: [6692:7073:INFO:wifi_proximity.cc(209)] Request scan.
10-07 18:10:54.737 3328 3362 E storaged: getDiskStats failed with result NOT_SUPPORTED and size 0
10-07 18:10:54.903 6692 23698 I chromium: [6692:23698:INFO:ssdp_device.c(101)] SSDP packets sent for 30 seconds = 28
10-07 18:11:25.000 6692 23698 I chromium: [6692:23698:INFO:ssdp_device.c(101)] SSDP packets sent for 30 seconds = 40
10-07 18:11:36.166 6692 6692 I chromium: [6692:6692:INFO:metrics_recorder.cc(89)] Metrics stat: total=3
10-07 18:11:36.166 6692 6692 I chromium: Cast.Discovery.Mdns.Query.Cast.Count=1
10-07 18:11:36.166 6692 6692 I chromium: Dial.SsdpDeviceDesc.Windows=1
10-07 18:11:36.166 6692 6692 I chromium: Dial.SsdpDeviceDesc.Windows.200=1
10-07 18:11:43.779 22815 22862 I PlayCommon: [113] agic.d(25): Preparing logs for uploading
10-07 18:11:43.782 22815 22862 I PlayCommon: [113] agic.d(98): Connecting to server for timestamp: https://play.googleapis.com/play/log/timestamp
10-07 18:11:44.230 4325 4325 W SystemServiceRegistry: No service published for: persistent_data_block
10-07 18:11:44.231 4325 4325 W ChimeraUtils: Non Chimera context
10-07 18:11:44.236 4325 4325 I chatty : uid=10012 com.google.android.gms.persistent identical 2 lines
10-07 18:11:44.237 4325 4325 W ChimeraUtils: Non Chimera context
10-07 18:11:44.249 22815 22862 I PlayCommon: [113] agic.d(109): Connecting to server: https://play.googleapis.com/play/log?format=raw&proto_v2=true
10-07 18:11:44.412 22815 22862 I PlayCommon: [113] agic.d(161): Successfully uploaded logs.
10-07 18:11:49.669 22815 23118 I PlayCommon: [156] agic.d(25): Preparing logs for uploading
10-07 18:11:49.670 22815 23118 W PlayCommon: [156] agic.a(1): No account for auth token provided
10-07 18:11:49.670 22815 23118 I PlayCommon: [156] agic.d(109): Connecting to server: https://play.googleapis.com/play/log?format=raw&proto_v2=true
10-07 18:11:50.966 3309 3309 I adbd : USB disconnect
10-07 18:11:52.420 22815 23118 I PlayCommon: [156] agic.d(161): Successfully uploaded logs.
10-07 18:11:54.501 6692 23698 I chromium: [6692:23698:INFO:ssdp_device.c(101)] SSDP packets sent for 30 seconds = 167
10-07 18:11:54.738 3328 3362 E storaged: getDiskStats failed with result NOT_SUPPORTED and size 0
10-07 18:11:55.073 6692 7068 I chromium: [6692:7068:INFO:mdns_app_filter.cc(2438)] MdnsAppFilter: responses sent in 102 seconds: 1
10-07 18:12:04.429 8504 9031 I System.out: SENDING ANNOUNCEMENT to /192.168.178.39:138
10-07 18:12:04.431 8504 9031 I System.out: SENDING ANNOUNCEMENT to /192.168.178.39:138
10-07 18:12:06.255 6692 7053 E chromium: [6692:7053:ERROR:wifi_frame_histogram_capturer.cc(404)] No histogram or IOCTL data
10-07 18:12:06.256 6692 7053 I chromium: [6692:7053:INFO:wifi_util.cc(199)] Current wifi TDLS peers:
10-07 18:12:06.256 6692 7053 I chromium: [6692:7053:INFO:wifi_util.cc(201)] No peers:
10-07 18:12:06.407 6692 6692 I chromium: [6692:6692:INFO:metrics_recorder.cc(228)] Record action: Cast.CecHdmiInputState.Active
10-07 18:12:06.407 6692 6692 I chromium: [6692:6692:INFO:metrics_recorder.cc(228)] Record action: Cast.CecStandby.On
10-07 18:12:26.587 6692 24026 I chromium: [6692:24026:INFO:ssdp_device.c(101)] SSDP packets sent for 32 seconds = 187
10-07 18:12:36.166 6692 6692 I chromium: [6692:6692:INFO:metrics_recorder.cc(89)] Metrics stat: total=9
10-07 18:12:36.166 6692 6692 I chromium: AppRunning=1
10-07 18:12:36.166 6692 6692 I chromium: Cast.CecHdmiInputState.Active=1
10-07 18:12:36.166 6692 6692 I chromium: Cast.CecStandby.On=1
10-07 18:12:36.166 6692 6692 I chromium: Cast.Discovery.Mdns.Request.In=1
10-07 18:12:36.166 6692 6692 I chromium: Cast.Discovery.Mdns.Response.Out=1
10-07 18:12:36.166 6692 6692 I chromium: Dial.SsdpDeviceDesc.Unknown=25
10-07 18:12:36.166 6692 6692 I chromium: Dial.SsdpDeviceDesc.Unknown.200=25
10-07 18:12:36.166 6692 6692 I chromium: Dial.SsdpDeviceDesc.Windows=25
10-07 18:12:36.166 6692 6692 I chromium: Dial.SsdpDeviceDesc.Windows.200=25
10-07 18:12:37.312 6692 7068 I chromium: [6692:7068:INFO:mdns_app_filter.cc(2631)] Mdns cast queries recently sent: queries=1
10-07 18:12:42.327 6692 7073 I chromium: [6692:7073:INFO:wifi_proximity.cc(209)] Request scan.
10-07 18:12:54.738 3328 3362 E storaged: getDiskStats failed with result NOT_SUPPORTED and size 0
10-07 18:12:57.056 6692 24026 I chromium: [6692:24026:INFO:ssdp_device.c(101)] SSDP packets sent for 30 seconds = 25
10-07 18:13:26.598 3309 3309 I adbd : Calling send_auth_request...
10-07 18:13:26.618 3309 3309 I adbd : Loading keys from /data/misc/adb/adb_keys
10-07 18:13:26.620 3309 3309 I adbd : adb client authorized
10-07 18:13:29.783 6692 24026 I chromium: [6692:24026:INFO:ssdp_device.c(101)] SSDP packets sent for 33 seconds = 26
10-07 18:13:36.166 6692 6692 I chromium: [6692:6692:INFO:metrics_recorder.cc(89)] Metrics stat: total=1
10-07 18:13:36.166 6692 6692 I chromium: Cast.Discovery.Mdns.Query.Cast.Count=1
10-07 18:13:37.114 6692 7068 I chromium: [6692:7068:INFO:mdns_app_filter.cc(2438)] MdnsAppFilter: responses sent in 102 seconds: 1
10-07 18:13:37.313 6692 7068 I chromium: [6692:7068:INFO:mdns_app_filter.cc(2631)] Mdns cast queries recently sent: queries=1
10-07 18:13:54.739 3328 3362 E storaged: getDiskStats failed with result NOT_SUPPORTED and size 0
10-07 18:13:59.857 6692 24026 I chromium: [6692:24026:INFO:ssdp_device.c(101)] SSDP packets sent for 30 seconds = 19
10-07 18:14:06.075 3543 3645 D WindowManager: handleComboKeys keyCode: 19, keyAction: 0
10-07 18:14:06.075 3543 3645 D WindowManager: handleComboKeys keyCode: 19, keyAction: 1
10-07 18:14:06.085 3125 11744 I hash_map_utils: key: 'nv_param_low_latency_active' value: ''
10-07 18:14:06.088 4903 4903 W Glide : Load failed for null with size [-1x-1]
10-07 18:14:06.088 4903 4903 W Glide : class com.bumptech.glide.load.engine.GlideException: Received null model
10-07 18:14:06.251 3125 3228 I hash_map_utils: key: 'nv_param_low_latency_active' value: ''
10-07 18:14:06.421 22477 22609 D TegraZoneApplication: no need to lock thread:Thread[Binder:22477_4,5,main]
10-07 18:14:06.421 22477 23288 D TegraZoneApplication: no need to lock thread:Thread[Binder:22477_5,5,main]
10-07 18:14:06.488 22477 24431 D OpenGLRenderer: Skia GL Pipeline
10-07 18:14:07.449 3543 3645 D WindowManager: handleComboKeys keyCode: 22, keyAction: 0
10-07 18:14:07.457 3125 11744 I hash_map_utils: key: 'nv_param_low_latency_active' value: ''
10-07 18:14:07.611 3125 3228 I hash_map_utils: key: 'nv_param_low_latency_active' value: ''
10-07 18:14:07.662 3543 3645 D WindowManager: handleComboKeys keyCode: 22, keyAction: 1
10-07 18:14:08.075 3543 3645 D WindowManager: handleComboKeys keyCode: 23, keyAction: 0
10-07 18:14:08.217 3543 3645 D WindowManager: handleComboKeys keyCode: 23, keyAction: 1
10-07 18:14:08.221 3125 11744 I hash_map_utils: key: 'nv_param_low_latency_active' value: ''
10-07 18:14:08.225 3543 13393 I ActivityManager: START u0 {act=android.settings.SETTINGS cmp=com.android.tv.settings/.MainSettings} from uid 10031
10-07 18:14:08.249 3543 13393 I android_os_HwBinder: HwBinder: Starting thread pool for default::vendor.nvidia.hardware.thermalservice@1.0::IThermalService
10-07 18:14:08.251 3116 3116 E powerHAL::common: Unknown power hint: 0x8
10-07 18:14:08.256 3543 24441 D NvThermalService: setAppClose
10-07 18:14:08.260 4046 4046 W ActivityThread: handleWindowVisibility: no activity for token android.os.BinderProxy@231c095
10-07 18:14:08.271 3543 24443 W NvAppProfileService: App Profiles: Enabled
10-07 18:14:08.282 4692 5658 I android_os_HwBinder: HwBinder: Starting thread pool for default::vendor.nvidia.hardware.power@1.0::IPower
10-07 18:14:08.335 3543 17117 I WindowManager: WindowState() - found Launcher @ mAppToken:AppWindowToken{17b29c1 token=Token{bdc4aa8 ActivityRecord{65152cb u0 com.android.tv.settings/.MainSettings t1166}}}
10-07 18:14:08.363 3125 3228 I hash_map_utils: key: 'nv_param_low_latency_active' value: ''
10-07 18:14:08.368 4046 4106 I ConfigStore: android::hardware::configstore::V1_0::ISurfaceFlingerConfigs::hasWideColorDisplay retrieved: 1
10-07 18:14:08.368 4046 4106 I ConfigStore: android::hardware::configstore::V1_0::ISurfaceFlingerConfigs::hasHDRDisplay retrieved: 1
10-07 18:14:08.368 4046 4106 I OpenGLRenderer: Initialized EGL, version 1.4
10-07 18:14:08.368 4046 4106 D OpenGLRenderer: Swap behavior 2
10-07 18:14:08.395 4046 4046 D AccessoryManager: connect
10-07 18:14:08.395 4046 4046 D AccessoryManager: Binding
10-07 18:14:08.401 4046 4046 W ContextImpl: Calling a method in the system process without a qualified user: android.app.ContextImpl.bindService:1628 android.content.ContextWrapper.bindService:698 com.nvidia.shieldtech.accessories.AccessoryManager.bindService:262 com.nvidia.shieldtech.accessories.AccessoryManager.connect:120 com.nvidia.tv.settings.accessories.AccessoryAssistant.connect:68
10-07 18:14:08.437 4046 4046 D SettingsHelper: Called isFlynnShield flynnShield:false
10-07 18:14:08.438 4046 4046 W ContextImpl: Calling a method in the system process without a qualified user: android.app.ContextImpl.sendBroadcast:1005 android.content.ContextWrapper.sendBroadcast:444 com.android.tv.settings.MainFragment.updateNetflixESN:723 com.android.tv.settings.MainFragment.onCreate:164 android.app.Fragment.performCreate:2503
10-07 18:14:08.506 3543 3579 I ActivityManager: Start proc 24449:com.android.settings.intelligence/u0a100 for service com.android.settings.intelligence/.suggestions.SuggestionService
10-07 18:14:08.505 4046 4046 I chatty : uid=1000(system) com.android.tv.settings identical 1 line
10-07 18:14:08.505 4046 4046 D SettingsHelper: Called isFlynnShield flynnShield:false
10-07 18:14:08.514 24449 24449 E gs.intelligenc: Not starting debugger since process cannot load the jdwp agent.
10-07 18:14:08.575 3127 3218 D SurfaceFlinger: Connected to Power Manager
10-07 18:14:08.577 4046 4046 D AccessoryManager: onServiceConnected
10-07 18:14:08.580 4046 4086 D AccessoryManager: Group done
10-07 18:14:08.581 4046 4046 D SettingsHelper: Called isFlynnShield flynnShield:false
10-07 18:14:08.582 3543 13393 I WifiService: startScan uid=1000
10-07 18:14:08.584 3543 3588 I ActivityManager: Displayed com.android.tv.settings/.MainSettings: +323ms
10-07 18:14:08.615 24449 24476 D SuggestionParser: Day 67 for com.android.settings.suggested.category.DEFERRED_SETUP
10-07 18:14:08.615 24449 24476 D CandidateSuggestionFilter: filterCandidates duration: 0
10-07 18:14:08.616 24449 24476 D SuggestionParser: Day 67 for com.android.settings.suggested.category.HIGH_PRIORITY
