01-08 20:44:30.495 18201 18201 F DEBUG : #02 pc 0000000000436884 /system/lib64/libart.so (_ZN3art7Runtime5AbortEPKc+528)
01-08 20:44:30.495 18201 18201 F DEBUG : #03 pc 0000000000436f94 /system/lib64/libart.so (_ZN3art7Runtime7AborterEPKc+24)
01-08 20:44:30.495 18201 18201 F DEBUG : #04 pc 000000000052143c /system/lib64/libart.so (_ZN7android4base10LogMessageD1Ev+900)
01-08 20:44:30.495 18201 18201 F DEBUG : #05 pc 00000000002d55ec /system/lib64/libart.so (_ZN3art9JavaVMExt8JniAbortEPKcS2_+1716)
01-08 20:44:30.495 18201 18201 F DEBUG : #06 pc 00000000002d57c8 /system/lib64/libart.so (_ZN3art9JavaVMExt9JniAbortVEPKcS2_St9__va_list+116)
01-08 20:44:30.495 18201 18201 F DEBUG : #07 pc 00000000001085c8 /system/lib64/libart.so (_ZN3art11ScopedCheck6AbortFEPKcz+148)
01-08 20:44:30.495 18201 18201 F DEBUG : #08 pc 00000000001080f4 /system/lib64/libart.so (_ZN3art11ScopedCheck11CheckThreadEP7_JNIEnv+536)
01-08 20:44:30.495 18201 18201 F DEBUG : #09 pc 0000000000106590 /system/lib64/libart.so (_ZN3art11ScopedCheck5CheckERNS_18ScopedObjectAccessEbPKcPNS_12JniValueTypeE+856)
01-08 20:44:30.495 18201 18201 F DEBUG : #10 pc 00000000000fdbe4 /system/lib64/libart.so (_ZN3art8CheckJNI14GetArrayLengthEP7_JNIEnvP7_jarray+644)
01-08 20:44:30.495 18201 18201 F DEBUG : #11 pc 00000000000757bc /data/app/org.xbmc.kodi-BDfWM_U3OYT4DDmJ0Up2Kw==/lib/arm64/libssd_wv.so (_ZNK3jni12CJNIMediaDrm18provideKeyResponseERKNSt6__ndk16vectorIcNS1_9allocatorIcEEEES7_+156)
01-08 20:44:30.495 18201 18201 F DEBUG : #12 pc 000000000006ca20 /data/app/org.xbmc.kodi-BDfWM_U3OYT4DDmJ0Up2Kw==/lib/arm64/libssd_wv.so (_ZN28WV_CencSingleSampleDecrypter18SendSessionMessageERKNSt6__ndk16vectorIcNS0_9allocatorIcEEEE+6640)
01-08 20:44:30.495 18201 18201 F DEBUG : #13 pc 000000000006aed4 /data/app/org.xbmc.kodi-BDfWM_U3OYT4DDmJ0Up2Kw==/lib/arm64/libssd_wv.so (_ZN28WV_CencSingleSampleDecrypter16KeyUpdateRequestEb+324)
01-08 20:44:30.495 18201 18201 F DEBUG : #14 pc 000000000006e678 /data/app/org.xbmc.kodi-BDfWM_U3OYT4DDmJ0Up2Kw==/lib/arm64/libssd_wv.so (_ZN11WVDecrypter27CreateSingleSampleDecrypterER14AP4_DataBufferPKcPKh+184)
01-08 20:44:30.495 18201 18201 F DEBUG : #15 pc 000000000008578c /data/app/org.xbmc.kodi-BDfWM_U3OYT4DDmJ0Up2Kw==/lib/arm64/libinputstream.adaptive.so (_ZN7Session10initializeEhj+3320)
01-08 20:44:30.495 18201 18201 F DEBUG : #16 pc 0000000000088134 /data/app/org.xbmc.kodi-BDfWM_U3OYT4DDmJ0Up2Kw==/lib/arm64/libinputstream.adaptive.so (_ZN20CInputStreamAdaptive4OpenER11INPUTSTREAM+1796)
01-08 20:44:30.496 18201 18201 F DEBUG : #17 pc 000000000108191c /data/app/org.xbmc.kodi-BDfWM_U3OYT4DDmJ0Up2Kw==/lib/arm64/libkodi.so (_ZN17CInputStreamAddon4OpenEv+896)
01-08 20:44:30.496 18201 18201 F DEBUG : #18 pc 00000000010e7dd8 /data/app/org.xbmc.kodi-BDfWM_U3OYT4DDmJ0Up2Kw==/lib/arm64/libkodi.so (_ZN12CVideoPlayer15OpenInputStreamEv+424)
01-08 20:44:30.496 18201 18201 F DEBUG : #19 pc 00000000010ea164 /data/app/org.xbmc.kodi-BDfWM_U3OYT4DDmJ0Up2Kw==/lib/arm64/libkodi.so (_ZN12CVideoPlayer7PrepareEv+260)
01-08 20:44:30.496 18201 18201 F DEBUG : #20 pc 00000000010eb47c /data/app/org.xbmc.kodi-BDfWM_U3OYT4DDmJ0Up2Kw==/lib/arm64/libkodi.so (_ZN12CVideoPlayer7ProcessEv+72)
01-08 20:44:30.496 18201 18201 F DEBUG : #21 pc 00000000012bdd7c /data/app/org.xbmc.kodi-BDfWM_U3OYT4DDmJ0Up2Kw==/lib/arm64/libkodi.so (_ZN7CThread6ActionEv+40)
01-08 20:44:30.496 18201 18201 F DEBUG : #22 pc 00000000012bd2a4 /data/app/org.xbmc.kodi-BDfWM_U3OYT4DDmJ0Up2Kw==/lib/arm64/libkodi.so (_ZN7CThread12staticThreadEPv+184)
01-08 20:44:30.496 18201 18201 F DEBUG : #23 pc 0000000000065f88 /system/lib64/libc.so (_ZL15__pthread_startPv+36)
01-08 20:44:30.496 18201 18201 F DEBUG : #24 pc 000000000001ed24 /system/lib64/libc.so (__start_thread+68)
01-08 20:44:32.233 3778 18205 W ActivityManager: Force finishing activity org.xbmc.kodi/.Main
01-08 20:44:32.237 3778 3797 I BootReceiver: Copying /data/tombstones/tombstone_03 to DropBox (SYSTEM_TOMBSTONE)
01-08 20:44:32.243 3778 3793 W BroadcastQueue: Background execution not allowed: receiving Intent { act=android.intent.action.DROPBOX_ENTRY_ADDED flg=0x10 (has extras) } to com.google.android.gms/.stats.service.DropBoxEntryAddedReceiver
01-08 20:44:32.243 3778 3793 W BroadcastQueue: Background execution not allowed: receiving Intent { act=android.intent.action.DROPBOX_ENTRY_ADDED flg=0x10 (has extras) } to com.google.android.gms/.chimera.GmsIntentOperationService$PersistentTrustedReceiver
01-08 20:44:32.251 3778 3793 W BroadcastQueue: Background execution not allowed: receiving Intent { act=android.intent.action.DROPBOX_ENTRY_ADDED flg=0x10 (has extras) } to com.google.android.gms/.stats.service.DropBoxEntryAddedReceiver
01-08 20:44:32.251 3778 3793 W BroadcastQueue: Background execution not allowed: receiving Intent { act=android.intent.action.DROPBOX_ENTRY_ADDED flg=0x10 (has extras) } to com.google.android.gms/.chimera.GmsIntentOperationService$PersistentTrustedReceiver
01-08 20:44:32.320 3778 3789 I ActivityManager: Process org.xbmc.kodi (pid 7774) has died: vis +99TOP
01-08 20:44:32.328 3778 4637 I WindowManager: WIN DEATH: Window{f927508 u0 org.xbmc.kodi/org.xbmc.kodi.Main}
01-08 20:44:32.328 3778 3859 D NsdService: Client disconnected
01-08 20:44:32.328 3778 3859 D NsdService: Terminating client-ID 1 global-ID 6 type 393225
01-08 20:44:32.328 3778 3859 D NsdService: unregisterService: 6
01-08 20:44:32.330 3778 3859 D NsdService: Terminating client-ID 2 global-ID 7 type 393225
01-08 20:44:32.330 3778 3859 D NsdService: unregisterService: 7
01-08 20:44:32.331 3778 3859 D NsdService: Terminating client-ID 3 global-ID 8 type 393225
01-08 20:44:32.331 3778 3859 D NsdService: unregisterService: 8
01-08 20:44:32.332 3778 3859 D NsdService: Terminating client-ID 4 global-ID 9 type 393225
01-08 20:44:32.332 3778 3859 D NsdService: unregisterService: 9
01-08 20:44:32.350 3778 3800 W ActivityManager: setHasOverlayUi called on unknown pid: 7774
01-08 20:44:32.367 4743 18222 E ActivityThread: Failed to find provider info for tvlauncher.widget
01-08 20:44:32.370 4743 18221 E ActivityThread: Failed to find provider info for tvlauncher.mic
01-08 20:44:37.693 3778 3828 W AppOps : Finishing op nesting under-run: uid 10107 pkg com.google.android.tvrecommendations code 24 time=0 duration=0 nesting=0
01-08 20:45:36.365 3778 4684 I ActivityManager: START u0 {act=android.intent.action.MAIN cat=[android.intent.category.LEANBACK_LAUNCHER] flg=0x10000000 pkg=org.xbmc.kodi cmp=org.xbmc.kodi/.Splash} from uid 10108
01-08 20:45:36.386 3778 4717 I ActivityManager: Start proc 18270:org.xbmc.kodi/u0a97 for activity org.xbmc.kodi/.Splash
01-08 20:45:36.386 3778 3828 I WindowManager: WindowState() - found Launcher @ mAppToken:AppWindowToken{b6110f token=Token{562bcc3 ActivityRecord{29e2072 u0 org.xbmc.kodi/.Splash t2328}}}
01-08 20:45:36.467 3778 3828 I WindowManager: B2026652 WAR. Hide the surface com.google.android.tvlauncher/com.google.android.tvlauncher.HomeScreen
01-08 20:45:36.477 3778 3789 I ActivityManager: START u0 {act=android.intent.action.MAIN cat=[android.intent.category.LEANBACK_LAUNCHER] flg=0x11000000 pkg=org.xbmc.kodi cmp=org.xbmc.kodi/.Main} from uid 10097
01-08 20:45:36.488 3778 3828 I WindowManager: WindowState() - found Launcher @ mAppToken:AppWindowToken{6700dcc token=Token{db5d8a3 ActivityRecord{adebfd2 u0 org.xbmc.kodi/.Main t2329}}}
01-08 20:45:36.490 3778 3828 I WindowManager: B2026652 WAR. Hide the surface com.google.android.tvlauncher/com.google.android.tvlauncher.HomeScreen
01-08 20:45:36.734 3778 3828 I chatty : uid=1000(system) android.anim identical 15 lines
01-08 20:45:36.751 3778 3828 I WindowManager: B2026652 WAR. Hide the surface com.google.android.tvlauncher/com.google.android.tvlauncher.HomeScreen
01-08 20:45:36.755 3778 4684 I WindowManager: WindowState() - found Launcher @ mAppToken:AppWindowToken{6700dcc token=Token{db5d8a3 ActivityRecord{adebfd2 u0 org.xbmc.kodi/.Main t2329}}}
01-08 20:45:36.768 3778 3828 I WindowManager: B2026652 WAR. Hide the surface com.google.android.tvlauncher/com.google.android.tvlauncher.HomeScreen
01-08 20:45:36.818 3778 3828 I chatty : uid=1000(system) android.anim identical 3 lines
01-08 20:45:36.835 3778 3828 I WindowManager: B2026652 WAR. Hide the surface com.google.android.tvlauncher/com.google.android.tvlauncher.HomeScreen
01-08 20:45:38.497 3778 3859 D NsdService: New client listening to asynchronous messages
01-08 20:45:38.497 3778 3859 D NsdService: New client, channel: com.android.internal.util.AsyncChannel@cd4ae5c messenger: android.os.Messenger@ad67565
01-08 20:45:38.505 3778 3859 D NsdService: Register service
01-08 20:45:38.505 3778 3859 D NsdService: registerService: 10 name: Kodi (8635f1b2-aa71-88e7-6086-a23eff3ea8ce.fritz.box), type: _xbmc-jsonrpc-h._tcp, host: /127.0.0.1, port: 8080, txtRecord: txtvers=1)uuid=64bddbc6-6ef2-4ab9-9199-071744070b67
01-08 20:45:38.507 3778 3859 D NsdService: Register 1 10
01-08 20:45:38.507 3778 3859 D NsdService: Register service
01-08 20:45:38.507 3778 3859 D NsdService: registerService: 11 name: Kodi (8635f1b2-aa71-88e7-6086-a23eff3ea8ce.fritz.box), type: _xbmc-jsonrpc._tcp, host: /127.0.0.1, port: 9090, txtRecord: txtvers=1)uuid=64bddbc6-6ef2-4ab9-9199-071744070b67
01-08 20:45:38.508 3778 3859 D NsdService: Register 2 11
01-08 20:45:38.511 3778 3859 D NsdService: Register service
01-08 20:45:38.511 3778 3859 D NsdService: registerService: 12 name: Kodi (8635f1b2-aa71-88e7-6086-a23eff3ea8ce.fritz.box), type: _http._tcp, host: /127.0.0.1, port: 8080, txtRecord: txtvers=1)uuid=64bddbc6-6ef2-4ab9-9199-071744070b67
01-08 20:45:38.512 3778 3859 D NsdService: Register 3 12
01-08 20:45:38.515 3778 3859 D NsdService: Register service
01-08 20:45:38.515 3778 3859 D NsdService: registerService: 13 name: Kodi (8635f1b2-aa71-88e7-6086-a23eff3ea8ce.fritz.box), type: _xbmc-events._udp, host: /127.0.0.1, port: 9777, txtRecord:
01-08 20:45:38.516 3778 3859 D NsdService: Register 4 13
01-08 20:45:41.779 3778 3801 W ProcessCpuTracker: Skipping unknown process pid 18376
01-08 20:45:55.355 3778 3789 I ActivityManager: START u0 {act=android.intent.action.MAIN cat=[android.intent.category.LEANBACK_LAUNCHER] flg=0x10000000 pkg=com.oxsoft.ftpserver cmp=com.oxsoft.ftpserver/.MainActivity} from uid 10097
01-08 20:45:55.373 3778 3828 I WindowManager: WindowState() - found Launcher @ mAppToken:AppWindowToken{c80bcfd token=Token{86601de ActivityRecord{ddb2d19 u0 com.oxsoft.ftpserver/.MainActivity t2330}}}
01-08 20:45:55.379 3778 3789 I ActivityManager: Start proc 18431:com.oxsoft.ftpserver/u0a92 for activity com.oxsoft.ftpserver/.MainActivity
01-08 20:45:55.470 3778 3828 I WindowManager: B2026652 WAR. Hide the surface org.xbmc.kodi/org.xbmc.kodi.Main
01-08 20:45:55.570 3778 3828 I chatty : uid=1000(system) android.anim identical 6 lines
01-08 20:45:55.587 3778 3828 I WindowManager: B2026652 WAR. Hide the surface org.xbmc.kodi/org.xbmc.kodi.Main
01-08 20:45:55.602 3778 18218 I WindowManager: WindowState() - found Launcher @ mAppToken:AppWindowToken{c80bcfd token=Token{86601de ActivityRecord{ddb2d19 u0 com.oxsoft.ftpserver/.MainActivity t2330}}}
01-08 20:45:55.603 3778 3828 I WindowManager: B2026652 WAR. Hide the surface org.xbmc.kodi/org.xbmc.kodi.Main --------- beginning of main
01-08 20:46:14.122 18431 18475 I FtpLoggingFilter: RECEIVED: MLSD
01-08 20:46:14.134 18431 18475 W PassivePorts: Releasing unreserved passive port: 42633
01-08 20:46:14.134 18431 18475 I FtpLoggingFilter: SENT: 150 File status okay; about to open data connection.
01-08 20:46:14.134 18431 18475 I FtpLoggingFilter: SENT: 226 Closing data connection.
01-08 20:46:16.874 18431 18476 I FtpLoggingFilter: RECEIVED: CWD Android
01-08 20:46:16.876 18431 18475 I FtpLoggingFilter: SENT: 250 Directory changed to /storage/emulated/0/Android
01-08 20:46:16.877 18270 18416 I chatty : uid=10097(u0_a97) org.xbmc.kodi expire 1 line
01-08 20:46:16.878 18431 18476 I FtpLoggingFilter: RECEIVED: PWD
01-08 20:46:16.879 18431 18475 I FtpLoggingFilter: SENT: 257 "/storage/emulated/0/Android" is current directory.
01-08 20:46:16.881 18431 18476 I FtpLoggingFilter: RECEIVED: PASV
01-08 20:46:16.883 18431 18475 I FtpLoggingFilter: SENT: 227 Entering Passive Mode (192,168,12,58,169,33)
01-08 20:46:16.885 18431 18476 I FtpLoggingFilter: RECEIVED: MLSD
01-08 20:46:16.891 18431 18476 W PassivePorts: Releasing unreserved passive port: 43297
01-08 20:46:16.892 18431 18476 I FtpLoggingFilter: SENT: 150 File status okay; about to open data connection.
01-08 20:46:16.892 18431 18476 I FtpLoggingFilter: SENT: 226 Closing data connection.
01-08 20:46:17.634 18431 18475 I FtpLoggingFilter: RECEIVED: CWD data
01-08 20:46:17.636 18431 18476 I FtpLoggingFilter: SENT: 250 Directory changed to /storage/emulated/0/Android/data
01-08 20:46:17.638 18431 18475 I FtpLoggingFilter: RECEIVED: PWD
01-08 20:46:17.639 18431 18476 I FtpLoggingFilter: SENT: 257 "/storage/emulated/0/Android/data" is current directory.
01-08 20:46:17.642 18431 18475 I FtpLoggingFilter: RECEIVED: PASV
01-08 20:46:17.643 18431 18476 I FtpLoggingFilter: SENT: 227 Entering Passive Mode (192,168,12,58,167,219)
01-08 20:46:17.646 18431 18475 I FtpLoggingFilter: RECEIVED: MLSD
01-08 20:46:17.658 18431 18475 W PassivePorts: Releasing unreserved passive port: 42971
01-08 20:46:17.659 18431 18475 I FtpLoggingFilter: SENT: 150 File status okay; about to open data connection.
01-08 20:46:17.659 18431 18475 I FtpLoggingFilter: SENT: 226 Closing data connection.
01-08 20:46:20.430 18431 18476 I FtpLoggingFilter: RECEIVED: CWD org.xbmc.kodi
01-08 20:46:20.432 18431 18475 I FtpLoggingFilter: SENT: 250 Directory changed to /storage/emulated/0/Android/data/org.xbmc.kodi
01-08 20:46:20.434 18431 18476 I FtpLoggingFilter: RECEIVED: PWD
01-08 20:46:20.435 18431 18475 I FtpLoggingFilter: SENT: 257 "/storage/emulated/0/Android/data/org.xbmc.kodi" is current directory.
01-08 20:46:20.437 18431 18476 I FtpLoggingFilter: RECEIVED: PASV
01-08 20:46:20.439 18431 18475 I FtpLoggingFilter: SENT: 227 Entering Passive Mode (192,168,12,58,177,173)
01-08 20:46:20.442 18431 18476 I FtpLoggingFilter: RECEIVED: MLSD
01-08 20:46:20.447 18431 18476 W PassivePorts: Releasing unreserved passive port: 45485
01-08 20:46:20.448 18431 18476 I FtpLoggingFilter: SENT: 150 File status okay; about to open data connection.
01-08 20:46:20.448 18431 18476 I FtpLoggingFilter: SENT: 226 Closing data connection.
01-08 20:46:21.066 18431 18475 I FtpLoggingFilter: RECEIVED: CWD files
01-08 20:46:21.067 18431 18476 I FtpLoggingFilter: SENT: 250 Directory changed to /storage/emulated/0/Android/data/org.xbmc.kodi/files
01-08 20:46:21.069 18431 18475 I FtpLoggingFilter: RECEIVED: PWD
01-08 20:46:21.070 18431 18476 I FtpLoggingFilter: SENT: 257 "/storage/emulated/0/Android/data/org.xbmc.kodi/files" is current directory.
01-08 20:46:21.072 18431 18475 I FtpLoggingFilter: RECEIVED: PASV
01-08 20:46:21.074 18431 18476 I FtpLoggingFilter: SENT: 227 Entering Passive Mode (192,168,12,58,164,75)
01-08 20:46:21.076 18431 18475 I FtpLoggingFilter: RECEIVED: MLSD
01-08 20:46:21.082 18431 18475 W PassivePorts: Releasing unreserved passive port: 42059
01-08 20:46:21.083 18431 18475 I FtpLoggingFilter: SENT: 150 File status okay; about to open data connection.
01-08 20:46:21.083 18431 18475 I FtpLoggingFilter: SENT: 226 Closing data connection.
01-08 20:46:24.795 18270 18331 I chatty : uid=10097(u0_a97) org.xbmc.kodi expire 1 line
01-08 20:46:26.071 18431 18476 I FtpLoggingFilter: RECEIVED: CWD /storage/emulated/0/Android/data/org.xbmc.kodi/files/.kodi
01-08 20:46:26.073 18431 18475 I FtpLoggingFilter: SENT: 250 Directory changed to /storage/emulated/0/Android/data/org.xbmc.kodi/files/.kodi
01-08 20:46:26.075 18431 18476 I FtpLoggingFilter: RECEIVED: PWD
01-08 20:46:26.076 18431 18475 I FtpLoggingFilter: SENT: 257 "/storage/emulated/0/Android/data/org.xbmc.kodi/files/.kodi" is current directory.
01-08 20:46:26.079 18431 18476 I FtpLoggingFilter: RECEIVED: PASV
01-08 20:46:26.081 18431 18475 I FtpLoggingFilter: SENT: 227 Entering Passive Mode (192,168,12,58,134,205)
01-08 20:46:26.083 18431 18476 I FtpLoggingFilter: RECEIVED: MLSD
01-08 20:46:26.091 18431 18476 W PassivePorts: Releasing unreserved passive port: 34509
01-08 20:46:26.091 18431 18476 I FtpLoggingFilter: SENT: 150 File status okay; about to open data connection.
01-08 20:46:26.091 18431 18476 I FtpLoggingFilter: SENT: 226 Closing data connection.
01-08 20:46:28.885 6109 6109 I chromium: [6109:6109:INFO:metrics_recorder.cc(89)] Metrics stat: total=3
01-08 20:46:28.885 6109 6109 I chromium: AppRunning=1
01-08 20:46:28.885 6109 6109 I chromium: Cast.CecHdmiInputState.Active=1
01-08 20:46:28.885 6109 6109 I chromium: Cast.CecStandby.On=1
01-08 20:46:34.739 4836 4836 W ChimeraUtils: Non Chimera context
01-08 20:46:34.739 4836 4836 W ChimeraUtils: Non Chimera context
01-08 20:46:34.787 4836 5045 W Conscrypt: Could not set socket write timeout: java.net.SocketException: Socket closed
01-08 20:46:34.787 4836 5045 W Conscrypt: at com.google.android.gms.org.conscrypt.Platform.setSocketWriteTimeout(:com.google.android.gms@14799070@14.7.99 (080406-223214910):2)
01-08 20:46:34.787 4836 5045 W Conscrypt: at com.google.android.gms.org.conscrypt.ConscryptFileDescriptorSocket.setSoWriteTimeout(:com.google.android.gms@14799070@14.7.99 (080406-223214910):2)
01-08 20:46:34.809 4836 5045 W Conscrypt: Could not set socket write timeout: java.net.SocketException: Socket closed
01-08 20:46:34.809 4836 5045 W Conscrypt: at com.google.android.gms.org.conscrypt.Platform.setSocketWriteTimeout(:com.google.android.gms@14799070@14.7.99 (080406-223214910):2)
01-08 20:46:34.809 4836 5045 W Conscrypt: at com.google.android.gms.org.conscrypt.ConscryptFileDescriptorSocket.setSoWriteTimeout(:com.google.android.gms@14799070@14.7.99 (080406-223214910):2)
01-08 20:46:35.397 18270 18479 I chatty : uid=10097(u0_a97) org.xbmc.kodi expire 1 line
01-08 20:46:36.442 4666 7378 W OkHttpClient: A connection to https://ota.nvidia.com/ was leaked. Did you forget to close a response body?
01-08 20:46:36.995 5800 5833 I chatty : uid=10031(u0_a31) expire 11 lines
01-08 20:46:37.220 6109 6270 D BluetoothGattServer: onConnectionUpdated() - Device=00:04:4B:99:25:86 interval=20 latency=40 timeout=1000 status=0
01-08 20:46:37.220 4525 5425 D BluetoothGatt: onConnectionUpdated() - Device=00:04:4B:99:25:86 interval=20 latency=40 timeout=1000 status=0
01-08 20:46:37.220 4427 4441 D BluetoothGatt: onConnectionUpdated() - Device=00:04:4B:99:25:86 interval=20 latency=40 timeout=1000 status=0
01-08 20:46:37.658 3910 4030 W zygote64: Checksum mismatch for dex SystemUI.apk
01-08 20:46:37.658 3910 4030 W zygote64: Checksum mismatch for dex SystemUI.apk
01-08 20:46:37.771 3778 3842 I chatty : uid=1000(system) InputReader expire 35 lines
01-08 20:45:55.804 3778 3828 I chatty : uid=1000(system) android.anim identical 12 lines
01-08 20:45:55.820 3778 3828 I WindowManager: B2026652 WAR. Hide the surface org.xbmc.kodi/org.xbmc.kodi.Main
01-08 20:46:37.875 3778 4637 I ActivityManager: START u0 {flg=0x10804000 cmp=com.android.systemui/.recents.tv.RecentsTvActivity} from uid 10028
01-08 20:46:37.916 3427 3427 E powerHAL::common: Unknown power hint: 0x8
01-08 20:46:37.927 18431 18443 D ViewRootImpl: windowFocusChanged false com.oxsoft.ftpserver
01-08 20:46:37.928 3778 18511 I chatty : uid=1000 system_server expire 2 lines
01-08 20:46:37.931 4569 4591 I zygote64: Looking for service vendor.nvidia.hardware.power@1.0::IPower/default
01-08 20:46:37.933 4569 4591 I zygote64: Starting thread pool.
01-08 20:46:37.993 3778 18218 I WindowManager: WindowState() - found Launcher @ mAppToken:AppWindowToken{c245b81 token=Token{5082b68 ActivityRecord{6b13e8b u0 com.android.systemui/.recents.tv.RecentsTvActivity t2331}}}
01-08 20:46:37.999 3426 3426 D hwcomposer: hwc_getActiveConfig: returning 0
01-08 20:46:38.002 3910 3926 D ViewRootImpl: windowFocusChanged true com.android.systemui
01-08 20:46:38.004 3910 4282 I OpenGLRenderer: Initialized EGL, version 1.4
01-08 20:46:38.004 3910 4282 D OpenGLRenderer: Swap behavior 2
01-08 20:46:38.036 3910 3910 W View : requestLayout() improperly called by com.android.systemui.recents.tv.views.TaskCardView{97dc1be VFE...C.. .F....ID 704,0-1216,476} during layout: running second layout pass
01-08 20:46:38.188 3427 3427 E powerHAL::common: Unknown power hint: 0x8
01-08 20:46:38.188 3778 3828 I WindowManager: B2026652 WAR. Hide the surface com.oxsoft.ftpserver/com.oxsoft.ftpserver.MainActivity
01-08 20:46:38.497 3778 3828 I chatty : uid=1000(system) android.anim identical 19 lines
01-08 20:46:38.514 3778 3828 I WindowManager: B2026652 WAR. Hide the surface com.oxsoft.ftpserver/com.oxsoft.ftpserver.MainActivity
01-08 20:46:40.204 3778 18218 I ActivityManager: Killing 18270:org.xbmc.kodi/u0a97 (adj 900): remove task
01-08 20:46:40.265 4622 8582 D ControllerMapper_S: Client: org.xbmc.kodi died and unregistered
01-08 20:46:40.265 3501 18217 I WVCdm : CdmEngine::CloseSession
01-08 20:46:40.265 3778 3859 D NsdService: Client disconnected
01-08 20:46:40.265 3778 3859 D NsdService: Terminating client-ID 1 global-ID 10 type 393225
01-08 20:46:40.265 3778 3859 D NsdService: unregisterService: 10
01-08 20:46:40.265 4622 4622 D ControllerMapper_S: org.xbmc.kodi binder died, Current App:Request App [com.oxsoft.ftpserver 1920X1080]
01-08 20:46:40.265 3778 4717 I chatty : uid=1000(system) Binder:3778_17 expire 1 line
01-08 20:46:40.266 3371 3408 D MDnsDS : polling error: 32
01-08 20:46:40.268 5214 5214 D DeviceControlManagerService: no active session
01-08 20:46:40.268 5214 5214 D DeviceControlManagerService: no active session
01-08 20:46:40.269 4763 4763 D NowPlayingListener: onActiveSessionsChanged() called with: controllers = [[]]
01-08 20:46:40.269 4763 4763 D NowPlayingListener: updateMediaSessionCallback: null
01-08 20:46:40.269 4763 4763 D NowPlayingManager: onClientChanged() called with: clearing = [true]
01-08 20:46:40.269 4763 4763 D NowPlayingListener: onActiveSessionsChanged() called with: controllers = [[]]
01-08 20:46:40.269 4763 4763 D NowPlayingListener: updateMediaSessionCallback: null
01-08 20:46:40.269 4763 4763 D NowPlayingManager: onClientChanged() called with: clearing = [true]
01-08 20:46:40.269 3876 4344 V Avrcp : MediaController session destroyed
01-08 20:46:40.269 3876 4344 V Avrcp : updateNewIds: Addressed:10 to 10, Browse:0 to 0
01-08 20:46:40.270 3778 4037 I WindowManager: WIN DEATH: Window{2922ea6 u0 org.xbmc.kodi/org.xbmc.kodi.Main}
01-08 20:46:40.272 3876 4344 D Avrcp : updateCurrentController: MediaController (org.xbmc.kodi@98f8310) null to null
01-08 20:46:40.272 3778 3859 D NsdService: Terminating client-ID 2 global-ID 11 type 393225
01-08 20:46:40.272 3778 3859 D NsdService: unregisterService: 11
01-08 20:46:40.274 3371 3408 D MDnsDS : polling error: 32
01-08 20:46:40.274 3778 3859 D NsdService: Terminating client-ID 3 global-ID 12 type 393225
01-08 20:46:40.274 3778 3859 D NsdService: unregisterService: 12
01-08 20:46:40.274 3778 3800 W ActivityManager: setHasOverlayUi called on unknown pid: 18270
01-08 20:46:40.275 3371 3408 D MDnsDS : polling error: 32
01-08 20:46:40.275 3910 3915 I zygote64: Do partial code cache collection, code=60KB, data=42KB
01-08 20:46:40.275 3910 3915 I zygote64: After code cache collection, code=54KB, data=39KB
01-08 20:46:40.275 3910 3915 I zygote64: Increasing code cache capacity to 256KB
01-08 20:46:40.276 3778 3859 D NsdService: Terminating client-ID 4 global-ID 13 type 393225
01-08 20:46:40.276 3778 3859 D NsdService: unregisterService: 13
01-08 20:46:40.276 3371 3408 D MDnsDS : polling error: 32
01-08 20:46:40.276 3778 3859 E NsdService: id 13 for SERVICE_REGISTERED has no client mapping
01-08 20:46:40.276 3778 3859 E NsdService: Unhandled { when=-3ms what=393242 obj=com.android.server.NsdService$NativeEvent@3a50957 target=com.android.internal.util.StateMachine$SmHandler }
01-08 20:46:40.276 3778 3859 E NsdService: id 12 for SERVICE_REGISTERED has no client mapping
01-08 20:46:40.276 3778 3859 E NsdService: Unhandled { when=-3ms what=393242 obj=com.android.server.NsdService$NativeEvent@667ac44 target=com.android.internal.util.StateMachine$SmHandler }
01-08 20:46:40.276 3778 3859 E NsdService: id 11 for SERVICE_REGISTERED has no client mapping
01-08 20:46:40.276 3778 3859 E NsdService: Unhandled { when=-3ms what=393242 obj=com.android.server.NsdService$NativeEvent@139412d target=com.android.internal.util.StateMachine$SmHandler }
01-08 20:46:41.269 3876 4344 V Avrcp : MSG_UPDATE_MEDIA
01-08 20:46:41.269 3876 4344 V Avrcp : updatePlaybackState (1): -1➡0(PlaybackState {state=0, position=-1, buffered position=0, speed=0.0, updated=11157567, actions=0, custom actions=[], active item id=-1, error=null})
01-08 20:46:41.269 3876 4344 V Avrcp : Media update: id -1➡-1? [MediaAttributes: none]
01-08 20:46:41.269 3876 4344 D Avrcp : sendPlayPosNotificationRsp: Not registered or requesting.
01-08 20:46:42.445 3426 3426 D hwcomposer: hwc_getActiveConfig: returning 0
01-08 20:46:43.000 6109 17088 I chromium: [6109:17088:INFO:ssdp_device.c(101)] SSDP packets sent for 36 seconds = 3
01-08 20:46:43.535 18431 18475 I FtpLoggingFilter: RECEIVED: CWD /storage/emulated/0/Android/data/org.xbmc.kodi/files
01-08 20:46:43.537 18431 18476 I FtpLoggingFilter: SENT: 250 Directory changed to /storage/emulated/0/Android/data/org.xbmc.kodi/files
01-08 20:46:43.544 18431 18475 I FtpLoggingFilter: RECEIVED: PWD
01-08 20:46:43.546 18431 18476 I FtpLoggingFilter: SENT: 257 "/storage/emulated/0/Android/data/org.xbmc.kodi/files" is current directory.
01-08 20:46:43.548 18431 18475 I FtpLoggingFilter: RECEIVED: RNFR .kodi
01-08 20:46:43.549 18431 18476 I FtpLoggingFilter: SENT: 350 Requested file action pending further information.
01-08 20:46:43.551 18431 18475 I FtpLoggingFilter: RECEIVED: RNTO kodi-bak
01-08 20:46:43.553 18431 18475 I o*.a*.f*.c*.i*.RNTO: File rename from "/storage/emulated/0/Android/data/org.xbmc.kodi/files/.kodi" to "/storage/emulated/0/Android/data/org.xbmc.kodi/files/kodi-bak"
01-08 20:46:43.554 18431 18476 I FtpLoggingFilter: SENT: 250 Requested file action okay, file renamed.
01-08 20:46:43.556 18431 18475 I FtpLoggingFilter: RECEIVED: PASV
01-08 20:46:43.558 18431 18476 I FtpLoggingFilter: SENT: 227 Entering Passive Mode (192,168,12,58,153,39)
01-08 20:46:43.560 18431 18475 I FtpLoggingFilter: RECEIVED: MLSD
01-08 20:46:43.566 18431 18475 W PassivePorts: Releasing unreserved passive port: 39207
01-08 20:46:43.566 18431 18475 I FtpLoggingFilter: SENT: 150 File status okay; about to open data connection.
01-08 20:46:43.566 18431 18475 I FtpLoggingFilter: SENT: 226 Closing data connection.
01-08 20:46:43.650 18431 18475 I FtpLoggingFilter: RECEIVED: CWD /storage/emulated/0/Android/data/org.xbmc.kodi/files/kodi-bak
01-08 20:46:43.651 18431 18476 I FtpLoggingFilter: SENT: 250 Directory changed to /storage/emulated/0/Android/data/org.xbmc.kodi/files/kodi-bak
01-08 20:46:43.653 18431 18475 I FtpLoggingFilter: RECEIVED: PWD
01-08 20:46:43.655 18431 18476 I FtpLoggingFilter: SENT: 257 "/storage/emulated/0/Android/data/org.xbmc.kodi/files/kodi-bak" is current directory.
01-08 20:46:43.657 18431 18475 I FtpLoggingFilter: RECEIVED: PASV
01-08 20:46:43.659 18431 18476 I FtpLoggingFilter: SENT: 227 Entering Passive Mode (192,168,12,58,135,71)
01-08 20:46:43.661 18431 18475 I FtpLoggingFilter: RECEIVED: MLSD
01-08 20:46:43.669 18431 18475 W PassivePorts: Releasing unreserved passive port: 34631
01-08 20:46:43.669 18431 18475 I FtpLoggingFilter: SENT: 150 File status okay; about to open data connection.
01-08 20:46:43.669 18431 18475 I FtpLoggingFilter: SENT: 226 Closing data connection.
01-08 20:46:47.121 3426 3426 D hwcomposer: hwc_getActiveConfig: returning 0
01-08 20:46:47.657 3427 3427 E powerHAL::common: Unknown power hint: 0x8
01-08 20:46:47.666 3778 18218 E ActivityManager: applyOptionsLocked: Unknown animationType=0
01-08 20:46:47.677 3910 3926 D ViewRootImpl: windowFocusChanged false com.android.systemui
01-08 20:46:47.689 4569 5898 I zygote64: Looking for service vendor.nvidia.hardware.power@1.0::IPower/default
01-08 20:46:47.690 3426 3426 D hwcomposer: hwc_getActiveConfig: returning 0
01-08 20:46:47.691 4569 5898 I zygote64: Starting thread pool.
01-08 20:46:47.694 18431 18513 D ViewRootImpl: windowFocusChanged true com.oxsoft.ftpserver
01-08 20:46:47.697 4622 4622 D ControllerMapper_S: same binder for com.oxsoft.ftpserver skipping
01-08 20:46:47.697 4622 4622 D ControllerMapper_S: notifyAppName com.oxsoft.ftpserver old :com.oxsoft.ftpserver
01-08 20:46:47.716 3427 3427 E powerHAL::common: Unknown power hint: 0x8
01-08 20:46:47.717 3426 3426 D hwcomposer: hwc_getActiveConfig: returning 0
01-08 20:46:48.094 3910 18533 I zygote64: Explicit concurrent copying GC freed 12562(771KB) AllocSpace objects, 0(0B) LOS objects, 49% free, 1846KB/3MB, paused 115us total 16.999ms
01-08 20:46:48.670 3426 3426 D hwcomposer: hwc_getActiveConfig: returning 0
01-08 20:46:48.831 18431 18513 D ViewRootImpl: windowFocusChanged false com.oxsoft.ftpserver
01-08 20:46:48.838 4569 4591 I zygote64: Looking for service vendor.nvidia.hardware.power@1.0::IPower/default
01-08 20:46:48.839 4569 4591 I zygote64: Starting thread pool.
01-08 20:46:48.845 4743 4743 I AppLifecycleTracker: onActivityStarted:
01-08 20:46:48.847 4743 4743 W DataLoader: SecurityException in onStartLoading() on registering content observer for uri: content://tvlauncher.mic/farfield_mic_status
01-08 20:46:48.847 4743 4743 W DataLoader: Failed to find provider tvlauncher.mic for user 0; expected to find a valid ContentProvider for this authority
01-08 20:46:48.849 4743 4743 E PrtnrWidgetInfoLdr: Exception in onStartLoading() on registering content observer
01-08 20:46:48.849 4743 4743 E PrtnrWidgetInfoLdr: java.lang.SecurityException: Failed to find provider tvlauncher.widget for user 0; expected to find a valid ContentProvider for this authority
01-08 20:46:48.849 4743 4743 E PrtnrWidgetInfoLdr: at android.os.Parcel.readException(Parcel.java:1951)
01-08 20:46:48.849 4743 4743 E PrtnrWidgetInfoLdr: at android.os.Parcel.readException(Parcel.java:1897)
01-08 20:46:48.849 4743 4743 E PrtnrWidgetInfoLdr: at android.content.IContentService$Stub$Proxy.registerContentObserver(IContentService.java:768)
01-08 20:46:48.849 4743 4743 E PrtnrWidgetInfoLdr: at android.content.ContentResolver.registerContentObserver(ContentResolver.java:1924)
01-08 20:46:48.849 4743 4743 E PrtnrWidgetInfoLdr: at android.content.ContentResolver.registerContentObserver(ContentResolver.java:1913)
01-08 20:46:48.849 4743 4743 E PrtnrWidgetInfoLdr: at com.google.android.tvlauncher.data.PartnerWidgetInfoLoader.onStartLoading(PartnerWidgetInfoLoader.java:66)
01-08 20:46:48.849 4743 4743 E PrtnrWidgetInfoLdr: at android.content.Loader.startLoading(Loader.java:290)
01-08 20:46:48.849 4743 4743 E PrtnrWidgetInfoLdr: at android.app.LoaderManagerImpl$LoaderInfo.start(LoaderManager.java:283)
01-08 20:46:48.849 4743 4743 E PrtnrWidgetInfoLdr: at android.app.LoaderManagerImpl.doStart(LoaderManager.java:783)
01-08 20:46:48.849 4743 4743 E PrtnrWidgetInfoLdr: at android.app.Fragment.onStart(Fragment.java:1735)
01-08 20:46:48.849 4743 4743 E PrtnrWidgetInfoLdr: at com.google.android.tvlauncher.home.HomeFragment.onStart(HomeFragment.java:317)
01-08 20:46:48.849 4743 4743 E PrtnrWidgetInfoLdr: at android.app.Fragment.performStart(Fragment.java:2637)
01-08 20:46:48.849 4743 4743 E PrtnrWidgetInfoLdr: at android.app.FragmentManagerImpl.moveToState(FragmentManager.java:1312)
01-08 20:46:48.849 4743 4743 E PrtnrWidgetInfoLdr: at android.app.FragmentManagerImpl.moveFragmentToExpectedState(FragmentManager.java:1549)
01-08 20:46:48.849 4743 4743 E PrtnrWidgetInfoLdr: at android.app.FragmentManagerImpl.moveToState(FragmentManager.java:1611)
01-08 20:46:48.849 4743 4743 E PrtnrWidgetInfoLdr: at android.app.FragmentManagerImpl.dispatchMoveToState(FragmentManager.java:3039)
01-08 20:46:48.849 4743 4743 E PrtnrWidgetInfoLdr: at android.app.FragmentManagerImpl.dispatchStart(FragmentManager.java:2996)
01-08 20:46:48.849 4743 4743 E PrtnrWidgetInfoLdr: at android.app.FragmentController.dispatchStart(FragmentController.java:189)
01-08 20:46:48.849 4743 4743 E PrtnrWidgetInfoLdr: at android.app.Activity.performStart(Activity.java:7066)
01-08 20:46:48.849 4743 4743 E PrtnrWidgetInfoLdr: at android.app.Activity.performRestart(Activity.java:7134)
01-08 20:46:48.849 4743 4743 E PrtnrWidgetInfoLdr: at android.app.Activity.performResume(Activity.java:7139)
01-08 20:46:48.849 4743 4743 E PrtnrWidgetInfoLdr: at android.app.ActivityThread.performResumeActivity(ActivityThread.java:3682)
01-08 20:46:48.849 4743 4743 E PrtnrWidgetInfoLdr: at android.app.ActivityThread.handleResumeActivity(ActivityThread.java:3747)
01-08 20:46:48.849 4743 4743 E PrtnrWidgetInfoLdr: at android.app.ActivityThread$H.handleMessage(ActivityThread.java:1646)
01-08 20:46:48.849 4743 4743 E PrtnrWidgetInfoLdr: at android.os.Handler.dispatchMessage(Handler.java:105)
01-08 20:46:48.849 4743 4743 E PrtnrWidgetInfoLdr: at android.os.Looper.loop(Looper.java:164)
01-08 20:46:48.849 4743 4743 E PrtnrWidgetInfoLdr: at android.app.ActivityThread.main(ActivityThread.java:6628)
01-08 20:46:48.849 4743 4743 E PrtnrWidgetInfoLdr: at java.lang.reflect.Method.invoke(Native Method)
01-08 20:46:48.849 4743 4743 E PrtnrWidgetInfoLdr: at com.android.internal.os.Zygote$MethodAndArgsCaller.run(Zygote.java:240)
01-08 20:46:48.849 4743 4743 E PrtnrWidgetInfoLdr: at com.android.internal.os.ZygoteInit.main(ZygoteInit.java:776)
01-08 20:46:48.849 4743 18536 E ActivityThread: Failed to find provider info for tvlauncher.mic
01-08 20:46:48.853 4743 4743 I AppLifecycleTracker: onActivityResumed:
01-08 20:46:48.854 4743 18537 E ActivityThread: Failed to find provider info for tvlauncher.widget
01-08 20:46:48.855 4763 4763 D NotifInteractonRcvr: Show unseen default level notification toasts
01-08 20:46:48.863 3426 3426 D hwcomposer: hwc_getActiveConfig: returning 0
01-08 20:46:48.866 4743 18382 D ViewRootImpl: windowFocusChanged true com.google.android.tvlauncher
01-08 20:46:48.895 4622 4622 D ControllerMapper_S: same binder for com.google.android.tvlauncher skipping
01-08 20:46:48.895 4622 4622 D ControllerMapper_S: notifyAppName com.google.android.tvlauncher old :com.oxsoft.ftpserver
01-08 20:46:48.895 4622 4622 D ControllerMapper_S: GameGuide com.google.android.tvlauncher is not in whitelist, ----> hide
01-08 20:46:48.912 3778 3828 I WindowManager: B2026652 WAR. Hide the surface com.oxsoft.ftpserver/com.oxsoft.ftpserver.MainActivity
01-08 20:46:49.274 3778 3828 I chatty : uid=1000(system) android.anim identical 22 lines
01-08 20:46:49.291 3778 3828 I WindowManager: B2026652 WAR. Hide the surface com.oxsoft.ftpserver/com.oxsoft.ftpserver.MainActivity
01-08 20:46:49.313 18431 18476 I FtpLoggingFilter: CLOSED
01-08 20:46:49.368 3426 3426 D hwcomposer: hwc_getActiveConfig: returning 0
01-08 20:46:49.392 3778 3828 D PowerManagerNotifier: onWakeLockAcquired: flags=536870922, tag="WindowManager", packageName=android, ownerUid=1000, ownerPid=3778, workSource=WorkSource{10092}
01-08 20:46:49.419 4427 4444 I ShieldBluetoothScanPolicy: Scans allowed due to PACKAGE POLL
01-08 20:46:49.419 4427 4444 D BluetoothAdapter: isLeEnabled(): ON
01-08 20:46:49.420 4427 4441 D BluetoothLeScanner: onScannerRegistered() - status=0 scannerId=5 mScannerId=0
01-08 20:46:49.436 3876 4034 D BluetoothAdapterProperties: Discoverable Timeout:-1
01-08 20:46:49.438 3876 4034 D BluetoothAdapterProperties: Scan Mode:23
01-08 20:46:51.348 3778 3778 W WindowManager: removeWindowToken: Attempted to remove non-existing token: android.os.Binder@cd1f1d1
01-08 20:46:51.524 3778 18522 I ActivityManager: START u0 {act=android.intent.action.MAIN cat=[android.intent.category.LEANBACK_LAUNCHER] flg=0x10000000 pkg=org.xbmc.kodi cmp=org.xbmc.kodi/.Splash} from uid 10108
01-08 20:46:51.525 3778 18522 I chatty : uid=1000(system) Binder:3778_20 expire 1 line
01-08 20:46:51.526 3427 3427 E powerHAL::common: Unknown power hint: 0x8
01-08 20:46:51.529 4743 4743 I AppLifecycleTracker: onActivityPaused:
01-08 20:46:51.540 3778 3828 I WindowManager: WindowState() - found Launcher @ mAppToken:AppWindowToken{cbb3bb3 token=Token{ccb2427 ActivityRecord{4fbb6e6 u0 org.xbmc.kodi/.Splash t2332}}}
01-08 20:46:51.544 3778 18522 I ActivityManager: Start proc 18548:org.xbmc.kodi/u0a97 for activity org.xbmc.kodi/.Splash
01-08 20:46:51.546 3426 3426 D hwcomposer: hwc_getActiveConfig: returning 0
01-08 20:46:51.547 18548 18548 I chatty : uid=10097(u0_a97) org.xbmc.kodi expire 33 lines
01-08 20:46:51.553 4743 18382 D ViewRootImpl: windowFocusChanged false com.google.android.tvlauncher
01-08 20:46:51.580 4569 4591 I zygote64: Looking for service vendor.nvidia.hardware.power@1.0::IPower/default
01-08 20:46:51.585 4569 4591 I zygote64: Starting thread pool.
01-08 20:46:51.610 3778 3828 I WindowManager: B2026652 WAR. Hide the surface com.google.android.tvlauncher/com.google.android.tvlauncher.HomeScreen
01-08 20:46:51.626 3778 3828 I WindowManager: B2026652 WAR. Hide the surface com.google.android.tvlauncher/com.google.android.tvlauncher.HomeScreen
01-08 20:46:51.634 3778 18218 I ActivityManager: START u0 {act=android.intent.action.MAIN cat=[android.intent.category.LEANBACK_LAUNCHER] flg=0x11000000 pkg=org.xbmc.kodi cmp=org.xbmc.kodi/.Main} from uid 10097
01-08 20:46:51.636 3427 3427 E powerHAL::common: Unknown power hint: 0x8
01-08 20:46:51.641 3778 3828 I WindowManager: WindowState() - found Launcher @ mAppToken:AppWindowToken{f0a77a3 token=Token{58d2421 ActivityRecord{72a3288 u0 org.xbmc.kodi/.Main t2333}}}
01-08 20:46:51.649 3426 3426 D hwcomposer: hwc_getActiveConfig: returning 0
01-08 20:46:51.651 3778 3828 I WindowManager: B2026652 WAR. Hide the surface com.google.android.tvlauncher/com.google.android.tvlauncher.HomeScreen
01-08 20:46:51.669 3778 18528 I chatty : uid=1000 system_server expire 1 line
01-08 20:46:51.673 4569 4591 I zygote64: Looking for service vendor.nvidia.hardware.power@1.0::IPower/default
01-08 20:46:51.681 4569 4591 I zygote64: Starting thread pool.
01-08 20:46:51.851 18548 18564 I chatty : uid=10097(u0_a97) org.xbmc.kodi expire 11 lines
01-08 20:46:51.860 3778 3828 I chatty : uid=1000(system) android.anim identical 12 lines
01-08 20:46:51.862 4763 4783 D TVNotifService: getConnectedInstanceBlocking - block
01-08 20:46:51.862 4763 4783 D TVNotifService: getConnectedInstanceBlockingWithTimeout - done
01-08 20:46:51.864 3778 3790 I chatty : uid=1000(system) Binder:3778_2 expire 1 line
01-08 20:46:51.865 5214 5214 D DeviceControlManagerService: no active session
01-08 20:46:51.865 4763 4763 D NowPlayingListener: onActiveSessionsChanged() called with: controllers = [[]]
01-08 20:46:51.866 4763 4763 D NowPlayingListener: updateMediaSessionCallback: null
01-08 20:46:51.866 4763 4763 D NowPlayingManager: onClientChanged() called with: clearing = [true]
01-08 20:46:51.866 4763 4763 D NowPlayingListener: onActiveSessionsChanged() called with: controllers = [[]]
01-08 20:46:51.866 4763 4763 D NowPlayingListener: updateMediaSessionCallback: null
01-08 20:46:51.866 4763 4763 D NowPlayingManager: onClientChanged() called with: clearing = [true]
01-08 20:46:51.867 5214 5214 D DeviceControlManagerService: no active session
01-08 20:46:51.868 3876 3876 V Avrcp : Set active media session org.xbmc.kodi
01-08 20:46:51.868 3876 3876 W Avrcp : playState object null, sending STOPPED
01-08 20:46:51.868 3876 3876 V Avrcp : isBrowseSupported for org.xbmc.kodi: false
01-08 20:46:51.869 3876 3876 D Avrcp : update #10:MediaPlayerInfo org.xbmc.kodi (as 'Kodi') Type = 1, SubType = 0, Status = 0 Feature Bits [40 41 42 44 45 47 48 58] Controller: MediaController (org.xbmc.kodi@a69de09) null
01-08 20:46:51.869 3876 3876 V Avrcp : updateNewIds: Addressed:10 to 10, Browse:0 to 0
01-08 20:46:51.869 3876 3876 D Avrcp : updateCurrentController: null to MediaController (org.xbmc.kodi@a69de09) null
01-08 20:46:51.871 3876 3876 I AddressedMediaPlayer: null queue from org.xbmc.kodi, constructing single-item list
01-08 20:46:51.871 3876 3876 W AddressedMediaPlayer: Controller has no metadata!? Making an empty one
01-08 20:46:51.871 3876 3876 E bt_btif : register_notification_rsp: Avrcp device is not connected, handle: 0x0
01-08 20:46:51.871 3876 3876 E bt_btif : register_notification_rsp: Avrcp device is not connected, handle: 0x0
01-08 20:46:51.872 3876 3876 V Avrcp : Player 10 package: org.xbmc.kodi
01-08 20:46:51.877 3778 3828 I WindowManager: B2026652 WAR. Hide the surface com.google.android.tvlauncher/com.google.android.tvlauncher.HomeScreen
01-08 20:46:51.879 4743 4743 E Clearcut-EventLogger: Unexpected log parameter tray_notification_count
01-08 20:46:51.884 3778 3828 D PowerManagerNotifier: onWakeLockReleased: flags=536870922, tag="WindowManager", packageName=android, ownerUid=1000, ownerPid=3778, workSource=WorkSource{10092}
01-08 20:46:51.888 18548 18570 I chatty : uid=10097(u0_a97) org.xbmc.kodi expire 7 lines
01-08 20:46:51.891 3778 18522 I WindowManager: WindowState() - found Launcher @ mAppToken:AppWindowToken{f0a77a3 token=Token{58d2421 ActivityRecord{72a3288 u0 org.xbmc.kodi/.Main t2333}}}
01-08 20:46:51.893 3778 3828 I WindowManager: B2026652 WAR. Hide the surface com.google.android.tvlauncher/com.google.android.tvlauncher.HomeScreen
01-08 20:46:51.901 3426 3426 D hwcomposer: hwc_getActiveConfig: returning 0
01-08 20:46:51.904 18548 18567 I chatty : uid=10097(u0_a97) org.xbmc.kodi expire 1 line
01-08 20:46:51.909 3426 3426 D hwcomposer: hwc_getActiveConfig: returning 0
01-08 20:46:51.910 3426 3426 D hwcomposer: hwc_getActiveConfig: returning 0
01-08 20:46:51.927 18548 18566 I chatty : uid=10097(u0_a97) org.xbmc.kodi expire 151 lines
01-08 20:46:51.929 4622 4622 D ControllerMapper_S: Client: org.xbmc.kodi registered
01-08 20:46:51.929 4622 4622 D ControllerMapper_S: notifyAppName org.xbmc.kodi old :com.google.android.tvlauncher
01-08 20:46:51.929 4622 4622 D ControllerMapper_S: GameGuide org.xbmc.kodi is not in whitelist, ----> hide
01-08 20:46:51.929 4622 4622 D ControllerMapper_S: GameGuide org.xbmc.kodi is not in whitelist, ----> hide
01-08 20:46:51.930 4622 4622 D ControllerMapper_S: same binder for org.xbmc.kodi skipping
01-08 20:46:51.930 4622 4622 D ControllerMapper_S: notifyAppName org.xbmc.kodi old :org.xbmc.kodi
01-08 20:46:51.960 3778 3828 I chatty : uid=1000(system) android.anim identical 4 lines
01-08 20:46:51.963 18548 18571 I chatty : uid=10097(u0_a97) org.xbmc.kodi expire 3 lines
01-08 20:46:51.977 3778 3828 I WindowManager: B2026652 WAR. Hide the surface com.google.android.tvlauncher/com.google.android.tvlauncher.HomeScreen
01-08 20:46:52.001 3427 3427 E powerHAL::common: Unknown power hint: 0x8
01-08 20:46:52.098 4743 4743 I AppLifecycleTracker: onActivitySaveInstanceState:
01-08 20:46:52.101 4743 4743 I AppLifecycleTracker: onActivityStopped:
01-08 20:46:52.134 3490 8520 I APM_AudioPolicyManager: getOutputForAttr() device 0x400, samplingRate 48000, format 5, channelMask 3, flags 0
01-08 20:46:52.134 18548 18578 I chatty : uid=10097(u0_a97) org.xbmc.kodi expire 25 lines
01-08 20:46:52.138 3490 12077 I APM_AudioPolicyManager: getOutputForAttr() device 0x400, samplingRate 48000, format 5, channelMask 63f, flags 0
01-08 20:46:52.140 3414 3414 W /system/bin/hw/android.hidl.allocator@1.0-service: ashmem_create_region(4096) returning hidl_memory(0x2843c39310, 4096)
01-08 20:46:52.140 3414 3414 W /system/bin/hw/android.hidl.allocator@1.0-service: ashmem_create_region(1024) returning hidl_memory(0x2843c39310, 1024)
01-08 20:46:52.140 3490 12077 E EffectHalHidl: Buffer provider callbacks are not supported
01-08 20:46:52.147 3490 12077 I APM_AudioPolicyManager: getOutputForAttr() device 0x400, samplingRate 48000, format 9000000, channelMask 3, flags 1
01-08 20:46:52.147 3490 12077 I AudioFlinger: openOutput() this 0x512bd000, module 10 Device 400, SamplingRate 48000, Format 0x9000000, Channels 3, flags 1
01-08 20:46:52.147 3415 3606 W DeviceHAL: Device 0x448e4000 open_output_stream: Unknown error -22
01-08 20:46:52.147 3490 12077 I AudioHwDevice: openOutputStream(), HAL returned sampleRate 48000, Format 0x9000000, channelMask 0x3, status -61
01-08 20:46:52.147 3490 12077 I AudioSPDIF: SPDIFEncoder: mBurstBufferSizeBytes = 24576, littleEndian = 1
01-08 20:46:52.147 3490 12077 I AudioFlinger: SpdifStreamOut::open() AudioFlinger requested sampleRate 48000, format 0x9000000, channelMask 0x3
01-08 20:46:52.147 3490 12077 I AudioFlinger: SpdifStreamOut::open() HAL configured for sampleRate 48000, format 0x1, channelMask 0x3
01-08 20:46:52.148 3490 12077 I AudioFlinger: SpdifStreamOut::open() status = 0
01-08 20:46:52.148 3490 12077 I AudioFlinger: HAL output buffer size 4096 frames, normal sink buffer size 4096 frames
01-08 20:46:52.148 3490 18585 I AudioFlinger: AudioFlinger's thread 0x53e0c000 tid=18585 ready to run
01-08 20:46:52.155 3490 3614 I APM_AudioPolicyManager: getOutputForAttr() device 0x400, samplingRate 48000, format a000000, channelMask 3, flags 1
01-08 20:46:52.155 3490 3614 W APM_AudioPolicyManager: getOutput() could not find output for stream 3, samplingRate 48000,format 167772160, channels 3, flags 1
01-08 20:46:52.157 3490 3614 I APM_AudioPolicyManager: getOutputForAttr() device 0x400, samplingRate 48000, format b000000, channelMask 3, flags 1
01-08 20:46:52.157 3490 3614 I AudioFlinger: openOutput() this 0x512bd000, module 10 Device 400, SamplingRate 48000, Format 0xb000000, Channels 3, flags 1
01-08 20:46:52.157 3415 3606 W DeviceHAL: Device 0x448e4000 open_output_stream: Unknown error -22
01-08 20:46:52.157 3490 3614 I AudioHwDevice: openOutputStream(), HAL returned sampleRate 48000, Format 0xb000000, channelMask 0x3, status -61
01-08 20:46:52.157 3490 3614 I AudioSPDIF: SPDIFEncoder: mBurstBufferSizeBytes = 16384, littleEndian = 1
01-08 20:46:52.158 3490 3614 I AudioFlinger: SpdifStreamOut::open() AudioFlinger requested sampleRate 48000, format 0xb000000, channelMask 0x3
01-08 20:46:52.158 3490 3614 I AudioFlinger: SpdifStreamOut::open() HAL configured for sampleRate 48000, format 0x1, channelMask 0x3
01-08 20:46:52.158 3490 3614 I AudioFlinger: SpdifStreamOut::open() status = 0
01-08 20:46:52.158 3490 3614 I AudioFlinger: HAL output buffer size 8192 frames, normal sink buffer size 8192 frames
01-08 20:46:52.158 3490 18591 I AudioFlinger: AudioFlinger's thread 0x51289000 tid=18591 ready to run
01-08 20:46:52.166 3490 3490 I APM_AudioPolicyManager: getOutputForAttr() device 0x400, samplingRate 48000, format c000000, channelMask 63f, flags 1
01-08 20:46:52.166 3490 3490 W APM_AudioPolicyManager: try with DTS for DTS-HD format = 0xc000000
01-08 20:46:52.166 3490 3490 I AudioFlinger: openOutput() this 0x512bd000, module 10 Device 400, SamplingRate 48000, Format 0xc000000, Channels 63f, flags 1
01-08 20:46:52.166 3415 3606 W nvaudio_hw: Sink does not support multichannel: 8 ch
01-08 20:46:52.166 3415 3606 W DeviceHAL: Device 0x448e4000 open_output_stream: Invalid argument
01-08 20:46:52.166 3490 3490 I AudioHwDevice: openOutputStream(), HAL returned sampleRate 48000, Format 0xb000000, channelMask 0x63f, status -22
01-08 20:46:52.166 3490 3490 I AudioHwDevice: format changed from DTS HD to DTS
01-08 20:46:52.166 3490 3490 I AudioSPDIF: SPDIFEncoder: mBurstBufferSizeBytes = 16384, littleEndian = 1
01-08 20:46:52.166 3490 3490 I AudioFlinger: SpdifStreamOut::open() AudioFlinger requested sampleRate 48000, format 0xb000000, channelMask 0x63f
01-08 20:46:52.166 3490 3490 I AudioFlinger: SpdifStreamOut::open() HAL configured for sampleRate 48000, format 0x1, channelMask 0x3
01-08 20:46:52.167 3490 3490 I AudioFlinger: SpdifStreamOut::open() status = 0
01-08 20:46:52.167 3490 3490 I AudioFlinger: HAL output buffer size 32768 frames, normal sink buffer size 32768 frames
01-08 20:46:52.167 3490 18594 I AudioFlinger: AudioFlinger's thread 0x512e4000 tid=18594 ready to run
01-08 20:46:52.172 3490 18587 I APM_AudioPolicyManager: getOutputForAttr() device 0x400, samplingRate 48000, format e000000, channelMask 63f, flags 1
01-08 20:46:52.172 3490 18587 W APM_AudioPolicyManager: getOutput() could not find output for stream 3, samplingRate 48000,format 234881024, channels 63f, flags 1
01-08 20:46:52.174 3490 18587 I APM_AudioPolicyManager: getOutputForAttr() device 0x400, samplingRate 48000, format d000000, channelMask 3, flags 1
01-08 20:46:52.174 3490 18587 I AudioFlinger: openOutput() this 0x512bd000, module 10 Device 400, SamplingRate 48000, Format 0xd000000, Channels 3, flags 1
01-08 20:46:52.175 3490 18587 I AudioFlinger: HAL output buffer size 1024 frames, normal sink buffer size 1024 frames
01-08 20:46:52.175 3490 18598 I AudioFlinger: AudioFlinger's thread 0x51d44000 tid=18598 ready to run
01-08 20:46:52.188 3490 18587 I APM_AudioPolicyManager: getOutputForAttr() device 0x400, samplingRate 192000, format d000000, channelMask 63f, flags 1
01-08 20:46:52.188 3490 18587 I AudioFlinger: openOutput() this 0x512bd000, module 10 Device 400, SamplingRate 192000, Format 0xd000000, Channels 63f, flags 1
01-08 20:46:52.189 3490 18587 I AudioFlinger: HAL output buffer size 2048 frames, normal sink buffer size 2048 frames
01-08 20:46:52.189 3490 18601 I AudioFlinger: AudioFlinger's thread 0x51d71000 tid=18601 ready to run
01-08 20:46:52.197 18548 18579 I chatty : uid=10097(u0_a97) org.xbmc.kodi expire 3 lines
01-08 20:46:52.199 3490 8519 I APM_AudioPolicyManager: getOutputForAttr() device 0x400, samplingRate 44100, format 5, channelMask 3, flags 0
01-08 20:46:52.314 3778 3842 I chatty : uid=1000(system) InputReader expire 58 lines
01-08 20:46:52.606 18548 18603 I chatty : uid=10097(u0_a97) org.xbmc.kodi expire 55 lines
01-08 20:46:52.869 3876 4344 V Avrcp : MSG_UPDATE_MEDIA
01-08 20:46:52.873 3876 4344 V Avrcp : updatePlaybackState (1): -1➡2(PlaybackState {state=2, position=-1, buffered position=0, speed=0.0, updated=11169172, actions=0, custom actions=[], active item id=-1, error=null})
01-08 20:46:52.874 3876 4344 V Avrcp : Media update: id -1➡-1? [MediaAttributes: none]
