01-08 17:42:38.974 3778 3778 V WiredAccessoryManager: headsetName: connected
01-08 17:42:39.409 3778 6786 D PowerManagerNotifier: onWakeLockAcquired: flags=536870922, tag="org.xbmc.kodi", packageName=org.xbmc.kodi, ownerUid=10097, ownerPid=7774, workSource=null
01-08 17:42:39.750 3778 3859 D NsdService: Native daemon message SERVICE_REGISTERED: 606 9 "Kodi (8635f1b2-aa71-88e7-6086-a23eff3ea8ce.fritz.box)"
01-08 17:42:39.750 3778 3859 D NsdService: Native daemon message SERVICE_REGISTERED: 606 8 "Kodi (8635f1b2-aa71-88e7-6086-a23eff3ea8ce.fritz.box)"
01-08 17:42:39.751 3778 3859 D NsdService: Native daemon message SERVICE_REGISTERED: 606 7 "Kodi (8635f1b2-aa71-88e7-6086-a23eff3ea8ce.fritz.box)"
01-08 17:42:39.751 3778 3859 D NsdService: Native daemon message SERVICE_REGISTERED: 606 6 "Kodi (8635f1b2-aa71-88e7-6086-a23eff3ea8ce.fritz.box)"
01-08 17:42:40.136 3778 3868 W HdmiCecController: Failed to send src: 11, dst: 0 with errorCode=3
01-08 17:42:57.290 3778 4554 I ActivityManager: Killing 8020:com.google.android.gms.ui/u0a10 (adj 906): empty #17
01-08 17:42:59.771 3778 3834 W ActivityManager: Unable to start service Intent { act=com.google.android.gms.drive.ApiService.RESET_AFTER_BOOT flg=0x4 cmp=com.google.android.gms/.drive.api.ApiService (has extras) } U=0: not found
01-08 17:43:23.596 4525 5418 E ActivityThread: Failed to find provider info for com.nvidia.ibeta
01-08 17:43:24.292 4525 5418 I chatty : uid=1000(system) DownloaderThrea identical 6 lines
01-08 17:43:24.292 4525 5418 E ActivityThread: Failed to find provider info for com.nvidia.ibeta
01-08 17:47:23.077 3778 3852 E ActivityThread: Failed to find provider info for com.nvidia.ibeta
01-08 17:47:37.565 3778 3789 W ActivityManager: Unable to start service Intent { act=android.bluetooth.device.action.ACL_DISCONNECTED cmp=com.google.android.gms/.nearby.discovery.service.DiscoveryService (has extras) } U=0: not found
01-08 17:47:37.660 3778 3797 D UsbAlsaManager: ALSA device removed: AlsaDevice: [card: 2, device: 0, type: 2]
01-08 17:47:37.711 3778 3793 W BroadcastQueue: Background execution not allowed: receiving Intent { act=android.bluetooth.adapter.action.CONNECTION_STATE_CHANGED flg=0x4000010 (has extras) } to com.google.android.gms/.chimera.GmsIntentOperationService$PersistentTrustedReceiver
01-08 17:47:48.038 3778 4596 W ActivityManager: Unable to start service Intent { act=android.bluetooth.device.action.ACL_CONNECTED cmp=com.google.android.gms/.nearby.discovery.service.DiscoveryService (has extras) } U=0: not found
01-08 17:47:48.344 3778 3797 D UsbAlsaManager: Adding ALSA device AlsaDevice: [card: 2, device: 0, type: 2]
01-08 17:47:48.369 3778 3793 W BroadcastQueue: Background execution not allowed: receiving Intent { act=android.bluetooth.adapter.action.CONNECTION_STATE_CHANGED flg=0x4000010 (has extras) } to com.google.android.gms/.chimera.GmsIntentOperationService$PersistentTrustedReceiver
01-08 17:52:55.991 3778 4067 W ActivityManager: Unable to start service Intent { act=android.bluetooth.device.action.ACL_DISCONNECTED cmp=com.google.android.gms/.nearby.discovery.service.DiscoveryService (has extras) } U=0: not found
01-08 17:52:56.055 3778 3797 D UsbAlsaManager: ALSA device removed: AlsaDevice: [card: 2, device: 0, type: 2]
01-08 17:52:56.106 3778 3793 W BroadcastQueue: Background execution not allowed: receiving Intent { act=android.bluetooth.adapter.action.CONNECTION_STATE_CHANGED flg=0x4000010 (has extras) } to com.google.android.gms/.chimera.GmsIntentOperationService$PersistentTrustedReceiver
01-08 17:53:23.097 3778 3852 E ActivityThread: Failed to find provider info for com.nvidia.ibeta
01-08 17:56:37.802 7168 7168 W ContextImpl: Calling a method in the system process without a qualified user: android.app.ContextImpl.startService:1479 android.content.ContextWrapper.startService:644 com.nvidia.app.messagingsdk.NvmoTopicsManager.sendRequest:139 com.nvidia.app.messagingsdk.NvmoTopicsManager.sendSubscribeRequest:130 com.nvidia.app.messagingsdk.NvmoTopicsManager.subscribe:58
01-08 17:56:37.806 7168 7168 W ContextImpl: Calling a method in the system process without a qualified user: android.app.ContextImpl.startService:1479 android.content.ContextWrapper.startService:644 com.nvidia.app.messagingsdk.NvmoTopicsManager.sendRequestCompleted:122 com.nvidia.app.messagingsdk.NvmoTopicsManager.-wrap0:0 com.nvidia.app.messagingsdk.NvmoTopicsManager$1.handleMessage:97
01-08 17:57:23.279 7102 10418 W ContextImpl: Calling a method in the system process without a qualified user: android.app.ContextImpl.startService:1479 android.content.ContextWrapper.startService:644 com.nvidia.app.messagingsdk.a.fd:139 com.nvidia.app.messagingsdk.a.fk:130 com.nvidia.app.messagingsdk.a.fe:58
01-08 17:57:23.281 7102 7102 W ContextImpl: Calling a method in the system process without a qualified user: android.app.ContextImpl.startService:1479 android.content.ContextWrapper.startService:644 com.nvidia.app.messagingsdk.a.fc:122 com.nvidia.app.messagingsdk.a.fi:0 com.nvidia.app.messagingsdk.c.handleMessage:97
01-08 17:59:23.122 3778 3852 E ActivityThread: Failed to find provider info for com.nvidia.ibeta
01-08 18:01:03.853 3778 3792 I UsageStatsService: User[0] Flushing usage stats to disk
01-08 18:02:24.011 3778 3778 I ActivityManager: Start proc 10613:com.android.vending:instant_app_installer/u0a31 for service com.android.vending/com.google.android.finsky.instantapps.metrics.LogFlushJob
01-08 18:02:31.084 3778 10200 I ActivityManager: Start proc 10659:com.google.android.apps.mediashell:privileged_process0/u0a0 for service com.google.android.apps.mediashell/org.chromium.content.app.PrivilegedProcessService0
01-08 18:02:31.170 3778 10200 I ActivityManager: Start proc 10678:com.google.android.apps.mediashell:sandboxed_process0/u0i0 for service com.google.android.apps.mediashell/org.chromium.content.app.SandboxedProcessService0
01-08 18:02:31.208 10678 10695 W FileUtils: Failed to chmod(/data/user/0/com.google.android.apps.mediashell/app_cast_shell): android.system.ErrnoException: chmod failed: EACCES (Permission denied)
01-08 18:02:31.208 10678 10695 W FileUtils: Failed to chmod(/data/user/0/com.google.android.apps.mediashell/app_textures): android.system.ErrnoException: chmod failed: EACCES (Permission denied)
01-08 18:03:24.351 3778 10200 I ActivityManager: Killing 6907:com.google.android.videos/u0a66 (adj 906): empty #17
01-08 18:05:23.221 3778 3852 E ActivityThread: Failed to find provider info for com.nvidia.ibeta
01-08 18:06:04.272 3778 3778 I JobServiceContext: 394c225 #u0a29/1000001 com.google.android.tv/com.android.tv.recommendation.ChannelPreviewUpdater$ChannelPreviewUpdateService
01-08 18:06:04.276 3778 4091 I ActivityManager: Killing 7810:com.google.android.inputmethod.latin/u0a113 (adj 906): empty #17
01-08 18:10:43.861 3778 3796 E BatteryStatsService: no controller energy info supplied
01-08 18:10:43.870 3778 3796 E BatteryStatsService: no controller energy info supplied
01-08 18:10:43.872 3778 3796 E KernelUidCpuFreqTimeReader: Failed to read /proc/uid_time_in_state: java.io.FileNotFoundException: /proc/uid_time_in_state (No such file or directory)
01-08 18:11:15.278 3778 4685 W ActivityManager: Unable to start service Intent { act=android.bluetooth.device.action.ACL_CONNECTED cmp=com.google.android.gms/.nearby.discovery.service.DiscoveryService (has extras) } U=0: not found
01-08 18:11:15.625 3778 3797 D UsbAlsaManager: Adding ALSA device AlsaDevice: [card: 2, device: 0, type: 2]
01-08 18:11:15.654 3778 3793 W BroadcastQueue: Background execution not allowed: receiving Intent { act=android.bluetooth.adapter.action.CONNECTION_STATE_CHANGED flg=0x4000010 (has extras) } to com.google.android.gms/.chimera.GmsIntentOperationService$PersistentTrustedReceiver
01-08 18:11:23.227 3778 3852 E ActivityThread: Failed to find provider info for com.nvidia.ibeta
01-08 18:11:37.908 7168 7168 W ContextImpl: Calling a method in the system process without a qualified user: android.app.ContextImpl.startService:1479 android.content.ContextWrapper.startService:644 com.nvidia.app.messagingsdk.NvmoTopicsManager.sendRequest:139 com.nvidia.app.messagingsdk.NvmoTopicsManager.sendSubscribeRequest:130 com.nvidia.app.messagingsdk.NvmoTopicsManager.subscribe:58
01-08 18:11:37.910 7168 7168 W ContextImpl: Calling a method in the system process without a qualified user: android.app.ContextImpl.startService:1479 android.content.ContextWrapper.startService:644 com.nvidia.app.messagingsdk.NvmoTopicsManager.sendRequestCompleted:122 com.nvidia.app.messagingsdk.NvmoTopicsManager.-wrap0:0 com.nvidia.app.messagingsdk.NvmoTopicsManager$1.handleMessage:97
01-08 18:12:00.001 3778 3778 I ActivityManager: Killing 7534:com.mobisystems.fileman/u0a104 (adj 904): empty for 1802s
01-08 18:12:00.002 3778 3778 I ActivityManager: Killing 6250:com.google.android.gms.unstable/u0a10 (adj 906): empty for 1807s
01-08 18:12:00.002 3778 3778 I ActivityManager: Killing 6834:com.android.tv.common/u0a29 (adj 906): empty for 1811s
01-08 18:12:00.002 3778 3778 I ActivityManager: Killing 4454:android.process.media/u0a8 (adj 906): empty for 1811s
01-08 18:12:00.003 3778 3778 I ActivityManager: Killing 8075:com.google.android.inputmethod.japanese/u0a49 (adj 906): empty for 1812s
01-08 18:12:25.073 7102 11376 W ContextImpl: Calling a method in the system process without a qualified user: android.app.ContextImpl.startService:1479 android.content.ContextWrapper.startService:644 com.nvidia.app.messagingsdk.a.fd:139 com.nvidia.app.messagingsdk.a.fk:130 com.nvidia.app.messagingsdk.a.fe:58
01-08 18:12:25.079 7102 7102 W ContextImpl: Calling a method in the system process without a qualified user: android.app.ContextImpl.startService:1479 android.content.ContextWrapper.startService:644 com.nvidia.app.messagingsdk.a.fc:122 com.nvidia.app.messagingsdk.a.fi:0 com.nvidia.app.messagingsdk.c.handleMessage:97
01-08 18:13:25.442 3778 6786 I ActivityManager: Killing 7379:com.nvidia.tegrazone3:telemetry/u0a75 (adj 906): empty for 1858s
01-08 18:16:29.085 3778 3789 W ActivityManager: Unable to start service Intent { act=android.bluetooth.device.action.ACL_DISCONNECTED cmp=com.google.android.gms/.nearby.discovery.service.DiscoveryService (has extras) } U=0: not found
01-08 18:16:29.192 3778 3797 D UsbAlsaManager: ALSA device removed: AlsaDevice: [card: 2, device: 0, type: 2]
01-08 18:16:29.238 3778 3793 W BroadcastQueue: Background execution not allowed: receiving Intent { act=android.bluetooth.adapter.action.CONNECTION_STATE_CHANGED flg=0x4000010 (has extras) } to com.google.android.gms/.chimera.GmsIntentOperationService$PersistentTrustedReceiver
01-08 18:17:23.282 3778 3852 E ActivityThread: Failed to find provider info for com.nvidia.ibeta
01-08 18:22:25.081 3778 3778 I JobServiceContext: ceb31fe #u0a29/1000001 com.google.android.tv/com.android.tv.recommendation.ChannelPreviewUpdater$ChannelPreviewUpdateService
01-08 18:22:25.084 3778 4651 I ActivityManager: Killing 7355:com.nvidia.tegrazone3/u0a75 (adj 906): empty for 2394s
01-08 18:23:23.366 3778 3852 E ActivityThread: Failed to find provider info for com.nvidia.ibeta
01-08 18:26:38.006 7168 7168 W ContextImpl: Calling a method in the system process without a qualified user: android.app.ContextImpl.startService:1479 android.content.ContextWrapper.startService:644 com.nvidia.app.messagingsdk.NvmoTopicsManager.sendRequest:139 com.nvidia.app.messagingsdk.NvmoTopicsManager.sendSubscribeRequest:130 com.nvidia.app.messagingsdk.NvmoTopicsManager.subscribe:58
01-08 18:26:38.009 7168 7168 W ContextImpl: Calling a method in the system process without a qualified user: android.app.ContextImpl.startService:1479 android.content.ContextWrapper.startService:644 com.nvidia.app.messagingsdk.NvmoTopicsManager.sendRequestCompleted:122 com.nvidia.app.messagingsdk.NvmoTopicsManager.-wrap0:0 com.nvidia.app.messagingsdk.NvmoTopicsManager$1.handleMessage:97
01-08 18:27:25.104 7102 11961 W ContextImpl: Calling a method in the system process without a qualified user: android.app.ContextImpl.startService:1479 android.content.ContextWrapper.startService:644 com.nvidia.app.messagingsdk.a.fd:139 com.nvidia.app.messagingsdk.a.fk:130 com.nvidia.app.messagingsdk.a.fe:58
01-08 18:27:25.106 7102 7102 W ContextImpl: Calling a method in the system process without a qualified user: android.app.ContextImpl.startService:1479 android.content.ContextWrapper.startService:644 com.nvidia.app.messagingsdk.a.fc:122 com.nvidia.app.messagingsdk.a.fi:0 com.nvidia.app.messagingsdk.c.handleMessage:97
01-08 18:29:23.465 3778 3852 E ActivityThread: Failed to find provider info for com.nvidia.ibeta
01-08 18:29:34.969 3778 3800 I DisplayManagerService: Display device changed: DisplayDeviceInfo{"Integrierter Bildschirm": uniqueId="local:0", 1920 x 1080, modeId 1, defaultModeId 1, supportedModes [{id=1, width=1920, height=1080, fps=59.94006}, {id=2, width=1280, height=720, fps=60.000004}, {id=3, width=1280, height=720, fps=50.0}, {id=4, width=1920, height=1080, fps=60.000004}, {id=5, width=1920, height=1080, fps=50.0}, {id=6, width=1920, height=1080, fps=24.0}, {id=7, width=1920, height=1080, fps=25.0}, {id=8, width=1920, height=1080, fps=30.0}, {id=9, width=1280, height=720, fps=59.94006}, {id=10, width=1920, height=1080, fps=23.976025}, {id=11, width=1920, height=1080, fps=29.97003}], colorMode 0, supportedColorModes [0], HdrCapabilities android.view.Display$HdrCapabilities@a69d6308, density 320, 213.0 x 213.0 dpi, appVsyncOff 1000000, presDeadline 16683333, touch INTERNAL, rotation 0, type BUILT_IN, state ON, FLAG_DEFAULT_DISPLAY, FLAG_ROTATES_WITH_CONTENT, FLAG_SECURE, FLAG_SUPPORTS_PROTECTED_BUFFERS}
01-08 18:29:35.071 3778 3840 V WiredAccessoryManager: Headset UEVENT: {SUBSYSTEM=switch, SEQNUM=3136, ACTION=change, SWITCH_NAME=hdmi_audio, DEVPATH=/devices/virtual/switch/hdmi_audio, SWITCH_STATE=0}
01-08 18:29:35.071 3778 3840 V WiredAccessoryManager: newName=hdmi_audio newState=0 headsetState=0 prev headsetState=16
01-08 18:29:35.072 3778 3778 V WiredAccessoryManager: headsetName: disconnected
01-08 18:29:35.145 3778 3840 V WiredAccessoryManager: Headset UEVENT: {SUBSYSTEM=switch, SEQNUM=3139, ACTION=change, SWITCH_NAME=hdmi_audio, DEVPATH=/devices/virtual/switch/hdmi_audio, SWITCH_STATE=1}
01-08 18:29:35.145 3778 3840 V WiredAccessoryManager: newName=hdmi_audio newState=16 headsetState=16 prev headsetState=0
01-08 18:29:35.146 3778 3778 V WiredAccessoryManager: headsetName: connected
01-08 18:29:35.185 3778 4037 D PowerManagerNotifier: onWakeLockReleased: flags=536870922, tag="org.xbmc.kodi", packageName=org.xbmc.kodi, ownerUid=10097, ownerPid=7774, workSource=null
01-08 18:29:36.386 3778 3868 W HdmiCecController: Failed to send src: 11, dst: 0 with errorCode=3
01-08 18:32:25.208 3778 3792 I UsageStatsService: User[0] Flushing usage stats to disk
01-08 18:34:35.195 3778 3802 I PowerManagerService: Nap time (uid 1000)...
01-08 18:34:35.196 3778 3802 I DreamManagerService: Entering dreamland.
01-08 18:34:35.197 3778 3802 I PowerManagerService: Dreaming...
01-08 18:34:35.197 3778 3798 I DreamController: Starting dream: name=ComponentInfo{com.google.android.backdrop/com.google.android.backdrop.Backdrop}, isTest=false, canDoze=false, userId=0
01-08 18:34:35.220 3778 3798 I ActivityManager: Start proc 12277:com.google.android.backdrop/u0a36 for service com.google.android.backdrop/.Backdrop
01-08 18:34:35.560 3778 4598 I ActivityManager: Start proc 12299:com.google.android.webview:webview_service/u0a67 for service com.google.android.webview/org.chromium.android_webview.services.VariationsSeedServer
01-08 18:34:35.852 3778 4598 W ActivityManager: Slow operation: 208ms so far, now at startProcess: returned from zygote!
01-08 18:34:35.852 3778 4598 W ActivityManager: Slow operation: 208ms so far, now at startProcess: done updating battery stats
01-08 18:34:35.852 3778 4598 W ActivityManager: Slow operation: 208ms so far, now at startProcess: building log message
01-08 18:34:35.852 3778 4598 I ActivityManager: Start proc 12326:com.google.android.webview:sandboxed_process0/u0i1 for webview_service com.google.android.backdrop/org.chromium.content.app.SandboxedProcessService0
01-08 18:34:35.852 3778 4598 W ActivityManager: Slow operation: 208ms so far, now at startProcess: starting to update pids map
01-08 18:34:35.852 3778 4598 W ActivityManager: Slow operation: 208ms so far, now at startProcess: done updating pids map
01-08 18:34:35.852 3778 4598 W ActivityManager: Slow operation: 209ms so far, now at startProcess: done starting proc!
01-08 18:34:35.858 3778 3794 W Looper : Dispatch took 211ms on android.ui, h=Handler (com.android.server.am.ActivityManagerService$UiHandler) {5756909} cb=null msg=53
01-08 18:34:36.156 3778 3828 D PowerManagerNotifier: onWakeLockAcquired: flags=536870922, tag="WindowManager", packageName=android, ownerUid=1000, ownerPid=3778, workSource=WorkSource{10036}
01-08 18:35:23.560 3778 3852 E ActivityThread: Failed to find provider info for com.nvidia.ibeta
01-08 18:36:28.932 3778 4037 I ActivityManager: Start proc 12478:com.google.android.inputmethod.latin/u0a113 for service com.google.android.inputmethod.latin/com.firebase.jobdispatcher.GooglePlayReceiver
01-08 18:36:29.240 3778 4651 I ActivityManager: Killing 7879:com.google.android.music:main/u0a54 (adj 906): empty for 3237s
01-08 18:37:25.100 3778 3778 I JobServiceContext: 673a702 #u0a29/1000001 com.google.android.tv/com.android.tv.recommendation.ChannelPreviewUpdater$ChannelPreviewUpdateService
01-08 18:37:25.104 3778 4708 I ActivityManager: Killing 10613:com.android.vending:instant_app_installer/u0a31 (adj 906): empty for 2100s
01-08 18:40:43.735 3778 3796 E BatteryStatsService: no controller energy info supplied
01-08 18:40:43.743 3778 3796 E BatteryStatsService: no controller energy info supplied
01-08 18:40:43.746 3778 3796 E KernelUidCpuFreqTimeReader: Failed to read /proc/uid_time_in_state: java.io.FileNotFoundException: /proc/uid_time_in_state (No such file or directory)
01-08 18:41:08.642 3778 3778 D CountryDetector: The first listener is added
01-08 18:41:23.561 3778 3852 E ActivityThread: Failed to find provider info for com.nvidia.ibeta
01-08 18:41:36.640 7283 12759 E ActivityThread: Failed to find provider info for com.nvidia.ibeta
01-08 18:41:38.016 7168 7168 W ContextImpl: Calling a method in the system process without a qualified user: android.app.ContextImpl.startService:1479 android.content.ContextWrapper.startService:644 com.nvidia.app.messagingsdk.NvmoTopicsManager.sendRequest:139 com.nvidia.app.messagingsdk.NvmoTopicsManager.sendSubscribeRequest:130 com.nvidia.app.messagingsdk.NvmoTopicsManager.subscribe:58
01-08 18:41:38.019 7168 7168 W ContextImpl: Calling a method in the system process without a qualified user: android.app.ContextImpl.startService:1479 android.content.ContextWrapper.startService:644 com.nvidia.app.messagingsdk.NvmoTopicsManager.sendRequestCompleted:122 com.nvidia.app.messagingsdk.NvmoTopicsManager.-wrap0:0 com.nvidia.app.messagingsdk.NvmoTopicsManager$1.handleMessage:97
01-08 18:42:25.120 3778 3778 D CountryDetector: No listener is left
01-08 18:42:25.139 7102 12800 W ContextImpl: Calling a method in the system process without a qualified user: android.app.ContextImpl.startService:1479 android.content.ContextWrapper.startService:644 com.nvidia.app.messagingsdk.a.fd:139 com.nvidia.app.messagingsdk.a.fk:130 com.nvidia.app.messagingsdk.a.fe:58
01-08 18:42:25.150 7102 7102 W ContextImpl: Calling a method in the system process without a qualified user: android.app.ContextImpl.startService:1479 android.content.ContextWrapper.startService:644 com.nvidia.app.messagingsdk.a.fc:122 com.nvidia.app.messagingsdk.a.fi:0 com.nvidia.app.messagingsdk.c.handleMessage:97
01-08 18:47:23.650 3778 3852 E ActivityThread: Failed to find provider info for com.nvidia.ibeta
01-08 18:49:18.082 3778 4595 I ActivityManager: Start proc 13094:com.nvidia.tegrazone3:telemetry/u0a75 for service com.nvidia.tegrazone3/com.nvidia.gxtelemetry.TelemetryService
01-08 18:49:35.202 3778 3802 D PowerManagerService: goToSleepNoUpdateLocked: eventTime=4131500, reason=2, flags=0, uid=1000
01-08 18:49:35.202 3778 3802 I PowerManagerService: Going to sleep due to screen timeout (uid 1000)...
01-08 18:49:35.202 3778 3802 I PowerManagerService: Called by com.android.server.power.PowerManagerService.handleSandman:2609 com.android.server.power.PowerManagerService.-wrap14:0 com.android.server.power.PowerManagerService$PowerManagerHandler.handleMessage:4250 android.os.Handler.dispatchMessage:105 android.os.Looper.loop:164 android.os.HandlerThread.run:65 com.android.server.ServiceThread.run:46
01-08 18:49:35.204 3778 3802 I DreamManagerService: Gently waking up from dream.
01-08 18:49:35.204 3778 3798 I DreamManagerService: Performing gentle wake from dream.
01-08 18:49:35.204 3778 3802 I PowerManagerService: Sleeping (uid 1000)...
01-08 18:49:35.990 3778 3802 I DisplayPowerController: Blocking screen off
01-08 18:49:36.013 3778 3802 I DisplayPowerController: Unblocked screen off after 23 ms
01-08 18:49:36.013 3778 3800 I DisplayManagerService: Display device changed state: "Integrierter Bildschirm", OFF
01-08 18:49:36.014 3778 3778 V HdmiControlService: On standby-action cleared:4
01-08 18:49:36.014 3778 3778 V HdmiControlService: onStandbyCompleted
01-08 18:49:36.014 3778 3778 D HdmiCecLocalDevicePlayback: onStandby returning (initiatedByCec=false, mAutoTvOff=false, mIsActiveSource=false)
01-08 18:49:36.105 3778 3840 V WiredAccessoryManager: Headset UEVENT: {SUBSYSTEM=switch, SEQNUM=3140, ACTION=change, SWITCH_NAME=hdmi_audio, DEVPATH=/devices/virtual/switch/hdmi_audio, SWITCH_STATE=0}
01-08 18:49:36.105 3778 3840 V WiredAccessoryManager: newName=hdmi_audio newState=0 headsetState=0 prev headsetState=16
01-08 18:49:36.105 3778 3778 V WiredAccessoryManager: headsetName: disconnected
01-08 18:49:36.747 3778 4685 I DreamManagerService: Leaving dreamland.
01-08 18:49:36.747 3778 3798 I DreamManagerService: Performing gentle wake from dream.
01-08 18:49:36.747 3778 3798 I DreamController: Stopping dream: name=ComponentInfo{com.google.android.backdrop/com.google.android.backdrop.Backdrop}, isTest=false, canDoze=false, userId=0
01-08 18:49:36.810 3778 4036 D ConnectivityService: ConnectivityService NetworkRequestInfo binderDied(NetworkRequest [ LISTEN id=12, [ Capabilities: INTERNET&NOT_RESTRICTED&TRUSTED&FOREGROUND] ], android.os.BinderProxy@9228635)
01-08 18:49:36.811 3778 4630 D ConnectivityService: ConnectivityService NetworkRequestInfo binderDied(NetworkRequest [ LISTEN id=11, [ Capabilities: INTERNET&NOT_RESTRICTED&TRUSTED&FOREGROUND] ], android.os.BinderProxy@a957aca)
01-08 18:49:36.811 3778 12525 I ActivityManager: Process com.google.android.backdrop (pid 12277) has died: fore SVC
01-08 18:49:36.813 3778 3857 E ConnectivityService: RemoteException caught trying to send a callback msg for NetworkRequest [ LISTEN id=12, [ Capabilities: INTERNET&NOT_RESTRICTED&TRUSTED&FOREGROUND] ]
01-08 18:49:36.814 3778 3857 E ConnectivityService: RemoteException caught trying to send a callback msg for NetworkRequest [ LISTEN id=11, [ Capabilities: INTERNET&NOT_RESTRICTED&TRUSTED&FOREGROUND] ]
01-08 18:49:36.815 3778 4598 I WindowManager: WIN DEATH: Window{e36e491 u0 Sys2023:dream}
01-08 18:49:36.817 3778 4598 D PowerManagerNotifier: onWakeLockReleased: flags=536870922, tag="WindowManager", packageName=android, ownerUid=1000, ownerPid=3778, workSource=WorkSource{10036}
01-08 18:49:36.821 3778 12525 I ActivityManager: Killing 12326:com.google.android.webview:sandboxed_process0/u0a36i1 (adj 0): isolated not needed
01-08 18:49:36.827 3778 3800 W ActivityManager: setHasOverlayUi called on unknown pid: 12277
01-08 18:49:36.840 3778 3796 E KernelUidCpuFreqTimeReader: Failed to read /proc/uid_time_in_state: java.io.FileNotFoundException: /proc/uid_time_in_state (No such file or directory)
01-08 18:52:25.135 3778 3778 I JobServiceContext: f1012ab #u0a29/1000001 com.google.android.tv/com.android.tv.recommendation.ChannelPreviewUpdater$ChannelPreviewUpdateService
01-08 18:52:25.142 3778 12525 I ActivityManager: Killing 10678:com.google.android.apps.mediashell:sandboxed_process0/u0a0i0 (adj 300): empty for 2993s
01-08 18:52:25.158 3778 4685 W ActivityManager: Scheduling restart of crashed service com.google.android.apps.mediashell/org.chromium.content.app.SandboxedProcessService0 in 1000ms
01-08 18:52:25.161 3778 3796 E KernelUidCpuFreqTimeReader: Failed to read /proc/uid_time_in_state: java.io.FileNotFoundException: /proc/uid_time_in_state (No such file or directory)
01-08 18:53:23.749 3778 3852 E ActivityThread: Failed to find provider info for com.nvidia.ibeta
01-08 18:54:35.328 3778 3792 I UsageStatsService: User[0] Flushing usage stats to disk
01-08 18:56:38.028 7168 7168 W ContextImpl: Calling a method in the system process without a qualified user: android.app.ContextImpl.startService:1479 android.content.ContextWrapper.startService:644 com.nvidia.app.messagingsdk.NvmoTopicsManager.sendRequest:139 com.nvidia.app.messagingsdk.NvmoTopicsManager.sendSubscribeRequest:130 com.nvidia.app.messagingsdk.NvmoTopicsManager.subscribe:58
01-08 18:56:38.031 7168 7168 W ContextImpl: Calling a method in the system process without a qualified user: android.app.ContextImpl.startService:1479 android.content.ContextWrapper.startService:644 com.nvidia.app.messagingsdk.NvmoTopicsManager.sendRequestCompleted:122 com.nvidia.app.messagingsdk.NvmoTopicsManager.-wrap0:0 com.nvidia.app.messagingsdk.NvmoTopicsManager$1.handleMessage:97
01-08 18:57:25.181 7102 13460 W ContextImpl: Calling a method in the system process without a qualified user: android.app.ContextImpl.startService:1479 android.content.ContextWrapper.startService:644 com.nvidia.app.messagingsdk.a.fd:139 com.nvidia.app.messagingsdk.a.fk:130 com.nvidia.app.messagingsdk.a.fe:58
01-08 18:57:25.188 7102 7102 W ContextImpl: Calling a method in the system process without a qualified user: android.app.ContextImpl.startService:1479 android.content.ContextWrapper.startService:644 com.nvidia.app.messagingsdk.a.fc:122 com.nvidia.app.messagingsdk.a.fi:0 com.nvidia.app.messagingsdk.c.handleMessage:97
01-08 18:59:23.830 3778 3852 E ActivityThread: Failed to find provider info for com.nvidia.ibeta
01-08 19:05:23.916 3778 3852 E ActivityThread: Failed to find provider info for com.nvidia.ibeta
01-08 19:07:25.177 3778 3778 I JobServiceContext: ef87996 #u0a29/1000001 com.google.android.tv/com.android.tv.recommendation.ChannelPreviewUpdater$ChannelPreviewUpdateService
01-08 19:10:43.750 3778 3796 E BatteryStatsService: no controller energy info supplied
01-08 19:10:43.752 3778 3796 E BatteryStatsService: no controller energy info supplied
01-08 19:10:43.754 3778 3796 E KernelUidCpuFreqTimeReader: Failed to read /proc/uid_time_in_state: java.io.FileNotFoundException: /proc/uid_time_in_state (No such file or directory)
01-08 19:11:23.936 3778 3852 E ActivityThread: Failed to find provider info for com.nvidia.ibeta
01-08 19:11:38.102 7168 7168 W ContextImpl: Calling a method in the system process without a qualified user: android.app.ContextImpl.startService:1479 android.content.ContextWrapper.startService:644 com.nvidia.app.messagingsdk.NvmoTopicsManager.sendRequest:139 com.nvidia.app.messagingsdk.NvmoTopicsManager.sendSubscribeRequest:130 com.nvidia.app.messagingsdk.NvmoTopicsManager.subscribe:58
01-08 19:11:38.105 7168 7168 W ContextImpl: Calling a method in the system process without a qualified user: android.app.ContextImpl.startService:1479 android.content.ContextWrapper.startService:644 com.nvidia.app.messagingsdk.NvmoTopicsManager.sendRequestCompleted:122 com.nvidia.app.messagingsdk.NvmoTopicsManager.-wrap0:0 com.nvidia.app.messagingsdk.NvmoTopicsManager$1.handleMessage:97
01-08 19:12:25.215 7102 14029 W ContextImpl: Calling a method in the system process without a qualified user: android.app.ContextImpl.startService:1479 android.content.ContextWrapper.startService:644 com.nvidia.app.messagingsdk.a.fd:139 com.nvidia.app.messagingsdk.a.fk:130 com.nvidia.app.messagingsdk.a.fe:58
01-08 19:12:25.232 7102 7102 W ContextImpl: Calling a method in the system process without a qualified user: android.app.ContextImpl.startService:1479 android.content.ContextWrapper.startService:644 com.nvidia.app.messagingsdk.a.fc:122 com.nvidia.app.messagingsdk.a.fi:0 com.nvidia.app.messagingsdk.c.handleMessage:97
01-08 19:14:53.499 3778 12525 I ActivityManager: Start proc 14132:com.google.android.apps.mediashell:sandboxed_process1/u0i2 for service com.google.android.apps.mediashell/org.chromium.content.app.SandboxedProcessService1
01-08 19:14:53.541 14132 14149 W FileUtils: Failed to chmod(/data/user/0/com.google.android.apps.mediashell/app_cast_shell): android.system.ErrnoException: chmod failed: EACCES (Permission denied)
01-08 19:14:53.541 14132 14149 W FileUtils: Failed to chmod(/data/user/0/com.google.android.apps.mediashell/app_textures): android.system.ErrnoException: chmod failed: EACCES (Permission denied)
01-08 19:17:24.033 3778 3852 E ActivityThread: Failed to find provider info for com.nvidia.ibeta
01-08 19:22:25.208 3778 3778 I JobServiceContext: 88c13e7 #u0a29/1000001 com.google.android.tv/com.android.tv.recommendation.ChannelPreviewUpdater$ChannelPreviewUpdateService
01-08 19:22:25.211 3778 12525 I ActivityManager: Killing 7471:com.nvidia.shield.smbauth/u0a121 (adj 906): empty for 4194s
01-08 19:23:24.045 3778 3852 E ActivityThread: Failed to find provider info for com.nvidia.ibeta
01-08 19:26:38.129 7168 7168 W ContextImpl: Calling a method in the system process without a qualified user: android.app.ContextImpl.startService:1479 android.content.ContextWrapper.startService:644 com.nvidia.app.messagingsdk.NvmoTopicsManager.sendRequest:139 com.nvidia.app.messagingsdk.NvmoTopicsManager.sendSubscribeRequest:130 com.nvidia.app.messagingsdk.NvmoTopicsManager.subscribe:58
01-08 19:26:38.132 7168 7168 W ContextImpl: Calling a method in the system process without a qualified user: android.app.ContextImpl.startService:1479 android.content.ContextWrapper.startService:644 com.nvidia.app.messagingsdk.NvmoTopicsManager.sendRequestCompleted:122 com.nvidia.app.messagingsdk.NvmoTopicsManager.-wrap0:0 com.nvidia.app.messagingsdk.NvmoTopicsManager$1.handleMessage:97
01-08 19:27:25.251 7102 14856 W ContextImpl: Calling a method in the system process without a qualified user: android.app.ContextImpl.startService:1479 android.content.ContextWrapper.startService:644 com.nvidia.app.messagingsdk.a.fd:139 com.nvidia.app.messagingsdk.a.fk:130 com.nvidia.app.messagingsdk.a.fe:58
01-08 19:27:25.258 7102 7102 W ContextImpl: Calling a method in the system process without a qualified user: android.app.ContextImpl.startService:1479 android.content.ContextWrapper.startService:644 com.nvidia.app.messagingsdk.a.fc:122 com.nvidia.app.messagingsdk.a.fi:0 com.nvidia.app.messagingsdk.c.handleMessage:97
01-08 19:29:24.109 3778 3852 E ActivityThread: Failed to find provider info for com.nvidia.ibeta
01-08 19:35:24.186 3778 3852 E ActivityThread: Failed to find provider info for com.nvidia.ibeta
01-08 19:37:25.249 3778 3778 I JobServiceContext: ecf0cf2 #u0a29/1000001 com.google.android.tv/com.android.tv.recommendation.ChannelPreviewUpdater$ChannelPreviewUpdateService
01-08 19:40:43.767 3778 3796 E BatteryStatsService: no controller energy info supplied
01-08 19:40:43.774 3778 3796 E BatteryStatsService: no controller energy info supplied
01-08 19:41:24.227 3778 3852 E ActivityThread: Failed to find provider info for com.nvidia.ibeta
01-08 19:41:36.984 7283 15425 E ActivityThread: Failed to find provider info for com.nvidia.ibeta
01-08 19:41:38.234 7168 7168 W ContextImpl: Calling a method in the system process without a qualified user: android.app.ContextImpl.startService:1479 android.content.ContextWrapper.startService:644 com.nvidia.app.messagingsdk.NvmoTopicsManager.sendRequest:139 com.nvidia.app.messagingsdk.NvmoTopicsManager.sendSubscribeRequest:130 com.nvidia.app.messagingsdk.NvmoTopicsManager.subscribe:58
01-08 19:41:38.239 7168 7168 W ContextImpl: Calling a method in the system process without a qualified user: android.app.ContextImpl.startService:1479 android.content.ContextWrapper.startService:644 com.nvidia.app.messagingsdk.NvmoTopicsManager.sendRequestCompleted:122 com.nvidia.app.messagingsdk.NvmoTopicsManager.-wrap0:0 com.nvidia.app.messagingsdk.NvmoTopicsManager$1.handleMessage:97
01-08 19:42:25.122 3778 3778 D CountryDetector: The first listener is added
01-08 19:43:25.134 3778 3778 D CountryDetector: No listener is left
01-08 19:43:25.146 7102 15498 W ContextImpl: Calling a method in the system process without a qualified user: android.app.ContextImpl.startService:1479 android.content.ContextWrapper.startService:644 com.nvidia.app.messagingsdk.a.fd:139 com.nvidia.app.messagingsdk.a.fk:130 com.nvidia.app.messagingsdk.a.fe:58
01-08 19:43:25.148 7102 7102 W ContextImpl: Calling a method in the system process without a qualified user: android.app.ContextImpl.startService:1479 android.content.ContextWrapper.startService:644 com.nvidia.app.messagingsdk.a.fc:122 com.nvidia.app.messagingsdk.a.fi:0 com.nvidia.app.messagingsdk.c.handleMessage:97
01-08 19:43:25.160 4666 4666 E ActivityThread: Failed to find provider info for com.nvidia.ibeta
01-08 19:47:24.300 3778 3852 E ActivityThread: Failed to find provider info for com.nvidia.ibeta
01-08 19:53:24.389 3778 3852 E ActivityThread: Failed to find provider info for com.nvidia.ibeta
01-08 19:53:25.140 3778 3778 I JobServiceContext: bd1af33 #u0a29/1000001 com.google.android.tv/com.android.tv.recommendation.ChannelPreviewUpdater$ChannelPreviewUpdateService
01-08 19:56:38.338 7168 7168 W ContextImpl: Calling a method in the system process without a qualified user: android.app.ContextImpl.startService:1479 android.content.ContextWrapper.startService:644 com.nvidia.app.messagingsdk.NvmoTopicsManager.sendRequest:139 com.nvidia.app.messagingsdk.NvmoTopicsManager.sendSubscribeRequest:130 com.nvidia.app.messagingsdk.NvmoTopicsManager.subscribe:58
01-08 19:56:38.340 7168 7168 W ContextImpl: Calling a method in the system process without a qualified user: android.app.ContextImpl.startService:1479 android.content.ContextWrapper.startService:644 com.nvidia.app.messagingsdk.NvmoTopicsManager.sendRequestCompleted:122 com.nvidia.app.messagingsdk.NvmoTopicsManager.-wrap0:0 com.nvidia.app.messagingsdk.NvmoTopicsManager$1.handleMessage:97
01-08 19:58:25.186 7102 16050 W ContextImpl: Calling a method in the system process without a qualified user: android.app.ContextImpl.startService:1479 android.content.ContextWrapper.startService:644 com.nvidia.app.messagingsdk.a.fd:139 com.nvidia.app.messagingsdk.a.fk:130 com.nvidia.app.messagingsdk.a.fe:58
01-08 19:58:25.187 7102 7102 W ContextImpl: Calling a method in the system process without a qualified user: android.app.ContextImpl.startService:1479 android.content.ContextWrapper.startService:644 com.nvidia.app.messagingsdk.a.fc:122 com.nvidia.app.messagingsdk.a.fi:0 com.nvidia.app.messagingsdk.c.handleMessage:97
01-08 19:59:24.438 3778 3852 E ActivityThread: Failed to find provider info for com.nvidia.ibeta
01-08 20:01:20.841 3778 3792 I UsageStatsService: User[0] Flushing usage stats to disk
01-08 20:05:24.525 3778 3852 E ActivityThread: Failed to find provider info for com.nvidia.ibeta
01-08 20:08:25.180 3778 3778 I JobServiceContext: f01d0cb #u0a29/1000001 com.google.android.tv/com.android.tv.recommendation.ChannelPreviewUpdater$ChannelPreviewUpdateService
01-08 20:10:43.781 3778 3796 E BatteryStatsService: no controller energy info supplied
01-08 20:10:43.788 3778 3796 E BatteryStatsService: no controller energy info supplied
01-08 20:11:24.565 3778 3852 E ActivityThread: Failed to find provider info for com.nvidia.ibeta
01-08 20:11:38.372 7168 7168 W ContextImpl: Calling a method in the system process without a qualified user: android.app.ContextImpl.startService:1479 android.content.ContextWrapper.startService:644 com.nvidia.app.messagingsdk.NvmoTopicsManager.sendRequest:139 com.nvidia.app.messagingsdk.NvmoTopicsManager.sendSubscribeRequest:130 com.nvidia.app.messagingsdk.NvmoTopicsManager.subscribe:58
01-08 20:11:38.375 7168 7168 W ContextImpl: Calling a method in the system process without a qualified user: android.app.ContextImpl.startService:1479 android.content.ContextWrapper.startService:644 com.nvidia.app.messagingsdk.NvmoTopicsManager.sendRequestCompleted:122 com.nvidia.app.messagingsdk.NvmoTopicsManager.-wrap0:0 com.nvidia.app.messagingsdk.NvmoTopicsManager$1.handleMessage:97
01-08 20:13:25.214 7102 16595 W ContextImpl: Calling a method in the system process without a qualified user: android.app.ContextImpl.startService:1479 android.content.ContextWrapper.startService:644 com.nvidia.app.messagingsdk.a.fd:139 com.nvidia.app.messagingsdk.a.fk:130 com.nvidia.app.messagingsdk.a.fe:58
01-08 20:13:25.225 7102 7102 W ContextImpl: Calling a method in the system process without a qualified user: android.app.ContextImpl.startService:1479 android.content.ContextWrapper.startService:644 com.nvidia.app.messagingsdk.a.fc:122 com.nvidia.app.messagingsdk.a.fi:0 com.nvidia.app.messagingsdk.c.handleMessage:97
01-08 20:17:24.621 3778 3852 E ActivityThread: Failed to find provider info for com.nvidia.ibeta
01-08 20:23:24.721 3778 3852 E ActivityThread: Failed to find provider info for com.nvidia.ibeta
01-08 20:23:25.209 3778 3778 I JobServiceContext: e8591a2 #u0a29/1000001 com.google.android.tv/com.android.tv.recommendation.ChannelPreviewUpdater$ChannelPreviewUpdateService
01-08 20:26:38.468 7168 7168 W ContextImpl: Calling a method in the system process without a qualified user: android.app.ContextImpl.startService:1479 android.content.ContextWrapper.startService:644 com.nvidia.app.messagingsdk.NvmoTopicsManager.sendRequest:139 com.nvidia.app.messagingsdk.NvmoTopicsManager.sendSubscribeRequest:130 com.nvidia.app.messagingsdk.NvmoTopicsManager.subscribe:58
01-08 20:26:38.471 7168 7168 W ContextImpl: Calling a method in the system process without a qualified user: android.app.ContextImpl.startService:1479 android.content.ContextWrapper.startService:644 com.nvidia.app.messagingsdk.NvmoTopicsManager.sendRequestCompleted:122 com.nvidia.app.messagingsdk.NvmoTopicsManager.-wrap0:0 com.nvidia.app.messagingsdk.NvmoTopicsManager$1.handleMessage:97
01-08 20:28:25.240 7102 17140 W ContextImpl: Calling a method in the system process without a qualified user: android.app.ContextImpl.startService:1479 android.content.ContextWrapper.startService:644 com.nvidia.app.messagingsdk.a.fd:139 com.nvidia.app.messagingsdk.a.fk:130 com.nvidia.app.messagingsdk.a.fe:58
01-08 20:28:25.249 7102 7102 W ContextImpl: Calling a method in the system process without a qualified user: android.app.ContextImpl.startService:1479 android.content.ContextWrapper.startService:644 com.nvidia.app.messagingsdk.a.fc:122 com.nvidia.app.messagingsdk.a.fi:0 com.nvidia.app.messagingsdk.c.handleMessage:97
01-08 20:29:24.774 3778 3852 E ActivityThread: Failed to find provider info for com.nvidia.ibeta
01-08 20:32:51.498 3778 3789 I ActivityManager: Start proc 17309:com.google.android.gms:snet/u0a10 for service com.google.android.gms/.chimera.SnetIntentOperationService
01-08 20:35:24.873 3778 3852 E ActivityThread: Failed to find provider info for com.nvidia.ibeta
01-08 20:38:25.242 3778 3778 I JobServiceContext: 33cc6f #u0a29/1000001 com.google.android.tv/com.android.tv.recommendation.ChannelPreviewUpdater$ChannelPreviewUpdateService
01-08 20:38:25.245 3778 12525 I ActivityManager: Killing 7324:com.nvidia.shield.nas/u0a21 (adj -800): empty for 8699s
01-08 20:40:37.313 3778 4037 W ActivityManager: Unable to start service Intent { act=android.bluetooth.device.action.ACL_CONNECTED cmp=com.google.android.gms/.nearby.discovery.service.DiscoveryService (has extras) } U=0: not found
01-08 20:40:37.624 3778 3797 D UsbAlsaManager: Adding ALSA device AlsaDevice: [card: 2, device: 0, type: 2]
01-08 20:40:37.644 3778 3793 W BroadcastQueue: Background execution not allowed: receiving Intent { act=android.bluetooth.adapter.action.CONNECTION_STATE_CHANGED flg=0x4000010 (has extras) } to com.google.android.gms/.chimera.GmsIntentOperationService$PersistentTrustedReceiver
01-08 20:40:39.128 3778 3794 D PowerManagerService: wakeUpNoUpdateLocked: eventTime=10794424, uid=1000
01-08 20:40:39.128 3778 3794 I PowerManagerService: Waking up from sleep (uid 1000)...
01-08 20:40:39.128 3778 3794 I PowerManagerService: Called by com.android.server.power.PowerManagerService.wakeUpInternal:1725 com.android.server.power.PowerManagerService.-wrap40:0 com.android.server.power.PowerManagerService$BinderService.wakeUp:4744 android.os.PowerManager.wakeUp:789 com.android.server.policy.PhoneWindowManager.wakeUp:7329 com.android.server.policy.PhoneWindowManager.-wrap3:0 com.android.server.policy.PhoneWindowManager$WakeUpRunnable.run:9224 android.os.Handler.handleCallback:789 android.os.Handler.dispatchMessage:98 android.os.Looper.loop:164
01-08 20:40:39.128 3778 3794 D PowerManagerNotifier: onWakeUp: event=android.policy:KEY, reasonUid=1000 opPackageName=android opUid=1000
01-08 20:40:39.129 3778 3802 I DisplayPowerController: Blocking screen on until initial contents have been drawn.
01-08 20:40:39.138 3778 3802 W KeyguardServiceDelegate: onScreenTurningOn(): no keyguard service!
01-08 20:40:39.152 3778 4037 I ActivityManager: Start proc 17653:com.nvidia.tegrazone3/u0a75 for broadcast com.nvidia.tegrazone3/.provider.IntentReceiver
01-08 20:40:39.153 3778 3778 W HdmiControlService: CEC OneTouchPlay disabled
01-08 20:40:39.154 3778 3778 W WindowManager: OneTouchPlay failed: 6
01-08 20:40:39.154 3778 3800 I DisplayManagerService: Display device changed state: "Integrierter Bildschirm", ON
01-08 20:40:39.192 3778 3840 V WiredAccessoryManager: Headset UEVENT: {SUBSYSTEM=switch, SEQNUM=3152, ACTION=change, SWITCH_NAME=hdmi_audio, DEVPATH=/devices/virtual/switch/hdmi_audio, SWITCH_STATE=1}
01-08 20:40:39.192 3778 3840 V WiredAccessoryManager: newName=hdmi_audio newState=16 headsetState=16 prev headsetState=0
01-08 20:40:39.192 3778 3778 V WiredAccessoryManager: headsetName: connected
01-08 20:40:39.194 3778 3868 W HDMI : [3]:Failed to send a polling message(11->11) with return code 3
01-08 20:40:39.595 3778 3868 W HDMI : [1]:Failed to send a polling message(11->14) with return code 3
01-08 20:40:39.724 3778 3868 W HdmiCecController: Failed to send src: 11, dst: 0 with errorCode=3
01-08 20:40:39.765 3778 3868 W HDMI : [1]:Failed to send a polling message(11->13) with return code 3
01-08 20:40:39.805 3778 3868 W HDMI : [1]:Failed to send a polling message(11->12) with return code 3
01-08 20:40:39.846 3778 3868 W HDMI : [1]:Failed to send a polling message(11->10) with return code 3
01-08 20:40:39.886 3778 3868 W HDMI : [1]:Failed to send a polling message(11->9) with return code 3
01-08 20:40:39.927 3778 3868 W HDMI : [1]:Failed to send a polling message(11->8) with return code 3
01-08 20:40:39.967 3778 3868 W HDMI : [1]:Failed to send a polling message(11->7) with return code 3
01-08 20:40:40.008 3778 3868 W HDMI : [1]:Failed to send a polling message(11->6) with return code 3
01-08 20:40:40.048 3778 3868 W HDMI : [1]:Failed to send a polling message(11->5) with return code 3
01-08 20:40:40.089 3778 3868 W HDMI : [1]:Failed to send a polling message(11->4) with return code 3
01-08 20:40:40.129 3778 3868 W HDMI : [1]:Failed to send a polling message(11->3) with return code 3
01-08 20:40:40.139 3778 3794 W WindowManager: Keyguard drawn timeout. Setting mKeyguardDrawComplete
01-08 20:40:40.157 3778 3802 I DisplayPowerController: Unblocked screen on after 1027 ms
01-08 20:40:40.157 3778 3802 W PowerManagerService: Screen on took 2032 ms
01-08 20:40:40.170 3778 3868 W HDMI : [1]:Failed to send a polling message(11->2) with return code 3
01-08 20:40:40.211 3778 3868 W HDMI : [1]:Failed to send a polling message(11->1) with return code 3
01-08 20:40:40.211 3778 3778 W HdmiControlService: CEC OneTouchPlay disabled
01-08 20:40:40.211 3778 3778 W WindowManager: OneTouchPlay failed: 6
01-08 20:40:40.251 3778 3868 W HDMI : [1]:Failed to send a polling message(11->0) with return code 3
01-08 20:40:40.251 3778 3778 V DeviceDiscoveryAction: No device is detected.
01-08 20:40:40.251 3778 3778 V DeviceDiscoveryAction: ---------Wrap up Device Discovery:[0]---------
01-08 20:40:40.251 3778 3778 V DeviceDiscoveryAction: --------------------------------------------
01-08 20:40:43.783 3778 3796 E BatteryStatsService: no controller energy info supplied
01-08 20:40:43.786 3778 3796 E BatteryStatsService: no controller energy info supplied
01-08 20:40:45.124 3778 4598 I ActivityManager: Killing 12299:com.google.android.webview:webview_service/u0a67 (adj 906): empty for 7569s
01-08 20:41:02.864 3778 3778 I EntropyMixer: Writing entropy...
01-08 20:41:24.882 3778 3852 E ActivityThread: Failed to find provider info for com.nvidia.ibeta
01-08 20:41:37.290 7283 17805 E ActivityThread: Failed to find provider info for com.nvidia.ibeta
01-08 20:41:38.546 7168 7168 W ContextImpl: Calling a method in the system process without a qualified user: android.app.ContextImpl.startService:1479 android.content.ContextWrapper.startService:644 com.nvidia.app.messagingsdk.NvmoTopicsManager.sendRequest:139 com.nvidia.app.messagingsdk.NvmoTopicsManager.sendSubscribeRequest:130 com.nvidia.app.messagingsdk.NvmoTopicsManager.subscribe:58
01-08 20:41:38.548 7168 7168 W ContextImpl: Calling a method in the system process without a qualified user: android.app.ContextImpl.startService:1479 android.content.ContextWrapper.startService:644 com.nvidia.app.messagingsdk.NvmoTopicsManager.sendRequestCompleted:122 com.nvidia.app.messagingsdk.NvmoTopicsManager.-wrap0:0 com.nvidia.app.messagingsdk.NvmoTopicsManager$1.handleMessage:97
01-08 20:43:25.136 3778 3778 D CountryDetector: The first listener is added
01-08 20:43:25.270 3778 3778 I ActivityManager: Start proc 17955:com.google.android.partnersetup/u0a15 for service com.google.android.partnersetup/.InstalledAppJobService
01-08 20:43:25.273 3778 3792 I ProcessStatsService: Pruning old procstats: /data/system/procstats/state-2000-01-01-02-00-28.bin
01-08 20:43:25.286 7102 17954 W ContextImpl: Calling a method in the system process without a qualified user: android.app.ContextImpl.startService:1479 android.content.ContextWrapper.startService:644 com.nvidia.app.messagingsdk.a.fd:139 com.nvidia.app.messagingsdk.a.fk:130 com.nvidia.app.messagingsdk.a.fe:58
01-08 20:43:25.290 7102 7102 W ContextImpl: Calling a method in the system process without a qualified user: android.app.ContextImpl.startService:1479 android.content.ContextWrapper.startService:644 com.nvidia.app.messagingsdk.a.fc:122 com.nvidia.app.messagingsdk.a.fi:0 com.nvidia.app.messagingsdk.c.handleMessage:97
01-08 20:43:26.880 3778 3793 I ActivityManager: Start proc 18000:com.android.vending:instant_app_installer/u0a31 for broadcast com.android.vending/com.google.android.finsky.instantapps.PhenotypeUpdateReceiver
01-08 20:43:27.112 3778 4598 I ActivityManager: Start proc 18030:com.google.android.gms.ui/u0a10 for service com.google.android.gms/.chimera.UiIntentOperationService
01-08 20:43:34.502 3778 3789 I ActivityManager: Killing 9687:de.sky.bx/u0a120 (adj 906): empty for 6836s
01-08 20:44:00.001 3778 3778 I ActivityManager: Killing 14132:com.google.android.apps.mediashell:sandboxed_process1/u0a0i2 (adj 300): empty for 5346s
01-08 20:44:00.025 3778 4709 W ActivityManager: Scheduling restart of crashed service com.google.android.apps.mediashell/org.chromium.content.app.SandboxedProcessService1 in 1000ms
01-08 20:44:25.136 3778 3778 D CountryDetector: No listener is left
01-08 20:44:30.384 7774 18181 F libc : Fatal signal 6 (SIGABRT), code -6 in tid 18181 (Thread-20)
01-08 20:44:30.467 18201 18201 F DEBUG : *** *** *** *** *** *** *** *** *** *** *** *** *** *** *** ***
01-08 20:44:30.467 18201 18201 F DEBUG : Build fingerprint: 'NVIDIA/darcy/darcy:8.0.0/OPR6.170623.010/3507953_1364.6545:user/release-keys'
01-08 20:44:30.467 18201 18201 F DEBUG : Revision: '0'
01-08 20:44:30.467 18201 18201 F DEBUG : ABI: 'arm64'
01-08 20:44:30.467 18201 18201 F DEBUG : pid: 7774, tid: 18181, name: Thread-20 >>> org.xbmc.kodi <<<
01-08 20:44:30.467 18201 18201 F DEBUG : signal 6 (SIGABRT), code -6 (SI_TKILL), fault addr --------
01-08 20:44:30.471 18201 18201 F DEBUG : Abort message: 'java_vm_ext.cc:504] JNI DETECTED ERROR IN APPLICATION: JNI GetArrayLength called with pending exception android.media.MediaDrm$MediaDrmStateException: Failed to handle key response: General DRM error'
01-08 20:44:30.471 18201 18201 F DEBUG : x0 0000000000000000 x1 0000000000004705 x2 0000000000000006 x3 0000000000000008
01-08 20:44:30.471 18201 18201 F DEBUG : x4 0000000000000000 x5 0000000000000000 x6 0000000000000000 x7 7f7f7f7f7f7f7f7f
01-08 20:44:30.471 18201 18201 F DEBUG : x8 0000000000000083 x9 47ef43bbe27096ae x10 0000000000000000 x11 0000000000000001
01-08 20:44:30.471 18201 18201 F DEBUG : x12 ffffffffffffffff x13 ffffffffffffffff x14 ff00000000000000 x15 ffffffffffffffff
01-08 20:44:30.471 18201 18201 F DEBUG : x16 00000025edbd22f8 x17 00000025edb745d0 x18 0000000000000020 x19 0000000000001e5e
01-08 20:44:30.471 18201 18201 F DEBUG : x20 0000000000004705 x21 000000260ee74280 x22 0000000000000073 x23 0000000000000ec5
01-08 20:44:30.471 18201 18201 F DEBUG : x24 00000000000000d1 x25 000000261947f000 x26 0000000000000ec4 x27 000000260e1f5a50
01-08 20:44:30.471 18201 18201 F DEBUG : x28 0000000000000043 x29 000000260e1f58f0 x30 00000025edb28994
01-08 20:44:30.471 18201 18201 F DEBUG : sp 000000260e1f58b0 pc 00000025edb745d8 pstate 0000000060000000
01-08 20:44:30.495 18201 18201 F DEBUG :
01-08 20:44:30.495 18201 18201 F DEBUG : backtrace:
01-08 20:44:30.495 18201 18201 F DEBUG : #00 pc 00000000000695d8 /system/lib64/libc.so (tgkill+8)
01-08 20:44:30.495 18201 18201 F DEBUG : #01 pc 000000000001d990 /system/lib64/libc.so (abort+88)
