01-08 17:41:26.527 3778 3902 D UsbHostManager: Added device UsbDevice[mName=/dev/bus/usb/001/003,mVendorId=1133,mProductId=50475,mClass=0,mSubclass=0,mProtocol=0,mManufacturerName=null,mProductName=USB Receiver,mVersion=2.0,mSerialNumber=null,mConfigurations=[
01-08 17:41:26.527 3778 3902 D UsbHostManager: UsbConfiguration[mId=1,mName=RQR12.03_B0025,mAttributes=160,mMaxPower=49,mInterfaces=[
01-08 17:41:26.527 3778 3902 D UsbHostManager: UsbInterface[mId=0,mAlternateSetting=0,mName=null,mClass=3,mSubclass=1,mProtocol=1,mEndpoints=[
01-08 17:41:26.527 3778 3902 D UsbHostManager: UsbEndpoint[mAddress=129,mAttributes=3,mMaxPacketSize=8,mInterval=8]]
01-08 17:41:26.527 3778 3902 D UsbHostManager: UsbInterface[mId=1,mAlternateSetting=0,mName=null,mClass=3,mSubclass=1,mProtocol=2,mEndpoints=[
01-08 17:41:26.527 3778 3902 D UsbHostManager: UsbEndpoint[mAddress=130,mAttributes=3,mMaxPacketSize=8,mInterval=2]]
01-08 17:41:26.527 3778 3902 D UsbHostManager: UsbInterface[mId=2,mAlternateSetting=0,mName=null,mClass=3,mSubclass=0,mProtocol=0,mEndpoints=[
01-08 17:41:26.527 3778 3902 D UsbHostManager: UsbEndpoint[mAddress=131,mAttributes=3,mMaxPacketSize=32,mInterval=2]]]]
01-08 17:41:26.543 3778 3793 I ActivityManager: Start proc 5863:com.google.android.tv/u0a29 for broadcast com.google.android.tv/.livechannels.tunerinputcontroller.TunerInputControllerImpl$IntentReceiver
01-08 17:41:26.642 3778 3841 I ActivityManager: Config changes=30 {1.0 ?mcc?mnc [de_DE] ldltr sw540dp w960dp h540dp 320dpi lrg long land television -touch qwerty/v/v dpad/v appBounds=Rect(0, 0 - 1920, 1080) s.6}
01-08 17:41:26.672 3778 3841 I ActivityManager: Override config changes=30 {1.0 ?mcc?mnc [de_DE] ldltr sw540dp w960dp h540dp 320dpi lrg long land television -touch qwerty/v/v dpad/v appBounds=Rect(0, 0 - 1920, 1080) s.6} for displayId=0
01-08 17:41:26.702 3778 3902 D UsbHostManager: Added device UsbDevice[mName=/dev/bus/usb/001/004,mVendorId=1118,mProductId=1817,mClass=255,mSubclass=255,mProtocol=255,mManufacturerName=©Microsoft,mProductName=Xbox 360 Wireless Receiver for Windows,mVersion=2.0,mSerialNumber=E0E48BE0,mConfigurations=[
01-08 17:41:26.702 3778 3902 D UsbHostManager: UsbConfiguration[mId=1,mName=null,mAttributes=160,mMaxPower=130,mInterfaces=[
01-08 17:41:26.702 3778 3902 D UsbHostManager: UsbInterface[mId=0,mAlternateSetting=0,mName=null,mClass=255,mSubclass=93,mProtocol=129,mEndpoints=[
01-08 17:41:26.702 3778 3902 D UsbHostManager: UsbEndpoint[mAddress=129,mAttributes=3,mMaxPacketSize=32,mInterval=1]
01-08 17:41:26.702 3778 3902 D UsbHostManager: UsbEndpoint[mAddress=1,mAttributes=3,mMaxPacketSize=32,mInterval=8]]
01-08 17:41:26.702 3778 3902 D UsbHostManager: UsbInterface[mId=1,mAlternateSetting=0,mName=null,mClass=255,mSubclass=93,mProtocol=130,mEndpoints=[
01-08 17:41:26.702 3778 3902 D UsbHostManager: UsbEndpoint[mAddress=130,mAttributes=3,mMaxPacketSize=32,mInterval=2]
01-08 17:41:26.702 3778 3902 D UsbHostManager: UsbEndpoint[mAddress=2,mAttributes=3,mMaxPacketSize=32,mInterval=4]]
01-08 17:41:26.702 3778 3902 D UsbHostManager: UsbInterface[mId=2,mAlternateSetting=0,mName=null,mClass=255,mSubclass=93,mProtocol=129,mEndpoints=[
01-08 17:41:26.702 3778 3902 D UsbHostManager: UsbEndpoint[mAddress=131,mAttributes=3,mMaxPacketSize=32,mInterval=1]
01-08 17:41:26.702 3778 3902 D UsbHostManager: UsbEndpoint[mAddress=3,mAttributes=3,mMaxPacketSize=32,mInterval=8]]
01-08 17:41:26.702 3778 3902 D UsbHostManager: UsbInterface[mId=3,mAlternateSetting=0,mName=null,mClass=255,mSubclass=93,mProtocol=130,mEndpoints=[
01-08 17:41:26.702 3778 3902 D UsbHostManager: UsbEndpoint[mAddress=132,mAttributes=3,mMaxPacketSize=32,mInterval=2]
01-08 17:41:26.702 3778 3902 D UsbHostManager: UsbEndpoint[mAddress=4,mAttributes=3,mMaxPacketSize=32,mInterval=4]]
01-08 17:41:26.702 3778 3902 D UsbHostManager: UsbInterface[mId=4,mAlternateSetting=0,mName=null,mClass=255,mSubclass=93,mProtocol=129,mEndpoints=[
01-08 17:41:26.702 3778 3902 D UsbHostManager: UsbEndpoint[mAddress=133,mAttributes=3,mMaxPacketSize=32,mInterval=1]
01-08 17:41:26.702 3778 3902 D UsbHostManager: UsbEndpoint[mAddress=5,mAttributes=3,mMaxPacketSize=32,mInterval=8]]
01-08 17:41:26.702 3778 3902 D UsbHostManager: UsbInterface[mId=5,mAlternateSetting=0,mName=null,mClass=255,mSubclass=93,mProtocol=130,mEndpoints=[
01-08 17:41:26.702 3778 3902 D UsbHostManager: UsbEndpoint[mAddress=134,mAttributes=3,mMaxPacketSize=32,mInterval=2]
01-08 17:41:26.702 3778 3902 D UsbHostManager: UsbEndpoint[mAddress=6,mAttributes=3,mMaxPacketSize=32,mInterval=4]]
01-08 17:41:26.702 3778 3902 D UsbHostManager: UsbInterface[mId=6,mAlternateSetting=0,mName=null,mClass=255,mSubclass=93,mProtocol=129,mEndpoints=[
01-08 17:41:26.702 3778 3902 D UsbHostManager: UsbEndpoint[mAddress=135,mAttributes=3,mMaxPacketSize=32,mInterval=1]
01-08 17:41:26.702 3778 3902 D UsbHostManager: UsbEndpoint[mAddress=7,mAttributes=3,mMaxPacketSize=32,mInterval=8]]
01-08 17:41:26.702 3778 3902 D UsbHostManager: UsbInterface[mId=7,mAlternateSetting=0,mName=null,mClass=255,mSubclass=93,mProtocol=130,mEndpoints=[
01-08 17:41:26.702 3778 3902 D UsbHostManager: UsbEndpoint[mAddress=136,mAttributes=3,mMaxPacketSize=32,mInterval=2]
01-08 17:41:26.702 3778 3902 D UsbHostManager: UsbEndpoint[mAddress=8,mAttributes=3,mMaxPacketSize=32,mInterval=4]]]]
01-08 17:41:26.845 3778 5882 I WindowManager: WindowState() - found Launcher @ mAppToken:AppWindowToken{ea701d4 token=Token{1d8261a ActivityRecord{6828cc5 u0 com.google.android.tvlauncher/.HomeScreen t2325}}}
01-08 17:41:26.862 3778 4036 I ActivityManager: Start proc 5918:com.android.tv.common/u0a29 for content provider com.google.android.tv/com.android.tv.common.CommonPreferenceProvider
01-08 17:41:26.996 3778 5882 I ActivityManager: Killing 3893:com.google.android.inputmethod.latin/u0a113 (adj 906): empty #17
01-08 17:41:27.012 3778 4036 I ActivityManager: Start proc 5977:com.nvidia.bluetooth.ps3usbpairer/1000 for broadcast com.nvidia.bluetooth.ps3usbpairer/.Ps3UsbPairerReceiver
01-08 17:41:27.013 3778 4067 W ActivityManager: Permission Denial: opening provider com.nvidia.tegrazone.search.ImageProvider from ProcessRecord{c39f171 4743:com.google.android.tvlauncher/u0a108} (pid=4743, uid=10108) that is not exported from UID 10075
01-08 17:41:27.115 3778 4595 I ActivityManager: Start proc 6022:com.google.android.apps.inputmethod.hindi/u0a48 for broadcast com.google.android.apps.inputmethod.hindi/com.google.android.apps.inputmethod.libs.framework.core.LauncherIconVisibilityInitializer
01-08 17:41:27.124 3778 4595 I ActivityManager: Killing 4865:com.android.keychain/1000 (adj 906): empty #17
01-08 17:41:27.271 3778 3828 I WindowManager: Screen frozen for +597ms due to Window{9b4e065 u0 com.google.android.tvlauncher/com.google.android.tvlauncher.HomeScreen}
01-08 17:41:27.735 3778 4596 I ActivityManager: Start proc 6059:com.google.android.apps.inputmethod.zhuyin/u0a52 for broadcast com.google.android.apps.inputmethod.zhuyin/com.google.android.apps.inputmethod.libs.framework.core.LauncherIconVisibilityInitializer
01-08 17:41:27.735 3778 4595 I ActivityManager: Killing 4826:com.nvidia.diagtools/1000 (adj 906): empty #17
01-08 17:41:28.216 3778 4595 I ActivityManager: Start proc 6109:com.google.android.apps.mediashell/u0a0 for broadcast com.google.android.apps.mediashell/.AutoStartListener
01-08 17:41:28.218 3778 4596 I ActivityManager: Killing 5279:android.process.acore/u0a4 (adj 906): empty #17
01-08 17:41:28.352 3778 4555 I ActivityManager: Start proc 6136:com.google.android.inputmethod.japanese/u0a49 for broadcast com.google.android.inputmethod.japanese/com.google.android.apps.inputmethod.libs.framework.core.LauncherIconVisibilityInitializer
01-08 17:41:28.360 3778 3793 V ActivityManager: Attempted to start a foreground service (ComponentInfo{com.google.android.apps.mediashell/com.google.android.apps.mediashell.MediaShellCastReceiverService}) with a broken notification (no icon: Notification(channel=com.google.android.apps.mediashell.cast_channel pri=0 contentView=null vibrate=null sound=null defaults=0x0 flags=0x40 color=0x00000000 vis=PRIVATE))
01-08 17:41:28.360 3778 3793 E NotificationService: Suppressing notification from package by user request.
01-08 17:41:28.680 3778 3793 I ActivityManager: Start proc 6161:com.nvidia.tegrazone3:PersonalGridService/u0a75 for broadcast com.nvidia.tegrazone3/com.google.android.gms.gcm.GcmReceiver
01-08 17:41:28.705 3778 6042 W ActivityManager: Permission Denial: opening provider com.nvidia.tegrazone.search.ImageProvider from ProcessRecord{c39f171 4743:com.google.android.tvlauncher/u0a108} (pid=4743, uid=10108) that is not exported from UID 10075
01-08 17:41:29.080 3778 4032 I ActivityManager: Start proc 6231:com.nvidia.tegrazone3:telemetry/u0a75 for service com.nvidia.tegrazone3/com.nvidia.gxtelemetry.TelemetryService
01-08 17:41:29.083 3778 4596 I ActivityManager: Killing 4406:com.google.android.marvin.talkback/u0a69 (adj 906): empty #17
01-08 17:41:29.115 3778 4596 I ActivityManager: Start proc 6250:com.google.android.gms.unstable/u0a10 for service com.google.android.gms/.droidguard.DroidGuardService
01-08 17:41:29.405 3778 4555 W ActivityManager: Unable to start service Intent { act=com.google.android.gms.nearby.discovery:ACTION_INIT_MESSAGES_PATH cmp=com.google.android.gms/.nearby.discovery.service.DiscoveryService } U=0: not found
01-08 17:41:29.624 3778 4555 I ActivityManager: Start proc 6356:android.process.acore/u0a4 for content provider com.android.providers.contacts/.ContactsProvider2
01-08 17:41:29.673 3778 4709 I ActivityManager: Start proc 6370:com.google.android.inputmethod.korean/u0a94 for broadcast com.google.android.inputmethod.korean/com.google.android.apps.inputmethod.libs.framework.core.LauncherIconVisibilityInitializer
01-08 17:41:29.674 3778 4709 I ActivityManager: Killing 5426:com.google.android.play.games/u0a60 (adj 906): empty #17
01-08 17:41:29.810 3778 4596 I ActivityManager: Start proc 6406:com.google.android.gms.ui/u0a10 for service com.google.android.gms/.chimera.UiIntentOperationService
01-08 17:41:29.850 3778 3834 I ActivityManager: Start proc 6413:com.amazon.amazonvideo.livingroom:BackgroundServices/u0a110 for service com.amazon.amazonvideo.livingroom/com.amazon.ignition.service.UpdateRecommendationsService
01-08 17:41:29.883 3778 4091 W ActivityManager: Unable to start service Intent { act=com.google.android.gms.wearable.BIND pkg=com.google.android.gms } U=0: not found
01-08 17:41:29.947 3778 4637 W ActivityManager: Unbind failed: could not find connection for android.os.BinderProxy@e2af16d
01-08 17:41:30.577 3778 3929 I ActivityManager: Start proc 6512:com.google.android.inputmethod.latin/u0a113 for broadcast com.google.android.inputmethod.latin/com.google.android.apps.inputmethod.libs.framework.core.LauncherIconVisibilityInitializer
01-08 17:41:30.609 3778 3929 I ActivityManager: Killing 5535:com.google.android.play.games.ui/u0a60 (adj 906): empty #17
01-08 17:41:30.609 3778 3929 I ActivityManager: Killing 5316:com.google.android.music:main/u0a54 (adj 906): empty #18
01-08 17:41:30.820 3778 3797 D UsbAlsaManager: Adding ALSA device AlsaDevice: [card: 2, device: 0, type: 2]
01-08 17:41:30.880 3778 4555 I ActivityManager: Start proc 6566:com.google.android.inputmethod.pinyin/u0a50 for broadcast com.google.android.inputmethod.pinyin/com.google.android.apps.inputmethod.libs.framework.core.LauncherIconVisibilityInitializer
01-08 17:41:30.884 3778 4555 I ActivityManager: Killing 5610:com.amazon.amazonvideo.livingroom/u0a110 (adj 906): empty #17
01-08 17:41:31.668 3778 4652 I ActivityManager: Killing 5680:com.android.hotwordenrollment/u0a77 (adj 906): empty #17
01-08 17:41:31.734 3778 6537 I ActivityManager: Start proc 6658:com.google.android.leanbacklauncher/u0a19 for broadcast com.google.android.leanbacklauncher/.BootCompletedReceiver
01-08 17:41:31.852 3778 4555 I ActivityManager: Start proc 6677:com.google.android.onetimeinitializer/u0a13 for broadcast com.google.android.onetimeinitializer/.OneTimeInitializerReceiver
01-08 17:41:31.902 3778 4708 I ActivityManager: Killing 5495:com.plexapp.android/u0a61 (adj 906): empty #17
01-08 17:41:31.918 3778 4555 I ActivityManager: Start proc 6698:com.google.android.packageinstaller/u0a14 for broadcast com.google.android.packageinstaller/com.android.packageinstaller.TemporaryFileManager
01-08 17:41:31.919 3778 4555 I ActivityManager: Killing 5762:com.android.providers.calendar/u0a3 (adj 906): empty #17
01-08 17:41:32.247 3778 4708 I ActivityManager: Start proc 6719:com.google.android.partnersetup/u0a15 for broadcast com.google.android.partnersetup/.GooglePartnerSetup
01-08 17:41:32.248 3778 4708 I ActivityManager: Killing 5918:com.android.tv.common/u0a29 (adj 906): empty #17
01-08 17:41:32.330 3778 4684 I ActivityManager: Start proc 6738:com.android.vending:instant_app_installer/u0a31 for service com.android.vending/com.google.android.finsky.instantapps.statussync.StatusSyncService
01-08 17:41:32.692 3778 4598 I ActivityManager: Killing 5863:com.google.android.tv/u0a29 (adj 906): empty #17
01-08 17:41:32.739 3778 4598 I ActivityManager: Start proc 6787:com.google.process.gapps/u0a46 for broadcast com.google.android.syncadapters.contacts/.ContactsSyncAdapterBroadcastReceiver
01-08 17:41:32.762 3778 4091 I ActivityManager: Killing 5977:com.nvidia.bluetooth.ps3usbpairer/1000 (adj 906): empty #17
01-08 17:41:32.938 3778 4037 I ActivityManager: Start proc 6809:com.google.android.tv/u0a29 for broadcast com.google.android.tv/.livechannels.tunerinputcontroller.TunerInputControllerImpl$IntentReceiver
01-08 17:41:32.991 3778 4036 I ActivityManager: Killing 4906:com.mobisystems.fileman/u0a104 (adj 906): empty #17
01-08 17:41:33.051 3778 3790 I ActivityManager: Start proc 6834:com.android.tv.common/u0a29 for content provider com.google.android.tv/com.android.tv.common.CommonPreferenceProvider
01-08 17:41:33.153 3778 6786 I ActivityManager: Start proc 6872:com.google.android.remote.tv.services/u0a1 for broadcast com.google.android.tv.remote.service/.BootReceiver
01-08 17:41:33.154 3778 6786 I ActivityManager: Killing 6022:com.google.android.apps.inputmethod.hindi/u0a48 (adj 906): empty #17
01-08 17:41:33.635 3778 4036 I ActivityManager: Start proc 6907:com.google.android.videos/u0a66 for broadcast com.google.android.videos/com.google.android.apps.play.movies.tv.usecase.tvinput.epg.TvEpgUpdateBroadcastReceiver
01-08 17:41:33.751 3778 3778 D BluetoothManagerService: Bluetooth Adapter name changed to SHIELD
01-08 17:41:33.751 3778 3778 D BluetoothManagerService: Stored Bluetooth name: SHIELD
01-08 17:41:33.770 3778 3859 D NsdService: startMDnsDaemon
01-08 17:41:33.859 3778 3799 I ActivityManager: Start proc 6936:com.google.android.ext.services/u0a11 for service com.google.android.ext.services/android.ext.services.storage.CacheQuotaServiceImpl
01-08 17:41:33.918 3778 4036 I ActivityManager: Killing 6059:com.google.android.apps.inputmethod.zhuyin/u0a52 (adj 906): empty #17
01-08 17:41:33.972 3778 3859 D NsdService: New client listening to asynchronous messages
01-08 17:41:33.972 3778 3859 D NsdService: New client, channel: com.android.internal.util.AsyncChannel@5edc1a1 messenger: android.os.Messenger@ac0afc6
01-08 17:41:33.985 3778 3859 D NsdService: Register service
01-08 17:41:33.985 3778 3859 D NsdService: registerService: 2 name: SHIELD, type: _androidtvremote._tcp., host: null, port: 6466, txtRecord: bt=00:04:4B:87:78:D1
01-08 17:41:33.987 3778 3859 D NsdService: Register 1 2
01-08 17:41:34.324 3778 4595 I ActivityManager: Start proc 7001:com.google.android.youtube.tv/u0a68 for broadcast com.google.android.youtube.tv/com.google.android.libraries.youtube.tv.recommendations.RecommendationsScheduler$Receiver
01-08 17:41:34.332 3778 4595 I ActivityManager: Killing 6136:com.google.android.inputmethod.japanese/u0a49 (adj 906): empty #17
01-08 17:41:35.219 3778 6537 I ActivityManager: Killing 6161:com.nvidia.tegrazone3:PersonalGridService/u0a75 (adj 906): empty #17
01-08 17:41:35.232 3778 4708 I ActivityManager: Start proc 7073:com.nvidia.KeyComboOta/1000 for broadcast com.nvidia.KeyComboOta/.TaskReceiver
01-08 17:41:35.315 3778 4708 I ActivityManager: Start proc 7102:com.nvidia.NvCPLUpdater/1000 for broadcast com.nvidia.NvCPLUpdater/.NvCPLUpdaterBootReceiver
01-08 17:41:35.382 7102 7102 W ContextImpl: Calling a method in the system process without a qualified user: android.app.ContextImpl.startService:1479 android.content.ContextWrapper.startService:644 android.content.ContextWrapper.startService:644 com.nvidia.NvCPLUpdater.NvCPLUpdaterService.ce:220 com.nvidia.NvCPLUpdater.NvCPLUpdaterBootReceiver.onReceive:31
01-08 17:41:35.424 3778 6786 I ActivityManager: Start proc 7135:com.nvidia.diagtools/1000 for broadcast com.nvidia.diagtools/.main.BootCompletedReceiver
01-08 17:41:35.451 7102 7119 W ContextImpl: Calling a method in the system process without a qualified user: android.app.ContextImpl.startService:1479 android.content.ContextWrapper.startService:644 com.nvidia.app.messagingsdk.a.fd:139 com.nvidia.app.messagingsdk.a.fk:130 com.nvidia.app.messagingsdk.a.fe:58
01-08 17:41:35.478 3778 6537 I ActivityManager: Killing 6231:com.nvidia.tegrazone3:telemetry/u0a75 (adj 906): empty #17
01-08 17:41:35.505 3778 3859 D NsdService: New client listening to asynchronous messages
01-08 17:41:35.505 3778 3859 D NsdService: New client, channel: com.android.internal.util.AsyncChannel@8999940 messenger: android.os.Messenger@d97f079
01-08 17:41:35.508 3778 4037 D ConnectivityService: requestNetwork for uid/pid:10058/4690 NetworkRequest [ TRACK_DEFAULT id=9, [ Capabilities: INTERNET&NOT_RESTRICTED&TRUSTED&NOT_VPN] ]
01-08 17:41:35.510 3778 3859 D NsdService: Register service
01-08 17:41:35.510 3778 3859 D NsdService: registerService: 3 name: SHIELD, type: _nv_shield_remote._tcp., host: null, port: 8987, txtRecord: SERVER=991a48e5cc906101
01-08 17:41:35.512 3778 3859 D NsdService: Register 1 3
01-08 17:41:35.565 3778 4037 I ActivityManager: Start proc 7168:com.nvidia.enhancedlogging/1000 for broadcast com.nvidia.enhancedlogging/.BootReceiver
01-08 17:41:35.566 3778 4630 I ActivityManager: Killing 6370:com.google.android.inputmethod.korean/u0a94 (adj 906): empty #17
01-08 17:41:35.631 7168 7168 W ContextImpl: Calling a method in the system process without a qualified user: android.app.ContextImpl.startService:1479 android.content.ContextWrapper.startService:644 android.content.ContextWrapper.startService:644 com.nvidia.enhancedlogging.BootReceiver.startLogService:33 com.nvidia.enhancedlogging.BootReceiver.onReceive:26
01-08 17:41:35.649 3778 4708 I ActivityManager: Start proc 7187:com.nvidia.factorysyschecker/1000 for broadcast com.nvidia.factorysyschecker/.BootReceiver
01-08 17:41:35.652 7168 7168 W ContextImpl: Calling a method in the system process without a qualified user: android.app.ContextImpl.startService:1479 android.content.ContextWrapper.startService:644 com.nvidia.enhancedlogging.ConfigKeeper.initialize:71 com.nvidia.enhancedlogging.LogService.onCreate:67 android.app.ActivityThread.handleCreateService:3457
01-08 17:41:35.681 7168 7168 W ContextImpl: Calling a method in the system process without a qualified user: android.app.ContextImpl.startService:1479 android.content.ContextWrapper.startService:644 com.nvidia.app.messagingsdk.NvmoTopicsManager.sendRequest:139 com.nvidia.app.messagingsdk.NvmoTopicsManager.sendSubscribeRequest:130 com.nvidia.app.messagingsdk.NvmoTopicsManager.subscribe:58
01-08 17:41:35.718 3778 4091 I ActivityManager: Start proc 7207:com.nvidia.feedback/1000 for broadcast com.nvidia.feedback/.BootReceiver
01-08 17:41:35.719 3778 4091 I ActivityManager: Killing 5660:com.google.android.tts/u0a51 (adj 906): empty #17
01-08 17:41:35.766 3778 4037 W ActivityManager: Scheduling restart of crashed service com.google.android.tts/.service.GoogleTTSService in 1000ms
01-08 17:41:35.797 3778 4651 I ActivityManager: Start proc 7224:com.nvidia.flynn.ui/1000 for broadcast com.nvidia.flynn.ui/.BootReceiver
01-08 17:41:35.809 7207 7207 W ContextImpl: Calling a method in the system process without a qualified user: android.app.ContextImpl.startService:1479 android.content.ContextWrapper.startService:644 com.nvidia.feedback.FeedbackUploadJobService.onStartJob:28 android.app.job.JobService$1.onStartJob:71 android.app.job.JobServiceEngine$JobHandler.handleMessage:108
01-08 17:41:35.836 3778 4036 I ActivityManager: Killing 6413:com.amazon.amazonvideo.livingroom:BackgroundServices/u0a110 (adj 906): empty #17 --------- beginning of crash
01-08 17:41:35.849 7224 7224 E AndroidRuntime: FATAL EXCEPTION: main
01-08 17:41:35.849 7224 7224 E AndroidRuntime: Process: com.nvidia.flynn.ui, PID: 7224
01-08 17:41:35.849 7224 7224 E AndroidRuntime: java.lang.RuntimeException: Unable to start receiver com.nvidia.flynn.ui.BootReceiver: java.util.NoSuchElementException
01-08 17:41:35.849 7224 7224 E AndroidRuntime: at android.app.ActivityThread.handleReceiver(ActivityThread.java:3312)
01-08 17:41:35.849 7224 7224 E AndroidRuntime: at android.app.ActivityThread.-wrap17(Unknown Source:0)
01-08 17:41:35.849 7224 7224 E AndroidRuntime: at android.app.ActivityThread$H.handleMessage(ActivityThread.java:1680)
01-08 17:41:35.849 7224 7224 E AndroidRuntime: at android.os.Handler.dispatchMessage(Handler.java:105)
01-08 17:41:35.849 7224 7224 E AndroidRuntime: at android.os.Looper.loop(Looper.java:164)
01-08 17:41:35.849 7224 7224 E AndroidRuntime: at android.app.ActivityThread.main(ActivityThread.java:6628)
01-08 17:41:35.849 7224 7224 E AndroidRuntime: at java.lang.reflect.Method.invoke(Native Method)
01-08 17:41:35.849 7224 7224 E AndroidRuntime: at com.android.internal.os.Zygote$MethodAndArgsCaller.run(Zygote.java:240)
01-08 17:41:35.849 7224 7224 E AndroidRuntime: at com.android.internal.os.ZygoteInit.main(ZygoteInit.java:776)
01-08 17:41:35.849 7224 7224 E AndroidRuntime: Caused by: java.util.NoSuchElementException
01-08 17:41:35.849 7224 7224 E AndroidRuntime: at android.os.HwBinder.getService(Native Method)
01-08 17:41:35.849 7224 7224 E AndroidRuntime: at vendor.nvidia.hardware.flynn.V1_0.IMcu.getService(IMcu.java:44)
01-08 17:41:35.849 7224 7224 E AndroidRuntime: at com.nvidia.flynn.ui.BootReceiver.onReceive(BootReceiver.java:29)
01-08 17:41:35.849 7224 7224 E AndroidRuntime: at android.app.ActivityThread.handleReceiver(ActivityThread.java:3305)
01-08 17:41:35.849 7224 7224 E AndroidRuntime: ... 8 more
01-08 17:41:35.859 3778 4651 I ActivityManager: Start proc 7245:com.nvidia.idsmonitor/1000 for broadcast com.nvidia.idsmonitor/.IDSBroadcastReceiver
01-08 17:41:35.860 3778 4651 I ActivityManager: Killing 6512:com.google.android.inputmethod.latin/u0a113 (adj 906): empty #17
01-08 17:41:35.889 3778 4685 I ActivityManager: Process com.nvidia.flynn.ui (pid 7224) has died: cch CEM
01-08 17:41:35.973 3778 4685 I ActivityManager: Start proc 7264:com.nvidia.irtuner/1000 for broadcast com.nvidia.irtuner/.service.NvIRTunerReceiver
01-08 17:41:36.017 3778 4685 I ActivityManager: Start proc 7283:com.nvidia.ota/u0a30 for broadcast com.nvidia.ota/.BootCompletedService$BootCompletedReceiver
01-08 17:41:36.183 4538 4538 W ContextImpl: Calling a method in the system process without a qualified user: android.app.ContextImpl.startService:1479 android.content.ContextWrapper.startService:644 android.content.ContextWrapper.startService:644 com.nvidia.peripheralservice.NvThermalStats.startThermalService:132 com.nvidia.peripheralservice.BootReceiver.onReceive:40
01-08 17:41:36.185 4538 4538 W ContextImpl: Calling a method in the system process without a qualified user: android.app.ContextImpl.startService:1479 android.content.ContextWrapper.startService:644 android.content.ContextWrapper.startService:644 com.nvidia.peripheralservice.NvPortsStatusStatSvc.startPortsStatusService:105 com.nvidia.peripheralservice.BootReceiver.onReceive:41
01-08 17:41:36.204 4538 4538 W ContextImpl: Calling a method in the system process without a qualified user: android.app.ContextImpl.startService:1479 android.content.ContextWrapper.startService:644 android.content.ContextWrapper.startService:644 com.nvidia.peripheralservice.NvIRStatSvc.startIRStatsService:79 com.nvidia.peripheralservice.BootReceiver.onReceive:47
01-08 17:41:36.232 3778 4036 I ActivityManager: Start proc 7324:com.nvidia.shield.nas/u0a21 for broadcast com.nvidia.shield.nas/.StateMonitor
01-08 17:41:36.243 7283 7330 E ActivityThread: Failed to find provider info for com.nvidia.ibeta
01-08 17:41:36.336 4597 4597 W ContextImpl: Calling a method in the system process without a qualified user: android.app.ContextImpl.startService:1479 android.content.ContextWrapper.startService:644 android.content.ContextWrapper.startService:644 com.nvidia.shieldservice.NvShieldLEDServiceReceiver.onReceive:36 android.app.ActivityThread.handleReceiver:3305
01-08 17:41:36.339 4666 4666 W ContextImpl: Calling a method in the system process without a qualified user: android.app.ContextImpl.startService:1479 android.content.ContextWrapper.startService:644 android.content.ContextWrapper.startService:644 com.nvidia.stats.BootCompletedReceiver.onReceive:13 android.app.ActivityThread.handleReceiver:3305
01-08 17:41:36.353 3778 4036 I ActivityManager: Start proc 7355:com.nvidia.tegrazone3/u0a75 for broadcast com.nvidia.tegrazone3/com.nvidia.tegrazone.location.RegionReceiver
01-08 17:41:36.428 4666 4666 E ActivityThread: Failed to find provider info for com.nvidia.ibeta
01-08 17:41:36.433 4666 7376 E ActivityThread: Failed to find provider info for com.nvidia.ibeta
01-08 17:41:36.443 3778 4685 I ActivityManager: Start proc 7379:com.nvidia.tegrazone3:telemetry/u0a75 for service com.nvidia.tegrazone3/com.nvidia.gxtelemetry.TransmissionService
01-08 17:41:36.444 4666 4666 E ActivityThread: Failed to find provider info for com.nvidia.ibeta
01-08 17:41:36.450 4666 4666 W ContextImpl: Calling a method in the system process without a qualified user: android.app.ContextImpl.startService:1479 android.content.ContextWrapper.startService:644 com.nvidia.app.messagingsdk.c.kd:139 com.nvidia.app.messagingsdk.c.kk:130 com.nvidia.app.messagingsdk.c.ke:58
01-08 17:41:36.451 4666 4666 W ContextImpl: Calling a method in the system process without a qualified user: android.app.ContextImpl.sendBroadcast:952 android.content.ContextWrapper.sendBroadcast:431 com.nvidia.stats.StatsService.onStartCommand:79 android.app.ActivityThread.handleServiceArgs:3592 android.app.ActivityThread.-wrap20:0
01-08 17:41:36.486 3778 4595 I ActivityManager: Killing 6566:com.google.android.inputmethod.pinyin/u0a50 (adj 906): empty #17
01-08 17:41:36.605 7102 7102 W ContextImpl: Calling a method in the system process without a qualified user: android.app.ContextImpl.startService:1479 android.content.ContextWrapper.startService:644 com.nvidia.app.messagingsdk.a.fc:122 com.nvidia.app.messagingsdk.a.fi:0 com.nvidia.app.messagingsdk.c.handleMessage:97
01-08 17:41:36.703 3778 4685 I ActivityManager: Start proc 7438:com.nvidia.tegrazone3:PersonalGridService/u0a75 for content provider com.nvidia.tegrazone3/com.nvidia.pgcontentprovider.PGContentProvider
01-08 17:41:36.723 3778 6042 I ActivityManager: Start proc 7450:com.plexapp.android/u0a61 for broadcast com.plexapp.android/com.plexapp.plex.services.updaterecommendations.BootCompletedReceiver
01-08 17:41:36.740 3778 3793 I ActivityManager: Start proc 7471:com.nvidia.shield.smbauth/u0a121 for broadcast com.nvidia.shield.smbauth/.nas.SmbReceiver
01-08 17:41:36.868 3778 6042 I ActivityManager: Start proc 7512:com.plexapp.mediaserver.smb:sambaserver/u0a62 for broadcast com.plexapp.mediaserver.smb/com.nvidia.shieldsmb.ShieldSMBBroadcastReceiver
01-08 17:41:36.950 3778 6042 I ActivityManager: Start proc 7534:com.mobisystems.fileman/u0a104 for broadcast com.mobisystems.fileman/com.mobisystems.libfilemng.BasicBootReceiver
01-08 17:41:36.958 3778 3793 E NotificationService: Suppressing notification from package by user request.
01-08 17:41:37.072 3778 3793 E NotificationService: Suppressing notification from package by user request.
01-08 17:41:37.089 7534 7534 E ActivityThread: Failed to find provider info for com.mobisystems.msconfig.provider
01-08 17:41:37.199 3778 3929 I ActivityManager: Killing 6406:com.google.android.gms.ui/u0a10 (adj 906): empty #17
01-08 17:41:37.326 3778 3859 D NsdService: New client listening to asynchronous messages
01-08 17:41:37.326 3778 3859 D NsdService: New client, channel: com.android.internal.util.AsyncChannel@312807d messenger: android.os.Messenger@fb4fb72
01-08 17:41:37.347 3778 3859 D NsdService: New client listening to asynchronous messages
01-08 17:41:37.347 3778 3859 D NsdService: New client, channel: com.android.internal.util.AsyncChannel@6936c6c messenger: android.os.Messenger@f564235
01-08 17:41:37.491 3778 3859 D NsdService: Discover services
01-08 17:41:37.491 3778 3859 D NsdService: discoverServices: 4 _nvstream._tcp.
01-08 17:41:37.493 3778 3859 D NsdService: Discover 1 4_nvstream._tcp.
01-08 17:41:37.493 3778 3859 D NsdService: Discover services
01-08 17:41:37.493 3778 3859 D NsdService: discoverServices: 5 _nvstream_dbd._tcp.
01-08 17:41:37.495 3778 3859 D NsdService: Discover 1 5_nvstream_dbd._tcp.
01-08 17:41:37.685 3778 3929 I ActivityManager: Start proc 7672:com.nousguide.android.rbtv/u0a99 for broadcast com.nousguide.android.rbtv/com.redbull.system.BootupReceiver
01-08 17:41:37.687 3778 4596 I ActivityManager: Killing 6677:com.google.android.onetimeinitializer/u0a13 (adj 906): empty #17
01-08 17:41:37.707 4666 4666 W ContextImpl: Calling a method in the system process without a qualified user: android.app.ContextImpl.startService:1479 android.content.ContextWrapper.startService:644 com.nvidia.app.messagingsdk.c.kc:122 com.nvidia.app.messagingsdk.c.ki:0 com.nvidia.app.messagingsdk.d.handleMessage:97
01-08 17:41:37.710 7168 7168 W ContextImpl: Calling a method in the system process without a qualified user: android.app.ContextImpl.startService:1479 android.content.ContextWrapper.startService:644 com.nvidia.app.messagingsdk.NvmoTopicsManager.sendRequestCompleted:122 com.nvidia.app.messagingsdk.NvmoTopicsManager.-wrap0:0 com.nvidia.app.messagingsdk.NvmoTopicsManager$1.handleMessage:97
01-08 17:41:38.231 3778 3793 W BroadcastQueue: Permission Denial: receiving Intent { act=android.intent.action.DROPBOX_ENTRY_ADDED flg=0x10 (has extras) } to ProcessRecord{7b3abf5 7672:com.nousguide.android.rbtv/u0a99} (pid=7672, uid=10099) requires android.permission.READ_LOGS due to sender android (uid 1000)
01-08 17:41:38.298 3778 3789 I ActivityManager: Killing 6658:com.google.android.leanbacklauncher/u0a19 (adj 906): empty #17
01-08 17:41:38.328 3778 3929 I ActivityManager: Start proc 7746:org.mozilla.firefox/u0a34 for broadcast org.mozilla.firefox/org.mozilla.mozstumbler.service.mainthread.SystemReceiver
01-08 17:41:38.992 3778 3789 I ActivityManager: Start proc 7774:org.xbmc.kodi/u0a97 for broadcast org.xbmc.kodi/.XBMCBroadcastReceiver
01-08 17:41:39.023 3778 3789 I ActivityManager: Killing 6698:com.google.android.packageinstaller/u0a14 (adj 906): empty #17
01-08 17:41:39.089 3778 3929 W ActivityManager: Permission Denial: opening provider com.nvidia.tegrazone.search.ImageProvider from ProcessRecord{c39f171 4743:com.google.android.tvlauncher/u0a108} (pid=4743, uid=10108) that is not exported from UID 10075
01-08 17:41:39.185 3778 6042 I ActivityManager: Killing 6738:com.android.vending:instant_app_installer/u0a31 (adj 906): empty #17
01-08 17:41:39.215 3778 3929 I ActivityManager: Finished processing BOOT_COMPLETED for u0
01-08 17:41:39.226 3778 6042 W BroadcastQueue: Background execution not allowed: receiving Intent { act=android.intent.action.MEDIA_SCANNER_STARTED dat=file:///storage/emulated/0 flg=0x10 } to com.nvidia.shield.nas/.StateMonitor
01-08 17:41:39.237 3778 4067 W BroadcastQueue: Background execution not allowed: receiving Intent { act=android.intent.action.DROPBOX_ENTRY_ADDED flg=0x10 (has extras) } to com.google.android.gms/.stats.service.DropBoxEntryAddedReceiver
01-08 17:41:39.238 3778 3793 W BroadcastQueue: Background execution not allowed: receiving Intent { act=android.intent.action.DROPBOX_ENTRY_ADDED flg=0x10 (has extras) } to com.google.android.gms/.chimera.GmsIntentOperationService$PersistentTrustedReceiver
01-08 17:41:39.257 3778 6537 W BroadcastQueue: Background execution not allowed: receiving Intent { act=android.intent.action.DROPBOX_ENTRY_ADDED flg=0x10 (has extras) } to com.google.android.gms/.stats.service.DropBoxEntryAddedReceiver
01-08 17:41:39.257 3778 3793 W BroadcastQueue: Background execution not allowed: receiving Intent { act=android.intent.action.DROPBOX_ENTRY_ADDED flg=0x10 (has extras) } to com.google.android.gms/.chimera.GmsIntentOperationService$PersistentTrustedReceiver
01-08 17:41:39.257 3778 3793 W BroadcastQueue: Background execution not allowed: receiving Intent { act=android.intent.action.DROPBOX_ENTRY_ADDED flg=0x10 (has extras) } to com.google.android.gms/.stats.service.DropBoxEntryAddedReceiver
01-08 17:41:39.258 3778 3793 W BroadcastQueue: Background execution not allowed: receiving Intent { act=android.intent.action.DROPBOX_ENTRY_ADDED flg=0x10 (has extras) } to com.google.android.gms/.chimera.GmsIntentOperationService$PersistentTrustedReceiver
01-08 17:41:39.266 3778 4067 W BroadcastQueue: Background execution not allowed: receiving Intent { act=com.google.android.tvsearch.action.ASSISTANT_CAPABILITY_UPDATES flg=0x10 } to com.google.android.katniss/com.google.android.apps.tvsearch.providers.launcher.WidgetInfoUpdateReceiver
01-08 17:41:39.289 3778 4630 W BroadcastQueue: Background execution not allowed: receiving Intent { act=com.google.android.music.START_DOWNLOAD_SCHEDULING flg=0x10 } to com.google.android.music/.autocache.AutoCacheSchedulingService$EnablingReceiver
01-08 17:41:39.547 3778 4596 I ActivityManager: Start proc 7810:com.google.android.inputmethod.latin/u0a113 for service com.google.android.inputmethod.latin/com.firebase.jobdispatcher.GooglePlayReceiver
01-08 17:41:39.578 3778 4630 W BroadcastQueue: Background execution not allowed: receiving Intent { act=android.intent.action.DROPBOX_ENTRY_ADDED flg=0x10 (has extras) } to com.google.android.gms/.stats.service.DropBoxEntryAddedReceiver
01-08 17:41:39.578 3778 3793 W BroadcastQueue: Background execution not allowed: receiving Intent { act=android.intent.action.DROPBOX_ENTRY_ADDED flg=0x10 (has extras) } to com.google.android.gms/.chimera.GmsIntentOperationService$PersistentTrustedReceiver
01-08 17:41:39.612 3778 6537 I ActivityManager: Start proc 7824:com.android.providers.calendar/u0a3 for broadcast com.android.providers.calendar/.CalendarProviderBroadcastReceiver
01-08 17:41:39.638 3778 4067 W ActivityManager: Unable to start service Intent { act=android.bluetooth.device.action.ACL_CONNECTED cmp=com.google.android.gms/.nearby.discovery.service.DiscoveryService (has extras) } U=0: not found
01-08 17:41:39.737 3778 3789 W BroadcastQueue: Background execution not allowed: receiving Intent { act=android.bluetooth.adapter.action.CONNECTION_STATE_CHANGED flg=0x4000010 (has extras) } to com.google.android.gms/.chimera.GmsIntentOperationService$PersistentTrustedReceiver
01-08 17:41:39.739 3778 3793 I ActivityManager: Killing 6719:com.google.android.partnersetup/u0a15 (adj 906): empty #17
01-08 17:41:39.745 3778 3789 W BroadcastQueue: Background execution not allowed: receiving Intent { act=android.speech.action.GET_LANGUAGE_DETAILS flg=0x10 } to com.google.android.katniss/.search.serviceapi.IntentApiReceiver
01-08 17:41:39.867 3778 4091 W BroadcastQueue: Background execution not allowed: receiving Intent { act=android.intent.action.MEDIA_SCANNER_FINISHED dat=file:///storage/emulated/0 flg=0x10 } to com.nvidia.shield.nas/.StateMonitor
01-08 17:41:39.868 3778 3793 W BroadcastQueue: Background execution not allowed: receiving Intent { act=android.intent.action.MEDIA_SCANNER_STARTED dat=file:///storage/emulated/0 flg=0x10 } to com.nvidia.shield.nas/.StateMonitor
01-08 17:41:39.898 3778 4036 W BroadcastQueue: Background execution not allowed: receiving Intent { act=android.intent.action.DROPBOX_ENTRY_ADDED flg=0x10 (has extras) } to com.google.android.gms/.stats.service.DropBoxEntryAddedReceiver
01-08 17:41:39.899 3778 3793 W BroadcastQueue: Background execution not allowed: receiving Intent { act=android.intent.action.DROPBOX_ENTRY_ADDED flg=0x10 (has extras) } to com.google.android.gms/.chimera.GmsIntentOperationService$PersistentTrustedReceiver
01-08 17:41:39.899 3778 3793 W BroadcastQueue: Background execution not allowed: receiving Intent { act=android.intent.action.DROPBOX_ENTRY_ADDED flg=0x10 (has extras) } to com.google.android.gms/.stats.service.DropBoxEntryAddedReceiver
01-08 17:41:39.899 3778 3793 W BroadcastQueue: Background execution not allowed: receiving Intent { act=android.intent.action.DROPBOX_ENTRY_ADDED flg=0x10 (has extras) } to com.google.android.gms/.chimera.GmsIntentOperationService$PersistentTrustedReceiver
01-08 17:41:39.899 3778 3793 W BroadcastQueue: Background execution not allowed: receiving Intent { act=android.intent.action.DROPBOX_ENTRY_ADDED flg=0x10 (has extras) } to com.google.android.gms/.stats.service.DropBoxEntryAddedReceiver
01-08 17:41:39.899 3778 3793 W BroadcastQueue: Background execution not allowed: receiving Intent { act=android.intent.action.DROPBOX_ENTRY_ADDED flg=0x10 (has extras) } to com.google.android.gms/.chimera.GmsIntentOperationService$PersistentTrustedReceiver
01-08 17:41:39.899 3778 3793 W BroadcastQueue: Background execution not allowed: receiving Intent { act=android.intent.action.DROPBOX_ENTRY_ADDED flg=0x10 (has extras) } to com.google.android.gms/.stats.service.DropBoxEntryAddedReceiver
01-08 17:41:39.899 3778 3793 W BroadcastQueue: Background execution not allowed: receiving Intent { act=android.intent.action.DROPBOX_ENTRY_ADDED flg=0x10 (has extras) } to com.google.android.gms/.chimera.GmsIntentOperationService$PersistentTrustedReceiver
01-08 17:41:39.928 3778 3929 W BroadcastQueue: Background execution not allowed: receiving Intent { act=android.intent.action.DROPBOX_ENTRY_ADDED flg=0x10 (has extras) } to com.google.android.gms/.stats.service.DropBoxEntryAddedReceiver
01-08 17:41:39.929 3778 3793 W BroadcastQueue: Background execution not allowed: receiving Intent { act=android.intent.action.DROPBOX_ENTRY_ADDED flg=0x10 (has extras) } to com.google.android.gms/.chimera.GmsIntentOperationService$PersistentTrustedReceiver
01-08 17:41:40.346 3778 4555 I ActivityManager: Killing 6787:com.google.process.gapps/u0a46 (adj 906): empty #17
01-08 17:41:40.377 3778 4651 I ActivityManager: Start proc 7879:com.google.android.music:main/u0a54 for service com.google.android.music/.browse.MediaBrowserService
01-08 17:41:40.433 3778 3778 D TvRemoteService: provider: com.android.server.tv.TvRemoteProviderProxy@4847658
01-08 17:41:40.436 3778 3778 D TvRemoteService: provider: com.android.server.tv.TvRemoteProviderProxy@88c7417
01-08 17:41:40.457 3778 4036 I ActivityManager: Killing 6809:com.google.android.tv/u0a29 (adj 906): empty #17
01-08 17:41:40.574 3778 4554 I ActivityManager: Killing 6936:com.google.android.ext.services/u0a11 (adj 906): empty #17
01-08 17:41:43.875 3778 3793 W BroadcastQueue: Background execution not allowed: receiving Intent { act=android.intent.action.MEDIA_SCANNER_FINISHED dat=file:///storage/emulated/0 flg=0x10 } to com.nvidia.shield.nas/.StateMonitor
01-08 17:41:43.882 3778 3793 W BroadcastQueue: Background execution not allowed: receiving Intent { act=android.intent.action.MEDIA_SCANNER_STARTED dat=file:///system/media flg=0x10 } to com.nvidia.shield.nas/.StateMonitor
01-08 17:41:44.006 3778 3793 W BroadcastQueue: Background execution not allowed: receiving Intent { act=android.intent.action.MEDIA_SCANNER_FINISHED dat=file:///system/media flg=0x10 } to com.nvidia.shield.nas/.StateMonitor
01-08 17:41:44.008 3778 3793 W BroadcastQueue: Background execution not allowed: receiving Intent { act=android.intent.action.MEDIA_SCANNER_STARTED dat=file:///storage/emulated/0 flg=0x10 } to com.nvidia.shield.nas/.StateMonitor
01-08 17:41:44.326 3778 6042 I ActivityManager: Killing 7001:com.google.android.youtube.tv/u0a68 (adj 906): empty #17
01-08 17:41:44.371 3778 4598 D ConnectivityService: ConnectivityService NetworkRequestInfo binderDied(NetworkRequest [ LISTEN id=8, [ Capabilities: INTERNET&NOT_RESTRICTED&TRUSTED&FOREGROUND] ], android.os.BinderProxy@3cd68d6)
01-08 17:41:44.372 3778 3857 E ConnectivityService: RemoteException caught trying to send a callback msg for NetworkRequest [ LISTEN id=8, [ Capabilities: INTERNET&NOT_RESTRICTED&TRUSTED&FOREGROUND] ]
01-08 17:41:44.447 3778 4685 I ActivityManager: Start proc 8020:com.google.android.gms.ui/u0a10 for service com.google.android.gms/.chimera.UiIntentOperationService
01-08 17:41:46.205 3778 4651 I ActivityManager: Start proc 8075:com.google.android.inputmethod.japanese/u0a49 for service com.google.android.inputmethod.japanese/com.firebase.jobdispatcher.GooglePlayReceiver
01-08 17:41:46.452 3778 4651 W ActivityManager: Unable to start service Intent { act=com.google.android.gms.wearable.BIND pkg=com.google.android.gms } U=0: not found
01-08 17:41:46.452 3778 4685 W ActivityManager: Unbind failed: could not find connection for android.os.BinderProxy@f6428ff
01-08 17:41:46.746 3778 4685 I ActivityManager: Killing 7135:com.nvidia.diagtools/1000 (adj 906): empty #17
01-08 17:41:46.930 3778 3793 W BroadcastQueue: Background execution not allowed: receiving Intent { act=com.google.android.music.START_DOWNLOAD_SCHEDULING flg=0x10 } to com.google.android.music/.autocache.AutoCacheSchedulingService$EnablingReceiver
01-08 17:41:48.307 3778 3834 W ActivityManager: Background start not allowed: service Intent { flg=0x4 cmp=com.google.android.play.games/com.google.android.gms.games.pano.recommendation.GamesRecommendationsService (has extras) } to com.google.android.play.games/com.google.android.gms.games.pano.recommendation.GamesRecommendationsService from pid=-1 uid=10060 pkg=com.google.android.play.games
01-08 17:41:48.450 3778 4685 I ActivityManager: Start proc 8163:com.google.android.tv/u0a29 for broadcast com.google.android.tv/.livechannels.tunerinputcontroller.TunerInputControllerImpl$IntentReceiver
01-08 17:41:48.608 3778 4685 W BroadcastQueue: Background execution not allowed: receiving Intent { act=android.intent.action.MEDIA_SCANNER_FINISHED dat=file:///storage/emulated/0 flg=0x10 } to com.nvidia.shield.nas/.StateMonitor
01-08 17:41:48.691 3778 3859 D NsdService: Native daemon message SERVICE_REGISTERED: 606 2 "SHIELD"
01-08 17:41:49.634 3778 3859 D NsdService: Native daemon message SERVICE_REGISTERED: 606 3 "SHIELD"
01-08 17:41:51.662 3778 4637 I ActivityManager: Killing 7187:com.nvidia.factorysyschecker/1000 (adj 906): empty #17
01-08 17:41:52.706 3778 3928 I ActivityManager: Killing 7207:com.nvidia.feedback/1000 (adj 906): empty #17
01-08 17:41:53.346 3778 4685 I ActivityManager: Killing 6356:android.process.acore/u0a4 (adj 906): empty #17
01-08 17:41:53.422 3778 3789 I ActivityManager: Killing 7264:com.nvidia.irtuner/1000 (adj 906): empty #17
01-08 17:41:54.626 3778 6042 I ActivityManager: Killing 5026:com.nvidia.shield.nvcustomize/u0a20 (adj 906): empty #17
01-08 17:41:57.374 3778 3928 I ActivityManager: Killing 7672:com.nousguide.android.rbtv/u0a99 (adj 906): empty #17
01-08 17:41:57.762 3778 3793 W BroadcastQueue: Background execution not allowed: receiving Intent { act=android.intent.action.DROPBOX_ENTRY_ADDED flg=0x10 (has extras) } to com.google.android.gms/.stats.service.DropBoxEntryAddedReceiver
01-08 17:41:57.765 3778 3793 W BroadcastQueue: Background execution not allowed: receiving Intent { act=android.intent.action.DROPBOX_ENTRY_ADDED flg=0x10 (has extras) } to com.google.android.gms/.chimera.GmsIntentOperationService$PersistentTrustedReceiver
01-08 17:41:57.765 3778 3793 W BroadcastQueue: Background execution not allowed: receiving Intent { act=android.intent.action.DROPBOX_ENTRY_ADDED flg=0x10 (has extras) } to com.google.android.gms/.stats.service.DropBoxEntryAddedReceiver
01-08 17:41:57.765 3778 3793 W BroadcastQueue: Background execution not allowed: receiving Intent { act=android.intent.action.DROPBOX_ENTRY_ADDED flg=0x10 (has extras) } to com.google.android.gms/.chimera.GmsIntentOperationService$PersistentTrustedReceiver
01-08 17:42:00.188 3778 3793 W BroadcastQueue: Background execution not allowed: receiving Intent { act=com.google.android.music.SYNC_COMPLETE flg=0x10 } to com.google.android.music/.autocache.AutoCacheSchedulingService$EnablingReceiver
01-08 17:42:00.458 3778 6042 I ActivityManager: START u0 {act=android.intent.action.MAIN cat=[android.intent.category.LEANBACK_LAUNCHER] flg=0x10000000 pkg=org.xbmc.kodi cmp=org.xbmc.kodi/.Splash} from uid 10108
01-08 17:42:00.489 3778 3828 I WindowManager: WindowState() - found Launcher @ mAppToken:AppWindowToken{12bd060 token=Token{4ff4048 ActivityRecord{9361aeb u0 org.xbmc.kodi/.Splash t2326}}}
01-08 17:42:00.545 3778 3928 I ActivityManager: START u0 {act=android.intent.action.MAIN cat=[android.intent.category.LEANBACK_LAUNCHER] flg=0x11000000 pkg=org.xbmc.kodi cmp=org.xbmc.kodi/.Main} from uid 10097
01-08 17:42:00.762 3778 3828 I WindowManager: WindowState() - found Launcher @ mAppToken:AppWindowToken{dbabd66 token=Token{9a34645 ActivityRecord{940b6bc u0 org.xbmc.kodi/.Main t2327}}}
01-08 17:42:00.948 3778 3828 I WindowManager: B2026652 WAR. Hide the surface com.google.android.tvlauncher/com.google.android.tvlauncher.HomeScreen
01-08 17:42:01.304 3778 3828 I chatty : uid=1000(system) android.anim identical 22 lines
01-08 17:42:01.321 3778 3828 I WindowManager: B2026652 WAR. Hide the surface com.google.android.tvlauncher/com.google.android.tvlauncher.HomeScreen
01-08 17:42:01.521 3778 4091 I WindowManager: WindowState() - found Launcher @ mAppToken:AppWindowToken{dbabd66 token=Token{9a34645 ActivityRecord{940b6bc u0 org.xbmc.kodi/.Main t2327}}}
01-08 17:42:04.742 3778 3859 D NsdService: New client listening to asynchronous messages
01-08 17:42:04.742 3778 3859 D NsdService: New client, channel: com.android.internal.util.AsyncChannel@d8d1768 messenger: android.os.Messenger@4a4d781
01-08 17:42:04.756 3778 3859 D NsdService: Register service
01-08 17:42:04.757 3778 3859 D NsdService: registerService: 6 name: Kodi (8635f1b2-aa71-88e7-6086-a23eff3ea8ce.fritz.box), type: _http._tcp, host: /127.0.0.1, port: 8080, txtRecord: txtvers=1)uuid=64bddbc6-6ef2-4ab9-9199-071744070b67
01-08 17:42:04.765 3778 3859 D NsdService: Register 1 6
01-08 17:42:04.765 3778 3859 D NsdService: Register service
01-08 17:42:04.765 3778 3859 D NsdService: registerService: 7 name: Kodi (8635f1b2-aa71-88e7-6086-a23eff3ea8ce.fritz.box), type: _xbmc-jsonrpc-h._tcp, host: /127.0.0.1, port: 8080, txtRecord: txtvers=1)uuid=64bddbc6-6ef2-4ab9-9199-071744070b67
01-08 17:42:04.766 3778 3859 D NsdService: Register 2 7
01-08 17:42:04.766 3778 3859 D NsdService: Register service
01-08 17:42:04.766 3778 3859 D NsdService: registerService: 8 name: Kodi (8635f1b2-aa71-88e7-6086-a23eff3ea8ce.fritz.box), type: _xbmc-jsonrpc._tcp, host: /127.0.0.1, port: 9090, txtRecord: txtvers=1)uuid=64bddbc6-6ef2-4ab9-9199-071744070b67
01-08 17:42:04.768 3778 3859 D NsdService: Register 3 8
01-08 17:42:04.784 3778 3859 D NsdService: Register service
01-08 17:42:04.784 3778 3859 D NsdService: registerService: 9 name: Kodi (8635f1b2-aa71-88e7-6086-a23eff3ea8ce.fritz.box), type: _xbmc-events._udp, host: /127.0.0.1, port: 9777, txtRecord:
01-08 17:42:04.787 3778 3859 D NsdService: Register 4 9
01-08 17:42:11.451 3778 3834 I ActivityManager: Start proc 8933:com.nvidia.factorysyschecker/1000 for service com.nvidia.factorysyschecker/.NvSysCheckerService
01-08 17:42:11.838 3778 6537 I ActivityManager: Process com.nvidia.factorysyschecker (pid 8933) has died: fore SVC
01-08 17:42:21.895 3778 4036 I ActivityManager: Killing 7824:com.android.providers.calendar/u0a3 (adj 906): empty #17
01-08 17:42:26.962 3778 6537 I ActivityManager: Killing 7450:com.plexapp.android/u0a61 (adj 906): empty #17
01-08 17:42:38.835 3778 3800 I DisplayManagerService: Display device changed: DisplayDeviceInfo{"Integrierter Bildschirm": uniqueId="local:0", 1920 x 1080, modeId 5, defaultModeId 1, supportedModes [{id=1, width=1920, height=1080, fps=59.94006}, {id=2, width=1280, height=720, fps=60.000004}, {id=3, width=1280, height=720, fps=50.0}, {id=4, width=1920, height=1080, fps=60.000004}, {id=5, width=1920, height=1080, fps=50.0}, {id=6, width=1920, height=1080, fps=24.0}, {id=7, width=1920, height=1080, fps=25.0}, {id=8, width=1920, height=1080, fps=30.0}, {id=9, width=1280, height=720, fps=59.94006}, {id=10, width=1920, height=1080, fps=23.976025}, {id=11, width=1920, height=1080, fps=29.97003}], colorMode 0, supportedColorModes [0], HdrCapabilities android.view.Display$HdrCapabilities@a69d6308, density 320, 213.0 x 213.0 dpi, appVsyncOff 1000000, presDeadline 20000000, touch INTERNAL, rotation 0, type BUILT_IN, state ON, FLAG_DEFAULT_DISPLAY, FLAG_ROTATES_WITH_CONTENT, FLAG_SECURE, FLAG_SUPPORTS_PROTECTED_BUFFERS}
01-08 17:42:38.940 3778 3840 V WiredAccessoryManager: Headset UEVENT: {SUBSYSTEM=switch, SEQNUM=3090, ACTION=change, SWITCH_NAME=hdmi_audio, DEVPATH=/devices/virtual/switch/hdmi_audio, SWITCH_STATE=0}
01-08 17:42:38.941 3778 3840 V WiredAccessoryManager: newName=hdmi_audio newState=0 headsetState=0 prev headsetState=16
01-08 17:42:38.942 3778 3778 V WiredAccessoryManager: headsetName: disconnected
01-08 17:42:38.955 3778 3793 I ActivityManager: Start proc 9687:de.sky.bx/u0a120 for broadcast de.sky.bx/de.sky.castcompanionlibrary.remotecontrol.VideoIntentReceiver
01-08 17:42:38.971 3778 3840 V WiredAccessoryManager: Headset UEVENT: {SUBSYSTEM=switch, SEQNUM=3093, ACTION=change, SWITCH_NAME=hdmi_audio, DEVPATH=/devices/virtual/switch/hdmi_audio, SWITCH_STATE=1}
01-08 17:42:38.972 3778 3840 V WiredAccessoryManager: newName=hdmi_audio newState=16 headsetState=16 prev headsetState=0
