01-08 20:54:06.901 4763 4763 D NowPlayingListener: onActiveSessionsChanged() called with: controllers = [[]]
01-08 20:54:06.901 4763 4763 D NowPlayingListener: updateMediaSessionCallback: null
01-08 20:54:06.901 4763 4763 D NowPlayingManager: onClientChanged() called with: clearing = [true]
01-08 20:54:06.901 5214 5214 D DeviceControlManagerService: no active session
01-08 20:54:06.901 5214 5214 D DeviceControlManagerService: no active session
01-08 20:54:06.901 3876 3876 V Avrcp : Set active media session org.xbmc.kodi
01-08 20:54:06.901 3876 3876 W Avrcp : playState object null, sending STOPPED
01-08 20:54:06.901 3876 3876 V Avrcp : isBrowseSupported for org.xbmc.kodi: false
01-08 20:54:06.902 3876 3876 D Avrcp : update #10:MediaPlayerInfo org.xbmc.kodi (as 'Kodi') Type = 1, SubType = 0, Status = 0 Feature Bits [40 41 42 44 45 47 48 58] Controller: MediaController (org.xbmc.kodi@c8b922f) null
01-08 20:54:06.902 3876 3876 V Avrcp : updateNewIds: Addressed:10 to 10, Browse:0 to 0
01-08 20:54:06.902 3876 3876 D Avrcp : updateCurrentController: null to MediaController (org.xbmc.kodi@c8b922f) null
01-08 20:54:06.903 3876 3876 I AddressedMediaPlayer: null queue from org.xbmc.kodi, constructing single-item list
01-08 20:54:06.903 3876 3876 W AddressedMediaPlayer: Controller has no metadata!? Making an empty one
01-08 20:54:06.903 3876 3876 E bt_btif : register_notification_rsp: Avrcp device is not connected, handle: 0x0
01-08 20:54:06.903 3876 3876 E bt_btif : register_notification_rsp: Avrcp device is not connected, handle: 0x0
01-08 20:54:06.903 3876 3876 V Avrcp : Player 10 package: org.xbmc.kodi
01-08 20:54:06.919 19421 19446 I chatty : uid=10097(u0_a97) org.xbmc.kodi expire 7 lines
01-08 20:54:06.898 3778 3828 I chatty : uid=1000(system) android.anim identical 15 lines
01-08 20:54:06.915 3778 3828 I WindowManager: B2026652 WAR. Hide the surface com.google.android.tvlauncher/com.google.android.tvlauncher.HomeScreen
01-08 20:54:06.922 3778 4554 I WindowManager: WindowState() - found Launcher @ mAppToken:AppWindowToken{3117da2 token=Token{5a91fd8 ActivityRecord{b847ebb u0 org.xbmc.kodi/.Main t2338}}}
01-08 20:54:06.932 3778 3828 I WindowManager: B2026652 WAR. Hide the surface com.google.android.tvlauncher/com.google.android.tvlauncher.HomeScreen
01-08 20:54:06.933 3426 3426 D hwcomposer: hwc_getActiveConfig: returning 0
01-08 20:54:06.936 19421 19436 I chatty : uid=10097(u0_a97) org.xbmc.kodi expire 1 line
01-08 20:54:06.941 3426 3426 D hwcomposer: hwc_getActiveConfig: returning 0
01-08 20:54:06.942 3426 3426 D hwcomposer: hwc_getActiveConfig: returning 0
01-08 20:54:06.949 19421 19443 I chatty : uid=10097(u0_a97) org.xbmc.kodi expire 137 lines
01-08 20:54:06.951 4622 4622 D ControllerMapper_S: Client: org.xbmc.kodi registered
01-08 20:54:06.951 4622 4622 D ControllerMapper_S: notifyAppName org.xbmc.kodi old :com.google.android.tvlauncher
01-08 20:54:06.951 4622 4622 D ControllerMapper_S: GameGuide org.xbmc.kodi is not in whitelist, ----> hide
01-08 20:54:06.951 4622 4622 D ControllerMapper_S: GameGuide org.xbmc.kodi is not in whitelist, ----> hide
01-08 20:54:06.991 19421 19447 I chatty : uid=10097(u0_a97) org.xbmc.kodi expire 1 line
01-08 20:54:07.033 4622 4622 D ControllerMapper_S: same binder for org.xbmc.kodi skipping
01-08 20:54:07.033 4622 4622 D ControllerMapper_S: notifyAppName org.xbmc.kodi old :org.xbmc.kodi
01-08 20:54:07.036 3778 3800 I ActivityManager: Displayed org.xbmc.kodi/.Main: +369ms (total +517ms)
01-08 20:54:07.049 3427 3427 E powerHAL::common: Unknown power hint: 0x8
01-08 20:54:07.103 4743 4743 I AppLifecycleTracker: onActivitySaveInstanceState:
01-08 20:54:07.106 4743 4743 I AppLifecycleTracker: onActivityStopped:
01-08 20:54:07.118 3490 8611 I APM_AudioPolicyManager: getOutputForAttr() device 0x400, samplingRate 48000, format 5, channelMask 3, flags 0
01-08 20:54:07.119 19421 19454 I chatty : uid=10097(u0_a97) org.xbmc.kodi expire 25 lines
01-08 20:54:07.123 3490 8611 I APM_AudioPolicyManager: getOutputForAttr() device 0x400, samplingRate 48000, format 5, channelMask 63f, flags 0
01-08 20:54:07.125 3414 3414 W /system/bin/hw/android.hidl.allocator@1.0-service: ashmem_create_region(4096) returning hidl_memory(0x2843c39310, 4096)
01-08 20:54:07.126 3414 3414 W /system/bin/hw/android.hidl.allocator@1.0-service: ashmem_create_region(1024) returning hidl_memory(0x2843c39310, 1024)
01-08 20:54:07.131 3490 8611 I APM_AudioPolicyManager: getOutputForAttr() device 0x400, samplingRate 48000, format 9000000, channelMask 3, flags 1
01-08 20:54:07.131 3490 8611 I AudioFlinger: openOutput() this 0x512bd000, module 10 Device 400, SamplingRate 48000, Format 0x9000000, Channels 3, flags 1
01-08 20:54:07.132 3415 3606 W DeviceHAL: Device 0x448e4000 open_output_stream: Unknown error -22
01-08 20:54:07.132 3490 8611 I AudioHwDevice: openOutputStream(), HAL returned sampleRate 48000, Format 0x9000000, channelMask 0x3, status -61
01-08 20:54:07.132 3490 8611 I AudioSPDIF: SPDIFEncoder: mBurstBufferSizeBytes = 24576, littleEndian = 1
01-08 20:54:07.132 3490 8611 I AudioFlinger: SpdifStreamOut::open() AudioFlinger requested sampleRate 48000, format 0x9000000, channelMask 0x3
01-08 20:54:07.132 3490 8611 I AudioFlinger: SpdifStreamOut::open() HAL configured for sampleRate 48000, format 0x1, channelMask 0x3
01-08 20:54:07.135 3490 8611 I AudioFlinger: SpdifStreamOut::open() status = 0
01-08 20:54:07.135 3490 8611 I AudioFlinger: HAL output buffer size 4096 frames, normal sink buffer size 4096 frames
01-08 20:54:07.136 3490 19461 I AudioFlinger: AudioFlinger's thread 0x52540000 tid=19461 ready to run
01-08 20:54:07.141 3490 8616 I APM_AudioPolicyManager: getOutputForAttr() device 0x400, samplingRate 48000, format a000000, channelMask 3, flags 1
01-08 20:54:07.141 3490 8616 W APM_AudioPolicyManager: getOutput() could not find output for stream 3, samplingRate 48000,format 167772160, channels 3, flags 1
01-08 20:54:07.143 3490 8616 I APM_AudioPolicyManager: getOutputForAttr() device 0x400, samplingRate 48000, format b000000, channelMask 3, flags 1
01-08 20:54:07.143 3490 8616 I AudioFlinger: openOutput() this 0x512bd000, module 10 Device 400, SamplingRate 48000, Format 0xb000000, Channels 3, flags 1
01-08 20:54:07.143 3415 3606 W DeviceHAL: Device 0x448e4000 open_output_stream: Unknown error -22
01-08 20:54:07.143 3490 8616 I AudioHwDevice: openOutputStream(), HAL returned sampleRate 48000, Format 0xb000000, channelMask 0x3, status -61
01-08 20:54:07.143 3490 8616 I AudioSPDIF: SPDIFEncoder: mBurstBufferSizeBytes = 16384, littleEndian = 1
01-08 20:54:07.143 3490 8616 I AudioFlinger: SpdifStreamOut::open() AudioFlinger requested sampleRate 48000, format 0xb000000, channelMask 0x3
01-08 20:54:07.143 3490 8616 I AudioFlinger: SpdifStreamOut::open() HAL configured for sampleRate 48000, format 0x1, channelMask 0x3
01-08 20:54:07.144 3490 8616 I AudioFlinger: SpdifStreamOut::open() status = 0
01-08 20:54:07.144 3490 8616 I AudioFlinger: HAL output buffer size 8192 frames, normal sink buffer size 8192 frames
01-08 20:54:07.144 3490 19465 I AudioFlinger: AudioFlinger's thread 0x53f0e000 tid=19465 ready to run
01-08 20:54:07.151 3490 8519 I APM_AudioPolicyManager: getOutputForAttr() device 0x400, samplingRate 48000, format c000000, channelMask 63f, flags 1
01-08 20:54:07.152 3490 8519 W APM_AudioPolicyManager: try with DTS for DTS-HD format = 0xc000000
01-08 20:54:07.152 3490 8519 I AudioFlinger: openOutput() this 0x512bd000, module 10 Device 400, SamplingRate 48000, Format 0xc000000, Channels 63f, flags 1
01-08 20:54:07.152 3415 3606 W nvaudio_hw: Sink does not support multichannel: 8 ch
01-08 20:54:07.152 3415 3606 W DeviceHAL: Device 0x448e4000 open_output_stream: Invalid argument
01-08 20:54:07.152 3490 8519 I AudioHwDevice: openOutputStream(), HAL returned sampleRate 48000, Format 0xb000000, channelMask 0x63f, status -22
01-08 20:54:07.152 3490 8519 I AudioHwDevice: format changed from DTS HD to DTS
01-08 20:54:07.152 3490 8519 I AudioSPDIF: SPDIFEncoder: mBurstBufferSizeBytes = 16384, littleEndian = 1
01-08 20:54:07.152 3490 8519 I AudioFlinger: SpdifStreamOut::open() AudioFlinger requested sampleRate 48000, format 0xb000000, channelMask 0x63f
01-08 20:54:07.152 3490 8519 I AudioFlinger: SpdifStreamOut::open() HAL configured for sampleRate 48000, format 0x1, channelMask 0x3
01-08 20:54:07.152 3490 8519 I AudioFlinger: SpdifStreamOut::open() status = 0
01-08 20:54:07.153 3490 8519 I AudioFlinger: HAL output buffer size 32768 frames, normal sink buffer size 32768 frames
01-08 20:54:07.153 3490 19468 I AudioFlinger: AudioFlinger's thread 0x53ea1000 tid=19468 ready to run
01-08 20:54:07.158 3490 8616 I APM_AudioPolicyManager: getOutputForAttr() device 0x400, samplingRate 48000, format e000000, channelMask 63f, flags 1
01-08 20:54:07.158 3490 8616 W APM_AudioPolicyManager: getOutput() could not find output for stream 3, samplingRate 48000,format 234881024, channels 63f, flags 1
01-08 20:54:07.160 3490 8616 I APM_AudioPolicyManager: getOutputForAttr() device 0x400, samplingRate 48000, format d000000, channelMask 3, flags 1
01-08 20:54:07.160 3490 8616 I AudioFlinger: openOutput() this 0x512bd000, module 10 Device 400, SamplingRate 48000, Format 0xd000000, Channels 3, flags 1
01-08 20:54:07.160 3490 8616 I AudioFlinger: HAL output buffer size 1024 frames, normal sink buffer size 1024 frames
01-08 20:54:07.161 3490 19472 I AudioFlinger: AudioFlinger's thread 0x53f12000 tid=19472 ready to run
01-08 20:54:07.167 3490 8616 I APM_AudioPolicyManager: getOutputForAttr() device 0x400, samplingRate 192000, format d000000, channelMask 63f, flags 1
01-08 20:54:07.167 3490 8616 I AudioFlinger: openOutput() this 0x512bd000, module 10 Device 400, SamplingRate 192000, Format 0xd000000, Channels 63f, flags 1
01-08 20:54:07.168 3490 8616 I AudioFlinger: HAL output buffer size 2048 frames, normal sink buffer size 2048 frames
01-08 20:54:07.168 3490 19475 I AudioFlinger: AudioFlinger's thread 0x53f16000 tid=19475 ready to run
01-08 20:54:07.176 19421 19455 I chatty : uid=10097(u0_a97) org.xbmc.kodi expire 3 lines
01-08 20:54:07.177 3490 8519 I APM_AudioPolicyManager: getOutputForAttr() device 0x400, samplingRate 44100, format 5, channelMask 3, flags 0
01-08 20:54:07.288 19421 19443 I chatty : uid=10097(u0_a97) org.xbmc.kodi expire 24 lines
01-08 20:54:07.301 3778 3842 I InputReader: Reconfiguring input devices. changes=0x00000004
01-08 20:54:07.614 19421 19477 I chatty : uid=10097(u0_a97) org.xbmc.kodi expire 10 lines
01-08 20:54:07.902 3876 4344 V Avrcp : MSG_UPDATE_MEDIA
01-08 20:54:07.903 3876 4344 V Avrcp : updatePlaybackState (1): -1➡2(PlaybackState {state=2, position=-1, buffered position=0, speed=0.0, updated=11604201, actions=0, custom actions=[], active item id=-1, error=null})
01-08 20:54:07.903 3876 4344 V Avrcp : Media update: id -1➡-1? [MediaAttributes: none]
01-08 20:54:07.903 3876 4344 D Avrcp : sendPlayPosNotificationRsp: Not registered or requesting.
01-08 20:54:08.287 19421 19426 I chatty : uid=10097(u0_a97) org.xbmc.kodi expire 3 lines
01-08 20:54:06.965 3778 3828 I chatty : uid=1000(system) android.anim identical 2 lines
01-08 20:54:06.982 3778 3828 I WindowManager: B2026652 WAR. Hide the surface com.google.android.tvlauncher/com.google.android.tvlauncher.HomeScreen
01-08 20:54:08.295 3778 3859 D NsdService: New client listening to asynchronous messages
01-08 20:54:08.295 3778 3859 D NsdService: New client, channel: com.android.internal.util.AsyncChannel@d9cbcbd messenger: android.os.Messenger@46c22b2
01-08 20:54:08.300 19421 19486 I chatty : uid=10097(u0_a97) org.xbmc.kodi expire 2 lines
01-08 20:54:08.306 3778 3859 D NsdService: Register service
01-08 20:54:08.307 3778 3859 D NsdService: registerService: 16 name: Kodi (8635f1b2-aa71-88e7-6086-a23eff3ea8ce.fritz.box), type: _xbmc-jsonrpc._tcp, host: /127.0.0.1, port: 9090, txtRecord: txtvers=1)uuid=43554d88-949d-4192-8cec-16cba2d23c4c
01-08 20:54:08.308 3778 3859 D NsdService: Register 1 16
01-08 20:54:08.310 3778 3859 D NsdService: Register service
01-08 20:54:08.310 3778 3859 D NsdService: registerService: 17 name: Kodi (8635f1b2-aa71-88e7-6086-a23eff3ea8ce.fritz.box), type: _xbmc-events._udp, host: /127.0.0.1, port: 9777, txtRecord:
01-08 20:54:08.311 3778 3859 D NsdService: Register 2 17
01-08 20:54:08.494 4427 4444 I ShieldBluetoothScanPolicy: Scans disallowed due to PACKAGE POLL
01-08 20:54:08.495 4427 4444 D BluetoothAdapter: isLeEnabled(): ON
01-08 20:54:08.503 3876 4034 D BluetoothAdapterProperties: Discoverable Timeout:-1
01-08 20:54:08.504 3876 4034 D BluetoothAdapterProperties: Scan Mode:21
01-08 20:54:09.416 3501 19262 I DrmHal : makeDrmFactories: factory instance default is Not Remote
01-08 20:54:09.416 3501 6281 I WVCdm : CdmEngine::OpenSession
01-08 20:54:09.417 3501 6281 D WVCdm : CryptoSession::Open: Lock: requested_security_level: Default
01-08 20:54:09.417 3501 6281 E oemcrypto_cenc: OEMCrypto_APIVersion: 11
01-08 20:54:09.420 3501 6281 I WVCdm : CdmEngine::QueryOemCryptoSessionId
01-08 20:54:09.421 3501 6281 I WVCdm : CdmEngine::QueryStatus
01-08 20:54:09.422 3501 6281 I WVCdm : CdmEngine::RestoreKey
01-08 20:54:11.911 19327 19521 E Finsky : [186] com.google.android.finsky.au.c.a(27): Unable to build selector: /storage/emulated/0/Download/marketenvs.csv (No such file or directory)
01-08 20:54:11.914 19327 19362 I Finsky : [155] com.google.android.finsky.ec.a.a.a.b(29): Triggered update for experiment package com.google.android.finsky.stable.
01-08 20:54:11.984 19327 19362 I Finsky : [155] com.google.android.finsky.ec.a.a.a.b(49): Already at the latest configurations for experiment package com.google.android.finsky.stable.
01-08 20:54:11.985 19327 19393 I Finsky : [179] com.google.android.finsky.ec.a.a.a.b(29): Triggered update for experiment package com.google.android.finsky.regular.
01-08 20:54:12.018 19327 19391 I Finsky : [177] com.google.android.finsky.wear.bt.a(12): Cannot enable service: com.google.android.finsky.wear.ds
01-08 20:54:12.019 19327 19391 I Finsky : [177] com.google.android.finsky.wear.bt.a(12): Cannot enable service: com.google.android.finsky.wear.n
01-08 20:54:12.041 19327 19393 I Finsky : [179] com.google.android.finsky.ec.a.j.a(64): Started writing experiment flags into file [o3L8U6VS39VaObx22XD-bxEUDGE].
01-08 20:54:12.041 19327 19393 I Finsky : [179] com.google.android.finsky.ec.a.j.a(103): Finished writing experiment flags into file [o3L8U6VS39VaObx22XD-bxEUDGE].
01-08 20:54:12.042 19327 19393 I Finsky : [179] com.google.android.finsky.ec.a.a.a.b(114): Successfully applied new configurations for package com.google.android.finsky.regular.
01-08 20:54:12.043 19327 19364 I Finsky : [156] com.google.android.finsky.ec.a.a.a.b(29): Triggered update for experiment package com.google.android.finsky.regular.
01-08 20:54:12.052 19327 19364 I Finsky : [156] com.google.android.finsky.ec.a.j.a(5): Started reading experiment flags from file [v6B-2IolLQRBwrwPhscSaeg04As].
01-08 20:54:12.055 19327 19364 I Finsky : [156] com.google.android.finsky.ec.a.j.a(39): Finished reading experiment flags from file [v6B-2IolLQRBwrwPhscSaeg04As].
01-08 20:54:12.055 19327 19364 I Finsky : [156] com.google.android.finsky.ec.a.a.a.b(49): Already at the latest configurations for experiment package com.google.android.finsky.regular.
01-08 20:54:12.273 19327 19327 I Finsky : [2] com.google.android.finsky.setup.bj.run(7): Detected restoreservicev2://recovery not needed, will not run
01-08 20:54:12.957 3778 3842 D WindowManager: handleComboKeys keyCode: 20, keyAction: 0
01-08 20:54:12.963 19421 19441 I chatty : uid=10097(u0_a97) org.xbmc.kodi expire 24 lines
01-08 20:54:13.131 3778 3842 D WindowManager: handleComboKeys keyCode: 20, keyAction: 1
01-08 20:54:13.232 3778 3842 D WindowManager: handleComboKeys keyCode: 20, keyAction: 0
01-08 20:54:13.332 3778 3842 D WindowManager: handleComboKeys keyCode: 20, keyAction: 1
01-08 20:54:13.382 3778 3842 D WindowManager: handleComboKeys keyCode: 20, keyAction: 0
01-08 20:54:13.507 3778 3842 D WindowManager: handleComboKeys keyCode: 20, keyAction: 1
01-08 20:54:13.582 3778 3842 D WindowManager: handleComboKeys keyCode: 20, keyAction: 0
01-08 20:54:13.682 3778 3842 D WindowManager: handleComboKeys keyCode: 20, keyAction: 1
01-08 20:54:13.758 3778 3842 D WindowManager: handleComboKeys keyCode: 20, keyAction: 0
01-08 20:54:13.882 3778 3842 D WindowManager: handleComboKeys keyCode: 20, keyAction: 1
01-08 20:54:13.982 3778 3842 D WindowManager: handleComboKeys keyCode: 20, keyAction: 0
01-08 20:54:14.082 3778 3842 D WindowManager: handleComboKeys keyCode: 20, keyAction: 1
01-08 20:54:14.657 3778 3842 D WindowManager: handleComboKeys keyCode: 20, keyAction: 0
01-08 20:54:14.725 19421 19535 I chatty : uid=10097(u0_a97) org.xbmc.kodi expire 1 line
01-08 20:54:14.737 19421 19479 I chatty : uid=10097(u0_a97) org.xbmc.kodi expire 1 line
01-08 20:54:14.757 3778 3842 D WindowManager: handleComboKeys keyCode: 20, keyAction: 1
01-08 20:54:16.107 3778 3842 D WindowManager: handleComboKeys keyCode: 23, keyAction: 0
01-08 20:54:16.232 3778 3842 D WindowManager: handleComboKeys keyCode: 23, keyAction: 1
01-08 20:54:16.897 19421 19421 I chatty : uid=10097(u0_a97) org.xbmc.kodi expire 1 line
01-08 20:54:17.382 3778 3842 D WindowManager: handleComboKeys keyCode: 22, keyAction: 0
01-08 20:54:17.507 3778 3842 D WindowManager: handleComboKeys keyCode: 22, keyAction: 1
01-08 20:54:17.757 3778 3842 D WindowManager: handleComboKeys keyCode: 23, keyAction: 0
01-08 20:54:17.932 3778 3842 D WindowManager: handleComboKeys keyCode: 23, keyAction: 1
01-08 20:54:20.582 3778 3842 D WindowManager: handleComboKeys keyCode: 20, keyAction: 0
01-08 20:54:20.707 3778 3842 D WindowManager: handleComboKeys keyCode: 20, keyAction: 1
01-08 20:54:20.957 3778 3842 D WindowManager: handleComboKeys keyCode: 23, keyAction: 0
01-08 20:54:21.032 3778 3842 D WindowManager: handleComboKeys keyCode: 23, keyAction: 1
01-08 20:54:21.489 6109 6225 I chromium: [6109:6225:INFO:mdns_app_filter.cc(2437)] MdnsAppFilter: responses sent in 41 seconds: 5
01-08 20:54:22.745 6109 18717 I chromium: [6109:18717:INFO:ssdp_device.c(101)] SSDP packets sent for 30 seconds = 7
01-08 20:54:23.607 3778 3842 D WindowManager: handleComboKeys keyCode: 20, keyAction: 0
01-08 20:54:23.611 19421 19441 I chatty : uid=10097(u0_a97) org.xbmc.kodi expire 16 lines
01-08 20:54:23.782 3778 3842 D WindowManager: handleComboKeys keyCode: 20, keyAction: 1
01-08 20:54:25.582 3778 3842 D WindowManager: handleComboKeys keyCode: 23, keyAction: 0
01-08 20:54:25.707 3778 3842 D WindowManager: handleComboKeys keyCode: 23, keyAction: 1
01-08 20:54:28.232 3778 3842 D WindowManager: handleComboKeys keyCode: 20, keyAction: 0
01-08 20:54:28.357 3778 3842 D WindowManager: handleComboKeys keyCode: 20, keyAction: 1
01-08 20:54:28.481 3778 3842 D WindowManager: handleComboKeys keyCode: 20, keyAction: 0
01-08 20:54:28.582 3778 3842 D WindowManager: handleComboKeys keyCode: 20, keyAction: 1
01-08 20:54:28.886 6109 6109 I chromium: [6109:6109:INFO:metrics_recorder.cc(89)] Metrics stat: total=10
01-08 20:54:28.886 6109 6109 I chromium: Cast.Discovery.Mdns.Query.Cast.Count=1
01-08 20:54:28.886 6109 6109 I chromium: Cast.Discovery.Mdns.Request.In=6
01-08 20:54:28.886 6109 6109 I chromium: Cast.Discovery.Mdns.Request.Namespace.In=6
01-08 20:54:28.886 6109 6109 I chromium: Cast.Discovery.Mdns.Response.Out=6
01-08 20:54:28.886 6109 6109 I chromium: CastV2.Connection.Connect.In=1
01-08 20:54:28.886 6109 6109 I chromium: CastV2.Receiver.DeviceStatus.Out=1
01-08 20:54:28.886 6109 6109 I chromium: CastV2.Receiver.GetStatus.In=1
01-08 20:54:28.886 6109 6109 I chromium: CastV2.Transport.Accept=1
01-08 20:54:28.886 6109 6109 I chromium: CastV2.Transport.Close=1
01-08 20:54:28.886 6109 6109 I chromium: CastV2.Transport.TcpAccept=1
01-08 20:54:28.907 3778 3842 D WindowManager: handleComboKeys keyCode: 23, keyAction: 0
01-08 20:54:28.981 3778 3842 D WindowManager: handleComboKeys keyCode: 23, keyAction: 1
01-08 20:54:31.307 3778 3842 D WindowManager: handleComboKeys keyCode: 20, keyAction: 0
01-08 20:54:31.431 3778 3842 D WindowManager: handleComboKeys keyCode: 20, keyAction: 1
01-08 20:54:31.608 3778 3842 D WindowManager: handleComboKeys keyCode: 23, keyAction: 0
01-08 20:54:31.706 3778 3842 D WindowManager: handleComboKeys keyCode: 23, keyAction: 1
01-08 20:54:33.481 3778 3842 D WindowManager: handleComboKeys keyCode: 20, keyAction: 0
01-08 20:54:33.606 3778 3842 D WindowManager: handleComboKeys keyCode: 20, keyAction: 1
01-08 20:54:35.156 3778 3842 D WindowManager: handleComboKeys keyCode: 23, keyAction: 0
01-08 20:54:35.160 19421 19441 I chatty : uid=10097(u0_a97) org.xbmc.kodi expire 2 lines
01-08 20:54:35.256 3778 3842 D WindowManager: handleComboKeys keyCode: 23, keyAction: 1
01-08 20:54:35.841 19421 19443 I chatty : uid=10097(u0_a97) org.xbmc.kodi expire 2 lines
01-08 20:54:35.842 19421 19581 I chatty : uid=10097(u0_a97) org.xbmc.kodi expire 2 lines
01-08 20:54:35.856 3876 4344 V Avrcp : onMetadataChanged
01-08 20:54:35.868 5214 5214 D DeviceControlManagerService: active session:org.xbmc.kodi
01-08 20:54:35.868 3876 4344 W Avrcp : playState object null, sending STOPPED
01-08 20:54:35.868 3876 4344 V Avrcp : isBrowseSupported for org.xbmc.kodi: false
01-08 20:54:35.869 4763 4763 D NowPlayingListener: onActiveSessionsChanged() called with: controllers = [[android.media.session.MediaController@e3e4b2e]]
01-08 20:54:35.869 4763 4763 D NowPlayingListener: updateMediaSessionCallback: android.media.session.MediaController@e3e4b2e
01-08 20:54:35.869 5214 5214 D DeviceControlManagerService: onPlaybackStateChanged :PlaybackState {state=3, position=0, buffered position=0, speed=1.0, updated=11632166, actions=-1, custom actions=[], active item id=-1, error=null}
01-08 20:54:35.870 3876 4344 D Avrcp : update #10:MediaPlayerInfo org.xbmc.kodi (as 'Kodi') Type = 1, SubType = 0, Status = 0 Feature Bits [40 41 42 44 45 47 48 58] Controller: MediaController (org.xbmc.kodi@d51c03c) Leuchtfeuer, null, null
01-08 20:54:35.870 3876 4344 V Avrcp : updateNewIds: Addressed:10 to 10, Browse:0 to 0
01-08 20:54:35.870 4763 4763 D NowPlayingManager: onClientChanged() called with: clearing = [false]
01-08 20:54:35.870 4763 4763 D NowPlayingListener: updateMetadata() called with: metadata = [android.media.MediaMetadata@f0236cf] and now playing listener: com.google.android.tvrecommendations.NowPlayingManager@4ab6298
01-08 20:54:35.871 3876 4344 D Avrcp : updateCurrentController: MediaController (org.xbmc.kodi@c8b922f) Leuchtfeuer, null, null to MediaController (org.xbmc.kodi@d51c03c) Leuchtfeuer, null, null
01-08 20:54:35.871 19421 19447 I chatty : uid=10097(u0_a97) org.xbmc.kodi expire 2 lines
01-08 20:54:35.871 3876 4344 I AddressedMediaPlayer: null queue from org.xbmc.kodi, constructing single-item list
01-08 20:54:35.872 3778 4032 I MediaFocusControl: AudioFocus requestAudioFocus() from uid/pid 10097/19421 clientId=android.media.AudioManager@600071aorg.xbmc.kodi.interfaces.XBMCAudioManagerOnAudioFocusChangeListener@849224b req=1 flags=0x0
01-08 20:54:35.872 3876 4344 E bt_btif : register_notification_rsp: Avrcp device is not connected, handle: 0x0
01-08 20:54:35.872 3876 4344 E bt_btif : register_notification_rsp: Avrcp device is not connected, handle: 0x0
01-08 20:54:35.872 4763 4763 D NowPlayingManager: onMediaDataUpdated() called with: mediaData = [com.google.android.tvrecommendations.NowPlayingData@3be985c]
01-08 20:54:35.884 4763 4763 D NowPlayingListener: updatePlayback() called with: state = [PlaybackState {state=3, position=0, buffered position=0, speed=1.0, updated=11632183, actions=-1, custom actions=[], active item id=-1, error=null}] and now playing listener: com.google.android.tvrecommendations.NowPlayingManager@4ab6298
01-08 20:54:35.884 4763 4763 D NowPlayingManager: onClientPlaybackStateUpdate() called with: state = [3], stateChangeTimeMs = [11632183], currentPosMs = [0]
01-08 20:54:35.884 4763 4763 D NowPlayingManager: onClientPlaybackStateUpdate: Skipped update, state: 3 was unchanged
01-08 20:54:35.885 4763 4763 D NowPlayingListener: updateMetadata() called with: metadata = [android.media.MediaMetadata@6e7ec3a] and now playing listener: com.google.android.tvrecommendations.NowPlayingManager@4ab6298
01-08 20:54:35.888 4763 4763 D NowPlayingManager: onMediaDataUpdated() called with: mediaData = [com.google.android.tvrecommendations.NowPlayingData@99570eb]
01-08 20:54:35.893 4763 4763 D TVNotifService: onTVNotificationPosted StatusBarNotification(pkg=com.google.android.tvrecommendations user=UserHandle{0} id=4321 tag=Notification.NowPlaying key=0|com.google.android.tvrecommendations|4321|Notification.NowPlaying|10107: Notification(channel=now_playing pri=0 contentView=null vibrate=null sound=null defaults=0x0 flags=0x0 color=0x00000000 vis=PRIVATE)) userId: 0
01-08 20:54:35.895 4763 4763 D TVNotifService: onTVNotificationPosted StatusBarNotification(pkg=com.google.android.tvrecommendations user=UserHandle{0} id=4321 tag=Notification.NowPlaying key=0|com.google.android.tvrecommendations|4321|Notification.NowPlaying|10107: Notification(channel=now_playing pri=0 contentView=null vibrate=null sound=null defaults=0x0 flags=0x0 color=0x00000000 vis=PRIVATE)) userId: 0
01-08 20:54:36.097 3876 4344 V Avrcp : onPlaybackStateChanged: state PlaybackState {state=3, position=0, buffered position=0, speed=1.0, updated=11632394, actions=-1, custom actions=[], active item id=-1, error=null}
01-08 20:54:36.097 5214 5214 D DeviceControlManagerService: onPlaybackStateChanged :PlaybackState {state=3, position=0, buffered position=0, speed=1.0, updated=11632394, actions=-1, custom actions=[], active item id=-1, error=null}
01-08 20:54:36.097 4763 4763 D NowPlayingListener: onPlaybackStateChanged: PlaybackState {state=3, position=0, buffered position=0, speed=1.0, updated=11632394, actions=-1, custom actions=[], active item id=-1, error=null}
01-08 20:54:36.097 4763 4763 D NowPlayingListener: updatePlayback() called with: state = [PlaybackState {state=3, position=0, buffered position=0, speed=1.0, updated=11632394, actions=-1, custom actions=[], active item id=-1, error=null}] and now playing listener: com.google.android.tvrecommendations.NowPlayingManager@4ab6298
01-08 20:54:36.097 4763 4763 D NowPlayingManager: onClientPlaybackStateUpdate() called with: state = [3], stateChangeTimeMs = [11632394], currentPosMs = [0]
01-08 20:54:36.097 4763 4763 D NowPlayingManager: onClientPlaybackStateUpdate: Skipped update, state: 3 was unchanged
01-08 20:54:36.098 4763 4763 D NowPlayingListener: updateMetadata() called with: metadata = [android.media.MediaMetadata@2cac4e1] and now playing listener: com.google.android.tvrecommendations.NowPlayingManager@4ab6298
01-08 20:54:36.105 4763 4763 D NowPlayingManager: onMediaDataUpdated() called with: mediaData = [com.google.android.tvrecommendations.NowPlayingData@bd830c7]
01-08 20:54:36.114 4763 4763 D TVNotifService: onTVNotificationPosted StatusBarNotification(pkg=com.google.android.tvrecommendations user=UserHandle{0} id=4321 tag=Notification.NowPlaying key=0|com.google.android.tvrecommendations|4321|Notification.NowPlaying|10107: Notification(channel=now_playing pri=0 contentView=null vibrate=null sound=null defaults=0x0 flags=0x0 color=0x00000000 vis=PRIVATE)) userId: 0
01-08 20:54:36.599 3876 4344 V Avrcp : onPlaybackStateChanged: state PlaybackState {state=3, position=0, buffered position=0, speed=1.0, updated=11632897, actions=-1, custom actions=[], active item id=-1, error=null}
01-08 20:54:36.599 5214 5214 D DeviceControlManagerService: onPlaybackStateChanged :PlaybackState {state=3, position=0, buffered position=0, speed=1.0, updated=11632897, actions=-1, custom actions=[], active item id=-1, error=null}
01-08 20:54:36.599 4763 4763 D NowPlayingListener: onPlaybackStateChanged: PlaybackState {state=3, position=0, buffered position=0, speed=1.0, updated=11632897, actions=-1, custom actions=[], active item id=-1, error=null}
01-08 20:54:36.599 4763 4763 D NowPlayingListener: updatePlayback() called with: state = [PlaybackState {state=3, position=0, buffered position=0, speed=1.0, updated=11632897, actions=-1, custom actions=[], active item id=-1, error=null}] and now playing listener: com.google.android.tvrecommendations.NowPlayingManager@4ab6298
01-08 20:54:36.599 4763 4763 D NowPlayingManager: onClientPlaybackStateUpdate() called with: state = [3], stateChangeTimeMs = [11632897], currentPosMs = [0]
01-08 20:54:36.599 4763 4763 D NowPlayingManager: onClientPlaybackStateUpdate: Skipped update, state: 3 was unchanged
01-08 20:54:36.600 4763 4763 D NowPlayingListener: updateMetadata() called with: metadata = [android.media.MediaMetadata@8cdce1d] and now playing listener: com.google.android.tvrecommendations.NowPlayingManager@4ab6298
01-08 20:54:36.602 4763 4763 D NowPlayingManager: onMediaDataUpdated() called with: mediaData = [com.google.android.tvrecommendations.NowPlayingData@bdbc892]
01-08 20:54:36.612 4763 4763 D TVNotifService: onTVNotificationPosted StatusBarNotification(pkg=com.google.android.tvrecommendations user=UserHandle{0} id=4321 tag=Notification.NowPlaying key=0|com.google.android.tvrecommendations|4321|Notification.NowPlaying|10107: Notification(channel=now_playing pri=0 contentView=null vibrate=null sound=null defaults=0x0 flags=0x0 color=0x00000000 vis=PRIVATE)) userId: 0
01-08 20:54:36.857 3876 4344 V Avrcp : MSG_UPDATE_MEDIA
01-08 20:54:36.857 3876 4344 V Avrcp : updatePlaybackState (1): -1➡1(PlaybackState {state=3, position=0, buffered position=0, speed=1.0, updated=11633156, actions=-1, custom actions=[], active item id=-1, error=null})
01-08 20:54:36.858 3876 4344 V Avrcp : Media update: id -1➡-1? [MediaAttributes: L⋯r - by (0 0/0) ]
01-08 20:54:36.858 3876 4344 D Avrcp : sendTrackChangedRsp: Not registered or registering.
01-08 20:54:36.858 3876 4344 D Avrcp : sendPlayPosNotificationRsp: Not registered or requesting.
01-08 20:54:37.114 3876 4344 V Avrcp : onPlaybackStateChanged: state PlaybackState {state=3, position=0, buffered position=0, speed=1.0, updated=11633412, actions=-1, custom actions=[], active item id=-1, error=null}
01-08 20:54:37.115 5214 5214 D DeviceControlManagerService: onPlaybackStateChanged :PlaybackState {state=3, position=0, buffered position=0, speed=1.0, updated=11633412, actions=-1, custom actions=[], active item id=-1, error=null}
01-08 20:54:37.115 4763 4763 D NowPlayingListener: onPlaybackStateChanged: PlaybackState {state=3, position=0, buffered position=0, speed=1.0, updated=11633412, actions=-1, custom actions=[], active item id=-1, error=null}
01-08 20:54:37.115 4763 4763 D NowPlayingListener: updatePlayback() called with: state = [PlaybackState {state=3, position=0, buffered position=0, speed=1.0, updated=11633412, actions=-1, custom actions=[], active item id=-1, error=null}] and now playing listener: com.google.android.tvrecommendations.NowPlayingManager@4ab6298
01-08 20:54:37.115 4763 4763 D NowPlayingManager: onClientPlaybackStateUpdate() called with: state = [3], stateChangeTimeMs = [11633412], currentPosMs = [0]
01-08 20:54:37.115 4763 4763 D NowPlayingManager: onClientPlaybackStateUpdate: Skipped update, state: 3 was unchanged
01-08 20:54:37.115 4763 4763 D NowPlayingListener: updateMetadata() called with: metadata = [android.media.MediaMetadata@80d2e60] and now playing listener: com.google.android.tvrecommendations.NowPlayingManager@4ab6298
01-08 20:54:37.117 4763 4763 D NowPlayingManager: onMediaDataUpdated() called with: mediaData = [com.google.android.tvrecommendations.NowPlayingData@ffe2f19]
01-08 20:54:37.127 4763 4763 D TVNotifService: onTVNotificationPosted StatusBarNotification(pkg=com.google.android.tvrecommendations user=UserHandle{0} id=4321 tag=Notification.NowPlaying key=0|com.google.android.tvrecommendations|4321|Notification.NowPlaying|10107: Notification(channel=now_playing pri=0 contentView=null vibrate=null sound=null defaults=0x0 flags=0x0 color=0x00000000 vis=PRIVATE)) userId: 0
01-08 20:54:37.615 3876 4344 V Avrcp : onPlaybackStateChanged: state PlaybackState {state=3, position=0, buffered position=0, speed=1.0, updated=11633913, actions=-1, custom actions=[], active item id=-1, error=null}
01-08 20:54:37.615 4763 4763 D NowPlayingListener: onPlaybackStateChanged: PlaybackState {state=3, position=0, buffered position=0, speed=1.0, updated=11633913, actions=-1, custom actions=[], active item id=-1, error=null}
01-08 20:54:37.615 4763 4763 D NowPlayingListener: updatePlayback() called with: state = [PlaybackState {state=3, position=0, buffered position=0, speed=1.0, updated=11633913, actions=-1, custom actions=[], active item id=-1, error=null}] and now playing listener: com.google.android.tvrecommendations.NowPlayingManager@4ab6298
01-08 20:54:37.615 4763 4763 D NowPlayingManager: onClientPlaybackStateUpdate() called with: state = [3], stateChangeTimeMs = [11633913], currentPosMs = [0]
01-08 20:54:37.615 4763 4763 D NowPlayingManager: onClientPlaybackStateUpdate: Skipped update, state: 3 was unchanged
01-08 20:54:37.615 5214 5214 D DeviceControlManagerService: onPlaybackStateChanged :PlaybackState {state=3, position=0, buffered position=0, speed=1.0, updated=11633913, actions=-1, custom actions=[], active item id=-1, error=null}
01-08 20:54:37.615 4763 4763 D NowPlayingListener: updateMetadata() called with: metadata = [android.media.MediaMetadata@b4471bf] and now playing listener: com.google.android.tvrecommendations.NowPlayingManager@4ab6298
01-08 20:54:37.618 4763 4763 D NowPlayingManager: onMediaDataUpdated() called with: mediaData = [com.google.android.tvrecommendations.NowPlayingData@f86d08c]
01-08 20:54:37.627 4763 4763 D TVNotifService: onTVNotificationPosted StatusBarNotification(pkg=com.google.android.tvrecommendations user=UserHandle{0} id=4321 tag=Notification.NowPlaying key=0|com.google.android.tvrecommendations|4321|Notification.NowPlaying|10107: Notification(channel=now_playing pri=0 contentView=null vibrate=null sound=null defaults=0x0 flags=0x0 color=0x00000000 vis=PRIVATE)) userId: 0
01-08 20:54:38.115 3876 4344 V Avrcp : MSG_UPDATE_MEDIA
01-08 20:54:38.115 3876 4344 V Avrcp : updatePlaybackState (1): -1➡1(PlaybackState {state=3, position=0, buffered position=0, speed=1.0, updated=11634414, actions=-1, custom actions=[], active item id=-1, error=null})
01-08 20:54:38.116 3876 4344 V Avrcp : Media update: id -1➡-1? [MediaAttributes: L⋯r - by (0 0/0) ]
01-08 20:54:38.116 3876 4344 D Avrcp : sendPlayPosNotificationRsp: Not registered or requesting.
01-08 20:54:38.133 4763 4763 D NowPlayingListener: onPlaybackStateChanged: PlaybackState {state=3, position=0, buffered position=0, speed=1.0, updated=11634430, actions=-1, custom actions=[], active item id=-1, error=null}
01-08 20:54:38.133 4763 4763 D NowPlayingListener: updatePlayback() called with: state = [PlaybackState {state=3, position=0, buffered position=0, speed=1.0, updated=11634430, actions=-1, custom actions=[], active item id=-1, error=null}] and now playing listener: com.google.android.tvrecommendations.NowPlayingManager@4ab6298
01-08 20:54:38.133 4763 4763 D NowPlayingManager: onClientPlaybackStateUpdate() called with: state = [3], stateChangeTimeMs = [11634430], currentPosMs = [0]
01-08 20:54:38.133 4763 4763 D NowPlayingManager: onClientPlaybackStateUpdate: Skipped update, state: 3 was unchanged
01-08 20:54:38.133 5214 5214 D DeviceControlManagerService: onPlaybackStateChanged :PlaybackState {state=3, position=0, buffered position=0, speed=1.0, updated=11634430, actions=-1, custom actions=[], active item id=-1, error=null}
01-08 20:54:38.133 3876 4344 V Avrcp : onPlaybackStateChanged: state PlaybackState {state=3, position=0, buffered position=0, speed=1.0, updated=11634430, actions=-1, custom actions=[], active item id=-1, error=null}
01-08 20:54:38.133 4763 4763 D NowPlayingListener: updateMetadata() called with: metadata = [android.media.MediaMetadata@c33d7ea] and now playing listener: com.google.android.tvrecommendations.NowPlayingManager@4ab6298
01-08 20:54:38.136 4763 4763 D NowPlayingManager: onMediaDataUpdated() called with: mediaData = [com.google.android.tvrecommendations.NowPlayingData@6d86adb]
01-08 20:54:38.146 4763 4763 D TVNotifService: onTVNotificationPosted StatusBarNotification(pkg=com.google.android.tvrecommendations user=UserHandle{0} id=4321 tag=Notification.NowPlaying key=0|com.google.android.tvrecommendations|4321|Notification.NowPlaying|10107: Notification(channel=now_playing pri=0 contentView=null vibrate=null sound=null defaults=0x0 flags=0x0 color=0x00000000 vis=PRIVATE)) userId: 0
01-08 20:54:38.372 3501 6281 I DrmHal : makeDrmFactories: factory instance default is Not Remote
01-08 20:54:38.373 3501 6281 E WVCdm : App requested unknown string property deviceUniqueId
01-08 20:54:38.373 19421 19581 I chatty : uid=10097(u0_a97) org.xbmc.kodi expire 200 lines
01-08 20:54:38.373 3501 6281 I WVCdm : CdmEngine::QueryStatus
01-08 20:54:38.374 3501 6281 I WVCdm : CdmEngine::QueryStatus
01-08 20:54:38.376 3501 19262 I WVCdm : CdmEngine::OpenSession
01-08 20:54:38.376 3501 19262 D WVCdm : CryptoSession::Open: Lock: requested_security_level: Default
01-08 20:54:38.376 3501 19262 E oemcrypto_cenc: OEMCrypto_APIVersion: 11
01-08 20:54:38.381 3501 19262 I WVCdm : CdmEngine::QueryOemCryptoSessionId
01-08 20:54:38.383 3501 19262 I WVCdm : CdmEngine::GenerateKeyRequest
01-08 20:54:38.383 3501 19262 E oemcrypto_cenc: OEMCrypto_APIVersion: 11
01-08 20:54:38.384 3501 19262 D WVCdm : PrepareKeyRequest: nonce=3436248710
01-08 20:54:38.650 3876 4344 V Avrcp : onPlaybackStateChanged: state PlaybackState {state=3, position=0, buffered position=0, speed=1.0, updated=11634947, actions=-1, custom actions=[], active item id=-1, error=null}
01-08 20:54:38.650 4763 4763 D NowPlayingListener: onPlaybackStateChanged: PlaybackState {state=3, position=0, buffered position=0, speed=1.0, updated=11634947, actions=-1, custom actions=[], active item id=-1, error=null}
01-08 20:54:38.650 4763 4763 D NowPlayingListener: updatePlayback() called with: state = [PlaybackState {state=3, position=0, buffered position=0, speed=1.0, updated=11634947, actions=-1, custom actions=[], active item id=-1, error=null}] and now playing listener: com.google.android.tvrecommendations.NowPlayingManager@4ab6298
01-08 20:54:38.650 4763 4763 D NowPlayingManager: onClientPlaybackStateUpdate() called with: state = [3], stateChangeTimeMs = [11634947], currentPosMs = [0]
01-08 20:54:38.650 4763 4763 D NowPlayingManager: onClientPlaybackStateUpdate: Skipped update, state: 3 was unchanged
01-08 20:54:38.650 5214 5214 D DeviceControlManagerService: onPlaybackStateChanged :PlaybackState {state=3, position=0, buffered position=0, speed=1.0, updated=11634947, actions=-1, custom actions=[], active item id=-1, error=null}
01-08 20:54:38.651 4763 4763 D NowPlayingListener: updateMetadata() called with: metadata = [android.media.MediaMetadata@77da851] and now playing listener: com.google.android.tvrecommendations.NowPlayingManager@4ab6298
01-08 20:54:38.653 4763 4763 D NowPlayingManager: onMediaDataUpdated() called with: mediaData = [com.google.android.tvrecommendations.NowPlayingData@96f88b6]
01-08 20:54:38.662 4763 4763 D TVNotifService: onTVNotificationPosted StatusBarNotification(pkg=com.google.android.tvrecommendations user=UserHandle{0} id=4321 tag=Notification.NowPlaying key=0|com.google.android.tvrecommendations|4321|Notification.NowPlaying|10107: Notification(channel=now_playing pri=0 contentView=null vibrate=null sound=null defaults=0x0 flags=0x0 color=0x00000000 vis=PRIVATE)) userId: 0
01-08 20:54:39.133 3876 4344 V Avrcp : MSG_UPDATE_MEDIA
01-08 20:54:39.134 3876 4344 V Avrcp : updatePlaybackState (1): -1➡1(PlaybackState {state=3, position=0, buffered position=0, speed=1.0, updated=11635432, actions=-1, custom actions=[], active item id=-1, error=null})
01-08 20:54:39.134 3876 4344 V Avrcp : Media update: id -1➡-1? [MediaAttributes: L⋯r - by (0 0/0) ]
01-08 20:54:39.134 3876 4344 D Avrcp : sendPlayPosNotificationRsp: Not registered or requesting.
01-08 20:54:39.150 4763 4763 D NowPlayingListener: onPlaybackStateChanged: PlaybackState {state=3, position=0, buffered position=0, speed=1.0, updated=11635448, actions=-1, custom actions=[], active item id=-1, error=null}
01-08 20:54:39.150 3876 4344 V Avrcp : onPlaybackStateChanged: state PlaybackState {state=3, position=0, buffered position=0, speed=1.0, updated=11635448, actions=-1, custom actions=[], active item id=-1, error=null}
01-08 20:54:39.150 4763 4763 D NowPlayingListener: updatePlayback() called with: state = [PlaybackState {state=3, position=0, buffered position=0, speed=1.0, updated=11635448, actions=-1, custom actions=[], active item id=-1, error=null}] and now playing listener: com.google.android.tvrecommendations.NowPlayingManager@4ab6298
01-08 20:54:39.150 4763 4763 D NowPlayingManager: onClientPlaybackStateUpdate() called with: state = [3], stateChangeTimeMs = [11635448], currentPosMs = [0]
01-08 20:54:39.150 4763 4763 D NowPlayingManager: onClientPlaybackStateUpdate: Skipped update, state: 3 was unchanged
01-08 20:54:39.151 5214 5214 D DeviceControlManagerService: onPlaybackStateChanged :PlaybackState {state=3, position=0, buffered position=0, speed=1.0, updated=11635448, actions=-1, custom actions=[], active item id=-1, error=null}
01-08 20:54:39.151 4763 4763 D NowPlayingListener: updateMetadata() called with: metadata = [android.media.MediaMetadata@a04a524] and now playing listener: com.google.android.tvrecommendations.NowPlayingManager@4ab6298
01-08 20:54:39.154 4763 4763 D NowPlayingManager: onMediaDataUpdated() called with: mediaData = [com.google.android.tvrecommendations.NowPlayingData@c23788d]
01-08 20:54:39.163 4763 4763 D TVNotifService: onTVNotificationPosted StatusBarNotification(pkg=com.google.android.tvrecommendations user=UserHandle{0} id=4321 tag=Notification.NowPlaying key=0|com.google.android.tvrecommendations|4321|Notification.NowPlaying|10107: Notification(channel=now_playing pri=0 contentView=null vibrate=null sound=null defaults=0x0 flags=0x0 color=0x00000000 vis=PRIVATE)) userId: 0
01-08 20:54:39.667 4763 4763 D NowPlayingListener: onPlaybackStateChanged: PlaybackState {state=3, position=0, buffered position=0, speed=1.0, updated=11635965, actions=-1, custom actions=[], active item id=-1, error=null}
01-08 20:54:39.667 3876 4344 V Avrcp : onPlaybackStateChanged: state PlaybackState {state=3, position=0, buffered position=0, speed=1.0, updated=11635965, actions=-1, custom actions=[], active item id=-1, error=null}
01-08 20:54:39.667 4763 4763 D NowPlayingListener: updatePlayback() called with: state = [PlaybackState {state=3, position=0, buffered position=0, speed=1.0, updated=11635965, actions=-1, custom actions=[], active item id=-1, error=null}] and now playing listener: com.google.android.tvrecommendations.NowPlayingManager@4ab6298
01-08 20:54:39.667 4763 4763 D NowPlayingManager: onClientPlaybackStateUpdate() called with: state = [3], stateChangeTimeMs = [11635965], currentPosMs = [0]
01-08 20:54:39.667 4763 4763 D NowPlayingManager: onClientPlaybackStateUpdate: Skipped update, state: 3 was unchanged
01-08 20:54:39.667 5214 5214 D DeviceControlManagerService: onPlaybackStateChanged :PlaybackState {state=3, position=0, buffered position=0, speed=1.0, updated=11635965, actions=-1, custom actions=[], active item id=-1, error=null}
01-08 20:54:39.668 4763 4763 D NowPlayingListener: updateMetadata() called with: metadata = [android.media.MediaMetadata@8275a53] and now playing listener: com.google.android.tvrecommendations.NowPlayingManager@4ab6298
01-08 20:54:39.670 4763 4763 D NowPlayingManager: onMediaDataUpdated() called with: mediaData = [com.google.android.tvrecommendations.NowPlayingData@578ef90]
01-08 20:54:39.679 4763 4763 D TVNotifService: onTVNotificationPosted StatusBarNotification(pkg=com.google.android.tvrecommendations user=UserHandle{0} id=4321 tag=Notification.NowPlaying key=0|com.google.android.tvrecommendations|4321|Notification.NowPlaying|10107: Notification(channel=now_playing pri=0 contentView=null vibrate=null sound=null defaults=0x0 flags=0x0 color=0x00000000 vis=PRIVATE)) userId: 0
01-08 20:54:39.800 3501 19262 I WVCdm : CdmEngine::AddKey
01-08 20:54:39.819 3501 19262 E oemcrypto_cenc: OEMCrypto_LoadKeys: error in te_launch_operation: 0x1f
01-08 20:54:39.819 3501 19262 E WVCdm : CryptoSession::LoadKeys: OEMCrypto_LoadKeys error=31
01-08 20:54:39.852 3501 19262 E WVCdm : CdmEngine::AddKey: keys not added, result = 99
01-08 20:54:39.852 3501 19262 W android.hardware.drm@1.0-impl: Unable to convert legacy status: -2902, defaulting to UNKNOWN
01-08 20:54:39.991 19421 19486 I chatty : uid=10097(u0_a97) org.xbmc.kodi expire 3 lines
01-08 20:54:40.058 19421 19581 I chatty : uid=10097(u0_a97) org.xbmc.kodi expire 464 lines
01-08 20:54:40.069 19421 19581 F libc : Fatal signal 6 (SIGABRT), code -6 in tid 19581 (Thread-13)
01-08 20:54:40.123 19594 19594 I chatty : uid=10097(u0_a97) expire 2 lines
01-08 20:54:40.123 3516 3516 I /system/bin/tombstoned: received crash request for pid 19421
01-08 20:54:40.124 19594 19594 F DEBUG : *** *** *** *** *** *** *** *** *** *** *** *** *** *** *** ***
01-08 20:54:40.124 19594 19594 F DEBUG : Build fingerprint: 'NVIDIA/darcy/darcy:8.0.0/OPR6.170623.010/3507953_1364.6545:user/release-keys'
01-08 20:54:40.124 19594 19594 F DEBUG : Revision: '0'
01-08 20:54:40.124 19594 19594 F DEBUG : ABI: 'arm64'
01-08 20:54:40.124 19594 19594 F DEBUG : pid: 19421, tid: 19581, name: Thread-13 >>> org.xbmc.kodi <<<
01-08 20:54:40.124 19594 19594 F DEBUG : signal 6 (SIGABRT), code -6 (SI_TKILL), fault addr --------
01-08 20:54:40.127 19594 19594 F DEBUG : Abort message: 'java_vm_ext.cc:504] JNI DETECTED ERROR IN APPLICATION: JNI GetArrayLength called with pending exception android.media.MediaDrm$MediaDrmStateException: Failed to handle key response: General DRM error'
01-08 20:54:40.127 19594 19594 F DEBUG : x0 0000000000000000 x1 0000000000004c7d x2 0000000000000006 x3 0000000000000008
01-08 20:54:40.127 19594 19594 F DEBUG : x4 0000000000000000 x5 0000000000000000 x6 0000000000000000 x7 7f7f7f7f7f7f7f7f
01-08 20:54:40.127 19594 19594 F DEBUG : x8 0000000000000083 x9 47ef43bbe27096ae x10 0000000000000000 x11 0000000000000001
01-08 20:54:40.127 19594 19594 F DEBUG : x12 ffffffffffffffff x13 ffffffffffffffff x14 ff00000000000000 x15 ffffffffffffffff
01-08 20:54:40.127 19594 19594 F DEBUG : x16 00000025edbd22f8 x17 00000025edb745d0 x18 0000000000000020 x19 0000000000004bdd
01-08 20:54:40.127 19594 19594 F DEBUG : x20 0000000000004c7d x21 0000002613888440 x22 0000000000000073 x23 0000000000000ec4
01-08 20:54:40.127 19594 19594 F DEBUG : x24 00000000000000d1 x25 0000002613b75000 x26 0000000000000ec3 x27 00000026125d6a50
01-08 20:54:40.127 19594 19594 F DEBUG : x28 0000000000000043 x29 00000026125d68f0 x30 00000025edb28994
01-08 20:54:40.127 19594 19594 F DEBUG : sp 00000026125d68b0 pc 00000025edb745d8 pstate 0000000060000000
01-08 20:54:40.140 19594 19594 F DEBUG :
01-08 20:54:40.140 19594 19594 F DEBUG : backtrace:
01-08 20:54:40.140 19594 19594 F DEBUG : #00 pc 00000000000695d8 /system/lib64/libc.so (tgkill+8)
01-08 20:54:40.140 19594 19594 F DEBUG : #01 pc 000000000001d990 /system/lib64/libc.so (abort+88)
01-08 20:54:40.140 19594 19594 F DEBUG : #02 pc 0000000000436884 /system/lib64/libart.so (_ZN3art7Runtime5AbortEPKc+528)
01-08 20:54:40.140 19594 19594 F DEBUG : #03 pc 0000000000436f94 /system/lib64/libart.so (_ZN3art7Runtime7AborterEPKc+24)
01-08 20:54:40.140 19594 19594 F DEBUG : #04 pc 000000000052143c /system/lib64/libart.so (_ZN7android4base10LogMessageD1Ev+900)
01-08 20:54:40.140 19594 19594 F DEBUG : #05 pc 00000000002d55ec /system/lib64/libart.so (_ZN3art9JavaVMExt8JniAbortEPKcS2_+1716)
01-08 20:54:40.140 19594 19594 F DEBUG : #06 pc 00000000002d57c8 /system/lib64/libart.so (_ZN3art9JavaVMExt9JniAbortVEPKcS2_St9__va_list+116)
01-08 20:54:40.140 19594 19594 F DEBUG : #07 pc 00000000001085c8 /system/lib64/libart.so (_ZN3art11ScopedCheck6AbortFEPKcz+148)
01-08 20:54:40.140 19594 19594 F DEBUG : #08 pc 00000000001080f4 /system/lib64/libart.so (_ZN3art11ScopedCheck11CheckThreadEP7_JNIEnv+536)
01-08 20:54:40.140 19594 19594 F DEBUG : #09 pc 0000000000106590 /system/lib64/libart.so (_ZN3art11ScopedCheck5CheckERNS_18ScopedObjectAccessEbPKcPNS_12JniValueTypeE+856)
01-08 20:54:40.140 19594 19594 F DEBUG : #10 pc 00000000000fdbe4 /system/lib64/libart.so (_ZN3art8CheckJNI14GetArrayLengthEP7_JNIEnvP7_jarray+644)
01-08 20:54:40.140 19594 19594 F DEBUG : #11 pc 00000000000757bc /data/app/org.xbmc.kodi-BDfWM_U3OYT4DDmJ0Up2Kw==/lib/arm64/libssd_wv.so (_ZNK3jni12CJNIMediaDrm18provideKeyResponseERKNSt6__ndk16vectorIcNS1_9allocatorIcEEEES7_+156)
01-08 20:54:40.140 19594 19594 F DEBUG : #12 pc 000000000006ca20 /data/app/org.xbmc.kodi-BDfWM_U3OYT4DDmJ0Up2Kw==/lib/arm64/libssd_wv.so (_ZN28WV_CencSingleSampleDecrypter18SendSessionMessageERKNSt6__ndk16vectorIcNS0_9allocatorIcEEEE+6640)
01-08 20:54:40.140 19594 19594 F DEBUG : #13 pc 000000000006aed4 /data/app/org.xbmc.kodi-BDfWM_U3OYT4DDmJ0Up2Kw==/lib/arm64/libssd_wv.so (_ZN28WV_CencSingleSampleDecrypter16KeyUpdateRequestEb+324)
01-08 20:54:40.140 19594 19594 F DEBUG : #14 pc 000000000006e678 /data/app/org.xbmc.kodi-BDfWM_U3OYT4DDmJ0Up2Kw==/lib/arm64/libssd_wv.so (_ZN11WVDecrypter27CreateSingleSampleDecrypterER14AP4_DataBufferPKcPKh+184)
01-08 20:54:40.140 19594 19594 F DEBUG : #15 pc 000000000008578c /data/app/org.xbmc.kodi-BDfWM_U3OYT4DDmJ0Up2Kw==/lib/arm64/libinputstream.adaptive.so (_ZN7Session10initializeEhj+3320)
01-08 20:54:40.141 19594 19594 F DEBUG : #16 pc 0000000000088134 /data/app/org.xbmc.kodi-BDfWM_U3OYT4DDmJ0Up2Kw==/lib/arm64/libinputstream.adaptive.so (_ZN20CInputStreamAdaptive4OpenER11INPUTSTREAM+1796)
01-08 20:54:40.141 19594 19594 F DEBUG : #17 pc 000000000108191c /data/app/org.xbmc.kodi-BDfWM_U3OYT4DDmJ0Up2Kw==/lib/arm64/libkodi.so (_ZN17CInputStreamAddon4OpenEv+896)
