01-08 20:58:16.199 19818 19971 F zygote64: runtime.cc:492] native: #06 pc 000000000001ed24 /system/lib64/libc.so (__start_thread+68)
01-08 20:58:16.199 19818 19971 F zygote64: runtime.cc:492] (no managed stack frames)
01-08 20:58:16.199 19818 19971 F zygote64: runtime.cc:492]
01-08 20:58:16.199 19818 19971 F zygote64: runtime.cc:492] "HwBinder:19818_1" prio=10 tid=21 Native
01-08 20:58:16.199 19818 19971 F zygote64: runtime.cc:492] | group="" sCount=1 dsCount=0 flags=1 obj=0x12f40a58 self=0x25f8482e00
01-08 20:58:16.199 19818 19971 F zygote64: runtime.cc:492] | sysTid=19855 nice=-10 cgrp=default sched=0/0 handle=0x260db134f0
01-08 20:58:16.199 19818 19971 F zygote64: runtime.cc:492] | state=S schedstat=( 1021196 215210 26 ) utm=0 stm=0 core=1 HZ=100
01-08 20:58:16.199 19818 19971 F zygote64: runtime.cc:492] | stack=0x260da19000-0x260da1b000 stackSize=1005KB
01-08 20:58:16.199 19818 19971 F zygote64: runtime.cc:492] | held mutexes=
01-08 20:58:16.199 19818 19971 F zygote64: runtime.cc:492] kernel: __switch_to+0x90/0xb8
01-08 20:58:16.199 19818 19971 F zygote64: runtime.cc:492] kernel: binder_thread_read+0x58c/0x1430
01-08 20:58:16.199 19818 19971 F zygote64: runtime.cc:492] kernel: binder_ioctl_write_read+0x194/0x340
01-08 20:58:16.199 19818 19971 F zygote64: runtime.cc:492] kernel: binder_ioctl+0x62c/0x850
01-08 20:58:16.199 19818 19971 F zygote64: runtime.cc:492] kernel: do_vfs_ioctl+0xc4/0x918
01-08 20:58:16.199 19818 19971 F zygote64: runtime.cc:492] kernel: SyS_ioctl+0x94/0xa8
01-08 20:58:16.199 19818 19971 F zygote64: runtime.cc:492] kernel: __sys_trace+0x4c/0x4c
01-08 20:58:16.199 19818 19971 F zygote64: runtime.cc:492] native: #00 pc 00000000000686bc /system/lib64/libc.so (__ioctl+4)
01-08 20:58:16.199 19818 19971 F zygote64: runtime.cc:492] native: #01 pc 0000000000023ed0 /system/lib64/libc.so (ioctl+132)
01-08 20:58:16.199 19818 19971 F zygote64: runtime.cc:492] native: #02 pc 0000000000015210 /system/lib64/libhwbinder.so (_ZN7android8hardware14IPCThreadState14talkWithDriverEb+256)
01-08 20:58:16.199 19818 19971 F zygote64: runtime.cc:492] native: #03 pc 0000000000015380 /system/lib64/libhwbinder.so (_ZN7android8hardware14IPCThreadState20getAndExecuteCommandEv+24)
01-08 20:58:16.199 19818 19971 F zygote64: runtime.cc:492] native: #04 pc 0000000000015b0c /system/lib64/libhwbinder.so (_ZN7android8hardware14IPCThreadState14joinThreadPoolEb+60)
01-08 20:58:16.199 19818 19971 F zygote64: runtime.cc:492] native: #05 pc 000000000001f5c8 /system/lib64/libhwbinder.so (???)
01-08 20:58:16.199 19818 19971 F zygote64: runtime.cc:492] native: #06 pc 0000000000013f00 /system/lib64/libutils.so (_ZN7android6Thread11_threadLoopEPv+280)
01-08 20:58:16.199 19818 19971 F zygote64: runtime.cc:492] native: #07 pc 00000000000b709c /system/lib64/libandroid_runtime.so (_ZN7android14AndroidRuntime15javaThreadShellEPv+136)
01-08 20:58:16.199 19818 19971 F zygote64: runtime.cc:492] native: #08 pc 0000000000065f88 /system/lib64/libc.so (_ZL15__pthread_startPv+36)
01-08 20:58:16.199 19818 19971 F zygote64: runtime.cc:492] native: #09 pc 000000000001ed24 /system/lib64/libc.so (__start_thread+68)
01-08 20:58:16.199 19818 19971 F zygote64: runtime.cc:492] (no managed stack frames)
01-08 20:58:16.199 19818 19971 F zygote64: runtime.cc:492]
01-08 20:58:16.199 19818 19971 F zygote64: runtime.cc:492] "Thread-4" prio=10 tid=22 Native
01-08 20:58:16.199 19818 19971 F zygote64: runtime.cc:492] | group="" sCount=1 dsCount=0 flags=1 obj=0x12f40ae0 self=0x25f8523200
01-08 20:58:16.199 19818 19971 F zygote64: runtime.cc:492] | sysTid=19857 nice=-10 cgrp=default sched=0/0 handle=0x260de954f0
01-08 20:58:16.199 19818 19971 F zygote64: runtime.cc:492] | state=S schedstat=( 42743641 7754851 282 ) utm=3 stm=0 core=1 HZ=100
01-08 20:58:16.199 19818 19971 F zygote64: runtime.cc:492] | stack=0x260dd9b000-0x260dd9d000 stackSize=1005KB
01-08 20:58:16.199 19818 19971 F zygote64: runtime.cc:492] | held mutexes=
01-08 20:58:16.199 19818 19971 F zygote64: runtime.cc:492] kernel: futex_wait_queue_me+0xe0/0x168
01-08 20:58:16.199 19818 19971 F zygote64: runtime.cc:492] kernel: futex_wait+0xf0/0x210
01-08 20:58:16.199 19818 19971 F zygote64: runtime.cc:492] kernel: do_futex+0x300/0x890
01-08 20:58:16.199 19818 19971 F zygote64: runtime.cc:492] kernel: SyS_futex+0xf4/0x188
01-08 20:58:16.199 19818 19971 F zygote64: runtime.cc:492] kernel: __sys_trace+0x4c/0x4c
01-08 20:58:16.200 19818 19971 F zygote64: runtime.cc:492]
at android.media.AudioTrack.write(AudioTrack.java:2368)
01-08 20:58:16.200 19818 19971 F zygote64: runtime.cc:492]
01-08 20:58:16.200 19818 19971 F zygote64: runtime.cc:492] "AudioTrack" prio=10 tid=24 Native
01-08 20:58:16.200 19818 19971 F zygote64: runtime.cc:492] | group="" sCount=1 dsCount=0 flags=1 obj=0x12f43930 self=0x25f86b7000
01-08 20:58:16.200 19818 19971 F zygote64: runtime.cc:492] | sysTid=19879 nice=-16 cgrp=default sched=0/0 handle=0x260e08f4f0
01-08 20:58:16.200 19818 19971 F zygote64: runtime.cc:492] | state=S schedstat=( 386510 545208 4 ) utm=0 stm=0 core=3 HZ=100
01-08 20:58:16.200 19818 19971 F zygote64: runtime.cc:492] | stack=0x260df95000-0x260df97000 stackSize=1005KB
01-08 20:58:16.200 19818 19971 F zygote64: runtime.cc:492] | held mutexes=
01-08 20:58:16.200 19818 19971 F zygote64: runtime.cc:492] kernel: __switch_to+0x90/0xb8
01-08 20:58:16.200 19818 19971 F zygote64: runtime.cc:492] kernel: futex_wait_queue_me+0xe0/0x168
01-08 20:58:16.200 19818 19971 F zygote64: runtime.cc:492] kernel: SyS_futex+0xf4/0x188
01-08 20:58:16.200 19818 19971 F zygote64: runtime.cc:492] kernel: __sys_trace+0x4c/0x4c
01-08 20:58:16.200 19818 19971 F zygote64: runtime.cc:492] native: #03 pc 0000000000013f00 /system/lib64/libutils.so (_ZN7android6Thread11_threadLoopEPv+280)
01-08 20:58:16.200 19818 19971 F zygote64: runtime.cc:492] native: #04 pc 0000000000efd5c0 /data/app/org.xbmc.kodi-BDfWM_U3OYT4DDmJ0Up2Kw==/lib/arm64/libkodi.so (???)
01-08 20:58:16.200 19818 19971 F zygote64: runtime.cc:492] native: #05 pc 0000000000efd4b0 /data/app/org.xbmc.kodi-BDfWM_U3OYT4DDmJ0Up2Kw==/lib/arm64/libkodi.so (???)
01-08 20:58:16.200 19818 19971 F zygote64: runtime.cc:492] native: #07 pc 0000000000efd28c /data/app/org.xbmc.kodi-BDfWM_U3OYT4DDmJ0Up2Kw==/lib/arm64/libkodi.so (_ZN11XbmcThreads22TightConditionVariableIRVbE4waitI16CCriticalSectionEEbRT_m+132)
01-08 20:58:16.200 19818 19971 F zygote64: runtime.cc:492] native: #10 pc 000000000125748c /data/app/org.xbmc.kodi-BDfWM_U3OYT4DDmJ0Up2Kw==/lib/arm64/libkodi.so (_ZN10CJobWorker7ProcessEv+196)
01-08 20:58:16.200 19818 19971 F zygote64: runtime.cc:492] native: #13 pc 0000000000065f88 /system/lib64/libc.so (_ZL15__pthread_startPv+36)
01-08 20:58:16.200 19818 19971 F zygote64: runtime.cc:492] native: #14 pc 000000000001ed24 /system/lib64/libc.so (__start_thread+68)
01-08 20:58:16.200 19818 19971 F zygote64: runtime.cc:492] | group="" sCount=1 dsCount=0 flags=1 obj=0x12f43a40 self=0x260d12f200
01-08 20:58:16.200 19818 19971 F zygote64: runtime.cc:492] | sysTid=19884 nice=-9 cgrp=default sched=0/0 handle=0x2611df94f0
01-08 20:58:16.200 19818 19971 F zygote64: runtime.cc:492] | stack=0x2611cff000-0x2611d01000 stackSize=1005KB
01-08 20:58:16.200 19818 19971 F zygote64: runtime.cc:492] kernel: __switch_to+0x90/0xb8
01-08 20:58:16.200 19818 19971 F zygote64: runtime.cc:492] kernel: futex_wait_queue_me+0xe0/0x168
01-08 20:58:16.200 19818 19971 F zygote64: runtime.cc:492] kernel: futex_wait+0xf0/0x210
01-08 20:58:16.200 19818 19971 F zygote64: runtime.cc:492] kernel: do_futex+0x300/0x890
01-08 20:58:16.200 19818 19971 F zygote64: runtime.cc:492] kernel: SyS_futex+0xf4/0x188
01-08 20:58:16.200 19818 19971 F zygote64: runtime.cc:492] native: #01 pc 0000000000065710 /system/lib64/libc.so (pthread_cond_timedwait+156)
01-08 20:58:16.200 19818 19971 F zygote64: runtime.cc:492] native: #02 pc 000000000004ea2c /data/app/org.xbmc.kodi-BDfWM_U3OYT4DDmJ0Up2Kw==/lib/arm64/libc++_shared.so (_ZNSt6__ndk118condition_variable15__do_timed_waitERNS_11unique_lockINS_5mutexEEENS_6chrono10time_pointINS5_12system_clockENS5_8durationIxNS_5ratioILl1ELl1000000000EEEEEEE+92)
01-08 20:58:16.200 19818 19971 F zygote64: runtime.cc:492] native: #07 pc 0000000000efd28c /data/app/org.xbmc.kodi-BDfWM_U3OYT4DDmJ0Up2Kw==/lib/arm64/libkodi.so (_ZN11XbmcThreads22TightConditionVariableIRVbE4waitI16CCriticalSectionEEbRT_m+132)
01-08 20:58:16.201 19818 19971 F zygote64: runtime.cc:492] native: #11 pc 00000000012bdd7c /data/app/org.xbmc.kodi-BDfWM_U3OYT4DDmJ0Up2Kw==/lib/arm64/libkodi.so (_ZN7CThread6ActionEv+40)
01-08 20:58:16.201 19818 19971 F zygote64: runtime.cc:492] native: #12 pc 00000000012bd2a4 /data/app/org.xbmc.kodi-BDfWM_U3OYT4DDmJ0Up2Kw==/lib/arm64/libkodi.so (_ZN7CThread12staticThreadEPv+184)
01-08 20:58:16.201 19818 19971 F zygote64: runtime.cc:492] (no managed stack frames)
01-08 20:58:16.201 19818 19971 F zygote64: runtime.cc:492]
01-08 20:58:16.201 19818 19971 F zygote64: runtime.cc:492] | stack=0x2614402000-0x2614404000 stackSize=1037KB
01-08 20:58:16.201 19818 19971 F zygote64: runtime.cc:492] | held mutexes=
01-08 20:58:16.201 19818 19971 F zygote64: runtime.cc:492] kernel: __sys_trace+0x4c/0x4c
01-08 20:58:16.201 19818 19971 F zygote64: runtime.cc:492] native: #00 pc 00000000000685d0 /system/lib64/libc.so (__epoll_pwait+8)
01-08 20:58:16.201 19818 19971 F zygote64: runtime.cc:492] native: #04 pc 00000000001122b8 /system/lib64/libandroid_runtime.so (???)
01-08 20:58:16.201 19818 19971 F zygote64: runtime.cc:492]
at android.os.Looper.loop(Looper.java:142)
01-08 20:58:16.201 19818 19971 F zygote64: runtime.cc:492] "Thread-8" prio=10 tid=28 Native
01-08 20:58:16.201 19818 19971 F zygote64: runtime.cc:492] | stack=0x2614507000-0x2614509000 stackSize=1005KB
01-08 20:58:16.201 19818 19971 F zygote64: runtime.cc:492] kernel: poll_schedule_timeout+0x68/0xb8
01-08 20:58:16.201 19818 19971 F zygote64: runtime.cc:492] kernel: __sys_trace+0x4c/0x4c
01-08 20:58:16.201 19818 19971 F zygote64: runtime.cc:492] native: #02 pc 00000000016c175c /data/app/org.xbmc.kodi-BDfWM_U3OYT4DDmJ0Up2Kw==/lib/arm64/libkodi.so (_ZN7SOCKETS15CSocketListener6ListenEi+244)
01-08 20:58:16.201 19818 19971 F zygote64: runtime.cc:492] native: #03 pc 00000000016b3ad0 /data/app/org.xbmc.kodi-BDfWM_U3OYT4DDmJ0Up2Kw==/lib/arm64/libkodi.so (_ZN11EVENTSERVER12CEventServer3RunEv+460)
01-08 20:58:16.201 19818 19971 F zygote64: runtime.cc:492] native: #07 pc 0000000000065f88 /system/lib64/libc.so (_ZL15__pthread_startPv+36)
01-08 20:58:16.201 19818 19971 F zygote64: runtime.cc:492] "Thread-9" prio=10 tid=29 Native
01-08 20:58:16.201 19818 19971 F zygote64: runtime.cc:492] | state=S schedstat=( 132918182 49490779 315 ) utm=11 stm=2 core=3 HZ=100
01-08 20:58:16.201 19818 19971 F zygote64: runtime.cc:492] kernel: __switch_to+0x90/0xb8
01-08 20:58:16.201 19818 19971 F zygote64: runtime.cc:492] kernel: do_futex+0x300/0x890
01-08 20:58:16.201 19818 19971 F zygote64: runtime.cc:492] kernel: SyS_futex+0xf4/0x188
01-08 20:58:16.201 19818 19971 F zygote64: runtime.cc:492] kernel: __sys_trace+0x4c/0x4c
01-08 20:58:16.201 19818 19971 F zygote64: runtime.cc:492] native: #02 pc 000000000004ea2c /data/app/org.xbmc.kodi-BDfWM_U3OYT4DDmJ0Up2Kw==/lib/arm64/libc++_shared.so (_ZNSt6__ndk118condition_variable15__do_timed_waitERNS_11unique_lockINS_5mutexEEENS_6chrono10time_pointINS5_12system_clockENS5_8durationIxNS_5ratioILl1ELl1000000000EEEEEEE+92)
01-08 20:58:16.201 19818 19971 F zygote64: runtime.cc:492] native: #03 pc 0000000000efd6a0 /data/app/org.xbmc.kodi-BDfWM_U3OYT4DDmJ0Up2Kw==/lib/arm64/libkodi.so (???)
01-08 20:58:16.201 19818 19971 F zygote64: runtime.cc:492] native: #04 pc 0000000000efd5c0 /data/app/org.xbmc.kodi-BDfWM_U3OYT4DDmJ0Up2Kw==/lib/arm64/libkodi.so (???)
01-08 20:58:16.201 19818 19971 F zygote64: runtime.cc:492] native: #05 pc 0000000000efd4b0 /data/app/org.xbmc.kodi-BDfWM_U3OYT4DDmJ0Up2Kw==/lib/arm64/libkodi.so (???)
01-08 20:58:16.201 19818 19971 F zygote64: runtime.cc:492] native: #06 pc 0000000000efd370 /data/app/org.xbmc.kodi-BDfWM_U3OYT4DDmJ0Up2Kw==/lib/arm64/libkodi.so (_ZN11XbmcThreads17ConditionVariable4waitER16CCriticalSectionm+100)
01-08 20:58:16.201 19818 19971 F zygote64: runtime.cc:492] native: #09 pc 000000000125753c /data/app/org.xbmc.kodi-BDfWM_U3OYT4DDmJ0Up2Kw==/lib/arm64/libkodi.so (_ZN11CJobManager10GetNextJobEPK10CJobWorker+100)
01-08 20:58:16.201 19818 19971 F zygote64: runtime.cc:492] native: #13 pc 0000000000065f88 /system/lib64/libc.so (_ZL15__pthread_startPv+36)
01-08 20:58:16.201 19818 19971 F zygote64: runtime.cc:492] native: #14 pc 000000000001ed24 /system/lib64/libc.so (__start_thread+68)
01-08 20:58:16.201 19818 19971 F zygote64: runtime.cc:492] (no managed stack frames)
01-08 20:58:16.201 19818 19971 F zygote64: runtime.cc:492]
01-08 20:58:16.201 19818 19971 F zygote64: runtime.cc:492] "Binder:19818_5" prio=10 tid=30 Native
01-08 20:58:16.201 19818 19971 F zygote64: runtime.cc:492] | group="" sCount=1 dsCount=0 flags=1 obj=0x12fc30f8 self=0x2614e33c00
01-08 20:58:16.202 19818 19971 F zygote64: runtime.cc:492] | sysTid=19896 nice=0 cgrp=default sched=0/0 handle=0x260f2fc4f0
01-08 20:58:16.202 19818 19971 F zygote64: runtime.cc:492] | state=S schedstat=( 1175104 823489 24 ) utm=0 stm=0 core=0 HZ=100
01-08 20:58:16.202 19818 19971 F zygote64: runtime.cc:492] kernel: __switch_to+0x90/0xb8
01-08 20:58:16.202 19818 19971 F zygote64: runtime.cc:492] kernel: __sys_trace+0x4c/0x4c
01-08 20:58:16.202 19818 19971 F zygote64: runtime.cc:492] native: #03 pc 0000000000061b80 /system/lib64/libbinder.so (_ZN7android14IPCThreadState20getAndExecuteCommandEv+24)
01-08 20:58:16.202 19818 19971 F zygote64: runtime.cc:492] native: #05 pc 0000000000082bc4 /system/lib64/libbinder.so (???)
01-08 20:58:16.202 19818 19971 F zygote64: runtime.cc:492] native: #08 pc 0000000000065f88 /system/lib64/libc.so (_ZL15__pthread_startPv+36)
01-08 20:58:16.202 19818 19971 F zygote64: runtime.cc:492] native: #09 pc 000000000001ed24 /system/lib64/libc.so (__start_thread+68)
01-08 20:58:16.202 19818 19971 F zygote64: runtime.cc:492] | state=S schedstat=( 1120466122 72598297 9918 ) utm=67 stm=44 core=3 HZ=100
01-08 20:58:16.202 19818 19971 F zygote64: runtime.cc:492] kernel: __switch_to+0x90/0xb8
01-08 20:58:16.202 19818 19971 F zygote64: runtime.cc:492] kernel: futex_wait_queue_me+0xe0/0x168
01-08 20:58:16.202 19818 19971 F zygote64: runtime.cc:492] kernel: futex_wait+0xf0/0x210
01-08 20:58:16.202 19818 19971 F zygote64: runtime.cc:492] kernel: do_futex+0x300/0x890
01-08 20:58:16.202 19818 19971 F zygote64: runtime.cc:492] native: #02 pc 000000000004ea2c /data/app/org.xbmc.kodi-BDfWM_U3OYT4DDmJ0Up2Kw==/lib/arm64/libc++_shared.so (_ZNSt6__ndk118condition_variable15__do_timed_waitERNS_11unique_lockINS_5mutexEEENS_6chrono10time_pointINS5_12system_clockENS5_8durationIxNS_5ratioILl1ELl1000000000EEEEEEE+92)
01-08 20:58:16.202 19818 19971 F zygote64: runtime.cc:492] native: #03 pc 0000000000efd6a0 /data/app/org.xbmc.kodi-BDfWM_U3OYT4DDmJ0Up2Kw==/lib/arm64/libkodi.so (???)
01-08 20:58:16.202 19818 19971 F zygote64: runtime.cc:492] native: #08 pc 0000000000efb9f0 /data/app/org.xbmc.kodi-BDfWM_U3OYT4DDmJ0Up2Kw==/lib/arm64/libkodi.so (_ZN6CEvent8WaitMSecEj+80)
01-08 20:58:16.202 19818 19971 F zygote64: runtime.cc:492] native: #11 pc 0000000001a44aa4 /data/app/org.xbmc.kodi-BDfWM_U3OYT4DDmJ0Up2Kw==/lib/arm64/libkodi.so (???)
01-08 20:58:16.202 19818 19971 F zygote64: runtime.cc:492] native: #12 pc 0000000001a40f5c /data/app/org.xbmc.kodi-BDfWM_U3OYT4DDmJ0Up2Kw==/lib/arm64/libkodi.so (PyEval_EvalFrameEx+3908)
01-08 20:58:16.202 19818 19971 F zygote64: runtime.cc:492] native: #15 pc 0000000001a40f5c /data/app/org.xbmc.kodi-BDfWM_U3OYT4DDmJ0Up2Kw==/lib/arm64/libkodi.so (PyEval_EvalFrameEx+3908)
01-08 20:58:16.202 19818 19971 F zygote64: runtime.cc:492] native: #20 pc 0000000001011d2c /data/app/org.xbmc.kodi-BDfWM_U3OYT4DDmJ0Up2Kw==/lib/arm64/libkodi.so (_ZN14CPythonInvoker7executeERKNSt6__ndk112basic_stringIcNS0_11char_traitsIcEENS0_9allocatorIcEEEERKNS0_6vectorIS6_NS4_IS6_EEEE+924)
01-08 20:58:16.202 19818 19971 F zygote64: runtime.cc:492] native: #26 pc 000000000001ed24 /system/lib64/libc.so (__start_thread+68)
01-08 20:58:16.202 19818 19971 F zygote64: runtime.cc:492] | state=S schedstat=( 667448 562449 12 ) utm=0 stm=0 core=3 HZ=100
01-08 20:58:16.202 19818 19971 F zygote64: runtime.cc:492] kernel: __switch_to+0x90/0xb8
01-08 20:58:16.203 19818 19971 F zygote64: runtime.cc:492] native: #03 pc 0000000000061b80 /system/lib64/libbinder.so (_ZN7android14IPCThreadState20getAndExecuteCommandEv+24)
01-08 20:58:16.203 19818 19971 F zygote64: runtime.cc:492] native: #04 pc 0000000000062250 /system/lib64/libbinder.so (_ZN7android14IPCThreadState14joinThreadPoolEb+60)
01-08 20:58:16.203 19818 19971 F zygote64: runtime.cc:492] native: #09 pc 000000000001ed24 /system/lib64/libc.so (__start_thread+68)
01-08 20:58:16.203 19818 19971 F zygote64: runtime.cc:492] (no managed stack frames)
01-08 20:58:16.203 19818 19971 F zygote64: runtime.cc:492]
01-08 20:58:16.203 19818 19971 F zygote64: runtime.cc:492] "Thread-11" prio=10 tid=33 Native
01-08 20:58:16.203 19818 19971 F zygote64: runtime.cc:492] | group="" sCount=1 dsCount=0 flags=1 obj=0x12fc3290 self=0x260d231800
01-08 20:58:16.203 19818 19971 F zygote64: runtime.cc:492] | sysTid=19929 nice=-9 cgrp=default sched=0/0 handle=0x261219e4f0
01-08 20:58:16.203 19818 19971 F zygote64: runtime.cc:492] | state=S schedstat=( 95378692 29427918 182 ) utm=7 stm=2 core=1 HZ=100
01-08 20:58:16.203 19818 19971 F zygote64: runtime.cc:492] | stack=0x26120a4000-0x26120a6000 stackSize=1005KB
01-08 20:58:16.203 19818 19971 F zygote64: runtime.cc:492] | held mutexes=
01-08 20:58:16.203 19818 19971 F zygote64: runtime.cc:492] kernel: __switch_to+0x90/0xb8
01-08 20:58:16.203 19818 19971 F zygote64: runtime.cc:492] kernel: futex_wait_queue_me+0xe0/0x168
01-08 20:58:16.203 19818 19971 F zygote64: runtime.cc:492] kernel: futex_wait+0xf0/0x210
01-08 20:58:16.203 19818 19971 F zygote64: runtime.cc:492] kernel: do_futex+0x300/0x890
01-08 20:58:16.203 19818 19971 F zygote64: runtime.cc:492] kernel: SyS_futex+0xf4/0x188
01-08 20:58:16.203 19818 19971 F zygote64: runtime.cc:492] kernel: __sys_trace+0x4c/0x4c
01-08 20:58:16.203 19818 19971 F zygote64: runtime.cc:492] native: #00 pc 000000000001d8f0 /system/lib64/libc.so (syscall+32)
01-08 20:58:16.203 19818 19971 F zygote64: runtime.cc:492] native: #01 pc 0000000000065710 /system/lib64/libc.so (pthread_cond_timedwait+156)
01-08 20:58:16.203 19818 19971 F zygote64: runtime.cc:492] native: #02 pc 000000000004ea2c /data/app/org.xbmc.kodi-BDfWM_U3OYT4DDmJ0Up2Kw==/lib/arm64/libc++_shared.so (_ZNSt6__ndk118condition_variable15__do_timed_waitERNS_11unique_lockINS_5mutexEEENS_6chrono10time_pointINS5_12system_clockENS5_8durationIxNS_5ratioILl1ELl1000000000EEEEEEE+92)
01-08 20:58:16.203 19818 19971 F zygote64: runtime.cc:492] native: #03 pc 0000000000efd6a0 /data/app/org.xbmc.kodi-BDfWM_U3OYT4DDmJ0Up2Kw==/lib/arm64/libkodi.so (???)
01-08 20:58:16.203 19818 19971 F zygote64: runtime.cc:492] native: #04 pc 0000000000efd5c0 /data/app/org.xbmc.kodi-BDfWM_U3OYT4DDmJ0Up2Kw==/lib/arm64/libkodi.so (???)
01-08 20:58:16.203 19818 19971 F zygote64: runtime.cc:492] native: #05 pc 0000000000efd4b0 /data/app/org.xbmc.kodi-BDfWM_U3OYT4DDmJ0Up2Kw==/lib/arm64/libkodi.so (???)
01-08 20:58:16.203 19818 19971 F zygote64: runtime.cc:492] native: #06 pc 0000000000efd370 /data/app/org.xbmc.kodi-BDfWM_U3OYT4DDmJ0Up2Kw==/lib/arm64/libkodi.so (_ZN11XbmcThreads17ConditionVariable4waitER16CCriticalSectionm+100)
01-08 20:58:16.203 19818 19971 F zygote64: runtime.cc:492] native: #07 pc 0000000000efd28c /data/app/org.xbmc.kodi-BDfWM_U3OYT4DDmJ0Up2Kw==/lib/arm64/libkodi.so (_ZN11XbmcThreads22TightConditionVariableIRVbE4waitI16CCriticalSectionEEbRT_m+132)
01-08 20:58:16.203 19818 19971 F zygote64: runtime.cc:492] native: #08 pc 0000000000efb9f0 /data/app/org.xbmc.kodi-BDfWM_U3OYT4DDmJ0Up2Kw==/lib/arm64/libkodi.so (_ZN6CEvent8WaitMSecEj+80)
01-08 20:58:16.203 19818 19971 F zygote64: runtime.cc:492] native: #09 pc 000000000125753c /data/app/org.xbmc.kodi-BDfWM_U3OYT4DDmJ0Up2Kw==/lib/arm64/libkodi.so (_ZN11CJobManager10GetNextJobEPK10CJobWorker+100)
01-08 20:58:16.203 19818 19971 F zygote64: runtime.cc:492] native: #10 pc 000000000125748c /data/app/org.xbmc.kodi-BDfWM_U3OYT4DDmJ0Up2Kw==/lib/arm64/libkodi.so (_ZN10CJobWorker7ProcessEv+196)
01-08 20:58:16.203 19818 19971 F zygote64: runtime.cc:492] native: #11 pc 00000000012bdd7c /data/app/org.xbmc.kodi-BDfWM_U3OYT4DDmJ0Up2Kw==/lib/arm64/libkodi.so (_ZN7CThread6ActionEv+40)
01-08 20:58:16.203 19818 19971 F zygote64: runtime.cc:492] native: #12 pc 00000000012bd2a4 /data/app/org.xbmc.kodi-BDfWM_U3OYT4DDmJ0Up2Kw==/lib/arm64/libkodi.so (_ZN7CThread12staticThreadEPv+184)
01-08 20:58:16.203 19818 19971 F zygote64: runtime.cc:492] native: #13 pc 0000000000065f88 /system/lib64/libc.so (_ZL15__pthread_startPv+36)
01-08 20:58:16.203 19818 19971 F zygote64: runtime.cc:492] native: #14 pc 000000000001ed24 /system/lib64/libc.so (__start_thread+68)
01-08 20:58:16.203 19818 19971 F zygote64: runtime.cc:492] (no managed stack frames)
01-08 20:58:16.203 19818 19971 F zygote64: runtime.cc:492]
01-08 20:58:16.203 19818 19971 F zygote64: runtime.cc:492] "AsyncTask #2" prio=10 tid=34 TimedWaiting
01-08 20:58:16.203 19818 19971 F zygote64: runtime.cc:492] | group="" sCount=1 dsCount=0 flags=1 obj=0x12fc3318 self=0x260d3a4a00
01-08 20:58:16.203 19818 19971 F zygote64: runtime.cc:492] | state=S schedstat=( 33688281 568802 39 ) utm=3 stm=0 core=1 HZ=100
01-08 20:58:16.203 19818 19971 F zygote64: runtime.cc:492] | stack=0x26121a1000-0x26121a3000 stackSize=1037KB
01-08 20:58:16.203 19818 19971 F zygote64: runtime.cc:492] | held mutexes=
01-08 20:58:16.203 19818 19971 F zygote64: runtime.cc:492] kernel: __switch_to+0x90/0xb8
01-08 20:58:16.203 19818 19971 F zygote64: runtime.cc:492] kernel: do_futex+0x300/0x890
01-08 20:58:16.203 19818 19971 F zygote64: runtime.cc:492] native: #00 pc 000000000001d8f0 /system/lib64/libc.so (syscall+32)
01-08 20:58:16.203 19818 19971 F zygote64: runtime.cc:492] - waiting on <0x0651d040> (a java.lang.Object)
01-08 20:58:16.203 19818 19971 F zygote64: runtime.cc:492]
at java.lang.Thread.parkFor$(Thread.java:2135)
01-08 20:58:16.203 19818 19971 F zygote64: runtime.cc:492] - locked <0x0651d040> (a java.lang.Object)
01-08 20:58:16.203 19818 19971 F zygote64: runtime.cc:492]
at sun.misc.Unsafe.park(Unsafe.java:358)
01-08 20:58:16.203 19818 19971 F zygote64: runtime.cc:492]
at java.util.concurrent.locks.LockSupport.parkNanos(LockSupport.java:230)
01-08 20:58:16.203 19818 19971 F zygote64: runtime.cc:492]
at java.util.concurrent.locks.AbstractQueuedSynchronizer$ConditionObject.awaitNanos(AbstractQueuedSynchronizer.java:2101)
01-08 20:58:16.203 19818 19971 F zygote64: runtime.cc:492]
at java.util.concurrent.LinkedBlockingQueue.poll(LinkedBlockingQueue.java:467)
01-08 20:58:16.203 19818 19971 F zygote64: runtime.cc:492]
at java.util.concurrent.ThreadPoolExecutor.getTask(ThreadPoolExecutor.java:1086)
01-08 20:58:16.203 19818 19971 F zygote64: runtime.cc:492]
at java.util.concurrent.ThreadPoolExecutor.runWorker(ThreadPoolExecutor.java:1147)
01-08 20:58:16.203 19818 19971 F zygote64: runtime.cc:492]
at java.lang.Thread.run(Thread.java:764)
01-08 20:58:16.203 19818 19971 F zygote64: runtime.cc:492]
01-08 20:58:16.203 19818 19971 F zygote64: runtime.cc:492] | state=S schedstat=( 20850527 4862031 97 ) utm=2 stm=0 core=1 HZ=100
01-08 20:58:16.203 19818 19971 F zygote64: runtime.cc:492] | stack=0x260d402000-0x260d404000 stackSize=1005KB
01-08 20:58:16.203 19818 19971 F zygote64: runtime.cc:492] kernel: futex_wait+0xf0/0x210
01-08 20:58:16.203 19818 19971 F zygote64: runtime.cc:492] kernel: SyS_futex+0xf4/0x188
01-08 20:58:16.204 19818 19971 F zygote64: runtime.cc:492] kernel: __sys_trace+0x4c/0x4c
01-08 20:58:16.204 19818 19971 F zygote64: runtime.cc:492] native: #03 pc 0000000000f01664 /data/app/org.xbmc.kodi-BDfWM_U3OYT4DDmJ0Up2Kw==/lib/arm64/libkodi.so (???)
01-08 20:58:16.204 19818 19971 F zygote64: runtime.cc:492] native: #04 pc 0000000000f015d4 /data/app/org.xbmc.kodi-BDfWM_U3OYT4DDmJ0Up2Kw==/lib/arm64/libkodi.so (_ZN11XbmcThreads17ConditionVariable4waitER16CCriticalSection+48)
01-08 20:58:16.204 19818 19971 F zygote64: runtime.cc:492] native: #07 pc 00000000017e9454 /data/app/org.xbmc.kodi-BDfWM_U3OYT4DDmJ0Up2Kw==/lib/arm64/libkodi.so (_ZN12ANNOUNCEMENT20CAnnouncementManager7ProcessEv+284)
01-08 20:58:16.204 19818 19971 F zygote64: runtime.cc:492] (no managed stack frames)
01-08 20:58:16.204 19818 19971 F zygote64: runtime.cc:492]
01-08 20:58:16.204 19818 19971 F zygote64: runtime.cc:492] "Thread-14" prio=10 tid=36 Native
01-08 20:58:16.204 19818 19971 F zygote64: runtime.cc:492] | group="" sCount=1 dsCount=0 flags=1 obj=0x12fc3508 self=0x2615dc3c00
01-08 20:58:16.204 19818 19971 F zygote64: runtime.cc:492] | sysTid=19927 nice=-10 cgrp=default sched=0/0 handle=0x2611fa44f0
01-08 20:58:16.204 19818 19971 F zygote64: runtime.cc:492] | state=S schedstat=( 108230665 5035729 388 ) utm=9 stm=1 core=3 HZ=100
01-08 20:58:16.204 19818 19971 F zygote64: runtime.cc:492] | stack=0x2611eaa000-0x2611eac000 stackSize=1005KB
01-08 20:58:16.204 19818 19971 F zygote64: runtime.cc:492] | held mutexes=
01-08 20:58:16.204 19818 19971 F zygote64: runtime.cc:492] kernel: __switch_to+0x90/0xb8
01-08 20:58:16.204 19818 19971 F zygote64: runtime.cc:492] kernel: poll_schedule_timeout+0x68/0xb8
01-08 20:58:16.204 19818 19971 F zygote64: runtime.cc:492] kernel: do_select+0x584/0x5f8
01-08 20:58:16.204 19818 19971 F zygote64: runtime.cc:492] kernel: core_sys_select+0x1d4/0x410
01-08 20:58:16.204 19818 19971 F zygote64: runtime.cc:492] kernel: SyS_pselect6+0x3b0/0x3d8
01-08 20:58:16.204 19818 19971 F zygote64: runtime.cc:492] kernel: __sys_trace+0x4c/0x4c
01-08 20:58:16.204 19818 19971 F zygote64: runtime.cc:492] native: #00 pc 0000000000068708 /system/lib64/libc.so (__pselect6+8)
01-08 20:58:16.204 19818 19971 F zygote64: runtime.cc:492] native: #01 pc 00000000000276b4 /system/lib64/libc.so (select+100)
01-08 20:58:16.204 19818 19971 F zygote64: runtime.cc:492] native: #02 pc 0000000001ab0184 /data/app/org.xbmc.kodi-BDfWM_U3OYT4DDmJ0Up2Kw==/lib/arm64/libkodi.so (???)
01-08 20:58:16.204 19818 19971 F zygote64: runtime.cc:492] native: #03 pc 0000000001a44e90 /data/app/org.xbmc.kodi-BDfWM_U3OYT4DDmJ0Up2Kw==/lib/arm64/libkodi.so (???)
01-08 20:58:16.204 19818 19971 F zygote64: runtime.cc:492] native: #04 pc 0000000001a409a4 /data/app/org.xbmc.kodi-BDfWM_U3OYT4DDmJ0Up2Kw==/lib/arm64/libkodi.so (PyEval_EvalFrameEx+2444)
01-08 20:58:16.204 19818 19971 F zygote64: runtime.cc:492] native: #05 pc 0000000001a3fda4 /data/app/org.xbmc.kodi-BDfWM_U3OYT4DDmJ0Up2Kw==/lib/arm64/libkodi.so (PyEval_EvalCodeEx+1596)
01-08 20:58:16.204 19818 19971 F zygote64: runtime.cc:492] native: #06 pc 0000000001a45c74 /data/app/org.xbmc.kodi-BDfWM_U3OYT4DDmJ0Up2Kw==/lib/arm64/libkodi.so (???)
01-08 20:58:16.204 19818 19971 F zygote64: runtime.cc:492] native: #07 pc 0000000001a449cc /data/app/org.xbmc.kodi-BDfWM_U3OYT4DDmJ0Up2Kw==/lib/arm64/libkodi.so (???)
01-08 20:58:16.204 19818 19971 F zygote64: runtime.cc:492] native: #08 pc 0000000001a40f5c /data/app/org.xbmc.kodi-BDfWM_U3OYT4DDmJ0Up2Kw==/lib/arm64/libkodi.so (PyEval_EvalFrameEx+3908)
01-08 20:58:16.204 19818 19971 F zygote64: runtime.cc:492] native: #09 pc 0000000001a3fda4 /data/app/org.xbmc.kodi-BDfWM_U3OYT4DDmJ0Up2Kw==/lib/arm64/libkodi.so (PyEval_EvalCodeEx+1596)
01-08 20:58:16.204 19818 19971 F zygote64: runtime.cc:492] native: #14 pc 0000000001a45bfc /data/app/org.xbmc.kodi-BDfWM_U3OYT4DDmJ0Up2Kw==/lib/arm64/libkodi.so (???)
01-08 20:58:16.204 19818 19971 F zygote64: runtime.cc:492] native: #15 pc 0000000001a449cc /data/app/org.xbmc.kodi-BDfWM_U3OYT4DDmJ0Up2Kw==/lib/arm64/libkodi.so (???)
01-08 20:58:16.204 19818 19971 F zygote64: runtime.cc:492] native: #16 pc 0000000001a40f5c /data/app/org.xbmc.kodi-BDfWM_U3OYT4DDmJ0Up2Kw==/lib/arm64/libkodi.so (PyEval_EvalFrameEx+3908)
01-08 20:58:16.204 19818 19971 F zygote64: runtime.cc:492] native: #17 pc 0000000001a45bfc /data/app/org.xbmc.kodi-BDfWM_U3OYT4DDmJ0Up2Kw==/lib/arm64/libkodi.so (???)
01-08 20:58:16.204 19818 19971 F zygote64: runtime.cc:492] native: #21 pc 0000000001b17bc8 /data/app/org.xbmc.kodi-BDfWM_U3OYT4DDmJ0Up2Kw==/lib/arm64/libkodi.so (???)
01-08 20:58:16.204 19818 19971 F zygote64: runtime.cc:492] native: #22 pc 00000000019d7530 /data/app/org.xbmc.kodi-BDfWM_U3OYT4DDmJ0Up2Kw==/lib/arm64/libkodi.so (PyObject_Call+124)
01-08 20:58:16.204 19818 19971 F zygote64: runtime.cc:492] native: #23 pc 00000000019e1800 /data/app/org.xbmc.kodi-BDfWM_U3OYT4DDmJ0Up2Kw==/lib/arm64/libkodi.so (???)
01-08 20:58:16.204 19818 19971 F zygote64: runtime.cc:492] native: #24 pc 00000000019d7530 /data/app/org.xbmc.kodi-BDfWM_U3OYT4DDmJ0Up2Kw==/lib/arm64/libkodi.so (PyObject_Call+124)
01-08 20:58:16.204 19818 19971 F zygote64: runtime.cc:492] native: #28 pc 000000000001ed24 /system/lib64/libc.so (__start_thread+68)
01-08 20:58:16.204 19818 19971 F zygote64: runtime.cc:492] (no managed stack frames)
01-08 20:58:16.204 19818 19971 F zygote64: runtime.cc:492]
01-08 20:58:16.204 19818 19971 F zygote64: runtime.cc:500] JNI DETECTED ERROR IN APPLICATION: JNI GetArrayLength called with pending exception android.media.MediaDrm$MediaDrmStateException: Failed to handle key response: General DRM error
01-08 20:58:16.204 19818 19971 F zygote64: runtime.cc:500] at byte[] android.media.MediaDrm.provideKeyResponse(byte[], byte[]) (MediaDrm.java:-2)
01-08 20:58:16.204 19818 19971 F zygote64: runtime.cc:500]
01-08 20:58:16.204 19818 19971 F zygote64: runtime.cc:500] in call to GetArrayLength
01-08 20:58:16.204 19818 19971 F zygote64: runtime.cc:500] "Thread-13" prio=10 tid=35 Runnable
01-08 20:58:16.204 19818 19971 F zygote64: runtime.cc:500] | group="main" sCount=0 dsCount=0 flags=0 obj=0x12fc3480 self=0x2614275600
01-08 20:58:16.204 19818 19971 F zygote64: runtime.cc:500] | sysTid=19971 nice=-10 cgrp=default sched=0/0 handle=0x2606fb94f0
01-08 20:58:16.204 19818 19971 F zygote64: runtime.cc:500] | state=R schedstat=( 40677756 1243434 146 ) utm=4 stm=0 core=1 HZ=100
01-08 20:58:16.204 19818 19971 F zygote64: runtime.cc:500] | held mutexes= "mutator lock"(shared held)
01-08 20:58:16.204 19818 19971 F zygote64: runtime.cc:500] native: #00 pc 0000000000396f6c /system/lib64/libart.so (_ZN3art15DumpNativeStackERNSt3__113basic_ostreamIcNS0_11char_traitsIcEEEEiP12BacktraceMapPKcPNS_9ArtMethodEPv+212)
01-08 20:58:16.204 19818 19971 F zygote64: runtime.cc:500] native: #03 pc 00000000002d57c8 /system/lib64/libart.so (_ZN3art9JavaVMExt9JniAbortVEPKcS2_St9__va_list+116)
01-08 20:58:16.204 19818 19971 F zygote64: runtime.cc:500] native: #06 pc 0000000000106590 /system/lib64/libart.so (_ZN3art11ScopedCheck5CheckERNS_18ScopedObjectAccessEbPKcPNS_12JniValueTypeE+856)
01-08 20:58:16.204 19818 19971 F zygote64: runtime.cc:500] native: #07 pc 00000000000fdbe4 /system/lib64/libart.so (_ZN3art8CheckJNI14GetArrayLengthEP7_JNIEnvP7_jarray+644)
01-08 20:58:16.205 19818 19971 F zygote64: runtime.cc:500]
01-08 20:58:16.205 19818 19971 F libc : Fatal signal 6 (SIGABRT), code -6 in tid 19971 (Thread-13)
01-08 20:58:16.265 19984 19984 I crash_dump64: obtaining output fd from tombstoned
01-08 20:58:16.265 3516 3516 I /system/bin/tombstoned: received crash request for pid 19818
01-08 20:58:16.266 19984 19984 I crash_dump64: performing dump of process 19818 (target tid = 19971)
01-08 20:58:16.266 19984 19984 F DEBUG : *** *** *** *** *** *** *** *** *** *** *** *** *** *** *** ***
01-08 20:58:16.266 19984 19984 F DEBUG : Build fingerprint: 'NVIDIA/darcy/darcy:8.0.0/OPR6.170623.010/3507953_1364.6545:user/release-keys'
01-08 20:58:16.266 19984 19984 F DEBUG : Revision: '0'
01-08 20:58:16.266 19984 19984 F DEBUG : ABI: 'arm64'
01-08 20:58:16.266 19984 19984 F DEBUG : pid: 19818, tid: 19971, name: Thread-13 >>> org.xbmc.kodi <<<
01-08 20:58:16.266 19984 19984 F DEBUG : signal 6 (SIGABRT), code -6 (SI_TKILL), fault addr --------
01-08 20:58:16.269 19984 19984 F DEBUG : Abort message: 'java_vm_ext.cc:504] JNI DETECTED ERROR IN APPLICATION: JNI GetArrayLength called with pending exception android.media.MediaDrm$MediaDrmStateException: Failed to handle key response: General DRM error'
01-08 20:58:16.269 19984 19984 F DEBUG : x0 0000000000000000 x1 0000000000004e03 x2 0000000000000006 x3 0000000000000008
01-08 20:58:16.269 19984 19984 F DEBUG : x4 0000000000000000 x5 0000000000000000 x6 0000000000000000 x7 7f7f7f7f7f7f7f7f
01-08 20:58:16.269 19984 19984 F DEBUG : x8 0000000000000083 x9 47ef43bbe27096ae x10 0000000000000000 x11 0000000000000001
01-08 20:58:16.269 19984 19984 F DEBUG : x12 ffffffffffffffff x13 ffffffffffffffff x14 ff00000000000000 x15 ffffffffffffffff
01-08 20:58:16.269 19984 19984 F DEBUG : x16 00000025edbd22f8 x17 00000025edb745d0 x18 0000000000000020 x19 0000000000004d6a
01-08 20:58:16.270 19984 19984 F DEBUG : x20 0000000000004e03 x21 00000026077dcec0 x22 0000000000000073 x23 0000000000000ec5
01-08 20:58:16.270 19984 19984 F DEBUG : x24 00000000000000d1 x25 00000026141ff000 x26 0000000000000ec4 x27 0000002606fb5a50
01-08 20:58:16.270 19984 19984 F DEBUG : x28 0000000000000043 x29 0000002606fb58f0 x30 00000025edb28994
01-08 20:58:16.270 19984 19984 F DEBUG : sp 0000002606fb58b0 pc 00000025edb745d8 pstate 0000000060000000
01-08 20:58:16.282 19984 19984 F DEBUG :
01-08 20:58:16.282 19984 19984 F DEBUG : backtrace:
01-08 20:58:16.282 19984 19984 F DEBUG : #00 pc 00000000000695d8 /system/lib64/libc.so (tgkill+8)
01-08 20:58:16.283 19984 19984 F DEBUG : #01 pc 000000000001d990 /system/lib64/libc.so (abort+88)
01-08 20:58:16.283 19984 19984 F DEBUG : #02 pc 0000000000436884 /system/lib64/libart.so (_ZN3art7Runtime5AbortEPKc+528)
01-08 20:58:16.283 19984 19984 F DEBUG : #03 pc 0000000000436f94 /system/lib64/libart.so (_ZN3art7Runtime7AborterEPKc+24)
01-08 20:58:16.283 19984 19984 F DEBUG : #04 pc 000000000052143c /system/lib64/libart.so (_ZN7android4base10LogMessageD1Ev+900)
01-08 20:58:16.283 19984 19984 F DEBUG : #05 pc 00000000002d55ec /system/lib64/libart.so (_ZN3art9JavaVMExt8JniAbortEPKcS2_+1716)
01-08 20:58:16.283 19984 19984 F DEBUG : #06 pc 00000000002d57c8 /system/lib64/libart.so (_ZN3art9JavaVMExt9JniAbortVEPKcS2_St9__va_list+116)
01-08 20:58:16.283 19984 19984 F DEBUG : #07 pc 00000000001085c8 /system/lib64/libart.so (_ZN3art11ScopedCheck6AbortFEPKcz+148)
01-08 20:58:16.283 19984 19984 F DEBUG : #08 pc 00000000001080f4 /system/lib64/libart.so (_ZN3art11ScopedCheck11CheckThreadEP7_JNIEnv+536)
01-08 20:58:16.283 19984 19984 F DEBUG : #09 pc 0000000000106590 /system/lib64/libart.so (_ZN3art11ScopedCheck5CheckERNS_18ScopedObjectAccessEbPKcPNS_12JniValueTypeE+856)
01-08 20:58:16.283 19984 19984 F DEBUG : #10 pc 00000000000fdbe4 /system/lib64/libart.so (_ZN3art8CheckJNI14GetArrayLengthEP7_JNIEnvP7_jarray+644)
01-08 20:58:16.283 19984 19984 F DEBUG : #11 pc 00000000000757bc /data/app/org.xbmc.kodi-BDfWM_U3OYT4DDmJ0Up2Kw==/lib/arm64/libssd_wv.so (_ZNK3jni12CJNIMediaDrm18provideKeyResponseERKNSt6__ndk16vectorIcNS1_9allocatorIcEEEES7_+156)
01-08 20:58:16.283 19984 19984 F DEBUG : #12 pc 000000000006ca20 /data/app/org.xbmc.kodi-BDfWM_U3OYT4DDmJ0Up2Kw==/lib/arm64/libssd_wv.so (_ZN28WV_CencSingleSampleDecrypter18SendSessionMessageERKNSt6__ndk16vectorIcNS0_9allocatorIcEEEE+6640)
01-08 20:58:16.283 19984 19984 F DEBUG : #13 pc 000000000006aed4 /data/app/org.xbmc.kodi-BDfWM_U3OYT4DDmJ0Up2Kw==/lib/arm64/libssd_wv.so (_ZN28WV_CencSingleSampleDecrypter16KeyUpdateRequestEb+324)
01-08 20:58:16.283 19984 19984 F DEBUG : #14 pc 000000000006e678 /data/app/org.xbmc.kodi-BDfWM_U3OYT4DDmJ0Up2Kw==/lib/arm64/libssd_wv.so (_ZN11WVDecrypter27CreateSingleSampleDecrypterER14AP4_DataBufferPKcPKh+184)
01-08 20:58:16.283 19984 19984 F DEBUG : #15 pc 000000000008578c /data/app/org.xbmc.kodi-BDfWM_U3OYT4DDmJ0Up2Kw==/lib/arm64/libinputstream.adaptive.so (_ZN7Session10initializeEhj+3320)
01-08 20:58:16.283 19984 19984 F DEBUG : #16 pc 0000000000088134 /data/app/org.xbmc.kodi-BDfWM_U3OYT4DDmJ0Up2Kw==/lib/arm64/libinputstream.adaptive.so (_ZN20CInputStreamAdaptive4OpenER11INPUTSTREAM+1796)
01-08 20:58:16.283 19984 19984 F DEBUG : #17 pc 000000000108191c /data/app/org.xbmc.kodi-BDfWM_U3OYT4DDmJ0Up2Kw==/lib/arm64/libkodi.so (_ZN17CInputStreamAddon4OpenEv+896)
01-08 20:58:16.283 19984 19984 F DEBUG : #18 pc 00000000010e7dd8 /data/app/org.xbmc.kodi-BDfWM_U3OYT4DDmJ0Up2Kw==/lib/arm64/libkodi.so (_ZN12CVideoPlayer15OpenInputStreamEv+424)
01-08 20:58:16.283 19984 19984 F DEBUG : #19 pc 00000000010ea164 /data/app/org.xbmc.kodi-BDfWM_U3OYT4DDmJ0Up2Kw==/lib/arm64/libkodi.so (_ZN12CVideoPlayer7PrepareEv+260)
01-08 20:58:16.283 19984 19984 F DEBUG : #20 pc 00000000010eb47c /data/app/org.xbmc.kodi-BDfWM_U3OYT4DDmJ0Up2Kw==/lib/arm64/libkodi.so (_ZN12CVideoPlayer7ProcessEv+72)
01-08 20:58:16.283 19984 19984 F DEBUG : #21 pc 00000000012bdd7c /data/app/org.xbmc.kodi-BDfWM_U3OYT4DDmJ0Up2Kw==/lib/arm64/libkodi.so (_ZN7CThread6ActionEv+40)
01-08 20:58:16.283 19984 19984 F DEBUG : #22 pc 00000000012bd2a4 /data/app/org.xbmc.kodi-BDfWM_U3OYT4DDmJ0Up2Kw==/lib/arm64/libkodi.so (_ZN7CThread12staticThreadEPv+184)
01-08 20:58:16.283 19984 19984 F DEBUG : #23 pc 0000000000065f88 /system/lib64/libc.so (_ZL15__pthread_startPv+36)
01-08 20:58:16.283 19984 19984 F DEBUG : #24 pc 000000000001ed24 /system/lib64/libc.so (__start_thread+68)
01-08 20:58:16.334 3876 4344 V Avrcp : MSG_UPDATE_MEDIA
01-08 20:58:16.335 3876 4344 V Avrcp : updatePlaybackState (1): -1➡1(PlaybackState {state=3, position=0, buffered position=0, speed=1.0, updated=11852633, actions=-1, custom actions=[], active item id=-1, error=null})
01-08 20:58:16.335 3876 4344 V Avrcp : Media update: id -1➡-1? [MediaAttributes: R⋯e - by (0 0/0) ]
01-08 20:58:16.335 3876 4344 D Avrcp : sendPlayPosNotificationRsp: Not registered or requesting.
01-08 20:58:16.723 3490 3670 I AudioFlinger: BUFFER TIMEOUT: remove(4097) from active list on thread 0x51d83cc0
01-08 20:58:16.983 3426 3426 D hwcomposer: hwc_getActiveConfig: returning 0
01-08 20:58:17.544 3516 3516 E /system/bin/tombstoned: Tombstone written to: /data/tombstones//tombstone_06
01-08 20:58:17.546 3778 19988 W ActivityManager: Force finishing activity org.xbmc.kodi/.Main
01-08 20:58:17.547 3778 3797 I BootReceiver: Copying /data/tombstones/tombstone_06 to DropBox (SYSTEM_TOMBSTONE)
01-08 20:58:17.549 3426 3426 D hwcomposer: hwc_getActiveConfig: returning 0
01-08 20:58:17.557 3778 3793 W BroadcastQueue: Background execution not allowed: receiving Intent { act=android.intent.action.DROPBOX_ENTRY_ADDED flg=0x10 (has extras) } to com.google.android.gms/.stats.service.DropBoxEntryAddedReceiver
01-08 20:58:17.558 3778 3793 W BroadcastQueue: Background execution not allowed: receiving Intent { act=android.intent.action.DROPBOX_ENTRY_ADDED flg=0x10 (has extras) } to com.google.android.gms/.chimera.GmsIntentOperationService$PersistentTrustedReceiver
01-08 20:58:17.570 3778 3793 W BroadcastQueue: Background execution not allowed: receiving Intent { act=android.intent.action.DROPBOX_ENTRY_ADDED flg=0x10 (has extras) } to com.google.android.gms/.stats.service.DropBoxEntryAddedReceiver
01-08 20:58:17.570 3778 3793 W BroadcastQueue: Background execution not allowed: receiving Intent { act=android.intent.action.DROPBOX_ENTRY_ADDED flg=0x10 (has extras) } to com.google.android.gms/.chimera.GmsIntentOperationService$PersistentTrustedReceiver
01-08 20:58:17.618 3778 3841 W InputDispatcher: channel 'dafbfd9 org.xbmc.kodi/org.xbmc.kodi.Main (server)' ~ Consumer closed input channel or an error occurred. events=0x9
01-08 20:58:17.618 3778 3841 E InputDispatcher: channel 'dafbfd9 org.xbmc.kodi/org.xbmc.kodi.Main (server)' ~ Channel is unrecoverably broken and will be disposed!
01-08 20:58:17.619 3778 12525 D MediaSessionService: Media button session is changed to null
01-08 20:58:17.619 3778 4685 I ActivityManager: Process org.xbmc.kodi (pid 19818) has died: vis +99TOP
01-08 20:58:17.619 3778 12525 I MediaFocusControl: AudioFocus removeFocusStackEntryOnDeath(): removing entry for android.os.BinderProxy@e9856e0
01-08 20:58:17.619 3501 6281 I WVCdm : CdmEngine::CloseSession
01-08 20:58:17.619 4622 8582 D ControllerMapper_S: Client: org.xbmc.kodi died and unregistered
01-08 20:58:17.619 3778 3859 D NsdService: Client disconnected
01-08 20:58:17.620 3778 3859 D NsdService: Terminating client-ID 1 global-ID 20 type 393225
01-08 20:58:17.620 3778 3859 D NsdService: unregisterService: 20
01-08 20:58:17.620 4622 4622 D ControllerMapper_S: org.xbmc.kodi binder died, Current App:Request App [org.xbmc.kodi 1920X1080]
01-08 20:58:17.620 3501 19262 I WVCdm : CdmEngine::CloseSession
01-08 20:58:17.620 3432 3562 E SurfaceFlinger: Failed to find layer (SurfaceView - org.xbmc.kodi/org.xbmc.kodi.Main#0) in layer parent (no-parent).
01-08 20:58:17.620 3432 3562 E SurfaceFlinger: Failed to find layer (Background for - SurfaceView - org.xbmc.kodi/org.xbmc.kodi.Main#0) in layer parent (no-parent).
01-08 20:58:17.620 3778 3859 D NsdService: Terminating client-ID 2 global-ID 21 type 393225
01-08 20:58:17.620 3778 3859 D NsdService: unregisterService: 21
01-08 20:58:17.621 3371 3408 D MDnsDS : polling error: 32
01-08 20:58:17.622 3778 4067 I WindowManager: WIN DEATH: Window{dafbfd9 u0 org.xbmc.kodi/org.xbmc.kodi.Main}
01-08 20:58:17.622 3778 4067 W InputDispatcher: Attempted to unregister already unregistered input channel 'dafbfd9 org.xbmc.kodi/org.xbmc.kodi.Main (server)'
01-08 20:58:17.622 4763 4763 D NowPlayingListener: onActiveSessionsChanged() called with: controllers = [[]]
01-08 20:58:17.622 4763 4763 D NowPlayingListener: updateMediaSessionCallback: null
01-08 20:58:17.623 5214 5214 D DeviceControlManagerService: no active session
01-08 20:58:17.623 4763 4763 D NowPlayingManager: onClientChanged() called with: clearing = [true]
01-08 20:58:17.623 3876 4344 V Avrcp : MediaController session destroyed
01-08 20:58:17.623 3876 4344 V Avrcp : updateNewIds: Addressed:10 to 10, Browse:0 to 0
01-08 20:58:17.623 3876 4344 D Avrcp : updateCurrentController: MediaController (org.xbmc.kodi@849224b) Raymond Reddingtons schwarze Liste, null, null to null
01-08 20:58:17.623 3778 3778 W TelecomManager: Telecom Service not found.
01-08 20:58:17.631 3374 3374 I Zygote : Process 19818 exited due to signal (6)
01-08 20:58:17.635 4569 5314 I zygote64: Looking for service vendor.nvidia.hardware.power@1.0::IPower/default
01-08 20:58:17.638 3778 3800 W ActivityManager: setHasOverlayUi called on unknown pid: 19818
01-08 20:58:17.639 4569 5314 I zygote64: Starting thread pool.
01-08 20:58:17.640 4763 4763 D TVNotifService: onNotificationRemoved StatusBarNotification(pkg=com.google.android.tvrecommendations user=UserHandle{0} id=4321 tag=Notification.NowPlaying key=0|com.google.android.tvrecommendations|4321|Notification.NowPlaying|10107: Notification(channel=now_playing pri=0 contentView=null vibrate=null sound=null defaults=0x0 flags=0x0 color=0x00000000 vis=PRIVATE)) userId: 0
01-08 20:58:17.654 3778 3842 I InputReader: Reconfiguring input devices. changes=0x00000004
01-08 20:58:17.656 4743 4743 I AppLifecycleTracker: onActivityStarted:
01-08 20:58:17.657 4743 4743 W DataLoader: SecurityException in onStartLoading() on registering content observer for uri: content://tvlauncher.mic/farfield_mic_status
01-08 20:58:17.657 4743 4743 W DataLoader: Failed to find provider tvlauncher.mic for user 0; expected to find a valid ContentProvider for this authority
01-08 20:58:17.661 4743 20001 E ActivityThread: Failed to find provider info for tvlauncher.mic
01-08 20:58:17.662 4743 4743 E PrtnrWidgetInfoLdr: Exception in onStartLoading() on registering content observer
01-08 20:58:17.662 4743 4743 E PrtnrWidgetInfoLdr: java.lang.SecurityException: Failed to find provider tvlauncher.widget for user 0; expected to find a valid ContentProvider for this authority
01-08 20:58:17.662 4743 4743 E PrtnrWidgetInfoLdr: at android.os.Parcel.readException(Parcel.java:1951)
01-08 20:58:17.662 4743 4743 E PrtnrWidgetInfoLdr: at android.os.Parcel.readException(Parcel.java:1897)
01-08 20:58:17.662 4743 4743 E PrtnrWidgetInfoLdr: at android.content.IContentService$Stub$Proxy.registerContentObserver(IContentService.java:768)
01-08 20:58:17.662 4743 4743 E PrtnrWidgetInfoLdr: at android.content.ContentResolver.registerContentObserver(ContentResolver.java:1924)
01-08 20:58:17.662 4743 4743 E PrtnrWidgetInfoLdr: at android.content.ContentResolver.registerContentObserver(ContentResolver.java:1913)
01-08 20:58:17.662 4743 4743 E PrtnrWidgetInfoLdr: at com.google.android.tvlauncher.data.PartnerWidgetInfoLoader.onStartLoading(PartnerWidgetInfoLoader.java:66)
01-08 20:58:17.662 4743 4743 E PrtnrWidgetInfoLdr: at android.content.Loader.startLoading(Loader.java:290)
01-08 20:58:17.662 4743 4743 E PrtnrWidgetInfoLdr: at android.app.LoaderManagerImpl$LoaderInfo.start(LoaderManager.java:283)
01-08 20:58:17.662 4743 4743 E PrtnrWidgetInfoLdr: at android.app.LoaderManagerImpl.doStart(LoaderManager.java:783)
01-08 20:58:17.662 4743 4743 E PrtnrWidgetInfoLdr: at android.app.Fragment.onStart(Fragment.java:1735)
01-08 20:58:17.662 4743 4743 E PrtnrWidgetInfoLdr: at com.google.android.tvlauncher.home.HomeFragment.onStart(HomeFragment.java:317)
01-08 20:58:17.662 4743 4743 E PrtnrWidgetInfoLdr: at android.app.Fragment.performStart(Fragment.java:2637)
01-08 20:58:17.662 4743 4743 E PrtnrWidgetInfoLdr: at android.app.FragmentManagerImpl.moveToState(FragmentManager.java:1312)
01-08 20:58:17.662 4743 4743 E PrtnrWidgetInfoLdr: at android.app.FragmentManagerImpl.moveFragmentToExpectedState(FragmentManager.java:1549)
01-08 20:58:17.662 4743 4743 E PrtnrWidgetInfoLdr: at android.app.FragmentManagerImpl.moveToState(FragmentManager.java:1611)
01-08 20:58:17.662 4743 4743 E PrtnrWidgetInfoLdr: at android.app.FragmentManagerImpl.dispatchMoveToState(FragmentManager.java:3039)
01-08 20:58:17.662 4743 4743 E PrtnrWidgetInfoLdr: at android.app.FragmentManagerImpl.dispatchStart(FragmentManager.java:2996)
01-08 20:58:17.662 4743 4743 E PrtnrWidgetInfoLdr: at android.app.FragmentController.dispatchStart(FragmentController.java:189)
01-08 20:58:17.662 4743 4743 E PrtnrWidgetInfoLdr: at android.app.Activity.performStart(Activity.java:7066)
01-08 20:58:17.662 4743 4743 E PrtnrWidgetInfoLdr: at android.app.Activity.performRestart(Activity.java:7134)
01-08 20:58:17.662 4743 4743 E PrtnrWidgetInfoLdr: at android.app.Activity.performResume(Activity.java:7139)
01-08 20:58:17.662 4743 4743 E PrtnrWidgetInfoLdr: at android.app.ActivityThread.performResumeActivity(ActivityThread.java:3682)
01-08 20:58:17.662 4743 4743 E PrtnrWidgetInfoLdr: at android.app.ActivityThread.handleResumeActivity(ActivityThread.java:3747)
01-08 20:58:17.662 4743 4743 E PrtnrWidgetInfoLdr: at android.app.ActivityThread$H.handleMessage(ActivityThread.java:1646)
01-08 20:58:17.662 4743 4743 E PrtnrWidgetInfoLdr: at android.os.Handler.dispatchMessage(Handler.java:105)
01-08 20:58:17.662 4743 4743 E PrtnrWidgetInfoLdr: at android.os.Looper.loop(Looper.java:164)
01-08 20:58:17.662 4743 4743 E PrtnrWidgetInfoLdr: at android.app.ActivityThread.main(ActivityThread.java:6628)
01-08 20:58:17.662 4743 4743 E PrtnrWidgetInfoLdr: at java.lang.reflect.Method.invoke(Native Method)
01-08 20:58:17.662 4743 4743 E PrtnrWidgetInfoLdr: at com.android.internal.os.Zygote$MethodAndArgsCaller.run(Zygote.java:240)
01-08 20:58:17.662 4743 4743 E PrtnrWidgetInfoLdr: at com.android.internal.os.ZygoteInit.main(ZygoteInit.java:776)
01-08 20:58:17.665 4763 4785 D TVNotifService: getConnectedInstanceBlocking - block
01-08 20:58:17.665 4763 4785 D TVNotifService: getConnectedInstanceBlockingWithTimeout - done
01-08 20:58:17.667 4763 5185 D TVNotifService: getConnectedInstanceBlocking - block
01-08 20:58:17.667 4763 5185 D TVNotifService: getConnectedInstanceBlockingWithTimeout - done
01-08 20:58:17.671 4743 4743 I AppLifecycleTracker: onActivityResumed:
01-08 20:58:17.671 4743 20002 E ActivityThread: Failed to find provider info for tvlauncher.widget
01-08 20:58:17.671 4743 4743 I AppLifecycleTracker: onActivityResumed:
01-08 20:58:17.673 4763 4763 D NotifInteractonRcvr: Show unseen default level notification toasts
01-08 20:58:17.676 3526 3526 E phs:fs : Unable to open file "/proc/19818/largest_task": No such file or directory
01-08 20:58:17.677 3426 3426 D hwcomposer: hwc_getActiveConfig: returning 0
01-08 20:58:17.677 4763 4785 D TVNotifService: getConnectedInstanceBlocking - block
01-08 20:58:17.677 4763 4785 D TVNotifService: getConnectedInstanceBlockingWithTimeout - done
01-08 20:58:17.678 3526 3526 E phs:fs : Unable to open file "/proc/19818/largest_task": No such file or directory
01-08 20:58:17.681 4743 8554 D ViewRootImpl: windowFocusChanged true com.google.android.tvlauncher
01-08 20:58:17.685 4763 5185 D TVNotifService: getConnectedInstanceBlocking - block
01-08 20:58:17.685 4763 5185 D TVNotifService: getConnectedInstanceBlockingWithTimeout - done
01-08 20:58:17.710 4622 4622 D ControllerMapper_S: same binder for com.google.android.tvlauncher skipping
01-08 20:58:17.710 4622 4622 D ControllerMapper_S: notifyAppName com.google.android.tvlauncher old :org.xbmc.kodi
01-08 20:58:17.710 4622 4622 D ControllerMapper_S: GameGuide com.google.android.tvlauncher is not in whitelist, ----> hide
01-08 20:58:17.726 3526 3526 E phs:fs : Unable to open file "/proc/19818/largest_task": No such file or directory
01-08 20:58:17.776 3526 3526 E phs:fs : Unable to open file "/proc/19818/largest_task": No such file or directory
01-08 20:58:17.788 4743 4743 E Clearcut-EventLogger: Unexpected log parameter shown_channel_count
01-08 20:58:17.790 4743 4743 E Clearcut-EventLogger: Unexpected log parameter tray_notification_count
01-08 20:58:17.790 4743 4743 E Clearcut-EventLogger: Unexpected log parameter notification_indicator_total
01-08 20:58:17.795 3526 3526 E phs:fs : Unable to open file "/proc/19818/largest_task": No such file or directory
01-08 20:58:17.952 3526 3526 I chatty : uid=1000(system) /vendor/bin/nvphsd identical 17 lines
