--------- beginning of system
01-01 02:00:23.716 3275 3275 I vold : Vold 3.0 (the awakening) firing up
01-01 02:00:23.716 3275 3275 V vold : Detected support for: ext4 f2fs vfat
01-01 02:00:23.718 3275 3275 I vold : Link to primary storage? 0
01-01 02:00:23.718 3275 3275 W Vold : Tearing down stale mount /mnt/tmp
01-01 02:00:23.737 3275 3275 V vold : /system/bin/lsusb
01-01 02:00:23.762 3275 3275 V vold : Bus 001 Device 001: ID 1d6b:0002
01-01 02:00:23.762 3275 3275 V vold :
01-01 02:00:23.762 3275 3275 V vold : Bus 002 Device 002: ID 1058:25a2
01-01 02:00:23.762 3275 3275 V vold :
01-01 02:00:23.762 3275 3275 V vold : Bus 002 Device 001: ID 1d6b:0003
01-01 02:00:23.762 3275 3275 V vold :
01-01 02:00:23.767 3275 3281 D vold : e4crypt_init_user0
01-01 02:00:23.767 3275 3281 D vold : e4crypt_prepare_user_storage for volume null, user 0, serial 0, flags 1
01-01 02:00:23.768 3275 3281 D vold : Preparing: /data/system/users/0
01-01 02:00:23.770 3275 3281 D vold : Preparing: /data/misc/profiles/cur/0
01-01 02:00:23.770 3275 3281 D vold : Preparing: /data/system_de/0
01-01 02:00:23.771 3275 3281 D vold : Preparing: /data/misc_de/0
01-01 02:00:23.771 3275 3281 D vold : Preparing: /data/user_de/0
01-01 02:00:23.771 3275 3281 D vold : e4crypt_unlock_user_key 0 serial=0 token_present=0
01-01 02:00:24.477 3423 3423 I android.hardware.wifi@1.0-service: Wifi Hal is starting up...
01-01 02:00:24.514 3424 3424 I vendor.nvidia.hardware.camera.provider@2.4-service: Camera Hal is starting up...
01-01 02:00:24.579 3494 3494 I installd: installd firing up
01-01 02:00:24.579 3494 3494 I installd: sdcardfs enabled: 0
01-01 02:00:24.635 3511 3511 I wificond: wificond is starting up...
01-01 02:00:25.218 3508 3617 I /system/bin/storaged: storaged: Start
01-01 02:00:26.594 3275 3279 V vold : /system/bin/lsusb
01-01 02:00:26.610 3275 3279 V vold : Bus 003 Device 001: ID 1d6b:0001
01-01 02:00:26.610 3275 3279 V vold :
01-01 02:00:26.610 3275 3279 V vold : Bus 001 Device 001: ID 1d6b:0002
01-01 02:00:26.610 3275 3279 V vold :
01-01 02:00:26.610 3275 3279 V vold : Bus 002 Device 002: ID 1058:25a2
01-01 02:00:26.610 3275 3279 V vold :
01-01 02:00:26.610 3275 3279 V vold : Bus 002 Device 001: ID 1d6b:0003
01-01 02:00:26.610 3275 3279 V vold :
01-01 02:00:26.610 3275 3279 I vold : Found new USB device: ID 1d6b:0001
01-01 02:00:27.615 3275 3279 I vold : results[0] = 465, iterations=114, delta_us=1003804
01-01 02:00:27.615 3275 3279 I vold :
01-01 02:00:27.615 3275 3279 I vold : average: 465.000000 +/- 0.000000 (max: 465) - last: 465
01-01 02:00:27.615 3275 3279 I vold :
01-01 02:00:28.279 3778 3778 I SystemServer: InitBeforeStartServices
01-01 02:00:28.279 3778 3778 I SystemServer: Entered the Android system server!
01-01 02:00:28.566 3778 3778 I SystemServer: StartServices
01-01 02:00:28.566 3778 3778 I SystemServer: Reading configuration...
01-01 02:00:28.566 3778 3778 I SystemServer: ReadingSystemConfig
01-01 02:00:28.566 3778 3778 I SystemServer: StartInstaller
01-01 02:00:28.566 3778 3778 I SystemServiceManager: Starting com.android.server.pm.Installer
01-01 02:00:28.582 3778 3791 W SystemConfig: Permissions library file /system/etc/permissions/android.hardware.location.gps.xml cannot be read
01-01 02:00:28.584 3778 3778 I SystemServer: DeviceIdentifiersPolicyService
01-01 02:00:28.585 3778 3778 I SystemServiceManager: Starting com.android.server.os.DeviceIdentifiersPolicyService
01-01 02:00:28.585 3778 3778 I SystemServer: StartActivityManager
01-01 02:00:28.585 3778 3778 I SystemServiceManager: Starting com.android.server.am.ActivityManagerService$Lifecycle
01-01 02:00:28.624 3275 3279 I vold : results[0] = 179, iterations=44, delta_us=1004237
01-01 02:00:28.624 3275 3279 I vold :
01-01 02:00:28.653 3778 3778 I ActivityManager: Memory class: 192
01-01 02:00:28.668 3778 3778 D BatteryStatsImpl: Reading daily items from /data/system/batterystats-daily.xml
01-01 02:00:28.748 3778 3778 I IntentFirewall: Read new rules (A:0 B:0 S:0)
01-01 02:00:28.756 3778 3778 D AppOps : AppOpsService published
01-01 02:00:28.757 3778 3778 I SystemServer: StartPowerManager
01-01 02:00:28.757 3778 3778 I SystemServiceManager: Starting com.android.server.power.PowerManagerService
01-01 02:00:28.761 3778 3778 I SystemServer: InitPowerManagement
01-01 02:00:28.763 3778 3778 I SystemServer: StartRecoverySystemService
01-01 02:00:28.763 3778 3778 I SystemServiceManager: Starting com.android.server.RecoverySystemService
01-01 02:00:28.764 3778 3778 V RescueParty: Disabled because of manual property
01-01 02:00:28.764 3778 3778 I SystemServer: StartLightsService
01-01 02:00:28.764 3778 3778 I SystemServiceManager: Starting com.android.server.lights.LightsService
01-01 02:00:28.764 3778 3778 I SystemServer: StartDisplayManager
01-01 02:00:28.764 3778 3778 I SystemServiceManager: Starting com.android.server.display.DisplayManagerService
01-01 02:00:28.766 3778 3778 I SystemServer: WaitForDisplay
01-01 02:00:28.766 3778 3778 I SystemServiceManager: Starting phase 100
01-01 02:00:28.768 3778 3800 I DisplayManagerService: Display device added: DisplayDeviceInfo{"Integrierter Bildschirm": uniqueId="local:0", 1920 x 1080, modeId 1, defaultModeId 1, supportedModes [{id=1, width=1920, height=1080, fps=59.94006}, {id=2, width=1280, height=720, fps=60.000004}, {id=3, width=1280, height=720, fps=50.0}, {id=4, width=1920, height=1080, fps=60.000004}, {id=5, width=1920, height=1080, fps=50.0}, {id=6, width=1920, height=1080, fps=24.0}, {id=7, width=1920, height=1080, fps=25.0}, {id=8, width=1920, height=1080, fps=30.0}, {id=9, width=1280, height=720, fps=59.94006}, {id=10, width=1920, height=1080, fps=23.976025}, {id=11, width=1920, height=1080, fps=29.97003}], colorMode 0, supportedColorModes [0], HdrCapabilities android.view.Display$HdrCapabilities@a69d6308, density 320, 213.0 x 213.0 dpi, appVsyncOff 1000000, presDeadline 16683333, touch INTERNAL, rotation 0, type BUILT_IN, state UNKNOWN, FLAG_DEFAULT_DISPLAY, FLAG_ROTATES_WITH_CONTENT, FLAG_SECURE, FLAG_SUPPORTS_PROTECTED_BUFFERS}
01-01 02:00:28.770 3778 3800 I DisplayManagerService: Display device changed state: "Integrierter Bildschirm", ON
01-01 02:00:28.770 3778 3778 I SystemServer: StartPackageManagerService
01-01 02:00:28.791 3778 3778 D SELinuxMMAC: Using policy file /system/etc/selinux/plat_mac_permissions.xml
01-01 02:00:28.793 3778 3778 D SELinuxMMAC: Using policy file /vendor/etc/selinux/nonplat_mac_permissions.xml
01-01 02:00:28.881 3778 3778 W PackageManager: Failed to parse /system/framework/oat: Missing base APK in /system/framework/oat
01-01 02:00:28.881 3778 3778 W PackageManager: Failed to parse /system/framework/arm64: Missing base APK in /system/framework/arm64
01-01 02:00:28.881 3778 3778 W PackageManager: Failed to parse /system/framework/arm: Missing base APK in /system/framework/arm
01-01 02:00:28.897 3778 3778 W PackageManager: Failed to scan /system/priv-app/AndroidMediaShell: Package com.google.android.apps.mediashell at /system/priv-app/AndroidMediaShell ignored: updated version 1400761 better than this 1332531
01-01 02:00:28.899 3778 3778 W PackageManager: Failed to scan /system/priv-app/AskShield: Package com.nvidia.shield.ask at /system/priv-app/AskShield ignored: updated version 2018101201 better than this 2018100302
01-01 02:00:28.925 3778 3778 W PackageManager: Failed to scan /system/priv-app/Katniss: Package com.google.android.katniss at /system/priv-app/Katniss ignored: updated version 11000014 better than this 10000038
01-01 02:00:28.939 3778 3778 W PackageManager: Failed to scan /system/priv-app/TV: Package com.google.android.tv at /system/priv-app/TV ignored: updated version 417000312 better than this 417000268
01-01 02:00:28.939 3778 3778 W PackageManager: Failed to scan /system/priv-app/TVLauncher: Package com.google.android.tvlauncher at /system/priv-app/TVLauncher ignored: updated version 1010605100 better than this 1010504100
01-01 02:00:28.940 3778 3778 W PackageManager: Failed to scan /system/priv-app/PrebuiltGmsCorePano: Package com.google.android.gms at /system/priv-app/PrebuiltGmsCorePano ignored: updated version 14799070 better than this 13292070
01-01 02:00:28.941 3778 3778 W PackageManager: Failed to scan /system/priv-app/TVRecommendations: Package com.google.android.tvrecommendations at /system/priv-app/TVRecommendations ignored: updated version 1010605100 better than this 1010505100
01-01 02:00:28.942 3778 3778 W PackageManager: Failed to scan /system/priv-app/Tubesky: Package com.android.vending at /system/priv-app/Tubesky ignored: updated version 81282468 better than this 81051068
01-01 02:00:28.963 3778 3778 W PackageManager: Failed to scan /system/app/GoogleHindiIME: Package com.google.android.apps.inputmethod.hindi at /system/app/GoogleHindiIME ignored: updated version 3260313 better than this 3230009
01-01 02:00:28.963 3778 3778 W PackageManager: Failed to scan /system/app/GoogleJapaneseInput: Package com.google.android.inputmethod.japanese at /system/app/GoogleJapaneseInput ignored: updated version 6329010 better than this 6287405
01-01 02:00:28.963 3778 3778 W PackageManager: Failed to scan /system/app/GooglePinyinIME: Package com.google.android.inputmethod.pinyin at /system/app/GooglePinyinIME ignored: updated version 4520313 better than this 4511409
01-01 02:00:28.963 3778 3778 W PackageManager: Failed to scan /system/app/GoogleTTS: Package com.google.android.tts at /system/app/GoogleTTS ignored: updated version 210315244 better than this 210312591
01-01 02:00:28.972 3778 3778 W PackageManager: Failed to scan /system/app/GoogleZhuyinIME: Package com.google.android.apps.inputmethod.zhuyin at /system/app/GoogleZhuyinIME ignored: updated version 2451413 better than this 2451408
01-01 02:00:28.972 3778 3778 W PackageManager: Failed to scan /system/app/KoreanIME: Package com.google.android.inputmethod.korean at /system/app/KoreanIME ignored: updated version 1551413 better than this 1551409
01-01 02:00:28.973 3778 3778 W PackageManager: Failed to scan /system/app/LatinIMEGoogleTvPrebuilt: Package com.google.android.inputmethod.latin at /system/app/LatinIMEGoogleTvPrebuilt ignored: updated version 26780730 better than this 26641622
01-01 02:00:28.975 3778 3778 W PackageManager: Failed to scan /system/app/Music2Pano: Package com.google.android.music at /system/app/Music2Pano ignored: updated version 73503 better than this 72103
01-01 02:00:28.979 3778 3778 W PackageManager: Failed to scan /system/app/PlexMediaServer: Package com.plexapp.mediaserver.smb at /system/app/PlexMediaServer ignored: updated version 1114155770 better than this 63500002
01-01 02:00:28.980 3778 3778 W PackageManager: Failed to scan /system/app/PlayGamesPano: Package com.google.android.play.games at /system/app/PlayGamesPano ignored: updated version 78251046 better than this 52100046
01-01 02:00:28.981 3778 3778 W PackageManager: Failed to scan /system/app/Plex: Package com.plexapp.android at /system/app/Plex ignored: updated version 714215281 better than this 506150502
01-01 02:00:28.986 3778 3778 W PackageManager: Failed to scan /system/app/VideosPano: Package com.google.android.videos at /system/app/VideosPano ignored: updated version 40900104 better than this 40443134
01-01 02:00:28.986 3778 3778 W PackageManager: Failed to scan /system/app/WebViewGoogle: Package com.google.android.webview at /system/app/WebViewGoogle ignored: updated version 357809950 better than this 303012550
01-01 02:00:28.986 3778 3778 W PackageManager: Failed to scan /system/app/YouTubeLeanback: Package com.google.android.youtube.tv at /system/app/YouTubeLeanback ignored: updated version 20405330 better than this 20405330
01-01 02:00:28.987 3778 3778 W PackageManager: Failed to scan /system/app/Zattoo: Package com.zattoo.player at /system/app/Zattoo ignored: updated version 9504 better than this 8186
01-01 02:00:28.987 3778 3778 W PackageManager: Failed to scan /system/app/talkback: Package com.google.android.marvin.talkback at /system/app/talkback ignored: updated version 60101323 better than this 60000014
01-01 02:00:28.992 3778 3778 W PackageManager: Failed to scan /vendor/app/AmazonVideo: Package com.amazon.amazonvideo.livingroom at /vendor/app/AmazonVideo ignored: updated version 410000300 better than this 406000500
01-01 02:00:29.003 3778 3778 W PackageManager: Failed to scan /vendor/app/Netflix: Package com.netflix.ninja at /vendor/app/Netflix ignored: updated version 2440 better than this 1716
01-01 02:00:29.013 3778 3778 W PackageManager: Failed to scan /vendor/app/TegraZone_Next: Package com.nvidia.tegrazone3 at /vendor/app/TegraZone_Next ignored: updated version 102537890 better than this 98425728
01-01 02:00:29.013 3778 3778 W PackageManager: Failed to parse /vendor/app/eks2: Missing base APK in /vendor/app/eks2
01-01 02:00:29.102 3778 3778 W PackageManager: Unable to update from com.android.inputmethod.latin to com.google.android.inputmethod.latin: old package still exists
01-01 02:00:29.199 3778 3778 I PackageManager: Time to scan packages: 0.322 seconds
01-01 02:00:29.201 3778 3778 I PackageManager: Un-granting permission android.permission.INSTALL_GRANT_RUNTIME_PERMISSIONS from package com.android.vending (protectionLevel=770 flags=0x384abec5)
01-01 02:00:29.201 3778 3778 I PackageManager: Un-granting permission android.permission.GRANT_RUNTIME_PERMISSIONS from package com.android.vending (protectionLevel=770 flags=0x384abec5)
01-01 02:00:29.201 3778 3778 I PackageManager: Un-granting permission android.permission.REVOKE_RUNTIME_PERMISSIONS from package com.android.vending (protectionLevel=770 flags=0x384abec5)
01-01 02:00:29.201 3778 3778 I PackageManager: Un-granting permission android.permission.SET_PREFERRED_APPLICATIONS from package com.android.vending (protectionLevel=514 flags=0x384abec5)
01-01 02:00:29.201 3778 3778 I PackageManager: Un-granting permission android.permission.ACCESS_INSTANT_APPS from package com.android.vending (protectionLevel=770 flags=0x384abec5)
01-01 02:00:29.202 3778 3778 I PackageManager: Un-granting permission android.permission.CLEAR_APP_USER_DATA from package com.google.android.packageinstaller (protectionLevel=258 flags=0x38483e45)
01-01 02:00:29.202 3778 3778 I PackageManager: Un-granting permission android.permission.GRANT_RUNTIME_PERMISSIONS from package com.google.android.packageinstaller (protectionLevel=770 flags=0x38483e45)
01-01 02:00:29.202 3778 3778 I PackageManager: Un-granting permission android.permission.REVOKE_RUNTIME_PERMISSIONS from package com.google.android.packageinstaller (protectionLevel=770 flags=0x38483e45)
01-01 02:00:29.202 3778 3778 I PackageManager: Un-granting permission android.permission.INSTALL_GRANT_RUNTIME_PERMISSIONS from package com.google.android.packageinstaller (protectionLevel=770 flags=0x38483e45)
01-01 02:00:29.202 3778 3778 I PackageManager: Un-granting permission android.permission.INTERACT_ACROSS_USERS_FULL from package com.google.android.packageinstaller (protectionLevel=258 flags=0x38483e45)
01-01 02:00:29.202 3778 3778 I PackageManager: Un-granting permission android.permission.KILL_UID from package com.google.android.packageinstaller (protectionLevel=258 flags=0x38483e45)
01-01 02:00:29.202 3778 3778 I PackageManager: Un-granting permission android.permission.MANAGE_APP_OPS_RESTRICTIONS from package com.google.android.packageinstaller (protectionLevel=258 flags=0x38483e45)
01-01 02:00:29.202 3778 3778 I PackageManager: Un-granting permission android.permission.HIDE_NON_SYSTEM_OVERLAY_WINDOWS from package com.google.android.packageinstaller (protectionLevel=258 flags=0x38483e45)
01-01 02:00:29.203 3778 3778 I PackageManager: Un-granting permission android.permission.ACCESS_INSTANT_APPS from package com.google.android.packageinstaller (protectionLevel=770 flags=0x38483e45)
01-01 02:00:29.205 3778 3778 V PackageManager: reconcileAppsData for null u0 0x3 migrateAppData=true
01-01 02:00:29.278 3778 3778 V PackageManager: reconcileAppsData finished 14 packages
01-01 02:00:29.424 3778 3778 I SystemServer: StartOtaDexOptService
01-01 02:00:29.425 3778 3778 D OTADexopt: No upgrade, skipping A/B artifacts check.
01-01 02:00:29.425 3778 3778 I SystemServer: StartUserManagerService
01-01 02:00:29.425 3778 3778 I SystemServiceManager: Starting com.android.server.pm.UserManagerService$LifeCycle
01-01 02:00:29.425 3778 3778 I SystemServer: InitAttributerCache
01-01 02:00:29.425 3778 3778 I SystemServer: SetSystemProcess
01-01 02:00:29.431 3778 3778 I SystemServer: StartOverlayManagerService
01-01 02:00:29.432 3778 3778 I SystemServer: StartDropBoxManager
01-01 02:00:29.432 3778 3778 I SystemServiceManager: Starting com.android.server.DropBoxManagerService
01-01 02:00:29.433 3778 3778 I SystemServer: StartBatteryService
01-01 02:00:29.433 3778 3778 I SystemServiceManager: Starting com.android.server.BatteryService
01-01 02:00:29.435 3778 3778 I SystemServer: StartUsageService
01-01 02:00:29.435 3778 3778 I SystemServiceManager: Starting com.android.server.usage.UsageStatsService
01-01 02:00:29.456 3778 3778 I SystemServer: StartWebViewUpdateService
01-01 02:00:29.456 3778 3778 I SystemServiceManager: Starting com.android.server.webkit.WebViewUpdateService
01-01 02:00:29.458 3778 3778 I SystemServer: StartKeyAttestationApplicationIdProviderService
01-01 02:00:29.458 3778 3791 I SystemServer: SecondaryZygotePreload
01-01 02:00:29.459 3778 3778 I SystemServer: StartKeyChainSystemService
01-01 02:00:29.460 3778 3778 I SystemServiceManager: Starting com.android.server.security.KeyChainSystemService
01-01 02:00:29.460 3778 3778 I SystemServer: StartSchedulingPolicyService
01-01 02:00:29.461 3778 3778 I SystemServer: StartTelecomLoaderService
01-01 02:00:29.461 3778 3778 I SystemServiceManager: Starting com.android.server.telecom.TelecomLoaderService
01-01 02:00:29.461 3778 3778 I SystemServer: StartTelephonyRegistry
01-01 02:00:29.462 3778 3778 I SystemServer: StartEntropyMixer
01-01 02:00:29.464 3778 3778 I EntropyMixer: Writing entropy...
01-01 02:00:29.471 3778 3778 I SystemServer: Camera Service Proxy
01-01 02:00:29.471 3778 3778 I SystemServer: StartCameraServiceProxy
01-01 02:00:29.471 3778 3778 I SystemServiceManager: Starting com.android.server.camera.CameraServiceProxy
01-01 02:00:29.475 3778 3778 I SystemServer: StartAccountManagerService
01-01 02:00:29.475 3778 3778 I SystemServiceManager: Starting com.android.server.accounts.AccountManagerService$Lifecycle
01-01 02:00:29.479 3778 3778 I SystemServer: StartContentService
01-01 02:00:29.480 3778 3778 I SystemServiceManager: Starting com.android.server.content.ContentService$Lifecycle
01-01 02:00:29.481 3778 3778 I SystemServer: InstallSystemProviders
01-01 02:00:29.545 3778 3778 I SystemServer: StartVibratorService
01-01 02:00:29.548 3778 3778 I SystemServer: StartConsumerIrService
01-01 02:00:29.550 3778 3778 I SystemServer: StartAlarmManagerService
01-01 02:00:29.551 3778 3778 I SystemServiceManager: Starting com.android.server.AlarmManagerService
01-01 02:00:29.555 3778 3778 I SystemServer: InitWatchdog
01-01 02:00:29.555 3778 3778 I SystemServer: StartInputManagerService
01-01 02:00:29.556 3778 3778 I InputManager: Initializing input manager, mUseDevInputEventForAudioJack=true
01-01 02:00:29.561 3778 3778 I SystemServer: StartWindowManagerService
01-01 02:00:29.658 3275 3279 I vold : results[1] = 122, iterations=31, delta_us=1034394
01-01 02:00:29.658 3275 3279 I vold :
01-01 02:00:29.658 3275 3279 I vold : average: 150.500000 +/- 28.500000 (max: 179) - last: 122
01-01 02:00:29.658 3275 3279 I vold :
01-01 02:00:29.658 3275 3279 V vold : /system/bin/sgdisk
01-01 02:00:29.658 3275 3279 V vold : --android-dump
01-01 02:00:29.659 3275 3279 V vold : /dev/block/vold/disk:8,0
01-01 02:00:29.707 3275 3279 V vold : DISK mbr
01-01 02:00:29.707 3275 3279 V vold :
01-01 02:00:29.707 3275 3279 V vold : PART 1 7
01-01 02:00:29.707 3275 3279 V vold :
01-01 02:00:30.017 3778 3826 I PackageManager: Deferred reconcileAppsData finished 161 packages
01-01 02:00:30.372 3778 3800 I WindowManager: No existing display settings /data/system/display_settings.xml; starting empty
01-01 02:00:30.393 3778 3794 W ContextImpl: Calling a method in the system process without a qualified user: android.app.ContextImpl.bindService:1559 com.nvidia.irtuner.lib.NvIRTunerManager.bindService:229 com.nvidia.irtuner.NvIRTunerUtil.:70 com.nvidia.irtuner.NvIRTunerUtil.getInstance:80 com.android.server.policy.PhoneWindowManager.init:2332
01-01 02:00:30.396 3778 3829 I SystemServer: StartHidlServices
01-01 02:00:30.396 3778 3778 I SystemServer: StartVrManagerService
01-01 02:00:30.396 3778 3778 I SystemServiceManager: Starting com.android.server.vr.VrManagerService
01-01 02:00:30.399 3778 3778 I SystemServer: SetWindowManagerService
01-01 02:00:30.402 3778 3778 I SystemServer: StartInputManager
01-01 02:00:30.402 3778 3778 I InputManager: Starting input manager
01-01 02:00:30.403 3778 3778 I SystemServer: DisplayManagerWindowManagerAndInputReady
01-01 02:00:30.403 3778 3778 I SystemServer: StartBluetoothService
01-01 02:00:30.403 3778 3778 I SystemServiceManager: Starting com.android.server.BluetoothService
01-01 02:00:30.404 3778 3778 D BluetoothManagerService: Loading stored name and address
01-01 02:00:30.405 3778 3778 D BluetoothManagerService: Stored bluetooth Name=SHIELD,Address=00:04:4B:87:78:D1
01-01 02:00:30.405 3778 3778 D BluetoothManagerService: Bluetooth persisted state: 1
01-01 02:00:30.405 3778 3778 D BluetoothManagerService: Startup: Bluetooth persisted state is ON.
01-01 02:00:30.405 3778 3778 I SystemServer: IpConnectivityMetrics
01-01 02:00:30.405 3778 3778 I SystemServiceManager: Starting com.android.server.connectivity.IpConnectivityMetrics
01-01 02:00:30.406 3778 3778 I SystemServer: PinnerService
01-01 02:00:30.406 3778 3778 I SystemServiceManager: Starting com.android.server.PinnerService
01-01 02:00:30.406 3778 3778 I SystemServer: StartInputMethodManagerLifecycle
01-01 02:00:30.406 3778 3778 I SystemServiceManager: Starting com.android.server.InputMethodManagerService$Lifecycle
01-01 02:00:30.412 3778 3778 I SystemServer: StartAccessibilityManagerService
01-01 02:00:30.415 3778 3778 I SystemServer: MakeDisplayReady
01-01 02:00:30.416 3778 3778 I ActivityManager: Config changes=5df8 {1.0 ?mcc?mnc [de_DE] ldltr sw540dp w960dp h540dp 320dpi lrg long land ?uimode ?night -touch -keyb/v/h dpad/v appBounds=Rect(0, 0 - 1920, 1080) s.2}
01-01 02:00:30.418 3778 3778 I ActivityManager: Override config changes=40007dfc {1.0 ?mcc?mnc [de_DE] ldltr sw540dp w960dp h540dp 320dpi lrg long land ?uimode ?night -touch -keyb/v/h dpad/v appBounds=Rect(0, 0 - 1920, 1080) s.2} for displayId=0
01-01 02:00:30.424 3778 3792 I UsageStatsService: User[0] Rollover scheduled @ 2000-01-02 02:00:30(946774830416)
01-01 02:00:30.444 3778 3778 I SystemServer: StartStorageManagerService
01-01 02:00:30.444 3778 3778 I SystemServiceManager: Starting com.android.server.StorageManagerService$Lifecycle
01-01 02:00:30.452 3778 3778 I SystemServer: StartStorageStatsService
01-01 02:00:30.452 3778 3778 I SystemServiceManager: Starting com.android.server.usage.StorageStatsService$Lifecycle
01-01 02:00:30.452 3778 3844 D StorageManagerService: Thinking about init, mSystemReady=false, mDaemonConnected=true
01-01 02:00:30.452 3778 3844 D StorageManagerService: Thinking about reset, mSystemReady=false, mDaemonConnected=true
01-01 02:00:30.452 3778 3844 D StorageManagerService: Thinking about init, mSystemReady=false, mDaemonConnected=true
01-01 02:00:30.452 3778 3844 D StorageManagerService: Thinking about reset, mSystemReady=false, mDaemonConnected=true
01-01 02:00:30.452 3778 3844 D CryptdConnector: SND -> {1 cryptfs getfield SystemLocale}
01-01 02:00:30.453 3778 3846 D CryptdConnector: RCV <- {200 1 -1}
01-01 02:00:30.454 3778 3844 W StorageManagerService: No primary storage mounted!
01-01 02:00:30.455 3778 3844 D VoldConnector: SND -> {1 asec list}
01-01 02:00:30.455 3778 3778 I SystemServer: StartUiModeManager
01-01 02:00:30.455 3778 3778 I SystemServiceManager: Starting com.android.server.UiModeManagerService
01-01 02:00:30.455 3778 3845 D VoldConnector: RCV <- {200 1 asec operation succeeded}
01-01 02:00:30.457 3778 3791 I ActivityManager: Config changes=200 {1.0 ?mcc?mnc [de_DE] ldltr sw540dp w960dp h540dp 320dpi lrg long land television -touch -keyb/v/h dpad/v appBounds=Rect(0, 0 - 1920, 1080) s.3}
01-01 02:00:30.457 3778 3778 I SystemServer: UpdatePackagesIfNeeded
01-01 02:00:30.457 3778 3778 I SystemServer: PerformFstrimIfNeeded
01-01 02:00:30.458 3778 3778 I SystemServer: StartLockSettingsService
01-01 02:00:30.458 3778 3778 I SystemServiceManager: Starting com.android.server.LockSettingsService$Lifecycle
01-01 02:00:30.530 3778 3791 I ActivityManager: Override config changes=200 {1.0 ?mcc?mnc [de_DE] ldltr sw540dp w960dp h540dp 320dpi lrg long land television -touch -keyb/v/h dpad/v appBounds=Rect(0, 0 - 1920, 1080) s.3} for displayId=0
01-01 02:00:30.534 3778 3844 W StorageManagerService: No primary storage mounted!
01-01 02:00:30.534 3778 3844 D VoldConnector: SND -> {2 asec list}
01-01 02:00:30.534 3778 3845 D VoldConnector: RCV <- {200 2 asec operation succeeded}
01-01 02:00:30.535 3778 3778 W SystemServiceManager: Service com.android.server.LockSettingsService$Lifecycle took 77 ms in onStart
01-01 02:00:30.535 3778 3778 I SystemServer: StartPersistentDataBlock
01-01 02:00:30.535 3778 3778 I SystemServiceManager: Starting com.android.server.PersistentDataBlockService
01-01 02:00:30.535 3778 3778 I SystemServer: StartOemLockService
01-01 02:00:30.536 3778 3778 I SystemServiceManager: Starting com.android.server.OemLockService
01-01 02:00:30.536 3778 3778 I SystemServer: StartDeviceIdleController
01-01 02:00:30.536 3778 3778 I SystemServiceManager: Starting com.android.server.DeviceIdleController
01-01 02:00:30.539 3778 3778 I SystemServer: StartDevicePolicyManager
01-01 02:00:30.540 3778 3778 I SystemServiceManager: Starting com.android.server.devicepolicy.DevicePolicyManagerService$Lifecycle
01-01 02:00:30.545 3778 3778 I SystemServer: StartStatusBarManagerService
01-01 02:00:30.546 3778 3778 I SystemServer: StartClipboardService
01-01 02:00:30.546 3778 3778 I SystemServiceManager: Starting com.android.server.clipboard.ClipboardService
01-01 02:00:30.548 3778 3778 I SystemServer: StartNetworkManagementService
01-01 02:00:30.550 3778 3847 I NetworkManagement: onDaemonConnected()
01-01 02:00:30.552 3778 3778 I SystemServer: StartTextServicesManager
01-01 02:00:30.552 3778 3778 I SystemServiceManager: Starting com.android.server.TextServicesManagerService$Lifecycle
01-01 02:00:30.552 3778 3826 I PersistentDataBlockService: Forcefully OEM unlock is enabled
01-01 02:00:30.626 3778 3778 I SystemServer: StartNetworkScoreService
01-01 02:00:30.627 3778 3778 I SystemServer: StartNetworkStatsService
01-01 02:00:30.630 3778 3778 I SystemServer: StartNetworkPolicyManagerService
01-01 02:00:30.633 3778 3778 I SystemServer: StartWifi
01-01 02:00:30.652 3778 3778 I SystemServiceManager: Starting com.android.server.wifi.WifiService
01-01 02:00:30.715 3778 3778 E ActivityThread: Failed to find provider info for com.nvidia.ibeta
01-01 02:00:30.716 3778 3778 I SystemServer: StartWifiScanning
01-01 02:00:30.717 3778 3778 I SystemServiceManager: Starting com.android.server.wifi.scanner.WifiScanningService
01-01 02:00:30.718 3778 3778 I SystemServer: StartWifiRtt
01-01 02:00:30.718 3778 3778 I SystemServiceManager: Starting com.android.server.wifi.RttService
01-01 02:00:30.719 3778 3778 I SystemServer: No Wi-Fi Aware Service (Aware support Not Present)
01-01 02:00:30.719 3778 3778 I SystemServer: StartWifiP2P
01-01 02:00:30.719 3778 3778 I SystemServiceManager: Starting com.android.server.wifi.p2p.WifiP2pService
01-01 02:00:30.723 3778 3778 I SystemServer: StartEthernet
01-01 02:00:30.724 3778 3778 I SystemServiceManager: Starting com.android.server.ethernet.EthernetService
01-01 02:00:30.730 3778 3778 I SystemServer: StartConnectivityService
01-01 02:00:30.733 3778 3778 D ConnectivityService: ConnectivityService starting up
01-01 02:00:30.734 3778 3778 D ConnectivityService: wifiOnly=true
01-01 02:00:30.734 3778 3778 D ConnectivityService: networkAttributes - ignoring mobile as this dev is wifiOnly 0
01-01 02:00:30.734 3778 3778 D ConnectivityService: networkAttributes - ignoring mobile as this dev is wifiOnly 2
01-01 02:00:30.734 3778 3778 D ConnectivityService: networkAttributes - ignoring mobile as this dev is wifiOnly 3
01-01 02:00:30.734 3778 3778 D ConnectivityService: networkAttributes - ignoring mobile as this dev is wifiOnly 4
01-01 02:00:30.734 3778 3778 D ConnectivityService: networkAttributes - ignoring mobile as this dev is wifiOnly 5
01-01 02:00:30.734 3778 3778 E ConnectivityService: Ignoring protectedNetwork 10
01-01 02:00:30.734 3778 3778 E ConnectivityService: Ignoring protectedNetwork 11
01-01 02:00:30.734 3778 3778 E ConnectivityService: Ignoring protectedNetwork 12
01-01 02:00:30.734 3778 3778 E ConnectivityService: Ignoring protectedNetwork 14
01-01 02:00:30.734 3778 3778 E ConnectivityService: Ignoring protectedNetwork 15
01-01 02:00:30.740 3778 3778 I SystemServer: StartNsdService
01-01 02:00:30.757 3778 3778 D NsdService: Network service discovery enabled true
01-01 02:00:30.759 3778 3778 I SystemServer: StartUpdateLockService
01-01 02:00:30.759 3778 3778 I SystemServer: WaitForAsecScan
01-01 02:00:30.759 3778 3778 I SystemServer: StartNotificationManager
01-01 02:00:30.760 3778 3778 I SystemServiceManager: Starting com.android.server.notification.NotificationManagerService
01-01 02:00:30.769 3778 3778 D ConditionProviders.SCP: new ScheduleConditionProvider()
01-01 02:00:30.780 3778 3778 I SystemServer: StartDeviceMonitor
01-01 02:00:30.780 3778 3778 I SystemServiceManager: Starting com.android.server.storage.DeviceStorageMonitorService
01-01 02:00:30.780 3778 3778 D DeviceStorageMonitorService: Low storage warning policy enabled:true
01-01 02:00:30.782 3778 3778 I SystemServer: StartLocationManagerService
01-01 02:00:30.783 3778 3778 I SystemServer: StartCountryDetectorService
01-01 02:00:30.783 3778 3778 I SystemServer: StartSearchManagerService
01-01 02:00:30.784 3778 3778 I SystemServiceManager: Starting com.android.server.search.SearchManagerService$Lifecycle
01-01 02:00:30.785 3778 3778 I SystemServer: StartWallpaperManagerService
01-01 02:00:30.785 3778 3778 I SystemServiceManager: Starting com.android.server.wallpaper.WallpaperManagerService$Lifecycle
01-01 02:00:30.789 3778 3778 I SystemServer: StartAudioService
01-01 02:00:30.789 3778 3778 I SystemServiceManager: Starting com.android.server.audio.AudioService$Lifecycle
01-01 02:00:30.826 3778 3778 I SystemServer: StartDockObserver
01-01 02:00:30.826 3778 3778 I SystemServiceManager: Starting com.android.server.DockObserver
01-01 02:00:30.826 3778 3778 W DockObserver: This kernel does not have dock station support
01-01 02:00:30.827 3778 3778 I SystemServer: StartWiredAccessoryManager
01-01 02:00:30.827 3778 3778 W WiredAccessoryManager: This kernel does not have usb audio support
01-01 02:00:30.828 3778 3778 W WiredAccessoryManager: This kernel does not have DP audio support
01-01 02:00:30.828 3778 3778 I SystemServer: StartMidiManager
01-01 02:00:30.828 3778 3778 I SystemServiceManager: Starting com.android.server.midi.MidiService$Lifecycle
01-01 02:00:30.830 3778 3778 I SystemServer: StartUsbService
01-01 02:00:30.830 3778 3778 I SystemServiceManager: Starting com.android.server.usb.UsbService$Lifecycle
01-01 02:00:30.833 3778 3778 E UsbDeviceManager: failed to write to /sys/class/android_usb/android0/f_rndis/ethaddr
01-01 02:00:30.836 3778 3843 I UsbPortManager: Usb hal service started android.hardware.usb@1.0::IUsb default
01-01 02:00:30.845 3778 3778 I SystemServer: StartSerialService
01-01 02:00:30.846 3778 3778 I SystemServer: StartHardwarePropertiesManagerService
01-01 02:00:30.847 3778 3778 I SystemServer: StartTwilightService
01-01 02:00:30.848 3778 3778 I SystemServiceManager: Starting com.android.server.twilight.TwilightService
01-01 02:00:30.848 3778 3778 I SystemServer: StartJobScheduler
01-01 02:00:30.848 3778 3778 I SystemServiceManager: Starting com.android.server.job.JobSchedulerService
01-01 02:00:30.852 3778 3778 D JobStore: Start tag: job-info
01-01 02:00:30.853 3778 3778 W JobStore: Periodic job for uid='10108' persisted run-time is too big [166771:53:28, 166774:17:28]. Clamping to [48:00:20,50:24:20]
01-01 02:00:30.853 3778 3778 W JobStore: Periodic job for uid='10107' persisted run-time is too big [166729:53:28, 166735:53:28]. Clamping to [6:00:20,12:00:20]
01-01 02:00:30.853 3778 3778 W JobStore: Periodic job for uid='10104' persisted run-time is too big [166747:53:28, 166771:53:28]. Clamping to [24:00:20,48:00:20]
01-01 02:00:30.853 3778 3778 W JobStore: Periodic job for uid='10099' persisted run-time is too big [166728:53:28, 166733:53:28]. Clamping to [5:00:20,10:00:20]
01-01 02:00:30.854 3778 3778 W JobStore: Periodic job for uid='10068' persisted run-time is too big [166727:53:28, 166731:53:28]. Clamping to [4:00:20,8:00:20]
01-01 02:00:30.854 3778 3778 W JobStore: Periodic job for uid='10066' persisted run-time is too big [166747:54:06, 166771:54:06]. Clamping to [24:00:20,48:00:20]
01-01 02:00:30.854 3778 3778 W JobStore: Periodic job for uid='10066' persisted run-time is too big [166747:54:06, 166771:54:06]. Clamping to [24:00:20,48:00:20]
01-01 02:00:30.854 3778 3778 W JobStore: Periodic job for uid='10031' persisted run-time is too big [166747:53:28, 166771:53:28]. Clamping to [24:00:20,48:00:20]
01-01 02:00:30.854 3778 3778 W JobStore: Periodic job for uid='10029' persisted run-time is too big [166727:53:28, 166731:53:28]. Clamping to [4:00:20,8:00:20]
01-01 02:00:30.855 3778 3778 W JobStore: Periodic job for uid='10029' persisted run-time is too big [166724:39:46, 166724:49:46]. Clamping to [15:20,25:20]
01-01 02:00:30.855 3778 3778 W JobStore: Periodic job for uid='10017' persisted run-time is too big [166771:53:28, 166819:53:28]. Clamping to [48:00:20,96:00:20]
01-01 02:00:30.855 3778 3778 W JobStore: Periodic job for uid='10017' persisted run-time is too big [166747:53:28, 166771:53:28]. Clamping to [24:00:20,48:00:20]
01-01 02:00:30.855 3778 3778 W JobStore: Periodic job for uid='10017' persisted run-time is too big [166745:02:53, 166766:12:19]. Clamping to [21:09:46,42:19:12]
01-01 02:00:30.856 3778 3778 W JobStore: Periodic job for uid='10017' persisted run-time is too big [166732:37:37, 166741:21:47]. Clamping to [8:44:30,17:28:39]
01-01 02:00:30.856 3778 3778 W JobStore: Periodic job for uid='10017' persisted run-time is too big [166745:02:53, 166766:12:19]. Clamping to [21:09:46,42:19:12]
01-01 02:00:30.856 3778 3778 W JobStore: Periodic job for uid='10017' persisted run-time is too big [166735:53:28, 166747:53:28]. Clamping to [12:00:20,24:00:20]
01-01 02:00:30.856 3778 3778 W JobStore: Periodic job for uid='10017' persisted run-time is too big [166747:53:28, 166771:53:28]. Clamping to [24:00:20,48:00:20]
01-01 02:00:30.857 3778 3778 W JobStore: Periodic job for uid='10017' persisted run-time is too big [166771:53:28, 166819:53:28]. Clamping to [48:00:20,96:00:20]
01-01 02:00:30.857 3778 3778 W JobStore: Periodic job for uid='10017' persisted run-time is too big [166745:02:53, 166766:12:19]. Clamping to [21:09:46,42:19:12]
01-01 02:00:30.858 3778 3778 D ConnectivityService: requestNetwork for uid/pid:1000/3778 NetworkRequest [ TRACK_DEFAULT id=3, [ Capabilities: INTERNET&NOT_RESTRICTED&TRUSTED&NOT_VPN] ]
01-01 02:00:30.860 3778 3778 I SystemServer: StartSoundTrigger
01-01 02:00:30.860 3778 3778 I SystemServiceManager: Starting com.android.server.soundtrigger.SoundTriggerService
01-01 02:00:30.861 3778 3778 I SystemServer: StartTrustManager
01-01 02:00:30.861 3778 3778 I SystemServiceManager: Starting com.android.server.trust.TrustManagerService
01-01 02:00:30.862 3778 3778 I SystemServer: StartBackupManager
01-01 02:00:30.862 3778 3778 I SystemServiceManager: Starting com.android.server.backup.BackupManagerService$Lifecycle
01-01 02:00:30.863 3778 3778 I SystemServer: StartAppWidgerService
01-01 02:00:30.863 3778 3778 I SystemServiceManager: Starting com.android.server.appwidget.AppWidgetService
01-01 02:00:30.866 3778 3778 I SystemServer: StartVoiceRecognitionManager
01-01 02:00:30.866 3778 3778 I SystemServiceManager: Starting com.android.server.voiceinteraction.VoiceInteractionManagerService
01-01 02:00:30.867 3778 3778 I SystemServer: StartGestureLauncher
01-01 02:00:30.867 3778 3778 I SystemServiceManager: Starting com.android.server.GestureLauncherService
01-01 02:00:30.867 3778 3778 I SystemServer: StartSensorNotification
01-01 02:00:30.867 3778 3778 I SystemServiceManager: Starting com.android.server.SensorNotificationService
01-01 02:00:30.868 3778 3778 I SystemServer: StartContextHubSystemService
01-01 02:00:30.868 3778 3778 I SystemServiceManager: Starting com.android.server.ContextHubSystemService
01-01 02:00:30.869 3778 3778 I SystemServer: StartDiskStatsService
01-01 02:00:30.870 3778 3778 I SystemServer: StartSamplingProfilerService
01-01 02:00:30.877 3778 3778 I SystemServer: StartNetworkTimeUpdateService
01-01 02:00:30.878 3778 3778 I SystemServer: StartCommonTimeManagementService
01-01 02:00:30.879 3778 3778 I SystemServer: CertBlacklister
01-01 02:00:30.879 3778 3778 I SystemServer: StartEmergencyAffordanceService
01-01 02:00:30.879 3778 3778 I SystemServiceManager: Starting com.android.server.emergency.EmergencyAffordanceService
01-01 02:00:30.879 3778 3778 I SystemServer: StartDreamManager
01-01 02:00:30.879 3778 3778 I SystemServiceManager: Starting com.android.server.dreams.DreamManagerService
01-01 02:00:30.881 3778 3778 I SystemServer: AddGraphicsStatsService
01-01 02:00:30.882 3778 3778 I SystemServer: StartRestrictionManager
01-01 02:00:30.882 3778 3778 I SystemServiceManager: Starting com.android.server.restrictions.RestrictionsManagerService
01-01 02:00:30.883 3778 3778 I SystemServer: StartMediaSessionService
01-01 02:00:30.883 3778 3778 I SystemServiceManager: Starting com.android.server.media.MediaSessionService
01-01 02:00:30.885 3778 3778 I SystemServer: StartHdmiControlService
01-01 02:00:30.885 3778 3778 I SystemServiceManager: Starting com.android.server.hdmi.HdmiControlService
01-01 02:00:30.889 3778 3778 I HdmiControlService: Device does not support MHL-control.
01-01 02:00:30.918 3778 3868 W HDMI : [1]:Failed to send a polling message(11->11) with return code 3
01-01 02:00:30.921 3778 3778 I SystemServer: StartTvInputManager
01-01 02:00:30.921 3778 3778 I SystemServiceManager: Starting com.android.server.tv.TvInputManagerService
01-01 02:00:30.926 3778 3778 I SystemServer: StartMediaResourceMonitor
01-01 02:00:30.926 3778 3778 I SystemServiceManager: Starting com.android.server.media.MediaResourceMonitorService
01-01 02:00:30.926 3778 3778 I SystemServer: StartTvRemoteService
01-01 02:00:30.927 3778 3778 I SystemServiceManager: Starting com.android.server.tv.TvRemoteService
01-01 02:00:30.927 3778 3778 I SystemServer: StartMediaRouterService
01-01 02:00:30.928 3778 3778 I SystemServer: StartBackgroundDexOptService
01-01 02:00:30.929 3778 3778 I SystemServer: StartPruneInstantAppsJobService
01-01 02:00:30.929 3778 3778 I SystemServer: StartShortcutServiceLifecycle
01-01 02:00:30.929 3778 3778 I SystemServiceManager: Starting com.android.server.pm.ShortcutService$Lifecycle
01-01 02:00:30.933 3778 3778 I SystemServer: StartLauncherAppsService
01-01 02:00:30.933 3778 3778 I SystemServiceManager: Starting com.android.server.pm.LauncherAppsService
01-01 02:00:30.934 3778 3778 I SystemServer: StartMediaProjectionManager
01-01 02:00:30.934 3778 3778 I SystemServiceManager: Starting com.android.server.media.projection.MediaProjectionManagerService
01-01 02:00:30.939 3778 3778 I SystemServer: StartJitCompilation
01-01 02:00:30.939 3778 3778 I SystemServer: StartMmsService
01-01 02:00:30.939 3778 3778 I SystemServiceManager: Starting com.android.server.MmsServiceBroker
01-01 02:00:30.940 3778 3778 I SystemServer: StartRetailDemoModeService
01-01 02:00:30.940 3778 3778 I SystemServiceManager: Starting com.android.server.retaildemo.RetailDemoModeService
01-01 02:00:30.941 3778 3778 I SystemServer: MakeVibratorServiceReady
01-01 02:00:30.942 3778 3778 I SystemServer: MakeLockSettingsServiceReady
01-01 02:00:30.962 3778 3778 E LockSettingsStorage: Cannot read file java.io.FileNotFoundException: /data/system/gatekeeper.password.key: open failed: ENOENT (No such file or directory)
01-01 02:00:30.962 3778 3778 E LockSettingsStorage: Cannot read file java.io.FileNotFoundException: /data/system/password.key: open failed: ENOENT (No such file or directory)
01-01 02:00:30.962 3778 3778 E LockSettingsStorage: Cannot read file java.io.FileNotFoundException: /data/system/gatekeeper.pattern.key: open failed: ENOENT (No such file or directory)
01-01 02:00:30.962 3778 3778 E LockSettingsStorage: Cannot read file java.io.FileNotFoundException: /data/system/gatekeeper.gesture.key: open failed: ENOENT (No such file or directory)
01-01 02:00:30.962 3778 3778 E LockSettingsStorage: Cannot read file java.io.FileNotFoundException: /data/system/gesture.key: open failed: ENOENT (No such file or directory)
01-01 02:00:30.963 3778 3778 I SystemServer: StartBootPhaseLockSettingsReady
01-01 02:00:30.963 3778 3778 I SystemServiceManager: Starting phase 480
01-01 02:00:30.964 3778 3778 W ShortcutService: Clock rewound
01-01 02:00:30.964 3778 3778 I SystemServer: StartBootPhaseSystemServicesReady
01-01 02:00:30.964 3778 3778 I SystemServiceManager: Starting phase 500
01-01 02:00:30.969 3778 3778 I VrManagerService: No default vr listener service found.
01-01 02:00:30.974 3778 3778 I WifiService: WifiService starting up with Wi-Fi enabled
01-01 02:00:30.979 3778 3778 D WifiService: setWifiEnabled: true pid=3778, uid=1000, package=android
01-01 02:00:30.983 3778 3857 D ConnectivityService: Got NetworkFactory Messenger for Ethernet
01-01 02:00:30.988 3778 3778 I SystemServer: MakeWindowManagerServiceReady
01-01 02:00:30.990 3778 3778 I SystemServer: MakePowerManagerServiceReady
01-01 02:00:30.995 3778 3778 D PowerManagerService: updateIsPoweredLocked: USB Plugged in, Charging device
01-01 02:00:30.995 3778 3778 D PowerManagerService: wakeUpNoUpdateLocked: eventTime=20685, uid=1000
01-01 02:00:30.995 3778 3792 W ContextImpl: Calling a method in the system process without a qualified user: android.app.ContextImpl.sendBroadcast:952 com.android.server.power.PowerManagerService$5.run:1361 android.os.Handler.handleCallback:789 android.os.Handler.dispatchMessage:98 android.os.Looper.loop:164
01-01 02:00:30.996 3778 3802 W KeyguardServiceDelegate: onScreenTurningOn(): no keyguard service!
01-01 02:00:30.997 3778 3778 I SystemServer: MakePackageManagerServiceReady
01-01 02:00:31.002 3778 3778 V UserDataPreparer: Found /data/user_de/0 with serial number 0
01-01 02:00:31.002 3778 3778 V UserDataPreparer: Found /data/user/0 with serial number 0
01-01 02:00:31.002 3778 3778 V UserDataPreparer: Found /data/system_de/0 with serial number 0
01-01 02:00:31.002 3778 3778 V UserDataPreparer: Found /data/system_ce/0 with serial number 0
01-01 02:00:31.002 3778 3778 V UserDataPreparer: Found /data/misc_ce/0 with serial number 0
01-01 02:00:31.007 3778 3778 D ConnectivityService: requestNetwork for uid/pid:1000/3778 NetworkRequest [ REQUEST id=4, [ Capabilities: INTERNET&NOT_RESTRICTED&TRUSTED&NOT_VPN] ]
01-01 02:00:31.008 3778 3778 I SystemServer: MakeDisplayManagerServiceReady
01-01 02:00:31.008 3778 3778 I NvDeviceInfo: Device SKU: E12897TP
01-01 02:00:31.009 3778 3778 I NvDeviceInfo: sys.device.sku first set to: E12897TP
01-01 02:00:31.012 3778 3778 I NvDeviceInfo: persist.power.brick prev: PB1723, new: PB1723
01-01 02:00:31.012 3778 3778 I NvDeviceInfo: factory.accessory.bundleinfo first set to: T=0;P=1;
01-01 02:00:31.014 3778 3778 I ActivityManager: System now ready
01-01 02:00:31.016 3778 3778 I ActivityManager: Config changes=100 {1.0 ?mcc?mnc [de_DE] ldltr sw540dp w960dp h540dp 320dpi lrg long land television -touch -keyb/v/h dpad/v appBounds=Rect(0, 0 - 1920, 1080) s.4}
01-01 02:00:31.017 3778 3778 I ActivityManager: Override config changes=100 {1.0 ?mcc?mnc [de_DE] ldltr sw540dp w960dp h540dp 320dpi lrg long land television -touch -keyb/v/h dpad/v appBounds=Rect(0, 0 - 1920, 1080) s.4} for displayId=0
01-01 02:00:31.037 3778 3778 I SystemServer: Making services ready
01-01 02:00:31.037 3778 3778 I SystemServer: StartActivityManagerReadyPhase
01-01 02:00:31.037 3778 3778 I SystemServiceManager: Starting phase 550
01-01 02:00:31.037 3778 3800 I ActivityManager: Config changes=100 {1.0 ?mcc?mnc [de_DE] ldltr sw540dp w960dp h540dp 320dpi lrg long land television -touch -keyb/v/h dpad/v appBounds=Rect(0, 0 - 1920, 1080) s.5}
01-01 02:00:31.039 3778 3800 I ActivityManager: Override config changes=100 {1.0 ?mcc?mnc [de_DE] ldltr sw540dp w960dp h540dp 320dpi lrg long land television -touch -keyb/v/h dpad/v appBounds=Rect(0, 0 - 1920, 1080) s.5} for displayId=0
01-01 02:00:31.040 3778 3800 I WindowManager: Screen frozen for +23ms due to new-config
01-01 02:00:31.044 3778 3778 W ActivityManager: Unable to start service Intent { act=com.android.ITelecomService cmp=com.android.server.telecom/.components.TelecomService } U=0: not found
01-01 02:00:31.199 3778 3778 W SystemServiceManager: Service com.android.server.content.ContentService$Lifecycle took 155 ms in onBootPhase
01-01 02:00:31.199 3778 3778 D BluetoothManagerService: Bluetooth boot completed
01-01 02:00:31.199 3778 3778 D BluetoothManagerService: Auto-enabling Bluetooth.
01-01 02:00:31.199 3778 3799 D BluetoothManagerService: MESSAGE_ENABLE(0): mBluetooth = null
01-01 02:00:31.211 3778 3799 I ActivityManager: Start proc 3876:com.android.bluetooth/1002 for service com.android.bluetooth/.btservice.AdapterService
01-01 02:00:31.486 3423 3423 I android.hardware.wifi@1.0-service: Wifi HAL started
01-01 02:00:31.497 3778 3778 W InputMethodManagerService: Default IME is uninstalled. Choose new default IME.
01-01 02:00:31.537 3778 3778 W InputMethodManagerService: Illegal subtype state: old subtype = null, new subtype = android.view.inputmethod.InputMethodSubtype@2e2cbe61
01-01 02:00:31.547 3778 3778 I ActivityManager: Start proc 3893:com.google.android.inputmethod.latin/u0a113 for service com.google.android.inputmethod.latin/com.android.inputmethod.latin.LatinIME
01-01 02:00:31.547 3778 3778 W SystemServiceManager: Service com.android.server.InputMethodManagerService$Lifecycle took 348 ms in onBootPhase
01-01 02:00:31.548 3778 3844 D StorageManagerService: Thinking about init, mSystemReady=true, mDaemonConnected=true
01-01 02:00:31.548 3778 3844 D StorageManagerService: Setting up emulation state, initlocked=false
01-01 02:00:31.548 3778 3844 D CryptdConnector: SND -> {2 cryptfs unlock_user_key 0 0 ! !}
01-01 02:00:31.548 3275 3281 D vold : e4crypt_unlock_user_key 0 serial=0 token_present=0
01-01 02:00:31.549 3778 3846 D CryptdConnector: RCV <- {200 2 Command succeeded}
01-01 02:00:31.549 3778 3844 D StorageManagerService: Thinking about reset, mSystemReady=true, mDaemonConnected=true
01-01 02:00:31.549 3778 3844 D VoldConnector: SND -> {3 volume reset}
01-01 02:00:31.549 3778 3793 I ActivityManager: Force stopping com.android.providers.media appid=10008 user=-1: vold reset
01-01 02:00:31.550 3778 3845 D VoldConnector: RCV <- {651 emulated 7}
01-01 02:00:31.550 3778 3778 D UsbAlsaManager: Adding ALSA device AlsaDevice: [card: 0, device: 3, type: 1]
01-01 02:00:31.550 3778 3778 D UsbAlsaManager: Adding ALSA device AlsaDevice: [card: 1, device: 94, type: 2]
01-01 02:00:31.550 3275 3280 I vold : Return stored SpeedClass value
01-01 02:00:31.550 3778 3778 D UsbAlsaManager: Adding ALSA device AlsaDevice: [card: 1, device: 94, type: 1]
01-01 02:00:31.550 3778 3778 D UsbAlsaManager: Adding ALSA device AlsaDevice: [card: 1, device: 93, type: 2]
01-01 02:00:31.550 3778 3778 D UsbAlsaManager: Adding ALSA device AlsaDevice: [card: 1, device: 93, type: 1]
01-01 02:00:31.550 3778 3778 D UsbAlsaManager: Adding ALSA device AlsaDevice: [card: 1, device: 9, type: 2]
01-01 02:00:31.550 3778 3778 D UsbAlsaManager: Adding ALSA device AlsaDevice: [card: 1, device: 9, type: 1]
01-01 02:00:31.550 3778 3778 D UsbAlsaManager: Adding ALSA device AlsaDevice: [card: 1, device: 8, type: 2]
01-01 02:00:31.550 3778 3778 D UsbAlsaManager: Adding ALSA device AlsaDevice: [card: 1, device: 8, type: 1]
01-01 02:00:31.550 3778 3845 D VoldConnector: RCV <- {659 emulated}
01-01 02:00:31.550 3778 3778 D UsbAlsaManager: Adding ALSA device AlsaDevice: [card: 1, device: 7, type: 2]
01-01 02:00:31.550 3778 3778 D UsbAlsaManager: Adding ALSA device AlsaDevice: [card: 1, device: 7, type: 1]
01-01 02:00:31.550 3778 3778 D UsbAlsaManager: Adding ALSA device AlsaDevice: [card: 1, device: 6, type: 2]
01-01 02:00:31.550 3778 3778 D UsbAlsaManager: Adding ALSA device AlsaDevice: [card: 1, device: 6, type: 1]
01-01 02:00:31.550 3778 3778 D UsbAlsaManager: Adding ALSA device AlsaDevice: [card: 1, device: 5, type: 2]
01-01 02:00:31.550 3778 3778 D UsbAlsaManager: Adding ALSA device AlsaDevice: [card: 1, device: 5, type: 1]
01-01 02:00:31.550 3778 3778 D UsbAlsaManager: Adding ALSA device AlsaDevice: [card: 1, device: 4, type: 2]
01-01 02:00:31.550 3778 3778 D UsbAlsaManager: Adding ALSA device AlsaDevice: [card: 1, device: 4, type: 1]
01-01 02:00:31.550 3778 3845 D VoldConnector: RCV <- {650 emulated 2 "" ""}
01-01 02:00:31.550 3778 3778 D UsbAlsaManager: Adding ALSA device AlsaDevice: [card: 1, device: 3, type: 2]
01-01 02:00:31.550 3275 3280 V vold : /system/bin/sgdisk
01-01 02:00:31.550 3778 3778 D UsbAlsaManager: Adding ALSA device AlsaDevice: [card: 1, device: 3, type: 1]
01-01 02:00:31.550 3275 3280 V vold : --android-dump
01-01 02:00:31.550 3778 3778 D UsbAlsaManager: Adding ALSA device AlsaDevice: [card: 1, device: 2, type: 2]
01-01 02:00:31.550 3275 3280 V vold : /dev/block/vold/disk:8,0
