01-08 20:52:27.302 4427 4441 D BluetoothGatt: onConnectionUpdated() - Device=00:04:4B:99:25:86 interval=20 latency=40 timeout=1000 status=0
01-08 20:52:28.886 6109 6109 I chromium: [6109:6109:INFO:metrics_recorder.cc(89)] Metrics stat: total=1
01-08 20:52:28.886 6109 6109 I chromium: Cast.Discovery.Mdns.Query.Cast.Count=1
01-08 20:52:32.912 6109 18717 I chromium: [6109:18717:INFO:ssdp_device.c(101)] SSDP packets sent for 36 seconds = 3
01-08 20:52:37.505 3876 4034 D bt_btif_scanner: btif_gatts_upstreams_evt: Unhandled event (26)
01-08 20:52:37.505 6109 6270 D BluetoothGattServer: onConnectionUpdated() - Device=00:04:4B:99:25:86 interval=20 latency=99 timeout=1000 status=0
01-08 20:52:37.505 4525 5425 D BluetoothGatt: onConnectionUpdated() - Device=00:04:4B:99:25:86 interval=20 latency=99 timeout=1000 status=0
01-08 20:52:37.505 4427 4441 D BluetoothGatt: onConnectionUpdated() - Device=00:04:4B:99:25:86 interval=20 latency=99 timeout=1000 status=0
01-08 20:53:00.520 3778 3792 I UsageStatsService: User[0] Flushing usage stats to disk
01-08 20:53:05.321 6109 6225 I chromium: [6109:6225:INFO:mdns_app_filter.cc(2437)] MdnsAppFilter: responses sent in 102 seconds: 1
01-08 20:53:22.912 6109 18717 I chromium: [6109:18717:INFO:ssdp_device.c(101)] SSDP packets sent for 50 seconds = 4
01-08 20:53:25.057 3778 3852 E ActivityThread: Failed to find provider info for com.nvidia.ibeta
01-08 20:53:25.290 3778 3778 I JobServiceContext: 530356a #u0a29/1000001 com.google.android.tv/com.android.tv.recommendation.ChannelPreviewUpdater$ChannelPreviewUpdateService
01-08 20:53:28.886 6109 6109 I chromium: [6109:6109:INFO:metrics_recorder.cc(89)] Metrics stat: total=2
01-08 20:53:28.886 6109 6109 I chromium: Cast.Discovery.Mdns.Request.In=1
01-08 20:53:28.886 6109 6109 I chromium: Cast.Discovery.Mdns.Response.Out=1
01-08 20:53:29.849 6109 6225 I chromium: [6109:6225:INFO:mdns_app_filter.cc(2630)] Mdns cast queries recently sent: queries=1
01-08 20:53:36.196 6109 6230 I chromium: [6109:6230:INFO:wifi_proximity.cc(209)] Request scan.
01-08 20:53:38.300 3477 3477 I adbd : Calling send_auth_request...
01-08 20:53:38.378 3477 3477 I adbd : Loading keys from /data/misc/adb/adb_keys
01-08 20:53:39.568 6109 6225 I chromium: [6109:6225:INFO:mdns_app_filter.cc(2437)] MdnsAppFilter: responses sent in 34 seconds: 1
01-08 20:53:39.597 6109 6229 I chromium: [6109:6229:INFO:metrics_recorder.cc(228)] Cast v2 action(socket_id=8635f1b2-aa71-88e7-6086-a23eff3ea8ce.28): CastV2.Connection.Connect.In
01-08 20:53:39.645 6109 6229 I chromium: [6109:6229:INFO:v2_ssl_socket.cc(275)] Stop reading on pending closed socket
01-08 20:53:52.719 6109 18717 I chromium: [6109:18717:INFO:ssdp_device.c(101)] SSDP packets sent for 30 seconds = 11
01-08 20:53:56.577 18431 19325 I FtpLoggingFilter: IDLE
01-08 20:53:56.577 18431 19325 I DefaultFtpHandler: Session idle, closing
01-08 20:53:56.578 18431 19325 I FtpLoggingFilter: CLOSED
01-08 20:54:01.449 3778 3778 I ActivityManager: Start proc 19327:com.android.vending/u0a31 for service com.android.vending/com.google.android.finsky.scheduler.JobSchedulerEngine$PhoneskyJobSchedulerJobService
01-08 20:54:01.756 19327 19347 I chatty : uid=10031(u0_a31) com.android.vending expire 4 lines
01-08 20:54:01.854 19327 19345 I chatty : uid=10031(u0_a31) LightweightExec expire 13 lines
01-08 20:54:01.869 19327 19345 D StrictMode: StrictMode policy violation: android.os.StrictMode$StrictModeDiskReadViolation: policy=65599 violation=2
01-08 20:54:01.869 19327 19345 D StrictMode: at android.os.StrictMode$AndroidBlockGuardPolicy.onReadFromDisk(StrictMode.java:1438)
01-08 20:54:01.869 19327 19345 D StrictMode: at java.io.UnixFileSystem.checkAccess(UnixFileSystem.java:251)
01-08 20:54:01.869 19327 19345 D StrictMode: at java.io.File.exists(File.java:807)
01-08 20:54:01.869 19327 19345 D StrictMode: at com.google.android.play.b.s.(SourceFile:34)
01-08 20:54:01.869 19327 19345 D StrictMode: at com.google.android.play.b.g.(SourceFile:610)
01-08 20:54:01.869 19327 19345 D StrictMode: at com.google.android.play.b.k.a(SourceFile:6)
01-08 20:54:01.869 19327 19345 D StrictMode: at com.google.android.finsky.analytics.y.(SourceFile:106)
01-08 20:54:01.869 19327 19345 D StrictMode: at com.google.android.finsky.application.b.c.a(SourceFile:1234)
01-08 20:54:01.869 19327 19345 D StrictMode: at com.google.android.finsky.application.b.c.c(SourceFile:1243)
01-08 20:54:01.869 19327 19345 D StrictMode: at com.google.android.finsky.application.b.c.bs(SourceFile:71)
01-08 20:54:01.869 19327 19345 D StrictMode: at com.google.android.finsky.application.b.bp.a_(SourceFile:7)
01-08 20:54:01.869 19327 19345 D StrictMode: at b.b.a.f.a(SourceFile:11)
01-08 20:54:01.869 19327 19345 D StrictMode: at com.google.common.util.concurrent.s.a(SourceFile:5)
01-08 20:54:01.869 19327 19345 D StrictMode: at com.google.common.util.concurrent.r.run(SourceFile:17)
01-08 20:54:01.869 19327 19345 D StrictMode: at com.google.common.util.concurrent.bn.run(SourceFile:3)
01-08 20:54:01.869 19327 19345 D StrictMode: at com.google.android.apps.gsa.a.f.a.i.run(SourceFile:7)
01-08 20:54:01.869 19327 19345 D StrictMode: at java.util.concurrent.ThreadPoolExecutor.runWorker(ThreadPoolExecutor.java:1162)
01-08 20:54:01.869 19327 19345 D StrictMode: at java.util.concurrent.ThreadPoolExecutor$Worker.run(ThreadPoolExecutor.java:636)
01-08 20:54:01.869 19327 19345 D StrictMode: at com.google.android.finsky.bq.w.run(Unknown Source:5)
01-08 20:54:01.869 19327 19345 D StrictMode: at java.lang.Thread.run(Thread.java:764)
01-08 20:54:01.870 19327 19345 D StrictMode: StrictMode policy violation: android.os.StrictMode$StrictModeDiskReadViolation: policy=65599 violation=2
01-08 20:54:01.870 19327 19345 D StrictMode: at android.os.StrictMode$AndroidBlockGuardPolicy.onReadFromDisk(StrictMode.java:1438)
01-08 20:54:01.870 19327 19345 D StrictMode: at java.io.UnixFileSystem.list(UnixFileSystem.java:302)
01-08 20:54:01.870 19327 19345 D StrictMode: at java.io.File.list(File.java:1122)
01-08 20:54:01.870 19327 19345 D StrictMode: at java.io.File.listFiles(File.java:1207)
01-08 20:54:01.870 19327 19345 D StrictMode: at com.google.android.play.b.s.(SourceFile:35)
01-08 20:54:01.870 19327 19345 D StrictMode: at com.google.android.play.b.g.(SourceFile:610)
01-08 20:54:01.870 19327 19345 D StrictMode: at com.google.android.play.b.k.a(SourceFile:6)
01-08 20:54:01.870 19327 19345 D StrictMode: at com.google.android.finsky.analytics.y.(SourceFile:106)
01-08 20:54:01.870 19327 19345 D StrictMode: at com.google.android.finsky.application.b.c.a(SourceFile:1234)
01-08 20:54:01.870 19327 19345 D StrictMode: at com.google.android.finsky.application.b.c.c(SourceFile:1243)
01-08 20:54:01.870 19327 19345 D StrictMode: at com.google.android.finsky.application.b.c.bs(SourceFile:71)
01-08 20:54:01.870 19327 19345 D StrictMode: at com.google.android.finsky.application.b.bp.a_(SourceFile:7)
01-08 20:54:01.870 19327 19345 D StrictMode: at b.b.a.f.a(SourceFile:11)
01-08 20:54:01.870 19327 19345 D StrictMode: at com.google.common.util.concurrent.s.a(SourceFile:5)
01-08 20:54:01.870 19327 19345 D StrictMode: at com.google.common.util.concurrent.r.run(SourceFile:17)
01-08 20:54:01.870 19327 19345 D StrictMode: at com.google.common.util.concurrent.bn.run(SourceFile:3)
01-08 20:54:01.870 19327 19345 D StrictMode: at com.google.android.apps.gsa.a.f.a.i.run(SourceFile:7)
01-08 20:54:01.870 19327 19345 D StrictMode: at java.util.concurrent.ThreadPoolExecutor.runWorker(ThreadPoolExecutor.java:1162)
01-08 20:54:01.870 19327 19345 D StrictMode: at java.util.concurrent.ThreadPoolExecutor$Worker.run(ThreadPoolExecutor.java:636)
01-08 20:54:01.870 19327 19345 D StrictMode: at com.google.android.finsky.bq.w.run(Unknown Source:5)
01-08 20:54:01.870 19327 19345 D StrictMode: at java.lang.Thread.run(Thread.java:764)
01-08 20:54:01.870 19327 19345 D StrictMode: StrictMode policy violation: android.os.StrictMode$StrictModeDiskReadViolation: policy=65599 violation=2
01-08 20:54:01.870 19327 19345 D StrictMode: at android.os.StrictMode$AndroidBlockGuardPolicy.onReadFromDisk(StrictMode.java:1438)
01-08 20:54:01.870 19327 19345 D StrictMode: at java.io.UnixFileSystem.getBooleanAttributes(UnixFileSystem.java:241)
01-08 20:54:01.870 19327 19345 D StrictMode: at java.io.File.isFile(File.java:870)
01-08 20:54:01.870 19327 19345 D StrictMode: at com.google.android.play.b.s.(SourceFile:37)
01-08 20:54:01.870 19327 19345 D StrictMode: at com.google.android.play.b.g.(SourceFile:610)
01-08 20:54:01.870 19327 19345 D StrictMode: at com.google.android.play.b.k.a(SourceFile:6)
01-08 20:54:01.870 19327 19345 D StrictMode: at com.google.android.finsky.analytics.y.(SourceFile:106)
01-08 20:54:01.870 19327 19345 D StrictMode: at com.google.android.finsky.application.b.c.a(SourceFile:1234)
01-08 20:54:01.870 19327 19345 D StrictMode: at com.google.android.finsky.application.b.c.c(SourceFile:1243)
01-08 20:54:01.870 19327 19345 D StrictMode: at com.google.android.finsky.application.b.c.bs(SourceFile:71)
01-08 20:54:01.870 19327 19345 D StrictMode: at com.google.android.finsky.application.b.bp.a_(SourceFile:7)
01-08 20:54:01.870 19327 19345 D StrictMode: at b.b.a.f.a(SourceFile:11)
01-08 20:54:01.870 19327 19345 D StrictMode: at com.google.common.util.concurrent.s.a(SourceFile:5)
01-08 20:54:01.870 19327 19345 D StrictMode: at com.google.common.util.concurrent.r.run(SourceFile:17)
01-08 20:54:01.870 19327 19345 D StrictMode: at com.google.common.util.concurrent.bn.run(SourceFile:3)
01-08 20:54:01.870 19327 19345 D StrictMode: at com.google.android.apps.gsa.a.f.a.i.run(SourceFile:7)
01-08 20:54:01.870 19327 19345 D StrictMode: at java.util.concurrent.ThreadPoolExecutor.runWorker(ThreadPoolExecutor.java:1162)
01-08 20:54:01.870 19327 19345 D StrictMode: at java.util.concurrent.ThreadPoolExecutor$Worker.run(ThreadPoolExecutor.java:636)
01-08 20:54:01.870 19327 19345 D StrictMode: at com.google.android.finsky.bq.w.run(Unknown Source:5)
01-08 20:54:01.870 19327 19345 D StrictMode: at java.lang.Thread.run(Thread.java:764)
01-08 20:54:01.871 19327 19345 D StrictMode: StrictMode policy violation: android.os.StrictMode$StrictModeDiskReadViolation: policy=65599 violation=2
01-08 20:54:01.871 19327 19345 D StrictMode: at android.os.StrictMode$AndroidBlockGuardPolicy.onReadFromDisk(StrictMode.java:1438)
01-08 20:54:01.871 19327 19345 D StrictMode: at java.io.UnixFileSystem.getLength(UnixFileSystem.java:265)
01-08 20:54:01.871 19327 19345 D StrictMode: at java.io.File.length(File.java:962)
01-08 20:54:01.871 19327 19345 D StrictMode: at com.google.android.play.b.s.c(SourceFile:76)
01-08 20:54:01.871 19327 19345 D StrictMode: at com.google.android.play.b.s.(SourceFile:42)
01-08 20:54:01.871 19327 19345 D StrictMode: at com.google.android.play.b.g.(SourceFile:610)
01-08 20:54:01.871 19327 19345 D StrictMode: at com.google.android.play.b.k.a(SourceFile:6)
01-08 20:54:01.871 19327 19345 D StrictMode: at com.google.android.finsky.analytics.y.(SourceFile:106)
01-08 20:54:01.871 19327 19345 D StrictMode: at com.google.android.finsky.application.b.c.a(SourceFile:1234)
01-08 20:54:01.871 19327 19345 D StrictMode: at com.google.android.finsky.application.b.c.c(SourceFile:1243)
01-08 20:54:01.871 19327 19345 D StrictMode: at com.google.android.finsky.application.b.c.bs(SourceFile:71)
01-08 20:54:01.871 19327 19345 D StrictMode: at com.google.android.finsky.application.b.bp.a_(SourceFile:7)
01-08 20:54:01.871 19327 19345 D StrictMode: at b.b.a.f.a(SourceFile:11)
01-08 20:54:01.871 19327 19345 D StrictMode: at com.google.common.util.concurrent.s.a(SourceFile:5)
01-08 20:54:01.871 19327 19345 D StrictMode: at com.google.common.util.concurrent.r.run(SourceFile:17)
01-08 20:54:01.871 19327 19345 D StrictMode: at com.google.common.util.concurrent.bn.run(SourceFile:3)
01-08 20:54:01.871 19327 19345 D StrictMode: at com.google.android.apps.gsa.a.f.a.i.run(SourceFile:7)
01-08 20:54:01.871 19327 19345 D StrictMode: at java.util.concurrent.ThreadPoolExecutor.runWorker(ThreadPoolExecutor.java:1162)
01-08 20:54:01.871 19327 19345 D StrictMode: at java.util.concurrent.ThreadPoolExecutor$Worker.run(ThreadPoolExecutor.java:636)
01-08 20:54:01.871 19327 19345 D StrictMode: at com.google.android.finsky.bq.w.run(Unknown Source:5)
01-08 20:54:01.871 19327 19345 D StrictMode: at java.lang.Thread.run(Thread.java:764)
01-08 20:54:01.873 19327 19345 D StrictMode: StrictMode policy violation: android.os.StrictMode$StrictModeDiskReadViolation: policy=65599 violation=2
01-08 20:54:01.873 19327 19345 D StrictMode: at android.os.StrictMode$AndroidBlockGuardPolicy.onReadFromDisk(StrictMode.java:1438)
01-08 20:54:01.873 19327 19345 D StrictMode: at java.io.UnixFileSystem.checkAccess(UnixFileSystem.java:251)
01-08 20:54:01.873 19327 19345 D StrictMode: at java.io.File.exists(File.java:807)
01-08 20:54:01.873 19327 19345 D StrictMode: at android.app.ContextImpl.ensurePrivateDirExists(ContextImpl.java:561)
01-08 20:54:01.873 19327 19345 D StrictMode: at android.app.ContextImpl.ensurePrivateDirExists(ContextImpl.java:552)
01-08 20:54:01.873 19327 19345 D StrictMode: at android.app.ContextImpl.getPreferencesDir(ContextImpl.java:508)
01-08 20:54:01.873 19327 19345 D StrictMode: at android.app.ContextImpl.getSharedPreferencesPath(ContextImpl.java:700)
01-08 20:54:01.873 19327 19345 D StrictMode: at android.app.ContextImpl.getSharedPreferences(ContextImpl.java:368)
01-08 20:54:01.873 19327 19345 D StrictMode: at android.content.ContextWrapper.getSharedPreferences(ContextWrapper.java:167)
01-08 20:54:01.873 19327 19345 D StrictMode: at com.google.android.finsky.analytics.l.(SourceFile:21)
01-08 20:54:01.873 19327 19345 D StrictMode: at com.google.android.finsky.analytics.l.a(SourceFile:17)
01-08 20:54:01.873 19327 19345 D StrictMode: at com.google.android.finsky.analytics.y.(SourceFile:28)
01-08 20:54:01.873 19327 19345 D StrictMode: at com.google.android.finsky.application.b.c.a(SourceFile:1234)
01-08 20:54:01.873 19327 19345 D StrictMode: at com.google.android.finsky.application.b.c.c(SourceFile:1243)
01-08 20:54:01.873 19327 19345 D StrictMode: at com.google.android.finsky.application.b.c.bs(SourceFile:71)
01-08 20:54:01.873 19327 19345 D StrictMode: at com.google.android.finsky.application.b.bp.a_(SourceFile:7)
01-08 20:54:01.873 19327 19345 D StrictMode: at b.b.a.f.a(SourceFile:11)
01-08 20:54:01.873 19327 19345 D StrictMode: at com.google.common.util.concurrent.s.a(SourceFile:5)
01-08 20:54:01.873 19327 19345 D StrictMode: at com.google.common.util.concurrent.r.run(SourceFile:17)
01-08 20:54:01.873 19327 19345 D StrictMode: at com.google.common.util.concurrent.bn.run(SourceFile:3)
01-08 20:54:01.873 19327 19345 D StrictMode: at com.google.android.apps.gsa.a.f.a.i.run(SourceFile:7)
01-08 20:54:01.873 19327 19345 D StrictMode: at java.util.concurrent.ThreadPoolExecutor.runWorker(ThreadPoolExecutor.java:1162)
01-08 20:54:01.873 19327 19345 D StrictMode: at java.util.concurrent.ThreadPoolExecutor$Worker.run(ThreadPoolExecutor.java:636)
01-08 20:54:01.873 19327 19345 D StrictMode: at com.google.android.finsky.bq.w.run(Unknown Source:5)
01-08 20:54:01.873 19327 19345 D StrictMode: at java.lang.Thread.run(Thread.java:764)
01-08 20:54:01.874 19327 19345 D StrictMode: StrictMode policy violation: android.os.StrictMode$StrictModeDiskReadViolation: policy=65599 violation=2
01-08 20:54:01.874 19327 19345 D StrictMode: at android.os.StrictMode$AndroidBlockGuardPolicy.onReadFromDisk(StrictMode.java:1438)
01-08 20:54:01.874 19327 19345 D StrictMode: at android.app.SharedPreferencesImpl.awaitLoadedLocked(SharedPreferencesImpl.java:233)
01-08 20:54:01.874 19327 19345 D StrictMode: at android.app.SharedPreferencesImpl.getLong(SharedPreferencesImpl.java:278)
01-08 20:54:01.874 19327 19345 D StrictMode: at com.google.android.finsky.analytics.l.(SourceFile:24)
01-08 20:54:01.874 19327 19345 D StrictMode: at com.google.android.finsky.analytics.l.a(SourceFile:17)
01-08 20:54:01.874 19327 19345 D StrictMode: at com.google.android.finsky.analytics.y.(SourceFile:28)
01-08 20:54:01.874 19327 19345 D StrictMode: at com.google.android.finsky.application.b.c.a(SourceFile:1234)
01-08 20:54:01.874 19327 19345 D StrictMode: at com.google.android.finsky.application.b.c.c(SourceFile:1243)
01-08 20:54:01.874 19327 19345 D StrictMode: at com.google.android.finsky.application.b.c.bs(SourceFile:71)
01-08 20:54:01.874 19327 19345 D StrictMode: at com.google.android.finsky.application.b.bp.a_(SourceFile:7)
01-08 20:54:01.874 19327 19345 D StrictMode: at b.b.a.f.a(SourceFile:11)
01-08 20:54:01.874 19327 19345 D StrictMode: at com.google.common.util.concurrent.s.a(SourceFile:5)
01-08 20:54:01.874 19327 19345 D StrictMode: at com.google.common.util.concurrent.r.run(SourceFile:17)
01-08 20:54:01.874 19327 19345 D StrictMode: at com.google.common.util.concurrent.bn.run(SourceFile:3)
01-08 20:54:01.874 19327 19345 D StrictMode: at com.google.android.apps.gsa.a.f.a.i.run(SourceFile:7)
01-08 20:54:01.874 19327 19345 D StrictMode: at java.util.concurrent.ThreadPoolExecutor.runWorker(ThreadPoolExecutor.java:1162)
01-08 20:54:01.874 19327 19345 D StrictMode: at java.util.concurrent.ThreadPoolExecutor$Worker.run(ThreadPoolExecutor.java:636)
01-08 20:54:01.874 19327 19345 D StrictMode: at com.google.android.finsky.bq.w.run(Unknown Source:5)
01-08 20:54:01.874 19327 19345 D StrictMode: at java.lang.Thread.run(Thread.java:764)
01-08 20:54:01.892 19327 19345 D StrictMode: StrictMode policy violation: android.os.StrictMode$StrictModeDiskReadViolation: policy=65599 violation=2
01-08 20:54:01.892 19327 19345 D StrictMode: at android.os.StrictMode$AndroidBlockGuardPolicy.onReadFromDisk(StrictMode.java:1438)
01-08 20:54:01.892 19327 19345 D StrictMode: at java.io.UnixFileSystem.checkAccess(UnixFileSystem.java:251)
01-08 20:54:01.892 19327 19345 D StrictMode: at java.io.File.exists(File.java:807)
01-08 20:54:01.892 19327 19345 D StrictMode: at android.app.ContextImpl.ensurePrivateDirExists(ContextImpl.java:561)
01-08 20:54:01.892 19327 19345 D StrictMode: at android.app.ContextImpl.ensurePrivateDirExists(ContextImpl.java:552)
01-08 20:54:01.892 19327 19345 D StrictMode: at android.app.ContextImpl.getPreferencesDir(ContextImpl.java:508)
01-08 20:54:01.892 19327 19345 D StrictMode: at android.app.ContextImpl.getSharedPreferencesPath(ContextImpl.java:700)
01-08 20:54:01.892 19327 19345 D StrictMode: at android.app.ContextImpl.getSharedPreferences(ContextImpl.java:368)
01-08 20:54:01.892 19327 19345 D StrictMode: at android.content.ContextWrapper.getSharedPreferences(ContextWrapper.java:167)
01-08 20:54:01.892 19327 19345 D StrictMode: at com.google.android.finsky.ak.f.a(SourceFile:4)
01-08 20:54:01.892 19327 19345 D StrictMode: at com.google.android.finsky.ak.q.a(SourceFile:5)
01-08 20:54:01.892 19327 19345 D StrictMode: at com.google.android.finsky.analytics.am.a(SourceFile:32)
01-08 20:54:01.892 19327 19345 D StrictMode: at com.google.android.finsky.application.b.c.a(SourceFile:93)
01-08 20:54:01.892 19327 19345 D StrictMode: at com.google.android.finsky.application.b.c.bs(SourceFile:89)
01-08 20:54:01.892 19327 19345 D StrictMode: at com.google.android.finsky.application.b.bp.a_(SourceFile:7)
01-08 20:54:01.892 19327 19345 D StrictMode: at b.b.a.f.a(SourceFile:11)
01-08 20:54:01.892 19327 19345 D StrictMode: at com.google.common.util.concurrent.s.a(SourceFile:5)
01-08 20:54:01.892 19327 19345 D StrictMode: at com.google.common.util.concurrent.r.run(SourceFile:17)
01-08 20:54:01.892 19327 19345 D StrictMode: at com.google.common.util.concurrent.bn.run(SourceFile:3)
01-08 20:54:01.892 19327 19345 D StrictMode: at com.google.android.apps.gsa.a.f.a.i.run(SourceFile:7)
01-08 20:54:01.892 19327 19345 D StrictMode: at java.util.concurrent.ThreadPoolExecutor.runWorker(ThreadPoolExecutor.java:1162)
01-08 20:54:01.892 19327 19345 D StrictMode: at java.util.concurrent.ThreadPoolExecutor$Worker.run(ThreadPoolExecutor.java:636)
01-08 20:54:01.892 19327 19345 D StrictMode: at com.google.android.finsky.bq.w.run(Unknown Source:5)
01-08 20:54:01.892 19327 19345 D StrictMode: at java.lang.Thread.run(Thread.java:764)
01-08 20:54:01.893 19327 19345 D StrictMode: StrictMode policy violation: android.os.StrictMode$StrictModeDiskReadViolation: policy=65599 violation=2
01-08 20:54:01.893 19327 19345 D StrictMode: at android.os.StrictMode$AndroidBlockGuardPolicy.onReadFromDisk(StrictMode.java:1438)
01-08 20:54:01.893 19327 19345 D StrictMode: at android.app.SharedPreferencesImpl.awaitLoadedLocked(SharedPreferencesImpl.java:233)
01-08 20:54:01.893 19327 19345 D StrictMode: at android.app.SharedPreferencesImpl.contains(SharedPreferencesImpl.java:300)
01-08 20:54:01.893 19327 19345 D StrictMode: at com.google.android.finsky.ak.k.a(SourceFile:5)
01-08 20:54:01.893 19327 19345 D StrictMode: at com.google.android.finsky.ak.q.a(SourceFile:5)
01-08 20:54:01.893 19327 19345 D StrictMode: at com.google.android.finsky.analytics.am.a(SourceFile:32)
01-08 20:54:01.893 19327 19345 D StrictMode: at com.google.android.finsky.application.b.c.a(SourceFile:93)
01-08 20:54:01.893 19327 19345 D StrictMode: at com.google.android.finsky.application.b.c.bs(SourceFile:89)
01-08 20:54:01.893 19327 19345 D StrictMode: at com.google.android.finsky.application.b.bp.a_(SourceFile:7)
01-08 20:54:01.893 19327 19345 D StrictMode: at b.b.a.f.a(SourceFile:11)
01-08 20:54:01.893 19327 19345 D StrictMode: at com.google.common.util.concurrent.s.a(SourceFile:5)
01-08 20:54:01.893 19327 19345 D StrictMode: at com.google.common.util.concurrent.r.run(SourceFile:17)
01-08 20:54:01.893 19327 19345 D StrictMode: at com.google.common.util.concurrent.bn.run(SourceFile:3)
01-08 20:54:01.893 19327 19345 D StrictMode: at com.google.android.apps.gsa.a.f.a.i.run(SourceFile:7)
01-08 20:54:01.893 19327 19345 D StrictMode: at java.util.concurrent.ThreadPoolExecutor.runWorker(ThreadPoolExecutor.java:1162)
01-08 20:54:01.893 19327 19345 D StrictMode: at java.util.concurrent.ThreadPoolExecutor$Worker.run(ThreadPoolExecutor.java:636)
01-08 20:54:01.893 19327 19345 D StrictMode: at com.google.android.finsky.bq.w.run(Unknown Source:5)
01-08 20:54:01.893 19327 19345 D StrictMode: at java.lang.Thread.run(Thread.java:764)
01-08 20:54:01.896 19327 19345 I Finsky : [139] com.google.android.finsky.packagemanager.impl.PackageMonitorReceiverImpl.(9): Registering in memory receiver for android.intent.action.PACKAGE_ADDED
01-08 20:54:01.899 19327 19346 I Finsky : [140] com.google.android.finsky.application.b.c.bu(120): Not a unicorn device
01-08 20:54:01.922 19327 19345 W Settings: Setting download_manager_max_bytes_over_mobile has moved from android.provider.Settings.Secure to android.provider.Settings.Global.
01-08 20:54:01.934 19327 19345 W Settings: Setting download_manager_recommended_max_bytes_over_mobile has moved from android.provider.Settings.Secure to android.provider.Settings.Global.
01-08 20:54:01.937 19327 19344 D StrictMode: StrictMode policy violation: android.os.StrictMode$StrictModeDiskReadViolation: policy=65599 violation=2
01-08 20:54:01.937 19327 19344 D StrictMode: at android.os.StrictMode$AndroidBlockGuardPolicy.onReadFromDisk(StrictMode.java:1438)
01-08 20:54:01.937 19327 19344 D StrictMode: at libcore.io.BlockGuardOs.open(BlockGuardOs.java:203)
01-08 20:54:01.937 19327 19344 D StrictMode: at libcore.io.IoUtils.canOpenReadOnly(IoUtils.java:163)
01-08 20:54:01.937 19327 19344 D StrictMode: at dalvik.system.DexPathList$NativeLibraryElement.findNativeLibrary(DexPathList.java:786)
01-08 20:54:01.937 19327 19344 D StrictMode: at dalvik.system.DexPathList.findLibrary(DexPathList.java:528)
01-08 20:54:01.937 19327 19344 D StrictMode: at dalvik.system.BaseDexClassLoader.findLibrary(BaseDexClassLoader.java:122)
01-08 20:54:01.937 19327 19344 D StrictMode: at java.lang.Runtime.loadLibrary0(Runtime.java:1005)
01-08 20:54:01.937 19327 19344 D StrictMode: at java.lang.System.loadLibrary(System.java:1657)
01-08 20:54:01.937 19327 19344 D StrictMode: at org.chromium.net.impl.CronetLibraryLoader.a(SourceFile:13)
01-08 20:54:01.937 19327 19344 D StrictMode: at org.chromium.net.impl.CronetUrlRequestContext.(SourceFile:12)
01-08 20:54:01.937 19327 19344 D StrictMode: at org.chromium.net.impl.bq.a(SourceFile:6)
01-08 20:54:01.937 19327 19344 D StrictMode: at org.chromium.net.o.a(SourceFile:4)
01-08 20:54:01.937 19327 19344 D StrictMode: at com.google.android.finsky.ao.a.a(SourceFile:94)
01-08 20:54:01.937 19327 19344 D StrictMode: at com.google.android.finsky.application.a.ap.a(SourceFile:6)
01-08 20:54:01.937 19327 19344 D StrictMode: at b.a.c.a(SourceFile:9)
01-08 20:54:01.937 19327 19344 D StrictMode: at com.google.android.finsky.application.b.c.bP(SourceFile:284)
01-08 20:54:01.937 19327 19344 D StrictMode: at com.google.android.finsky.application.b.ay.a_(SourceFile:11)
01-08 20:54:01.937 19327 19344 D StrictMode: at b.b.a.f.a(SourceFile:11)
01-08 20:54:01.937 19327 19344 D StrictMode: at com.google.common.util.concurrent.s.a(SourceFile:5)
01-08 20:54:01.937 19327 19344 D StrictMode: at com.google.common.util.concurrent.r.run(SourceFile:17)
01-08 20:54:01.937 19327 19344 D StrictMode: at com.google.common.util.concurrent.bn.run(SourceFile:3)
01-08 20:54:01.937 19327 19344 D StrictMode: at com.google.android.apps.gsa.a.f.a.i.run(SourceFile:7)
01-08 20:54:01.937 19327 19344 D StrictMode: at java.util.concurrent.ThreadPoolExecutor.runWorker(ThreadPoolExecutor.java:1162)
01-08 20:54:01.937 19327 19344 D StrictMode: at java.util.concurrent.ThreadPoolExecutor$Worker.run(ThreadPoolExecutor.java:636)
01-08 20:54:01.937 19327 19344 D StrictMode: at com.google.android.finsky.bq.w.run(Unknown Source:5)
01-08 20:54:01.937 19327 19344 D StrictMode: at java.lang.Thread.run(Thread.java:764)
01-08 20:54:01.945 19327 19346 D StrictMode: StrictMode policy violation: android.os.StrictMode$StrictModeDiskReadViolation: policy=65599 violation=2
01-08 20:54:01.945 19327 19346 D StrictMode: at android.os.StrictMode$AndroidBlockGuardPolicy.onReadFromDisk(StrictMode.java:1438)
01-08 20:54:01.945 19327 19346 D StrictMode: at java.io.UnixFileSystem.checkAccess(UnixFileSystem.java:251)
01-08 20:54:01.945 19327 19346 D StrictMode: at java.io.File.exists(File.java:807)
01-08 20:54:01.945 19327 19346 D StrictMode: at android.app.ContextImpl.ensurePrivateDirExists(ContextImpl.java:561)
01-08 20:54:01.945 19327 19346 D StrictMode: at android.app.ContextImpl.ensurePrivateDirExists(ContextImpl.java:552)
01-08 20:54:01.945 19327 19346 D StrictMode: at android.app.ContextImpl.getPreferencesDir(ContextImpl.java:508)
01-08 20:54:01.945 19327 19346 D StrictMode: at android.app.ContextImpl.getSharedPreferencesPath(ContextImpl.java:700)
01-08 20:54:01.945 19327 19346 D StrictMode: at android.app.ContextImpl.getSharedPreferences(ContextImpl.java:368)
01-08 20:54:01.945 19327 19346 D StrictMode: at android.content.ContextWrapper.getSharedPreferences(ContextWrapper.java:167)
01-08 20:54:01.945 19327 19346 D StrictMode: at com.google.android.finsky.ak.f.a(SourceFile:4)
01-08 20:54:01.945 19327 19346 D StrictMode: at com.google.android.finsky.ak.q.a(SourceFile:5)
01-08 20:54:01.945 19327 19346 D StrictMode: at com.google.android.finsky.application.b.c.bA(SourceFile:157)
01-08 20:54:01.945 19327 19346 D StrictMode: at com.google.android.finsky.application.b.bd.a_(SourceFile:34)
01-08 20:54:01.945 19327 19346 D StrictMode: at b.b.a.f.a(SourceFile:11)
01-08 20:54:01.945 19327 19346 D StrictMode: at com.google.common.util.concurrent.s.a(SourceFile:5)
01-08 20:54:01.945 19327 19346 D StrictMode: at com.google.common.util.concurrent.r.run(SourceFile:17)
01-08 20:54:01.945 19327 19346 D StrictMode: at com.google.common.util.concurrent.bn.run(SourceFile:3)
01-08 20:54:01.945 19327 19346 D StrictMode: at com.google.android.apps.gsa.a.f.a.i.run(SourceFile:7)
01-08 20:54:01.945 19327 19346 D StrictMode: at java.util.concurrent.ThreadPoolExecutor.runWorker(ThreadPoolExecutor.java:1162)
01-08 20:54:01.945 19327 19346 D StrictMode: at java.util.concurrent.ThreadPoolExecutor$Worker.run(ThreadPoolExecutor.java:636)
01-08 20:54:01.945 19327 19346 D StrictMode: at com.google.android.finsky.bq.w.run(Unknown Source:5)
01-08 20:54:01.945 19327 19346 D StrictMode: at java.lang.Thread.run(Thread.java:764)
01-08 20:54:01.947 19327 19346 D StrictMode: StrictMode policy violation: android.os.StrictMode$StrictModeDiskReadViolation: policy=65599 violation=2
01-08 20:54:01.947 19327 19346 D StrictMode: at android.os.StrictMode$AndroidBlockGuardPolicy.onReadFromDisk(StrictMode.java:1438)
01-08 20:54:01.947 19327 19346 D StrictMode: at android.app.SharedPreferencesImpl.awaitLoadedLocked(SharedPreferencesImpl.java:233)
01-08 20:54:01.947 19327 19346 D StrictMode: at android.app.SharedPreferencesImpl.contains(SharedPreferencesImpl.java:300)
01-08 20:54:01.947 19327 19346 D StrictMode: at com.google.android.finsky.ak.j.a(SourceFile:5)
01-08 20:54:01.947 19327 19346 D StrictMode: at com.google.android.finsky.ak.q.a(SourceFile:5)
01-08 20:54:01.947 19327 19346 D StrictMode: at com.google.android.finsky.application.b.c.bA(SourceFile:157)
01-08 20:54:01.947 19327 19346 D StrictMode: at com.google.android.finsky.application.b.bd.a_(SourceFile:34)
01-08 20:54:01.947 19327 19346 D StrictMode: at b.b.a.f.a(SourceFile:11)
01-08 20:54:01.947 19327 19346 D StrictMode: at com.google.common.util.concurrent.s.a(SourceFile:5)
01-08 20:54:01.947 19327 19346 D StrictMode: at com.google.common.util.concurrent.r.run(SourceFile:17)
01-08 20:54:01.947 19327 19346 D StrictMode: at com.google.common.util.concurrent.bn.run(SourceFile:3)
01-08 20:54:01.947 19327 19346 D StrictMode: at com.google.android.apps.gsa.a.f.a.i.run(SourceFile:7)
01-08 20:54:01.947 19327 19346 D StrictMode: at java.util.concurrent.ThreadPoolExecutor.runWorker(ThreadPoolExecutor.java:1162)
01-08 20:54:01.947 19327 19346 D StrictMode: at java.util.concurrent.ThreadPoolExecutor$Worker.run(ThreadPoolExecutor.java:636)
01-08 20:54:01.947 19327 19346 D StrictMode: at com.google.android.finsky.bq.w.run(Unknown Source:5)
01-08 20:54:01.947 19327 19346 D StrictMode: at java.lang.Thread.run(Thread.java:764)
01-08 20:54:01.948 19327 19345 D StrictMode: StrictMode policy violation: android.os.StrictMode$StrictModeDiskReadViolation: policy=65599 violation=2
01-08 20:54:01.948 19327 19345 D StrictMode: at android.os.StrictMode$AndroidBlockGuardPolicy.onReadFromDisk(StrictMode.java:1438)
01-08 20:54:01.948 19327 19345 D StrictMode: at java.io.UnixFileSystem.checkAccess(UnixFileSystem.java:251)
01-08 20:54:01.948 19327 19345 D StrictMode: at java.io.File.exists(File.java:807)
01-08 20:54:01.948 19327 19345 D StrictMode: at android.app.ContextImpl.ensurePrivateDirExists(ContextImpl.java:561)
01-08 20:54:01.948 19327 19345 D StrictMode: at android.app.ContextImpl.ensurePrivateDirExists(ContextImpl.java:552)
01-08 20:54:01.948 19327 19345 D StrictMode: at android.app.ContextImpl.getPreferencesDir(ContextImpl.java:508)
01-08 20:54:01.948 19327 19345 D StrictMode: at android.app.ContextImpl.getSharedPreferencesPath(ContextImpl.java:700)
01-08 20:54:01.948 19327 19345 D StrictMode: at android.app.ContextImpl.getSharedPreferences(ContextImpl.java:368)
01-08 20:54:01.948 19327 19345 D StrictMode: at android.content.ContextWrapper.getSharedPreferences(ContextWrapper.java:167)
01-08 20:54:01.948 19327 19345 D StrictMode: at com.google.android.finsky.ak.f.a(SourceFile:4)
01-08 20:54:01.948 19327 19345 D StrictMode: at com.google.android.finsky.ak.q.a(SourceFile:5)
01-08 20:54:01.948 19327 19345 D StrictMode: at com.google.android.finsky.hygiene.impl.k.a(SourceFile:2)
01-08 20:54:01.948 19327 19345 D StrictMode: at com.google.android.finsky.hygiene.impl.g.d(SourceFile:20)
01-08 20:54:01.948 19327 19345 D StrictMode: at com.google.android.finsky.application.b.c.bF(SourceFile:240)
01-08 20:54:01.948 19327 19345 D StrictMode: at com.google.android.finsky.application.b.bs.a_(SourceFile:13)
01-08 20:54:01.948 19327 19345 D StrictMode: at b.b.a.f.a(SourceFile:11)
01-08 20:54:01.948 19327 19345 D StrictMode: at com.google.common.util.concurrent.s.a(SourceFile:5)
01-08 20:54:01.948 19327 19345 D StrictMode: at com.google.common.util.concurrent.r.run(SourceFile:17)
01-08 20:54:01.948 19327 19345 D StrictMode: at com.google.common.util.concurrent.bn.run(SourceFile:3)
01-08 20:54:01.948 19327 19345 D StrictMode: at com.google.android.apps.gsa.a.f.a.i.run(SourceFile:7)
01-08 20:54:01.948 19327 19345 D StrictMode: at java.util.concurrent.ThreadPoolExecutor.runWorker(ThreadPoolExecutor.java:1162)
01-08 20:54:01.948 19327 19345 D StrictMode: at java.util.concurrent.ThreadPoolExecutor$Worker.run(ThreadPoolExecutor.java:636)
01-08 20:54:01.948 19327 19345 D StrictMode: at com.google.android.finsky.bq.w.run(Unknown Source:5)
01-08 20:54:01.948 19327 19345 D StrictMode: at java.lang.Thread.run(Thread.java:764)
01-08 20:54:01.948 19327 19345 D StrictMode: StrictMode policy violation: android.os.StrictMode$StrictModeDiskReadViolation: policy=65599 violation=2
01-08 20:54:01.948 19327 19345 D StrictMode: at android.os.StrictMode$AndroidBlockGuardPolicy.onReadFromDisk(StrictMode.java:1438)
01-08 20:54:01.948 19327 19345 D StrictMode: at android.app.SharedPreferencesImpl.awaitLoadedLocked(SharedPreferencesImpl.java:233)
01-08 20:54:01.948 19327 19345 D StrictMode: at android.app.SharedPreferencesImpl.contains(SharedPreferencesImpl.java:300)
01-08 20:54:01.948 19327 19345 D StrictMode: at com.google.android.finsky.ak.j.a(SourceFile:5)
01-08 20:54:01.948 19327 19345 D StrictMode: at com.google.android.finsky.ak.q.a(SourceFile:5)
01-08 20:54:01.948 19327 19345 D StrictMode: at com.google.android.finsky.hygiene.impl.k.a(SourceFile:2)
01-08 20:54:01.948 19327 19345 D StrictMode: at com.google.android.finsky.hygiene.impl.g.d(SourceFile:20)
01-08 20:54:01.948 19327 19345 D StrictMode: at com.google.android.finsky.application.b.c.bF(SourceFile:240)
01-08 20:54:01.948 19327 19345 D StrictMode: at com.google.android.finsky.application.b.bs.a_(SourceFile:13)
01-08 20:54:01.948 19327 19345 D StrictMode: at b.b.a.f.a(SourceFile:11)
01-08 20:54:01.948 19327 19345 D StrictMode: at com.google.common.util.concurrent.s.a(SourceFile:5)
01-08 20:54:01.948 19327 19345 D StrictMode: at com.google.common.util.concurrent.r.run(SourceFile:17)
01-08 20:54:01.948 19327 19345 D StrictMode: at com.google.common.util.concurrent.bn.run(SourceFile:3)
01-08 20:54:01.948 19327 19345 D StrictMode: at com.google.android.apps.gsa.a.f.a.i.run(SourceFile:7)
01-08 20:54:01.948 19327 19345 D StrictMode: at java.util.concurrent.ThreadPoolExecutor.runWorker(ThreadPoolExecutor.java:1162)
01-08 20:54:01.948 19327 19345 D StrictMode: at java.util.concurrent.ThreadPoolExecutor$Worker.run(ThreadPoolExecutor.java:636)
01-08 20:54:01.948 19327 19345 D StrictMode: at com.google.android.finsky.bq.w.run(Unknown Source:5)
01-08 20:54:01.948 19327 19345 D StrictMode: at java.lang.Thread.run(Thread.java:764)
01-08 20:54:01.950 19327 19344 I cr_CronetLibraryLoader: Cronet version: 72.0.3623.0, arch: armv8l
01-08 20:54:01.982 19327 19346 D StrictMode: StrictMode policy violation: android.os.StrictMode$StrictModeDiskReadViolation: policy=65599 violation=2
01-08 20:54:01.982 19327 19346 D StrictMode: at android.os.StrictMode$AndroidBlockGuardPolicy.onReadFromDisk(StrictMode.java:1438)
01-08 20:54:01.982 19327 19346 D StrictMode: at java.io.UnixFileSystem.checkAccess(UnixFileSystem.java:251)
01-08 20:54:01.982 19327 19346 D StrictMode: at java.io.File.exists(File.java:807)
01-08 20:54:01.982 19327 19346 D StrictMode: at android.app.ContextImpl.ensurePrivateDirExists(ContextImpl.java:561)
01-08 20:54:01.982 19327 19346 D StrictMode: at android.app.ContextImpl.ensurePrivateCacheDirExists(ContextImpl.java:557)
01-08 20:54:01.982 19327 19346 D StrictMode: at android.app.ContextImpl.getCacheDir(ContextImpl.java:648)
01-08 20:54:01.982 19327 19346 D StrictMode: at android.content.ContextWrapper.getCacheDir(ContextWrapper.java:256)
01-08 20:54:01.982 19327 19346 D StrictMode: at com.google.android.finsky.f.e.a(SourceFile:6)
01-08 20:54:01.982 19327 19346 D StrictMode: at b.a.c.a(SourceFile:9)
01-08 20:54:01.982 19327 19346 D StrictMode: at com.google.android.finsky.volley.a.m.a(SourceFile:7)
01-08 20:54:01.982 19327 19346 D StrictMode: at b.a.c.a(SourceFile:9)
01-08 20:54:01.982 19327 19346 D StrictMode: at com.google.android.finsky.application.b.c.bS(SourceFile:304)
01-08 20:54:01.982 19327 19346 D StrictMode: at com.google.android.finsky.application.b.bt.a_(SourceFile:15)
01-08 20:54:01.982 19327 19346 D StrictMode: at b.b.a.f.a(SourceFile:11)
01-08 20:54:01.982 19327 19346 D StrictMode: at com.google.common.util.concurrent.s.a(SourceFile:5)
01-08 20:54:01.982 19327 19346 D StrictMode: at com.google.common.util.concurrent.r.run(SourceFile:17)
01-08 20:54:01.982 19327 19346 D StrictMode: at com.google.common.util.concurrent.bn.run(SourceFile:3)
01-08 20:54:01.982 19327 19346 D StrictMode: at com.google.android.apps.gsa.a.f.a.i.run(SourceFile:7)
01-08 20:54:01.982 19327 19346 D StrictMode: at java.util.concurrent.ThreadPoolExecutor.runWorker(ThreadPoolExecutor.java:1162)
01-08 20:54:01.982 19327 19346 D StrictMode: at java.util.concurrent.ThreadPoolExecutor$Worker.run(ThreadPoolExecutor.java:636)
01-08 20:54:01.982 19327 19346 D StrictMode: at com.google.android.finsky.bq.w.run(Unknown Source:5)
01-08 20:54:01.982 19327 19346 D StrictMode: at java.lang.Thread.run(Thread.java:764)
01-08 20:54:01.986 19327 19377 I Finsky : [164] com.google.android.finsky.library.a.f.j(64): Loaded library for account: [T6ODBC3XoIQA616V-w8jJbD4I3c]
01-08 20:54:01.995 19327 19345 I Finsky : [139] com.google.android.finsky.verifier.impl.eo.b(127): Setup app restrictions monitor
01-08 20:54:01.999 19327 19345 D StrictMode: StrictMode policy violation: android.os.StrictMode$StrictModeDiskReadViolation: policy=4259903 violation=2
01-08 20:54:01.999 19327 19345 D StrictMode: at android.os.StrictMode$AndroidBlockGuardPolicy.onReadFromDisk(StrictMode.java:1438)
01-08 20:54:01.999 19327 19345 D StrictMode: at java.io.UnixFileSystem.checkAccess(UnixFileSystem.java:251)
01-08 20:54:01.999 19327 19345 D StrictMode: at java.io.File.exists(File.java:807)
01-08 20:54:01.999 19327 19345 D StrictMode: at com.android.server.pm.UserManagerService.readApplicationRestrictionsLP(UserManagerService.java:2906)
01-08 20:54:01.999 19327 19345 D StrictMode: at com.android.server.pm.UserManagerService.readApplicationRestrictionsLP(UserManagerService.java:2899)
01-08 20:54:01.999 19327 19345 D StrictMode: at com.android.server.pm.UserManagerService.getApplicationRestrictionsForUser(UserManagerService.java:2856)
01-08 20:54:01.999 19327 19345 D StrictMode: at com.android.server.pm.UserManagerService.getApplicationRestrictions(UserManagerService.java:2845)
01-08 20:54:01.999 19327 19345 D StrictMode: at com.android.server.restrictions.RestrictionsManagerService$RestrictionsManagerImpl.getApplicationRestrictions(RestrictionsManagerService.java:72)
01-08 20:54:01.999 19327 19345 D StrictMode: at android.content.IRestrictionsManager$Stub.onTransact(IRestrictionsManager.java:54)
01-08 20:54:01.999 19327 19345 D StrictMode: at android.os.Binder.execTransact(Binder.java:674)
01-08 20:54:01.999 19327 19345 D StrictMode: # via Binder call with stack:
01-08 20:54:01.999 19327 19345 D StrictMode: android.os.StrictMode$LogStackTrace
01-08 20:54:01.999 19327 19345 D StrictMode: at android.os.StrictMode.readAndHandleBinderCallViolations(StrictMode.java:2137)
01-08 20:54:01.999 19327 19345 D StrictMode: at android.os.Parcel.readExceptionCode(Parcel.java:1925)
01-08 20:54:01.999 19327 19345 D StrictMode: at android.os.Parcel.readException(Parcel.java:1894)
01-08 20:54:01.999 19327 19345 D StrictMode: at android.content.IRestrictionsManager$Stub$Proxy.getApplicationRestrictions(IRestrictionsManager.java:150)
01-08 20:54:01.999 19327 19345 D StrictMode: at android.content.RestrictionsManager.getApplicationRestrictions(RestrictionsManager.java:424)
01-08 20:54:01.999 19327 19345 D StrictMode: at com.google.android.finsky.verifier.impl.fx.a(SourceFile:11)
01-08 20:54:01.999 19327 19345 D StrictMode: at com.google.android.finsky.verifier.impl.eo.b(SourceFile:129)
01-08 20:54:01.999 19327 19345 D StrictMode: at com.google.android.finsky.application.b.c.bV(SourceFile:352)
01-08 20:54:01.999 19327 19345 D StrictMode: at com.google.android.finsky.application.b.bx.a_(SourceFile:13)
01-08 20:54:01.999 19327 19345 D StrictMode: at b.b.a.f.a(SourceFile:11)
01-08 20:54:01.999 19327 19345 D StrictMode: at com.google.common.util.concurrent.s.a(SourceFile:5)
01-08 20:54:01.999 19327 19345 D StrictMode: at com.google.common.util.concurrent.r.run(SourceFile:17)
01-08 20:54:01.999 19327 19345 D StrictMode: at com.google.common.util.concurrent.bn.run(SourceFile:3)
01-08 20:54:01.999 19327 19345 D StrictMode: at com.google.android.apps.gsa.a.f.a.i.run(SourceFile:7)
01-08 20:54:01.999 19327 19345 D StrictMode: at java.util.concurrent.ThreadPoolExecutor.runWorker(ThreadPoolExecutor.java:1162)
01-08 20:54:01.999 19327 19345 D StrictMode: at java.util.concurrent.ThreadPoolExecutor$Worker.run(ThreadPoolExecutor.java:636)
01-08 20:54:01.999 19327 19345 D StrictMode: at com.google.android.finsky.bq.w.run(Unknown Source:5)
01-08 20:54:01.999 19327 19345 D StrictMode: at java.lang.Thread.run(Thread.java:764)
01-08 20:54:01.999 19327 19345 I Finsky : [139] com.google.android.finsky.verifier.impl.fx.a(13): Device wide unknown source restriction is changed.
01-08 20:54:02.031 19327 19377 I Finsky : [164] com.google.android.finsky.library.a.f.j(88): Finished loading 1 libraries.
01-08 20:54:02.060 19327 19363 W DynamiteModule: Local module descriptor class for com.google.android.gms.googlecertificates not found.
01-08 20:54:02.061 19327 19327 I Finsky : [2] com.google.android.finsky.scheduler.bq.(22): Resetting scheduler db
01-08 20:54:02.067 19327 19327 I Finsky : [2] com.google.android.finsky.installer.a.t.(17): Not checking if recovering from paused session because experiment is off
01-08 20:54:02.074 19327 19327 I Finsky : [2] com.google.android.finsky.scheduler.JobSchedulerEngine$PhoneskyJobSchedulerJobService.onStartJob(8): onJobSchedulerWakeup with jobId 9000
01-08 20:54:02.076 19327 19327 I Finsky : [2] com.google.android.finsky.scheduler.ae.a(25): Scheduling fallback job with id: 9034, and delay: 43200000 ms
01-08 20:54:02.078 19327 19327 I Finsky : [2] com.google.android.finsky.scheduler.ae.a(41): Scheduling fallback in 64799999 (absolute: 76398375)
01-08 20:54:02.078 19327 19363 I DynamiteModule: Considering local module com.google.android.gms.googlecertificates:0 and remote module com.google.android.gms.googlecertificates:4
01-08 20:54:02.078 19327 19363 I DynamiteModule: Selected remote version of com.google.android.gms.googlecertificates, version >= 4
01-08 20:54:02.081 19327 19327 I Finsky : [2] com.google.android.finsky.installer.a.am.a(535): Installer kick - no action, not running yet
01-08 20:54:02.081 19327 19327 I Finsky : [2] com.google.android.finsky.installer.a.am.a(535): Installer kick - no action, not running yet
01-08 20:54:02.083 19327 19327 I Finsky : [2] com.google.android.finsky.scheduler.am.handleMessage(16): DeviceState: DeviceState{currentTime=1546977242082, isCharging=true, isIdle=false, netAny=true, netNotRoaming=true, netUnmetered=true}
01-08 20:54:02.084 19327 19392 I Finsky : [178] com.google.android.finsky.scheduler.bq.b(89): Jobs in database: 1-1337 24-77777777 26-1414141414
01-08 20:54:02.086 19327 19327 I Finsky : [2] com.google.android.finsky.scheduler.ah.a(59): Running job: 24-77777777
01-08 20:54:02.087 19327 19327 I Finsky : [2] com.google.android.finsky.scheduler.ah.a(139): Job 24-77777777 finished
01-08 20:54:02.088 19327 19327 I Finsky : [2] com.google.android.finsky.scheduler.ah.a(105): RunningQueue size: 0, PendingQueue size: 0
01-08 20:54:02.088 19327 19327 I Finsky : [2] com.google.android.finsky.scheduler.am.handleMessage(42): Executor finished
01-08 20:54:02.109 19327 19327 I Finsky : [2] com.google.android.finsky.scheduler.bq.b(89): Jobs in database: 1-1337 26-1414141414
01-08 20:54:02.110 19327 19327 I Finsky : [2] com.google.android.finsky.scheduler.l.a(69): ConstraintMapping: 1-1337, -> L: 11615369ms, D: 54815369ms, C: false, I: false, N: 1
01-08 20:54:02.111 19327 19327 I Finsky : [2] com.google.android.finsky.scheduler.l.a(69): ConstraintMapping: 26-1414141414, -> L: 31650241ms, D: 32550241ms, C: false, I: false, N: 0
01-08 20:54:02.111 19327 19327 I Finsky : [2] com.google.android.finsky.scheduler.JobSchedulerEngine.a(109): Cancelling existing job with id: 9005
01-08 20:54:02.112 19327 19327 I Finsky : [2] com.google.android.finsky.scheduler.JobSchedulerEngine.a(109): Cancelling existing job with id: 9004
01-08 20:54:02.113 19327 19327 I Finsky : [2] com.google.android.finsky.scheduler.JobSchedulerEngine.a(48): Scheduling job Id: 9001, L: 11615369, D: 54815369, C: false, I: false, N: 1
01-08 20:54:02.114 19327 19327 I Finsky : [2] com.google.android.finsky.scheduler.JobSchedulerEngine.a(48): Scheduling job Id: 9002, L: 31650241, D: 32550241, C: false, I: false, N: 0
01-08 20:54:02.130 3778 4554 I ActivityManager: Start proc 19399:android.process.media/u0a8 for content provider com.android.providers.downloads/.DownloadProvider
01-08 20:54:02.205 19399 19399 D SQLiteConnection: set WAL/OFF: /data/user/0/com.android.providers.media/databases/external.db
01-08 20:54:02.214 19399 19399 D SQLiteConnection: set WAL/OFF: /data/user/0/com.android.providers.media/databases/external.db
01-08 20:54:02.233 19327 19417 I Finsky : [185] com.google.android.finsky.dt.s.run(7): Pruning stale session for com.plexapp.mediaserver.smb
01-08 20:54:02.235 19327 19327 I Finsky : [2] com.google.android.finsky.splitinstallservice.di.a(10): Connecting InstallListener to SplitInstallService broadcaster...
01-08 20:54:02.241 3494 3538 E : Couldn't opendir /data/app/vmdl2046870837.tmp: No such file or directory
01-08 20:54:02.241 3494 3538 E installd: Failed to delete /data/app/vmdl2046870837.tmp: No such file or directory
01-08 20:54:02.242 19327 19417 I Finsky : [185] com.google.android.finsky.dt.f.b(66): Canceling session 2046870837 for com.plexapp.mediaserver.smb
01-08 20:54:02.379 19327 19363 W zygote : Verification of void q.c() took 238.163ms
01-08 20:54:02.504 19327 19363 W zygote : Verification of void q.d() took 125.216ms
01-08 20:54:05.856 3876 4034 D bt_btif_scanner: btif_gatts_upstreams_evt: Unhandled event (26)
01-08 20:54:05.856 6109 6270 D BluetoothGattServer: onConnectionUpdated() - Device=00:04:4B:99:25:86 interval=20 latency=40 timeout=1000 status=0
01-08 20:54:05.857 4427 4441 D BluetoothGatt: onConnectionUpdated() - Device=00:04:4B:99:25:86 interval=20 latency=40 timeout=1000 status=0
01-08 20:54:05.857 4525 5425 D BluetoothGatt: onConnectionUpdated() - Device=00:04:4B:99:25:86 interval=20 latency=40 timeout=1000 status=0
01-08 20:54:06.433 3778 3842 D WindowManager: handleComboKeys keyCode: 23, keyAction: 0
01-08 20:54:06.507 3778 3842 D WindowManager: handleComboKeys keyCode: 23, keyAction: 1
01-08 20:54:06.510 3778 4554 I ActivityManager: START u0 {act=android.intent.action.MAIN cat=[android.intent.category.LEANBACK_LAUNCHER] flg=0x10000000 pkg=org.xbmc.kodi cmp=org.xbmc.kodi/.Splash} from uid 10108
01-08 20:54:06.512 3427 3427 E powerHAL::common: Unknown power hint: 0x8
01-08 20:54:06.515 4743 4743 I AppLifecycleTracker: onActivityPaused:
01-08 20:54:06.527 3778 3828 I WindowManager: WindowState() - found Launcher @ mAppToken:AppWindowToken{5af6aa7 token=Token{47a76db ActivityRecord{a2693ea u0 org.xbmc.kodi/.Splash t2337}}}
01-08 20:54:06.531 3778 4554 I ActivityManager: Start proc 19421:org.xbmc.kodi/u0a97 for activity org.xbmc.kodi/.Splash
01-08 20:54:06.533 19421 19421 I chatty : uid=10097(u0_a97) org.xbmc.kodi expire 32 lines
01-08 20:54:06.534 3426 3426 D hwcomposer: hwc_getActiveConfig: returning 0
01-08 20:54:06.541 4743 8554 D ViewRootImpl: windowFocusChanged false com.google.android.tvlauncher
01-08 20:54:06.567 3778 19437 W NvAppProfileService: App Profiles: Enabled
01-08 20:54:06.570 4569 5314 I zygote64: Looking for service vendor.nvidia.hardware.power@1.0::IPower/default
01-08 20:54:06.571 4569 5314 I zygote64: Starting thread pool.
01-08 20:54:06.598 3778 3828 I WindowManager: B2026652 WAR. Hide the surface com.google.android.tvlauncher/com.google.android.tvlauncher.HomeScreen
01-08 20:54:06.615 3778 3828 I WindowManager: B2026652 WAR. Hide the surface com.google.android.tvlauncher/com.google.android.tvlauncher.HomeScreen
01-08 20:54:06.626 3778 13157 I ActivityManager: START u0 {act=android.intent.action.MAIN cat=[android.intent.category.LEANBACK_LAUNCHER] flg=0x11000000 pkg=org.xbmc.kodi cmp=org.xbmc.kodi/.Main} from uid 10097
01-08 20:54:06.627 3427 3427 E powerHAL::common: Unknown power hint: 0x8
01-08 20:54:06.634 3778 3828 I WindowManager: WindowState() - found Launcher @ mAppToken:AppWindowToken{3117da2 token=Token{5a91fd8 ActivityRecord{b847ebb u0 org.xbmc.kodi/.Main t2338}}}
01-08 20:54:06.639 3778 3828 I WindowManager: B2026652 WAR. Hide the surface com.google.android.tvlauncher/com.google.android.tvlauncher.HomeScreen
01-08 20:54:06.661 3426 3426 D hwcomposer: hwc_getActiveConfig: returning 0
01-08 20:54:06.681 3778 19440 W NvAppProfileService: App Profiles: Enabled
01-08 20:54:06.683 4569 5898 I zygote64: Looking for service vendor.nvidia.hardware.power@1.0::IPower/default
01-08 20:54:06.684 4569 5898 I zygote64: Starting thread pool.
01-08 20:54:06.885 19421 19441 I chatty : uid=10097(u0_a97) org.xbmc.kodi expire 11 lines
01-08 20:54:06.900 3778 13157 D MediaSessionService: Media button session is changed to org.xbmc.kodi/XBMC_session (userId=0)
01-08 20:54:06.900 4763 4763 D NowPlayingListener: onActiveSessionsChanged() called with: controllers = [[]]
01-08 20:54:06.901 4763 4763 D NowPlayingListener: updateMediaSessionCallback: null
01-08 20:54:06.901 4763 4763 D NowPlayingManager: onClientChanged() called with: clearing = [true]
