01-08 20:50:28.886 6109 6109 I chromium: [6109:6109:INFO:metrics_recorder.cc(89)] Metrics stat: total=2
01-08 20:50:28.886 6109 6109 I chromium: Cast.Discovery.Mdns.Request.In=1
01-08 20:50:28.886 6109 6109 I chromium: Cast.Discovery.Mdns.Response.Out=1
01-08 20:50:29.082 6109 18136 E chromium: [6109:18136:ERROR:wifi_frame_histogram_capturer.cc(404)] No histogram or IOCTL data
01-08 20:50:29.082 6109 18136 I chromium: [6109:18136:INFO:wifi_util.cc(199)] Current wifi TDLS peers:
01-08 20:50:29.082 6109 18136 I chromium: [6109:18136:INFO:wifi_util.cc(201)] No peers:
01-08 20:50:29.150 6109 6109 I chromium: [6109:6109:INFO:metrics_recorder.cc(228)] Record action: Cast.CecHdmiInputState.Active
01-08 20:50:29.150 6109 6109 I chromium: [6109:6109:INFO:metrics_recorder.cc(228)] Record action: Cast.CecStandby.On
01-08 20:50:29.457 3778 3842 I chatty : uid=1000(system) InputReader expire 97 lines
01-08 20:50:29.847 6109 6225 I chromium: [6109:6225:INFO:mdns_app_filter.cc(2630)] Mdns cast queries recently sent: queries=1
01-08 20:50:30.135 18548 18564 I chatty : uid=10097(u0_a97) org.xbmc.kodi expire 55 lines
01-08 20:50:44.183 18548 18879 I chatty : uid=10097(u0_a97) org.xbmc.kodi expire 484 lines
01-08 20:50:53.000 6109 18717 I chromium: [6109:18717:INFO:ssdp_device.c(101)] SSDP packets sent for 36 seconds = 3
01-08 20:50:53.009 18548 18564 I chatty : uid=10097(u0_a97) org.xbmc.kodi expire 53 lines
01-08 20:50:55.082 18548 18880 I chatty : uid=10097(u0_a97) org.xbmc.kodi expire 1 line
01-08 20:50:55.159 3501 6281 I DrmHal : makeDrmFactories: factory instance default is Not Remote
01-08 20:50:55.160 3501 6281 I WVCdm : CdmEngine::OpenSession
01-08 20:50:55.160 3501 6281 D WVCdm : CryptoSession::Open: Lock: requested_security_level: Default
01-08 20:50:55.160 3501 6281 E oemcrypto_cenc: OEMCrypto_APIVersion: 11
01-08 20:50:55.163 3501 6281 I WVCdm : CdmEngine::QueryOemCryptoSessionId
01-08 20:50:55.164 3501 6281 I WVCdm : CdmEngine::QueryStatus
01-08 20:51:00.768 3778 3842 I chatty : uid=1000(system) InputReader expire 100 lines
01-08 20:51:09.553 6109 6270 D BluetoothGattServer: onConnectionUpdated() - Device=00:04:4B:99:25:86 interval=20 latency=99 timeout=1000 status=0
01-08 20:51:09.553 4525 5425 D BluetoothGatt: onConnectionUpdated() - Device=00:04:4B:99:25:86 interval=20 latency=99 timeout=1000 status=0
01-08 20:51:09.553 4427 4441 D BluetoothGatt: onConnectionUpdated() - Device=00:04:4B:99:25:86 interval=20 latency=99 timeout=1000 status=0
01-08 20:51:10.375 18548 18564 I chatty : uid=10097(u0_a97) org.xbmc.kodi expire 44 lines
01-08 20:51:21.860 3998 4010 I zygote64: Deoptimizing com.nvidia.shieldtech.DeviceHandler$KeyCodeHandler com.nvidia.shieldtech.DeviceHandler.createHandler(android.view.KeyEvent, int) due to JIT inline cache
01-08 20:51:21.862 18548 18564 I chatty : uid=10097(u0_a97) org.xbmc.kodi expire 12 lines
01-08 20:51:23.305 6109 6225 I chromium: [6109:6225:INFO:mdns_app_filter.cc(2437)] MdnsAppFilter: responses sent in 102 seconds: 1
01-08 20:51:24.000 6109 18717 I chromium: [6109:18717:INFO:ssdp_device.c(101)] SSDP packets sent for 31 seconds = 4
01-08 20:51:28.886 6109 6109 I chromium: [6109:6109:INFO:metrics_recorder.cc(89)] Metrics stat: total=6
01-08 20:51:28.886 6109 6109 I chromium: AppRunning=1
01-08 20:51:28.886 6109 6109 I chromium: Cast.CecHdmiInputState.Active=1
01-08 20:51:28.886 6109 6109 I chromium: Cast.CecStandby.On=1
01-08 20:51:28.886 6109 6109 I chromium: Cast.Discovery.Mdns.Query.Cast.Count=1
01-08 20:51:28.886 6109 6109 I chromium: Cast.Discovery.Mdns.Request.In=1
01-08 20:51:28.886 6109 6109 I chromium: Cast.Discovery.Mdns.Response.Out=1
01-08 20:51:29.118 3501 6281 I WVCdm : CdmEngine::GenerateKeyRequest
01-08 20:51:29.119 3501 6281 E oemcrypto_cenc: OEMCrypto_APIVersion: 11
01-08 20:51:29.119 3501 6281 D WVCdm : PrepareKeyRequest: nonce=2911767801
01-08 20:51:29.847 6109 6225 I chromium: [6109:6225:INFO:mdns_app_filter.cc(2630)] Mdns cast queries recently sent: queries=1
01-08 20:51:30.044 3501 6281 I WVCdm : CdmEngine::AddKey
01-08 20:51:33.110 3778 3842 I chatty : uid=1000(system) InputReader expire 86 lines
01-08 20:51:33.181 18548 19088 I chatty : uid=10097(u0_a97) org.xbmc.kodi expire 2 lines
01-08 20:51:33.181 18548 19087 I chatty : uid=10097(u0_a97) org.xbmc.kodi expire 1 line
01-08 20:51:34.809 4836 17983 V NativeCrypto: SSL shutdown failed: ssl=0x260babbbc8: I/O error during system call, Connection reset by peer
01-08 20:51:34.932 18548 18564 I chatty : uid=10097(u0_a97) org.xbmc.kodi expire 75 lines
01-08 20:51:34.954 4836 17983 V NativeCrypto: SSL shutdown failed: ssl=0x25f86ecb08: I/O error during system call, Connection reset by peer
01-08 20:51:35.081 5002 18505 V NativeCrypto: SSL shutdown failed: ssl=0x52c07c38: I/O error during system call, Connection reset by peer
01-08 20:51:35.170 5002 18505 V NativeCrypto: SSL shutdown failed: ssl=0x52c07d88: I/O error during system call, Connection reset by peer
01-08 20:51:36.096 6109 6230 I chromium: [6109:6230:INFO:wifi_proximity.cc(209)] Request scan.
01-08 20:51:51.364 3778 3842 D WindowManager: handleComboKeys keyCode: 21, keyAction: 1
01-08 20:51:51.364 3778 3842 D WindowManager: isOnHomeScreen mLastTopComponent: null, componentName: ComponentInfo{org.xbmc.kodi/org.xbmc.kodi.Main}
01-08 20:51:51.364 3778 3842 D WindowManager: handleComboKeys isOnHomeScreen: false
01-08 20:51:51.367 18548 18564 I chatty : uid=10097(u0_a97) org.xbmc.kodi expire 49 lines
01-08 20:51:51.448 3778 3842 D WindowManager: handleComboKeys keyCode: 21, keyAction: 0
01-08 20:51:51.448 3778 3842 D WindowManager: isOnHomeScreen mLastTopComponent: null, componentName: ComponentInfo{org.xbmc.kodi/org.xbmc.kodi.Main}
01-08 20:51:51.448 3778 3842 D WindowManager: handleComboKeys isOnHomeScreen: false
01-08 20:51:51.568 3778 3842 D WindowManager: handleComboKeys keyCode: 21, keyAction: 1
01-08 20:51:51.568 3778 3842 D WindowManager: isOnHomeScreen mLastTopComponent: null, componentName: ComponentInfo{org.xbmc.kodi/org.xbmc.kodi.Main}
01-08 20:51:51.568 3778 3842 D WindowManager: handleComboKeys isOnHomeScreen: false
01-08 20:51:51.870 3778 3842 D WindowManager: handleComboKeys keyCode: 66, keyAction: 0
01-08 20:51:52.000 3778 3842 D WindowManager: handleComboKeys keyCode: 66, keyAction: 1
01-08 20:51:52.082 3778 3842 D WindowManager: handleComboKeys keyCode: 66, keyAction: 0
01-08 20:51:52.170 3778 3842 D WindowManager: handleComboKeys keyCode: 66, keyAction: 1
01-08 20:51:52.249 3778 3842 D WindowManager: handleComboKeys keyCode: 66, keyAction: 0
01-08 20:51:52.328 3778 3842 D WindowManager: handleComboKeys keyCode: 66, keyAction: 1
01-08 20:51:52.432 3778 3842 D WindowManager: handleComboKeys keyCode: 66, keyAction: 0
01-08 20:51:52.496 3778 3842 D WindowManager: handleComboKeys keyCode: 66, keyAction: 1
01-08 20:51:52.572 3778 3842 D WindowManager: handleComboKeys keyCode: 66, keyAction: 0
01-08 20:51:52.668 3778 3842 D WindowManager: handleComboKeys keyCode: 66, keyAction: 1
01-08 20:51:52.742 3778 3842 D WindowManager: handleComboKeys keyCode: 66, keyAction: 0
01-08 20:51:52.838 3778 3842 D WindowManager: handleComboKeys keyCode: 66, keyAction: 1
01-08 20:51:52.900 3778 3842 D WindowManager: handleComboKeys keyCode: 66, keyAction: 0
01-08 20:51:53.005 3778 3842 D WindowManager: handleComboKeys keyCode: 66, keyAction: 1
01-08 20:51:53.076 3778 3842 D WindowManager: handleComboKeys keyCode: 66, keyAction: 0
01-08 20:51:53.172 3778 3842 D WindowManager: handleComboKeys keyCode: 66, keyAction: 1
01-08 20:51:53.250 3778 3842 D WindowManager: handleComboKeys keyCode: 66, keyAction: 0
01-08 20:51:53.345 3778 3842 D WindowManager: handleComboKeys keyCode: 66, keyAction: 1
01-08 20:51:53.436 3778 3842 D WindowManager: handleComboKeys keyCode: 66, keyAction: 0
01-08 20:51:53.524 3778 3842 D WindowManager: handleComboKeys keyCode: 66, keyAction: 1
01-08 20:51:54.201 3778 3842 D WindowManager: handleComboKeys keyCode: 22, keyAction: 0
01-08 20:51:54.370 3778 3842 D WindowManager: handleComboKeys keyCode: 22, keyAction: 1
01-08 20:51:54.696 3778 3842 D WindowManager: handleComboKeys keyCode: 66, keyAction: 0
01-08 20:51:54.866 3778 3842 D WindowManager: handleComboKeys keyCode: 66, keyAction: 1
01-08 20:51:55.132 3778 3842 D WindowManager: handleComboKeys keyCode: 19, keyAction: 0
01-08 20:51:55.244 3778 3842 D WindowManager: handleComboKeys keyCode: 19, keyAction: 1
01-08 20:51:55.312 3778 3842 D WindowManager: handleComboKeys keyCode: 22, keyAction: 0
01-08 20:51:55.472 3778 3842 D WindowManager: handleComboKeys keyCode: 22, keyAction: 1
01-08 20:51:55.610 3778 3842 D WindowManager: handleComboKeys keyCode: 66, keyAction: 0
01-08 20:51:55.762 3778 3842 D WindowManager: handleComboKeys keyCode: 66, keyAction: 1
01-08 20:51:56.103 3778 3842 D WindowManager: handleComboKeys keyCode: 22, keyAction: 0
01-08 20:51:56.118 3778 3842 D WindowManager: handleComboKeys keyCode: 60, keyAction: 0
01-08 20:51:56.166 3778 3842 D WindowManager: handleComboKeys keyCode: 60, keyAction: 1
01-08 20:51:56.181 3778 3842 D WindowManager: handleComboKeys keyCode: 22, keyAction: 1
01-08 20:51:57.511 6109 18717 I chromium: [6109:18717:INFO:ssdp_device.c(101)] SSDP packets sent for 33 seconds = 6
01-08 20:51:57.922 3778 3842 D WindowManager: handleComboKeys keyCode: 66, keyAction: 0
01-08 20:51:58.018 3778 3842 D WindowManager: handleComboKeys keyCode: 66, keyAction: 1
01-08 20:51:59.780 3778 3842 D WindowManager: handleComboKeys keyCode: 36, keyAction: 0
01-08 20:51:59.910 3778 3842 D WindowManager: handleComboKeys keyCode: 36, keyAction: 1
01-08 20:51:59.974 3778 3842 D WindowManager: handleComboKeys keyCode: 37, keyAction: 0
01-08 20:52:00.110 3778 3842 D WindowManager: handleComboKeys keyCode: 37, keyAction: 1
01-08 20:52:00.238 3778 3842 D WindowManager: handleComboKeys keyCode: 38, keyAction: 0
01-08 20:52:00.336 3778 3842 D WindowManager: handleComboKeys keyCode: 38, keyAction: 1
01-08 20:52:00.654 3778 3842 D WindowManager: handleComboKeys keyCode: 29, keyAction: 0
01-08 20:52:00.760 3778 3842 D WindowManager: handleComboKeys keyCode: 29, keyAction: 1
01-08 20:52:01.096 3778 3842 D WindowManager: handleComboKeys keyCode: 31, keyAction: 0
01-08 20:52:01.194 3778 3842 D WindowManager: handleComboKeys keyCode: 31, keyAction: 1
01-08 20:52:01.781 3778 3842 D WindowManager: handleComboKeys keyCode: 60, keyAction: 0
01-08 20:52:01.784 18548 18564 I chatty : uid=10097(u0_a97) org.xbmc.kodi expire 14 lines
01-08 20:52:02.088 3778 3842 D WindowManager: handleComboKeys keyCode: 39, keyAction: 0
01-08 20:52:02.192 3778 3842 D WindowManager: handleComboKeys keyCode: 39, keyAction: 1
01-08 20:52:02.282 3778 3842 D WindowManager: handleComboKeys keyCode: 60, keyAction: 1
01-08 20:52:02.548 3778 3842 D WindowManager: handleComboKeys keyCode: 7, keyAction: 0
01-08 20:52:02.652 3778 3842 D WindowManager: handleComboKeys keyCode: 7, keyAction: 1
01-08 20:52:02.844 3778 3842 D WindowManager: handleComboKeys keyCode: 14, keyAction: 0
01-08 20:52:02.940 3778 3842 D WindowManager: handleComboKeys keyCode: 14, keyAction: 1
01-08 20:52:04.364 3778 3842 D WindowManager: handleComboKeys keyCode: 66, keyAction: 0
01-08 20:52:04.461 3778 3842 D WindowManager: handleComboKeys keyCode: 66, keyAction: 1
01-08 20:52:10.837 3778 3842 D WindowManager: handleComboKeys keyCode: 20, keyAction: 0
01-08 20:52:10.973 3778 3842 D WindowManager: handleComboKeys keyCode: 20, keyAction: 1
01-08 20:52:11.076 3778 3842 D WindowManager: handleComboKeys keyCode: 66, keyAction: 0
01-08 20:52:11.221 3778 3842 D WindowManager: handleComboKeys keyCode: 66, keyAction: 1
01-08 20:52:12.674 3778 3842 D WindowManager: handleComboKeys keyCode: 20, keyAction: 0
01-08 20:52:12.676 18548 18564 I chatty : uid=10097(u0_a97) org.xbmc.kodi expire 16 lines
01-08 20:52:12.810 3778 3842 D WindowManager: handleComboKeys keyCode: 20, keyAction: 1
01-08 20:52:12.874 3778 3842 D WindowManager: handleComboKeys keyCode: 66, keyAction: 0
01-08 20:52:13.028 3778 3842 D WindowManager: handleComboKeys keyCode: 66, keyAction: 1
01-08 20:52:15.478 3778 3842 D WindowManager: handleComboKeys keyCode: 20, keyAction: 0
01-08 20:52:15.608 3778 3842 D WindowManager: handleComboKeys keyCode: 20, keyAction: 1
01-08 20:52:15.670 3778 3842 D WindowManager: handleComboKeys keyCode: 66, keyAction: 0
01-08 20:52:15.824 3778 3842 D WindowManager: handleComboKeys keyCode: 66, keyAction: 1
01-08 20:52:17.062 3778 3842 D WindowManager: handleComboKeys keyCode: 20, keyAction: 0
01-08 20:52:17.200 3778 3842 D WindowManager: handleComboKeys keyCode: 20, keyAction: 1
01-08 20:52:17.302 3778 3842 D WindowManager: handleComboKeys keyCode: 66, keyAction: 0
01-08 20:52:17.454 3778 3842 D WindowManager: handleComboKeys keyCode: 66, keyAction: 1
01-08 20:52:18.864 3778 3842 D WindowManager: handleComboKeys keyCode: 20, keyAction: 0
01-08 20:52:19.000 3778 3842 D WindowManager: handleComboKeys keyCode: 20, keyAction: 1
01-08 20:52:19.106 3778 3842 D WindowManager: handleComboKeys keyCode: 66, keyAction: 0
01-08 20:52:19.250 3778 3842 D WindowManager: handleComboKeys keyCode: 66, keyAction: 1
01-08 20:52:19.906 18548 19236 I chatty : uid=10097(u0_a97) org.xbmc.kodi expire 830 lines
01-08 20:52:19.918 3876 4344 V Avrcp : onMetadataChanged
01-08 20:52:19.929 4763 4763 D NowPlayingListener: onActiveSessionsChanged() called with: controllers = [[android.media.session.MediaController@a2f8da]]
01-08 20:52:19.929 4763 4763 D NowPlayingListener: updateMediaSessionCallback: android.media.session.MediaController@a2f8da
01-08 20:52:19.930 5214 5214 D DeviceControlManagerService: active session:org.xbmc.kodi
01-08 20:52:19.930 3876 4344 V Avrcp : isBrowseSupported for org.xbmc.kodi: false
01-08 20:52:19.930 4763 4763 D NowPlayingManager: onClientChanged() called with: clearing = [false]
01-08 20:52:19.931 4763 4763 D NowPlayingListener: updateMetadata() called with: metadata = [android.media.MediaMetadata@fd2910b] and now playing listener: com.google.android.tvrecommendations.NowPlayingManager@4ab6298
01-08 20:52:19.931 3876 4344 D Avrcp : update #10:MediaPlayerInfo org.xbmc.kodi (as 'Kodi') Type = 1, SubType = 0, Status = 1 Feature Bits [40 41 42 44 45 47 48 58] Controller: MediaController (org.xbmc.kodi@4b0780e) Raymond Reddingtons schwarze Liste, null, null
01-08 20:52:19.931 3876 4344 V Avrcp : updateNewIds: Addressed:10 to 10, Browse:0 to 0
01-08 20:52:19.931 3876 4344 D Avrcp : updateCurrentController: MediaController (org.xbmc.kodi@a69de09) Raymond Reddingtons schwarze Liste, null, null to MediaController (org.xbmc.kodi@4b0780e) Raymond Reddingtons schwarze Liste, null, null
01-08 20:52:19.932 3876 4344 I AddressedMediaPlayer: null queue from org.xbmc.kodi, constructing single-item list
01-08 20:52:19.932 3778 10200 I MediaFocusControl: AudioFocus requestAudioFocus() from uid/pid 10097/18548 clientId=android.media.AudioManager@7fed344org.xbmc.kodi.interfaces.XBMCAudioManagerOnAudioFocusChangeListener@676dc2d req=1 flags=0x0
01-08 20:52:19.933 3876 4344 E bt_btif : register_notification_rsp: Avrcp device is not connected, handle: 0x0
01-08 20:52:19.933 3876 4344 E bt_btif : register_notification_rsp: Avrcp device is not connected, handle: 0x0
01-08 20:52:19.934 4763 4763 D NowPlayingManager: onMediaDataUpdated() called with: mediaData = [com.google.android.tvrecommendations.NowPlayingData@e5b4be8]
01-08 20:52:19.938 4763 4763 D NowPlayingListener: updatePlayback() called with: state = [PlaybackState {state=3, position=0, buffered position=0, speed=1.0, updated=11496237, actions=-1, custom actions=[], active item id=-1, error=null}] and now playing listener: com.google.android.tvrecommendations.NowPlayingManager@4ab6298
01-08 20:52:19.938 4763 4763 D NowPlayingManager: onClientPlaybackStateUpdate() called with: state = [3], stateChangeTimeMs = [11496237], currentPosMs = [0]
01-08 20:52:19.938 4763 4763 D NowPlayingManager: onClientPlaybackStateUpdate: Skipped update, state: 3 was unchanged
01-08 20:52:19.938 4763 4763 D NowPlayingListener: updateMetadata() called with: metadata = [android.media.MediaMetadata@bc7c8a6] and now playing listener: com.google.android.tvrecommendations.NowPlayingManager@4ab6298
01-08 20:52:19.942 4763 4763 D NowPlayingManager: onMediaDataUpdated() called with: mediaData = [com.google.android.tvrecommendations.NowPlayingData@99732e7]
01-08 20:52:19.949 4763 4763 D NowPlayingListener: onPlaybackStateChanged: PlaybackState {state=3, position=0, buffered position=0, speed=1.0, updated=11496228, actions=-1, custom actions=[], active item id=-1, error=null}
01-08 20:52:19.949 4763 4763 D NowPlayingListener: updatePlayback() called with: state = [PlaybackState {state=3, position=0, buffered position=0, speed=1.0, updated=11496228, actions=-1, custom actions=[], active item id=-1, error=null}] and now playing listener: com.google.android.tvrecommendations.NowPlayingManager@4ab6298
01-08 20:52:19.949 4763 4763 D NowPlayingManager: onClientPlaybackStateUpdate() called with: state = [3], stateChangeTimeMs = [11496228], currentPosMs = [0]
01-08 20:52:19.949 4763 4763 D NowPlayingManager: onClientPlaybackStateUpdate: Skipped update, state: 3 was unchanged
01-08 20:52:19.949 4763 4763 D NowPlayingListener: updateMetadata() called with: metadata = [android.media.MediaMetadata@317c932] and now playing listener: com.google.android.tvrecommendations.NowPlayingManager@4ab6298
01-08 20:52:19.952 4763 4763 D NowPlayingManager: onMediaDataUpdated() called with: mediaData = [com.google.android.tvrecommendations.NowPlayingData@f1a1683]
01-08 20:52:19.956 4763 4763 D TVNotifService: onTVNotificationPosted StatusBarNotification(pkg=com.google.android.tvrecommendations user=UserHandle{0} id=4321 tag=Notification.NowPlaying key=0|com.google.android.tvrecommendations|4321|Notification.NowPlaying|10107: Notification(channel=now_playing pri=0 contentView=null vibrate=null sound=null defaults=0x0 flags=0x0 color=0x00000000 vis=PRIVATE)) userId: 0
01-08 20:52:19.958 4763 4763 I chatty : uid=10107(u0_a107) com.google.android.tvrecommendations identical 10 lines
01-08 20:52:20.127 3876 4344 V Avrcp : onPlaybackStateChanged: state PlaybackState {state=3, position=0, buffered position=0, speed=1.0, updated=11496425, actions=-1, custom actions=[], active item id=-1, error=null}
01-08 20:52:20.127 5214 5214 D DeviceControlManagerService: onPlaybackStateChanged :PlaybackState {state=3, position=0, buffered position=0, speed=1.0, updated=11496425, actions=-1, custom actions=[], active item id=-1, error=null}
01-08 20:52:20.644 5214 5214 D DeviceControlManagerService: onPlaybackStateChanged :PlaybackState {state=3, position=0, buffered position=0, speed=1.0, updated=11496942, actions=-1, custom actions=[], active item id=-1, error=null}
01-08 20:52:20.645 4763 4763 D NowPlayingListener: updatePlayback() called with: state = [PlaybackState {state=3, position=0, buffered position=0, speed=1.0, updated=11496942, actions=-1, custom actions=[], active item id=-1, error=null}] and now playing listener: com.google.android.tvrecommendations.NowPlayingManager@4ab6298
01-08 20:52:20.645 4763 4763 D NowPlayingManager: onClientPlaybackStateUpdate() called with: state = [3], stateChangeTimeMs = [11496942], currentPosMs = [0]
01-08 20:52:20.645 4763 4763 D NowPlayingManager: onClientPlaybackStateUpdate: Skipped update, state: 3 was unchanged
01-08 20:52:20.645 3876 4344 V Avrcp : onPlaybackStateChanged: state PlaybackState {state=3, position=0, buffered position=0, speed=1.0, updated=11496942, actions=-1, custom actions=[], active item id=-1, error=null}
01-08 20:52:20.645 4763 4763 D NowPlayingListener: updateMetadata() called with: metadata = [android.media.MediaMetadata@699cc2c] and now playing listener: com.google.android.tvrecommendations.NowPlayingManager@4ab6298
01-08 20:52:20.648 4763 4763 D NowPlayingManager: onMediaDataUpdated() called with: mediaData = [com.google.android.tvrecommendations.NowPlayingData@1b986f5]
01-08 20:52:20.658 4763 4763 D TVNotifService: onTVNotificationPosted StatusBarNotification(pkg=com.google.android.tvrecommendations user=UserHandle{0} id=4321 tag=Notification.NowPlaying key=0|com.google.android.tvrecommendations|4321|Notification.NowPlaying|10107: Notification(channel=now_playing pri=0 contentView=null vibrate=null sound=null defaults=0x0 flags=0x0 color=0x00000000 vis=PRIVATE)) userId: 0
01-08 20:52:20.747 3501 6281 I DrmHal : makeDrmFactories: factory instance default is Not Remote
01-08 20:52:20.748 3501 6281 E WVCdm : App requested unknown string property deviceUniqueId
01-08 20:52:20.748 3501 6281 I WVCdm : CdmEngine::QueryStatus
01-08 20:52:20.749 3501 6281 I WVCdm : CdmEngine::QueryStatus
01-08 20:52:20.751 3501 6281 I WVCdm : CdmEngine::OpenSession
01-08 20:52:20.752 3501 6281 D WVCdm : CryptoSession::Open: Lock: requested_security_level: Default
01-08 20:52:20.752 3501 6281 E oemcrypto_cenc: OEMCrypto_APIVersion: 11
01-08 20:52:20.754 3501 6281 I WVCdm : CdmEngine::QueryOemCryptoSessionId
01-08 20:52:20.755 3501 6281 I WVCdm : CdmEngine::GenerateKeyRequest
01-08 20:52:20.755 3501 6281 E oemcrypto_cenc: OEMCrypto_APIVersion: 11
01-08 20:52:20.755 3501 6281 D WVCdm : PrepareKeyRequest: nonce=2970536247
01-08 20:52:20.919 3876 4344 V Avrcp : MSG_UPDATE_MEDIA
01-08 20:52:20.919 3876 4344 V Avrcp : updatePlaybackState (1): -1➡1(PlaybackState {state=3, position=0, buffered position=0, speed=1.0, updated=11497218, actions=-1, custom actions=[], active item id=-1, error=null})
01-08 20:52:20.920 3876 4344 V Avrcp : Media update: id -1➡-1? [MediaAttributes: R⋯e - by (0 0/0) ]
01-08 20:52:20.920 3876 4344 D Avrcp : sendTrackChangedRsp: Not registered or registering.
01-08 20:52:20.920 3876 4344 D Avrcp : sendPlayPosNotificationRsp: Not registered or requesting.
01-08 20:52:21.161 3876 4344 V Avrcp : onPlaybackStateChanged: state PlaybackState {state=3, position=0, buffered position=0, speed=1.0, updated=11497459, actions=-1, custom actions=[], active item id=-1, error=null}
01-08 20:52:21.161 5214 5214 D DeviceControlManagerService: onPlaybackStateChanged :PlaybackState {state=3, position=0, buffered position=0, speed=1.0, updated=11497459, actions=-1, custom actions=[], active item id=-1, error=null}
01-08 20:52:21.162 4763 4763 D NowPlayingListener: onPlaybackStateChanged: PlaybackState {state=3, position=0, buffered position=0, speed=1.0, updated=11497459, actions=-1, custom actions=[], active item id=-1, error=null}
01-08 20:52:21.162 4763 4763 D NowPlayingListener: updatePlayback() called with: state = [PlaybackState {state=3, position=0, buffered position=0, speed=1.0, updated=11497459, actions=-1, custom actions=[], active item id=-1, error=null}] and now playing listener: com.google.android.tvrecommendations.NowPlayingManager@4ab6298
01-08 20:52:21.162 4763 4763 D NowPlayingManager: onClientPlaybackStateUpdate() called with: state = [3], stateChangeTimeMs = [11497459], currentPosMs = [0]
01-08 20:52:21.162 4763 4763 D NowPlayingManager: onClientPlaybackStateUpdate: Skipped update, state: 3 was unchanged
01-08 20:52:21.162 4763 4763 D NowPlayingListener: updateMetadata() called with: metadata = [android.media.MediaMetadata@52dd2fb] and now playing listener: com.google.android.tvrecommendations.NowPlayingManager@4ab6298
01-08 20:52:21.164 4763 4763 D NowPlayingManager: onMediaDataUpdated() called with: mediaData = [com.google.android.tvrecommendations.NowPlayingData@3ed7f18]
01-08 20:52:21.173 4763 4763 D TVNotifService: onTVNotificationPosted StatusBarNotification(pkg=com.google.android.tvrecommendations user=UserHandle{0} id=4321 tag=Notification.NowPlaying key=0|com.google.android.tvrecommendations|4321|Notification.NowPlaying|10107: Notification(channel=now_playing pri=0 contentView=null vibrate=null sound=null defaults=0x0 flags=0x0 color=0x00000000 vis=PRIVATE)) userId: 0
01-08 20:52:21.662 3876 4344 V Avrcp : onPlaybackStateChanged: state PlaybackState {state=3, position=0, buffered position=0, speed=1.0, updated=11497959, actions=-1, custom actions=[], active item id=-1, error=null}
01-08 20:52:21.662 5214 5214 D DeviceControlManagerService: onPlaybackStateChanged :PlaybackState {state=3, position=0, buffered position=0, speed=1.0, updated=11497959, actions=-1, custom actions=[], active item id=-1, error=null}
01-08 20:52:21.662 4763 4763 D NowPlayingListener: onPlaybackStateChanged: PlaybackState {state=3, position=0, buffered position=0, speed=1.0, updated=11497959, actions=-1, custom actions=[], active item id=-1, error=null}
01-08 20:52:21.662 4763 4763 D NowPlayingListener: updatePlayback() called with: state = [PlaybackState {state=3, position=0, buffered position=0, speed=1.0, updated=11497959, actions=-1, custom actions=[], active item id=-1, error=null}] and now playing listener: com.google.android.tvrecommendations.NowPlayingManager@4ab6298
01-08 20:52:21.662 4763 4763 D NowPlayingManager: onClientPlaybackStateUpdate() called with: state = [3], stateChangeTimeMs = [11497959], currentPosMs = [0]
01-08 20:52:21.662 4763 4763 D NowPlayingManager: onClientPlaybackStateUpdate: Skipped update, state: 3 was unchanged
01-08 20:52:21.663 4763 4763 D NowPlayingListener: updateMetadata() called with: metadata = [android.media.MediaMetadata@be9a756] and now playing listener: com.google.android.tvrecommendations.NowPlayingManager@4ab6298
01-08 20:52:21.665 4763 4763 D NowPlayingManager: onMediaDataUpdated() called with: mediaData = [com.google.android.tvrecommendations.NowPlayingData@5fca3d7]
01-08 20:52:21.674 4763 4763 D TVNotifService: onTVNotificationPosted StatusBarNotification(pkg=com.google.android.tvrecommendations user=UserHandle{0} id=4321 tag=Notification.NowPlaying key=0|com.google.android.tvrecommendations|4321|Notification.NowPlaying|10107: Notification(channel=now_playing pri=0 contentView=null vibrate=null sound=null defaults=0x0 flags=0x0 color=0x00000000 vis=PRIVATE)) userId: 0
01-08 20:52:22.115 3501 6281 I WVCdm : CdmEngine::AddKey
01-08 20:52:22.135 3501 6281 E oemcrypto_cenc: OEMCrypto_LoadKeys: error in te_launch_operation: 0x1f
01-08 20:52:22.136 3501 6281 E WVCdm : CryptoSession::LoadKeys: OEMCrypto_LoadKeys error=31
01-08 20:52:22.162 3876 4344 V Avrcp : MSG_UPDATE_MEDIA
01-08 20:52:22.162 3876 4344 V Avrcp : updatePlaybackState (1): -1➡1(PlaybackState {state=3, position=0, buffered position=0, speed=1.0, updated=11498460, actions=-1, custom actions=[], active item id=-1, error=null})
01-08 20:52:22.162 3876 4344 V Avrcp : Media update: id -1➡-1? [MediaAttributes: R⋯e - by (0 0/0) ]
01-08 20:52:22.162 3876 4344 D Avrcp : sendPlayPosNotificationRsp: Not registered or requesting.
01-08 20:52:22.169 3501 6281 E WVCdm : CdmEngine::AddKey: keys not added, result = 99
01-08 20:52:22.169 3501 6281 W android.hardware.drm@1.0-impl: Unable to convert legacy status: -2902, defaulting to UNKNOWN
01-08 20:52:22.180 3876 4344 V Avrcp : onPlaybackStateChanged: state PlaybackState {state=3, position=0, buffered position=0, speed=1.0, updated=11498477, actions=-1, custom actions=[], active item id=-1, error=null}
01-08 20:52:22.180 5214 5214 D DeviceControlManagerService: onPlaybackStateChanged :PlaybackState {state=3, position=0, buffered position=0, speed=1.0, updated=11498477, actions=-1, custom actions=[], active item id=-1, error=null}
01-08 20:52:22.183 4763 4763 D NowPlayingListener: onPlaybackStateChanged: PlaybackState {state=3, position=0, buffered position=0, speed=1.0, updated=11498477, actions=-1, custom actions=[], active item id=-1, error=null}
01-08 20:52:22.183 4763 4763 D NowPlayingListener: updatePlayback() called with: state = [PlaybackState {state=3, position=0, buffered position=0, speed=1.0, updated=11498477, actions=-1, custom actions=[], active item id=-1, error=null}] and now playing listener: com.google.android.tvrecommendations.NowPlayingManager@4ab6298
01-08 20:52:22.183 4763 4763 D NowPlayingManager: onClientPlaybackStateUpdate() called with: state = [3], stateChangeTimeMs = [11498477], currentPosMs = [0]
01-08 20:52:22.183 4763 4763 D NowPlayingManager: onClientPlaybackStateUpdate: Skipped update, state: 3 was unchanged
01-08 20:52:22.183 4763 4763 D NowPlayingListener: updateMetadata() called with: metadata = [android.media.MediaMetadata@f189fad] and now playing listener: com.google.android.tvrecommendations.NowPlayingManager@4ab6298
01-08 20:52:22.186 4763 4763 D NowPlayingManager: onMediaDataUpdated() called with: mediaData = [com.google.android.tvrecommendations.NowPlayingData@af0e2e2]
01-08 20:52:22.196 4763 4763 D TVNotifService: onTVNotificationPosted StatusBarNotification(pkg=com.google.android.tvrecommendations user=UserHandle{0} id=4321 tag=Notification.NowPlaying key=0|com.google.android.tvrecommendations|4321|Notification.NowPlaying|10107: Notification(channel=now_playing pri=0 contentView=null vibrate=null sound=null defaults=0x0 flags=0x0 color=0x00000000 vis=PRIVATE)) userId: 0
01-08 20:52:22.402 18548 19236 F libc : Fatal signal 6 (SIGABRT), code -6 in tid 19236 (Thread-27)
01-08 20:52:22.471 19247 19247 I chatty : uid=10097(u0_a97) expire 2 lines
01-08 20:52:22.471 3516 3516 I /system/bin/tombstoned: received crash request for pid 18548
01-08 20:52:22.471 19247 19247 F DEBUG : *** *** *** *** *** *** *** *** *** *** *** *** *** *** *** ***
01-08 20:52:22.472 19247 19247 F DEBUG : Build fingerprint: 'NVIDIA/darcy/darcy:8.0.0/OPR6.170623.010/3507953_1364.6545:user/release-keys'
01-08 20:52:22.472 19247 19247 F DEBUG : Revision: '0'
01-08 20:52:22.472 19247 19247 F DEBUG : ABI: 'arm64'
01-08 20:52:22.472 19247 19247 F DEBUG : pid: 18548, tid: 19236, name: Thread-27 >>> org.xbmc.kodi <<<
01-08 20:52:22.472 19247 19247 F DEBUG : signal 6 (SIGABRT), code -6 (SI_TKILL), fault addr --------
01-08 20:52:22.475 19247 19247 F DEBUG : Abort message: 'java_vm_ext.cc:504] JNI DETECTED ERROR IN APPLICATION: JNI GetArrayLength called with pending exception android.media.MediaDrm$MediaDrmStateException: Failed to handle key response: General DRM error'
01-08 20:52:22.475 19247 19247 F DEBUG : x0 0000000000000000 x1 0000000000004b24 x2 0000000000000006 x3 0000000000000008
01-08 20:52:22.475 19247 19247 F DEBUG : x4 0000000000000000 x5 0000000000000000 x6 0000000000000000 x7 7f7f7f7f7f7f7f7f
01-08 20:52:22.475 19247 19247 F DEBUG : x8 0000000000000083 x9 47ef43bbe27096ae x10 0000000000000000 x11 0000000000000001
01-08 20:52:22.475 19247 19247 F DEBUG : x12 ffffffffffffffff x13 ffffffffffffffff x14 ff00000000000000 x15 ffffffffffffffff
01-08 20:52:22.475 19247 19247 F DEBUG : x16 00000025edbd22f8 x17 00000025edb745d0 x18 000000261780c3e8 x19 0000000000004874
01-08 20:52:22.475 19247 19247 F DEBUG : x20 0000000000004b24 x21 000000260fbe0080 x22 0000000000000073 x23 0000000000000ec5
01-08 20:52:22.475 19247 19247 F DEBUG : x24 00000000000000d1 x25 0000002611117000 x26 0000000000000ec4 x27 0000002613cf8a50
01-08 20:52:22.475 19247 19247 F DEBUG : x28 0000000000000043 x29 0000002613cf88f0 x30 00000025edb28994
01-08 20:52:22.475 19247 19247 F DEBUG : sp 0000002613cf88b0 pc 00000025edb745d8 pstate 0000000060000000
01-08 20:52:22.488 19247 19247 F DEBUG :
01-08 20:52:22.488 19247 19247 F DEBUG : backtrace:
01-08 20:52:22.488 19247 19247 F DEBUG : #00 pc 00000000000695d8 /system/lib64/libc.so (tgkill+8)
01-08 20:52:22.488 19247 19247 F DEBUG : #01 pc 000000000001d990 /system/lib64/libc.so (abort+88)
01-08 20:52:22.488 19247 19247 F DEBUG : #02 pc 0000000000436884 /system/lib64/libart.so (_ZN3art7Runtime5AbortEPKc+528)
01-08 20:52:22.488 19247 19247 F DEBUG : #03 pc 0000000000436f94 /system/lib64/libart.so (_ZN3art7Runtime7AborterEPKc+24)
01-08 20:52:22.488 19247 19247 F DEBUG : #04 pc 000000000052143c /system/lib64/libart.so (_ZN7android4base10LogMessageD1Ev+900)
01-08 20:52:22.488 19247 19247 F DEBUG : #05 pc 00000000002d55ec /system/lib64/libart.so (_ZN3art9JavaVMExt8JniAbortEPKcS2_+1716)
01-08 20:52:22.488 19247 19247 F DEBUG : #06 pc 00000000002d57c8 /system/lib64/libart.so (_ZN3art9JavaVMExt9JniAbortVEPKcS2_St9__va_list+116)
01-08 20:52:22.488 19247 19247 F DEBUG : #07 pc 00000000001085c8 /system/lib64/libart.so (_ZN3art11ScopedCheck6AbortFEPKcz+148)
01-08 20:52:22.488 19247 19247 F DEBUG : #08 pc 00000000001080f4 /system/lib64/libart.so (_ZN3art11ScopedCheck11CheckThreadEP7_JNIEnv+536)
01-08 20:52:22.488 19247 19247 F DEBUG : #09 pc 0000000000106590 /system/lib64/libart.so (_ZN3art11ScopedCheck5CheckERNS_18ScopedObjectAccessEbPKcPNS_12JniValueTypeE+856)
01-08 20:52:22.488 19247 19247 F DEBUG : #10 pc 00000000000fdbe4 /system/lib64/libart.so (_ZN3art8CheckJNI14GetArrayLengthEP7_JNIEnvP7_jarray+644)
01-08 20:52:22.488 19247 19247 F DEBUG : #11 pc 00000000000757bc /data/app/org.xbmc.kodi-BDfWM_U3OYT4DDmJ0Up2Kw==/lib/arm64/libssd_wv.so (_ZNK3jni12CJNIMediaDrm18provideKeyResponseERKNSt6__ndk16vectorIcNS1_9allocatorIcEEEES7_+156)
01-08 20:52:22.489 19247 19247 F DEBUG : #12 pc 000000000006ca20 /data/app/org.xbmc.kodi-BDfWM_U3OYT4DDmJ0Up2Kw==/lib/arm64/libssd_wv.so (_ZN28WV_CencSingleSampleDecrypter18SendSessionMessageERKNSt6__ndk16vectorIcNS0_9allocatorIcEEEE+6640)
01-08 20:52:22.489 19247 19247 F DEBUG : #13 pc 000000000006aed4 /data/app/org.xbmc.kodi-BDfWM_U3OYT4DDmJ0Up2Kw==/lib/arm64/libssd_wv.so (_ZN28WV_CencSingleSampleDecrypter16KeyUpdateRequestEb+324)
01-08 20:52:22.489 19247 19247 F DEBUG : #14 pc 000000000006e678 /data/app/org.xbmc.kodi-BDfWM_U3OYT4DDmJ0Up2Kw==/lib/arm64/libssd_wv.so (_ZN11WVDecrypter27CreateSingleSampleDecrypterER14AP4_DataBufferPKcPKh+184)
01-08 20:52:22.489 19247 19247 F DEBUG : #15 pc 000000000008578c /data/app/org.xbmc.kodi-BDfWM_U3OYT4DDmJ0Up2Kw==/lib/arm64/libinputstream.adaptive.so (_ZN7Session10initializeEhj+3320)
01-08 20:52:22.489 19247 19247 F DEBUG : #16 pc 0000000000088134 /data/app/org.xbmc.kodi-BDfWM_U3OYT4DDmJ0Up2Kw==/lib/arm64/libinputstream.adaptive.so (_ZN20CInputStreamAdaptive4OpenER11INPUTSTREAM+1796)
01-08 20:52:22.489 19247 19247 F DEBUG : #17 pc 000000000108191c /data/app/org.xbmc.kodi-BDfWM_U3OYT4DDmJ0Up2Kw==/lib/arm64/libkodi.so (_ZN17CInputStreamAddon4OpenEv+896)
01-08 20:52:22.489 19247 19247 F DEBUG : #18 pc 00000000010e7dd8 /data/app/org.xbmc.kodi-BDfWM_U3OYT4DDmJ0Up2Kw==/lib/arm64/libkodi.so (_ZN12CVideoPlayer15OpenInputStreamEv+424)
01-08 20:52:22.489 19247 19247 F DEBUG : #19 pc 00000000010ea164 /data/app/org.xbmc.kodi-BDfWM_U3OYT4DDmJ0Up2Kw==/lib/arm64/libkodi.so (_ZN12CVideoPlayer7PrepareEv+260)
01-08 20:52:22.489 19247 19247 F DEBUG : #20 pc 00000000010eb47c /data/app/org.xbmc.kodi-BDfWM_U3OYT4DDmJ0Up2Kw==/lib/arm64/libkodi.so (_ZN12CVideoPlayer7ProcessEv+72)
01-08 20:52:22.489 19247 19247 F DEBUG : #21 pc 00000000012bdd7c /data/app/org.xbmc.kodi-BDfWM_U3OYT4DDmJ0Up2Kw==/lib/arm64/libkodi.so (_ZN7CThread6ActionEv+40)
01-08 20:52:22.489 19247 19247 F DEBUG : #22 pc 00000000012bd2a4 /data/app/org.xbmc.kodi-BDfWM_U3OYT4DDmJ0Up2Kw==/lib/arm64/libkodi.so (_ZN7CThread12staticThreadEPv+184)
01-08 20:52:22.489 19247 19247 F DEBUG : #23 pc 0000000000065f88 /system/lib64/libc.so (_ZL15__pthread_startPv+36)
01-08 20:52:22.489 19247 19247 F DEBUG : #24 pc 000000000001ed24 /system/lib64/libc.so (__start_thread+68)
01-08 20:52:22.931 3490 3670 I AudioFlinger: BUFFER TIMEOUT: remove(4097) from active list on thread 0x51d83cc0
01-08 20:52:23.177 3426 3426 D hwcomposer: hwc_getActiveConfig: returning 0
01-08 20:52:23.181 3876 4344 V Avrcp : MSG_UPDATE_MEDIA
01-08 20:52:23.181 3876 4344 V Avrcp : updatePlaybackState (1): -1➡1(PlaybackState {state=3, position=0, buffered position=0, speed=1.0, updated=11499479, actions=-1, custom actions=[], active item id=-1, error=null})
01-08 20:52:23.181 3876 4344 V Avrcp : Media update: id -1➡-1? [MediaAttributes: R⋯e - by (0 0/0) ]
01-08 20:52:23.181 3876 4344 D Avrcp : sendPlayPosNotificationRsp: Not registered or requesting.
01-08 20:52:23.974 3516 3516 E /system/bin/tombstoned: Tombstone written to: /data/tombstones//tombstone_04
01-08 20:52:23.976 3778 19251 W ActivityManager: Force finishing activity org.xbmc.kodi/.Main
01-08 20:52:23.979 3426 3426 D hwcomposer: hwc_getActiveConfig: returning 0
01-08 20:52:23.980 3778 3797 I BootReceiver: Copying /data/tombstones/tombstone_04 to DropBox (SYSTEM_TOMBSTONE)
01-08 20:52:23.986 3778 3793 W BroadcastQueue: Background execution not allowed: receiving Intent { act=android.intent.action.DROPBOX_ENTRY_ADDED flg=0x10 (has extras) } to com.google.android.gms/.stats.service.DropBoxEntryAddedReceiver
01-08 20:52:23.986 3778 3793 W BroadcastQueue: Background execution not allowed: receiving Intent { act=android.intent.action.DROPBOX_ENTRY_ADDED flg=0x10 (has extras) } to com.google.android.gms/.chimera.GmsIntentOperationService$PersistentTrustedReceiver
01-08 20:52:23.997 3778 3793 W BroadcastQueue: Background execution not allowed: receiving Intent { act=android.intent.action.DROPBOX_ENTRY_ADDED flg=0x10 (has extras) } to com.google.android.gms/.stats.service.DropBoxEntryAddedReceiver
01-08 20:52:23.997 3778 3793 W BroadcastQueue: Background execution not allowed: receiving Intent { act=android.intent.action.DROPBOX_ENTRY_ADDED flg=0x10 (has extras) } to com.google.android.gms/.chimera.GmsIntentOperationService$PersistentTrustedReceiver
01-08 20:52:24.078 3778 3841 W InputDispatcher: channel 'cf291ef org.xbmc.kodi/org.xbmc.kodi.Main (server)' ~ Consumer closed input channel or an error occurred. events=0x9
01-08 20:52:24.078 3778 3841 E InputDispatcher: channel 'cf291ef org.xbmc.kodi/org.xbmc.kodi.Main (server)' ~ Channel is unrecoverably broken and will be disposed!
01-08 20:52:24.079 3778 4684 D MediaSessionService: Media button session is changed to null
01-08 20:52:24.079 3778 4684 I MediaFocusControl: AudioFocus removeFocusStackEntryOnDeath(): removing entry for android.os.BinderProxy@52d064
01-08 20:52:24.079 3432 3562 E SurfaceFlinger: Failed to find layer (SurfaceView - org.xbmc.kodi/org.xbmc.kodi.Main#0) in layer parent (no-parent).
01-08 20:52:24.079 3432 3560 E SurfaceFlinger: Failed to find layer (Background for - SurfaceView - org.xbmc.kodi/org.xbmc.kodi.Main#0) in layer parent (no-parent).
01-08 20:52:24.079 4622 8582 D ControllerMapper_S: Client: org.xbmc.kodi died and unregistered
01-08 20:52:24.080 3501 6281 I WVCdm : CdmEngine::CloseSession
01-08 20:52:24.080 3778 3859 D NsdService: Client disconnected
01-08 20:52:24.080 3778 5882 I WindowManager: WIN DEATH: Window{cf291ef u0 org.xbmc.kodi/org.xbmc.kodi.Main}
01-08 20:52:24.080 3778 3859 D NsdService: Terminating client-ID 1 global-ID 14 type 393225
01-08 20:52:24.080 3778 5882 W InputDispatcher: Attempted to unregister already unregistered input channel 'cf291ef org.xbmc.kodi/org.xbmc.kodi.Main (server)'
01-08 20:52:24.080 3778 3859 D NsdService: unregisterService: 14
01-08 20:52:24.080 3501 6281 I WVCdm : CdmEngine::CloseSession
01-08 20:52:24.081 4622 4622 D ControllerMapper_S: org.xbmc.kodi binder died, Current App:Request App [org.xbmc.kodi 0X0]
01-08 20:52:24.081 3371 3408 D MDnsDS : polling error: 32
01-08 20:52:24.081 4763 4763 D NowPlayingListener: onActiveSessionsChanged() called with: controllers = [[]]
01-08 20:52:24.081 4763 4763 D NowPlayingListener: updateMediaSessionCallback: null
01-08 20:52:24.082 3876 4344 V Avrcp : MediaController session destroyed
01-08 20:52:24.082 3876 4344 V Avrcp : updateNewIds: Addressed:10 to 10, Browse:0 to 0
01-08 20:52:24.082 3876 4344 D Avrcp : updateCurrentController: MediaController (org.xbmc.kodi@4b0780e) Raymond Reddingtons schwarze Liste, null, null to null
01-08 20:52:24.082 3778 3859 D NsdService: Terminating client-ID 2 global-ID 15 type 393225
01-08 20:52:24.082 3778 3859 D NsdService: unregisterService: 15
01-08 20:52:24.082 5214 5214 D DeviceControlManagerService: no active session
01-08 20:52:24.083 3371 3408 D MDnsDS : polling error: 32
01-08 20:52:24.083 3778 4708 I ActivityManager: Process org.xbmc.kodi (pid 18548) has died: vis +99TOP
01-08 20:52:24.083 4763 4763 D NowPlayingManager: onClientChanged() called with: clearing = [true]
01-08 20:52:24.083 3778 3778 W TelecomManager: Telecom Service not found.
01-08 20:52:24.091 3374 3374 I Zygote : Process 18548 exited due to signal (6)
01-08 20:52:24.091 5002 5002 W TvSearchApp: onTrimMemory level=5
01-08 20:52:24.093 7438 7438 I PersonalGridService: onTrimMemory called with level: 5
01-08 20:52:24.093 4467 4467 W TvSearchApp: onTrimMemory level=5
01-08 20:52:24.094 7746 7746 D GeckoMemoryMonitor: onTrimMemory() notification received with level 5
01-08 20:52:24.094 7746 7746 D GeckoMemoryMonitor: increasing memory pressure to 2
01-08 20:52:24.100 3910 4030 W zygote64: Checksum mismatch for dex SystemUI.apk
01-08 20:52:24.100 3910 4030 W zygote64: Checksum mismatch for dex SystemUI.apk
01-08 20:52:24.112 3778 3800 W ActivityManager: setHasOverlayUi called on unknown pid: 18548
01-08 20:52:24.112 3778 3842 I InputReader: Reconfiguring input devices. changes=0x00000004
01-08 20:52:24.113 4763 4763 D TVNotifService: onNotificationRemoved StatusBarNotification(pkg=com.google.android.tvrecommendations user=UserHandle{0} id=4321 tag=Notification.NowPlaying key=0|com.google.android.tvrecommendations|4321|Notification.NowPlaying|10107: Notification(channel=now_playing pri=0 contentView=null vibrate=null sound=null defaults=0x0 flags=0x0 color=0x00000000 vis=PRIVATE)) userId: 0
01-08 20:52:24.114 4743 4743 I AppLifecycleTracker: onActivityStarted:
01-08 20:52:24.115 4743 4743 W DataLoader: SecurityException in onStartLoading() on registering content observer for uri: content://tvlauncher.mic/farfield_mic_status
01-08 20:52:24.115 4743 4743 W DataLoader: Failed to find provider tvlauncher.mic for user 0; expected to find a valid ContentProvider for this authority
01-08 20:52:24.117 4743 4743 E PrtnrWidgetInfoLdr: Exception in onStartLoading() on registering content observer
01-08 20:52:24.117 4743 4743 E PrtnrWidgetInfoLdr: java.lang.SecurityException: Failed to find provider tvlauncher.widget for user 0; expected to find a valid ContentProvider for this authority
01-08 20:52:24.117 4743 4743 E PrtnrWidgetInfoLdr: at android.os.Parcel.readException(Parcel.java:1951)
01-08 20:52:24.117 4743 4743 E PrtnrWidgetInfoLdr: at android.os.Parcel.readException(Parcel.java:1897)
01-08 20:52:24.117 4743 4743 E PrtnrWidgetInfoLdr: at android.content.IContentService$Stub$Proxy.registerContentObserver(IContentService.java:768)
01-08 20:52:24.117 4743 4743 E PrtnrWidgetInfoLdr: at android.content.ContentResolver.registerContentObserver(ContentResolver.java:1924)
01-08 20:52:24.117 4743 4743 E PrtnrWidgetInfoLdr: at android.content.ContentResolver.registerContentObserver(ContentResolver.java:1913)
01-08 20:52:24.117 4743 4743 E PrtnrWidgetInfoLdr: at com.google.android.tvlauncher.data.PartnerWidgetInfoLoader.onStartLoading(PartnerWidgetInfoLoader.java:66)
01-08 20:52:24.117 4743 4743 E PrtnrWidgetInfoLdr: at android.content.Loader.startLoading(Loader.java:290)
01-08 20:52:24.117 4743 4743 E PrtnrWidgetInfoLdr: at android.app.LoaderManagerImpl$LoaderInfo.start(LoaderManager.java:283)
01-08 20:52:24.117 4743 4743 E PrtnrWidgetInfoLdr: at android.app.LoaderManagerImpl.doStart(LoaderManager.java:783)
01-08 20:52:24.117 4743 4743 E PrtnrWidgetInfoLdr: at android.app.Fragment.onStart(Fragment.java:1735)
01-08 20:52:24.117 4743 4743 E PrtnrWidgetInfoLdr: at com.google.android.tvlauncher.home.HomeFragment.onStart(HomeFragment.java:317)
01-08 20:52:24.117 4743 4743 E PrtnrWidgetInfoLdr: at android.app.Fragment.performStart(Fragment.java:2637)
01-08 20:52:24.117 4743 4743 E PrtnrWidgetInfoLdr: at android.app.FragmentManagerImpl.moveToState(FragmentManager.java:1312)
01-08 20:52:24.117 4743 4743 E PrtnrWidgetInfoLdr: at android.app.FragmentManagerImpl.moveFragmentToExpectedState(FragmentManager.java:1549)
01-08 20:52:24.117 4743 4743 E PrtnrWidgetInfoLdr: at android.app.FragmentManagerImpl.moveToState(FragmentManager.java:1611)
01-08 20:52:24.117 4743 4743 E PrtnrWidgetInfoLdr: at android.app.FragmentManagerImpl.dispatchMoveToState(FragmentManager.java:3039)
01-08 20:52:24.117 4743 4743 E PrtnrWidgetInfoLdr: at android.app.FragmentManagerImpl.dispatchStart(FragmentManager.java:2996)
01-08 20:52:24.117 4743 4743 E PrtnrWidgetInfoLdr: at android.app.FragmentController.dispatchStart(FragmentController.java:189)
01-08 20:52:24.117 4743 4743 E PrtnrWidgetInfoLdr: at android.app.Activity.performStart(Activity.java:7066)
01-08 20:52:24.117 4743 4743 E PrtnrWidgetInfoLdr: at android.app.Activity.performRestart(Activity.java:7134)
01-08 20:52:24.117 4743 4743 E PrtnrWidgetInfoLdr: at android.app.Activity.performResume(Activity.java:7139)
01-08 20:52:24.117 4743 4743 E PrtnrWidgetInfoLdr: at android.app.ActivityThread.performResumeActivity(ActivityThread.java:3682)
01-08 20:52:24.117 4743 4743 E PrtnrWidgetInfoLdr: at android.app.ActivityThread.handleResumeActivity(ActivityThread.java:3747)
01-08 20:52:24.117 4743 4743 E PrtnrWidgetInfoLdr: at android.app.ActivityThread$H.handleMessage(ActivityThread.java:1646)
01-08 20:52:24.117 4743 4743 E PrtnrWidgetInfoLdr: at android.os.Handler.dispatchMessage(Handler.java:105)
01-08 20:52:24.117 4743 4743 E PrtnrWidgetInfoLdr: at android.os.Looper.loop(Looper.java:164)
01-08 20:52:24.117 4743 4743 E PrtnrWidgetInfoLdr: at android.app.ActivityThread.main(ActivityThread.java:6628)
01-08 20:52:24.117 4743 4743 E PrtnrWidgetInfoLdr: at java.lang.reflect.Method.invoke(Native Method)
01-08 20:52:24.117 4743 4743 E PrtnrWidgetInfoLdr: at com.android.internal.os.Zygote$MethodAndArgsCaller.run(Zygote.java:240)
01-08 20:52:24.117 4743 4743 E PrtnrWidgetInfoLdr: at com.android.internal.os.ZygoteInit.main(ZygoteInit.java:776)
01-08 20:52:24.120 4763 4783 D TVNotifService: getConnectedInstanceBlocking - block
01-08 20:52:24.120 4763 4783 D TVNotifService: getConnectedInstanceBlockingWithTimeout - done
01-08 20:52:24.123 4743 19264 E ActivityThread: Failed to find provider info for tvlauncher.mic
01-08 20:52:24.123 4743 4743 I AppLifecycleTracker: onActivityResumed:
01-08 20:52:24.125 3778 4985 I OpenGLRenderer: Initialized EGL, version 1.4
01-08 20:52:24.125 3778 4985 D OpenGLRenderer: Swap behavior 2
01-08 20:52:24.125 4763 4763 D NotifInteractonRcvr: Show unseen default level notification toasts
01-08 20:52:24.130 3426 3426 D hwcomposer: hwc_getActiveConfig: returning 0
01-08 20:52:24.130 4743 19265 E ActivityThread: Failed to find provider info for tvlauncher.widget
01-08 20:52:24.131 3526 3526 E phs:fs : Unable to open file "/proc/18548/largest_task": No such file or directory
01-08 20:52:24.132 3526 3526 E phs:fs : Unable to open file "/proc/18548/largest_task": No such file or directory
01-08 20:52:24.132 4763 7025 D TVNotifService: getConnectedInstanceBlocking - block
01-08 20:52:24.132 4763 7025 D TVNotifService: getConnectedInstanceBlockingWithTimeout - done
01-08 20:52:24.133 18431 18545 V rsC++ : RS Message thread exiting.
01-08 20:52:24.134 4743 18382 D ViewRootImpl: windowFocusChanged true com.google.android.tvlauncher
01-08 20:52:24.140 4569 5314 I zygote64: Looking for service vendor.nvidia.hardware.power@1.0::IPower/default
01-08 20:52:24.147 4569 5314 I zygote64: Starting thread pool.
01-08 20:52:24.173 4622 4622 D ControllerMapper_S: same binder for com.google.android.tvlauncher skipping
01-08 20:52:24.175 4622 4622 D ControllerMapper_S: notifyAppName com.google.android.tvlauncher old :org.xbmc.kodi
01-08 20:52:24.175 4622 4622 D ControllerMapper_S: GameGuide com.google.android.tvlauncher is not in whitelist, ----> hide
01-08 20:52:24.181 3526 3526 E phs:fs : Unable to open file "/proc/18548/largest_task": No such file or directory
01-08 20:52:24.184 4763 7025 D TVNotifService: getConnectedInstanceBlocking - block
01-08 20:52:24.184 4763 7025 D TVNotifService: getConnectedInstanceBlockingWithTimeout - done
01-08 20:52:24.187 4763 7025 D TVNotifService: getConnectedInstanceBlocking - block
01-08 20:52:24.187 4763 7025 D TVNotifService: getConnectedInstanceBlockingWithTimeout - done
01-08 20:52:24.187 3526 3526 E phs:fs : Unable to open file "/proc/18548/largest_task": No such file or directory
01-08 20:52:24.188 3526 3526 E phs:fs : Unable to open file "/proc/18548/largest_task": No such file or directory
01-08 20:52:24.188 4743 4743 I zygote64: Deoptimizing void com.google.android.tvlauncher.home.ProgramController.bind(com.google.android.tvlauncher.model.Program, java.lang.String, int, boolean, boolean, boolean) due to JIT inline cache
01-08 20:52:24.232 3526 3526 E phs:fs : Unable to open file "/proc/18548/largest_task": No such file or directory
01-08 20:52:24.379 3526 3526 I chatty : uid=1000(system) /vendor/bin/nvphsd identical 9 lines
01-08 20:52:24.395 3526 3526 E phs:fs : Unable to open file "/proc/18548/largest_task": No such file or directory
01-08 20:52:25.083 3876 4344 V Avrcp : MSG_UPDATE_MEDIA
01-08 20:52:25.084 3876 4344 V Avrcp : updatePlaybackState (1): -1➡0(PlaybackState {state=0, position=-1, buffered position=0, speed=0.0, updated=11501382, actions=0, custom actions=[], active item id=-1, error=null})
01-08 20:52:25.084 3876 4344 V Avrcp : Media update: id -1➡-1? [MediaAttributes: none]
01-08 20:52:25.084 3876 4344 D Avrcp : sendTrackChangedRsp: Not registered or registering.
01-08 20:52:25.084 3876 4344 D Avrcp : sendPlayPosNotificationRsp: Not registered or requesting.
01-08 20:52:25.210 4427 4444 I ShieldBluetoothScanPolicy: Scans allowed due to PACKAGE POLL
01-08 20:52:25.211 4427 4444 D BluetoothAdapter: isLeEnabled(): ON
01-08 20:52:25.212 4427 4441 D BluetoothLeScanner: onScannerRegistered() - status=0 scannerId=5 mScannerId=0
01-08 20:52:25.215 3876 4034 D BluetoothAdapterProperties: Discoverable Timeout:-1
01-08 20:52:25.216 3876 4034 D BluetoothAdapterProperties: Scan Mode:23
01-08 20:52:27.301 3876 4034 D bt_btif_scanner: btif_gatts_upstreams_evt: Unhandled event (26)
01-08 20:52:27.302 6109 6270 D BluetoothGattServer: onConnectionUpdated() - Device=00:04:4B:99:25:86 interval=20 latency=40 timeout=1000 status=0
01-08 20:52:27.302 4525 5425 D BluetoothGatt: onConnectionUpdated() - Device=00:04:4B:99:25:86 interval=20 latency=40 timeout=1000 status=0
