01-08 20:57:02.167 19327 19343 I Finsky : [137] com.google.android.finsky.bq.an.run(6): Stats for Executor: Db-scheduler_logging_store.db com.google.android.finsky.bq.ao@68da7cf[Running, pool size = 0, active threads = 0, queued tasks = 0, completed tasks = 2]
01-08 20:57:02.354 19327 19343 I Finsky : [137] com.google.android.finsky.bq.an.run(6): Stats for Executor: InstallBackgroundThread com.google.android.finsky.bq.ao@c8bb55c[Running, pool size = 0, active threads = 0, queued tasks = 0, completed tasks = 0]
01-08 20:57:02.354 19327 19343 I Finsky : [137] com.google.android.finsky.bq.an.run(6): Stats for Executor: Db-install_service com.google.android.finsky.bq.ao@9e67065[Running, pool size = 0, active threads = 0, queued tasks = 0, completed tasks = 0]
01-08 20:57:02.354 19327 19343 I Finsky : [137] com.google.android.finsky.bq.an.run(6): Stats for Executor: InstallBackgroundThread com.google.android.finsky.bq.ao@7ad13a[Running, pool size = 0, active threads = 0, queued tasks = 0, completed tasks = 0]
01-08 20:57:03.723 6109 6225 I chromium: [6109:6225:INFO:mdns_app_filter.cc(2437)] MdnsAppFilter: responses sent in 82 seconds: 2
01-08 20:57:03.750 6109 6229 I chromium: [6109:6229:INFO:metrics_recorder.cc(228)] Cast v2 action(socket_id=8635f1b2-aa71-88e7-6086-a23eff3ea8ce.29): CastV2.Connection.Connect.In
01-08 20:57:03.804 6109 6229 I chromium: [6109:6229:INFO:v2_ssl_socket.cc(275)] Stop reading on pending closed socket
01-08 20:57:04.210 3778 3842 D WindowManager: handleComboKeys keyCode: 4, keyAction: 0
01-08 20:57:04.214 19685 19705 I chatty : uid=10097(u0_a97) org.xbmc.kodi expire 21 lines
01-08 20:57:04.360 3778 3842 D WindowManager: handleComboKeys keyCode: 4, keyAction: 1
01-08 20:57:04.935 3778 3842 D WindowManager: handleComboKeys keyCode: 4, keyAction: 0
01-08 20:57:05.085 3778 3842 D WindowManager: handleComboKeys keyCode: 4, keyAction: 1
01-08 20:57:06.810 3778 3842 D WindowManager: handleComboKeys keyCode: 21, keyAction: 0
01-08 20:57:06.810 3778 3842 D WindowManager: isOnHomeScreen mLastTopComponent: null, componentName: ComponentInfo{org.xbmc.kodi/org.xbmc.kodi.Main}
01-08 20:57:06.810 3778 3842 D WindowManager: handleComboKeys isOnHomeScreen: false
01-08 20:57:06.960 3778 3842 D WindowManager: handleComboKeys keyCode: 21, keyAction: 1
01-08 20:57:06.960 3778 3842 D WindowManager: isOnHomeScreen mLastTopComponent: null, componentName: ComponentInfo{org.xbmc.kodi/org.xbmc.kodi.Main}
01-08 20:57:06.960 3778 3842 D WindowManager: handleComboKeys isOnHomeScreen: false
01-08 20:57:07.235 3778 3842 D WindowManager: handleComboKeys keyCode: 23, keyAction: 0
01-08 20:57:07.385 3778 3842 D WindowManager: handleComboKeys keyCode: 23, keyAction: 1
01-08 20:57:08.434 3778 3842 D WindowManager: handleComboKeys keyCode: 23, keyAction: 0
01-08 20:57:08.481 19685 19707 I chatty : uid=10097(u0_a97) org.xbmc.kodi expire 54 lines
01-08 20:57:08.585 3778 3842 D WindowManager: handleComboKeys keyCode: 23, keyAction: 1
01-08 20:57:08.658 19685 19711 I chatty : uid=10097(u0_a97) org.xbmc.kodi expire 3 lines
01-08 20:57:08.667 19685 19743 I chatty : uid=10097(u0_a97) org.xbmc.kodi expire 2 lines
01-08 20:57:08.668 19685 19744 I chatty : uid=10097(u0_a97) org.xbmc.kodi expire 2 lines
01-08 20:57:08.669 3778 3859 D NsdService: unregister service
01-08 20:57:08.669 3778 3859 D NsdService: unregisterService: 19
01-08 20:57:08.670 3371 3408 D MDnsDS : polling error: 32
01-08 20:57:08.671 3778 3859 D NsdService: unregister service
01-08 20:57:08.671 3778 3859 D NsdService: unregisterService: 18
01-08 20:57:08.671 3371 3408 D MDnsDS : polling error: 32
01-08 20:57:08.950 19685 19753 I chatty : uid=10097(u0_a97) org.xbmc.kodi expire 1 line
01-08 20:57:09.005 3501 6281 I WVCdm : CdmEngine::RemoveKeys
01-08 20:57:09.005 3501 6281 I WVCdm : CdmEngine::CloseSession
01-08 20:57:09.006 19685 19749 I chatty : uid=10097(u0_a97) org.xbmc.kodi expire 7 lines
01-08 20:57:09.031 19685 19718 I chatty : uid=10097(u0_a97) org.xbmc.kodi expire 2 lines
01-08 20:57:09.247 19685 19746 I chatty : uid=10097(u0_a97) org.xbmc.kodi expire 1 line
01-08 20:57:09.247 19685 19745 I chatty : uid=10097(u0_a97) org.xbmc.kodi expire 1 line
01-08 20:57:09.289 19685 19747 I chatty : uid=10097(u0_a97) org.xbmc.kodi expire 1 line
01-08 20:57:09.297 19685 19717 I chatty : uid=10097(u0_a97) org.xbmc.kodi expire 1 line
01-08 20:57:09.320 19685 19699 I chatty : uid=10097(u0_a97) org.xbmc.kodi expire 1 line
01-08 20:57:09.326 4569 5898 I zygote64: Looking for service vendor.nvidia.hardware.power@1.0::IPower/default
01-08 20:57:09.327 4569 5898 I zygote64: Starting thread pool.
01-08 20:57:09.328 4743 4743 I AppLifecycleTracker: onActivityStarted:
01-08 20:57:09.330 4743 4743 W DataLoader: SecurityException in onStartLoading() on registering content observer for uri: content://tvlauncher.mic/farfield_mic_status
01-08 20:57:09.330 4743 4743 W DataLoader: Failed to find provider tvlauncher.mic for user 0; expected to find a valid ContentProvider for this authority
01-08 20:57:09.331 4743 19810 E ActivityThread: Failed to find provider info for tvlauncher.mic
01-08 20:57:09.331 4743 4743 E PrtnrWidgetInfoLdr: Exception in onStartLoading() on registering content observer
01-08 20:57:09.331 4743 4743 E PrtnrWidgetInfoLdr: java.lang.SecurityException: Failed to find provider tvlauncher.widget for user 0; expected to find a valid ContentProvider for this authority
01-08 20:57:09.331 4743 4743 E PrtnrWidgetInfoLdr: at android.os.Parcel.readException(Parcel.java:1951)
01-08 20:57:09.331 4743 4743 E PrtnrWidgetInfoLdr: at android.os.Parcel.readException(Parcel.java:1897)
01-08 20:57:09.331 4743 4743 E PrtnrWidgetInfoLdr: at android.content.IContentService$Stub$Proxy.registerContentObserver(IContentService.java:768)
01-08 20:57:09.331 4743 4743 E PrtnrWidgetInfoLdr: at android.content.ContentResolver.registerContentObserver(ContentResolver.java:1924)
01-08 20:57:09.331 4743 4743 E PrtnrWidgetInfoLdr: at android.content.ContentResolver.registerContentObserver(ContentResolver.java:1913)
01-08 20:57:09.331 4743 4743 E PrtnrWidgetInfoLdr: at com.google.android.tvlauncher.data.PartnerWidgetInfoLoader.onStartLoading(PartnerWidgetInfoLoader.java:66)
01-08 20:57:09.331 4743 4743 E PrtnrWidgetInfoLdr: at android.content.Loader.startLoading(Loader.java:290)
01-08 20:57:09.331 4743 4743 E PrtnrWidgetInfoLdr: at android.app.LoaderManagerImpl$LoaderInfo.start(LoaderManager.java:283)
01-08 20:57:09.331 4743 4743 E PrtnrWidgetInfoLdr: at android.app.LoaderManagerImpl.doStart(LoaderManager.java:783)
01-08 20:57:09.331 4743 4743 E PrtnrWidgetInfoLdr: at android.app.Fragment.onStart(Fragment.java:1735)
01-08 20:57:09.331 4743 4743 E PrtnrWidgetInfoLdr: at com.google.android.tvlauncher.home.HomeFragment.onStart(HomeFragment.java:317)
01-08 20:57:09.331 4743 4743 E PrtnrWidgetInfoLdr: at android.app.Fragment.performStart(Fragment.java:2637)
01-08 20:57:09.331 4743 4743 E PrtnrWidgetInfoLdr: at android.app.FragmentManagerImpl.moveToState(FragmentManager.java:1312)
01-08 20:57:09.331 4743 4743 E PrtnrWidgetInfoLdr: at android.app.FragmentManagerImpl.moveFragmentToExpectedState(FragmentManager.java:1549)
01-08 20:57:09.331 4743 4743 E PrtnrWidgetInfoLdr: at android.app.FragmentManagerImpl.moveToState(FragmentManager.java:1611)
01-08 20:57:09.331 4743 4743 E PrtnrWidgetInfoLdr: at android.app.FragmentManagerImpl.dispatchMoveToState(FragmentManager.java:3039)
01-08 20:57:09.331 4743 4743 E PrtnrWidgetInfoLdr: at android.app.FragmentManagerImpl.dispatchStart(FragmentManager.java:2996)
01-08 20:57:09.331 4743 4743 E PrtnrWidgetInfoLdr: at android.app.FragmentController.dispatchStart(FragmentController.java:189)
01-08 20:57:09.331 4743 4743 E PrtnrWidgetInfoLdr: at android.app.Activity.performStart(Activity.java:7066)
01-08 20:57:09.331 4743 4743 E PrtnrWidgetInfoLdr: at android.app.Activity.performRestart(Activity.java:7134)
01-08 20:57:09.331 4743 4743 E PrtnrWidgetInfoLdr: at android.app.Activity.performResume(Activity.java:7139)
01-08 20:57:09.331 4743 4743 E PrtnrWidgetInfoLdr: at android.app.ActivityThread.performResumeActivity(ActivityThread.java:3682)
01-08 20:57:09.331 4743 4743 E PrtnrWidgetInfoLdr: at android.app.ActivityThread.handleResumeActivity(ActivityThread.java:3747)
01-08 20:57:09.331 4743 4743 E PrtnrWidgetInfoLdr: at android.app.ActivityThread$H.handleMessage(ActivityThread.java:1646)
01-08 20:57:09.331 4743 4743 E PrtnrWidgetInfoLdr: at android.os.Handler.dispatchMessage(Handler.java:105)
01-08 20:57:09.331 4743 4743 E PrtnrWidgetInfoLdr: at android.os.Looper.loop(Looper.java:164)
01-08 20:57:09.331 4743 4743 E PrtnrWidgetInfoLdr: at android.app.ActivityThread.main(ActivityThread.java:6628)
01-08 20:57:09.331 4743 4743 E PrtnrWidgetInfoLdr: at java.lang.reflect.Method.invoke(Native Method)
01-08 20:57:09.331 4743 4743 E PrtnrWidgetInfoLdr: at com.android.internal.os.Zygote$MethodAndArgsCaller.run(Zygote.java:240)
01-08 20:57:09.331 4743 4743 E PrtnrWidgetInfoLdr: at com.android.internal.os.ZygoteInit.main(ZygoteInit.java:776)
01-08 20:57:09.332 4743 19811 E ActivityThread: Failed to find provider info for tvlauncher.widget
01-08 20:57:09.335 4743 4743 I AppLifecycleTracker: onActivityResumed:
01-08 20:57:09.337 4763 4763 D NotifInteractonRcvr: Show unseen default level notification toasts
01-08 20:57:09.339 3426 3426 D hwcomposer: hwc_getActiveConfig: returning 0
01-08 20:57:09.342 4743 4770 D ViewRootImpl: windowFocusChanged true com.google.android.tvlauncher
01-08 20:57:09.368 4622 4622 D ControllerMapper_S: same binder for com.google.android.tvlauncher skipping
01-08 20:57:09.368 4622 4622 D ControllerMapper_S: notifyAppName com.google.android.tvlauncher old :org.xbmc.kodi
01-08 20:57:09.368 4622 4622 D ControllerMapper_S: GameGuide com.google.android.tvlauncher is not in whitelist, ----> hide
01-08 20:57:09.415 3778 3828 I WindowManager: B2026652 WAR. Hide the surface org.xbmc.kodi/org.xbmc.kodi.Main
01-08 20:57:09.749 3778 3828 I chatty : uid=1000(system) android.anim identical 20 lines
01-08 20:57:09.766 3778 3828 I WindowManager: B2026652 WAR. Hide the surface org.xbmc.kodi/org.xbmc.kodi.Main
01-08 20:57:09.787 3778 3842 I InputReader: Reconfiguring input devices. changes=0x00000004
01-08 20:57:09.790 3778 4985 I OpenGLRenderer: Initialized EGL, version 1.4
01-08 20:57:09.790 3778 4985 D OpenGLRenderer: Swap behavior 2
01-08 20:57:10.059 3778 3841 W InputDispatcher: channel '4c3282 org.xbmc.kodi/org.xbmc.kodi.Main (server)' ~ Consumer closed input channel or an error occurred. events=0x9
01-08 20:57:10.059 3778 3841 E InputDispatcher: channel '4c3282 org.xbmc.kodi/org.xbmc.kodi.Main (server)' ~ Channel is unrecoverably broken and will be disposed!
01-08 20:57:10.059 3778 4554 D MediaSessionService: Media button session is changed to null
01-08 20:57:10.059 4622 8582 D ControllerMapper_S: Client: org.xbmc.kodi died and unregistered
01-08 20:57:10.060 3778 3859 D NsdService: Client disconnected
01-08 20:57:10.060 3778 4032 I ActivityManager: Process org.xbmc.kodi (pid 19685) has died: cch CEM
01-08 20:57:10.060 3778 4630 I WindowManager: WIN DEATH: Window{4c3282 u0 org.xbmc.kodi/org.xbmc.kodi.Main}
01-08 20:57:10.060 4622 4622 D ControllerMapper_S: org.xbmc.kodi binder died, Current App:Request App [com.google.android.tvlauncher 0X0]
01-08 20:57:10.060 3778 4630 W InputDispatcher: Attempted to unregister already unregistered input channel '4c3282 org.xbmc.kodi/org.xbmc.kodi.Main (server)'
01-08 20:57:10.062 3876 4344 V Avrcp : MediaController session destroyed
01-08 20:57:10.062 3876 4344 V Avrcp : updateNewIds: Addressed:10 to 10, Browse:0 to 0
01-08 20:57:10.062 5214 5214 D DeviceControlManagerService: no active session
01-08 20:57:10.063 3876 4344 D Avrcp : updateCurrentController: MediaController (org.xbmc.kodi@ec951c5) null to null
01-08 20:57:10.063 5214 5214 D DeviceControlManagerService: no active session
01-08 20:57:10.063 4763 4763 D NowPlayingListener: onActiveSessionsChanged() called with: controllers = [[]]
01-08 20:57:10.063 4763 4763 D NowPlayingListener: updateMediaSessionCallback: null
01-08 20:57:10.063 4763 4763 D NowPlayingManager: onClientChanged() called with: clearing = [true]
01-08 20:57:10.063 4763 4763 D NowPlayingListener: onActiveSessionsChanged() called with: controllers = [[]]
01-08 20:57:10.063 4763 4763 D NowPlayingListener: updateMediaSessionCallback: null
01-08 20:57:10.063 4763 4763 D NowPlayingManager: onClientChanged() called with: clearing = [true]
01-08 20:57:10.065 3778 3800 W ActivityManager: setHasOverlayUi called on unknown pid: 19685
01-08 20:57:11.064 3876 4344 V Avrcp : MSG_UPDATE_MEDIA
01-08 20:57:11.064 3876 4344 V Avrcp : updatePlaybackState (1): -1➡0(PlaybackState {state=0, position=-1, buffered position=0, speed=0.0, updated=11787363, actions=0, custom actions=[], active item id=-1, error=null})
01-08 20:57:11.064 3876 4344 V Avrcp : Media update: id -1➡-1? [MediaAttributes: none]
01-08 20:57:11.064 3876 4344 D Avrcp : sendPlayPosNotificationRsp: Not registered or requesting.
01-08 20:57:11.285 4427 4444 I ShieldBluetoothScanPolicy: Scans allowed due to PACKAGE POLL
01-08 20:57:11.286 4427 4444 D BluetoothAdapter: isLeEnabled(): ON
01-08 20:57:11.287 4427 4441 D BluetoothLeScanner: onScannerRegistered() - status=0 scannerId=5 mScannerId=0
01-08 20:57:11.292 3876 4034 D BluetoothAdapterProperties: Discoverable Timeout:-1
01-08 20:57:11.292 3876 4034 D BluetoothAdapterProperties: Scan Mode:23
01-08 20:57:12.329 19327 19343 I Finsky : [137] com.google.android.finsky.bq.an.run(6): Stats for Executor: InstallQueueDatabaseManager com.google.android.finsky.bq.ao@ce6f1eb[Running, pool size = 0, active threads = 0, queued tasks = 0, completed tasks = 1]
01-08 20:57:12.336 4763 7025 D TVNotifService: getConnectedInstanceBlocking - block
01-08 20:57:12.336 4763 7025 D TVNotifService: getConnectedInstanceBlockingWithTimeout - done
01-08 20:57:12.353 4743 4743 E Clearcut-EventLogger: Unexpected log parameter tray_notification_count
01-08 20:57:19.172 3876 4034 D bt_btif_scanner: btif_gatts_upstreams_evt: Unhandled event (26)
01-08 20:57:19.173 6109 6270 D BluetoothGattServer: onConnectionUpdated() - Device=00:04:4B:99:25:86 interval=20 latency=99 timeout=1000 status=0
01-08 20:57:19.173 4525 5425 D BluetoothGatt: onConnectionUpdated() - Device=00:04:4B:99:25:86 interval=20 latency=99 timeout=1000 status=0
01-08 20:57:19.173 4427 4441 D BluetoothGatt: onConnectionUpdated() - Device=00:04:4B:99:25:86 interval=20 latency=99 timeout=1000 status=0
01-08 20:57:19.322 3778 3778 I ActivityManager: Start proc 19818:org.xbmc.kodi/u0a97 for service org.xbmc.kodi/.channels.SyncChannelJobService
01-08 20:57:19.324 19818 19818 I chatty : uid=10097(u0_a97) org.xbmc.kodi expire 14 lines
01-08 20:57:19.380 19818 19835 I chatty : uid=10097(u0_a97) org.xbmc.kodi expire 2 lines
01-08 20:57:24.176 7746 13158 D GeckoMemoryMonitor: Decreased memory pressure to 1
01-08 20:57:25.000 6109 18717 I chromium: [6109:18717:INFO:ssdp_device.c(101)] SSDP packets sent for 42 seconds = 4
01-08 20:57:25.349 3778 3842 D WindowManager: handleComboKeys keyCode: 23, keyAction: 0
01-08 20:57:25.498 3778 3842 D WindowManager: handleComboKeys keyCode: 23, keyAction: 1
01-08 20:57:25.501 3778 4032 I ActivityManager: START u0 {act=android.intent.action.MAIN cat=[android.intent.category.LEANBACK_LAUNCHER] flg=0x10000000 pkg=org.xbmc.kodi cmp=org.xbmc.kodi/.Splash} from uid 10108
01-08 20:57:25.503 3427 3427 E powerHAL::common: Unknown power hint: 0x8
01-08 20:57:25.512 4743 4743 I AppLifecycleTracker: onActivityPaused:
01-08 20:57:25.517 3778 3828 I WindowManager: WindowState() - found Launcher @ mAppToken:AppWindowToken{5fa69a token=Token{f05aeea ActivityRecord{46076d5 u0 org.xbmc.kodi/.Splash t2341}}}
01-08 20:57:25.522 4743 8554 D ViewRootImpl: windowFocusChanged false com.google.android.tvlauncher
01-08 20:57:25.524 3778 19840 W NvAppProfileService: App Profiles: Enabled
01-08 20:57:25.529 4569 5314 I zygote64: Looking for service vendor.nvidia.hardware.power@1.0::IPower/default
01-08 20:57:25.530 4569 5314 I zygote64: Starting thread pool.
01-08 20:57:25.542 3426 3426 D hwcomposer: hwc_getActiveConfig: returning 0
01-08 20:57:25.546 3876 4034 D bt_btif_scanner: btif_gatts_upstreams_evt: Unhandled event (26)
01-08 20:57:25.546 6109 6270 D BluetoothGattServer: onConnectionUpdated() - Device=00:04:4B:99:25:86 interval=20 latency=40 timeout=1000 status=0
01-08 20:57:25.546 4525 5425 D BluetoothGatt: onConnectionUpdated() - Device=00:04:4B:99:25:86 interval=20 latency=40 timeout=1000 status=0
01-08 20:57:25.546 4427 4441 D BluetoothGatt: onConnectionUpdated() - Device=00:04:4B:99:25:86 interval=20 latency=40 timeout=1000 status=0
01-08 20:57:25.552 3778 4685 I ActivityManager: START u0 {act=android.intent.action.MAIN cat=[android.intent.category.LEANBACK_LAUNCHER] flg=0x11000000 pkg=org.xbmc.kodi cmp=org.xbmc.kodi/.Main} from uid 10097
01-08 20:57:25.553 3427 3427 E powerHAL::common: Unknown power hint: 0x8
01-08 20:57:25.554 3778 3800 E ViewRootImpl[kodi]: Attempting to destroy the window while drawing!
01-08 20:57:25.554 3778 3800 E ViewRootImpl[kodi]: window=android.view.ViewRootImpl@69b43ec, title=Splash Screen org.xbmc.kodi
01-08 20:57:25.580 3778 3828 I WindowManager: WindowState() - found Launcher @ mAppToken:AppWindowToken{a973a97 token=Token{c9f169f ActivityRecord{be6883e u0 org.xbmc.kodi/.Main t2342}}}
01-08 20:57:25.584 3426 3426 D hwcomposer: hwc_getActiveConfig: returning 0
01-08 20:57:25.592 3778 19843 W NvAppProfileService: App Profiles: Enabled
01-08 20:57:25.597 4569 5314 I zygote64: Looking for service vendor.nvidia.hardware.power@1.0::IPower/default
01-08 20:57:25.598 4569 5314 I zygote64: Starting thread pool.
01-08 20:57:25.649 3778 3828 I WindowManager: B2026652 WAR. Hide the surface com.google.android.tvlauncher/com.google.android.tvlauncher.HomeScreen
01-08 20:57:25.767 19818 19844 I chatty : uid=10097(u0_a97) Thread-2 expire 11 lines
01-08 20:57:25.779 3778 4554 D MediaSessionService: Media button session is changed to org.xbmc.kodi/XBMC_session (userId=0)
01-08 20:57:25.779 4763 4763 D NowPlayingListener: onActiveSessionsChanged() called with: controllers = [[]]
01-08 20:57:25.779 4763 4763 D NowPlayingListener: updateMediaSessionCallback: null
01-08 20:57:25.779 4763 4763 D NowPlayingManager: onClientChanged() called with: clearing = [true]
01-08 20:57:25.779 4763 4763 D NowPlayingListener: onActiveSessionsChanged() called with: controllers = [[]]
01-08 20:57:25.779 4763 4763 D NowPlayingListener: updateMediaSessionCallback: null
01-08 20:57:25.779 4763 4763 D NowPlayingManager: onClientChanged() called with: clearing = [true]
01-08 20:57:25.780 5214 5214 D DeviceControlManagerService: no active session
01-08 20:57:25.780 3876 3876 V Avrcp : Set active media session org.xbmc.kodi
01-08 20:57:25.780 5214 5214 D DeviceControlManagerService: no active session
01-08 20:57:25.780 3876 3876 W Avrcp : playState object null, sending STOPPED
01-08 20:57:25.780 3876 3876 V Avrcp : isBrowseSupported for org.xbmc.kodi: false
01-08 20:57:25.780 3876 3876 D Avrcp : update #10:MediaPlayerInfo org.xbmc.kodi (as 'Kodi') Type = 1, SubType = 0, Status = 0 Feature Bits [40 41 42 44 45 47 48 58] Controller: MediaController (org.xbmc.kodi@600071a) null
01-08 20:57:25.780 3876 3876 V Avrcp : updateNewIds: Addressed:10 to 10, Browse:0 to 0
01-08 20:57:25.781 3876 3876 D Avrcp : updateCurrentController: null to MediaController (org.xbmc.kodi@600071a) null
01-08 20:57:25.782 3876 3876 I AddressedMediaPlayer: null queue from org.xbmc.kodi, constructing single-item list
01-08 20:57:25.782 3778 3828 I chatty : uid=1000(system) android.anim identical 8 lines
01-08 20:57:25.784 3876 3876 W AddressedMediaPlayer: Controller has no metadata!? Making an empty one
01-08 20:57:25.784 3876 3876 E bt_btif : register_notification_rsp: Avrcp device is not connected, handle: 0x0
01-08 20:57:25.784 3876 3876 E bt_btif : register_notification_rsp: Avrcp device is not connected, handle: 0x0
01-08 20:57:25.784 3876 3876 V Avrcp : Player 10 package: org.xbmc.kodi
01-08 20:57:25.795 19818 19818 I chatty : uid=10097(u0_a97) org.xbmc.kodi expire 18 lines
01-08 20:57:25.799 19818 19849 I chatty : uid=10097(u0_a97) RenderThread expire 7 lines
01-08 20:57:25.799 3778 3828 I WindowManager: B2026652 WAR. Hide the surface com.google.android.tvlauncher/com.google.android.tvlauncher.HomeScreen
01-08 20:57:25.802 3778 4554 I WindowManager: WindowState() - found Launcher @ mAppToken:AppWindowToken{a973a97 token=Token{c9f169f ActivityRecord{be6883e u0 org.xbmc.kodi/.Main t2342}}}
01-08 20:57:25.811 3426 3426 D hwcomposer: hwc_getActiveConfig: returning 0
01-08 20:57:25.814 19818 19831 I chatty : uid=10097(u0_a97) Binder:19818_2 expire 1 line
01-08 20:57:25.816 3778 3828 I WindowManager: B2026652 WAR. Hide the surface com.google.android.tvlauncher/com.google.android.tvlauncher.HomeScreen
01-08 20:57:25.819 3426 3426 D hwcomposer: hwc_getActiveConfig: returning 0
01-08 20:57:25.819 3426 3426 D hwcomposer: hwc_getActiveConfig: returning 0
01-08 20:57:25.833 19818 19846 I chatty : uid=10097(u0_a97) Thread-3 expire 166 lines
01-08 20:57:25.875 19818 19850 I chatty : uid=10097(u0_a97) Thread-3 expire 1 line
01-08 20:57:25.892 4622 4622 D ControllerMapper_S: Client: org.xbmc.kodi registered
01-08 20:57:25.892 4622 4622 D ControllerMapper_S: notifyAppName org.xbmc.kodi old :com.google.android.tvlauncher
01-08 20:57:25.892 4622 4622 D ControllerMapper_S: GameGuide org.xbmc.kodi is not in whitelist, ----> hide
01-08 20:57:25.893 4622 4622 D ControllerMapper_S: GameGuide org.xbmc.kodi is not in whitelist, ----> hide
01-08 20:57:25.894 4622 4622 D ControllerMapper_S: same binder for org.xbmc.kodi skipping
01-08 20:57:25.894 4622 4622 D ControllerMapper_S: notifyAppName org.xbmc.kodi old :org.xbmc.kodi
01-08 20:57:25.917 3427 3427 E powerHAL::common: Unknown power hint: 0x8
01-08 20:57:25.919 3778 3800 I ActivityManager: Displayed org.xbmc.kodi/.Main: +330ms (total +404ms)
01-08 20:57:25.924 19818 19856 I chatty : uid=10097(u0_a97) Thread-3 expire 1 line
01-08 20:57:25.986 19818 19857 I chatty : uid=10097(u0_a97) Thread-4 expire 38 lines
01-08 20:57:25.987 19818 19858 I chatty : uid=10097(u0_a97) Thread-5 expire 20 lines
01-08 20:57:25.989 3490 8611 I APM_AudioPolicyManager: getOutputForAttr() device 0x400, samplingRate 48000, format 5, channelMask 3, flags 0
01-08 20:57:25.993 3490 19609 I APM_AudioPolicyManager: getOutputForAttr() device 0x400, samplingRate 48000, format 5, channelMask 63f, flags 0
01-08 20:57:25.994 3414 3414 W /system/bin/hw/android.hidl.allocator@1.0-service: ashmem_create_region(4096) returning hidl_memory(0x2843c39310, 4096)
01-08 20:57:25.995 3414 3414 W /system/bin/hw/android.hidl.allocator@1.0-service: ashmem_create_region(1024) returning hidl_memory(0x2843c39310, 1024)
01-08 20:57:25.995 3490 19609 E EffectHalHidl: Buffer provider callbacks are not supported
01-08 20:57:25.999 3778 3828 I chatty : uid=1000(system) android.anim identical 11 lines
01-08 20:57:26.003 3490 19609 I APM_AudioPolicyManager: getOutputForAttr() device 0x400, samplingRate 48000, format 9000000, channelMask 3, flags 1
01-08 20:57:26.003 3490 19609 I AudioFlinger: openOutput() this 0x512bd000, module 10 Device 400, SamplingRate 48000, Format 0x9000000, Channels 3, flags 1
01-08 20:57:26.004 3415 3606 W DeviceHAL: Device 0x448e4000 open_output_stream: Unknown error -22
01-08 20:57:26.004 3490 19609 I AudioHwDevice: openOutputStream(), HAL returned sampleRate 48000, Format 0x9000000, channelMask 0x3, status -61
01-08 20:57:26.004 3490 19609 I AudioSPDIF: SPDIFEncoder: mBurstBufferSizeBytes = 24576, littleEndian = 1
01-08 20:57:26.004 3490 19609 I AudioFlinger: SpdifStreamOut::open() AudioFlinger requested sampleRate 48000, format 0x9000000, channelMask 0x3
01-08 20:57:26.004 3490 19609 I AudioFlinger: SpdifStreamOut::open() HAL configured for sampleRate 48000, format 0x1, channelMask 0x3
01-08 20:57:26.004 3490 19609 I AudioFlinger: SpdifStreamOut::open() status = 0
01-08 20:57:26.004 3490 19609 I AudioFlinger: HAL output buffer size 4096 frames, normal sink buffer size 4096 frames
01-08 20:57:26.004 3490 19864 I AudioFlinger: AudioFlinger's thread 0x53f3e000 tid=19864 ready to run
01-08 20:57:26.010 3490 19609 I APM_AudioPolicyManager: getOutputForAttr() device 0x400, samplingRate 48000, format a000000, channelMask 3, flags 1
01-08 20:57:26.010 3490 19609 W APM_AudioPolicyManager: getOutput() could not find output for stream 3, samplingRate 48000,format 167772160, channels 3, flags 1
01-08 20:57:26.012 3490 19609 I APM_AudioPolicyManager: getOutputForAttr() device 0x400, samplingRate 48000, format b000000, channelMask 3, flags 1
01-08 20:57:26.012 3490 19609 I AudioFlinger: openOutput() this 0x512bd000, module 10 Device 400, SamplingRate 48000, Format 0xb000000, Channels 3, flags 1
01-08 20:57:26.012 3415 9730 W DeviceHAL: Device 0x448e4000 open_output_stream: Unknown error -22
01-08 20:57:26.012 3490 19609 I AudioHwDevice: openOutputStream(), HAL returned sampleRate 48000, Format 0xb000000, channelMask 0x3, status -61
01-08 20:57:26.012 3490 19609 I AudioSPDIF: SPDIFEncoder: mBurstBufferSizeBytes = 16384, littleEndian = 1
01-08 20:57:26.012 3490 19609 I AudioFlinger: SpdifStreamOut::open() AudioFlinger requested sampleRate 48000, format 0xb000000, channelMask 0x3
01-08 20:57:26.012 3490 19609 I AudioFlinger: SpdifStreamOut::open() HAL configured for sampleRate 48000, format 0x1, channelMask 0x3
01-08 20:57:26.013 3490 19609 I AudioFlinger: SpdifStreamOut::open() status = 0
01-08 20:57:26.013 3490 19609 I AudioFlinger: HAL output buffer size 8192 frames, normal sink buffer size 8192 frames
01-08 20:57:26.013 3490 19868 I AudioFlinger: AudioFlinger's thread 0x53f40000 tid=19868 ready to run
01-08 20:57:26.016 3778 3828 I WindowManager: B2026652 WAR. Hide the surface com.google.android.tvlauncher/com.google.android.tvlauncher.HomeScreen
01-08 20:57:26.020 3490 19609 I APM_AudioPolicyManager: getOutputForAttr() device 0x400, samplingRate 48000, format c000000, channelMask 63f, flags 1
01-08 20:57:26.021 3490 19609 W APM_AudioPolicyManager: try with DTS for DTS-HD format = 0xc000000
01-08 20:57:26.021 3490 19609 I AudioFlinger: openOutput() this 0x512bd000, module 10 Device 400, SamplingRate 48000, Format 0xc000000, Channels 63f, flags 1
01-08 20:57:26.021 3415 9730 W nvaudio_hw: Sink does not support multichannel: 8 ch
01-08 20:57:26.021 3415 9730 W DeviceHAL: Device 0x448e4000 open_output_stream: Invalid argument
01-08 20:57:26.021 3490 19609 I AudioHwDevice: openOutputStream(), HAL returned sampleRate 48000, Format 0xb000000, channelMask 0x63f, status -22
01-08 20:57:26.021 3490 19609 I AudioHwDevice: format changed from DTS HD to DTS
01-08 20:57:26.021 3490 19609 I AudioSPDIF: SPDIFEncoder: mBurstBufferSizeBytes = 16384, littleEndian = 1
01-08 20:57:26.021 3490 19609 I AudioFlinger: SpdifStreamOut::open() AudioFlinger requested sampleRate 48000, format 0xb000000, channelMask 0x63f
01-08 20:57:26.021 3490 19609 I AudioFlinger: SpdifStreamOut::open() HAL configured for sampleRate 48000, format 0x1, channelMask 0x3
01-08 20:57:26.021 3490 19609 I AudioFlinger: SpdifStreamOut::open() status = 0
01-08 20:57:26.022 3490 19609 I AudioFlinger: HAL output buffer size 32768 frames, normal sink buffer size 32768 frames
01-08 20:57:26.022 3490 19871 I AudioFlinger: AudioFlinger's thread 0x540ad000 tid=19871 ready to run
01-08 20:57:26.026 3490 19609 I APM_AudioPolicyManager: getOutputForAttr() device 0x400, samplingRate 48000, format e000000, channelMask 63f, flags 1
01-08 20:57:26.026 3490 19609 W APM_AudioPolicyManager: getOutput() could not find output for stream 3, samplingRate 48000,format 234881024, channels 63f, flags 1
01-08 20:57:26.028 3490 19609 I APM_AudioPolicyManager: getOutputForAttr() device 0x400, samplingRate 48000, format d000000, channelMask 3, flags 1
01-08 20:57:26.028 3490 19609 I AudioFlinger: openOutput() this 0x512bd000, module 10 Device 400, SamplingRate 48000, Format 0xd000000, Channels 3, flags 1
01-08 20:57:26.029 3490 19609 I AudioFlinger: HAL output buffer size 1024 frames, normal sink buffer size 1024 frames
01-08 20:57:26.029 3490 19875 I AudioFlinger: AudioFlinger's thread 0x540af000 tid=19875 ready to run
01-08 20:57:26.038 4743 4743 I AppLifecycleTracker: onActivitySaveInstanceState:
01-08 20:57:26.039 3490 19609 I APM_AudioPolicyManager: getOutputForAttr() device 0x400, samplingRate 192000, format d000000, channelMask 63f, flags 1
01-08 20:57:26.039 3490 19609 I AudioFlinger: openOutput() this 0x512bd000, module 10 Device 400, SamplingRate 192000, Format 0xd000000, Channels 63f, flags 1
01-08 20:57:26.040 3490 19609 I AudioFlinger: HAL output buffer size 2048 frames, normal sink buffer size 2048 frames
01-08 20:57:26.040 3490 19878 I AudioFlinger: AudioFlinger's thread 0x51289000 tid=19878 ready to run
01-08 20:57:26.041 4743 4743 I AppLifecycleTracker: onActivityStopped:
01-08 20:57:26.050 3490 19609 I APM_AudioPolicyManager: getOutputForAttr() device 0x400, samplingRate 44100, format 5, channelMask 3, flags 0
01-08 20:57:26.086 19818 19846 I chatty : uid=10097(u0_a97) Thread-3 expire 234 lines
01-08 20:57:26.187 3778 3842 I InputReader: Reconfiguring input devices. changes=0x00000004
01-08 20:57:26.518 19818 19880 I chatty : uid=10097(u0_a97) Thread-6 expire 12 lines
01-08 20:57:26.581 19818 19850 I chatty : uid=10097(u0_a97) Thread-3 expire 2 lines
01-08 20:57:26.780 3876 4344 V Avrcp : MSG_UPDATE_MEDIA
01-08 20:57:26.781 3876 4344 V Avrcp : updatePlaybackState (1): -1➡2(PlaybackState {state=2, position=-1, buffered position=0, speed=0.0, updated=11803079, actions=0, custom actions=[], active item id=-1, error=null})
01-08 20:57:26.781 3876 4344 V Avrcp : Media update: id -1➡-1? [MediaAttributes: none]
01-08 20:57:26.781 3876 4344 D Avrcp : sendPlayPosNotificationRsp: Not registered or requesting.
01-08 20:57:26.823 19818 19883 I chatty : uid=10097(u0_a97) Thread-9 expire 5 lines
01-08 20:57:26.824 19818 19884 I chatty : uid=10097(u0_a97) Thread-7 expire 7 lines
01-08 20:57:26.960 19818 19846 I chatty : uid=10097(u0_a97) Thread-3 expire 759 lines
01-08 20:57:27.050 19818 19885 I chatty : uid=10097(u0_a97) Thread-3 expire 1 line
01-08 20:57:27.071 19818 19846 V Kodi : Debug Print: AddOnLog: Joystick Support: Loaded device "USB Gamepad" with 2 controller profiles and 24 total features
01-08 20:57:27.072 19818 19846 V Kodi : Debug Print: AddOnLog: Joystick Support: Loaded device "USB Joystick" with 8 controller profiles and 96 total features
01-08 20:57:27.072 19818 19846 V Kodi : Debug Print: AddOnLog: Joystick Support: game.controller.dreamcast: Removing analogstick from button map
01-08 20:57:27.072 19818 19846 V Kodi : Debug Print: AddOnLog: Joystick Support: game.controller.n64: Removing analogstick from button map
01-08 20:57:27.072 19818 19846 V Kodi : Debug Print: AddOnLog: Joystick Support: game.controller.ps: Removing rightstick from button map
01-08 20:57:27.076 19818 19846 V Kodi : Debug Print: AddOnLog: Joystick Support: Loaded device "Wireless 360 Controller" with 58 controller profiles and 534 total features
01-08 20:57:27.076 19818 19846 V Kodi : Debug Print: AddOnLog: Joystick Support: game.controller.3do.gamegun: Removing crosshair from button map
01-08 20:57:27.076 19818 19846 V Kodi : Debug Print: AddOnLog: Joystick Support: game.controller.atari.xges.xg1: Removing crosshair from button map
01-08 20:57:27.077 19818 19846 V Kodi : Debug Print: AddOnLog: Joystick Support: game.controller.dreamcast: Removing analogstick from button map
01-08 20:57:27.077 19818 19846 V Kodi : Debug Print: AddOnLog: Joystick Support: game.controller.genesis.mouse: Removing pointer from button map
01-08 20:57:27.077 19818 19846 V Kodi : Debug Print: AddOnLog: Joystick Support: game.controller.joystick.2button: Removing analogstick from button map
01-08 20:57:27.077 19818 19846 V Kodi : Debug Print: AddOnLog: Joystick Support: game.controller.joystick.4button: Removing leftstick from button map
01-08 20:57:27.077 19818 19846 V Kodi : Debug Print: AddOnLog: Joystick Support: game.controller.joystick.4button: Removing rightstick from button map
01-08 20:57:27.077 19818 19846 V Kodi : Debug Print: AddOnLog: Joystick Support: game.controller.konami.justifier.player2: Removing crosshair from button map
01-08 20:57:27.077 19818 19846 V Kodi : Debug Print: AddOnLog: Joystick Support: game.controller.konami.justifier.ps: Removing crosshair from button map
01-08 20:57:27.077 19818 19846 V Kodi : Debug Print: AddOnLog: Joystick Support: game.controller.konami.justifier.snes: Removing crosshair from button map
01-08 20:57:27.077 19818 19846 V Kodi : Debug Print: AddOnLog: Joystick Support: game.controller.mouse: Removing pointer from button map
01-08 20:57:27.078 19818 19846 V Kodi : Debug Print: AddOnLog: Joystick Support: game.controller.n64: Removing analogstick from button map
01-08 20:57:27.078 19818 19846 V Kodi : Debug Print: AddOnLog: Joystick Support: game.controller.pcfx.mouse: Removing pointer from button map
01-08 20:57:27.078 19818 19846 V Kodi : Debug Print: AddOnLog: Joystick Support: game.controller.ps.dualanalog: Removing leftstick from button map
01-08 20:57:27.078 19818 19846 V Kodi : Debug Print: AddOnLog: Joystick Support: game.controller.ps.dualanalog: Removing rightstick from button map
01-08 20:57:27.078 19818 19846 V Kodi : Debug Print: AddOnLog: Joystick Support: game.controller.ps.dualshock: Removing leftstick from button map
01-08 20:57:27.078 19818 19846 V Kodi : Debug Print: AddOnLog: Joystick Support: game.controller.ps.dualshock: Removing rightstick from button map
01-08 20:57:27.078 19818 19846 V Kodi : Debug Print: AddOnLog: Joystick Support: game.controller.ps.guncon.japan: Removing crosshair from button map
01-08 20:57:27.078 19818 19846 V Kodi : Debug Print: AddOnLog: Joystick Support: game.controller.ps.guncon.western: Removing crosshair from button map
01-08 20:57:27.078 19818 19846 V Kodi : Debug Print: AddOnLog: Joystick Support: game.controller.ps.mouse: Removing pointer from button map
01-08 20:57:27.078 19818 19846 V Kodi : Debug Print: AddOnLog: Joystick Support: game.controller.psp: Removing analogstick from button map
01-08 20:57:27.078 19818 19846 V Kodi : Debug Print: AddOnLog: Joystick Support: game.controller.saturn.3d.japan: Removing analogstick from button map
01-08 20:57:27.078 19818 19846 V Kodi : Debug Print: AddOnLog: Joystick Support: game.controller.saturn.3d.western: Removing analogstick from button map
01-08 20:57:27.079 19818 19846 V Kodi : Debug Print: AddOnLog: Joystick Support: game.controller.saturn.arcade.racer: Removing wheel from button map
01-08 20:57:27.079 19818 19846 V Kodi : Debug Print: AddOnLog: Joystick Support: game.controller.saturn.mission.stick: Removing joystick from button map
01-08 20:57:27.079 19818 19846 V Kodi : Debug Print: AddOnLog: Joystick Support: game.controller.saturn.mission.stick: Removing throttle from button map
01-08 20:57:27.079 19818 19846 V Kodi : Debug Print: AddOnLog: Joystick Support: game.controller.saturn.mission.sticks: Removing leftjoystick from button map
01-08 20:57:27.079 19818 19846 V Kodi : Debug Print: AddOnLog: Joystick Support: game.controller.saturn.mission.sticks: Removing rightjoystick from button map
01-08 20:57:27.079 19818 19846 V Kodi : Debug Print: AddOnLog: Joystick Support: game.controller.saturn.mouse: Removing pointer from button map
01-08 20:57:27.079 19818 19846 V Kodi : Debug Print: AddOnLog: Joystick Support: game.controller.saturn.twin.stick: Removing leftstick from button map
01-08 20:57:27.079 19818 19846 V Kodi : Debug Print: AddOnLog: Joystick Support: game.controller.saturn.twin.stick: Removing rightstick from button map
01-08 20:57:27.079 19818 19846 V Kodi : Debug Print: AddOnLog: Joystick Support: game.controller.saturn.virtua.gun.eu: Removing crosshair from button map
01-08 20:57:27.079 19818 19846 V Kodi : Debug Print: AddOnLog: Joystick Support: game.controller.saturn.virtua.gun.japan: Removing crosshair from button map
01-08 20:57:27.079 19818 19846 V Kodi : Debug Print: AddOnLog: Joystick Support: game.controller.saturn.virtua.gun.us: Removing crosshair from button map
01-08 20:57:27.079 19818 19846 V Kodi : Debug Print: AddOnLog: Joystick Support: game.controller.snes.mouse: Removing pointer from button map
01-08 20:57:27.080 19818 19846 V Kodi : Debug Print: AddOnLog: Joystick Support: game.controller.snes.super.scope: Removing crosshair from button map
01-08 20:57:27.095 19818 19846 V Kodi : Debug Print: AddOnLog: Joystick Support: Loaded device "Wireless Controller" with 1 controller profiles and 15 total features
01-08 20:57:27.096 19818 19846 V Kodi : Debug Print: AddOnLog: Joystick Support: Loaded device "Xbox 360 Wired Controller" with 1 controller profiles and 19 total features
01-08 20:57:27.096 19818 19846 V Kodi : Debug Print: AddOnLog: Joystick Support: Loaded device "Xbox One Wired Controller" with 1 controller profiles and 19 total features
01-08 20:57:27.096 19818 19846 V Kodi : Debug Print: AddOnLog: Joystick Support: Loaded device "usb gamepad " with 1 controller profiles and 12 total features
01-08 20:57:27.097 19818 19846 V Kodi : Debug Print: AddOnLog: Joystick Support: Loaded device "usb gamepad" with 2 controller profiles and 24 total features
01-08 20:57:27.099 19818 19846 V Kodi : Debug Print: AddOnLog: Joystick Support: Loaded device "Adaptoid" with 8 controller profiles and 98 total features
01-08 20:57:27.099 19818 19846 V Kodi : Debug Print: AddOnLog: Joystick Support: game.controller.dreamcast: Removing analogstick from button map
01-08 20:57:27.099 19818 19846 V Kodi : Debug Print: AddOnLog: Joystick Support: game.controller.n64: Removing analogstick from button map
01-08 20:57:27.100 19818 19846 V Kodi : Debug Print: AddOnLog: Joystick Support: Loaded device "Bluetooth HID Port" with 2 controller profiles and 24 total features
01-08 20:57:27.101 19818 19846 V Kodi : Debug Print: AddOnLog: Joystick Support: Loaded device "GamePad Pro USB" with 8 controller profiles and 91 total features
01-08 20:57:27.102 19818 19846 V Kodi : Debug Print: AddOnLog: Joystick Support: Loaded device "Generic USB Joystick" with 8 controller profiles and 105 total features
01-08 20:57:27.103 19818 19846 V Kodi : Debug Print: AddOnLog: Joystick Support: game.controller.dreamcast: Removing analogstick from button map
01-08 20:57:27.103 19818 19846 V Kodi : Debug Print: AddOnLog: Joystick Support: game.controller.n64: Removing analogstick from button map
01-08 20:57:27.103 19818 19846 V Kodi : Debug Print: AddOnLog: Joystick Support: game.controller.ps: Removing leftstick from button map
01-08 20:57:27.103 19818 19846 V Kodi : Debug Print: AddOnLog: Joystick Support: game.controller.ps: Removing rightstick from button map
01-08 20:57:27.104 19818 19846 V Kodi : Debug Print: AddOnLog: Joystick Support: Loaded device "Logitech Dual Action" with 1 controller profiles and 18 total features
01-08 20:57:27.105 19818 19846 V Kodi : Debug Print: AddOnLog: Joystick Support: Loaded device "Logitech RumblePad 2 USB" with 8 controller profiles and 105 total features
01-08 20:57:27.105 19818 19846 V Kodi : Debug Print: AddOnLog: Joystick Support: game.controller.dreamcast: Removing analogstick from button map
01-08 20:57:27.105 19818 19846 V Kodi : Debug Print: AddOnLog: Joystick Support: game.controller.n64: Removing analogstick from button map
01-08 20:57:27.105 19818 19846 V Kodi : Debug Print: AddOnLog: Joystick Support: game.controller.ps: Removing leftstick from button map
01-08 20:57:27.105 19818 19846 V Kodi : Debug Print: AddOnLog: Joystick Support: game.controller.ps: Removing rightstick from button map
01-08 20:57:27.107 19818 19846 V Kodi : Debug Print: AddOnLog: Joystick Support: Loaded device "MAYFLASH GameCube Controller Adapter" with 8 controller profiles and 97 total features
01-08 20:57:27.107 19818 19846 V Kodi : Debug Print: AddOnLog: Joystick Support: game.controller.dreamcast: Removing analogstick from button map
01-08 20:57:27.107 19818 19846 V Kodi : Debug Print: AddOnLog: Joystick Support: game.controller.n64: Removing analogstick from button map
01-08 20:57:27.107 19818 19846 V Kodi : Debug Print: AddOnLog: Joystick Support: game.controller.ps: Removing leftstick from button map
01-08 20:57:27.107 19818 19846 V Kodi : Debug Print: AddOnLog: Joystick Support: game.controller.ps: Removing rightstick from button map
01-08 20:57:27.108 19818 19846 V Kodi : Debug Print: AddOnLog: Joystick Support: Loaded device "PS(R) Ga`epad" with 1 controller profiles and 19 total features
01-08 20:57:27.109 19818 19846 V Kodi : Debug Print: AddOnLog: Joystick Support: Loaded device "Twin USB Joystick" with 8 controller profiles and 105 total features
01-08 20:57:27.109 19818 19846 V Kodi : Debug Print: AddOnLog: Joystick Support: game.controller.dreamcast: Removing analogstick from button map
01-08 20:57:27.109 19818 19846 V Kodi : Debug Print: AddOnLog: Joystick Support: game.controller.n64: Removing analogstick from button map
01-08 20:57:27.110 19818 19846 V Kodi : Debug Print: AddOnLog: Joystick Support: game.controller.ps: Removing leftstick from button map
01-08 20:57:27.110 19818 19846 V Kodi : Debug Print: AddOnLog: Joystick Support: game.controller.ps: Removing rightstick from button map
01-08 20:57:27.111 19818 19846 V Kodi : Debug Print: AddOnLog: Joystick Support: Loaded device "USB GamePad" with 1 controller profiles and 12 total features
01-08 20:57:27.111 19818 19846 V Kodi : Debug Print: AddOnLog: Joystick Support: Loaded device "USB Gamepad" with 1 controller profiles and 12 total features
01-08 20:57:27.112 19818 19846 V Kodi : Debug Print: AddOnLog: Joystick Support: Loaded device "USB Joystick" with 8 controller profiles and 105 total features
01-08 20:57:27.112 19818 19846 V Kodi : Debug Print: AddOnLog: Joystick Support: game.controller.dreamcast: Removing analogstick from button map
01-08 20:57:27.112 19818 19846 V Kodi : Debug Print: AddOnLog: Joystick Support: game.controller.n64: Removing analogstick from button map
01-08 20:57:27.112 19818 19846 V Kodi : Debug Print: AddOnLog: Joystick Support: game.controller.ps: Removing leftstick from button map
01-08 20:57:27.112 19818 19846 V Kodi : Debug Print: AddOnLog: Joystick Support: game.controller.ps: Removing rightstick from button map
01-08 20:57:27.113 19818 19846 V Kodi : Debug Print: AddOnLog: Joystick Support: Loaded device "Wireless Controller" with 1 controller profiles and 19 total features
01-08 20:57:27.114 19818 19846 V Kodi : Debug Print: AddOnLog: Joystick Support: Loaded device "usb gamepad " with 1 controller profiles and 12 total features
01-08 20:57:27.114 19818 19846 V Kodi : Debug Print: AddOnLog: Joystick Support: Loaded device "usb gamepad" with 1 controller profiles and 12 total features
01-08 20:57:27.118 19818 19846 V Kodi : Debug Print: AddOnLog: Joystick Support: Loaded device "8Bitdo NES30 Arcade(x)" with 4 controller profiles and 47 total features
01-08 20:57:27.118 19818 19846 V Kodi : Debug Print: AddOnLog: Joystick Support: Loaded device "8Bitdo NES30 GamePad" with 5 controller profiles and 54 total features
01-08 20:57:27.119 19818 19846 V Kodi : Debug Print: AddOnLog: Joystick Support: Loaded device "8Bitdo NES30 GamePad Joystick" with 5 controller profiles and 54 total features
01-08 20:57:27.120 19818 19846 V Kodi : Debug Print: AddOnLog: Joystick Support: Loaded device "8Bitdo SFC30 GamePad Joystick" with 5 controller profiles and 54 total features
01-08 20:57:27.120 19818 19846 V Kodi : Debug Print: AddOnLog: Joystick Support: Loaded device "8Bitdo Zero GamePad" with 2 controller profiles and 24 total features
01-08 20:57:27.121 19818 19846 V Kodi : Debug Print: AddOnLog: Joystick Support: Loaded device "DragonRise Inc. Generic USB Joystick" with 8 controller profiles and 104 total features
01-08 20:57:27.121 19818 19846 V Kodi : Debug Print: AddOnLog: Joystick Support: game.controller.dreamcast: Removing analogstick from button map
01-08 20:57:27.121 19818 19846 V Kodi : Debug Print: AddOnLog: Joystick Support: game.controller.n64: Removing analogstick from button map
01-08 20:57:27.121 19818 19846 V Kodi : Debug Print: AddOnLog: Joystick Support: game.controller.ps: Removing leftstick from button map
01-08 20:57:27.122 19818 19846 V Kodi : Debug Print: AddOnLog: Joystick Support: game.controller.ps: Removing rightstick from button map
01-08 20:57:27.123 19818 19846 V Kodi : Debug Print: AddOnLog: Joystick Support: Loaded device "Dual PSX-USB Adaptor Dual PSX-USB Adaptor" with 7 controller profiles and 88 total features
01-08 20:57:27.123 19818 19846 V Kodi : Debug Print: AddOnLog: Joystick Support: game.controller.n64: Removing analogstick from button map
01-08 20:57:27.124 19818 19846 V Kodi : Debug Print: AddOnLog: Joystick Support: Loaded device "GPIO Controller 1" with 5 controller profiles and 55 total features
01-08 20:57:27.125 19818 19846 V Kodi : Debug Print: AddOnLog: Joystick Support: Loaded device "GPIO Controller 2" with 5 controller profiles and 55 total features
01-08 20:57:27.125 19818 19846 V Kodi : Debug Print: AddOnLog: Joystick Support: Loaded device "Gamepad" with 1 controller profiles and 18 total features
01-08 20:57:27.126 19818 19846 V Kodi : Debug Print: AddOnLog: Joystick Support: Loaded device "Generic USB Joystick" with 2 controller profiles and 27 total features
01-08 20:57:27.126 19818 19846 V Kodi : Debug Print: AddOnLog: Joystick Support: game.controller.n64: Removing analogstick from button map
01-08 20:57:27.127 19818 19846 V Kodi : Debug Print: AddOnLog: Joystick Support: Loaded device "Generic X-Box pad" with 8 controller profiles and 106 total features
01-08 20:57:27.127 19818 19846 V Kodi : Debug Print: AddOnLog: Joystick Support: game.controller.dreamcast: Removing analogstick from button map
01-08 20:57:27.127 19818 19846 V Kodi : Debug Print: AddOnLog: Joystick Support: game.controller.n64: Removing analogstick from button map
01-08 20:57:27.127 19818 19846 V Kodi : Debug Print: AddOnLog: Joystick Support: game.controller.ps: Removing leftstick from button map
01-08 20:57:27.127 19818 19846 V Kodi : Debug Print: AddOnLog: Joystick Support: game.controller.ps: Removing rightstick from button map
01-08 20:57:27.129 19818 19846 V Kodi : Debug Print: AddOnLog: Joystick Support: Loaded device "Gravis GamePad Pro USB" with 8 controller profiles and 93 total features
01-08 20:57:27.130 19818 19846 V Kodi : Debug Print: AddOnLog: Joystick Support: Loaded device "GreenAsia Inc. USB Joystick" with 8 controller profiles and 105 total features
01-08 20:57:27.131 19818 19846 V Kodi : Debug Print: AddOnLog: Joystick Support: game.controller.dreamcast: Removing analogstick from button map
01-08 20:57:27.131 19818 19846 V Kodi : Debug Print: AddOnLog: Joystick Support: game.controller.n64: Removing analogstick from button map
01-08 20:57:27.131 19818 19846 V Kodi : Debug Print: AddOnLog: Joystick Support: game.controller.ps: Removing leftstick from button map
01-08 20:57:27.131 19818 19846 V Kodi : Debug Print: AddOnLog: Joystick Support: game.controller.ps: Removing rightstick from button map
01-08 20:57:27.132 19818 19846 V Kodi : Debug Print: AddOnLog: Joystick Support: Loaded device "HuiJia USB GamePad" with 2 controller profiles and 24 total features
01-08 20:57:27.133 19818 19846 V Kodi : Debug Print: AddOnLog: Joystick Support: Loaded device "Logitech Gamepad F310" with 1 controller profiles and 18 total features
01-08 20:57:27.133 19818 19846 V Kodi : Debug Print: AddOnLog: Joystick Support: Loaded device "Logitech Logitech Dual Action" with 1 controller profiles and 18 total features
01-08 20:57:27.134 19818 19846 V Kodi : Debug Print: AddOnLog: Joystick Support: Loaded device "Logitech Logitech RumblePad 2 USB" with 8 controller profiles and 103 total features
01-08 20:57:27.134 19818 19846 V Kodi : Debug Print: AddOnLog: Joystick Support: game.controller.dreamcast: Removing analogstick from button map
01-08 20:57:27.134 19818 19846 V Kodi : Debug Print: AddOnLog: Joystick Support: game.controller.n64: Removing analogstick from button map
01-08 20:57:27.136 19818 19846 V Kodi : Debug Print: AddOnLog: Joystick Support: Loaded device "MY-POWER CO.,LTD. 2In1 USB Joystick" with 8 controller profiles and 105 total features
01-08 20:57:27.136 19818 19846 V Kodi : Debug Print: AddOnLog: Joystick Support: game.controller.dreamcast: Removing analogstick from button map
01-08 20:57:27.136 19818 19846 V Kodi : Debug Print: AddOnLog: Joystick Support: game.controller.n64: Removing analogstick from button map
01-08 20:57:27.136 19818 19846 V Kodi : Debug Print: AddOnLog: Joystick Support: game.controller.ps: Removing leftstick from button map
01-08 20:57:27.137 19818 19846 V Kodi : Debug Print: AddOnLog: Joystick Support: game.controller.ps: Removing rightstick from button map
01-08 20:57:27.138 19818 19846 V Kodi : Debug Print: AddOnLog: Joystick Support: Loaded device "Microsoft X-Box 360 pad" with 1 controller profiles and 19 total features
01-08 20:57:27.138 19818 19846 V Kodi : Debug Print: AddOnLog: Joystick Support: Loaded device "Microsoft X-Box One pad (Firmware 2015)" with 1 controller profiles and 19 total features
01-08 20:57:27.139 19818 19846 V Kodi : Debug Print: AddOnLog: Joystick Support: Loaded device "NVIDIA Corporation NVIDIA Controller v01.03" with 6 controller profiles and 68 total features
01-08 20:57:27.139 19818 19846 V Kodi : Debug Print: AddOnLog: Joystick Support: game.controller.n64: Removing analogstick from button map
01-08 20:57:27.140 19818 19846 V Kodi : Debug Print: AddOnLog: Joystick Support: Loaded device "PLAYSTATION(R)3 Controller" with 6 controller profiles and 77 total features
01-08 20:57:27.142 19818 19846 V Kodi : Debug Print: Previous line repeats 1 times.
