01-01 02:00:31.550 3778 3778 D UsbAlsaManager: Adding ALSA device AlsaDevice: [card: 1, device: 2, type: 1]
01-01 02:00:31.550 3778 3778 D UsbAlsaManager: Adding ALSA device AlsaDevice: [card: 1, device: 1, type: 2]
01-01 02:00:31.550 3778 3778 D UsbAlsaManager: Adding ALSA device AlsaDevice: [card: 1, device: 1, type: 1]
01-01 02:00:31.550 3778 3778 D UsbAlsaManager: Adding ALSA device AlsaDevice: [card: 1, device: 0, type: 2]
01-01 02:00:31.550 3778 3845 D VoldConnector: RCV <- {651 emulated 0}
01-01 02:00:31.550 3778 3778 D UsbAlsaManager: Adding ALSA device AlsaDevice: [card: 1, device: 0, type: 1]
01-01 02:00:31.550 3778 3845 D VoldConnector: RCV <- {651 public:8,1 7}
01-01 02:00:31.550 3778 3845 D VoldConnector: RCV <- {659 public:8,1}
01-01 02:00:31.550 3778 3845 D VoldConnector: RCV <- {649 disk:8,0}
01-01 02:00:31.550 3778 3845 D VoldConnector: RCV <- {640 disk:8,0 9}
01-01 02:00:31.551 3778 3845 D VoldConnector: RCV <- {641 disk:8,0 2000365289472}
01-01 02:00:31.551 3778 3845 D VoldConnector: RCV <- {642 disk:8,0 "WD
01-01 02:00:31.551 3778 3845 D VoldConnector: "}
01-01 02:00:31.551 3778 3845 D VoldConnector: RCV <- {644 disk:8,0 "/sys//devices/70090000.xusb/usb2/2-2/2-2:1.0/host0/target0:0:0/0:0:0:0/block/sda"}
01-01 02:00:31.551 3778 3798 V StorageManagerService: Found primary storage at VolumeInfo{emulated}:
01-01 02:00:31.551 3778 3798 V StorageManagerService: type=EMULATED diskId=null partGuid=null mountFlags=0 mountUserId=-1
01-01 02:00:31.551 3778 3798 V StorageManagerService: state=UNMOUNTED
01-01 02:00:31.551 3778 3798 V StorageManagerService: fsType=null fsUuid=null fsLabel=null
01-01 02:00:31.551 3778 3798 V StorageManagerService: path=null internalPath=null
01-01 02:00:31.557 3778 3864 D BluetoothManagerService: Creating new ProfileServiceConnections object for profile: 1
01-01 02:00:31.558 3778 3864 E BluetoothManagerService: Fail to bind to: Intent { act=android.bluetooth.IBluetoothHeadset }
01-01 02:00:31.558 3778 3864 W BluetoothManagerService: Unable to bind with intent: Intent { act=android.bluetooth.IBluetoothHeadset }
01-01 02:00:31.559 3778 3778 I SystemServer: StartObservingNativeCrashes
01-01 02:00:31.560 3778 3778 I SystemServer: StartSystemUI
01-01 02:00:31.560 3778 3830 I SystemServer: WebViewFactoryPreparation
01-01 02:00:31.563 3778 3902 D UsbHostManager: Added device UsbDevice[mName=/dev/bus/usb/002/002,mVendorId=4184,mProductId=9634,mClass=0,mSubclass=0,mProtocol=0,mManufacturerName=Western Digital,mProductName=Elements 25A2,mVersion=3.0,mSerialNumber=57585331414137525A414334,mConfigurations=[
01-01 02:00:31.563 3778 3902 D UsbHostManager: UsbConfiguration[mId=1,mName=null,mAttributes=128,mMaxPower=112,mInterfaces=[
01-01 02:00:31.563 3778 3902 D UsbHostManager: UsbInterface[mId=0,mAlternateSetting=0,mName=null,mClass=8,mSubclass=6,mProtocol=80,mEndpoints=[
01-01 02:00:31.563 3778 3902 D UsbHostManager: UsbEndpoint[mAddress=129,mAttributes=2,mMaxPacketSize=1024,mInterval=0]
01-01 02:00:31.563 3778 3902 D UsbHostManager: UsbEndpoint[mAddress=2,mAttributes=2,mMaxPacketSize=1024,mInterval=0]]]]
01-01 02:00:31.568 3275 3280 V vold : DISK mbr
01-01 02:00:31.568 3275 3280 V vold :
01-01 02:00:31.568 3275 3280 V vold : PART 1 7
01-01 02:00:31.568 3275 3280 V vold :
01-01 02:00:31.569 3778 3845 D VoldConnector: RCV <- {650 public:8,1 0 "disk:8,0" ""}
01-01 02:00:31.569 3778 3845 D VoldConnector: RCV <- {651 public:8,1 0}
01-01 02:00:31.569 3778 3845 D VoldConnector: RCV <- {643 disk:8,0}
01-01 02:00:31.569 3778 3845 D VoldConnector: RCV <- {200 3 Command succeeded}
01-01 02:00:31.569 3778 3844 D VoldConnector: SND -> {4 volume user_added 0 0}
01-01 02:00:31.570 3778 3845 D VoldConnector: RCV <- {200 4 Command succeeded}
01-01 02:00:31.572 3778 3778 I ActivityManager: Start proc 3910:com.android.systemui/u0a28 for service com.android.systemui/.SystemUIService
01-01 02:00:31.573 3778 3778 W ActivityManager: Unable to start service Intent { flg=0x100 cmp=com.android.systemui/.keyguard.KeyguardService } U=0: not found
01-01 02:00:31.573 3778 3778 I SystemServer: MakeNetworkScoreReady
01-01 02:00:31.575 3778 3844 D VoldConnector: SND -> {5 volume mount emulated 3 -1}
01-01 02:00:31.575 3778 3778 I SystemServer: MakeNetworkManagementServiceReady
01-01 02:00:31.575 3778 3778 D NetworkManagement: enabling bandwidth control
01-01 02:00:31.577 3778 3845 D VoldConnector: RCV <- {651 emulated 1}
01-01 02:00:31.577 3275 3280 V vold : Waiting for FUSE to spin up...
01-01 02:00:31.577 3778 3845 D VoldConnector: RCV <- {656 emulated "/data/media"}
01-01 02:00:31.577 3778 3845 D VoldConnector: RCV <- {655 emulated "/storage/emulated"}
01-01 02:00:31.603 3778 3778 I SystemServer: MakeNetworkStatsServiceReady
01-01 02:00:31.620 3778 3830 I ActivityManager: Start proc 3933:WebViewLoader-armeabi-v7a/1037 [android.webkit.WebViewFactory$RelroFileCreator] for
01-01 02:00:31.627 3778 3845 D VoldConnector: RCV <- {651 emulated 2}
01-01 02:00:31.628 3778 3845 D VoldConnector: RCV <- {200 5 Command succeeded}
01-01 02:00:31.628 3778 3844 D VoldConnector: SND -> {6 volume mount public:8,1 2 0}
01-01 02:00:31.628 3275 3280 D vold : ++ Mounting a public volume: public:8,1
01-01 02:00:31.628 3778 3845 D VoldConnector: RCV <- {651 public:8,1 1}
01-01 02:00:31.628 3275 3280 V vold : /system/bin/blkid
01-01 02:00:31.628 3275 3280 V vold : -c
01-01 02:00:31.628 3275 3280 V vold : /dev/null
01-01 02:00:31.628 3275 3280 V vold : -s
01-01 02:00:31.628 3275 3280 V vold : TYPE
01-01 02:00:31.628 3275 3280 V vold : -s
01-01 02:00:31.628 3275 3280 V vold : UUID
01-01 02:00:31.628 3275 3280 V vold : -s
01-01 02:00:31.628 3275 3280 V vold : LABEL
01-01 02:00:31.628 3275 3280 V vold : /dev/block/vold/public:8,1
01-01 02:00:31.631 3778 3830 I ActivityManager: Start proc 3943:WebViewLoader-arm64-v8a/1037 [android.webkit.WebViewFactory$RelroFileCreator] for
01-01 02:00:31.631 3778 3849 D NetworkPolicy: setRestrictBackgroundUL(): false
01-01 02:00:31.671 3778 3778 I SystemServer: MakeConnectivityServiceReady
01-01 02:00:31.688 3778 3778 I SystemServer: MakeNetworkPolicyServiceReady
01-01 02:00:31.688 3778 3778 I SystemServer: StartWatchdog
01-01 02:00:31.688 3778 3778 I SystemServer: PhaseThirdPartyAppsCanStart
01-01 02:00:31.688 3778 3778 I SystemServiceManager: Starting phase 600
01-01 02:00:31.692 3778 3778 V NotificationListeners: enabling notification listener for 0: ComponentInfo{com.google.android.tvrecommendations/com.google.android.tvrecommendations.NotificationsService}
01-01 02:00:31.693 3778 3778 W ActivityManager: Unable to start service Intent { act=android.service.notification.NotificationListenerService cmp=com.google.android.tvrecommendations/.NotificationsService } U=0: not found
01-01 02:00:31.693 3778 3778 W NotificationListeners: Unable to bind notification listener service: Intent { act=android.service.notification.NotificationListenerService cmp=com.google.android.tvrecommendations/.NotificationsService (has extras) }
01-01 02:00:31.693 3778 3778 W NotificationListeners: Skipping notification listener service ComponentInfo{com.google.android.leanbacklauncher/com.google.android.leanbacklauncher.recommendations.NotificationsService}: it does not require the permission android.permission.BIND_NOTIFICATION_LISTENER_SERVICE
01-01 02:00:31.693 3778 3778 W NotificationListeners: Skipping notification listener service ComponentInfo{com.google.android.leanbacklauncher.recommendations/com.google.android.leanbacklauncher.recommendations.UbNotificationsService}: it does not require the permission android.permission.BIND_NOTIFICATION_LISTENER_SERVICE
01-01 02:00:31.694 3778 3778 V WallpaperManagerService: bindWallpaperComponentLocked: componentName=ComponentInfo{com.android.systemui/com.android.systemui.ImageWallpaper}
01-01 02:00:31.707 3778 3778 I SystemServer: MakeLocationServiceReady
01-01 02:00:31.713 3778 3778 W LocationProviderProxy-network: Odd, no component found for service com.android.location.service.v3.NetworkLocationProvider
01-01 02:00:31.715 3778 3778 W GeocoderProxy: Odd, no component found for service com.android.location.service.GeocodeProvider
01-01 02:00:31.716 3778 3778 D LocationManagerService: FLP HAL not supported
01-01 02:00:31.718 3778 3778 W GeofenceProxy: Odd, no component found for service com.android.location.service.GeofenceProvider
01-01 02:00:31.718 3778 3778 D LocationManagerService: Hardware Activity-Recognition not supported.
01-01 02:00:31.719 3778 3778 W ActivityRecognitionProxy: Odd, no component found for service com.android.location.service.ActivityRecognitionProvider
01-01 02:00:31.721 3778 3778 I SystemServer: MakeCountryDetectionServiceReady
01-01 02:00:31.721 3778 3778 I SystemServer: MakeNetworkTimeUpdateReady
01-01 02:00:31.722 3778 3778 I SystemServer: MakeCommonTimeManagementServiceReady
01-01 02:00:31.722 3778 3778 I SystemServer: MakeInputManagerServiceReady
01-01 02:00:31.722 3778 3971 D NetworkTimeUpdateService: mLastNtpFetchTime:-1 refTime:21412 event:2 getCacheAge:9223372036854775807 isNtpRefreshed:false mTryAgainCounter:0 currentTime:946688431722 cachedNtp:1546894422689
01-01 02:00:31.736 3778 3778 I ActivityManager: Start proc 3972:com.nvidia.NvAccSt/1000 for service com.nvidia.NvAccSt/.NvAccStService
01-01 02:00:31.750 3778 3778 I ActivityManager: Start proc 3986:com.nvidia.shieldtech.hooks/1000 for service com.nvidia.shieldtech.hooks/.HookService
01-01 02:00:31.750 3778 3778 I SystemServer: MakeTelephonyRegistryReady
01-01 02:00:31.753 3778 3778 I SystemServer: MakeMediaRouterServiceReady
01-01 02:00:31.753 3778 3778 I SystemServer: MakeMmsServiceReady
01-01 02:00:31.753 3778 3778 I MmsServiceBroker: Delay connecting to MmsService until an API is called
01-01 02:00:31.753 3778 3778 I SystemServer: MakeNetworkScoreServiceReady
01-01 02:00:31.753 3778 3778 I SystemServer: IncidentDaemonReady
01-01 02:00:31.753 3778 3778 I SystemServiceManager: Calling onStartUser u0
01-01 02:00:31.771 3778 3778 I ActivityManager: Start proc 3998:com.nvidia.shieldtech.hooks/1000 for added application com.nvidia.shieldtech.hooks
01-01 02:00:31.774 3275 3280 V vold : /dev/block/vold/public:8,1: UUID="A011-D4F3" TYPE="exfat"
01-01 02:00:31.774 3275 3280 V vold :
01-01 02:00:31.774 3275 3280 I UFSD : UFSD support version: $Id: ufsd_common.h 270576 2016-03-14 10:09:55Z zorin $/$Id: ufsd_m.cpp 290911 2016-09-30 12:53:30Z zorin $
01-01 02:00:31.774 3778 3845 D VoldConnector: RCV <- {652 public:8,1 exfat}
01-01 02:00:31.774 3778 3845 D VoldConnector: RCV <- {653 public:8,1 A011-D4F3}
01-01 02:00:31.775 3778 3845 D VoldConnector: RCV <- {654 public:8,1 }
01-01 02:00:31.777 3275 3280 I UFSD : checking device: /system/xbin/chkufsd -a -f /dev/block/vold/public:8,1
01-01 02:00:31.781 3778 3778 I ActivityManager: Start proc 4012:com.nvidia.nvaudiosvc/1000 for added application com.nvidia.nvaudiosvc
01-01 02:00:31.784 3778 3778 I ActivityManager: START u0 {act=android.intent.action.MAIN cat=[android.intent.category.HOME] flg=0x10000100 cmp=com.android.tv.settings/.system.FallbackHome} from uid 0
01-01 02:00:31.944 3275 3280 I UFSD : Filesystem is clean
01-01 02:00:31.944 3778 3845 D VoldConnector: RCV <- {656 public:8,1 "/mnt/media_rw/A011-D4F3"}
01-01 02:00:31.945 3275 3280 I UFSD : mounting: /system/xbin/mountufsd /dev/block/vold/public:8,1 /mnt/media_rw/A011-D4F3 -o uid=1023,gid=1023,fmask=7,dmask=7,force,cache,noatime
01-01 02:00:31.945 3778 3845 D VoldConnector: RCV <- {655 public:8,1 "/storage/A011-D4F3"}
01-01 02:00:32.057 3275 3280 I UFSD : mountufsd: $? == 0 (Success)
01-01 02:00:32.058 3275 3280 V vold : Waiting for FUSE to spin up...
01-01 02:00:32.064 3423 3423 E android.hardware.wifi@1.0-service: Failed to set DFS flag; DFS channels may be unavailable.
01-01 02:00:32.072 3511 3511 I wificond: create scanner for interface with index: 4
01-01 02:00:32.073 3511 3511 I wificond: subscribe scan result for interface with index: 4
01-01 02:00:32.092 3778 3778 I ActivityManager: Loaded persisted task ids for user 0
01-01 02:00:32.107 3778 3778 I ActivityManager: Start proc 4144:com.android.tv.settings/1000 for activity com.android.tv.settings/.system.FallbackHome
01-01 02:00:32.109 3778 3790 W ActivityManager: No pending application record for pid 3986 (IApplicationThread android.app.IApplicationThread$Stub$Proxy@79be1a4); dropping process
01-01 02:00:32.109 3778 3778 D SystemServerInitThreadPool: Shutdown successful
01-01 02:00:32.109 3275 3280 D vold : -- Mounting done: public:8,1
01-01 02:00:32.110 3275 3280 D vold : Creating shared folder NVIDIA_SHIELDpublic:8,1
01-01 02:00:32.110 3778 3845 D VoldConnector: RCV <- {651 public:8,1 2}
01-01 02:00:32.117 3778 3845 D VoldConnector: RCV <- {200 6 Command succeeded}
01-01 02:00:32.120 3778 3792 W LocationProviderProxy-network: Odd, no component found for service com.android.location.service.v3.NetworkLocationProvider
01-01 02:00:32.121 3778 3792 W GeocoderProxy: Odd, no component found for service com.android.location.service.GeocodeProvider
01-01 02:00:32.121 3778 3792 W GeofenceProxy: Odd, no component found for service com.android.location.service.GeofenceProvider
01-01 02:00:32.121 3778 3792 W ActivityRecognitionProxy: Odd, no component found for service com.android.location.service.ActivityRecognitionProvider
01-01 02:00:32.124 3778 4037 W ActivityManager: Unable to start service Intent { cmp=com.nvidia.blakepairing/.AccessoryService } U=0: not found
01-01 02:00:32.157 3778 3844 D StorageManagerService: Samba server exists , will set up new disk
01-01 02:00:32.157 3778 3844 D StorageManagerService: Restart samba server to reflect volume changes
01-01 02:00:32.157 3778 3844 W ContextImpl: Calling a method in the system process without a qualified user: android.app.ContextImpl.startForegroundService:1485 com.android.server.StorageManagerService.restartSMBServer:3471 com.android.server.StorageManagerService.-wrap15:0 com.android.server.StorageManagerService$StorageManagerServiceHandler.handleMessage:833 android.os.Handler.dispatchMessage:105
01-01 02:00:32.180 3778 3778 D ConditionProviders.SCP: onConnected
01-01 02:00:32.181 3778 3778 D ConditionProviders: Subscribing to condition://android/schedule?days=1.2.3.4.5&start=22.0&end=7.0&exitAtAlarm=false with ComponentInfo{android/com.android.server.notification.ScheduleConditionProvider}
01-01 02:00:32.182 3778 3778 D ConditionProviders: Subscribing to condition://android/schedule?days=6.7&start=23.30&end=10.0&exitAtAlarm=false with ComponentInfo{android/com.android.server.notification.ScheduleConditionProvider}
01-01 02:00:32.182 3778 3778 D ConditionProviders: Subscribing to condition://android/event?userId=-10000&calendar=&reply=1 with ComponentInfo{android/com.android.server.notification.EventConditionProvider}
01-01 02:00:32.184 3778 3844 W ActivityManager: Unable to start service Intent { act=com.nvidia.shieldsmb.RESTART_SMB cmp=com.plexapp.mediaserver.smb/com.nvidia.shieldsmb.ShieldSMBService } U=0: not found
01-01 02:00:32.225 3778 3778 W ContextImpl: Calling a method in the system process without a qualified user: android.app.ContextImpl.startService:1479 com.android.server.content.SyncManager$13.run:659 android.os.Handler.handleCallback:789 android.os.Handler.dispatchMessage:98 android.os.Looper.loop:164
01-01 02:00:32.274 3778 3778 V WiredAccessoryManager: notifyWiredAccessoryChanged: when=0 bits= mask=14
01-01 02:00:32.274 3778 3778 V WiredAccessoryManager: newName=h2w newState=0 headsetState=0 prev headsetState=0
01-01 02:00:32.274 3778 3778 V WiredAccessoryManager: init()
01-01 02:00:32.275 3778 3778 V WiredAccessoryManager: newName=hdmi_audio newState=16 headsetState=16 prev headsetState=0
01-01 02:00:32.361 4144 4144 W ContextImpl: Calling a method in the system process without a qualified user: android.app.ContextImpl.bindService:1559 android.content.ContextWrapper.bindService:678 com.nvidia.ControllerMapper.MapperManager.bindService:405 com.nvidia.ControllerMapper.MapperManager.:179 com.nvidia.ControllerMapper.MapperManager.getInstance:149
01-01 02:00:32.362 3778 3789 W ActivityManager: Unable to start service Intent { act=com.nvidia.ControllerMapper.START_SERVICE cmp=com.nvidia.ControllerMapper/.MapperService } U=0: not found
01-01 02:00:32.362 3778 3789 W ActivityManager: Unbind failed: could not find connection for android.os.BinderProxy@462ccaa
01-01 02:00:32.378 3778 3778 D BluetoothManagerService: Bluetooth Adapter name changed to SHIELD
01-01 02:00:32.378 3778 3778 D BluetoothManagerService: Stored Bluetooth name: SHIELD
01-01 02:00:32.379 3778 3778 D ConditionProviders.SCP: onSubscribe condition://android/schedule?days=1.2.3.4.5&start=22.0&end=7.0&exitAtAlarm=false
01-01 02:00:32.379 3778 3778 D ConditionProviders.SCP: setRegistered true
01-01 02:00:32.379 3778 3778 D ConditionProviders.SCP: notifyCondition condition://android/schedule?days=1.2.3.4.5&start=22.0&end=7.0&exitAtAlarm=false STATE_FALSE reason=!meetsSchedule
01-01 02:00:32.380 3778 3778 D ConditionProviders.SCP: Scheduling evaluate for Sat Jan 01 07:00:00 GMT+01:00 2000 (946706400000), in +4h59m27s621ms, now=Sat Jan 01 02:00:32 GMT+01:00 2000 (946688432379)
01-01 02:00:32.380 3778 3778 D ConditionProviders.SCP: onSubscribe condition://android/schedule?days=6.7&start=23.30&end=10.0&exitAtAlarm=false
01-01 02:00:32.381 3778 3789 I WindowManager: WindowState() - found Launcher @ mAppToken:AppWindowToken{a504ac2 token=Token{c9d3837 ActivityRecord{ad85136 u0 com.android.tv.settings/.system.FallbackHome t1}}}
01-01 02:00:32.381 3778 3778 D ConditionProviders.SCP: notifyCondition condition://android/schedule?days=6.7&start=23.30&end=10.0&exitAtAlarm=false STATE_TRUE reason=meetsSchedule
01-01 02:00:32.381 3778 3778 D ConditionProviders.SCP: notifyCondition condition://android/schedule?days=1.2.3.4.5&start=22.0&end=7.0&exitAtAlarm=false STATE_FALSE reason=!meetsSchedule
01-01 02:00:32.381 3778 3778 D ConditionProviders.SCP: Scheduling evaluate for Sat Jan 01 07:00:00 GMT+01:00 2000 (946706400000), in +4h59m27s619ms, now=Sat Jan 01 02:00:32 GMT+01:00 2000 (946688432381)
01-01 02:00:32.382 3778 3778 D BluetoothManagerService: BluetoothServiceConnection: com.android.bluetooth.btservice.AdapterService
01-01 02:00:32.382 3778 3799 D BluetoothManagerService: MESSAGE_BLUETOOTH_SERVICE_CONNECTED: 1
01-01 02:00:32.383 3778 3799 D BluetoothManagerService: Broadcasting onBluetoothServiceUp() to 2 receivers.
01-01 02:00:32.388 3778 3799 D BluetoothManagerService: MESSAGE_BLUETOOTH_STATE_CHANGE: OFF > BLE_TURNING_ON
01-01 02:00:32.388 3778 3799 D BluetoothManagerService: Sending BLE State Change: OFF > BLE_TURNING_ON
01-01 02:00:32.391 3778 3796 E BatteryStatsService: no controller energy info supplied
01-01 02:00:32.391 3778 3796 E BatteryStatsService: no controller energy info supplied
01-01 02:00:32.402 3778 3778 V WiredAccessoryManager: headsetName: connected
01-01 02:00:32.403 3778 3792 I SyncManager: Got SyncJobService instance.
01-01 02:00:32.415 3778 3778 D CountryDetector: The first listener is added
01-01 02:00:32.418 3778 3863 E ActivityThread: Failed to find provider info for com.android.calendar
01-01 02:00:32.419 3778 3863 E ActivityThread: Failed to find provider info for com.android.calendar
01-01 02:00:32.428 3423 3423 E android.hardware.wifi@1.0-service: Failed to get driver version: SUCCESS
01-01 02:00:32.429 3423 3423 E android.hardware.wifi@1.0-service: Failed to get driver version: SUCCESS
01-01 02:00:32.473 3511 3511 I wificond: New interface event callback registered
01-01 02:00:32.499 3778 3796 E BatteryStatsService: no controller energy info supplied
01-01 02:00:32.515 3778 3868 W HDMI : [1]:Failed to send a polling message(11->14) with return code 3
01-01 02:00:32.545 3778 3868 W HDMI : [1]:Failed to send a polling message(11->13) with return code 3
01-01 02:00:32.547 3778 3793 W KeyguardServiceDelegate: onScreenTurningOn(): no keyguard service!
01-01 02:00:32.565 3778 3796 E BatteryStatsService: no controller energy info supplied
01-01 02:00:32.585 3778 3868 W HDMI : [1]:Failed to send a polling message(11->12) with return code 3
01-01 02:00:32.587 3778 3789 W ActivityManager: Unable to start service Intent { act=com.nvidia.ControllerMapper.START_SERVICE cmp=com.nvidia.ControllerMapper/.MapperService } U=0: not found
01-01 02:00:32.588 3778 4032 W ActivityManager: Unbind failed: could not find connection for android.os.BinderProxy@56867ba
01-01 02:00:32.602 3778 4067 I StatusBarManagerService: registerStatusBar bar=com.android.internal.statusbar.IStatusBar$Stub$Proxy@eb19e47
01-01 02:00:32.624 3778 3828 I WindowManager: Screen frozen for +466ms due to Window{11fb45a u0 com.android.tv.settings/com.android.tv.settings.system.FallbackHome}
01-01 02:00:32.626 3778 3868 W HDMI : [1]:Failed to send a polling message(11->10) with return code 3
01-01 02:00:32.678 3778 3868 W HDMI : [1]:Failed to send a polling message(11->9) with return code 3
01-01 02:00:32.717 3778 3868 W HDMI : [1]:Failed to send a polling message(11->8) with return code 3
01-01 02:00:32.761 3778 3868 W HDMI : [1]:Failed to send a polling message(11->7) with return code 3
01-01 02:00:32.798 3778 3868 W HDMI : [1]:Failed to send a polling message(11->6) with return code 3
01-01 02:00:32.838 3778 3868 W HDMI : [1]:Failed to send a polling message(11->5) with return code 3
01-01 02:00:32.879 3778 3868 W HDMI : [1]:Failed to send a polling message(11->4) with return code 3
01-01 02:00:32.919 3778 3868 W HDMI : [1]:Failed to send a polling message(11->3) with return code 3
01-01 02:00:32.960 3778 3868 W HDMI : [1]:Failed to send a polling message(11->2) with return code 3
01-01 02:00:33.001 3778 3868 W HDMI : [1]:Failed to send a polling message(11->1) with return code 3
01-01 02:00:33.129 3778 3868 W HdmiCecController: Failed to send src: 11, dst: 0 with errorCode=3
01-01 02:00:33.170 3778 3868 W HDMI : [1]:Failed to send a polling message(11->0) with return code 3
01-01 02:00:33.170 3778 3778 V DeviceDiscoveryAction: No device is detected.
01-01 02:00:33.170 3778 3778 V DeviceDiscoveryAction: ---------Wrap up Device Discovery:[0]---------
01-01 02:00:33.170 3778 3778 V DeviceDiscoveryAction: --------------------------------------------
01-01 02:00:33.603 3778 3778 D BluetoothManagerService: Bluetooth Adapter address changed to 00:04:4B:87:78:D1
01-01 02:00:33.603 3778 3778 D BluetoothManagerService: Stored Bluetoothaddress: 00:04:4B:87:78:D1
01-01 02:00:33.603 3778 3778 D BluetoothManagerService: Bluetooth Adapter name changed to SHIELD
01-01 02:00:33.603 3778 3778 D BluetoothManagerService: Stored Bluetooth name: SHIELD
01-01 02:00:33.609 3778 3799 D BluetoothManagerService: MESSAGE_BLUETOOTH_STATE_CHANGE: BLE_TURNING_ON > BLE_ON
01-01 02:00:33.609 3778 3799 D BluetoothManagerService: Bluetooth is in LE only mode
01-01 02:00:33.609 3778 3799 D BluetoothManagerService: Binding Bluetooth GATT service
01-01 02:00:33.609 3778 3799 D BluetoothManagerService: Sending BLE State Change: BLE_TURNING_ON > BLE_ON
01-01 02:00:33.610 3778 3778 D BluetoothManagerService: BluetoothServiceConnection: com.android.bluetooth.gatt.GattService
01-01 02:00:33.610 3778 3799 D BluetoothManagerService: MESSAGE_BLUETOOTH_SERVICE_CONNECTED: 2
01-01 02:00:33.610 3778 3799 D BluetoothManagerService: BluetoothGatt Service is Up
01-01 02:00:33.611 3778 3799 D BluetoothManagerService: Persisting Bluetooth Setting: 1
01-01 02:00:33.611 3778 3799 D BluetoothManagerService: MESSAGE_BLUETOOTH_STATE_CHANGE: BLE_ON > TURNING_ON
01-01 02:00:33.611 3778 3799 D BluetoothManagerService: Sending BLE State Change: BLE_ON > TURNING_ON
01-01 02:00:33.630 3778 3799 D BluetoothManagerService: MESSAGE_BLUETOOTH_STATE_CHANGE: TURNING_ON > ON
01-01 02:00:33.630 3778 3799 D BluetoothManagerService: Broadcasting onBluetoothStateChange(true) to 2 receivers.
01-01 02:00:33.630 3778 3799 D BluetoothManagerService: Creating new ProfileServiceConnections object for profile: 1
01-01 02:00:33.630 3778 3799 E BluetoothManagerService: Fail to bind to: Intent { act=android.bluetooth.IBluetoothHeadset }
01-01 02:00:33.630 3778 3799 W BluetoothManagerService: Unable to bind with intent: Intent { act=android.bluetooth.IBluetoothHeadset }
01-01 02:00:33.630 3778 3799 D BluetoothManagerService: Sending BLE State Change: TURNING_ON > ON
01-01 02:00:34.168 3778 3871 D ConnectivityService: registerNetworkAgent NetworkAgentInfo{ ni{[type: Ethernet[], state: CONNECTED/CONNECTED, reason: (unspecified), extra: 00:04:4b:87:78:d2, failover: false, available: true, roaming: false, metered: false]} network{100} nethandle{429513165534} lp{{InterfaceName: eth0 LinkAddresses: [fe80::204:4bff:fe87:78d2/64,192.168.12.58/24,] Routes: [fe80::/64 -> :: eth0,192.168.12.0/24 -> 0.0.0.0 eth0,0.0.0.0/0 -> 192.168.12.1 eth0,] DnsAddresses: [192.168.12.1,] Domains: fritz.box MTU: 0 TcpBufferSizes: 524288,1048576,3145728,524288,1048576,2097152}} nc{[ Transports: ETHERNET Capabilities: INTERNET&NOT_RESTRICTED&TRUSTED&NOT_VPN LinkUpBandwidth>=100000Kbps LinkDnBandwidth>=100000Kbps]} Score{110} everValidated{false} lastValidated{false} created{false} lingering{false} explicitlySelected{false} acceptUnvalidated{false} everCaptivePortalDetected{false} lastCaptivePortalDetected{false} }
01-01 02:00:34.168 3778 3857 D ConnectivityService: NetworkAgentInfo [Ethernet () - 100] EVENT_NETWORK_INFO_CHANGED, going from null to CONNECTED
01-01 02:00:34.169 3778 3857 D ConnectivityService: Adding iface eth0 to network 100
01-01 02:00:34.171 3778 3857 D ConnectivityService: Setting DNS servers for network 100 to [/192.168.12.1]
01-01 02:00:34.176 3778 3857 D ConnectivityService: Switching to new default network: NetworkAgentInfo{ ni{[type: Ethernet[], state: CONNECTED/CONNECTED, reason: (unspecified), extra: 00:04:4b:87:78:d2, failover: false, available: true, roaming: false, metered: false]} network{100} nethandle{429513165534} lp{{InterfaceName: eth0 LinkAddresses: [fe80::204:4bff:fe87:78d2/64,192.168.12.58/24,] Routes: [fe80::/64 -> :: eth0,192.168.12.0/24 -> 0.0.0.0 eth0,0.0.0.0/0 -> 192.168.12.1 eth0,] DnsAddresses: [192.168.12.1,] Domains: fritz.box MTU: 0 TcpBufferSizes: 524288,1048576,3145728,524288,1048576,2097152}} nc{[ Transports: ETHERNET Capabilities: INTERNET&NOT_RESTRICTED&TRUSTED&NOT_VPN&FOREGROUND LinkUpBandwidth>=100000Kbps LinkDnBandwidth>=100000Kbps]} Score{110} everValidated{false} lastValidated{false} created{true} lingering{false} explicitlySelected{false} acceptUnvalidated{false} everCaptivePortalDetected{false} lastCaptivePortalDetected{false} }
01-01 02:00:34.179 3778 3857 D ConnectivityService: Sending CONNECTED broadcast for type 9 NetworkAgentInfo [Ethernet () - 100] isDefaultNetwork=true
01-01 02:00:34.330 3778 3857 D ConnectivityService: NetworkAgentInfo [Ethernet () - 100] validation failed
01-01 02:00:35.152 3778 3857 D ConnectivityService: Setting DNS servers for network 100 to [/192.168.12.1, /fd00::ca0e:14ff:febe:8ce7]
01-01 02:00:35.181 3778 3971 D NetworkTimeUpdateService: mLastNtpFetchTime:-1 refTime:24872 event:3 getCacheAge:901 isNtpRefreshed:false mTryAgainCounter:1 currentTime:946688435181 cachedNtp:1546894422689
01-01 02:00:35.181 3778 3971 D NetworkTimeUpdateService: Ntp time to be set = 1546965668574
01-08 17:41:08.638 3778 3778 D ConditionProviders.SCP: onReceive android.intent.action.TIME_SET
01-08 17:41:08.638 3778 3778 D ConditionProviders.SCP: notifyCondition condition://android/schedule?days=6.7&start=23.30&end=10.0&exitAtAlarm=false STATE_FALSE reason=!meetsSchedule
01-08 17:41:08.639 3778 3778 D ConditionProviders.SCP: notifyCondition condition://android/schedule?days=1.2.3.4.5&start=22.0&end=7.0&exitAtAlarm=false STATE_FALSE reason=!meetsSchedule
01-08 17:41:08.639 3778 3778 D ConditionProviders.SCP: Scheduling evaluate for Tue Jan 08 22:00:00 GMT+01:00 2019 (1546981200000), in +4h18m51s362ms, now=Tue Jan 08 17:41:08 GMT+01:00 2019 (1546965668638)
01-08 17:41:08.639 3778 3778 D CountryDetector: No listener is left
01-08 17:41:08.639 3778 3863 E ActivityThread: Failed to find provider info for com.android.calendar
01-08 17:41:08.639 3778 3863 E ActivityThread: Failed to find provider info for com.android.calendar
01-08 17:41:08.640 3778 3778 D ConditionProviders.SCP: onReceive ScheduleConditionProvider.EVALUATE
01-08 17:41:08.640 3778 3778 D ConditionProviders.SCP: notifyCondition condition://android/schedule?days=6.7&start=23.30&end=10.0&exitAtAlarm=false STATE_FALSE reason=!meetsSchedule
01-08 17:41:08.640 3778 3778 D ConditionProviders.SCP: notifyCondition condition://android/schedule?days=1.2.3.4.5&start=22.0&end=7.0&exitAtAlarm=false STATE_FALSE reason=!meetsSchedule
01-08 17:41:08.641 3778 3778 D ConditionProviders.SCP: Scheduling evaluate for Tue Jan 08 22:00:00 GMT+01:00 2019 (1546981200000), in +4h18m51s360ms, now=Tue Jan 08 17:41:08 GMT+01:00 2019 (1546965668640)
01-08 17:41:08.643 3778 3863 E ActivityThread: Failed to find provider info for com.android.calendar
01-08 17:41:08.643 3778 3863 E ActivityThread: Failed to find provider info for com.android.calendar
01-08 17:41:08.822 3778 3857 D ConnectivityService: NetworkAgentInfo [Ethernet () - 100] validation passed
01-08 17:41:10.941 3778 3794 W WindowManager: Keyguard drawn timeout. Setting mKeyguardDrawComplete
01-08 17:41:10.955 3778 3800 I WindowManager: ******* TELLING SURFACE FLINGER WE ARE BOOTED!
01-08 17:41:17.797 3778 3800 I SystemServiceManager: Starting phase 1000
01-08 17:41:17.812 3778 3800 I ActivityManager: Start proc 4378:com.nvidia.irtuner:irtuner_service/1000 for on-hold
01-08 17:41:17.813 3778 3800 D ActivityManager: Finishing user boot 0
01-08 17:41:17.814 3778 3800 I ActivityManager: User 0 state changed from BOOTING to RUNNING_LOCKED
01-08 17:41:17.815 3778 3800 I ActivityManager: User 0 state changed from RUNNING_LOCKED to RUNNING_UNLOCKING
01-08 17:41:17.815 3778 3800 D CryptdConnector: SND -> {3 cryptfs prepare_user_storage ! 0 0 2}
01-08 17:41:17.815 3275 3281 D vold : e4crypt_prepare_user_storage for volume null, user 0, serial 0, flags 2
01-08 17:41:17.816 3275 3281 D vold : Preparing: /data/system_ce/0
01-08 17:41:17.816 3275 3281 D vold : Preparing: /data/misc_ce/0
01-08 17:41:17.816 3275 3281 D vold : Preparing: /data/media/0
01-08 17:41:17.816 3275 3281 D vold : Preparing: /data/data
01-08 17:41:17.816 3778 3846 D CryptdConnector: RCV <- {200 3 Command succeeded}
01-08 17:41:17.816 3778 3800 V UserDataPreparer: Found /data/user/0 with serial number 0
01-08 17:41:17.816 3778 3800 V UserDataPreparer: Found /data/system_ce/0 with serial number 0
01-08 17:41:17.817 3778 3800 V PackageManager: reconcileAppsData for null u0 0x2 migrateAppData=false
01-08 17:41:17.958 3778 3800 V PackageManager: reconcileAppsData finished 175 packages
01-08 17:41:17.960 3778 3793 I SystemServiceManager: Calling onUnlockUser u0
01-08 17:41:17.960 3778 3793 D BluetoothManagerService: User 0 unlocked
01-08 17:41:17.960 3778 3793 D StorageManagerService: onUnlockUser 0
01-08 17:41:17.960 3778 3799 D BluetoothManagerService: MESSAGE_USER_UNLOCKED
01-08 17:41:17.960 3778 3793 D VoldConnector: SND -> {7 volume user_started 0}
01-08 17:41:17.961 3275 3280 D vold : Linking /storage/emulated/0 to /mnt/user/0/primary
01-08 17:41:17.961 3778 3845 D VoldConnector: RCV <- {200 7 Command succeeded}
01-08 17:41:17.962 3778 3844 D StorageManagerService: Volume emulated broadcasting mounted to UserHandle{0}
01-08 17:41:17.963 3778 3844 D StorageManagerService: Volume public:8,1 broadcasting mounted to UserHandle{0}
01-08 17:41:17.963 3778 3778 W HdmiControlService: CEC OneTouchPlay disabled
01-08 17:41:17.963 3778 3778 W WindowManager: OneTouchPlay failed: 6
01-08 17:41:17.975 3778 3778 I ActivityManager: Start proc 4406:com.google.android.marvin.talkback/u0a69 for broadcast com.google.android.marvin.talkback/com.google.android.accessibility.talkback.BootReceiver
01-08 17:41:17.976 3778 3857 D ConnectivityService: Got NetworkFactory Messenger for WIFI
01-08 17:41:17.976 3778 3857 D ConnectivityService: Got NetworkFactory Messenger for WIFI_UT
01-08 17:41:17.978 3778 3792 I UsageStatsService: Time changed in UsageStats by 600277233 seconds
01-08 17:41:17.978 3778 3792 I UsageStatsService: User[0] Flushing usage stats to disk
01-08 17:41:17.996 3778 3793 V BackupManagerService: No ancestral data
01-08 17:41:18.012 3778 3793 V BackupManagerService: Starting with transport com.google.android.gms/.backup.BackupTransportService
01-08 17:41:18.013 3778 3793 D BackupTransportManager: Binding to transport: android/com.android.internal.backup.LocalTransportService
01-08 17:41:18.019 3778 3793 I BackupManagerService: Backup enabled => false
01-08 17:41:18.029 3778 3792 I UsageStatsDatabase: Time changed by +6947d15h40m33s392ms. files deleted: 0 files moved: 4
01-08 17:41:18.032 3778 3792 I UsageStatsService: User[0] Rollover scheduled @ 2019-01-09 17:41:03(1547052063808)
01-08 17:41:18.035 3778 3856 E WifiP2pService: Unable to change interface settings: java.lang.IllegalStateException: command '57 interface setcfg p2p0 0.0.0.0 0 up' failed with '400 57 Failed to clear address (No such device)'
01-08 17:41:18.044 4378 4378 W ContextImpl: Calling a method in the system process without a qualified user: android.app.ContextImpl.bindService:1559 android.content.ContextWrapper.bindService:678 com.nvidia.irtuner.service.NvIRTunerService.bindToShieldBTManagerService:2762 com.nvidia.irtuner.service.NvIRTunerService.onCreate:502 android.app.ActivityThread.handleCreateService:3457
01-08 17:41:18.055 3778 4067 I ActivityManager: Start proc 4427:com.nvidia.bluetooth.ShieldBluetoothManager/1000 for service com.nvidia.bluetooth.ShieldBluetoothManager/.ShieldBluetoothService
01-08 17:41:18.064 3778 3793 W SystemServiceManager: Service com.android.server.backup.BackupManagerService$Lifecycle took 87 ms in onUnlockUser
01-08 17:41:18.064 3778 4419 V KeyValueBackupJob: Scheduling k/v pass in 241 minutes
01-08 17:41:18.219 3778 4091 I ActivityManager: Start proc 4454:android.process.media/u0a8 for broadcast com.android.providers.downloads/.DownloadReceiver
01-08 17:41:18.220 3778 3793 W SystemServiceManager: Service com.android.server.appwidget.AppWidgetService took 156 ms in onUnlockUser
01-08 17:41:18.233 3778 3793 I ActivityManager: Start proc 4467:com.google.android.katniss:interactor/u0a17 for service com.google.android.katniss/.search.serviceapi.KatnissVoiceInteractionService
01-08 17:41:18.248 3778 4091 I ActivityManager: Start proc 4481:com.google.android.leanback.ime/u0a18 for service com.google.android.leanback.ime/com.google.leanback.ime.LeanbackImeService
01-08 17:41:18.260 3778 3778 D BackupTransportManager: Bound to transport: android/com.android.internal.backup.LocalTransportService
01-08 17:41:18.262 3778 3793 I ActivityManager: Loading recents for user 0 into memory.
01-08 17:41:18.286 3778 4419 I BackupManagerService: Found stale backup journal, scheduling
01-08 17:41:18.379 3778 4032 I ActivityManager: Start proc 4498:com.nvidia.blakepairing/1000 for service com.nvidia.blakepairing/.AccessoryService
01-08 17:41:18.393 3778 3793 I ActivityManager: Start proc 4513:com.nvidia.factorybundling/1000 for added application com.nvidia.factorybundling
01-08 17:41:18.409 3778 3793 I ActivityManager: Start proc 4525:com.nvidia.blakepairing/1000 for added application com.nvidia.blakepairing
01-08 17:41:18.426 3778 3793 I ActivityManager: Start proc 4538:com.nvidia.peripheralservice/1000 for added application com.nvidia.peripheralservice
01-08 17:41:18.440 3778 3793 I ActivityManager: Start proc 4556:com.nvidia.shieldtech.accessoryui/u0a115 for added application com.nvidia.shieldtech.accessoryui
01-08 17:41:18.452 3778 3793 I ActivityManager: Start proc 4569:com.nvidia.NvCPLSvc/1000 for added application com.nvidia.NvCPLSvc
01-08 17:41:18.462 3778 3793 I ActivityManager: Start proc 4574:com.android.gallery3d/u0a44 for added application com.android.gallery3d
01-08 17:41:18.473 3778 3793 I ActivityManager: Start proc 4597:com.nvidia.shieldservice/1000 for added application com.nvidia.shieldservice
01-08 17:41:18.484 3778 3793 I ActivityManager: Start proc 4610:com.nvidia.osc/u0a70 for added application com.nvidia.osc
01-08 17:41:18.496 3778 3793 I ActivityManager: Start proc 4622:com.nvidia.ControllerMapper/1000 for added application com.nvidia.ControllerMapper
01-08 17:41:18.507 3778 3793 I ActivityManager: Start proc 4638:com.nvidia.app.messaging/u0a95 for added application com.nvidia.app.messaging
01-08 17:41:18.519 3778 3793 I ActivityManager: Start proc 4654:com.nvidia.beyonder.services.input/u0a74 for added application com.nvidia.beyonder.services.input
01-08 17:41:18.532 3778 3793 I ActivityManager: Start proc 4666:com.nvidia.stats/1000 for added application com.nvidia.stats
01-08 17:41:18.543 3778 3793 I ActivityManager: Start proc 4676:com.nvidia.nvgamecast/1000 for added application com.nvidia.nvgamecast
01-08 17:41:18.553 3778 3793 I ActivityManager: Start proc 4690:com.nvidia.beyonder.server/u0a58 for added application com.nvidia.beyonder.server
01-08 17:41:18.565 3778 3793 I ActivityManager: Start proc 4710:com.nvidia.developerwidget/1000 for added application com.nvidia.developerwidget
01-08 17:41:18.566 3778 3793 I ActivityManager: User 0 state changed from RUNNING_UNLOCKING to RUNNING_UNLOCKED
01-08 17:41:18.566 3778 3793 I ActivityManager: Sending BOOT_COMPLETE user #0
01-08 17:41:18.570 3778 3928 W ActivityManager: No pending application record for pid 4498 (IApplicationThread android.app.IApplicationThread$Stub$Proxy@7ef40c2); dropping process
01-08 17:41:18.575 3778 3778 V NotificationListeners: enabling notification listener for 0: ComponentInfo{com.google.android.tvrecommendations/com.google.android.tvrecommendations.NotificationsService}
01-08 17:41:18.648 3778 3794 W Looper : Dispatch took 267ms on android.ui, h=Handler (com.android.server.am.ActivityManagerService$UiHandler) {5756909} cb=null msg=53
01-08 17:41:18.658 3778 4652 I ActivityManager: START u0 {act=android.intent.action.MAIN cat=[android.intent.category.HOME] flg=0x10000100 cmp=com.google.android.tvlauncher/.HomeScreen} from uid 0
01-08 17:41:18.708 3778 4652 I ActivityManager: Resume of home activity is skipped, reschedule one later
01-08 17:41:18.719 3778 4652 I ActivityManager: Start proc 4743:com.google.android.tvlauncher/u0a108 for activity com.google.android.tvlauncher/.HomeScreen
01-08 17:41:18.739 3778 3828 I WindowManager: WindowState() - found Launcher @ mAppToken:AppWindowToken{ea701d4 token=Token{1d8261a ActivityRecord{6828cc5 u0 com.google.android.tvlauncher/.HomeScreen t2325}}}
01-08 17:41:18.775 3778 3778 W ActivityManager: Slow operation: 51ms so far, now at startProcess: returned from zygote!
01-08 17:41:18.775 3778 3778 W ActivityManager: Slow operation: 52ms so far, now at startProcess: done updating battery stats
01-08 17:41:18.775 3778 3778 W ActivityManager: Slow operation: 52ms so far, now at startProcess: building log message
01-08 17:41:18.775 3778 3778 I ActivityManager: Start proc 4763:com.google.android.tvrecommendations/u0a107 for service com.google.android.tvrecommendations/.NotificationsService
01-08 17:41:18.775 3778 3778 W ActivityManager: Slow operation: 52ms so far, now at startProcess: starting to update pids map
01-08 17:41:18.775 3778 3778 W ActivityManager: Slow operation: 52ms so far, now at startProcess: done updating pids map
01-08 17:41:18.775 3778 3778 W ActivityManager: Slow operation: 52ms so far, now at startProcess: done starting proc!
01-08 17:41:18.775 3778 3778 W NotificationListeners: Skipping notification listener service ComponentInfo{com.google.android.leanbacklauncher/com.google.android.leanbacklauncher.recommendations.NotificationsService}: it does not require the permission android.permission.BIND_NOTIFICATION_LISTENER_SERVICE
01-08 17:41:18.776 3778 3778 W NotificationListeners: Skipping notification listener service ComponentInfo{com.google.android.leanbacklauncher.recommendations/com.google.android.leanbacklauncher.recommendations.UbNotificationsService}: it does not require the permission android.permission.BIND_NOTIFICATION_LISTENER_SERVICE
01-08 17:41:18.845 3778 3828 I WindowManager: B2026652 WAR. Hide the surface com.android.tv.settings/com.android.tv.settings.system.FallbackHome
01-08 17:41:18.963 3778 3828 I chatty : uid=1000(system) android.anim identical 7 lines
01-08 17:41:18.980 3778 3828 I WindowManager: B2026652 WAR. Hide the surface com.android.tv.settings/com.android.tv.settings.system.FallbackHome
01-08 17:41:18.997 3778 4630 I ActivityManager: Start proc 4810:com.google.process.gapps/u0a10 for content provider com.google.android.gsf/.gservices.GservicesProvider
01-08 17:41:18.997 3778 3828 I WindowManager: B2026652 WAR. Hide the surface com.android.tv.settings/com.android.tv.settings.system.FallbackHome
01-08 17:41:19.012 3778 3828 I WindowManager: B2026652 WAR. Hide the surface com.android.tv.settings/com.android.tv.settings.system.FallbackHome
01-08 17:41:19.020 3778 4032 I ActivityManager: Start proc 4826:com.nvidia.diagtools/1000 for broadcast com.nvidia.diagtools/.main.MediaEventReceiver
01-08 17:41:19.029 3778 3828 I WindowManager: B2026652 WAR. Hide the surface com.android.tv.settings/com.android.tv.settings.system.FallbackHome
01-08 17:41:19.043 3778 4652 I ActivityManager: Start proc 4836:com.google.android.gms.persistent/u0a10 for service com.google.android.gms/.chimera.PersistentDirectBootAwareApiService
01-08 17:41:19.045 3778 3828 I WindowManager: B2026652 WAR. Hide the surface com.android.tv.settings/com.android.tv.settings.system.FallbackHome
01-08 17:41:19.148 3778 3828 I chatty : uid=1000(system) android.anim identical 6 lines
01-08 17:41:19.164 3778 3828 I WindowManager: B2026652 WAR. Hide the surface com.android.tv.settings/com.android.tv.settings.system.FallbackHome
01-08 17:41:19.177 3778 3792 I ActivityManager: Start proc 4865:com.android.keychain/1000 for service com.android.keychain/.KeyChainService
01-08 17:41:19.179 3778 3828 I WindowManager: B2026652 WAR. Hide the surface com.android.tv.settings/com.android.tv.settings.system.FallbackHome
01-08 17:41:19.195 3778 3828 I chatty : uid=1000(system) android.anim identical 1 line
01-08 17:41:19.212 3778 3828 I WindowManager: B2026652 WAR. Hide the surface com.android.tv.settings/com.android.tv.settings.system.FallbackHome
01-08 17:41:19.328 4538 4538 W ContextImpl: Calling a method in the system process without a qualified user: android.app.ContextImpl.startService:1479 android.content.ContextWrapper.startService:644 android.content.ContextWrapper.startService:644 com.nvidia.peripheralservice.BootReceiver.onReceive:66 android.app.ActivityThread.handleReceiver:3305
01-08 17:41:19.353 3778 4637 I ActivityManager: Start proc 4906:com.mobisystems.fileman/u0a104 for broadcast com.mobisystems.fileman/com.mobisystems.libfilemng.MediaMountedReceiver
01-08 17:41:19.381 3778 4630 I ActivityManager: Start proc 4923:com.google.android.gms/u0a10 for service com.google.android.gms/.chimera.GmsBoundBrokerService
01-08 17:41:19.762 4906 4906 E ActivityThread: Failed to find provider info for com.mobisystems.msconfig.provider
01-08 17:41:19.822 3778 3789 I ActivityManager: Start proc 5002:com.google.android.katniss:search/u0a17 for service com.google.android.katniss/com.google.android.hotword.service.HotwordService
01-08 17:41:19.980 3778 4652 I ActivityManager: Start proc 5026:com.nvidia.shield.nvcustomize/u0a20 for content provider com.nvidia.shield.nvcustomize/.ConfigurationProvider
01-08 17:41:20.076 3778 4091 I ActivityManager: Start proc 5058:com.nvidia.shieldtech.rpx/1000 for service com.nvidia.shieldtech.rpx/.RpxServer
01-08 17:41:20.274 3778 4091 I ActivityManager: Start proc 5111:com.android.providers.tv/u0a32 for content provider com.android.providers.tv/.TvProvider
01-08 17:41:20.320 4743 4938 E ActivityThread: Failed to find provider info for tvlauncher.widget
01-08 17:41:20.333 4743 5129 E ActivityThread: Failed to find provider info for tvlauncher.mic
01-08 17:41:20.362 3778 4630 I WindowManager: WindowState() - found Launcher @ mAppToken:AppWindowToken{ea701d4 token=Token{1d8261a ActivityRecord{6828cc5 u0 com.google.android.tvlauncher/.HomeScreen t2325}}}
01-08 17:41:20.686 4538 4538 W ContextImpl: Calling a method in the system process without a qualified user: android.app.ContextImpl.startService:1479 android.content.ContextWrapper.startService:644 android.content.ContextWrapper.startService:644 com.nvidia.peripheralservice.BootReceiver.onReceive:66 android.app.ActivityThread.handleReceiver:3305
01-08 17:41:21.040 4622 4622 W ContextImpl: Calling a method in the system process without a qualified user: android.app.ContextImpl.startService:1479 android.content.ContextWrapper.startService:644 android.content.ContextWrapper.startService:644 com.nvidia.ControllerMapper.BootCompletedReceiver.onReceive:23 android.app.ActivityThread.handleReceiver:3305
01-08 17:41:21.050 3778 5211 I BootReceiver: Copying audit failures to DropBox
01-08 17:41:21.050 3778 5211 I BootReceiver: Checking for fsck errors
01-08 17:41:21.051 3778 5211 I BootReceiver: fs_stat, partition:CAC fix:Free blocks count wrong (62699, counted=62701).
01-08 17:41:21.051 3778 5211 I BootReceiver: fs_stat, partition:CAC stat:0x449
01-08 17:41:21.051 3778 5211 I BootReceiver: fs_stat, partition:UDA found tree optimization:Inode 459026 extent tree (at level 1) could be shorter. Fix? yes
01-08 17:41:21.051 3778 5211 I BootReceiver: fs_stat, partition:UDA found quota warning:[QUOTA WARNING] Usage inconsistent for ID 10075:actual (170483712, 1040) != expected (170487808, 1040)
01-08 17:41:21.051 3778 5211 I BootReceiver: fs_stat, partition:UDA found quota warning:[QUOTA WARNING] Usage inconsistent for ID 10075:actual (140521472, 86) != expected (140525568, 86)
01-08 17:41:21.051 3778 5211 I BootReceiver: fs_stat, partition:UDA quota fix due to tree optimization
01-08 17:41:21.051 3778 5211 I BootReceiver: fs_stat, partition:UDA stat:0x9
01-08 17:41:21.052 3778 5211 I BootReceiver: fs_stat, partition:RP3 stat:0x9
01-08 17:41:21.059 3778 4652 I ActivityManager: Start proc 5214:com.nvidia.shield.ask/u0a39 for broadcast com.nvidia.shield.ask/com.nvidia.shield.control.StateMonitor
01-08 17:41:21.438 3778 4630 I ActivityManager: Start proc 5279:android.process.acore/u0a4 for content provider com.android.providers.userdictionary/.UserDictionaryProvider
01-08 17:41:21.649 3778 4032 I ActivityManager: Start proc 5316:com.google.android.music:main/u0a54 for service com.google.android.music/.browse.MediaBrowserService
01-08 17:41:21.819 4525 5308 E ActivityThread: Failed to find provider info for com.nvidia.ibeta
01-08 17:41:22.528 3778 4637 W SoundModelDBHelper: No SoundModel available for the given keyphrase
01-08 17:41:22.979 3778 3852 E ActivityThread: Failed to find provider info for com.nvidia.ibeta
01-08 17:41:23.446 3778 4630 W ActivityManager: Permission Denial: opening provider com.nvidia.tegrazone.search.ImageProvider from ProcessRecord{c39f171 4743:com.google.android.tvlauncher/u0a108} (pid=4743, uid=10108) that is not exported from UID 10075
01-08 17:41:23.532 4525 4525 W ActivityThread: ClassLoader.getResources: The class loader returned by Thread.getContextClassLoader() may fail for processes that host multiple applications. You should explicitly specify a context class loader. For example: Thread.setContextClassLoader(getClass().getClassLoader());
01-08 17:41:23.681 3778 4037 I ActivityManager: Start proc 5426:com.google.android.play.games/u0a60 for broadcast com.google.android.play.games/com.google.android.gms.games.pano.recommendation.GamesPanoBroadcastReceiver
01-08 17:41:24.058 3778 4037 I ActivityManager: Start proc 5473:com.netflix.ninja/u0a55 for broadcast com.netflix.ninja/.BootCompleteReceiver
01-08 17:41:24.181 3778 4684 I ActivityManager: Start proc 5495:com.plexapp.android/u0a61 for service com.plexapp.android/com.plexapp.plex.audioplayer.MediaBrowserAudioService
01-08 17:41:24.578 3778 4067 I ActivityManager: Start proc 5535:com.google.android.play.games.ui/u0a60 for service com.google.android.play.games/com.google.android.gms.games.service.PlayGamesBridgeService
01-08 17:41:24.849 3778 4630 I ActivityManager: Start proc 5610:com.amazon.amazonvideo.livingroom/u0a110 for broadcast com.amazon.amazonvideo.livingroom/com.amazon.ignition.receiver.BootUpReceiver
01-08 17:41:25.180 3778 4630 I ActivityManager: Start proc 5646:com.plexapp.mediaserver.smb/u0a62 for service com.plexapp.mediaserver.smb/com.plexapp.mediaserver.MediaServerService
01-08 17:41:25.207 3778 4630 I ActivityManager: Start proc 5660:com.google.android.tts/u0a51 for service com.google.android.tts/.service.GoogleTTSService
01-08 17:41:25.268 3778 4652 I ActivityManager: Start proc 5680:com.android.hotwordenrollment/u0a77 for broadcast com.android.hotwordenrollment/.StartupReceiver
01-08 17:41:25.384 3778 4067 I ActivityManager: Start proc 5716:com.spotify.tv.android/u0a101 for service com.spotify.tv.android/.service.SpotifyMediaBrowseService
01-08 17:41:25.399 3778 4067 I ActivityManager: Start proc 5723:com.android.inputmethod.latin/u0a35 for broadcast com.android.inputmethod.latin/.SystemBroadcastReceiver
01-08 17:41:25.620 3778 4652 I ActivityManager: Process com.android.inputmethod.latin (pid 5723) has died: fore RCVR
01-08 17:41:25.634 3778 3793 I ActivityManager: Start proc 5762:com.android.providers.calendar/u0a3 for broadcast com.android.providers.calendar/.CalendarReceiver
01-08 17:41:25.822 4144 4144 W ContextImpl: Calling a method in the system process without a qualified user: android.app.ContextImpl.startService:1479 android.content.ContextWrapper.startService:644 android.content.ContextWrapper.startService:644 com.android.tv.settings.users.UserSwitchListenerService$BootReceiver.onReceive:54 android.app.ActivityThread.handleReceiver:3305
01-08 17:41:25.866 3778 4652 I ActivityManager: Start proc 5800:com.android.vending/u0a31 for broadcast com.android.vending/com.google.android.finsky.boothandler.BootCompletedReceiver
