01-08 20:58:12.165 19818 19850 V Kodi : Debug Print: GOT ANNOUNCEMENT, type: 512, from plugin.video.netflix.SIGNAL, message playback_initiated
01-08 20:58:12.186 19818 19889 V Kodi : Debug Print: [Netflix] PlaybackController: Notifying all managers of initialize (data={u'tvshow_video_id': 70281312, u'timeline_markers': {u'creditsOffset': 2672, u'watchedToEndOffset': 2668}})
01-08 20:58:12.186 19818 19889 V Kodi : Debug Print: [Netflix] BookmarkManager: Loading enabled setting from store
01-08 20:58:12.187 19818 19889 V Kodi : Debug Print: [Netflix] BookmarkManager: Initialiized (enabled=False, dbinfo=None, markers=None)
01-08 20:58:12.187 19818 19889 V Kodi : Debug Print: [Netflix] SectionSkipper: Loading enabled setting from store
01-08 20:58:12.188 19818 19889 V Kodi : Debug Print: [Netflix] SectionSkipper: Initialiized (enabled=1, markers={u'creditsOffset': 2672, u'watchedToEndOffset': 2668}, auto_skip=False, pause_on_skip=False)
01-08 20:58:12.188 19818 19889 V Kodi : Debug Print: [Netflix] StreamContinuityManager: Loading enabled setting from store
01-08 20:58:12.188 19818 19889 V Kodi : Debug Print: [Netflix] StreamContinuityManager: Initialiized (enabled=1, current_show=70281312)
01-08 20:58:12.196 19818 19883 V Kodi : Debug Print: easy_acquire - Created session to http://www.msftncsi.com
01-08 20:58:12.264 3876 4344 V Avrcp : onPlaybackStateChanged: state PlaybackState {state=3, position=0, buffered position=0, speed=1.0, updated=11848562, actions=-1, custom actions=[], active item id=-1, error=null}
01-08 20:58:12.265 5214 5214 D DeviceControlManagerService: onPlaybackStateChanged :PlaybackState {state=3, position=0, buffered position=0, speed=1.0, updated=11848562, actions=-1, custom actions=[], active item id=-1, error=null}
01-08 20:58:12.265 4763 4763 D NowPlayingListener: onPlaybackStateChanged: PlaybackState {state=3, position=0, buffered position=0, speed=1.0, updated=11848562, actions=-1, custom actions=[], active item id=-1, error=null}
01-08 20:58:12.265 4763 4763 D NowPlayingListener: updatePlayback() called with: state = [PlaybackState {state=3, position=0, buffered position=0, speed=1.0, updated=11848562, actions=-1, custom actions=[], active item id=-1, error=null}] and now playing listener: com.google.android.tvrecommendations.NowPlayingManager@4ab6298
01-08 20:58:12.265 4763 4763 D NowPlayingManager: onClientPlaybackStateUpdate() called with: state = [3], stateChangeTimeMs = [11848562], currentPosMs = [0]
01-08 20:58:12.265 4763 4763 D NowPlayingManager: onClientPlaybackStateUpdate: Skipped update, state: 3 was unchanged
01-08 20:58:12.265 4763 4763 D NowPlayingListener: updateMetadata() called with: metadata = [android.media.MediaMetadata@149b0b5] and now playing listener: com.google.android.tvrecommendations.NowPlayingManager@4ab6298
01-08 20:58:12.268 4763 4763 D NowPlayingManager: onMediaDataUpdated() called with: mediaData = [com.google.android.tvrecommendations.NowPlayingData@135934a]
01-08 20:58:12.276 4763 4763 D TVNotifService: onTVNotificationPosted StatusBarNotification(pkg=com.google.android.tvrecommendations user=UserHandle{0} id=4321 tag=Notification.NowPlaying key=0|com.google.android.tvrecommendations|4321|Notification.NowPlaying|10107: Notification(channel=now_playing pri=0 contentView=null vibrate=null sound=null defaults=0x0 flags=0x0 color=0x00000000 vis=PRIVATE)) userId: 0
01-08 20:58:12.369 19327 19343 I Finsky : [137] com.google.android.finsky.bq.an.run(6): Stats for Executor: InstallQueueDatabaseManager com.google.android.finsky.bq.ao@ce6f1eb[Running, pool size = 0, active threads = 0, queued tasks = 0, completed tasks = 1]
01-08 20:58:12.782 5214 5214 D DeviceControlManagerService: onPlaybackStateChanged :PlaybackState {state=3, position=0, buffered position=0, speed=1.0, updated=11849079, actions=-1, custom actions=[], active item id=-1, error=null}
01-08 20:58:12.782 4763 4763 D NowPlayingListener: onPlaybackStateChanged: PlaybackState {state=3, position=0, buffered position=0, speed=1.0, updated=11849079, actions=-1, custom actions=[], active item id=-1, error=null}
01-08 20:58:12.782 4763 4763 D NowPlayingListener: updatePlayback() called with: state = [PlaybackState {state=3, position=0, buffered position=0, speed=1.0, updated=11849079, actions=-1, custom actions=[], active item id=-1, error=null}] and now playing listener: com.google.android.tvrecommendations.NowPlayingManager@4ab6298
01-08 20:58:12.782 4763 4763 D NowPlayingManager: onClientPlaybackStateUpdate() called with: state = [3], stateChangeTimeMs = [11849079], currentPosMs = [0]
01-08 20:58:12.782 4763 4763 D NowPlayingManager: onClientPlaybackStateUpdate: Skipped update, state: 3 was unchanged
01-08 20:58:12.782 3876 4344 V Avrcp : onPlaybackStateChanged: state PlaybackState {state=3, position=0, buffered position=0, speed=1.0, updated=11849079, actions=-1, custom actions=[], active item id=-1, error=null}
01-08 20:58:12.783 4763 4763 D NowPlayingListener: updateMetadata() called with: metadata = [android.media.MediaMetadata@64403d8] and now playing listener: com.google.android.tvrecommendations.NowPlayingManager@4ab6298
01-08 20:58:12.785 4763 4763 D NowPlayingManager: onMediaDataUpdated() called with: mediaData = [com.google.android.tvrecommendations.NowPlayingData@531a331]
01-08 20:58:12.794 4763 4763 D TVNotifService: onTVNotificationPosted StatusBarNotification(pkg=com.google.android.tvrecommendations user=UserHandle{0} id=4321 tag=Notification.NowPlaying key=0|com.google.android.tvrecommendations|4321|Notification.NowPlaying|10107: Notification(channel=now_playing pri=0 contentView=null vibrate=null sound=null defaults=0x0 flags=0x0 color=0x00000000 vis=PRIVATE)) userId: 0
01-08 20:58:13.065 3876 4344 V Avrcp : MSG_UPDATE_MEDIA
01-08 20:58:13.065 3876 4344 V Avrcp : updatePlaybackState (1): -1➡1(PlaybackState {state=3, position=0, buffered position=0, speed=1.0, updated=11849364, actions=-1, custom actions=[], active item id=-1, error=null})
01-08 20:58:13.066 3876 4344 V Avrcp : Media update: id -1➡-1? [MediaAttributes: R⋯e - by (0 0/0) ]
01-08 20:58:13.066 3876 4344 D Avrcp : sendTrackChangedRsp: Not registered or registering.
01-08 20:58:13.066 3876 4344 D Avrcp : sendPlayPosNotificationRsp: Not registered or requesting.
01-08 20:58:13.196 19818 19927 V Kodi : Debug Print: [Netflix] Widevine CryptoSession encrypt successful: 416 bytes returned
01-08 20:58:13.200 19818 19927 V Kodi : Debug Print: [Netflix] Widevine CryptoSession sign success: length:32
01-08 20:58:13.201 19818 19927 V Kodi : Debug Print: [Netflix] Widevine CryptoSession encrypt successful: 1584 bytes returned
01-08 20:58:13.202 19818 19927 V Kodi : Debug Print: [Netflix] Widevine CryptoSession sign success: length:32
01-08 20:58:13.282 3876 4344 V Avrcp : onPlaybackStateChanged: state PlaybackState {state=3, position=0, buffered position=0, speed=1.0, updated=11849580, actions=-1, custom actions=[], active item id=-1, error=null}
01-08 20:58:13.282 4763 4763 D NowPlayingListener: onPlaybackStateChanged: PlaybackState {state=3, position=0, buffered position=0, speed=1.0, updated=11849580, actions=-1, custom actions=[], active item id=-1, error=null}
01-08 20:58:13.282 5214 5214 D DeviceControlManagerService: onPlaybackStateChanged :PlaybackState {state=3, position=0, buffered position=0, speed=1.0, updated=11849580, actions=-1, custom actions=[], active item id=-1, error=null}
01-08 20:58:13.282 4763 4763 D NowPlayingListener: updatePlayback() called with: state = [PlaybackState {state=3, position=0, buffered position=0, speed=1.0, updated=11849580, actions=-1, custom actions=[], active item id=-1, error=null}] and now playing listener: com.google.android.tvrecommendations.NowPlayingManager@4ab6298
01-08 20:58:13.282 4763 4763 D NowPlayingManager: onClientPlaybackStateUpdate() called with: state = [3], stateChangeTimeMs = [11849580], currentPosMs = [0]
01-08 20:58:13.282 4763 4763 D NowPlayingManager: onClientPlaybackStateUpdate: Skipped update, state: 3 was unchanged
01-08 20:58:13.283 4763 4763 D NowPlayingListener: updateMetadata() called with: metadata = [android.media.MediaMetadata@8657f97] and now playing listener: com.google.android.tvrecommendations.NowPlayingManager@4ab6298
01-08 20:58:13.285 4763 4763 D NowPlayingManager: onMediaDataUpdated() called with: mediaData = [com.google.android.tvrecommendations.NowPlayingData@5e18584]
01-08 20:58:13.294 4763 4763 D TVNotifService: onTVNotificationPosted StatusBarNotification(pkg=com.google.android.tvrecommendations user=UserHandle{0} id=4321 tag=Notification.NowPlaying key=0|com.google.android.tvrecommendations|4321|Notification.NowPlaying|10107: Notification(channel=now_playing pri=0 contentView=null vibrate=null sound=null defaults=0x0 flags=0x0 color=0x00000000 vis=PRIVATE)) userId: 0
01-08 20:58:13.800 5214 5214 D DeviceControlManagerService: onPlaybackStateChanged :PlaybackState {state=3, position=0, buffered position=0, speed=1.0, updated=11850097, actions=-1, custom actions=[], active item id=-1, error=null}
01-08 20:58:13.800 3876 4344 V Avrcp : onPlaybackStateChanged: state PlaybackState {state=3, position=0, buffered position=0, speed=1.0, updated=11850097, actions=-1, custom actions=[], active item id=-1, error=null}
01-08 20:58:13.800 4763 4763 D NowPlayingListener: onPlaybackStateChanged: PlaybackState {state=3, position=0, buffered position=0, speed=1.0, updated=11850097, actions=-1, custom actions=[], active item id=-1, error=null}
01-08 20:58:13.800 4763 4763 D NowPlayingListener: updatePlayback() called with: state = [PlaybackState {state=3, position=0, buffered position=0, speed=1.0, updated=11850097, actions=-1, custom actions=[], active item id=-1, error=null}] and now playing listener: com.google.android.tvrecommendations.NowPlayingManager@4ab6298
01-08 20:58:13.800 4763 4763 D NowPlayingManager: onClientPlaybackStateUpdate() called with: state = [3], stateChangeTimeMs = [11850097], currentPosMs = [0]
01-08 20:58:13.800 4763 4763 D NowPlayingManager: onClientPlaybackStateUpdate: Skipped update, state: 3 was unchanged
01-08 20:58:13.800 4763 4763 D NowPlayingListener: updateMetadata() called with: metadata = [android.media.MediaMetadata@d3541a2] and now playing listener: com.google.android.tvrecommendations.NowPlayingManager@4ab6298
01-08 20:58:13.803 4763 4763 D NowPlayingManager: onMediaDataUpdated() called with: mediaData = [com.google.android.tvrecommendations.NowPlayingData@ef87e33]
01-08 20:58:13.811 4763 4763 D TVNotifService: onTVNotificationPosted StatusBarNotification(pkg=com.google.android.tvrecommendations user=UserHandle{0} id=4321 tag=Notification.NowPlaying key=0|com.google.android.tvrecommendations|4321|Notification.NowPlaying|10107: Notification(channel=now_playing pri=0 contentView=null vibrate=null sound=null defaults=0x0 flags=0x0 color=0x00000000 vis=PRIVATE)) userId: 0
01-08 20:58:14.283 3876 4344 V Avrcp : MSG_UPDATE_MEDIA
01-08 20:58:14.283 3876 4344 V Avrcp : updatePlaybackState (1): -1➡1(PlaybackState {state=3, position=0, buffered position=0, speed=1.0, updated=11850582, actions=-1, custom actions=[], active item id=-1, error=null})
01-08 20:58:14.284 3876 4344 V Avrcp : Media update: id -1➡-1? [MediaAttributes: R⋯e - by (0 0/0) ]
01-08 20:58:14.284 3876 4344 D Avrcp : sendPlayPosNotificationRsp: Not registered or requesting.
01-08 20:58:14.317 3876 4344 V Avrcp : onPlaybackStateChanged: state PlaybackState {state=3, position=0, buffered position=0, speed=1.0, updated=11850614, actions=-1, custom actions=[], active item id=-1, error=null}
01-08 20:58:14.317 5214 5214 D DeviceControlManagerService: onPlaybackStateChanged :PlaybackState {state=3, position=0, buffered position=0, speed=1.0, updated=11850614, actions=-1, custom actions=[], active item id=-1, error=null}
01-08 20:58:14.317 4763 4763 D NowPlayingListener: onPlaybackStateChanged: PlaybackState {state=3, position=0, buffered position=0, speed=1.0, updated=11850614, actions=-1, custom actions=[], active item id=-1, error=null}
01-08 20:58:14.317 4763 4763 D NowPlayingListener: updatePlayback() called with: state = [PlaybackState {state=3, position=0, buffered position=0, speed=1.0, updated=11850614, actions=-1, custom actions=[], active item id=-1, error=null}] and now playing listener: com.google.android.tvrecommendations.NowPlayingManager@4ab6298
01-08 20:58:14.317 4763 4763 D NowPlayingManager: onClientPlaybackStateUpdate() called with: state = [3], stateChangeTimeMs = [11850614], currentPosMs = [0]
01-08 20:58:14.317 4763 4763 D NowPlayingManager: onClientPlaybackStateUpdate: Skipped update, state: 3 was unchanged
01-08 20:58:14.317 4763 4763 D NowPlayingListener: updateMetadata() called with: metadata = [android.media.MediaMetadata@5f88769] and now playing listener: com.google.android.tvrecommendations.NowPlayingManager@4ab6298
01-08 20:58:14.320 4763 4763 D NowPlayingManager: onMediaDataUpdated() called with: mediaData = [com.google.android.tvrecommendations.NowPlayingData@849d5ee]
01-08 20:58:14.329 4763 4763 D TVNotifService: onTVNotificationPosted StatusBarNotification(pkg=com.google.android.tvrecommendations user=UserHandle{0} id=4321 tag=Notification.NowPlaying key=0|com.google.android.tvrecommendations|4321|Notification.NowPlaying|10107: Notification(channel=now_playing pri=0 contentView=null vibrate=null sound=null defaults=0x0 flags=0x0 color=0x00000000 vis=PRIVATE)) userId: 0
01-08 20:58:14.519 19818 19927 V Kodi : Debug Print: [Netflix] Widevine CryptoSession decrypt successful: 9136 bytes returned
01-08 20:58:14.521 19818 19927 V Kodi : Debug Print: [Netflix] Widevine CryptoSession decrypt successful: 1584 bytes returned
01-08 20:58:14.542 19818 19971 V Kodi : Debug Print: AddOnLog: InputStream Adaptive: Effective URL http://localhost:34837/manifest?id=70282397&dolby=true&hevc=false&hdr=false&dolbyvision=false&vp9=false
01-08 20:58:14.543 19818 19971 V Kodi : Debug Print: AddOnLog: InputStream Adaptive: Download http://localhost:34837/manifest?id=70282397&dolby=true&hevc=false&hdr=false&dolbyvision=false&vp9=false finished
01-08 20:58:14.544 19818 19971 V Kodi : Debug Print: AddOnLog: InputStream Adaptive: Successfully parsed .mpd file. #Streams: 17 Type: VOD, Download speed: 0.0000 Bytes/s
01-08 20:58:14.544 19818 19971 V Kodi : Debug Print: CAddonSettings[inputstream.adaptive]: loading setting definitions
01-08 20:58:14.546 19818 19971 V Kodi : Debug Print: Previous line repeats 1 times.
01-08 20:58:14.546 19818 19971 V Kodi : Debug Print: AddOnLog: InputStream Adaptive: Entering encryption section
01-08 20:58:14.552 3501 6281 I DrmHal : makeDrmFactories: factory instance default is Not Remote
01-08 20:58:14.553 3501 6281 E WVCdm : App requested unknown string property deviceUniqueId
01-08 20:58:14.553 19818 19971 E MediaDrm-JNI: Illegal state exception: Failed to get property: Unsupported scheme or data format (-2006)
01-08 20:58:14.554 3501 6281 I WVCdm : CdmEngine::QueryStatus
01-08 20:58:14.554 3501 6281 I WVCdm : CdmEngine::QueryStatus
01-08 20:58:14.556 19818 19971 V Kodi : Debug Print: AddOnLog: InputStream Adaptive: Successful instanciated media_drm: 0x260d199b10, deviceid: , systemId: 6563 security-level: L1
01-08 20:58:14.556 19818 19971 V Kodi : Debug Print: AddOnLog: InputStream Adaptive: Initializing stream with KID: 00000000044633720000000000000000
01-08 20:58:14.557 3501 6281 I WVCdm : CdmEngine::OpenSession
01-08 20:58:14.557 3501 6281 D WVCdm : CryptoSession::Open: Lock: requested_security_level: Default
01-08 20:58:14.557 3501 6281 E oemcrypto_cenc: OEMCrypto_APIVersion: 11
01-08 20:58:14.562 3501 6281 I WVCdm : CdmEngine::QueryOemCryptoSessionId
01-08 20:58:14.563 3501 6281 I WVCdm : CdmEngine::GenerateKeyRequest
01-08 20:58:14.563 3501 6281 E oemcrypto_cenc: OEMCrypto_APIVersion: 11
01-08 20:58:14.564 3501 6281 D WVCdm : PrepareKeyRequest: nonce=4156802925
01-08 20:58:14.593 19818 19971 V Kodi : Debug Print: AddOnLog: InputStream Adaptive: Key request successful size: 2234
01-08 20:58:14.594 19818 19971 V Kodi : Debug Print: CurlFile::Open(0x2614230080) http://localhost:34837/license?id=70282397
01-08 20:58:14.817 3876 4344 V Avrcp : onPlaybackStateChanged: state PlaybackState {state=3, position=0, buffered position=0, speed=1.0, updated=11851115, actions=-1, custom actions=[], active item id=-1, error=null}
01-08 20:58:14.817 5214 5214 D DeviceControlManagerService: onPlaybackStateChanged :PlaybackState {state=3, position=0, buffered position=0, speed=1.0, updated=11851115, actions=-1, custom actions=[], active item id=-1, error=null}
01-08 20:58:14.817 4763 4763 D NowPlayingListener: onPlaybackStateChanged: PlaybackState {state=3, position=0, buffered position=0, speed=1.0, updated=11851115, actions=-1, custom actions=[], active item id=-1, error=null}
01-08 20:58:14.817 4763 4763 D NowPlayingListener: updatePlayback() called with: state = [PlaybackState {state=3, position=0, buffered position=0, speed=1.0, updated=11851115, actions=-1, custom actions=[], active item id=-1, error=null}] and now playing listener: com.google.android.tvrecommendations.NowPlayingManager@4ab6298
01-08 20:58:14.817 4763 4763 D NowPlayingManager: onClientPlaybackStateUpdate() called with: state = [3], stateChangeTimeMs = [11851115], currentPosMs = [0]
01-08 20:58:14.817 4763 4763 D NowPlayingManager: onClientPlaybackStateUpdate: Skipped update, state: 3 was unchanged
01-08 20:58:14.818 4763 4763 D NowPlayingListener: updateMetadata() called with: metadata = [android.media.MediaMetadata@172011c] and now playing listener: com.google.android.tvrecommendations.NowPlayingManager@4ab6298
01-08 20:58:14.820 4763 4763 D NowPlayingManager: onMediaDataUpdated() called with: mediaData = [com.google.android.tvrecommendations.NowPlayingData@1893125]
01-08 20:58:14.829 4763 4763 D TVNotifService: onTVNotificationPosted StatusBarNotification(pkg=com.google.android.tvrecommendations user=UserHandle{0} id=4321 tag=Notification.NowPlaying key=0|com.google.android.tvrecommendations|4321|Notification.NowPlaying|10107: Notification(channel=now_playing pri=0 contentView=null vibrate=null sound=null defaults=0x0 flags=0x0 color=0x00000000 vis=PRIVATE)) userId: 0
01-08 20:58:15.317 3876 4344 V Avrcp : MSG_UPDATE_MEDIA
01-08 20:58:15.318 3876 4344 V Avrcp : updatePlaybackState (1): -1➡1(PlaybackState {state=3, position=0, buffered position=0, speed=1.0, updated=11851616, actions=-1, custom actions=[], active item id=-1, error=null})
01-08 20:58:15.318 3876 4344 V Avrcp : Media update: id -1➡-1? [MediaAttributes: R⋯e - by (0 0/0) ]
01-08 20:58:15.318 3876 4344 D Avrcp : sendPlayPosNotificationRsp: Not registered or requesting.
01-08 20:58:15.334 3876 4344 V Avrcp : onPlaybackStateChanged: state PlaybackState {state=3, position=0, buffered position=0, speed=1.0, updated=11851632, actions=-1, custom actions=[], active item id=-1, error=null}
01-08 20:58:15.335 5214 5214 D DeviceControlManagerService: onPlaybackStateChanged :PlaybackState {state=3, position=0, buffered position=0, speed=1.0, updated=11851632, actions=-1, custom actions=[], active item id=-1, error=null}
01-08 20:58:15.335 4763 4763 D NowPlayingListener: onPlaybackStateChanged: PlaybackState {state=3, position=0, buffered position=0, speed=1.0, updated=11851632, actions=-1, custom actions=[], active item id=-1, error=null}
01-08 20:58:15.335 4763 4763 D NowPlayingListener: updatePlayback() called with: state = [PlaybackState {state=3, position=0, buffered position=0, speed=1.0, updated=11851632, actions=-1, custom actions=[], active item id=-1, error=null}] and now playing listener: com.google.android.tvrecommendations.NowPlayingManager@4ab6298
01-08 20:58:15.335 4763 4763 D NowPlayingManager: onClientPlaybackStateUpdate() called with: state = [3], stateChangeTimeMs = [11851632], currentPosMs = [0]
01-08 20:58:15.335 4763 4763 D NowPlayingManager: onClientPlaybackStateUpdate: Skipped update, state: 3 was unchanged
01-08 20:58:15.335 4763 4763 D NowPlayingListener: updateMetadata() called with: metadata = [android.media.MediaMetadata@1b80ab] and now playing listener: com.google.android.tvrecommendations.NowPlayingManager@4ab6298
01-08 20:58:15.338 4763 4763 D NowPlayingManager: onMediaDataUpdated() called with: mediaData = [com.google.android.tvrecommendations.NowPlayingData@c2c1308]
01-08 20:58:15.347 4763 4763 D TVNotifService: onTVNotificationPosted StatusBarNotification(pkg=com.google.android.tvrecommendations user=UserHandle{0} id=4321 tag=Notification.NowPlaying key=0|com.google.android.tvrecommendations|4321|Notification.NowPlaying|10107: Notification(channel=now_playing pri=0 contentView=null vibrate=null sound=null defaults=0x0 flags=0x0 color=0x00000000 vis=PRIVATE)) userId: 0
01-08 20:58:15.597 19818 19927 V Kodi : Debug Print: [Netflix] Widevine CryptoSession encrypt successful: 416 bytes returned
01-08 20:58:15.599 19818 19927 V Kodi : Debug Print: [Netflix] Widevine CryptoSession sign success: length:32
01-08 20:58:15.600 19818 19927 V Kodi : Debug Print: [Netflix] Widevine CryptoSession encrypt successful: 5040 bytes returned
01-08 20:58:15.602 19818 19927 V Kodi : Debug Print: [Netflix] Widevine CryptoSession sign success: length:32
01-08 20:58:15.742 3778 3798 D NetlinkTracker/eth0: addressUpdated: 2a02:8071:b82:d800:204:4bff:fe87:78d2/64 on eth0 flags 0 scope 0
01-08 20:58:15.743 3778 3798 D NetlinkTracker/eth0: addressUpdated: 2a02:8071:b82:d800:204:4bff:fe87:78d2/64 on eth0 flags 0 scope 0
01-08 20:58:15.743 3778 3798 D NetlinkTracker/eth0: addressUpdated: 2a02:8071:b82:d800:c40:687e:ba4:cce2/64 on eth0 flags 1 scope 0
01-08 20:58:15.743 3778 3798 D NetlinkTracker/eth0: addressUpdated: 2a02:8071:b82:d800:c40:687e:ba4:cce2/64 on eth0 flags 1 scope 0
01-08 20:58:15.743 3778 3798 D NetlinkTracker/eth0: interfaceDnsServerInfo: [fd00::ca0e:14ff:febe:8ce7]
01-08 20:58:15.743 3778 3798 D NetlinkTracker/eth0: interfaceDnsServerInfo: [fd00::ca0e:14ff:febe:8ce7]
01-08 20:58:15.852 4763 4763 D NowPlayingListener: onPlaybackStateChanged: PlaybackState {state=3, position=0, buffered position=0, speed=1.0, updated=11852149, actions=-1, custom actions=[], active item id=-1, error=null}
01-08 20:58:15.852 5214 5214 D DeviceControlManagerService: onPlaybackStateChanged :PlaybackState {state=3, position=0, buffered position=0, speed=1.0, updated=11852149, actions=-1, custom actions=[], active item id=-1, error=null}
01-08 20:58:15.852 4763 4763 D NowPlayingListener: updatePlayback() called with: state = [PlaybackState {state=3, position=0, buffered position=0, speed=1.0, updated=11852149, actions=-1, custom actions=[], active item id=-1, error=null}] and now playing listener: com.google.android.tvrecommendations.NowPlayingManager@4ab6298
01-08 20:58:15.852 3876 4344 V Avrcp : onPlaybackStateChanged: state PlaybackState {state=3, position=0, buffered position=0, speed=1.0, updated=11852149, actions=-1, custom actions=[], active item id=-1, error=null}
01-08 20:58:15.852 4763 4763 D NowPlayingManager: onClientPlaybackStateUpdate() called with: state = [3], stateChangeTimeMs = [11852149], currentPosMs = [0]
01-08 20:58:15.852 4763 4763 D NowPlayingManager: onClientPlaybackStateUpdate: Skipped update, state: 3 was unchanged
01-08 20:58:15.852 4763 4763 D NowPlayingListener: updateMetadata() called with: metadata = [android.media.MediaMetadata@72b4c6] and now playing listener: com.google.android.tvrecommendations.NowPlayingManager@4ab6298
01-08 20:58:15.855 4763 4763 D NowPlayingManager: onMediaDataUpdated() called with: mediaData = [com.google.android.tvrecommendations.NowPlayingData@b0f7c87]
01-08 20:58:15.864 4763 4763 D TVNotifService: onTVNotificationPosted StatusBarNotification(pkg=com.google.android.tvrecommendations user=UserHandle{0} id=4321 tag=Notification.NowPlaying key=0|com.google.android.tvrecommendations|4321|Notification.NowPlaying|10107: Notification(channel=now_playing pri=0 contentView=null vibrate=null sound=null defaults=0x0 flags=0x0 color=0x00000000 vis=PRIVATE)) userId: 0
01-08 20:58:15.943 19818 19927 V Kodi : Debug Print:
01-08 20:58:15.946 19818 19927 V Kodi : Debug Print: [Netflix] Widevine CryptoSession decrypt successful: 2432 bytes returned
01-08 20:58:15.949 3501 6281 I WVCdm : CdmEngine::AddKey
01-08 20:58:15.968 3501 6281 E oemcrypto_cenc: OEMCrypto_LoadKeys: error in te_launch_operation: 0x1f
01-08 20:58:15.968 3501 6281 E WVCdm : CryptoSession::LoadKeys: OEMCrypto_LoadKeys error=31
01-08 20:58:15.998 3501 6281 E WVCdm : CdmEngine::AddKey: keys not added, result = 99
01-08 20:58:15.998 3501 6281 W android.hardware.drm@1.0-impl: Unable to convert legacy status: -2902, defaulting to UNKNOWN
01-08 20:58:15.998 19818 19971 E MediaDrm-JNI: Illegal state exception: Failed to handle key response: General DRM error (-2000)
01-08 20:58:16.018 19818 19971 F zygote64: java_vm_ext.cc:504] JNI DETECTED ERROR IN APPLICATION: JNI GetArrayLength called with pending exception android.media.MediaDrm$MediaDrmStateException: Failed to handle key response: General DRM error
01-08 20:58:16.018 19818 19971 F zygote64: java_vm_ext.cc:504] at byte[] android.media.MediaDrm.provideKeyResponse(byte[], byte[]) (MediaDrm.java:-2)
01-08 20:58:16.018 19818 19971 F zygote64: java_vm_ext.cc:504]
01-08 20:58:16.018 19818 19971 F zygote64: java_vm_ext.cc:504] in call to GetArrayLength
01-08 20:58:16.018 19818 19971 F zygote64: java_vm_ext.cc:504] "Thread-13" prio=10 tid=35 Runnable
01-08 20:58:16.018 19818 19971 F zygote64: java_vm_ext.cc:504] | group="main" sCount=0 dsCount=0 flags=0 obj=0x12fc3480 self=0x2614275600
01-08 20:58:16.018 19818 19971 F zygote64: java_vm_ext.cc:504] | sysTid=19971 nice=-10 cgrp=default sched=0/0 handle=0x2606fb94f0
01-08 20:58:16.018 19818 19971 F zygote64: java_vm_ext.cc:504] | state=R schedstat=( 40677756 1243434 146 ) utm=4 stm=0 core=1 HZ=100
01-08 20:58:16.018 19818 19971 F zygote64: java_vm_ext.cc:504] | stack=0x2606ebf000-0x2606ec1000 stackSize=1005KB
01-08 20:58:16.018 19818 19971 F zygote64: java_vm_ext.cc:504] | held mutexes= "mutator lock"(shared held)
01-08 20:58:16.018 19818 19971 F zygote64: java_vm_ext.cc:504] native: #00 pc 0000000000396f6c /system/lib64/libart.so (_ZN3art15DumpNativeStackERNSt3__113basic_ostreamIcNS0_11char_traitsIcEEEEiP12BacktraceMapPKcPNS_9ArtMethodEPv+212)
01-08 20:58:16.018 19818 19971 F zygote64: java_vm_ext.cc:504] native: #01 pc 000000000045d1a0 /system/lib64/libart.so (_ZNK3art6Thread9DumpStackERNSt3__113basic_ostreamIcNS1_11char_traitsIcEEEEbP12BacktraceMapb+348)
01-08 20:58:16.018 19818 19971 F zygote64: java_vm_ext.cc:504] native: #02 pc 00000000002d5348 /system/lib64/libart.so (_ZN3art9JavaVMExt8JniAbortEPKcS2_+1040)
01-08 20:58:16.018 19818 19971 F zygote64: java_vm_ext.cc:504] native: #03 pc 00000000002d57c8 /system/lib64/libart.so (_ZN3art9JavaVMExt9JniAbortVEPKcS2_St9__va_list+116)
01-08 20:58:16.018 19818 19971 F zygote64: java_vm_ext.cc:504] native: #04 pc 00000000001085c8 /system/lib64/libart.so (_ZN3art11ScopedCheck6AbortFEPKcz+148)
01-08 20:58:16.018 19818 19971 F zygote64: java_vm_ext.cc:504] native: #05 pc 00000000001080f4 /system/lib64/libart.so (_ZN3art11ScopedCheck11CheckThreadEP7_JNIEnv+536)
01-08 20:58:16.018 19818 19971 F zygote64: java_vm_ext.cc:504] native: #06 pc 0000000000106590 /system/lib64/libart.so (_ZN3art11ScopedCheck5CheckERNS_18ScopedObjectAccessEbPKcPNS_12JniValueTypeE+856)
01-08 20:58:16.018 19818 19971 F zygote64: java_vm_ext.cc:504] native: #07 pc 00000000000fdbe4 /system/lib64/libart.so (_ZN3art8CheckJNI14GetArrayLengthEP7_JNIEnvP7_jarray+644)
01-08 20:58:16.018 19818 19971 F zygote64: java_vm_ext.cc:504] native: #08 pc 00000000000757bc /data/app/org.xbmc.kodi-BDfWM_U3OYT4DDmJ0Up2Kw==/lib/arm64/libssd_wv.so (_ZNK3jni12CJNIMediaDrm18provideKeyResponseERKNSt6__ndk16vectorIcNS1_9allocatorIcEEEES7_+156)
01-08 20:58:16.018 19818 19971 F zygote64: java_vm_ext.cc:504] native: #09 pc 000000000006ca20 /data/app/org.xbmc.kodi-BDfWM_U3OYT4DDmJ0Up2Kw==/lib/arm64/libssd_wv.so (_ZN28WV_CencSingleSampleDecrypter18SendSessionMessageERKNSt6__ndk16vectorIcNS0_9allocatorIcEEEE+6640)
01-08 20:58:16.018 19818 19971 F zygote64: java_vm_ext.cc:504] native: #10 pc 000000000006aed4 /data/app/org.xbmc.kodi-BDfWM_U3OYT4DDmJ0Up2Kw==/lib/arm64/libssd_wv.so (_ZN28WV_CencSingleSampleDecrypter16KeyUpdateRequestEb+324)
01-08 20:58:16.019 19818 19971 F zygote64: java_vm_ext.cc:504] native: #11 pc 000000000006e678 /data/app/org.xbmc.kodi-BDfWM_U3OYT4DDmJ0Up2Kw==/lib/arm64/libssd_wv.so (_ZN11WVDecrypter27CreateSingleSampleDecrypterER14AP4_DataBufferPKcPKh+184)
01-08 20:58:16.019 19818 19971 F zygote64: java_vm_ext.cc:504] native: #12 pc 000000000008578c /data/app/org.xbmc.kodi-BDfWM_U3OYT4DDmJ0Up2Kw==/lib/arm64/libinputstream.adaptive.so (_ZN7Session10initializeEhj+3320)
01-08 20:58:16.019 19818 19971 F zygote64: java_vm_ext.cc:504] native: #13 pc 0000000000088134 /data/app/org.xbmc.kodi-BDfWM_U3OYT4DDmJ0Up2Kw==/lib/arm64/libinputstream.adaptive.so (_ZN20CInputStreamAdaptive4OpenER11INPUTSTREAM+1796)
01-08 20:58:16.019 19818 19971 F zygote64: java_vm_ext.cc:504] native: #14 pc 000000000108191c /data/app/org.xbmc.kodi-BDfWM_U3OYT4DDmJ0Up2Kw==/lib/arm64/libkodi.so (_ZN17CInputStreamAddon4OpenEv+896)
01-08 20:58:16.019 19818 19971 F zygote64: java_vm_ext.cc:504] native: #15 pc 00000000010e7dd8 /data/app/org.xbmc.kodi-BDfWM_U3OYT4DDmJ0Up2Kw==/lib/arm64/libkodi.so (_ZN12CVideoPlayer15OpenInputStreamEv+424)
01-08 20:58:16.019 19818 19971 F zygote64: java_vm_ext.cc:504] native: #16 pc 00000000010ea164 /data/app/org.xbmc.kodi-BDfWM_U3OYT4DDmJ0Up2Kw==/lib/arm64/libkodi.so (_ZN12CVideoPlayer7PrepareEv+260)
01-08 20:58:16.019 19818 19971 F zygote64: java_vm_ext.cc:504] native: #17 pc 00000000010eb47c /data/app/org.xbmc.kodi-BDfWM_U3OYT4DDmJ0Up2Kw==/lib/arm64/libkodi.so (_ZN12CVideoPlayer7ProcessEv+72)
01-08 20:58:16.019 19818 19971 F zygote64: java_vm_ext.cc:504] native: #18 pc 00000000012bdd7c /data/app/org.xbmc.kodi-BDfWM_U3OYT4DDmJ0Up2Kw==/lib/arm64/libkodi.so (_ZN7CThread6ActionEv+40)
01-08 20:58:16.019 19818 19971 F zygote64: java_vm_ext.cc:504] native: #19 pc 00000000012bd2a4 /data/app/org.xbmc.kodi-BDfWM_U3OYT4DDmJ0Up2Kw==/lib/arm64/libkodi.so (_ZN7CThread12staticThreadEPv+184)
01-08 20:58:16.019 19818 19971 F zygote64: java_vm_ext.cc:504] native: #20 pc 0000000000065f88 /system/lib64/libc.so (_ZL15__pthread_startPv+36)
01-08 20:58:16.019 19818 19971 F zygote64: java_vm_ext.cc:504] native: #21 pc 000000000001ed24 /system/lib64/libc.so (__start_thread+68)
01-08 20:58:16.019 19818 19971 F zygote64: java_vm_ext.cc:504] (no managed stack frames)
01-08 20:58:16.019 19818 19971 F zygote64: java_vm_ext.cc:504]
01-08 20:58:16.123 19818 19891 V Kodi : Debug Print: SOCK: Error selecting socket(s)
01-08 20:58:16.123 19818 19891 V Kodi : Debug Print: ES: Exception caught while listening for socket
01-08 20:58:16.123 19818 19891 V Kodi : Debug Print: ES: UDP Event server stopped
01-08 20:58:16.194 19818 19971 F zygote64: runtime.cc:492] Runtime aborting...
01-08 20:58:16.194 19818 19971 F zygote64: runtime.cc:492] Aborting thread:
01-08 20:58:16.194 19818 19971 F zygote64: runtime.cc:492] "Thread-13" prio=10 tid=35 Native
01-08 20:58:16.194 19818 19971 F zygote64: runtime.cc:492] | group="" sCount=0 dsCount=0 flags=0 obj=0x12fc3480 self=0x2614275600
01-08 20:58:16.194 19818 19971 F zygote64: runtime.cc:492] | sysTid=19971 nice=-10 cgrp=default sched=0/0 handle=0x2606fb94f0
01-08 20:58:16.194 19818 19971 F zygote64: runtime.cc:492] | state=R schedstat=( 59948434 1684944 148 ) utm=4 stm=1 core=1 HZ=100
01-08 20:58:16.194 19818 19971 F zygote64: runtime.cc:492] | stack=0x2606ebf000-0x2606ec1000 stackSize=1005KB
01-08 20:58:16.194 19818 19971 F zygote64: runtime.cc:492] | held mutexes= "abort lock"
01-08 20:58:16.194 19818 19971 F zygote64: runtime.cc:492] native: #00 pc 0000000000396f6c /system/lib64/libart.so (_ZN3art15DumpNativeStackERNSt3__113basic_ostreamIcNS0_11char_traitsIcEEEEiP12BacktraceMapPKcPNS_9ArtMethodEPv+212)
01-08 20:58:16.194 19818 19971 F zygote64: runtime.cc:492] native: #01 pc 000000000045d1a0 /system/lib64/libart.so (_ZNK3art6Thread9DumpStackERNSt3__113basic_ostreamIcNS1_11char_traitsIcEEEEbP12BacktraceMapb+348)
01-08 20:58:16.194 19818 19971 F zygote64: runtime.cc:492] native: #02 pc 0000000000444898 /system/lib64/libart.so (_ZNK3art10AbortState10DumpThreadERNSt3__113basic_ostreamIcNS1_11char_traitsIcEEEEPNS_6ThreadE+56)
01-08 20:58:16.194 19818 19971 F zygote64: runtime.cc:492] native: #03 pc 0000000000444714 /system/lib64/libart.so (_ZNK3art10AbortState4DumpERNSt3__113basic_ostreamIcNS1_11char_traitsIcEEEE+556)
01-08 20:58:16.194 19818 19971 F zygote64: runtime.cc:492] native: #04 pc 0000000000436720 /system/lib64/libart.so (_ZN3art7Runtime5AbortEPKc+172)
01-08 20:58:16.194 19818 19971 F zygote64: runtime.cc:492] native: #05 pc 0000000000436f94 /system/lib64/libart.so (_ZN3art7Runtime7AborterEPKc+24)
01-08 20:58:16.194 19818 19971 F zygote64: runtime.cc:492] native: #06 pc 000000000052143c /system/lib64/libart.so (_ZN7android4base10LogMessageD1Ev+900)
01-08 20:58:16.194 19818 19971 F zygote64: runtime.cc:492] native: #07 pc 00000000002d55ec /system/lib64/libart.so (_ZN3art9JavaVMExt8JniAbortEPKcS2_+1716)
01-08 20:58:16.194 19818 19971 F zygote64: runtime.cc:492] native: #08 pc 00000000002d57c8 /system/lib64/libart.so (_ZN3art9JavaVMExt9JniAbortVEPKcS2_St9__va_list+116)
01-08 20:58:16.194 19818 19971 F zygote64: runtime.cc:492] native: #09 pc 00000000001085c8 /system/lib64/libart.so (_ZN3art11ScopedCheck6AbortFEPKcz+148)
01-08 20:58:16.194 19818 19971 F zygote64: runtime.cc:492] native: #10 pc 00000000001080f4 /system/lib64/libart.so (_ZN3art11ScopedCheck11CheckThreadEP7_JNIEnv+536)
01-08 20:58:16.194 19818 19971 F zygote64: runtime.cc:492] native: #11 pc 0000000000106590 /system/lib64/libart.so (_ZN3art11ScopedCheck5CheckERNS_18ScopedObjectAccessEbPKcPNS_12JniValueTypeE+856)
01-08 20:58:16.194 19818 19971 F zygote64: runtime.cc:492] native: #12 pc 00000000000fdbe4 /system/lib64/libart.so (_ZN3art8CheckJNI14GetArrayLengthEP7_JNIEnvP7_jarray+644)
01-08 20:58:16.194 19818 19971 F zygote64: runtime.cc:492] native: #13 pc 00000000000757bc /data/app/org.xbmc.kodi-BDfWM_U3OYT4DDmJ0Up2Kw==/lib/arm64/libssd_wv.so (_ZNK3jni12CJNIMediaDrm18provideKeyResponseERKNSt6__ndk16vectorIcNS1_9allocatorIcEEEES7_+156)
01-08 20:58:16.194 19818 19971 F zygote64: runtime.cc:492] native: #14 pc 000000000006ca20 /data/app/org.xbmc.kodi-BDfWM_U3OYT4DDmJ0Up2Kw==/lib/arm64/libssd_wv.so (_ZN28WV_CencSingleSampleDecrypter18SendSessionMessageERKNSt6__ndk16vectorIcNS0_9allocatorIcEEEE+6640)
01-08 20:58:16.194 19818 19971 F zygote64: runtime.cc:492] native: #15 pc 000000000006aed4 /data/app/org.xbmc.kodi-BDfWM_U3OYT4DDmJ0Up2Kw==/lib/arm64/libssd_wv.so (_ZN28WV_CencSingleSampleDecrypter16KeyUpdateRequestEb+324)
01-08 20:58:16.194 19818 19971 F zygote64: runtime.cc:492] native: #16 pc 000000000006e678 /data/app/org.xbmc.kodi-BDfWM_U3OYT4DDmJ0Up2Kw==/lib/arm64/libssd_wv.so (_ZN11WVDecrypter27CreateSingleSampleDecrypterER14AP4_DataBufferPKcPKh+184)
01-08 20:58:16.194 19818 19971 F zygote64: runtime.cc:492] native: #17 pc 000000000008578c /data/app/org.xbmc.kodi-BDfWM_U3OYT4DDmJ0Up2Kw==/lib/arm64/libinputstream.adaptive.so (_ZN7Session10initializeEhj+3320)
01-08 20:58:16.194 19818 19971 F zygote64: runtime.cc:492] native: #18 pc 0000000000088134 /data/app/org.xbmc.kodi-BDfWM_U3OYT4DDmJ0Up2Kw==/lib/arm64/libinputstream.adaptive.so (_ZN20CInputStreamAdaptive4OpenER11INPUTSTREAM+1796)
01-08 20:58:16.194 19818 19971 F zygote64: runtime.cc:492] native: #19 pc 000000000108191c /data/app/org.xbmc.kodi-BDfWM_U3OYT4DDmJ0Up2Kw==/lib/arm64/libkodi.so (_ZN17CInputStreamAddon4OpenEv+896)
01-08 20:58:16.194 19818 19971 F zygote64: runtime.cc:492] native: #20 pc 00000000010e7dd8 /data/app/org.xbmc.kodi-BDfWM_U3OYT4DDmJ0Up2Kw==/lib/arm64/libkodi.so (_ZN12CVideoPlayer15OpenInputStreamEv+424)
01-08 20:58:16.195 19818 19971 F zygote64: runtime.cc:492] native: #21 pc 00000000010ea164 /data/app/org.xbmc.kodi-BDfWM_U3OYT4DDmJ0Up2Kw==/lib/arm64/libkodi.so (_ZN12CVideoPlayer7PrepareEv+260)
01-08 20:58:16.195 19818 19971 F zygote64: runtime.cc:492] native: #22 pc 00000000010eb47c /data/app/org.xbmc.kodi-BDfWM_U3OYT4DDmJ0Up2Kw==/lib/arm64/libkodi.so (_ZN12CVideoPlayer7ProcessEv+72)
01-08 20:58:16.195 19818 19971 F zygote64: runtime.cc:492] native: #23 pc 00000000012bdd7c /data/app/org.xbmc.kodi-BDfWM_U3OYT4DDmJ0Up2Kw==/lib/arm64/libkodi.so (_ZN7CThread6ActionEv+40)
01-08 20:58:16.195 19818 19971 F zygote64: runtime.cc:492] native: #24 pc 00000000012bd2a4 /data/app/org.xbmc.kodi-BDfWM_U3OYT4DDmJ0Up2Kw==/lib/arm64/libkodi.so (_ZN7CThread12staticThreadEPv+184)
01-08 20:58:16.195 19818 19971 F zygote64: runtime.cc:492] native: #25 pc 0000000000065f88 /system/lib64/libc.so (_ZL15__pthread_startPv+36)
01-08 20:58:16.195 19818 19971 F zygote64: runtime.cc:492] native: #26 pc 000000000001ed24 /system/lib64/libc.so (__start_thread+68)
01-08 20:58:16.195 19818 19971 F zygote64: runtime.cc:492] (no managed stack frames)
01-08 20:58:16.195 19818 19971 F zygote64: runtime.cc:492] Pending exception android.media.MediaDrm$MediaDrmStateException: Failed to handle key response: General DRM error
01-08 20:58:16.195 19818 19971 F zygote64: runtime.cc:492] at byte[] android.media.MediaDrm.provideKeyResponse(byte[], byte[]) (MediaDrm.java:-2)
01-08 20:58:16.195 19818 19971 F zygote64: runtime.cc:492] Dumping all threads without appropriate locks held: thread list lock mutator lock
01-08 20:58:16.195 19818 19971 F zygote64: runtime.cc:492] All threads:
01-08 20:58:16.195 19818 19971 F zygote64: runtime.cc:492] DALVIK THREADS (36):
01-08 20:58:16.195 19818 19971 F zygote64: runtime.cc:492] "Thread-13" prio=10 tid=35 Runnable
01-08 20:58:16.195 19818 19971 F zygote64: runtime.cc:492] | group="" sCount=0 dsCount=0 flags=0 obj=0x12fc3480 self=0x2614275600
01-08 20:58:16.195 19818 19971 F zygote64: runtime.cc:492] | sysTid=19971 nice=-10 cgrp=default sched=0/0 handle=0x2606fb94f0
01-08 20:58:16.195 19818 19971 F zygote64: runtime.cc:492] | state=R schedstat=( 82732132 1684944 148 ) utm=5 stm=2 core=1 HZ=100
01-08 20:58:16.195 19818 19971 F zygote64: runtime.cc:492] | stack=0x2606ebf000-0x2606ec1000 stackSize=1005KB
01-08 20:58:16.195 19818 19971 F zygote64: runtime.cc:492] | held mutexes= "abort lock" "mutator lock"(shared held)
01-08 20:58:16.195 19818 19971 F zygote64: runtime.cc:492] native: #00 pc 0000000000396f6c /system/lib64/libart.so (_ZN3art15DumpNativeStackERNSt3__113basic_ostreamIcNS0_11char_traitsIcEEEEiP12BacktraceMapPKcPNS_9ArtMethodEPv+212)
01-08 20:58:16.195 19818 19971 F zygote64: runtime.cc:492] native: #01 pc 000000000045d1a0 /system/lib64/libart.so (_ZNK3art6Thread9DumpStackERNSt3__113basic_ostreamIcNS1_11char_traitsIcEEEEbP12BacktraceMapb+348)
01-08 20:58:16.195 19818 19971 F zygote64: runtime.cc:492] native: #02 pc 000000000047417c /system/lib64/libart.so (_ZN3art14DumpCheckpoint3RunEPNS_6ThreadE+880)
01-08 20:58:16.195 19818 19971 F zygote64: runtime.cc:492] native: #03 pc 000000000046cc30 /system/lib64/libart.so (_ZN3art10ThreadList13RunCheckpointEPNS_7ClosureES2_+476)
01-08 20:58:16.195 19818 19971 F zygote64: runtime.cc:492] native: #04 pc 000000000046c640 /system/lib64/libart.so (_ZN3art10ThreadList4DumpERNSt3__113basic_ostreamIcNS1_11char_traitsIcEEEEb+796)
01-08 20:58:16.195 19818 19971 F zygote64: runtime.cc:492] native: #05 pc 00000000004446c0 /system/lib64/libart.so (_ZNK3art10AbortState4DumpERNSt3__113basic_ostreamIcNS1_11char_traitsIcEEEE+472)
01-08 20:58:16.195 19818 19971 F zygote64: runtime.cc:492] native: #06 pc 0000000000436720 /system/lib64/libart.so (_ZN3art7Runtime5AbortEPKc+172)
01-08 20:58:16.195 19818 19971 F zygote64: runtime.cc:492] native: #07 pc 0000000000436f94 /system/lib64/libart.so (_ZN3art7Runtime7AborterEPKc+24)
01-08 20:58:16.195 19818 19971 F zygote64: runtime.cc:492] native: #08 pc 000000000052143c /system/lib64/libart.so (_ZN7android4base10LogMessageD1Ev+900)
01-08 20:58:16.195 19818 19971 F zygote64: runtime.cc:492] native: #09 pc 00000000002d55ec /system/lib64/libart.so (_ZN3art9JavaVMExt8JniAbortEPKcS2_+1716)
01-08 20:58:16.195 19818 19971 F zygote64: runtime.cc:492] native: #10 pc 00000000002d57c8 /system/lib64/libart.so (_ZN3art9JavaVMExt9JniAbortVEPKcS2_St9__va_list+116)
01-08 20:58:16.195 19818 19971 F zygote64: runtime.cc:492] native: #11 pc 00000000001085c8 /system/lib64/libart.so (_ZN3art11ScopedCheck6AbortFEPKcz+148)
01-08 20:58:16.195 19818 19971 F zygote64: runtime.cc:492] native: #12 pc 00000000001080f4 /system/lib64/libart.so (_ZN3art11ScopedCheck11CheckThreadEP7_JNIEnv+536)
01-08 20:58:16.195 19818 19971 F zygote64: runtime.cc:492] native: #13 pc 0000000000106590 /system/lib64/libart.so (_ZN3art11ScopedCheck5CheckERNS_18ScopedObjectAccessEbPKcPNS_12JniValueTypeE+856)
01-08 20:58:16.195 19818 19971 F zygote64: runtime.cc:492] native: #14 pc 00000000000fdbe4 /system/lib64/libart.so (_ZN3art8CheckJNI14GetArrayLengthEP7_JNIEnvP7_jarray+644)
01-08 20:58:16.195 19818 19971 F zygote64: runtime.cc:492] native: #15 pc 00000000000757bc /data/app/org.xbmc.kodi-BDfWM_U3OYT4DDmJ0Up2Kw==/lib/arm64/libssd_wv.so (_ZNK3jni12CJNIMediaDrm18provideKeyResponseERKNSt6__ndk16vectorIcNS1_9allocatorIcEEEES7_+156)
01-08 20:58:16.195 19818 19971 F zygote64: runtime.cc:492] native: #16 pc 000000000006ca20 /data/app/org.xbmc.kodi-BDfWM_U3OYT4DDmJ0Up2Kw==/lib/arm64/libssd_wv.so (_ZN28WV_CencSingleSampleDecrypter18SendSessionMessageERKNSt6__ndk16vectorIcNS0_9allocatorIcEEEE+6640)
01-08 20:58:16.195 19818 19971 F zygote64: runtime.cc:492] native: #17 pc 000000000006aed4 /data/app/org.xbmc.kodi-BDfWM_U3OYT4DDmJ0Up2Kw==/lib/arm64/libssd_wv.so (_ZN28WV_CencSingleSampleDecrypter16KeyUpdateRequestEb+324)
01-08 20:58:16.195 19818 19971 F zygote64: runtime.cc:492] native: #18 pc 000000000006e678 /data/app/org.xbmc.kodi-BDfWM_U3OYT4DDmJ0Up2Kw==/lib/arm64/libssd_wv.so (_ZN11WVDecrypter27CreateSingleSampleDecrypterER14AP4_DataBufferPKcPKh+184)
01-08 20:58:16.195 19818 19971 F zygote64: runtime.cc:492] native: #19 pc 000000000008578c /data/app/org.xbmc.kodi-BDfWM_U3OYT4DDmJ0Up2Kw==/lib/arm64/libinputstream.adaptive.so (_ZN7Session10initializeEhj+3320)
01-08 20:58:16.195 19818 19971 F zygote64: runtime.cc:492] native: #20 pc 0000000000088134 /data/app/org.xbmc.kodi-BDfWM_U3OYT4DDmJ0Up2Kw==/lib/arm64/libinputstream.adaptive.so (_ZN20CInputStreamAdaptive4OpenER11INPUTSTREAM+1796)
01-08 20:58:16.195 19818 19971 F zygote64: runtime.cc:492] native: #21 pc 000000000108191c /data/app/org.xbmc.kodi-BDfWM_U3OYT4DDmJ0Up2Kw==/lib/arm64/libkodi.so (_ZN17CInputStreamAddon4OpenEv+896)
01-08 20:58:16.195 19818 19971 F zygote64: runtime.cc:492] native: #22 pc 00000000010e7dd8 /data/app/org.xbmc.kodi-BDfWM_U3OYT4DDmJ0Up2Kw==/lib/arm64/libkodi.so (_ZN12CVideoPlayer15OpenInputStreamEv+424)
01-08 20:58:16.195 19818 19971 F zygote64: runtime.cc:492] native: #23 pc 00000000010ea164 /data/app/org.xbmc.kodi-BDfWM_U3OYT4DDmJ0Up2Kw==/lib/arm64/libkodi.so (_ZN12CVideoPlayer7PrepareEv+260)
01-08 20:58:16.195 19818 19971 F zygote64: runtime.cc:492] native: #24 pc 00000000010eb47c /data/app/org.xbmc.kodi-BDfWM_U3OYT4DDmJ0Up2Kw==/lib/arm64/libkodi.so (_ZN12CVideoPlayer7ProcessEv+72)
01-08 20:58:16.195 19818 19971 F zygote64: runtime.cc:492] native: #25 pc 00000000012bdd7c /data/app/org.xbmc.kodi-BDfWM_U3OYT4DDmJ0Up2Kw==/lib/arm64/libkodi.so (_ZN7CThread6ActionEv+40)
01-08 20:58:16.195 19818 19971 F zygote64: runtime.cc:492] native: #26 pc 00000000012bd2a4 /data/app/org.xbmc.kodi-BDfWM_U3OYT4DDmJ0Up2Kw==/lib/arm64/libkodi.so (_ZN7CThread12staticThreadEPv+184)
01-08 20:58:16.195 19818 19971 F zygote64: runtime.cc:492] native: #27 pc 0000000000065f88 /system/lib64/libc.so (_ZL15__pthread_startPv+36)
01-08 20:58:16.195 19818 19971 F zygote64: runtime.cc:492] native: #28 pc 000000000001ed24 /system/lib64/libc.so (__start_thread+68)
01-08 20:58:16.195 19818 19971 F zygote64: runtime.cc:492] (no managed stack frames)
01-08 20:58:16.195 19818 19971 F zygote64: runtime.cc:492]
01-08 20:58:16.195 19818 19971 F zygote64: runtime.cc:492] "main" prio=10 tid=1 Native
01-08 20:58:16.195 19818 19971 F zygote64: runtime.cc:492] | group="" sCount=1 dsCount=0 flags=1 obj=0x73965670 self=0x25ee0cca00
01-08 20:58:16.195 19818 19971 F zygote64: runtime.cc:492] | sysTid=19818 nice=-10 cgrp=default sched=0/0 handle=0x25e9a3c9b0
01-08 20:58:16.195 19818 19971 F zygote64: runtime.cc:492] | state=S schedstat=( 1327726744 245121583 4215 ) utm=95 stm=36 core=3 HZ=100
01-08 20:58:16.195 19818 19971 F zygote64: runtime.cc:492] | stack=0x7ff8a06000-0x7ff8a08000 stackSize=8MB
01-08 20:58:16.195 19818 19971 F zygote64: runtime.cc:492] | held mutexes=
01-08 20:58:16.195 19818 19971 F zygote64: runtime.cc:492] kernel: __switch_to+0x90/0xb8
01-08 20:58:16.195 19818 19971 F zygote64: runtime.cc:492] kernel: SyS_epoll_wait+0x340/0x468
01-08 20:58:16.195 19818 19971 F zygote64: runtime.cc:492] kernel: SyS_epoll_pwait+0x154/0x160
01-08 20:58:16.195 19818 19971 F zygote64: runtime.cc:492] kernel: __sys_trace+0x4c/0x4c
01-08 20:58:16.195 19818 19971 F zygote64: runtime.cc:492] native: #00 pc 00000000000685d0 /system/lib64/libc.so (__epoll_pwait+8)
01-08 20:58:16.195 19818 19971 F zygote64: runtime.cc:492] native: #01 pc 000000000001f500 /system/lib64/libc.so (epoll_pwait+48)
01-08 20:58:16.195 19818 19971 F zygote64: runtime.cc:492] native: #02 pc 00000000000197f8 /system/lib64/libutils.so (_ZN7android6Looper9pollInnerEi+144)
01-08 20:58:16.195 19818 19971 F zygote64: runtime.cc:492] native: #03 pc 00000000000196e0 /system/lib64/libutils.so (_ZN7android6Looper8pollOnceEiPiS1_PPv+108)
01-08 20:58:16.195 19818 19971 F zygote64: runtime.cc:492] native: #04 pc 00000000001122b8 /system/lib64/libandroid_runtime.so (???)
01-08 20:58:16.195 19818 19971 F zygote64: runtime.cc:492] native: #05 pc 00000000001ebb7c /system/framework/arm64/boot-framework.oat (Java_android_os_MessageQueue_nativePollOnce__JI+140)
01-08 20:58:16.195 19818 19971 F zygote64: runtime.cc:492]
at android.os.MessageQueue.nativePollOnce(Native method)
01-08 20:58:16.195 19818 19971 F zygote64: runtime.cc:492]
at android.os.MessageQueue.next(MessageQueue.java:325)
01-08 20:58:16.195 19818 19971 F zygote64: runtime.cc:492]
at android.os.Looper.loop(Looper.java:142)
01-08 20:58:16.195 19818 19971 F zygote64: runtime.cc:492]
at android.app.ActivityThread.main(ActivityThread.java:6628)
01-08 20:58:16.195 19818 19971 F zygote64: runtime.cc:492]
at java.lang.reflect.Method.invoke(Native method)
01-08 20:58:16.195 19818 19971 F zygote64: runtime.cc:492]
at com.android.internal.os.Zygote$MethodAndArgsCaller.run(Zygote.java:240)
01-08 20:58:16.195 19818 19971 F zygote64: runtime.cc:492]
at com.android.internal.os.ZygoteInit.main(ZygoteInit.java:776)
01-08 20:58:16.195 19818 19971 F zygote64: runtime.cc:492]
01-08 20:58:16.195 19818 19971 F zygote64: runtime.cc:492] "Jit thread pool worker thread 0" prio=10 tid=2 Native
01-08 20:58:16.195 19818 19971 F zygote64: runtime.cc:492] | group="" sCount=1 dsCount=0 flags=1 obj=0x12f40208 self=0x25f841c000
01-08 20:58:16.195 19818 19971 F zygote64: runtime.cc:492] | sysTid=19823 nice=9 cgrp=default sched=0/0 handle=0x25f80234f0
01-08 20:58:16.195 19818 19971 F zygote64: runtime.cc:492] | state=S schedstat=( 119153711 77654465 348 ) utm=10 stm=1 core=2 HZ=100
01-08 20:58:16.195 19818 19971 F zygote64: runtime.cc:492] | stack=0x25f7f25000-0x25f7f27000 stackSize=1021KB
01-08 20:58:16.195 19818 19971 F zygote64: runtime.cc:492] | held mutexes=
01-08 20:58:16.195 19818 19971 F zygote64: runtime.cc:492] kernel: __switch_to+0x90/0xb8
01-08 20:58:16.195 19818 19971 F zygote64: runtime.cc:492] kernel: futex_wait_queue_me+0xe0/0x168
01-08 20:58:16.195 19818 19971 F zygote64: runtime.cc:492] kernel: futex_wait+0xf0/0x210
01-08 20:58:16.195 19818 19971 F zygote64: runtime.cc:492] kernel: do_futex+0x300/0x890
01-08 20:58:16.195 19818 19971 F zygote64: runtime.cc:492] kernel: SyS_futex+0xf4/0x188
01-08 20:58:16.195 19818 19971 F zygote64: runtime.cc:492] kernel: __sys_trace+0x4c/0x4c
01-08 20:58:16.195 19818 19971 F zygote64: runtime.cc:492] native: #00 pc 000000000001d8ec /system/lib64/libc.so (syscall+28)
01-08 20:58:16.195 19818 19971 F zygote64: runtime.cc:492] native: #01 pc 00000000000e1a48 /system/lib64/libart.so (_ZN3art17ConditionVariable16WaitHoldingLocksEPNS_6ThreadE+152)
01-08 20:58:16.195 19818 19971 F zygote64: runtime.cc:492] native: #02 pc 0000000000475a28 /system/lib64/libart.so (_ZN3art10ThreadPool7GetTaskEPNS_6ThreadE+256)
01-08 20:58:16.195 19818 19971 F zygote64: runtime.cc:492] native: #03 pc 0000000000474fdc /system/lib64/libart.so (_ZN3art16ThreadPoolWorker3RunEv+124)
01-08 20:58:16.195 19818 19971 F zygote64: runtime.cc:492] native: #04 pc 0000000000474aa8 /system/lib64/libart.so (_ZN3art16ThreadPoolWorker8CallbackEPv+144)
01-08 20:58:16.195 19818 19971 F zygote64: runtime.cc:492] native: #05 pc 0000000000065f88 /system/lib64/libc.so (_ZL15__pthread_startPv+36)
01-08 20:58:16.195 19818 19971 F zygote64: runtime.cc:492] native: #06 pc 000000000001ed24 /system/lib64/libc.so (__start_thread+68)
01-08 20:58:16.195 19818 19971 F zygote64: runtime.cc:492] (no managed stack frames)
01-08 20:58:16.195 19818 19971 F zygote64: runtime.cc:492]
01-08 20:58:16.195 19818 19971 F zygote64: runtime.cc:492] "Signal Catcher" prio=10 tid=3 WaitingInMainSignalCatcherLoop
01-08 20:58:16.195 19818 19971 F zygote64: runtime.cc:492] | group="" sCount=1 dsCount=0 flags=1 obj=0x12f40290 self=0x25ee0cd400
01-08 20:58:16.195 19818 19971 F zygote64: runtime.cc:492] | sysTid=19824 nice=0 cgrp=default sched=0/0 handle=0x25f81204f0
01-08 20:58:16.195 19818 19971 F zygote64: runtime.cc:492] | state=S schedstat=( 175886 0 1 ) utm=0 stm=0 core=3 HZ=100
01-08 20:58:16.195 19818 19971 F zygote64: runtime.cc:492] | stack=0x25f8026000-0x25f8028000 stackSize=1005KB
01-08 20:58:16.195 19818 19971 F zygote64: runtime.cc:492] | held mutexes=
01-08 20:58:16.195 19818 19971 F zygote64: runtime.cc:492] kernel: __switch_to+0x90/0xb8
01-08 20:58:16.195 19818 19971 F zygote64: runtime.cc:492] kernel: do_sigtimedwait+0x180/0x228
