01-08 20:57:27.143 19818 19846 V Kodi : Debug Print: AddOnLog: Joystick Support: Loaded device "Pro Controller" with 4 controller profiles and 50 total features
01-08 20:57:27.143 19818 19846 V Kodi : Debug Print: AddOnLog: Joystick Support: Loaded device "ShanWan PS(R) Ga`epad" with 1 controller profiles and 19 total features
01-08 20:57:27.144 19818 19846 V Kodi : Debug Print: AddOnLog: Joystick Support: Loaded device "Sony Computer Entertainment Wireless Controller" with 1 controller profiles and 19 total features
01-08 20:57:27.144 19818 19846 V Kodi : Debug Print: AddOnLog: Joystick Support: Loaded device "Sony Interactive Entertainment Wireless Controller" with 1 controller profiles and 19 total features
01-08 20:57:27.145 19818 19846 V Kodi : Debug Print: AddOnLog: Joystick Support: Loaded device "Sony PLAYSTATION(R)3 Controller" with 6 controller profiles and 77 total features
01-08 20:57:27.147 19818 19846 V Kodi : Debug Print: Previous line repeats 1 times.
01-08 20:57:27.147 19818 19846 V Kodi : Debug Print: AddOnLog: Joystick Support: Loaded device "USB Gamepad" with 2 controller profiles and 24 total features
01-08 20:57:27.148 19818 19846 V Kodi : Debug Print: AddOnLog: Joystick Support: Loaded device "Wireless Controller" with 8 controller profiles and 106 total features
01-08 20:57:27.148 19818 19846 V Kodi : Debug Print: AddOnLog: Joystick Support: game.controller.dreamcast: Removing analogstick from button map
01-08 20:57:27.148 19818 19846 V Kodi : Debug Print: AddOnLog: Joystick Support: game.controller.n64: Removing analogstick from button map
01-08 20:57:27.149 19818 19846 V Kodi : Debug Print: AddOnLog: Joystick Support: game.controller.ps: Removing leftstick from button map
01-08 20:57:27.149 19818 19846 V Kodi : Debug Print: AddOnLog: Joystick Support: game.controller.ps: Removing rightstick from button map
01-08 20:57:27.150 19818 19846 V Kodi : Debug Print: AddOnLog: Joystick Support: Loaded device "Wireless Controller" with 1 controller profiles and 19 total features
01-08 20:57:27.151 19818 19846 V Kodi : Debug Print: Previous line repeats 1 times.
01-08 20:57:27.151 19818 19846 V Kodi : Debug Print: AddOnLog: Joystick Support: Loaded device "Wish Technologies Adaptoid" with 8 controller profiles and 98 total features
01-08 20:57:27.151 19818 19846 V Kodi : Debug Print: AddOnLog: Joystick Support: game.controller.dreamcast: Removing analogstick from button map
01-08 20:57:27.151 19818 19846 V Kodi : Debug Print: AddOnLog: Joystick Support: game.controller.n64: Removing analogstick from button map
01-08 20:57:27.153 19818 19846 V Kodi : Debug Print: AddOnLog: Joystick Support: Loaded device "Xbox 360 Wireless Receiver" with 7 controller profiles and 88 total features
01-08 20:57:27.154 19818 19846 V Kodi : Debug Print: AddOnLog: Joystick Support: Loaded device "Xbox 360 Wireless Receiver" with 7 controller profiles and 90 total features
01-08 20:57:27.154 19818 19846 V Kodi : Debug Print: AddOnLog: Joystick Support: game.controller.n64: Removing analogstick from button map
01-08 20:57:27.156 19818 19846 V Kodi : Debug Print: AddOnLog: Joystick Support: Loaded device "Xbox 360 Wireless Receiver (XBOX)" with 8 controller profiles and 106 total features
01-08 20:57:27.156 19818 19846 V Kodi : Debug Print: AddOnLog: Joystick Support: game.controller.dreamcast: Removing analogstick from button map
01-08 20:57:27.156 19818 19846 V Kodi : Debug Print: AddOnLog: Joystick Support: game.controller.n64: Removing analogstick from button map
01-08 20:57:27.156 19818 19846 V Kodi : Debug Print: AddOnLog: Joystick Support: game.controller.ps: Removing leftstick from button map
01-08 20:57:27.156 19818 19846 V Kodi : Debug Print: AddOnLog: Joystick Support: game.controller.ps: Removing rightstick from button map
01-08 20:57:27.158 19818 19846 V Kodi : Debug Print: AddOnLog: Joystick Support: Loaded device "Xbox 360 Wireless Receiver (XBOX)" with 8 controller profiles and 106 total features
01-08 20:57:27.158 19818 19846 V Kodi : Debug Print: AddOnLog: Joystick Support: game.controller.dreamcast: Removing analogstick from button map
01-08 20:57:27.158 19818 19846 V Kodi : Debug Print: AddOnLog: Joystick Support: game.controller.n64: Removing analogstick from button map
01-08 20:57:27.158 19818 19846 V Kodi : Debug Print: AddOnLog: Joystick Support: game.controller.ps: Removing leftstick from button map
01-08 20:57:27.159 19818 19846 V Kodi : Debug Print: AddOnLog: Joystick Support: game.controller.ps: Removing rightstick from button map
01-08 20:57:27.160 19818 19846 V Kodi : Debug Print: AddOnLog: Joystick Support: Loaded device "mayflash limited MAYFLASH GameCube Controller Adapter" with 8 controller profiles and 97 total features
01-08 20:57:27.160 19818 19846 V Kodi : Debug Print: AddOnLog: Joystick Support: game.controller.dreamcast: Removing analogstick from button map
01-08 20:57:27.160 19818 19846 V Kodi : Debug Print: AddOnLog: Joystick Support: game.controller.n64: Removing analogstick from button map
01-08 20:57:27.161 19818 19846 V Kodi : Debug Print: AddOnLog: Joystick Support: game.controller.ps: Removing leftstick from button map
01-08 20:57:27.161 19818 19846 V Kodi : Debug Print: AddOnLog: Joystick Support: game.controller.ps: Removing rightstick from button map
01-08 20:57:27.162 19818 19846 V Kodi : Debug Print: AddOnLog: Joystick Support: Loaded device "usb gamepad " with 1 controller profiles and 12 total features
01-08 20:57:27.162 19818 19846 V Kodi : Debug Print: AddOnLog: Joystick Support: Loaded device "usb gamepad" with 5 controller profiles and 54 total features
01-08 20:57:27.163 19818 19846 V Kodi : Debug Print: AddOnLog: Joystick Support: Loaded device "SDL Game Controller" with 1 controller profiles and 19 total features
01-08 20:57:27.164 19818 19846 V Kodi : Debug Print: AddOnLog: Joystick Support: Loaded device "8Bitdo Zero GamePad" with 2 controller profiles and 20 total features
01-08 20:57:27.165 19818 19846 V Kodi : Debug Print: AddOnLog: Joystick Support: Loaded device "Logitech Gamepad F310" with 1 controller profiles and 19 total features
01-08 20:57:27.165 19818 19846 V Kodi : Debug Print: AddOnLog: Joystick Support: Loaded device "Microsoft X-Box One pad (Firmware 2015)" with 1 controller profiles and 19 total features
01-08 20:57:27.165 19818 19846 V Kodi : Debug Print: AddOnLog: Joystick Support: Device "Sony Interactive Entertainment Wireless Controller": can't find tag
01-08 20:57:27.166 19818 19846 V Kodi : Debug Print: AddOnLog: Joystick Support: Loaded device "Xbox 360 Wireless Receiver (XBOX)" with 1 controller profiles and 19 total features
01-08 20:57:27.167 19818 19846 V Kodi : Debug Print: AddOnLog: Joystick Support: Loaded device "X-Arcade Tankstick (Player 1)" with 8 controller profiles and 91 total features
01-08 20:57:27.167 19818 19846 V Kodi : Debug Print: AddOnLog: Joystick Support: game.controller.n64: Removing analogstick from button map
01-08 20:57:27.169 19818 19846 V Kodi : Debug Print: AddOnLog: Joystick Support: Loaded device "X-Arcade Tankstick (Player 2)" with 8 controller profiles and 91 total features
01-08 20:57:27.169 19818 19846 V Kodi : Debug Print: AddOnLog: Joystick Support: game.controller.n64: Removing analogstick from button map
01-08 20:57:27.171 19818 19846 V Kodi : Debug Print: AddOnLog: Joystick Support: Loaded device "Xbox 360-compatible controller" with 8 controller profiles and 110 total features
01-08 20:57:27.172 19818 19846 V Kodi : Debug Print: AddOnLog: Joystick Support: game.controller.dreamcast: Removing analogstick from button map
01-08 20:57:27.172 19818 19846 V Kodi : Debug Print: AddOnLog: Joystick Support: game.controller.n64: Removing analogstick from button map
01-08 20:57:27.172 19818 19846 V Kodi : Debug Print: AddOnLog: Joystick Support: game.controller.ps: Removing leftstick from button map
01-08 20:57:27.172 19818 19846 V Kodi : Debug Print: AddOnLog: Joystick Support: game.controller.ps: Removing rightstick from button map
01-08 20:57:27.178 19818 19880 W ResourceType: ResTable_typeSpec entry count inconsistent: given 148, previously 153
01-08 20:57:27.178 19818 19880 W ResourceType: ResTable_typeSpec entry count inconsistent: given 126, previously 386
01-08 20:57:27.183 19818 19846 V Kodi : Debug Print: Failed to load button map for "Logitech K400"
01-08 20:57:27.221 19818 19846 V Kodi : Debug Print: Previous line repeats 2 times.
01-08 20:57:27.222 19818 19846 V Kodi : Debug Print: Initialise - initialised peripheral on 'android/inputdevice/4' with 1 features and 0 sub devices
01-08 20:57:27.222 19818 19846 V Kodi : Debug Print: Register - new joystick device registered on android->android/inputdevice/4: Logitech K400 (046D:4024)
01-08 20:57:27.222 19818 19846 V Kodi : Debug Print: GetMappingForDevice - device (0000:0000) mapped to (type = joystick)
01-08 20:57:27.223 19818 19846 V Kodi : Debug Print: CPeripheralBusAndroid: Initializing device 6 "shield-ask-remote"
01-08 20:57:27.223 19818 19846 V Kodi : Debug Print: CAndroidJoystickState: ignoring axis 0 from source 8194 for input device "shield-ask-remote" with ID 6
01-08 20:57:27.223 19818 19846 V Kodi : Debug Print: CAndroidJoystickState: ignoring axis 1 from source 8194 for input device "shield-ask-remote" with ID 6
01-08 20:57:27.223 19818 19846 V Kodi : Debug Print: CAndroidJoystickState: ignoring axis 2 from source 8194 for input device "shield-ask-remote" with ID 6
01-08 20:57:27.223 19818 19846 V Kodi : Debug Print: CPeripheralBusAndroid: Device has 23 buttons and 0 axes
01-08 20:57:27.228 19818 19823 I zygote64: Do partial code cache collection, code=30KB, data=29KB
01-08 20:57:27.228 19818 19823 I zygote64: After code cache collection, code=30KB, data=29KB
01-08 20:57:27.228 19818 19823 I zygote64: Increasing code cache capacity to 128KB
01-08 20:57:27.244 19818 19846 V Kodi : Debug Print: Failed to load button map for "shield-ask-remote"
01-08 20:57:27.282 19818 19846 V Kodi : Debug Print: Previous line repeats 2 times.
01-08 20:57:27.282 19818 19846 V Kodi : Debug Print: Initialise - initialised peripheral on 'android/inputdevice/6' with 1 features and 0 sub devices
01-08 20:57:27.282 19818 19846 V Kodi : Debug Print: Register - new joystick device registered on android->android/inputdevice/6: shield-ask-remote (0000:0000)
01-08 20:57:27.283 19818 19846 V Kodi : Debug Print: Initialise - initialised peripheral on 'keyboard' with 1 features and 0 sub devices
01-08 20:57:27.283 19818 19846 V Kodi : Debug Print: Register - new keyboard device registered on application->keyboard: Keyboard (0000:0000)
01-08 20:57:27.283 19818 19846 V Kodi : Debug Print: Initialise - initialised peripheral on 'mouse' with 1 features and 0 sub devices
01-08 20:57:27.284 19818 19846 V Kodi : Debug Print: Register - new mouse device registered on application->mouse: Mouse (0000:0000)
01-08 20:57:27.284 19818 19886 V Kodi : Debug Print: Thread PeripEventScanner start, auto delete: false
01-08 20:57:27.290 19818 19846 V Kodi : Debug Print: ContextMenuManager: addon menus reloaded.
01-08 20:57:27.290 19818 19846 V Kodi : Debug Print: Loading player core factory settings from special://xbmc/system/playercorefactory.xml.
01-08 20:57:27.290 19818 19846 V Kodi : Debug Print: CPlayerCoreConfig::: created player VideoPlayer
01-08 20:57:27.290 19818 19846 V Kodi : Debug Print: CPlayerCoreConfig::: created player PAPlayer
01-08 20:57:27.290 19818 19846 V Kodi : Debug Print: CPlayerCoreConfig::: created player RetroPlayer
01-08 20:57:27.291 19818 19846 V Kodi : Debug Print: CPlayerSelectionRule::Initialize: creating rule: system rules
01-08 20:57:27.291 19818 19846 V Kodi : Debug Print: CPlayerSelectionRule::Initialize: creating rule: mms/udp
01-08 20:57:27.291 19818 19846 V Kodi : Debug Print: CPlayerSelectionRule::Initialize: creating rule: lastfm/shout
01-08 20:57:27.291 19818 19846 V Kodi : Debug Print: CPlayerSelectionRule::Initialize: creating rule: rtmp
01-08 20:57:27.291 19818 19846 V Kodi : Debug Print: CPlayerSelectionRule::Initialize: creating rule: rtsp
01-08 20:57:27.291 19818 19846 V Kodi : Debug Print: CPlayerSelectionRule::Initialize: creating rule: streams
01-08 20:57:27.291 19818 19846 V Kodi : Debug Print: CPlayerSelectionRule::Initialize: creating rule: aacp/sdp
01-08 20:57:27.291 19818 19846 V Kodi : Debug Print: CPlayerSelectionRule::Initialize: creating rule: mp2
01-08 20:57:27.291 19818 19846 V Kodi : Debug Print: CPlayerSelectionRule::Initialize: creating rule: dvd
01-08 20:57:27.291 19818 19846 V Kodi : Debug Print: CPlayerSelectionRule::Initialize: creating rule: dvdimage
01-08 20:57:27.291 19818 19846 V Kodi : Debug Print: CPlayerSelectionRule::Initialize: creating rule: sdp/asf
01-08 20:57:27.291 19818 19846 V Kodi : Debug Print: CPlayerSelectionRule::Initialize: creating rule: nsv
01-08 20:57:27.291 19818 19846 V Kodi : Debug Print: CPlayerSelectionRule::Initialize: creating rule: radio
01-08 20:57:27.292 19818 19846 V Kodi : Debug Print: Loaded playercorefactory configuration
01-08 20:57:27.292 19818 19846 V Kodi : Debug Print: Loading player core factory settings from special://masterprofile/playercorefactory.xml.
01-08 20:57:27.292 19818 19846 V Kodi : Debug Print: special://masterprofile/playercorefactory.xml does not exist. Skipping.
01-08 20:57:27.292 19818 19846 V Kodi : Debug Print: removing tempfiles
01-08 20:57:27.312 19818 19846 V Kodi : Debug Print: CRepositoryUpdater: previous update at 01/08/2019 8:49:49 PM, next at 01/09/2019 8:49:49 PM
01-08 20:57:27.312 19818 19887 V Kodi : Debug Print: Thread Timer start, auto delete: false
01-08 20:57:27.318 19818 19846 V Kodi : Debug Print: CServiceAddonManager: starting service.xbmc.versioncheck
01-08 20:57:27.318 19818 19846 V Kodi : Debug Print: CServiceAddonManager: starting plugin.video.netflix
01-08 20:57:27.319 19818 19888 V Kodi : Debug Print: Thread LanguageInvoker start, auto delete: false
01-08 20:57:27.319 19818 19888 V Kodi : Debug Print: initializing python engine.
01-08 20:57:27.319 19818 19846 V Kodi : Debug Print: initialize done
01-08 20:57:27.319 19818 19889 V Kodi : Debug Print: Thread LanguageInvoker start, auto delete: false
01-08 20:57:27.319 19818 19846 V Kodi : Debug Print: Running the application...
01-08 20:57:27.319 19818 19889 V Kodi : Debug Print: initializing python engine.
01-08 20:57:27.320 19818 19846 V Kodi : Debug Print: no profile autoexec.py (/storage/emulated/0/Android/data/org.xbmc.kodi/files/.kodi/userdata/autoexec.py) found, skipping
01-08 20:57:27.320 19818 19846 V Kodi : Debug Print: NetworkMessage - Starting network services
01-08 20:57:27.322 3778 3859 D NsdService: New client listening to asynchronous messages
01-08 20:57:27.323 3778 3859 D NsdService: New client, channel: com.android.internal.util.AsyncChannel@c65c567 messenger: android.os.Messenger@e249f14
01-08 20:57:27.323 19818 19846 V Kodi : Debug Print: starting zeroconf publishing
01-08 20:57:27.326 19818 19891 V Kodi : Debug Print: Thread EventServer start, auto delete: false
01-08 20:57:27.326 19818 19891 V Kodi : Debug Print: ES: Starting UDP Event server on port 9777
01-08 20:57:27.327 19818 19846 V Kodi : Debug Print: JSONRPC Server: Successfully initialized
01-08 20:57:27.327 19818 19891 V Kodi : Debug Print: UDP: Listening on port 9777 (ipv6 : false)
01-08 20:57:27.327 19818 19893 V Kodi : Debug Print: Thread TCPServer start, auto delete: false
01-08 20:57:27.329 19818 19880 V Kodi : Debug Print: ZeroconfAndroid: identifier: servers.eventserver type: _xbmc-events._udp name:Kodi (8635f1b2-aa71-88e7-6086-a23eff3ea8ce.fritz.box) port:9777
01-08 20:57:27.334 19818 19883 V Kodi : Debug Print: ZeroconfAndroid: identifier: servers.jsonrpc-tpc type: _xbmc-jsonrpc._tcp name:Kodi (8635f1b2-aa71-88e7-6086-a23eff3ea8ce.fritz.box) port:9090
01-08 20:57:27.336 3778 3859 D NsdService: Register service
01-08 20:57:27.336 3778 3859 D NsdService: registerService: 20 name: Kodi (8635f1b2-aa71-88e7-6086-a23eff3ea8ce.fritz.box), type: _xbmc-events._udp, host: /127.0.0.1, port: 9777, txtRecord:
01-08 20:57:27.338 3778 3859 D NsdService: Register 1 20
01-08 20:57:27.338 3778 3859 D NsdService: Register service
01-08 20:57:27.338 3778 3859 D NsdService: registerService: 21 name: Kodi (8635f1b2-aa71-88e7-6086-a23eff3ea8ce.fritz.box), type: _xbmc-jsonrpc._tcp, host: /127.0.0.1, port: 9090, txtRecord: txtvers=1)uuid=43554d88-949d-4192-8cec-16cba2d23c4c
01-08 20:57:27.339 3778 3859 D NsdService: Register 2 21
01-08 20:57:27.356 19818 19888 V Kodi : Debug Print: CPythonInvoker(0, /storage/emulated/0/Android/data/org.xbmc.kodi/files/.kodi/addons/service.xbmc.versioncheck/service.py): start processing
01-08 20:57:27.356 19818 19889 V Kodi : Debug Print: CPythonInvoker(1, /storage/emulated/0/Android/data/org.xbmc.kodi/files/.kodi/addons/plugin.video.netflix/service.py): start processing
01-08 20:57:27.376 19818 19888 V Kodi : Debug Print: -->Python Interpreter Initialized<--
01-08 20:57:27.376 19818 19888 V Kodi : Debug Print: CPythonInvoker(0, /storage/emulated/0/Android/data/org.xbmc.kodi/files/.kodi/addons/service.xbmc.versioncheck/service.py): the source file to load is "/storage/emulated/0/Android/data/org.xbmc.kodi/files/.kodi/addons/service.xbmc.versioncheck/service.py"
01-08 20:57:27.395 19818 19888 V Kodi : Debug Print: CPythonInvoker(0, /storage/emulated/0/Android/data/org.xbmc.kodi/files/.kodi/addons/service.xbmc.versioncheck/service.py): setting the Python path to /storage/emulated/0/Android/data/org.xbmc.kodi/files/.kodi/addons/service.xbmc.versioncheck:/:/data/app/org.xbmc.kodi-BDfWM_U3OYT4DDmJ0Up2Kw==/base.apk/assets/python2.7/lib/python27.zip:/data/app/org.xbmc.kodi-BDfWM_U3OYT4DDmJ0Up2Kw==/base.apk/assets/python2.7/lib/python2.7:/data/app/org.xbmc.kodi-BDfWM_U3OYT4DDmJ0Up2Kw==/base.apk/assets/python2.7/lib/python2.7/site-packages:/data/app/org.xbmc.kodi-BDfWM_U3OYT4DDmJ0Up2Kw==/base.apk/assets/python2.7/lib/python2.7/plat-linux2:/data/app/org.xbmc.kodi-BDfWM_U3OYT4DDmJ0Up2Kw==/base.apk/assets/python2.7/lib/python2.7/lib-tk:/data/app/org.xbmc.kodi-BDfWM_U3OYT4DDmJ0Up2Kw==/base.apk/assets/python2.7/lib/python2.7/lib-old:/data/app/org.xbmc.kodi-BDfWM_U3OYT4DDmJ0Up2Kw==/base.apk/assets/python2.7/lib/python2.7/lib-dynload
01-08 20:57:27.396 19818 19888 V Kodi : Debug Print: CPythonInvoker(0, /storage/emulated/0/Android/data/org.xbmc.kodi/files/.kodi/addons/service.xbmc.versioncheck/service.py): entering source directory /storage/emulated/0/Android/data/org.xbmc.kodi/files/.kodi/addons/service.xbmc.versioncheck
01-08 20:57:27.396 19818 19889 V Kodi : Debug Print: -->Python Interpreter Initialized<--
01-08 20:57:27.396 19818 19889 V Kodi : Debug Print: CPythonInvoker(1, /storage/emulated/0/Android/data/org.xbmc.kodi/files/.kodi/addons/plugin.video.netflix/service.py): the source file to load is "/storage/emulated/0/Android/data/org.xbmc.kodi/files/.kodi/addons/plugin.video.netflix/service.py"
01-08 20:57:27.398 19818 19889 V Kodi : Debug Print: CPythonInvoker(1, /storage/emulated/0/Android/data/org.xbmc.kodi/files/.kodi/addons/plugin.video.netflix/service.py): setting the Python path to /storage/emulated/0/Android/data/org.xbmc.kodi/files/.kodi/addons/plugin.video.netflix:/data/user/0/org.xbmc.kodi/cache/apk/assets/addons/script.module.pycryptodome/lib:/storage/emulated/0/Android/data/org.xbmc.kodi/files/.kodi/addons/script.module.addon.signals/lib:/storage/emulated/0/Android/data/org.xbmc.kodi/files/.kodi/addons/script.module.certifi/lib:/storage/emulated/0/Android/data/org.xbmc.kodi/files/.kodi/addons/script.module.chardet/lib:/storage/emulated/0/Android/data/org.xbmc.kodi/files/.kodi/addons/script.module.idna/lib:/storage/emulated/0/Android/data/org.xbmc.kodi/files/.kodi/addons/script.module.inputstreamhelper/lib:/storage/emulated/0/Android/data/org.xbmc.kodi/files/.kodi/addons/script.module.requests/lib:/storage/emulated/0/Android/data/org.xbmc.kodi/files/.kodi/addons/script.module.urllib3/lib:/:/data/app/org.xbmc.kodi-BDfWM_U3OYT4
01-08 20:57:27.398 19818 19889 V Kodi : Debug Print: CPythonInvoker(1, /storage/emulated/0/Android/data/org.xbmc.kodi/files/.kodi/addons/plugin.video.netflix/service.py): entering source directory /storage/emulated/0/Android/data/org.xbmc.kodi/files/.kodi/addons/plugin.video.netflix
01-08 20:57:27.398 19818 19888 V Kodi : Debug Print: CPythonInvoker(0, /storage/emulated/0/Android/data/org.xbmc.kodi/files/.kodi/addons/service.xbmc.versioncheck/service.py): instantiating addon using automatically obtained id of "service.xbmc.versioncheck" dependent on version 2.1.0 of the xbmc.python api
01-08 20:57:27.402 19818 19889 V Kodi : Debug Print: CPythonInvoker(1, /storage/emulated/0/Android/data/org.xbmc.kodi/files/.kodi/addons/plugin.video.netflix/service.py): instantiating addon using automatically obtained id of "plugin.video.netflix" dependent on version 2.25.0 of the xbmc.python api
01-08 20:57:27.466 19818 19846 V Kodi : Debug Print: ------ Window Init () ------
01-08 20:57:27.466 19818 19846 V Kodi : Debug Print: Alloc resources: 0.00ms (0.00 ms skin load)
01-08 20:57:27.531 4427 4444 I ShieldBluetoothScanPolicy: Scans disallowed due to PACKAGE POLL
01-08 20:57:27.531 4427 4444 D BluetoothAdapter: isLeEnabled(): ON
01-08 20:57:27.538 19818 19888 V Kodi : Debug Print: CAddonSettings[service.xbmc.versioncheck]: loading setting definitions
01-08 20:57:27.538 19818 19888 V Kodi : Debug Print: CAddonSettings[service.xbmc.versioncheck]: trying to load setting definitions from old format...
01-08 20:57:27.539 19818 19888 V Kodi : Debug Print: Version Check: Version 0.4.5 started
01-08 20:57:27.540 3876 4034 D BluetoothAdapterProperties: Discoverable Timeout:-1
01-08 20:57:27.540 3876 4034 D BluetoothAdapterProperties: Scan Mode:21
01-08 20:57:28.497 19818 19889 V Kodi : Debug Print: CAddonSettings[plugin.video.netflix]: loading setting definitions
01-08 20:57:28.497 19818 19889 V Kodi : Debug Print: CAddonSettings[plugin.video.netflix]: trying to load setting definitions from old format...
01-08 20:57:28.500 19818 19889 V Kodi : Debug Print: CAddonSettings[plugin.video.netflix]: loading setting values
01-08 20:57:28.501 19818 19889 V Kodi : Debug Print: CSettingsManager: requested setting (logging) was not found.
01-08 20:57:28.505 19818 19889 V Kodi : Debug Print: CAddonSettings[plugin.video.netflix]: loading setting definitions
01-08 20:57:28.505 19818 19889 V Kodi : Debug Print: CAddonSettings[plugin.video.netflix]: trying to load setting definitions from old format...
01-08 20:57:28.507 19818 19889 V Kodi : Debug Print: CAddonSettings[plugin.video.netflix]: loading setting values
01-08 20:57:28.508 19818 19889 V Kodi : Debug Print: [Netflix] [MSL] Picked Port: 34837
01-08 20:57:28.511 19818 19889 V Kodi : Debug Print: CAddonSettings[plugin.video.netflix]: loading setting definitions
01-08 20:57:28.511 19818 19889 V Kodi : Debug Print: CAddonSettings[plugin.video.netflix]: trying to load setting definitions from old format...
01-08 20:57:28.513 19818 19889 V Kodi : Debug Print: CAddonSettings[plugin.video.netflix]: loading setting values
01-08 20:57:28.514 19818 19889 V Kodi : Debug Print: [Netflix] [NS] Picked Port: 54075
01-08 20:57:28.514 19818 19889 V Kodi : Debug Print: [Netflix] Constructing MSLTCPServer
01-08 20:57:28.515 19818 19889 V Kodi : Debug Print: CAddonSettings[plugin.video.netflix]: loading setting definitions
01-08 20:57:28.515 19818 19889 V Kodi : Debug Print: CAddonSettings[plugin.video.netflix]: trying to load setting definitions from old format...
01-08 20:57:28.517 19818 19889 V Kodi : Debug Print: CAddonSettings[plugin.video.netflix]: loading setting values
01-08 20:57:28.523 3501 6281 I DrmHal : makeDrmFactories: factory instance default is Not Remote
01-08 20:57:28.524 3501 6281 I WVCdm : CdmEngine::OpenSession
01-08 20:57:28.524 3501 6281 D WVCdm : CryptoSession::Open: Lock: requested_security_level: Default
01-08 20:57:28.524 3501 6281 E oemcrypto_cenc: OEMCrypto_APIVersion: 11
01-08 20:57:28.527 3501 6281 I WVCdm : CdmEngine::QueryOemCryptoSessionId
01-08 20:57:28.528 19818 19889 V Kodi : Debug Print: [Netflix] Widevine CryptoSession successful constructed
01-08 20:57:28.528 3501 6281 I WVCdm : CdmEngine::QueryStatus
01-08 20:57:28.528 19818 19889 V Kodi : Debug Print: [Netflix] Widevine CryptoSession systemId:6563
01-08 20:57:28.528 19818 19889 V Kodi : Debug Print: [Netflix] Widevine CryptoSession algorithms:AES/CBC/NoPadding,HmacSHA256
01-08 20:57:28.529 19818 19889 V Kodi : Debug Print: [Netflix] MSL Data exists. Use old Tokens.
01-08 20:57:28.529 19818 19889 V Kodi : Debug Print: [Netflix] Expiration time: Key:2019-01-22 19:51:30, Now:2019-01-08 20:57:28.529754, Diff:1205641.47025
01-08 20:57:28.530 19818 19889 V Kodi : Debug Print: [Netflix] Parsing Widevine keys from Dict
01-08 20:57:28.530 3501 6281 I WVCdm : CdmEngine::RestoreKey
01-08 20:57:28.547 19818 19889 V Kodi : Debug Print: [Netflix] Constructing netflixTCPServer
01-08 20:57:28.886 6109 6109 I chromium: [6109:6109:INFO:metrics_recorder.cc(89)] Metrics stat: total=9
01-08 20:57:28.886 6109 6109 I chromium: Cast.Discovery.Mdns.Request.In=1
01-08 20:57:28.886 6109 6109 I chromium: Cast.Discovery.Mdns.Request.Namespace.In=1
01-08 20:57:28.886 6109 6109 I chromium: Cast.Discovery.Mdns.Response.Out=1
01-08 20:57:28.886 6109 6109 I chromium: CastV2.Connection.Connect.In=1
01-08 20:57:28.886 6109 6109 I chromium: CastV2.Receiver.DeviceStatus.Out=1
01-08 20:57:28.886 6109 6109 I chromium: CastV2.Receiver.GetStatus.In=1
01-08 20:57:28.886 6109 6109 I chromium: CastV2.Transport.Accept=1
01-08 20:57:28.886 6109 6109 I chromium: CastV2.Transport.Close=1
01-08 20:57:28.886 6109 6109 I chromium: CastV2.Transport.TcpAccept=1
01-08 20:57:29.200 19818 19884 V Kodi : Debug Print: easy_acquire - Created session to http://www.msftncsi.com
01-08 20:57:30.200 19818 19889 V Kodi : Debug Print: [Netflix] Loading cookies from file
01-08 20:57:30.202 19818 19889 V Kodi : Debug Print: [Netflix] Cookie expires: 1546987927 / 1546977450
01-08 20:57:31.784 19818 19889 V Kodi : Debug Print: [Netflix] [GET] Req. for "https://www.netflix.com/profiles/manage" took 1.58189105988 sec
01-08 20:57:31.784 19818 19889 V Kodi : Debug Print: [Netflix] Parsing inline data...
01-08 20:57:31.813 19818 19889 V Kodi : Debug Print: [Netflix] Parsing inline data parsing successfull
01-08 20:57:31.933 19818 19889 V Kodi : Debug Print: [Netflix] Android generated ESN:NFANDROID2-PRV-SHIELDANDROIDTV-NVIDIASHIELD=ANDROID=TV
01-08 20:57:31.936 19818 19889 V Kodi : Debug Print: CAddonSettings[plugin.video.netflix]: loading setting definitions
01-08 20:57:31.936 19818 19889 V Kodi : Debug Print: CAddonSettings[plugin.video.netflix]: trying to load setting definitions from old format...
01-08 20:57:31.941 19818 19889 V Kodi : Debug Print: CAddonSettings[plugin.video.netflix]: loading setting values
01-08 20:57:31.942 19818 19889 V Kodi : Debug Print: [Netflix] Found ESN "NFANDROID2-PRV-SHIELDANDROIDTV-NVIDIASHIELD=ANDROID=TV"
01-08 20:57:31.946 19818 19889 V Kodi : Debug Print: [Netflix] [MSL] Thread started
01-08 20:57:31.947 19818 19889 V Kodi : Debug Print: [Netflix] [NS] Thread started
01-08 20:57:31.948 19818 19889 V Kodi : Debug Print: [Netflix] PersistentStorage: Instantiated resources.lib.playback.stream_continuity
01-08 20:57:32.559 19818 19888 V Kodi : Debug Print: Version Check: Version installed {u'major': 18, u'tag': u'releasecandidate', u'tagversion': u'5', u'minor': 0, u'revision': u'20190105-2c44a6a'}
01-08 20:57:32.560 19818 19888 V Kodi : Debug Print: CPythonInvoker(0, /storage/emulated/0/Android/data/org.xbmc.kodi/files/.kodi/addons/service.xbmc.versioncheck/service.py): script successfully run
01-08 20:57:32.560 19818 19888 V Kodi : Debug Print: onExecutionDone(0, /storage/emulated/0/Android/data/org.xbmc.kodi/files/.kodi/addons/service.xbmc.versioncheck/service.py)
01-08 20:57:32.587 19818 19888 V Kodi : Debug Print: Python interpreter stopped
01-08 20:57:32.587 19818 19888 V Kodi : Debug Print: Thread LanguageInvoker 163538842864 terminating
01-08 20:57:32.821 3778 3842 D WindowManager: handleComboKeys keyCode: 20, keyAction: 0
01-08 20:57:32.829 19818 19844 V Kodi : CAndroidKey: key down (dev:9; src:769; code: 20; repeat: 0; flags: 0x8; alt: no; shift: no; sym: no)
01-08 20:57:32.856 19818 19846 V Kodi : Debug Print: Keyboard: scancode: 0x14, sym: 0x0112, unicode: 0x0000, modifier: 0x0
01-08 20:57:32.857 19818 19846 V Kodi : Debug Print: HandleKey: down (0xf081) pressed, action is Down
01-08 20:57:32.921 3778 3842 D WindowManager: handleComboKeys keyCode: 20, keyAction: 1
01-08 20:57:32.925 19818 19844 V Kodi : CAndroidKey: key up (dev:9; src:769; code: 20; repeat: 0; flags: 0x8; alt: no; shift: no; sym: no)
01-08 20:57:32.940 19818 19846 V Kodi : Debug Print: Keyboard: scancode: 0x14, sym: 0x0112, unicode: 0x0000, modifier: 0x0
01-08 20:57:33.046 3778 3842 D WindowManager: handleComboKeys keyCode: 20, keyAction: 0
01-08 20:57:33.051 19818 19844 V Kodi : CAndroidKey: key down (dev:9; src:769; code: 20; repeat: 0; flags: 0x8; alt: no; shift: no; sym: no)
01-08 20:57:33.073 19818 19846 V Kodi : Debug Print: Previous line repeats 1 times.
01-08 20:57:33.074 19818 19846 V Kodi : Debug Print: HandleKey: down (0xf081) pressed, action is Down
01-08 20:57:33.121 3778 3842 D WindowManager: handleComboKeys keyCode: 20, keyAction: 1
01-08 20:57:33.126 19818 19844 V Kodi : CAndroidKey: key up (dev:9; src:769; code: 20; repeat: 0; flags: 0x8; alt: no; shift: no; sym: no)
01-08 20:57:33.140 19818 19846 V Kodi : Debug Print: Keyboard: scancode: 0x14, sym: 0x0112, unicode: 0x0000, modifier: 0x0
01-08 20:57:33.221 3778 3842 D WindowManager: handleComboKeys keyCode: 20, keyAction: 0
01-08 20:57:33.226 19818 19844 V Kodi : CAndroidKey: key down (dev:9; src:769; code: 20; repeat: 0; flags: 0x8; alt: no; shift: no; sym: no)
01-08 20:57:33.240 19818 19846 V Kodi : Debug Print: Previous line repeats 1 times.
01-08 20:57:33.240 19818 19846 V Kodi : Debug Print: HandleKey: down (0xf081) pressed, action is Down
01-08 20:57:33.321 3778 3842 D WindowManager: handleComboKeys keyCode: 20, keyAction: 1
01-08 20:57:33.326 19818 19844 V Kodi : CAndroidKey: key up (dev:9; src:769; code: 20; repeat: 0; flags: 0x8; alt: no; shift: no; sym: no)
01-08 20:57:33.340 19818 19846 V Kodi : Debug Print: Keyboard: scancode: 0x14, sym: 0x0112, unicode: 0x0000, modifier: 0x0
01-08 20:57:33.371 3778 3842 D WindowManager: handleComboKeys keyCode: 20, keyAction: 0
01-08 20:57:33.375 19818 19844 V Kodi : CAndroidKey: key down (dev:9; src:769; code: 20; repeat: 0; flags: 0x8; alt: no; shift: no; sym: no)
01-08 20:57:33.391 19818 19846 V Kodi : Debug Print: Previous line repeats 1 times.
01-08 20:57:33.391 19818 19846 V Kodi : Debug Print: HandleKey: down (0xf081) pressed, action is Down
01-08 20:57:33.496 3778 3842 D WindowManager: handleComboKeys keyCode: 20, keyAction: 1
01-08 20:57:33.500 19818 19844 V Kodi : CAndroidKey: key up (dev:9; src:769; code: 20; repeat: 0; flags: 0x8; alt: no; shift: no; sym: no)
01-08 20:57:33.524 19818 19846 V Kodi : Debug Print: Keyboard: scancode: 0x14, sym: 0x0112, unicode: 0x0000, modifier: 0x0
01-08 20:57:33.621 3778 3842 D WindowManager: handleComboKeys keyCode: 20, keyAction: 0
01-08 20:57:33.625 19818 19844 V Kodi : CAndroidKey: key down (dev:9; src:769; code: 20; repeat: 0; flags: 0x8; alt: no; shift: no; sym: no)
01-08 20:57:33.641 19818 19846 V Kodi : Debug Print: Previous line repeats 1 times.
01-08 20:57:33.641 19818 19846 V Kodi : Debug Print: HandleKey: down (0xf081) pressed, action is Down
01-08 20:57:33.696 3778 3842 D WindowManager: handleComboKeys keyCode: 20, keyAction: 1
01-08 20:57:33.701 19818 19844 V Kodi : CAndroidKey: key up (dev:9; src:769; code: 20; repeat: 0; flags: 0x8; alt: no; shift: no; sym: no)
01-08 20:57:33.724 19818 19846 V Kodi : Debug Print: Keyboard: scancode: 0x14, sym: 0x0112, unicode: 0x0000, modifier: 0x0
01-08 20:57:33.796 3778 3842 D WindowManager: handleComboKeys keyCode: 20, keyAction: 0
01-08 20:57:33.800 19818 19844 V Kodi : CAndroidKey: key down (dev:9; src:769; code: 20; repeat: 0; flags: 0x8; alt: no; shift: no; sym: no)
01-08 20:57:33.824 19818 19846 V Kodi : Debug Print: Previous line repeats 1 times.
01-08 20:57:33.826 19818 19846 V Kodi : Debug Print: HandleKey: down (0xf081) pressed, action is Down
01-08 20:57:33.871 3778 3842 D WindowManager: handleComboKeys keyCode: 20, keyAction: 1
01-08 20:57:33.875 19818 19844 V Kodi : CAndroidKey: key up (dev:9; src:769; code: 20; repeat: 0; flags: 0x8; alt: no; shift: no; sym: no)
01-08 20:57:33.891 19818 19846 V Kodi : Debug Print: Keyboard: scancode: 0x14, sym: 0x0112, unicode: 0x0000, modifier: 0x0
01-08 20:57:33.971 3778 3842 D WindowManager: handleComboKeys keyCode: 20, keyAction: 0
01-08 20:57:33.975 19818 19844 V Kodi : CAndroidKey: key down (dev:9; src:769; code: 20; repeat: 0; flags: 0x8; alt: no; shift: no; sym: no)
01-08 20:57:33.991 19818 19846 V Kodi : Debug Print: Previous line repeats 1 times.
01-08 20:57:33.991 19818 19846 V Kodi : Debug Print: HandleKey: down (0xf081) pressed, action is Down
01-08 20:57:34.001 19818 19929 V Kodi : Debug Print: Thread JobWorker start, auto delete: true
01-08 20:57:34.030 19818 19929 V Kodi : Debug Print: DoWork - Direct texture file loading failed for androidapp://sources/apps/com.plexapp.android.png
01-08 20:57:34.040 19818 19884 V Kodi : Debug Print: DoWork - Direct texture file loading failed for androidapp://sources/apps/com.bscotch.crashlands.png
01-08 20:57:34.071 3778 3842 D WindowManager: handleComboKeys keyCode: 20, keyAction: 1
01-08 20:57:34.074 19818 19844 V Kodi : CAndroidKey: key up (dev:9; src:769; code: 20; repeat: 0; flags: 0x8; alt: no; shift: no; sym: no)
01-08 20:57:34.091 19818 19846 V Kodi : Debug Print: Keyboard: scancode: 0x14, sym: 0x0112, unicode: 0x0000, modifier: 0x0
01-08 20:57:34.646 3778 3842 D WindowManager: handleComboKeys keyCode: 22, keyAction: 0
01-08 20:57:34.651 19818 19844 V Kodi : CAndroidKey: key down (dev:9; src:769; code: 22; repeat: 0; flags: 0x8; alt: no; shift: no; sym: no)
01-08 20:57:34.675 19818 19846 V Kodi : Debug Print: Keyboard: scancode: 0x16, sym: 0x0113, unicode: 0x0000, modifier: 0x0
01-08 20:57:34.675 19818 19846 V Kodi : Debug Print: HandleKey: right (0xf083) pressed, action is Right
01-08 20:57:34.771 3778 3842 D WindowManager: handleComboKeys keyCode: 22, keyAction: 1
01-08 20:57:34.775 19818 19844 V Kodi : CAndroidKey: key up (dev:9; src:769; code: 22; repeat: 0; flags: 0x8; alt: no; shift: no; sym: no)
01-08 20:57:34.792 19818 19846 V Kodi : Debug Print: Keyboard: scancode: 0x16, sym: 0x0113, unicode: 0x0000, modifier: 0x0
01-08 20:57:35.171 3778 3842 D WindowManager: handleComboKeys keyCode: 20, keyAction: 0
01-08 20:57:35.175 19818 19844 V Kodi : CAndroidKey: key down (dev:9; src:769; code: 20; repeat: 0; flags: 0x8; alt: no; shift: no; sym: no)
01-08 20:57:35.192 19818 19846 V Kodi : Debug Print: Keyboard: scancode: 0x14, sym: 0x0112, unicode: 0x0000, modifier: 0x0
01-08 20:57:35.193 19818 19846 V Kodi : Debug Print: HandleKey: down (0xf081) pressed, action is Down
01-08 20:57:35.203 19818 19884 V Kodi : Debug Print: ffmpeg[2611DF94F0]: [swscaler] No accelerated colorspace conversion found from yuv420p to bgra.
01-08 20:57:35.321 3778 3842 D WindowManager: handleComboKeys keyCode: 20, keyAction: 1
01-08 20:57:35.325 19818 19844 V Kodi : CAndroidKey: key up (dev:9; src:769; code: 20; repeat: 0; flags: 0x8; alt: no; shift: no; sym: no)
01-08 20:57:35.342 19818 19846 V Kodi : Debug Print: Keyboard: scancode: 0x14, sym: 0x0112, unicode: 0x0000, modifier: 0x0
01-08 20:57:35.496 3778 3842 D WindowManager: handleComboKeys keyCode: 23, keyAction: 0
01-08 20:57:35.500 19818 19844 V Kodi : CAndroidKey: key down (dev:9; src:769; code: 23; repeat: 0; flags: 0x8; alt: no; shift: no; sym: no)
01-08 20:57:35.526 19818 19846 V Kodi : Debug Print: Keyboard: scancode: 0x17, sym: 0x000d, unicode: 0x0000, modifier: 0x0
01-08 20:57:35.621 3778 3842 D WindowManager: handleComboKeys keyCode: 23, keyAction: 1
01-08 20:57:35.625 19818 19844 V Kodi : CAndroidKey: key up (dev:9; src:769; code: 23; repeat: 0; flags: 0x8; alt: no; shift: no; sym: no)
01-08 20:57:35.643 19818 19846 V Kodi : Debug Print: Previous line repeats 1 times.
01-08 20:57:35.643 19818 19846 V Kodi : Debug Print: HandleKey: return (0xf00d) pressed, action is Select
01-08 20:57:35.643 19818 19846 V Kodi : Debug Print: Activating window ID: 10025
01-08 20:57:35.951 19818 19846 V Kodi : Debug Print: ------ Window Deinit (Home.xml) ------
01-08 20:57:35.952 19818 19846 V Kodi : Debug Print: FreeVisualisation() done
01-08 20:57:35.976 19818 19846 V Kodi : Debug Print: ------ Window Init (MyVideoNav.xml) ------
01-08 20:57:35.976 19818 19846 V Kodi : Debug Print: Loading skin file: MyVideoNav.xml, load type: KEEP_IN_MEMORY
01-08 20:57:36.057 19818 19846 V Kodi : Debug Print: Skin file /data/user/0/org.xbmc.kodi/cache/apk/assets/addons/skin.estuary/xml/MyVideoNav.xml loaded in 80.55ms
01-08 20:57:36.057 19818 19846 V Kodi : Debug Print: CDirectoryProvider[]: refreshing..
01-08 20:57:36.057 19818 19883 V Kodi : Debug Print: Previous line repeats 1 times.
01-08 20:57:36.057 19818 19883 V Kodi : Debug Print: GetDirectory - Error getting
01-08 20:57:36.058 19818 19846 V Kodi : Debug Print: CDirectoryProvider[]: refreshing..
01-08 20:57:36.058 19818 19880 V Kodi : Debug Print: GetDirectory - Error getting
01-08 20:57:36.061 19818 19846 V Kodi : Debug Print: CDirectoryProvider[]: refreshing..
01-08 20:57:36.061 19818 19929 V Kodi : Debug Print: GetDirectory - Error getting
01-08 20:57:36.061 19818 19846 V Kodi : Debug Print: CDirectoryProvider[]: refreshing..
01-08 20:57:36.065 19818 19884 V Kodi : Debug Print: GetDirectory - Error getting
01-08 20:57:36.065 19818 19846 V Kodi : Debug Print: CDirectoryProvider[]: refreshing..
01-08 20:57:36.065 19818 19929 V Kodi : Debug Print: GetDirectory - Error getting
01-08 20:57:36.065 19818 19846 V Kodi : Debug Print: CDirectoryProvider[]: refreshing..
01-08 20:57:36.065 19818 19883 V Kodi : Debug Print: GetDirectory - Error getting
01-08 20:57:36.066 19818 19846 V Kodi : Debug Print: Previous line repeats 1 times.
01-08 20:57:36.066 19818 19846 V Kodi : Debug Print: Alloc resources: 89.63ms (80.77 ms skin load)
01-08 20:57:36.087 19818 19846 V Kodi : Debug Print: CGUIMediaWindow::GetDirectory (plugin://plugin.video.netflix/)
01-08 20:57:36.087 19818 19846 V Kodi : Debug Print: ParentPath = [plugin://plugin.video.netflix/]
01-08 20:57:36.088 19818 19930 V Kodi : Debug Print: Thread waiting start, auto delete: false
01-08 20:57:36.097 19818 19884 V Kodi : Debug Print: CAddonDatabase::SetLastUsed[plugin.video.netflix] took 9 ms
01-08 20:57:36.097 19818 19930 V Kodi : Debug Print: StartScript - calling plugin Netflix('plugin://plugin.video.netflix/','1','','resume:false')
01-08 20:57:36.098 19818 19931 V Kodi : Debug Print: Thread LanguageInvoker start, auto delete: false
01-08 20:57:36.098 19818 19931 V Kodi : Debug Print: initializing python engine.
01-08 20:57:36.098 19818 19931 V Kodi : Debug Print: CPythonInvoker(2, /storage/emulated/0/Android/data/org.xbmc.kodi/files/.kodi/addons/plugin.video.netflix/addon.py): start processing
01-08 20:57:36.120 19818 19931 V Kodi : Debug Print: -->Python Interpreter Initialized<--
01-08 20:57:36.120 19818 19931 V Kodi : Debug Print: CPythonInvoker(2, /storage/emulated/0/Android/data/org.xbmc.kodi/files/.kodi/addons/plugin.video.netflix/addon.py): the source file to load is "/storage/emulated/0/Android/data/org.xbmc.kodi/files/.kodi/addons/plugin.video.netflix/addon.py"
01-08 20:57:36.121 19818 19931 V Kodi : Debug Print: CPythonInvoker(2, /storage/emulated/0/Android/data/org.xbmc.kodi/files/.kodi/addons/plugin.video.netflix/addon.py): setting the Python path to /storage/emulated/0/Android/data/org.xbmc.kodi/files/.kodi/addons/plugin.video.netflix:/data/user/0/org.xbmc.kodi/cache/apk/assets/addons/script.module.pycryptodome/lib:/storage/emulated/0/Android/data/org.xbmc.kodi/files/.kodi/addons/script.module.addon.signals/lib:/storage/emulated/0/Android/data/org.xbmc.kodi/files/.kodi/addons/script.module.certifi/lib:/storage/emulated/0/Android/data/org.xbmc.kodi/files/.kodi/addons/script.module.chardet/lib:/storage/emulated/0/Android/data/org.xbmc.kodi/files/.kodi/addons/script.module.idna/lib:/storage/emulated/0/Android/data/org.xbmc.kodi/files/.kodi/addons/script.module.inputstreamhelper/lib:/storage/emulated/0/Android/data/org.xbmc.kodi/files/.kodi/addons/script.module.requests/lib:/storage/emulated/0/Android/data/org.xbmc.kodi/files/.kodi/addons/script.module.urllib3/lib:/:/data/app/org.xbmc.kodi-BDfWM_U3OYT4DD
01-08 20:57:36.121 19818 19931 V Kodi : Debug Print: CPythonInvoker(2, /storage/emulated/0/Android/data/org.xbmc.kodi/files/.kodi/addons/plugin.video.netflix/addon.py): entering source directory /storage/emulated/0/Android/data/org.xbmc.kodi/files/.kodi/addons/plugin.video.netflix
01-08 20:57:36.122 19818 19931 V Kodi : Debug Print: CPythonInvoker(2, /storage/emulated/0/Android/data/org.xbmc.kodi/files/.kodi/addons/plugin.video.netflix/addon.py): instantiating addon using automatically obtained id of "plugin.video.netflix" dependent on version 2.25.0 of the xbmc.python api
01-08 20:57:36.188 19818 19846 V Kodi : Debug Print: ------ Window Init (DialogBusy.xml) ------
01-08 20:57:36.188 19818 19846 V Kodi : Debug Print: Window DialogBusy.xml was already loaded
01-08 20:57:36.189 19818 19846 V Kodi : Debug Print: Alloc resources: 0.02ms
01-08 20:57:36.385 6109 6230 I chromium: [6109:6230:INFO:wifi_proximity.cc(209)] Request scan.
01-08 20:57:37.292 19818 19931 V Kodi : Debug Print: CAddonSettings[plugin.video.netflix]: loading setting definitions
01-08 20:57:37.292 19818 19931 V Kodi : Debug Print: CAddonSettings[plugin.video.netflix]: trying to load setting definitions from old format...
01-08 20:57:37.296 19818 19931 V Kodi : Debug Print: CAddonSettings[plugin.video.netflix]: loading setting values
01-08 20:57:37.297 19818 19931 V Kodi : Debug Print: CSettingsManager: requested setting (logging) was not found.
01-08 20:57:37.299 19818 19931 V Kodi : Debug Print: [Netflix] Started (Version 0.13.21)
01-08 20:57:37.299 19818 19931 V Kodi : Debug Print: [Netflix] "Navigation::router" called with arguments :paramstring = :
01-08 20:57:37.300 19818 19931 V Kodi : Debug Print: [Netflix] "Navigation::before_routing_action" called with arguments :params = {}:
01-08 20:57:37.305 19818 19928 V Kodi : Debug Print: [Netflix] Loading cookies from memory
01-08 20:57:37.305 19818 19928 V Kodi : Debug Print: [Netflix] Cookie expires: 1546987927 / 1546977457
01-08 20:57:37.318 19818 19931 V Kodi : Debug Print: [Netflix] "Navigation::before_routing_action" returned: {}
01-08 20:57:37.318 19818 19931 V Kodi : Debug Print: [Netflix] "Navigation::show_profiles" called
01-08 20:57:37.364 19818 19931 V Kodi : Debug Print: [Netflix] "Navigation::show_profiles" returned: None
01-08 20:57:37.364 19818 19931 V Kodi : Debug Print: [Netflix] "Navigation::router" returned: None
01-08 20:57:37.364 19818 19930 V Kodi : Debug Print: Thread waiting 163532752112 terminating
01-08 20:57:37.364 19818 19931 V Kodi : Debug Print: CPythonInvoker(2, /storage/emulated/0/Android/data/org.xbmc.kodi/files/.kodi/addons/plugin.video.netflix/addon.py): script successfully run
01-08 20:57:37.378 19818 19846 V Kodi : Debug Print: ------ Window Deinit (DialogBusy.xml) ------
01-08 20:57:37.378 19818 19846 V Kodi : Debug Print: Saving fileitems [plugin://plugin.video.netflix/]
01-08 20:57:37.379 19818 19846 V Kodi : Debug Print: -- items: 4, sort method: 0, ascending: false
01-08 20:57:37.386 19818 19938 V Kodi : Debug Print: Thread BackgroundLoader start, auto delete: false
01-08 20:57:37.395 19818 19938 V Kodi : Debug Print: Thread BackgroundLoader 163532752112 terminating
01-08 20:57:37.996 3778 3842 D WindowManager: handleComboKeys keyCode: 20, keyAction: 0
01-08 20:57:38.002 19818 19844 V Kodi : CAndroidKey: key down (dev:9; src:769; code: 20; repeat: 0; flags: 0x8; alt: no; shift: no; sym: no)
01-08 20:57:38.028 19818 19846 V Kodi : Debug Print: Keyboard: scancode: 0x14, sym: 0x0112, unicode: 0x0000, modifier: 0x0
01-08 20:57:38.029 19818 19846 V Kodi : Debug Print: HandleKey: down (0xf081) pressed, action is Down
01-08 20:57:38.071 3778 3842 D WindowManager: handleComboKeys keyCode: 20, keyAction: 1
01-08 20:57:38.075 19818 19844 V Kodi : CAndroidKey: key up (dev:9; src:769; code: 20; repeat: 0; flags: 0x8; alt: no; shift: no; sym: no)
01-08 20:57:38.095 19818 19846 V Kodi : Debug Print: Keyboard: scancode: 0x14, sym: 0x0112, unicode: 0x0000, modifier: 0x0
01-08 20:57:38.271 3778 3842 D WindowManager: handleComboKeys keyCode: 23, keyAction: 0
01-08 20:57:38.275 19818 19844 V Kodi : CAndroidKey: key down (dev:9; src:769; code: 23; repeat: 0; flags: 0x8; alt: no; shift: no; sym: no)
01-08 20:57:38.295 19818 19846 V Kodi : Debug Print: Keyboard: scancode: 0x17, sym: 0x000d, unicode: 0x0000, modifier: 0x0
01-08 20:57:38.421 3778 3842 D WindowManager: handleComboKeys keyCode: 23, keyAction: 1
01-08 20:57:38.425 19818 19844 V Kodi : CAndroidKey: key up (dev:9; src:769; code: 23; repeat: 0; flags: 0x8; alt: no; shift: no; sym: no)
01-08 20:57:38.446 19818 19846 V Kodi : Debug Print: Previous line repeats 1 times.
01-08 20:57:38.446 19818 19846 V Kodi : Debug Print: HandleKey: return (0xf00d) pressed, action is Select
01-08 20:57:38.448 19818 19846 V Kodi : Debug Print: CGUIMediaWindow::GetDirectory (plugin://plugin.video.netflix/?action=video_lists&profile_id=OW7INQ3L7JAULO4KZFH3BDHWXY)
01-08 20:57:38.448 19818 19846 V Kodi : Debug Print: ParentPath = [plugin://plugin.video.netflix/]
01-08 20:57:38.451 19818 19940 V Kodi : Debug Print: Thread waiting start, auto delete: false
01-08 20:57:38.461 19818 19884 V Kodi : Debug Print: CAddonDatabase::SetLastUsed[plugin.video.netflix] took 13 ms
01-08 20:57:38.462 19818 19940 V Kodi : Debug Print: StartScript - calling plugin Netflix('plugin://plugin.video.netflix/','1','?action=video_lists&profile_id=OW7INQ3L7JAULO4KZFH3BDHWXY','resume:false')
01-08 20:57:38.462 19818 19940 V Kodi : Debug Print: GetLanguageInvoker - Reusing LanguageInvokerThread 2 for script /storage/emulated/0/Android/data/org.xbmc.kodi/files/.kodi/addons/plugin.video.netflix/addon.py
01-08 20:57:38.463 19818 19931 V Kodi : Debug Print: initializing python engine.
01-08 20:57:38.463 19818 19931 V Kodi : Debug Print: CPythonInvoker(2, /storage/emulated/0/Android/data/org.xbmc.kodi/files/.kodi/addons/plugin.video.netflix/addon.py): start processing
01-08 20:57:38.463 19818 19931 V Kodi : Debug Print: CPythonInvoker(2, /storage/emulated/0/Android/data/org.xbmc.kodi/files/.kodi/addons/plugin.video.netflix/addon.py): entering source directory /storage/emulated/0/Android/data/org.xbmc.kodi/files/.kodi/addons/plugin.video.netflix
01-08 20:57:38.463 19818 19931 V Kodi : Debug Print: CPythonInvoker(2, /storage/emulated/0/Android/data/org.xbmc.kodi/files/.kodi/addons/plugin.video.netflix/addon.py): instantiating addon using automatically obtained id of "plugin.video.netflix" dependent on version 2.25.0 of the xbmc.python api
01-08 20:57:38.466 19818 19931 V Kodi : Debug Print: CAddonSettings[plugin.video.netflix]: loading setting definitions
01-08 20:57:38.466 19818 19931 V Kodi : Debug Print: CAddonSettings[plugin.video.netflix]: trying to load setting definitions from old format...
01-08 20:57:38.469 19818 19931 V Kodi : Debug Print: CAddonSettings[plugin.video.netflix]: loading setting values
01-08 20:57:38.471 19818 19931 V Kodi : Debug Print: CSettingsManager: requested setting (logging) was not found.
01-08 20:57:38.472 19818 19931 V Kodi : Debug Print: [Netflix] Started (Version 0.13.21)
01-08 20:57:38.473 19818 19931 V Kodi : Debug Print: [Netflix] "Navigation::router" called with arguments :paramstring = action=video_lists&profile_id=OW7INQ3L7JAULO4KZFH3BDHWXY:
01-08 20:57:38.473 19818 19931 V Kodi : Debug Print: [Netflix] "Navigation::before_routing_action" called with arguments :params = {'action': 'video_lists', 'profile_id': 'OW7INQ3L7JAULO4KZFH3BDHWXY'}:
01-08 20:57:38.476 19818 19928 V Kodi : Debug Print: [Netflix] Loading cookies from memory
01-08 20:57:38.476 19818 19928 V Kodi : Debug Print: [Netflix] Cookie expires: 1546987927 / 1546977458
01-08 20:57:38.488 19818 19931 V Kodi : Debug Print: [Netflix] "Navigation::before_routing_action" returned: {}
01-08 20:57:38.550 19818 19846 V Kodi : Debug Print: ------ Window Init (DialogBusy.xml) ------
01-08 20:57:38.551 19818 19846 V Kodi : Debug Print: Window DialogBusy.xml was already loaded
01-08 20:57:38.551 19818 19846 V Kodi : Debug Print: Alloc resources: 0.04ms
01-08 20:57:39.238 19818 19928 V Kodi : Debug Print: [Netflix] [POST] Req. for "https://www.netflix.com/api/shakti/v6faf08f4/pathEvaluator" took 0.74125289917 sec
01-08 20:57:39.248 19818 19931 V Kodi : Debug Print: [Netflix] Adding item to cache: (cache_id=guid=OW7INQ3L7JAULO4KZFH3BDHWXY&method=fetch_video_list_ids)
01-08 20:57:39.415 19818 19940 V Kodi : Debug Print: Thread waiting 163513480432 terminating
01-08 20:57:39.419 19818 19931 V Kodi : Debug Print: [Netflix] "Navigation::router" returned: True
01-08 20:57:39.419 19818 19931 V Kodi : Debug Print: CPythonInvoker(2, /storage/emulated/0/Android/data/org.xbmc.kodi/files/.kodi/addons/plugin.video.netflix/addon.py): script successfully run
01-08 20:57:39.430 19818 19846 V Kodi : Debug Print: ------ Window Deinit (DialogBusy.xml) ------
01-08 20:57:39.439 19818 19941 V Kodi : Debug Print: Thread BackgroundLoader start, auto delete: false
01-08 20:57:39.450 19818 19941 V Kodi : Debug Print: Thread BackgroundLoader 163513480432 terminating
01-08 20:57:41.471 3778 3842 D WindowManager: handleComboKeys keyCode: 20, keyAction: 0
01-08 20:57:41.475 19818 19844 V Kodi : CAndroidKey: key down (dev:9; src:769; code: 20; repeat: 0; flags: 0x8; alt: no; shift: no; sym: no)
01-08 20:57:41.512 19818 19846 V Kodi : Debug Print: Keyboard: scancode: 0x14, sym: 0x0112, unicode: 0x0000, modifier: 0x0
