01-08 20:46:52.874 3876 4344 D Avrcp : sendPlayPosNotificationRsp: Not registered or requesting.
01-08 20:46:53.494 4427 4444 I ShieldBluetoothScanPolicy: Scans disallowed due to PACKAGE POLL
01-08 20:46:53.495 4427 4444 D BluetoothAdapter: isLeEnabled(): ON
01-08 20:46:53.503 3876 4034 D BluetoothAdapterProperties: Discoverable Timeout:-1
01-08 20:46:53.503 3876 4034 D BluetoothAdapterProperties: Scan Mode:21
01-08 20:46:53.505 18548 18627 I chatty : uid=10097(u0_a97) org.xbmc.kodi expire 56 lines
01-08 20:46:53.524 3778 3859 D NsdService: New client listening to asynchronous messages
01-08 20:46:53.524 3778 3859 D NsdService: New client, channel: com.android.internal.util.AsyncChannel@4ac7ea9 messenger: android.os.Messenger@bbf9c2e
01-08 20:46:53.524 18548 18553 I chatty : uid=10097(u0_a97) org.xbmc.kodi expire 11 lines
01-08 20:46:53.526 18548 18636 I chatty : uid=10097(u0_a97) org.xbmc.kodi expire 5 lines
01-08 20:46:53.532 3778 3859 D NsdService: Register service
01-08 20:46:53.532 3778 3859 D NsdService: registerService: 14 name: Kodi (8635f1b2-aa71-88e7-6086-a23eff3ea8ce.fritz.box), type: _xbmc-events._udp, host: /127.0.0.1, port: 9777, txtRecord:
01-08 20:46:53.534 3778 3859 D NsdService: Register 1 14
01-08 20:46:53.534 3778 3859 D NsdService: Register service
01-08 20:46:53.534 3778 3859 D NsdService: registerService: 15 name: Kodi (8635f1b2-aa71-88e7-6086-a23eff3ea8ce.fritz.box), type: _xbmc-jsonrpc._tcp, host: /127.0.0.1, port: 9090, txtRecord: txtvers=1)uuid=43554d88-949d-4192-8cec-16cba2d23c4c
01-08 20:46:53.535 3778 3859 D NsdService: Register 2 15
01-08 20:47:00.001 3778 3778 I ActivityManager: Killing 5800:com.android.vending/u0a31 (adj 906): empty for 4138s
01-08 20:47:00.061 3778 3790 D ConnectivityService: ConnectivityService NetworkRequestInfo binderDied(NetworkRequest [ LISTEN id=5, [ Capabilities: INTERNET&NOT_RESTRICTED&TRUSTED] ], android.os.BinderProxy@a82d15c)
01-08 20:47:00.062 3778 3857 E ConnectivityService: RemoteException caught trying to send a callback msg for NetworkRequest [ LISTEN id=5, [ Capabilities: INTERNET&NOT_RESTRICTED&TRUSTED] ]
01-08 20:47:01.952 4763 5163 D TvProviderUtils: Syncing channel approval for 34
01-08 20:47:01.973 4763 5163 D TvProviderUtils: Syncing channel approval for 35
01-08 20:47:02.199 3778 3859 D NsdService: Native daemon message SERVICE_REGISTERED: 606 14 "Kodi (8635f1b2-aa71-88e7-6086-a23eff3ea8ce.fritz.box)"
01-08 20:47:06.481 6109 6225 I chromium: [6109:6225:INFO:mdns_app_filter.cc(2437)] MdnsAppFilter: responses sent in 122 seconds: 2
01-08 20:47:10.654 6109 6270 D BluetoothGattServer: onConnectionUpdated() - Device=00:04:4B:99:25:86 interval=20 latency=99 timeout=1000 status=0
01-08 20:47:10.654 4525 5425 D BluetoothGatt: onConnectionUpdated() - Device=00:04:4B:99:25:86 interval=20 latency=99 timeout=1000 status=0
01-08 20:47:10.654 4427 4441 D BluetoothGatt: onConnectionUpdated() - Device=00:04:4B:99:25:86 interval=20 latency=99 timeout=1000 status=0
01-08 20:47:17.660 3910 4030 W zygote64: Checksum mismatch for dex SystemUI.apk
01-08 20:47:17.660 3910 4030 W zygote64: Checksum mismatch for dex SystemUI.apk
01-08 20:47:24.982 3778 3852 E ActivityThread: Failed to find provider info for com.nvidia.ibeta
01-08 20:47:25.000 6109 17088 I chromium: [6109:17088:INFO:ssdp_device.c(101)] SSDP packets sent for 42 seconds = 4
01-08 20:47:27.444 18548 18603 I chatty : uid=10097(u0_a97) org.xbmc.kodi expire 1 line
01-08 20:47:27.462 18548 18626 I chatty : uid=10097(u0_a97) org.xbmc.kodi expire 1 line
01-08 20:47:27.502 18548 18627 I chatty : uid=10097(u0_a97) org.xbmc.kodi expire 1 line
01-08 20:47:27.555 18548 18647 I chatty : uid=10097(u0_a97) org.xbmc.kodi expire 1 line
01-08 20:47:28.886 6109 6109 I chromium: [6109:6109:INFO:metrics_recorder.cc(89)] Metrics stat: total=2
01-08 20:47:28.886 6109 6109 I chromium: Cast.Discovery.Mdns.Request.In=1
01-08 20:47:28.886 6109 6109 I chromium: Cast.Discovery.Mdns.Response.Out=1
01-08 20:47:29.488 6109 6270 D BluetoothGattServer: onConnectionUpdated() - Device=00:04:4B:99:25:86 interval=20 latency=40 timeout=1000 status=0
01-08 20:47:29.488 4525 5425 D BluetoothGatt: onConnectionUpdated() - Device=00:04:4B:99:25:86 interval=20 latency=40 timeout=1000 status=0
01-08 20:47:29.488 4427 4441 D BluetoothGatt: onConnectionUpdated() - Device=00:04:4B:99:25:86 interval=20 latency=40 timeout=1000 status=0
01-08 20:47:29.818 6109 6225 I chromium: [6109:6225:INFO:mdns_app_filter.cc(2630)] Mdns cast queries recently sent: queries=1
01-08 20:47:29.915 3778 3841 I chatty : uid=1000(system) InputDispatcher expire 8 lines
01-08 20:47:30.769 18548 18564 I chatty : uid=10097(u0_a97) org.xbmc.kodi expire 54 lines
01-08 20:47:32.025 18548 18673 I chatty : uid=10097(u0_a97) org.xbmc.kodi expire 1 line
01-08 20:47:32.423 18548 18692 I chatty : uid=10097(u0_a97) org.xbmc.kodi expire 2 lines
01-08 20:47:32.423 18548 18693 I chatty : uid=10097(u0_a97) org.xbmc.kodi expire 3 lines
01-08 20:47:35.914 6109 6230 I chromium: [6109:6230:INFO:wifi_proximity.cc(209)] Request scan.
01-08 20:47:42.994 3998 4003 I zygote64: Do partial code cache collection, code=28KB, data=19KB
01-08 20:47:42.994 3998 4003 I zygote64: After code cache collection, code=28KB, data=19KB
01-08 20:47:42.994 3998 4003 I zygote64: Increasing code cache capacity to 128KB
01-08 20:47:50.288 3778 3842 I chatty : uid=1000(system) InputReader expire 21 lines
01-08 20:47:51.310 3778 3859 D NsdService: Native daemon message SERVICE_REGISTERED: 606 15 "Kodi (8635f1b2-aa71-88e7-6086-a23eff3ea8ce.fritz.box)"
01-08 20:47:56.150 4378 4392 I chatty : uid=1000(system) Binder:4378_1 expire 4 lines
01-08 20:47:56.150 4569 5314 D AccessoryManager: Device Changed: PEPPER-f03efd25 2
01-08 20:47:56.150 4556 4568 D AccessoryManager: Device Changed: PEPPER-f03efd25 2
01-08 20:47:56.153 4556 4568 D AccessoryManager: Device Changed: PEPPER-f03efd25 6
01-08 20:47:56.154 4569 5314 D AccessoryManager: Device Changed: PEPPER-f03efd25 6
01-08 20:47:56.156 4763 4763 D TVNotifService: onNotificationRemoved StatusBarNotification(pkg=com.nvidia.shieldtech.accessoryui user=UserHandle{0} id=4 tag=nvBattNotif key=0|com.nvidia.shieldtech.accessoryui|4|nvBattNotif|10115: Notification(channel=shieldtech_low_battery pri=0 contentView=null vibrate=null sound=null defaults=0x0 flags=0x0 color=0xff607d8b vis=PRIVATE)) userId: 0
01-08 20:47:57.191 18548 18564 I chatty : uid=10097(u0_a97) org.xbmc.kodi expire 78 lines
01-08 20:48:00.286 6109 6225 I chromium: [6109:6225:INFO:mdns_app_filter.cc(2437)] MdnsAppFilter: responses sent in 53 seconds: 3
01-08 20:48:00.518 6109 6229 I chromium: [6109:6229:INFO:metrics_recorder.cc(228)] Cast v2 action(socket_id=8635f1b2-aa71-88e7-6086-a23eff3ea8ce.27): CastV2.Connection.Connect.In
01-08 20:48:00.579 6109 6229 I chromium: [6109:6229:INFO:v2_ssl_socket.cc(275)] Stop reading on pending closed socket
01-08 20:48:00.812 3778 3842 I chatty : uid=1000(system) InputReader expire 159 lines
01-08 20:48:04.036 18548 18565 I chatty : uid=10097(u0_a97) org.xbmc.kodi expire 8 lines
01-08 20:48:09.164 6109 18717 I chromium: [6109:18717:INFO:ssdp_device.c(101)] SSDP packets sent for 44 seconds = 9
01-08 20:48:13.584 18548 18691 I chatty : uid=10097(u0_a97) org.xbmc.kodi expire 1 line
01-08 20:48:21.055 18548 18748 I chatty : uid=10097(u0_a97) org.xbmc.kodi expire 10 lines
01-08 20:48:27.130 18548 18753 I chatty : uid=10097(u0_a97) org.xbmc.kodi expire 6 lines
01-08 20:48:28.886 6109 6109 I chromium: [6109:6109:INFO:metrics_recorder.cc(89)] Metrics stat: total=10
01-08 20:48:28.886 6109 6109 I chromium: Cast.Discovery.Mdns.Query.Cast.Count=1
01-08 20:48:28.886 6109 6109 I chromium: Cast.Discovery.Mdns.Request.In=4
01-08 20:48:28.886 6109 6109 I chromium: Cast.Discovery.Mdns.Request.Namespace.In=4
01-08 20:48:28.886 6109 6109 I chromium: Cast.Discovery.Mdns.Response.Out=4
01-08 20:48:28.886 6109 6109 I chromium: CastV2.Connection.Connect.In=1
01-08 20:48:28.886 6109 6109 I chromium: CastV2.Receiver.DeviceStatus.Out=1
01-08 20:48:28.886 6109 6109 I chromium: CastV2.Receiver.GetStatus.In=1
01-08 20:48:28.886 6109 6109 I chromium: CastV2.Transport.Accept=1
01-08 20:48:28.886 6109 6109 I chromium: CastV2.Transport.Close=1
01-08 20:48:28.886 6109 6109 I chromium: CastV2.Transport.TcpAccept=1
01-08 20:48:29.166 18548 18564 I chatty : uid=10097(u0_a97) org.xbmc.kodi expire 48 lines
01-08 20:48:35.789 18548 18760 I chatty : uid=10097(u0_a97) org.xbmc.kodi expire 2 lines
01-08 20:48:37.412 3778 3842 I chatty : uid=1000(system) InputReader expire 24 lines
01-08 20:48:38.757 18548 18759 I chatty : uid=10097(u0_a97) org.xbmc.kodi expire 5 lines
01-08 20:48:43.969 3998 4182 W zygote64: Checksum mismatch for dex NvShieldTech.apk
01-08 20:48:43.969 3998 4182 W zygote64: Checksum mismatch for dex NvShieldTech.apk
01-08 20:48:44.557 3778 4708 I ActivityManager: START u0 {act=android.intent.action.MAIN cat=[android.intent.category.LEANBACK_LAUNCHER] flg=0x10000000 pkg=com.oxsoft.ftpserver cmp=com.oxsoft.ftpserver/.MainActivity} from uid 10097
01-08 20:48:44.558 3427 3427 E powerHAL::common: Unknown power hint: 0x8
01-08 20:48:44.561 18548 18548 I chatty : uid=10097(u0_a97) org.xbmc.kodi expire 14 lines
01-08 20:48:44.573 3778 3828 I WindowManager: WindowState() - found Launcher @ mAppToken:AppWindowToken{f3aeb43 token=Token{4b498c ActivityRecord{4db2ebf u0 com.oxsoft.ftpserver/.MainActivity t2334}}}
01-08 20:48:44.576 3426 3426 D hwcomposer: hwc_getActiveConfig: returning 0
01-08 20:48:44.577 6109 6225 I chromium: [6109:6225:INFO:mdns_app_filter.cc(2437)] MdnsAppFilter: responses sent in 44 seconds: 4
01-08 20:48:44.583 18548 18561 I chatty : uid=10097(u0_a97) org.xbmc.kodi expire 1 line
01-08 20:48:44.585 3778 18771 I chatty : uid=1000 system_server expire 1 line
01-08 20:48:44.591 4569 5314 I zygote64: Looking for service vendor.nvidia.hardware.power@1.0::IPower/default
01-08 20:48:44.592 4569 5314 I zygote64: Starting thread pool.
01-08 20:48:44.609 3778 3790 I WindowManager: WindowState() - found Launcher @ mAppToken:AppWindowToken{f3aeb43 token=Token{4b498c ActivityRecord{4db2ebf u0 com.oxsoft.ftpserver/.MainActivity t2334}}}
01-08 20:48:44.614 3426 3426 D hwcomposer: hwc_getActiveConfig: returning 0
01-08 20:48:44.618 18431 18513 D ViewRootImpl: windowFocusChanged true com.oxsoft.ftpserver
01-08 20:48:44.635 4622 4622 D ControllerMapper_S: same binder for com.oxsoft.ftpserver skipping
01-08 20:48:44.635 4622 4622 D ControllerMapper_S: notifyAppName com.oxsoft.ftpserver old :org.xbmc.kodi
01-08 20:48:44.635 4622 4622 D ControllerMapper_S: GameGuide com.oxsoft.ftpserver is not in whitelist, ----> hide
01-08 20:48:44.668 3427 3427 E powerHAL::common: Unknown power hint: 0x8
01-08 20:48:44.691 3778 3828 I WindowManager: B2026652 WAR. Hide the surface org.xbmc.kodi/org.xbmc.kodi.Main
01-08 20:48:45.462 18431 18436 I zygote64: Do partial code cache collection, code=29KB, data=30KB
01-08 20:48:45.463 18431 18436 I zygote64: After code cache collection, code=29KB, data=30KB
01-08 20:48:45.463 18431 18436 I zygote64: Increasing code cache capacity to 128KB
01-08 20:48:47.163 18431 18431 I DefaultFtpServer: FTP server started
01-08 20:48:49.201 18431 18783 I FtpLoggingFilter: CREATED
01-08 20:48:49.202 18431 18784 I FtpLoggingFilter: OPENED
01-08 20:48:49.203 18431 18784 I FtpLoggingFilter: SENT: 220 Service ready for new user.
01-08 20:48:49.221 18431 18784 I FtpLoggingFilter: RECEIVED: AUTH TLS
01-08 20:48:49.222 18431 18784 I FtpLoggingFilter: SENT: 431 Service is unavailable.
01-08 20:48:49.237 18431 18784 I FtpLoggingFilter: RECEIVED: AUTH SSL
01-08 20:48:49.238 18431 18784 I FtpLoggingFilter: SENT: 431 Service is unavailable.
01-08 20:48:49.293 18431 18784 I FtpLoggingFilter: RECEIVED: USER user
01-08 20:48:49.295 18431 18784 I FtpLoggingFilter: SENT: 331 User name okay, need password for user.
01-08 20:48:49.315 18431 18784 I FtpLoggingFilter: RECEIVED: PASS *****
01-08 20:48:49.337 18431 18784 I o*.a*.f*.c*.i*.PASS: Login success - user
01-08 20:48:49.337 18431 18785 I FtpLoggingFilter: SENT: 230 User logged in, proceed.
01-08 20:48:49.353 18431 18784 I FtpLoggingFilter: RECEIVED: OPTS UTF8 ON
01-08 20:48:49.354 18431 18785 I FtpLoggingFilter: SENT: 200 Command OPTS okay.
01-08 20:48:49.373 18431 18784 I FtpLoggingFilter: RECEIVED: OPTS MLST size;modify;type;
01-08 20:48:49.374 18431 18785 I FtpLoggingFilter: SENT: 200 Command OPTS okay.
01-08 20:48:49.399 18431 18784 I FtpLoggingFilter: RECEIVED: CWD /storage/emulated/0/Android/data/org.xbmc.kodi/files/kodi-bak
01-08 20:48:49.402 18431 18785 I FtpLoggingFilter: SENT: 250 Directory changed to /storage/emulated/0/Android/data/org.xbmc.kodi/files/kodi-bak
01-08 20:48:49.404 18431 18784 I FtpLoggingFilter: RECEIVED: TYPE I
01-08 20:48:49.406 18431 18785 I FtpLoggingFilter: SENT: 200 Command TYPE okay.
01-08 20:48:49.421 18431 18784 I FtpLoggingFilter: RECEIVED: PASV
01-08 20:48:49.422 18431 18785 I FtpLoggingFilter: SENT: 227 Entering Passive Mode (192,168,12,58,140,235)
01-08 20:48:49.426 18431 18784 I FtpLoggingFilter: RECEIVED: MLSD
01-08 20:48:49.434 18431 18784 W PassivePorts: Releasing unreserved passive port: 36075
01-08 20:48:49.434 18431 18784 I FtpLoggingFilter: SENT: 150 File status okay; about to open data connection.
01-08 20:48:49.434 18431 18784 I FtpLoggingFilter: SENT: 226 Closing data connection.
01-08 20:48:50.433 18431 18785 I FtpLoggingFilter: RECEIVED: PASV
01-08 20:48:50.434 18431 18784 I FtpLoggingFilter: SENT: 227 Entering Passive Mode (192,168,12,58,159,129)
01-08 20:48:50.437 18431 18785 I FtpLoggingFilter: RECEIVED: MLSD
01-08 20:48:50.444 18431 18785 W PassivePorts: Releasing unreserved passive port: 40833
01-08 20:48:50.444 18431 18785 I FtpLoggingFilter: SENT: 150 File status okay; about to open data connection.
01-08 20:48:50.445 18431 18785 I FtpLoggingFilter: SENT: 226 Closing data connection.
01-08 20:48:56.489 18431 18784 I FtpLoggingFilter: RECEIVED: CWD /storage/emulated/0/Download
01-08 20:48:56.491 18431 18785 I FtpLoggingFilter: SENT: 250 Directory changed to /storage/emulated/0/Download
01-08 20:48:56.493 18431 18784 I FtpLoggingFilter: RECEIVED: PWD
01-08 20:48:56.494 18431 18785 I FtpLoggingFilter: SENT: 257 "/storage/emulated/0/Download" is current directory.
01-08 20:48:56.496 18431 18784 I FtpLoggingFilter: RECEIVED: PASV
01-08 20:48:56.497 18431 18785 I FtpLoggingFilter: SENT: 227 Entering Passive Mode (192,168,12,58,147,169)
01-08 20:48:56.502 18431 18784 I FtpLoggingFilter: RECEIVED: MLSD
01-08 20:48:56.512 18431 18784 W PassivePorts: Releasing unreserved passive port: 37801
01-08 20:48:56.512 18431 18784 I FtpLoggingFilter: SENT: 150 File status okay; about to open data connection.
01-08 20:48:56.512 18431 18784 I FtpLoggingFilter: SENT: 226 Closing data connection.
01-08 20:48:58.008 6109 6270 D BluetoothGattServer: onConnectionUpdated() - Device=00:04:4B:99:25:86 interval=20 latency=99 timeout=1000 status=0
01-08 20:48:58.008 4525 5425 D BluetoothGatt: onConnectionUpdated() - Device=00:04:4B:99:25:86 interval=20 latency=99 timeout=1000 status=0
01-08 20:48:58.008 4427 4441 D BluetoothGatt: onConnectionUpdated() - Device=00:04:4B:99:25:86 interval=20 latency=99 timeout=1000 status=0
01-08 20:49:12.917 6109 18717 I chromium: [6109:18717:INFO:ssdp_device.c(101)] SSDP packets sent for 64 seconds = 6
01-08 20:49:14.293 18431 18798 I FtpLoggingFilter: CREATED
01-08 20:49:14.293 18431 18785 I FtpLoggingFilter: OPENED
01-08 20:49:14.293 18431 18799 I FtpLoggingFilter: CREATED
01-08 20:49:14.294 18431 18784 I FtpLoggingFilter: OPENED
01-08 20:49:14.294 18431 18785 I FtpLoggingFilter: SENT: 220 Service ready for new user.
01-08 20:49:14.294 18431 18784 I FtpLoggingFilter: SENT: 220 Service ready for new user.
01-08 20:49:14.312 18431 18784 I FtpLoggingFilter: RECEIVED: AUTH TLS
01-08 20:49:14.312 18431 18785 I FtpLoggingFilter: RECEIVED: AUTH TLS
01-08 20:49:14.313 18431 18784 I FtpLoggingFilter: SENT: 431 Service is unavailable.
01-08 20:49:14.313 18431 18785 I FtpLoggingFilter: SENT: 431 Service is unavailable.
01-08 20:49:14.328 18431 18784 I FtpLoggingFilter: RECEIVED: AUTH SSL
01-08 20:49:14.328 18431 18785 I FtpLoggingFilter: RECEIVED: AUTH SSL
01-08 20:49:14.328 18431 18784 W JNIHelp : Discarding pending exception (java.lang.NullPointerException) to throw java/lang/IllegalArgumentException
01-08 20:49:14.329 18431 18785 I FtpLoggingFilter: SENT: 431 Service is unavailable.
01-08 20:49:14.330 18431 18784 W FtpLoggingFilter: EXCEPTION :
01-08 20:49:14.330 18431 18784 W FtpLoggingFilter: org.apache.mina.filter.codec.ProtocolEncoderException: java.lang.IllegalArgumentException: uSource failed: U_ILLEGAL_ARGUMENT_ERROR
01-08 20:49:14.330 18431 18784 W FtpLoggingFilter: at org.apache.mina.filter.codec.ProtocolCodecFilter.filterWrite(ProtocolCodecFilter.java:355)
01-08 20:49:14.330 18431 18784 W FtpLoggingFilter: at org.apache.mina.core.filterchain.DefaultIoFilterChain.callPreviousFilterWrite(DefaultIoFilterChain.java:509)
01-08 20:49:14.330 18431 18784 W FtpLoggingFilter: at org.apache.mina.core.filterchain.DefaultIoFilterChain.access$1400(DefaultIoFilterChain.java:46)
01-08 20:49:14.330 18431 18784 W FtpLoggingFilter: at org.apache.mina.core.filterchain.DefaultIoFilterChain$EntryImpl$1.filterWrite(DefaultIoFilterChain.java:808)
01-08 20:49:14.330 18431 18784 W FtpLoggingFilter: at org.apache.mina.core.filterchain.IoFilterEvent.fire(IoFilterEvent.java:85)
01-08 20:49:14.330 18431 18784 W FtpLoggingFilter: at org.apache.mina.filter.logging.MdcInjectionFilter.filter(MdcInjectionFilter.java:136)
01-08 20:49:14.330 18431 18784 W FtpLoggingFilter: at org.apache.mina.filter.util.CommonEventFilter.filterWrite(CommonEventFilter.java:80)
01-08 20:49:14.330 18431 18784 W FtpLoggingFilter: at org.apache.mina.core.filterchain.DefaultIoFilterChain.callPreviousFilterWrite(DefaultIoFilterChain.java:509)
01-08 20:49:14.330 18431 18784 W FtpLoggingFilter: at org.apache.mina.core.filterchain.DefaultIoFilterChain.access$1400(DefaultIoFilterChain.java:46)
01-08 20:49:14.330 18431 18784 W FtpLoggingFilter: at org.apache.mina.core.filterchain.DefaultIoFilterChain$EntryImpl$1.filterWrite(DefaultIoFilterChain.java:808)
01-08 20:49:14.330 18431 18784 W FtpLoggingFilter: at org.apache.mina.core.filterchain.IoFilterAdapter.filterWrite(IoFilterAdapter.java:135)
01-08 20:49:14.330 18431 18784 W FtpLoggingFilter: at org.apache.mina.core.filterchain.DefaultIoFilterChain.callPreviousFilterWrite(DefaultIoFilterChain.java:509)
01-08 20:49:14.330 18431 18784 W FtpLoggingFilter: at org.apache.mina.core.filterchain.DefaultIoFilterChain.access$1400(DefaultIoFilterChain.java:46)
01-08 20:49:14.330 18431 18784 W FtpLoggingFilter: at org.apache.mina.core.filterchain.DefaultIoFilterChain$EntryImpl$1.filterWrite(DefaultIoFilterChain.java:808)
01-08 20:49:14.330 18431 18784 W FtpLoggingFilter: at org.apache.mina.core.filterchain.DefaultIoFilterChain$TailFilter.filterWrite(DefaultIoFilterChain.java:734)
01-08 20:49:14.330 18431 18784 W FtpLoggingFilter: at org.apache.mina.core.filterchain.DefaultIoFilterChain.callPreviousFilterWrite(DefaultIoFilterChain.java:509)
01-08 20:49:14.330 18431 18784 W FtpLoggingFilter: at org.apache.mina.core.filterchain.DefaultIoFilterChain.fireFilterWrite(DefaultIoFilterChain.java:501)
01-08 20:49:14.330 18431 18784 W FtpLoggingFilter: at org.apache.mina.core.session.AbstractIoSession.write(AbstractIoSession.java:490)
01-08 20:49:14.330 18431 18784 W FtpLoggingFilter: at org.apache.mina.core.session.AbstractIoSession.write(AbstractIoSession.java:435)
01-08 20:49:14.330 18431 18784 W FtpLoggingFilter: at org.apache.ftpserver.impl.FtpIoSession.write(FtpIoSession.java:527)
01-08 20:49:14.330 18431 18784 W FtpLoggingFilter: at org.apache.ftpserver.command.impl.AUTH.execute(AUTH.java:71)
01-08 20:49:14.330 18431 18784 W FtpLoggingFilter: at org.apache.ftpserver.impl.DefaultFtpHandler.messageReceived(DefaultFtpHandler.java:210)
01-08 20:49:14.330 18431 18784 W FtpLoggingFilter: at org.apache.ftpserver.listener.nio.FtpHandlerAdapter.messageReceived(FtpHandlerAdapter.java:61)
01-08 20:49:14.330 18431 18784 W FtpLoggingFilter: at org.apache.mina.core.filterchain.DefaultIoFilterChain$TailFilter.messageReceived(DefaultIoFilterChain.java:716)
01-08 20:49:14.330 18431 18784 W FtpLoggingFilter: at org.apache.mina.core.filterchain.DefaultIoFilterChain.callNextMessageReceived(DefaultIoFilterChain.java:434)
01-08 20:49:14.330 18431 18784 W FtpLoggingFilter: at org.apache.mina.core.filterchain.DefaultIoFilterChain.access$1200(DefaultIoFilterChain.java:46)
01-08 20:49:14.330 18431 18784 W FtpLoggingFilter: at org.apache.mina.core.filterchain.DefaultIoFilterChain$EntryImpl$1.messageReceived(DefaultIoFilterChain.java:796)
01-08 20:49:14.330 18431 18784 W FtpLoggingFilter: at org.apache.ftpserver.listener.nio.FtpLoggingFilter.messageReceived(FtpLoggingFilter.java:85)
01-08 20:49:14.330 18431 18784 W FtpLoggingFilter: at org.apache.mina.core.filterchain.DefaultIoFilterChain.callNextMessageReceived(DefaultIoFilterChain.java:434)
01-08 20:49:14.330 18431 18784 W FtpLoggingFilter: at org.apache.mina.core.filterchain.DefaultIoFilterChain.access$1200(DefaultIoFilterChain.java:46)
01-08 20:49:14.330 18431 18784 W FtpLoggingFilter: at org.apache.mina.core.filterchain.DefaultIoFilterChain$EntryImpl$1.messageReceived(DefaultIoFilterChain.java:796)
01-08 20:49:14.330 18431 18784 W FtpLoggingFilter: at org.apache.mina.core.filterchain.IoFilterEvent.fire(IoFilterEvent.java:75)
01-08 20:49:14.330 18431 18784 W FtpLoggingFilter: at org.apache.mina.filter.logging.MdcInjectionFilter.filter(MdcInjectionFilter.java:136)
01-08 20:49:14.330 18431 18784 W FtpLoggingFilter: at org.apache.mina.filter.util.CommonEventFilter.messageReceived(CommonEventFilter.java:70)
01-08 20:49:14.330 18431 18784 W FtpLoggingFilter: at org.apache.mina.core.filterchain.DefaultIoFilterChain.callNextMessageReceived(DefaultIoFilterChain.java:434)
01-08 20:49:14.330 18431 18784 W FtpLoggingFilter: at org.apache.mina.core.filterchain.DefaultIoFilterChain.access$1200(DefaultIoFilterChain.java:46)
01-08 20:49:14.330 18431 18784 W FtpLoggingFilter: at org.apache.mina.core.filterchain.DefaultIoFilterChain$EntryImpl$1.messageReceived(DefaultIoFilterChain.java:796)
01-08 20:49:14.330 18431 18784 W FtpLoggingFilter: at org.apache.mina.filter.codec.ProtocolCodecFilter$ProtocolDecoderOutputImpl.flush(ProtocolCodecFilter.java:427)
01-08 20:49:14.330 18431 18784 W FtpLoggingFilter: at org.apache.mina.filter.codec.ProtocolCodecFilter.messageReceived(Protoc
01-08 20:49:14.330 18431 18784 E DefaultFtpHandler: Exception caught, closing session
01-08 20:49:14.330 18431 18784 E DefaultFtpHandler: org.apache.mina.filter.codec.ProtocolEncoderException: java.lang.IllegalArgumentException: uSource failed: U_ILLEGAL_ARGUMENT_ERROR
01-08 20:49:14.330 18431 18784 E DefaultFtpHandler: at org.apache.mina.filter.codec.ProtocolCodecFilter.filterWrite(ProtocolCodecFilter.java:355)
01-08 20:49:14.330 18431 18784 E DefaultFtpHandler: at org.apache.mina.core.filterchain.DefaultIoFilterChain.callPreviousFilterWrite(DefaultIoFilterChain.java:509)
01-08 20:49:14.330 18431 18784 E DefaultFtpHandler: at org.apache.mina.core.filterchain.DefaultIoFilterChain.access$1400(DefaultIoFilterChain.java:46)
01-08 20:49:14.330 18431 18784 E DefaultFtpHandler: at org.apache.mina.core.filterchain.DefaultIoFilterChain$EntryImpl$1.filterWrite(DefaultIoFilterChain.java:808)
01-08 20:49:14.330 18431 18784 E DefaultFtpHandler: at org.apache.mina.core.filterchain.IoFilterEvent.fire(IoFilterEvent.java:85)
01-08 20:49:14.330 18431 18784 E DefaultFtpHandler: at org.apache.mina.filter.logging.MdcInjectionFilter.filter(MdcInjectionFilter.java:136)
01-08 20:49:14.330 18431 18784 E DefaultFtpHandler: at org.apache.mina.filter.util.CommonEventFilter.filterWrite(CommonEventFilter.java:80)
01-08 20:49:14.330 18431 18784 E DefaultFtpHandler: at org.apache.mina.core.filterchain.DefaultIoFilterChain.callPreviousFilterWrite(DefaultIoFilterChain.java:509)
01-08 20:49:14.330 18431 18784 E DefaultFtpHandler: at org.apache.mina.core.filterchain.DefaultIoFilterChain.access$1400(DefaultIoFilterChain.java:46)
01-08 20:49:14.330 18431 18784 E DefaultFtpHandler: at org.apache.mina.core.filterchain.DefaultIoFilterChain$EntryImpl$1.filterWrite(DefaultIoFilterChain.java:808)
01-08 20:49:14.330 18431 18784 E DefaultFtpHandler: at org.apache.mina.core.filterchain.IoFilterAdapter.filterWrite(IoFilterAdapter.java:135)
01-08 20:49:14.330 18431 18784 E DefaultFtpHandler: at org.apache.mina.core.filterchain.DefaultIoFilterChain.callPreviousFilterWrite(DefaultIoFilterChain.java:509)
01-08 20:49:14.330 18431 18784 E DefaultFtpHandler: at org.apache.mina.core.filterchain.DefaultIoFilterChain.access$1400(DefaultIoFilterChain.java:46)
01-08 20:49:14.330 18431 18784 E DefaultFtpHandler: at org.apache.mina.core.filterchain.DefaultIoFilterChain$EntryImpl$1.filterWrite(DefaultIoFilterChain.java:808)
01-08 20:49:14.330 18431 18784 E DefaultFtpHandler: at org.apache.mina.core.filterchain.DefaultIoFilterChain$TailFilter.filterWrite(DefaultIoFilterChain.java:734)
01-08 20:49:14.330 18431 18784 E DefaultFtpHandler: at org.apache.mina.core.filterchain.DefaultIoFilterChain.callPreviousFilterWrite(DefaultIoFilterChain.java:509)
01-08 20:49:14.330 18431 18784 E DefaultFtpHandler: at org.apache.mina.core.filterchain.DefaultIoFilterChain.fireFilterWrite(DefaultIoFilterChain.java:501)
01-08 20:49:14.330 18431 18784 E DefaultFtpHandler: at org.apache.mina.core.session.AbstractIoSession.write(AbstractIoSession.java:490)
01-08 20:49:14.330 18431 18784 E DefaultFtpHandler: at org.apache.mina.core.session.AbstractIoSession.write(AbstractIoSession.java:435)
01-08 20:49:14.330 18431 18784 E DefaultFtpHandler: at org.apache.ftpserver.impl.FtpIoSession.write(FtpIoSession.java:527)
01-08 20:49:14.330 18431 18784 E DefaultFtpHandler: at org.apache.ftpserver.command.impl.AUTH.execute(AUTH.java:71)
01-08 20:49:14.330 18431 18784 E DefaultFtpHandler: at org.apache.ftpserver.impl.DefaultFtpHandler.messageReceived(DefaultFtpHandler.java:210)
01-08 20:49:14.330 18431 18784 E DefaultFtpHandler: at org.apache.ftpserver.listener.nio.FtpHandlerAdapter.messageReceived(FtpHandlerAdapter.java:61)
01-08 20:49:14.330 18431 18784 E DefaultFtpHandler: at org.apache.mina.core.filterchain.DefaultIoFilterChain$TailFilter.messageReceived(DefaultIoFilterChain.java:716)
01-08 20:49:14.330 18431 18784 E DefaultFtpHandler: at org.apache.mina.core.filterchain.DefaultIoFilterChain.callNextMessageReceived(DefaultIoFilterChain.java:434)
01-08 20:49:14.330 18431 18784 E DefaultFtpHandler: at org.apache.mina.core.filterchain.DefaultIoFilterChain.access$1200(DefaultIoFilterChain.java:46)
01-08 20:49:14.330 18431 18784 E DefaultFtpHandler: at org.apache.mina.core.filterchain.DefaultIoFilterChain$EntryImpl$1.messageReceived(DefaultIoFilterChain.java:796)
01-08 20:49:14.330 18431 18784 E DefaultFtpHandler: at org.apache.ftpserver.listener.nio.FtpLoggingFilter.messageReceived(FtpLoggingFilter.java:85)
01-08 20:49:14.330 18431 18784 E DefaultFtpHandler: at org.apache.mina.core.filterchain.DefaultIoFilterChain.callNextMessageReceived(DefaultIoFilterChain.java:434)
01-08 20:49:14.330 18431 18784 E DefaultFtpHandler: at org.apache.mina.core.filterchain.DefaultIoFilterChain.access$1200(DefaultIoFilterChain.java:46)
01-08 20:49:14.330 18431 18784 E DefaultFtpHandler: at org.apache.mina.core.filterchain.DefaultIoFilterChain$EntryImpl$1.messageReceived(DefaultIoFilterChain.java:796)
01-08 20:49:14.330 18431 18784 E DefaultFtpHandler: at org.apache.mina.core.filterchain.IoFilterEvent.fire(IoFilterEvent.java:75)
01-08 20:49:14.330 18431 18784 E DefaultFtpHandler: at org.apache.mina.filter.logging.MdcInjectionFilter.filter(MdcInjectionFilter.java:136)
01-08 20:49:14.330 18431 18784 E DefaultFtpHandler: at org.apache.mina.filter.util.CommonEventFilter.messageReceived(CommonEventFilter.java:70)
01-08 20:49:14.330 18431 18784 E DefaultFtpHandler: at org.apache.mina.core.filterchain.DefaultIoFilterChain.callNextMessageReceived(DefaultIoFilterChain.java:434)
01-08 20:49:14.330 18431 18784 E DefaultFtpHandler: at org.apache.mina.core.filterchain.DefaultIoFilterChain.access$1200(DefaultIoFilterChain.java:46)
01-08 20:49:14.330 18431 18784 E DefaultFtpHandler: at org.apache.mina.core.filterchain.DefaultIoFilterChain$EntryImpl$1.messageReceived(DefaultIoFilterChain.java:796)
01-08 20:49:14.330 18431 18784 E DefaultFtpHandler: at org.apache.mina.filter.codec.ProtocolCodecFilter$ProtocolDecoderOutputImpl.flush(ProtocolCodecFilter.java:427)
01-08 20:49:14.330 18431 18784 E DefaultFtpHandler: at org.apache.mina.filter.codec.ProtocolCodecFilter
01-08 20:49:14.331 18431 18785 I FtpLoggingFilter: CLOSED
01-08 20:49:14.351 18431 18784 I FtpLoggingFilter: RECEIVED: USER user
01-08 20:49:14.353 18431 18785 I FtpLoggingFilter: SENT: 331 User name okay, need password for user.
01-08 20:49:14.360 18431 18784 I FtpLoggingFilter: RECEIVED: PASS *****
01-08 20:49:14.382 18431 18784 I o*.a*.f*.c*.i*.PASS: Login success - user
01-08 20:49:14.383 18431 18785 I FtpLoggingFilter: SENT: 230 User logged in, proceed.
01-08 20:49:14.402 18431 18784 I FtpLoggingFilter: RECEIVED: OPTS UTF8 ON
01-08 20:49:14.403 18431 18785 I FtpLoggingFilter: SENT: 200 Command OPTS okay.
01-08 20:49:14.422 18431 18784 I FtpLoggingFilter: RECEIVED: OPTS MLST size;modify;type;
01-08 20:49:14.423 18431 18785 I FtpLoggingFilter: SENT: 200 Command OPTS okay.
01-08 20:49:14.448 18431 18784 I FtpLoggingFilter: RECEIVED: CWD /storage/emulated/0/Download
01-08 20:49:14.449 18431 18785 I FtpLoggingFilter: SENT: 250 Directory changed to /storage/emulated/0/Download
01-08 20:49:14.513 18431 18784 I FtpLoggingFilter: RECEIVED: TYPE I
01-08 20:49:14.515 18431 18785 I FtpLoggingFilter: SENT: 200 Command TYPE okay.
01-08 20:49:14.519 18431 18784 I FtpLoggingFilter: RECEIVED: PASV
01-08 20:49:14.520 18431 18785 I FtpLoggingFilter: SENT: 227 Entering Passive Mode (192,168,12,58,135,119)
01-08 20:49:14.525 18431 18784 I FtpLoggingFilter: RECEIVED: STOR repository.emby.kodi-1.0.4.zip
01-08 20:49:14.566 18431 18784 I o*.a*.f*.c*.i*.STOR: File uploaded /storage/emulated/0/Download/repository.emby.kodi-1.0.4.zip
01-08 20:49:14.567 18431 18784 W PassivePorts: Releasing unreserved passive port: 34679
01-08 20:49:14.567 18431 18784 I FtpLoggingFilter: SENT: 150 File status okay; about to open data connection.
01-08 20:49:14.567 18431 18784 I FtpLoggingFilter: SENT: 226 Transfer complete.
01-08 20:49:14.690 18431 18785 I FtpLoggingFilter: RECEIVED: PASV
01-08 20:49:14.691 18431 18784 I FtpLoggingFilter: SENT: 227 Entering Passive Mode (192,168,12,58,132,1)
01-08 20:49:14.693 18431 18785 I FtpLoggingFilter: RECEIVED: STOR repository.kodinerds-6.0.0.zip
01-08 20:49:14.786 18431 18785 I o*.a*.f*.c*.i*.STOR: File uploaded /storage/emulated/0/Download/repository.kodinerds-6.0.0.zip
01-08 20:49:14.787 18431 18785 W PassivePorts: Releasing unreserved passive port: 33793
01-08 20:49:14.788 18431 18785 I FtpLoggingFilter: SENT: 150 File status okay; about to open data connection.
01-08 20:49:14.788 18431 18785 I FtpLoggingFilter: SENT: 226 Transfer complete.
01-08 20:49:14.883 6109 6270 D BluetoothGattServer: onConnectionUpdated() - Device=00:04:4B:99:25:86 interval=20 latency=40 timeout=1000 status=0
01-08 20:49:14.883 4525 5425 D BluetoothGatt: onConnectionUpdated() - Device=00:04:4B:99:25:86 interval=20 latency=40 timeout=1000 status=0
01-08 20:49:14.883 4427 4441 D BluetoothGatt: onConnectionUpdated() - Device=00:04:4B:99:25:86 interval=20 latency=40 timeout=1000 status=0
01-08 20:49:17.609 3778 3842 I chatty : uid=1000(system) InputReader expire 69 lines
01-08 20:49:17.629 3910 3915 I zygote64: Do full code cache collection, code=124KB, data=88KB
01-08 20:49:17.629 3910 3915 I zygote64: After code cache collection, code=115KB, data=72KB
01-08 20:48:45.024 3778 3828 I chatty : uid=1000(system) android.anim identical 20 lines
01-08 20:48:45.041 3778 3828 I WindowManager: B2026652 WAR. Hide the surface org.xbmc.kodi/org.xbmc.kodi.Main
01-08 20:49:17.762 3778 4708 I ActivityManager: START u0 {flg=0x10804000 cmp=com.android.systemui/.recents.tv.RecentsTvActivity} from uid 10028
01-08 20:49:17.764 3427 3427 E powerHAL::common: Unknown power hint: 0x8
01-08 20:49:17.778 18431 18513 D ViewRootImpl: windowFocusChanged false com.oxsoft.ftpserver
01-08 20:49:17.779 3778 18802 I chatty : uid=1000 system_server expire 1 line
01-08 20:49:17.781 4569 5898 I zygote64: Looking for service vendor.nvidia.hardware.power@1.0::IPower/default
01-08 20:49:17.782 4569 5898 I zygote64: Starting thread pool.
01-08 20:49:17.800 3778 3790 I WindowManager: WindowState() - found Launcher @ mAppToken:AppWindowToken{32ed852 token=Token{dc844dd ActivityRecord{d66b0b4 u0 com.android.systemui/.recents.tv.RecentsTvActivity t2335}}}
01-08 20:49:17.811 3426 3426 D hwcomposer: hwc_getActiveConfig: returning 0
01-08 20:49:17.814 3910 4297 D ViewRootImpl: windowFocusChanged true com.android.systemui
01-08 20:49:17.830 3910 3910 W View : requestLayout() improperly called by com.android.systemui.recents.tv.views.TaskCardView{eccc448 VFE...C.. .F....ID 704,0-1216,476} during layout: running second layout pass
01-08 20:49:17.862 3427 3427 E powerHAL::common: Unknown power hint: 0x8
01-08 20:49:17.863 3778 3828 I WindowManager: B2026652 WAR. Hide the surface com.oxsoft.ftpserver/com.oxsoft.ftpserver.MainActivity
01-08 20:49:18.174 3778 3828 I chatty : uid=1000(system) android.anim identical 19 lines
01-08 20:49:18.191 3778 3828 I WindowManager: B2026652 WAR. Hide the surface com.oxsoft.ftpserver/com.oxsoft.ftpserver.MainActivity
01-08 20:49:19.043 3910 4030 W zygote64: Checksum mismatch for dex SystemUI.apk
01-08 20:49:19.043 3910 4030 W zygote64: Checksum mismatch for dex SystemUI.apk
01-08 20:49:19.365 18431 18798 I FtpLoggingFilter: CREATED
01-08 20:49:19.365 18431 18784 I FtpLoggingFilter: OPENED
01-08 20:49:19.366 18431 18785 I FtpLoggingFilter: SENT: 220 Service ready for new user.
01-08 20:49:19.384 18431 18784 I FtpLoggingFilter: RECEIVED: AUTH TLS
01-08 20:49:19.385 18431 18785 I FtpLoggingFilter: SENT: 431 Service is unavailable.
01-08 20:49:19.400 18431 18784 I FtpLoggingFilter: RECEIVED: AUTH SSL
01-08 20:49:19.401 18431 18785 I FtpLoggingFilter: SENT: 431 Service is unavailable.
01-08 20:49:19.422 18431 18784 I FtpLoggingFilter: RECEIVED: USER user
01-08 20:49:19.424 18431 18785 I FtpLoggingFilter: SENT: 331 User name okay, need password for user.
01-08 20:49:19.441 18431 18784 I FtpLoggingFilter: RECEIVED: PASS *****
01-08 20:49:19.464 18431 18784 I o*.a*.f*.c*.i*.PASS: Login success - user
01-08 20:49:19.465 18431 18785 I FtpLoggingFilter: SENT: 230 User logged in, proceed.
01-08 20:49:19.480 18431 18784 I FtpLoggingFilter: RECEIVED: OPTS UTF8 ON
01-08 20:49:19.481 18431 18785 I FtpLoggingFilter: SENT: 200 Command OPTS okay.
01-08 20:49:19.496 18431 18784 I FtpLoggingFilter: RECEIVED: OPTS MLST size;modify;type;
01-08 20:49:19.497 18431 18785 I FtpLoggingFilter: SENT: 200 Command OPTS okay.
01-08 20:49:19.522 18431 18784 I FtpLoggingFilter: RECEIVED: CWD /storage/emulated/0/Download
01-08 20:49:19.523 18431 18785 I FtpLoggingFilter: SENT: 250 Directory changed to /storage/emulated/0/Download
01-08 20:49:19.570 18431 18784 I FtpLoggingFilter: RECEIVED: TYPE I
01-08 20:49:19.571 18431 18785 I FtpLoggingFilter: SENT: 200 Command TYPE okay.
01-08 20:49:19.588 18431 18784 I FtpLoggingFilter: RECEIVED: PASV
01-08 20:49:19.589 18431 18785 I FtpLoggingFilter: SENT: 227 Entering Passive Mode (192,168,12,58,173,19)
01-08 20:49:19.593 18431 18784 I FtpLoggingFilter: RECEIVED: STOR repository.beta.emby.kodi-1.0.6.zip
01-08 20:49:19.642 18431 18784 I o*.a*.f*.c*.i*.STOR: File uploaded /storage/emulated/0/Download/repository.beta.emby.kodi-1.0.6.zip
01-08 20:49:19.643 18431 18784 W PassivePorts: Releasing unreserved passive port: 44307
01-08 20:49:19.643 18431 18784 I FtpLoggingFilter: SENT: 150 File status okay; about to open data connection.
01-08 20:49:19.643 18431 18784 I FtpLoggingFilter: SENT: 226 Transfer complete.
01-08 20:49:19.680 18431 18785 I FtpLoggingFilter: RECEIVED: PASV
01-08 20:49:19.682 18431 18784 I FtpLoggingFilter: SENT: 227 Entering Passive Mode (192,168,12,58,157,111)
01-08 20:49:19.684 18431 18785 I FtpLoggingFilter: RECEIVED: MLSD
01-08 20:49:19.692 18431 18785 W PassivePorts: Releasing unreserved passive port: 40303
01-08 20:49:19.692 18431 18785 I FtpLoggingFilter: SENT: 150 File status okay; about to open data connection.
01-08 20:49:19.692 18431 18785 I FtpLoggingFilter: SENT: 226 Closing data connection.
01-08 20:49:20.516 3778 5882 I ActivityManager: START u0 {act=android.intent.action.MAIN cat=[android.intent.category.LEANBACK_LAUNCHER] flg=0x10100000 cmp=com.netflix.ninja/.MainActivity} from uid 10108
01-08 20:49:20.518 3427 3427 E powerHAL::common: Unknown power hint: 0x8
01-08 20:49:20.526 3778 4708 E ActivityManager: applyOptionsLocked: Unknown animationType=0
01-08 20:49:20.538 3910 4297 D ViewRootImpl: windowFocusChanged false com.android.systemui
01-08 20:49:20.539 3778 3828 I WindowManager: WindowState() - found Launcher @ mAppToken:AppWindowToken{6a5fe68 token=Token{4283f13 ActivityRecord{f9fa02 u0 com.netflix.ninja/.MainActivity t2308}}}
01-08 20:49:20.541 3778 18805 I chatty : uid=1000 system_server expire 1 line
01-08 20:49:20.547 3426 3426 D hwcomposer: hwc_getActiveConfig: returning 0
01-08 20:49:20.551 4569 5898 I zygote64: Looking for service vendor.nvidia.hardware.power@1.0::IPower/default
01-08 20:49:20.551 4569 5898 I zygote64: Starting thread pool.
01-08 20:49:20.701 5473 5473 I netflix-activity: Set Netflix-Ui Size to 1280x720
01-08 20:49:20.725 5473 5473 W AudioManager: Use of stream types is deprecated for operations other than volume control
01-08 20:49:20.725 5473 5473 W AudioManager: See the documentation of requestAudioFocus() for what to use instead with android.media.AudioAttributes to qualify your playback use case
01-08 20:49:20.726 3778 5882 I chatty : uid=1000(system) Binder:3778_18 expire 1 line
01-08 20:49:20.763 5473 5473 D MapperFramework: MapperManager ctr + for:com.netflix.ninja
01-08 20:49:20.771 5473 5473 D MapperFramework: trying to bindservice com.netflix.ninja
01-08 20:49:20.774 5473 18811 D OpenGLRenderer: HWUI GL Pipeline
01-08 20:49:20.776 3778 3790 I WindowManager: WindowState() - found Launcher @ mAppToken:AppWindowToken{6a5fe68 token=Token{4283f13 ActivityRecord{f9fa02 u0 com.netflix.ninja/.MainActivity t2308}}}
01-08 20:49:20.784 5473 5473 D MapperFramework: Mapper Service Bounded com.netflix.ninja
01-08 20:49:20.785 4622 4622 D ControllerMapper_S: Client: com.netflix.ninja registered
01-08 20:49:20.785 4622 4622 D ControllerMapper_S: notifyAppName com.netflix.ninja old :com.oxsoft.ftpserver
01-08 20:49:20.785 4622 4622 D ControllerMapper_S: GameGuide com.netflix.ninja is not in whitelist, ----> hide
01-08 20:49:20.785 4622 4622 D ControllerMapper_S: GameGuide com.netflix.ninja is not in whitelist, ----> hide
01-08 20:49:20.787 3426 3426 D hwcomposer: hwc_getActiveConfig: returning 0
01-08 20:49:20.790 5473 5626 D ViewRootImpl: windowFocusChanged true com.netflix.ninja
01-08 20:49:20.796 3426 3426 D hwcomposer: hwc_getActiveConfig: returning 0
01-08 20:49:20.797 3426 3426 D hwcomposer: hwc_getActiveConfig: returning 0
01-08 20:49:20.802 5473 18811 I vndksupport: sphal namespace is not configured for this process. Loading /vendor/lib/hw/gralloc.tegra.so from the current namespace instead.
01-08 20:49:20.812 3432 3432 D SurfaceFlinger: duplicate layer name: changing SurfaceView - com.netflix.ninja/com.netflix.ninja.MainActivity to SurfaceView - com.netflix.ninja/com.netflix.ninja.MainActivity#1
01-08 20:49:20.812 3426 3426 D hwcomposer: hwc_getActiveConfig: returning 0
01-08 20:49:20.813 3432 3432 D SurfaceFlinger: duplicate layer name: changing Background for - SurfaceView - com.netflix.ninja/com.netflix.ninja.MainActivity to Background for - SurfaceView - com.netflix.ninja/com.netflix.ninja.MainActivity#1
01-08 20:49:20.813 3426 3426 D hwcomposer: hwc_getActiveConfig: returning 0
01-08 20:49:20.821 5473 18811 I OpenGLRenderer: Initialized EGL, version 1.4
01-08 20:49:20.821 5473 18811 D OpenGLRenderer: Swap behavior 2
01-08 20:49:20.857 4622 4622 D ControllerMapper_S: same binder for com.netflix.ninja skipping
01-08 20:49:20.857 4622 4622 D ControllerMapper_S: notifyAppName com.netflix.ninja old :com.netflix.ninja
01-08 20:49:20.997 3501 18217 I DrmHal : makeDrmFactories: factory instance default is Not Remote
01-08 20:49:20.998 3501 6281 I WVCdm : CdmEngine::QueryStatus
01-08 20:49:20.998 3501 18217 I WVCdm : CdmEngine::QueryStatus
01-08 20:49:21.067 5473 6624 D : PlayerBase::PlayerBase()
01-08 20:49:21.067 5473 6624 D : TrackPlayerBase::TrackPlayerBase()
01-08 20:49:21.067 5473 6624 I libOpenSLES: Emulating old channel mask behavior (ignoring positional mask 0x3, using default mask 0x3 based on channel count of 2)
01-08 20:49:21.067 3490 12077 I APM_AudioPolicyManager: getOutputForAttr() device 0x400, samplingRate 48000, format 1, channelMask 3, flags 104
01-08 20:49:21.068 3490 18587 W AudioFlinger: createTrack_l(): mismatch between requested flags (00000104) and output flags (00000006)
01-08 20:49:21.068 3490 18587 I AudioFlinger: AUDIO_OUTPUT_FLAG_FAST accepted: frameCount=512 mFrameCount=256
01-08 20:49:21.068 5473 6624 I AudioTrack: AUDIO_OUTPUT_FLAG_FAST successful; frameCount 512 -> 512
01-08 20:49:21.068 5473 6624 D AudioTrack: Client defaulted notificationFrames to 256 for frameCount 512
01-08 20:49:21.080 5473 18811 I vndksupport: sphal namespace is not configured for this process. Loading /vendor/lib/hw/gralloc.tegra.so from the current namespace instead.
01-08 20:49:21.081 5473 18811 I vndksupport: sphal namespace is not configured for this process. Loading /vendor/lib/hw/gralloc.tegra.so from the current namespace instead.
01-08 20:49:21.153 5473 18811 D libphs:hwbinder: Client connected to PHS service under HWServiceManager!
01-08 20:49:21.156 3427 3427 E powerHAL::common: Unknown power hint: 0x8
01-08 20:49:21.196 3910 18533 I zygote64: Explicit concurrent copying GC freed 18423(790KB) AllocSpace objects, 0(0B) LOS objects, 49% free, 1976KB/3MB, paused 115us total 32.366ms
01-08 20:49:21.294 3501 18217 I DrmHal : makeDrmFactories: factory instance default is Not Remote
01-08 20:49:21.297 3501 18217 I WVCdm : CdmEngine::OpenSession
01-08 20:49:21.297 3501 18217 D WVCdm : CryptoSession::Open: Lock: requested_security_level: Default
01-08 20:49:21.298 3501 18217 E oemcrypto_cenc: OEMCrypto_APIVersion: 11
01-08 20:49:21.299 3501 18217 I WVCdm : CdmEngine::QueryOemCryptoSessionId
01-08 20:49:21.300 3501 6281 I WVCdm : CdmEngine::OpenSession
01-08 20:49:21.300 3501 6281 D WVCdm : CryptoSession::Open: Lock: requested_security_level: Default
01-08 20:49:21.300 3501 6281 E oemcrypto_cenc: OEMCrypto_APIVersion: 11
01-08 20:49:21.301 3501 6281 I WVCdm : CdmEngine::QueryOemCryptoSessionId
01-08 20:49:21.737 3778 3790 I ActivityManager: START u0 {flg=0x10804000 cmp=com.android.systemui/.recents.tv.RecentsTvActivity} from uid 10028
01-08 20:49:21.739 3427 3427 E powerHAL::common: Unknown power hint: 0x8
01-08 20:49:21.759 5473 5484 D ViewRootImpl: windowFocusChanged false com.netflix.ninja
01-08 20:49:21.778 3778 18858 I chatty : uid=1000 system_server expire 1 line
01-08 20:49:21.780 3778 3790 I WindowManager: WindowState() - found Launcher @ mAppToken:AppWindowToken{3ca08d1 token=Token{e4dfbf8 ActivityRecord{dc0b75b u0 com.android.systemui/.recents.tv.RecentsTvActivity t2336}}}
01-08 20:49:21.785 4569 5314 I zygote64: Looking for service vendor.nvidia.hardware.power@1.0::IPower/default
01-08 20:49:21.786 4569 5314 I zygote64: Starting thread pool.
01-08 20:49:21.796 3426 3426 D hwcomposer: hwc_getActiveConfig: returning 0
01-08 20:49:21.800 3910 3927 D ViewRootImpl: windowFocusChanged true com.android.systemui
01-08 20:49:21.825 3910 3910 W View : requestLayout() improperly called by com.android.systemui.recents.tv.views.TaskCardView{3373f25 VFE...C.. .F....ID 704,0-1216,476} during layout: running second layout pass
01-08 20:49:21.848 3910 3915 I zygote64: Do partial code cache collection, code=122KB, data=90KB
01-08 20:49:21.848 3910 3915 I zygote64: After code cache collection, code=122KB, data=90KB
01-08 20:49:21.848 3910 3915 I zygote64: Increasing code cache capacity to 512KB
01-08 20:49:21.863 3432 3432 W SurfaceFlinger: FB is protected: PERMISSION_DENIED
01-08 20:49:21.863 3778 3828 W WindowManager: Screenshot failure taking screenshot for (1920x1080) to layer 21015
01-08 20:49:21.870 3427 3427 E powerHAL::common: Unknown power hint: 0x8
01-08 20:49:21.962 3501 6281 I WVCdm : CdmEngine::CloseSession
01-08 20:49:21.963 3501 6281 I WVCdm : CdmEngine::CloseSession
01-08 20:49:22.078 3778 3828 I WindowManager: B2026652 WAR. Hide the surface com.netflix.ninja/com.netflix.ninja.MainActivity
01-08 20:49:22.178 3778 3828 I chatty : uid=1000(system) android.anim identical 6 lines
01-08 20:49:22.195 3778 3828 I WindowManager: B2026652 WAR. Hide the surface com.netflix.ninja/com.netflix.ninja.MainActivity
01-08 20:49:23.336 3427 3427 E powerHAL::common: Unknown power hint: 0x8
01-08 20:49:23.339 3778 10200 E ActivityManager: applyOptionsLocked: Unknown animationType=0
01-08 20:49:23.344 3910 4297 D ViewRootImpl: windowFocusChanged false com.android.systemui
01-08 20:49:23.352 4569 5314 I zygote64: Looking for service vendor.nvidia.hardware.power@1.0::IPower/default
01-08 20:49:23.352 18548 18548 I chatty : uid=10097(u0_a97) org.xbmc.kodi expire 12 lines
01-08 20:49:23.353 18548 18564 I chatty : uid=10097(u0_a97) org.xbmc.kodi expire 45 lines
01-08 20:49:23.355 4569 5314 I zygote64: Starting thread pool.
01-08 20:49:23.365 3426 3426 D hwcomposer: hwc_getActiveConfig: returning 0
01-08 20:49:23.368 18548 18560 I chatty : uid=10097(u0_a97) org.xbmc.kodi expire 1 line
01-08 20:49:23.369 3426 3426 D hwcomposer: hwc_getActiveConfig: returning 0
01-08 20:49:23.370 3426 3426 D hwcomposer: hwc_getActiveConfig: returning 0
01-08 20:49:23.380 3432 3890 E BufferQueueProducer: [SurfaceView - org.xbmc.kodi/org.xbmc.kodi.Main#0] query: BufferQueue has been abandoned
01-08 20:49:23.380 3432 3890 E BufferQueueProducer: [SurfaceView - org.xbmc.kodi/org.xbmc.kodi.Main#0] dequeueBuffer: BufferQueue has been abandoned
01-08 20:49:23.380 18548 18566 I chatty : uid=10097(u0_a97) org.xbmc.kodi expire 10 lines
01-08 20:49:23.413 4622 4622 D ControllerMapper_S: same binder for org.xbmc.kodi skipping
01-08 20:49:23.413 4622 4622 D ControllerMapper_S: notifyAppName org.xbmc.kodi old :com.netflix.ninja
01-08 20:49:23.413 4622 4622 D ControllerMapper_S: GameGuide org.xbmc.kodi is not in whitelist, ----> hide
01-08 20:49:23.431 3427 3427 E powerHAL::common: Unknown power hint: 0x8
01-08 20:49:23.431 3426 3426 D hwcomposer: hwc_getActiveConfig: returning 0
01-08 20:49:23.504 3490 3670 D AudioFlinger: mixer(0x51d83cc0) throttle end: throttle time(1)
01-08 20:49:23.823 3910 18533 I zygote64: Explicit concurrent copying GC freed 12844(665KB) AllocSpace objects, 0(0B) LOS objects, 49% free, 1990KB/3MB, paused 127us total 21.921ms
01-08 20:49:24.624 18548 18788 I chatty : uid=10097(u0_a97) org.xbmc.kodi expire 1 line
01-08 20:49:28.886 6109 6109 I chromium: [6109:6109:INFO:metrics_recorder.cc(89)] Metrics stat: total=3
01-08 20:49:28.886 6109 6109 I chromium: Cast.Discovery.Mdns.Request.In=4
01-08 20:49:28.886 6109 6109 I chromium: Cast.Discovery.Mdns.Request.Namespace.In=4
01-08 20:49:28.886 6109 6109 I chromium: Cast.Discovery.Mdns.Response.Out=4
01-08 20:49:32.908 3778 3842 I chatty : uid=1000(system) InputReader expire 53 lines
01-08 20:49:36.008 6109 6230 I chromium: [6109:6230:INFO:wifi_proximity.cc(209)] Request scan.
01-08 20:49:36.263 18548 18564 I chatty : uid=10097(u0_a97) org.xbmc.kodi expire 34 lines
01-08 20:49:37.288 18548 18878 I chatty : uid=10097(u0_a97) org.xbmc.kodi expire 55 lines
01-08 20:49:39.515 18548 18891 I chatty : uid=10097(u0_a97) org.xbmc.kodi expire 1 line
01-08 20:49:39.759 3778 3798 I chatty : uid=1000(system) android.fg expire 6 lines
01-08 20:49:41.294 6109 6225 I chromium: [6109:6225:INFO:mdns_app_filter.cc(2437)] MdnsAppFilter: responses sent in 56 seconds: 4
01-08 20:49:43.000 6109 18717 I chromium: [6109:18717:INFO:ssdp_device.c(101)] SSDP packets sent for 30 seconds = 8
01-08 20:49:49.466 18548 18880 I chatty : uid=10097(u0_a97) org.xbmc.kodi expire 56 lines
01-08 20:49:51.042 3501 6281 I DrmHal : makeDrmFactories: factory instance default is Not Remote
01-08 20:49:51.042 3501 6281 I WVCdm : CdmEngine::QueryStatus
01-08 20:49:51.042 3501 6281 I WVCdm : CdmEngine::QueryStatus
01-08 20:49:52.061 18548 18564 I chatty : uid=10097(u0_a97) org.xbmc.kodi expire 46 lines
01-08 20:49:53.783 3778 3842 I chatty : uid=1000(system) InputReader expire 76 lines
01-08 20:49:57.434 18548 18943 I chatty : uid=10097(u0_a97) org.xbmc.kodi expire 1 line
01-08 20:50:08.468 4690 18938 E ClientThread: run: Cannot parseFrom IOException: javax.net.ssl.SSLException: Read error: ssl=0x25fc6e0140: I/O error during system call, Connection reset by peer
01-08 20:50:08.811 18548 18564 I chatty : uid=10097(u0_a97) org.xbmc.kodi expire 23 lines
01-08 20:50:11.236 18431 18436 I zygote64: Do partial code cache collection, code=61KB, data=51KB
01-08 20:50:11.236 18431 18436 I zygote64: After code cache collection, code=61KB, data=51KB
01-08 20:50:11.236 18431 18436 I zygote64: Increasing code cache capacity to 256KB
01-08 20:50:14.825 18431 18965 I FtpLoggingFilter: CLOSED
01-08 20:50:14.884 3778 3842 I chatty : uid=1000(system) InputReader expire 73 lines
01-08 20:50:17.503 6109 18717 I chromium: [6109:18717:INFO:ssdp_device.c(101)] SSDP packets sent for 34 seconds = 4
01-08 20:50:17.788 18548 18968 I chatty : uid=10097(u0_a97) org.xbmc.kodi expire 1 line
01-08 20:50:19.667 18431 18965 I FtpLoggingFilter: CLOSED
01-08 20:50:19.785 18548 18564 I chatty : uid=10097(u0_a97) org.xbmc.kodi expire 57 lines
