01-08 20:57:41.512 19818 19846 V Kodi : Debug Print: HandleKey: down (0xf081) pressed, action is Down
01-08 20:57:41.621 3778 3842 D WindowManager: handleComboKeys keyCode: 20, keyAction: 1
01-08 20:57:41.625 19818 19844 V Kodi : CAndroidKey: key up (dev:9; src:769; code: 20; repeat: 0; flags: 0x8; alt: no; shift: no; sym: no)
01-08 20:57:41.648 19818 19846 V Kodi : Debug Print: Keyboard: scancode: 0x14, sym: 0x0112, unicode: 0x0000, modifier: 0x0
01-08 20:57:41.846 3778 3842 D WindowManager: handleComboKeys keyCode: 23, keyAction: 0
01-08 20:57:41.850 19818 19844 V Kodi : CAndroidKey: key down (dev:9; src:769; code: 23; repeat: 0; flags: 0x8; alt: no; shift: no; sym: no)
01-08 20:57:41.868 19818 19846 V Kodi : Debug Print: Keyboard: scancode: 0x17, sym: 0x000d, unicode: 0x0000, modifier: 0x0
01-08 20:57:41.996 3778 3842 D WindowManager: handleComboKeys keyCode: 23, keyAction: 1
01-08 20:57:42.000 19818 19844 V Kodi : CAndroidKey: key up (dev:9; src:769; code: 23; repeat: 0; flags: 0x8; alt: no; shift: no; sym: no)
01-08 20:57:42.013 19818 19846 V Kodi : Debug Print: Previous line repeats 1 times.
01-08 20:57:42.014 19818 19846 V Kodi : Debug Print: HandleKey: return (0xf00d) pressed, action is Select
01-08 20:57:42.017 19818 19846 V Kodi : Debug Print: CGUIMediaWindow::GetDirectory (plugin://plugin.video.netflix/?action=video_list&type=queue&video_list_id=b7e1190c-c5c1-4858-a395-65188fb2f616_3147731X6XX1546977459388)
01-08 20:57:42.017 19818 19846 V Kodi : Debug Print: ParentPath = [plugin://plugin.video.netflix/?action=video_lists&profile_id=OW7INQ3L7JAULO4KZFH3BDHWXY]
01-08 20:57:42.019 19818 19944 V Kodi : Debug Print: Thread waiting start, auto delete: false
01-08 20:57:42.027 19818 19883 V Kodi : Debug Print: CAddonDatabase::SetLastUsed[plugin.video.netflix] took 9 ms
01-08 20:57:42.027 19818 19944 V Kodi : Debug Print: StartScript - calling plugin Netflix('plugin://plugin.video.netflix/','1','?action=video_list&type=queue&video_list_id=b7e1190c-c5c1-4858-a395-65188fb2f616_3147731X6XX1546977459388','resume:false')
01-08 20:57:42.027 19818 19944 V Kodi : Debug Print: GetLanguageInvoker - Reusing LanguageInvokerThread 2 for script /storage/emulated/0/Android/data/org.xbmc.kodi/files/.kodi/addons/plugin.video.netflix/addon.py
01-08 20:57:42.028 19818 19931 V Kodi : Debug Print: initializing python engine.
01-08 20:57:42.028 19818 19931 V Kodi : Debug Print: CPythonInvoker(2, /storage/emulated/0/Android/data/org.xbmc.kodi/files/.kodi/addons/plugin.video.netflix/addon.py): start processing
01-08 20:57:42.028 19818 19931 V Kodi : Debug Print: CPythonInvoker(2, /storage/emulated/0/Android/data/org.xbmc.kodi/files/.kodi/addons/plugin.video.netflix/addon.py): entering source directory /storage/emulated/0/Android/data/org.xbmc.kodi/files/.kodi/addons/plugin.video.netflix
01-08 20:57:42.028 19818 19931 V Kodi : Debug Print: CPythonInvoker(2, /storage/emulated/0/Android/data/org.xbmc.kodi/files/.kodi/addons/plugin.video.netflix/addon.py): instantiating addon using automatically obtained id of "plugin.video.netflix" dependent on version 2.25.0 of the xbmc.python api
01-08 20:57:42.031 19818 19931 V Kodi : Debug Print: CAddonSettings[plugin.video.netflix]: loading setting definitions
01-08 20:57:42.032 19818 19931 V Kodi : Debug Print: CAddonSettings[plugin.video.netflix]: trying to load setting definitions from old format...
01-08 20:57:42.034 19818 19931 V Kodi : Debug Print: CAddonSettings[plugin.video.netflix]: loading setting values
01-08 20:57:42.035 19818 19931 V Kodi : Debug Print: CSettingsManager: requested setting (logging) was not found.
01-08 20:57:42.037 19818 19931 V Kodi : Debug Print: [Netflix] Started (Version 0.13.21)
01-08 20:57:42.037 19818 19931 V Kodi : Debug Print: [Netflix] "Navigation::router" called with arguments :paramstring = action=video_list&type=queue&video_list_id=b7e1190c-c5c1-4858-a395-65188fb2f616_3147731X6XX1546977459388:
01-08 20:57:42.037 19818 19931 V Kodi : Debug Print: [Netflix] "Navigation::before_routing_action" called with arguments :params = {'action': 'video_list', 'video_list_id': 'b7e1190c-c5c1-4858-a395-65188fb2f616_3147731X6XX1546977459388', 'type': 'queue'}:
01-08 20:57:42.041 19818 19928 V Kodi : Debug Print: [Netflix] Loading cookies from memory
01-08 20:57:42.041 19818 19928 V Kodi : Debug Print: [Netflix] Cookie expires: 1546987927 / 1546977462
01-08 20:57:42.053 19818 19931 V Kodi : Debug Print: [Netflix] "Navigation::before_routing_action" returned: {'main_menu_selection': 'queue'}
01-08 20:57:42.118 19818 19846 V Kodi : Debug Print: ------ Window Init (DialogBusy.xml) ------
01-08 20:57:42.119 19818 19846 V Kodi : Debug Print: Window DialogBusy.xml was already loaded
01-08 20:57:42.119 19818 19846 V Kodi : Debug Print: Alloc resources: 0.03ms
01-08 20:57:42.674 19818 19928 V Kodi : Debug Print: [Netflix] [POST] Req. for "https://www.netflix.com/api/shakti/v6faf08f4/pathEvaluator" took 0.607049942017 sec
01-08 20:57:43.000 19818 19931 V Kodi : Debug Print: [Netflix] Adding item to cache: (cache_id=list_to=26&list_from=0&list_id=b7e1190c-c5c1-4858-a395-65188fb2f616_3147731X6XX1546977459388&guid=OW7INQ3L7JAULO4KZFH3BDHWXY&method=fetch_video_list)
01-08 20:57:43.293 19818 19928 V Kodi : Debug Print: [Netflix] [POST] Req. for "https://www.netflix.com/api/shakti/v6faf08f4/pathEvaluator" took 0.245755195618 sec
01-08 20:57:43.497 6109 6225 I chromium: [6109:6225:INFO:mdns_app_filter.cc(2437)] MdnsAppFilter: responses sent in 39 seconds: 1
01-08 20:57:43.688 19818 19931 V Kodi : Debug Print: [Netflix] "Navigation::router" returned: True
01-08 20:57:43.691 19818 19931 V Kodi : Debug Print: CPythonInvoker(2, /storage/emulated/0/Android/data/org.xbmc.kodi/files/.kodi/addons/plugin.video.netflix/addon.py): script successfully run
01-08 20:57:43.693 19818 19944 V Kodi : Debug Print: Thread waiting 163513480432 terminating
01-08 20:57:43.700 19818 19846 V Kodi : Debug Print: ------ Window Deinit (DialogBusy.xml) ------
01-08 20:57:43.701 19818 19846 V Kodi : Debug Print: Saving fileitems [plugin://plugin.video.netflix/?action=video_list&type=queue&video_list_id=b7e1190c-c5c1-4858-a395-65188fb2f616_3147731X6XX1546977459388]
01-08 20:57:43.704 19818 19846 V Kodi : Debug Print: -- items: 21, sort method: 0, ascending: false
01-08 20:57:43.714 19818 19945 V Kodi : Debug Print: Thread BackgroundLoader start, auto delete: false
01-08 20:57:43.725 19818 19945 V Kodi : Debug Print: Thread BackgroundLoader 163513480432 terminating
01-08 20:57:44.346 3778 3842 D WindowManager: handleComboKeys keyCode: 20, keyAction: 0
01-08 20:57:44.350 19818 19844 V Kodi : CAndroidKey: key down (dev:9; src:769; code: 20; repeat: 0; flags: 0x8; alt: no; shift: no; sym: no)
01-08 20:57:44.367 19818 19846 V Kodi : Debug Print: Keyboard: scancode: 0x14, sym: 0x0112, unicode: 0x0000, modifier: 0x0
01-08 20:57:44.368 19818 19846 V Kodi : Debug Print: HandleKey: down (0xf081) pressed, action is Down
01-08 20:57:44.377 19818 19880 V Kodi : Debug Print: ffmpeg[260F3FC4F0]: [swscaler] No accelerated colorspace conversion found from yuv420p to bgra.
01-08 20:57:44.395 19818 19929 V Kodi : Debug Print: ffmpeg[261219E4F0]: [swscaler] No accelerated colorspace conversion found from yuv420p to bgra.
01-08 20:57:44.471 3778 3842 D WindowManager: handleComboKeys keyCode: 20, keyAction: 1
01-08 20:57:44.475 19818 19844 V Kodi : CAndroidKey: key up (dev:9; src:769; code: 20; repeat: 0; flags: 0x8; alt: no; shift: no; sym: no)
01-08 20:57:44.501 19818 19846 V Kodi : Debug Print: Keyboard: scancode: 0x14, sym: 0x0112, unicode: 0x0000, modifier: 0x0
01-08 20:57:44.746 3778 3842 D WindowManager: handleComboKeys keyCode: 23, keyAction: 0
01-08 20:57:44.750 19818 19844 V Kodi : CAndroidKey: key down (dev:9; src:769; code: 23; repeat: 0; flags: 0x8; alt: no; shift: no; sym: no)
01-08 20:57:44.768 19818 19846 V Kodi : Debug Print: Keyboard: scancode: 0x17, sym: 0x000d, unicode: 0x0000, modifier: 0x0
01-08 20:57:44.871 3778 3842 D WindowManager: handleComboKeys keyCode: 23, keyAction: 1
01-08 20:57:44.875 19818 19844 V Kodi : CAndroidKey: key up (dev:9; src:769; code: 23; repeat: 0; flags: 0x8; alt: no; shift: no; sym: no)
01-08 20:57:44.901 19818 19846 V Kodi : Debug Print: Previous line repeats 1 times.
01-08 20:57:44.903 19818 19846 V Kodi : Debug Print: HandleKey: return (0xf00d) pressed, action is Select
01-08 20:57:44.905 19818 19846 V Kodi : Debug Print: CGUIMediaWindow::GetDirectory (plugin://plugin.video.netflix/?action=season_list&pin=True&show_id=70281312&tvshowtitle=VGhlIEJsYWNrbGlzdA%3d%3d)
01-08 20:57:44.905 19818 19846 V Kodi : Debug Print: ParentPath = [plugin://plugin.video.netflix/?action=video_list&type=queue&video_list_id=b7e1190c-c5c1-4858-a395-65188fb2f616_3147731X6XX1546977459388]
01-08 20:57:44.906 19818 19946 V Kodi : Debug Print: Thread waiting start, auto delete: false
01-08 20:57:44.915 19818 19883 V Kodi : Debug Print: CAddonDatabase::SetLastUsed[plugin.video.netflix] took 10 ms
01-08 20:57:44.916 19818 19946 V Kodi : Debug Print: StartScript - calling plugin Netflix('plugin://plugin.video.netflix/','1','?action=season_list&pin=True&show_id=70281312&tvshowtitle=VGhlIEJsYWNrbGlzdA%3d%3d','resume:false')
01-08 20:57:44.916 19818 19946 V Kodi : Debug Print: GetLanguageInvoker - Reusing LanguageInvokerThread 2 for script /storage/emulated/0/Android/data/org.xbmc.kodi/files/.kodi/addons/plugin.video.netflix/addon.py
01-08 20:57:44.916 19818 19931 V Kodi : Debug Print: initializing python engine.
01-08 20:57:44.916 19818 19931 V Kodi : Debug Print: CPythonInvoker(2, /storage/emulated/0/Android/data/org.xbmc.kodi/files/.kodi/addons/plugin.video.netflix/addon.py): start processing
01-08 20:57:44.917 19818 19931 V Kodi : Debug Print: CPythonInvoker(2, /storage/emulated/0/Android/data/org.xbmc.kodi/files/.kodi/addons/plugin.video.netflix/addon.py): entering source directory /storage/emulated/0/Android/data/org.xbmc.kodi/files/.kodi/addons/plugin.video.netflix
01-08 20:57:44.917 19818 19931 V Kodi : Debug Print: CPythonInvoker(2, /storage/emulated/0/Android/data/org.xbmc.kodi/files/.kodi/addons/plugin.video.netflix/addon.py): instantiating addon using automatically obtained id of "plugin.video.netflix" dependent on version 2.25.0 of the xbmc.python api
01-08 20:57:44.920 19818 19931 V Kodi : Debug Print: CAddonSettings[plugin.video.netflix]: loading setting definitions
01-08 20:57:44.920 19818 19931 V Kodi : Debug Print: CAddonSettings[plugin.video.netflix]: trying to load setting definitions from old format...
01-08 20:57:44.923 19818 19931 V Kodi : Debug Print: CAddonSettings[plugin.video.netflix]: loading setting values
01-08 20:57:44.924 19818 19931 V Kodi : Debug Print: CSettingsManager: requested setting (logging) was not found.
01-08 20:57:44.925 19818 19931 V Kodi : Debug Print: [Netflix] Started (Version 0.13.21)
01-08 20:57:44.926 19818 19931 V Kodi : Debug Print: [Netflix] "Navigation::router" called with arguments :paramstring = action=season_list&pin=True&show_id=70281312&tvshowtitle=VGhlIEJsYWNrbGlzdA%3d%3d:
01-08 20:57:44.926 19818 19931 V Kodi : Debug Print: [Netflix] "Navigation::before_routing_action" called with arguments :params = {'action': 'season_list', 'show_id': '70281312', 'tvshowtitle': 'VGhlIEJsYWNrbGlzdA==', 'pin': 'True'}:
01-08 20:57:44.930 19818 19928 V Kodi : Debug Print: [Netflix] Loading cookies from memory
01-08 20:57:44.930 19818 19928 V Kodi : Debug Print: [Netflix] Cookie expires: 1546987927 / 1546977464
01-08 20:57:44.943 19818 19931 V Kodi : Debug Print: [Netflix] "Navigation::before_routing_action" returned: {}
01-08 20:57:45.006 19818 19846 V Kodi : Debug Print: ------ Window Init (DialogBusy.xml) ------
01-08 20:57:45.007 19818 19846 V Kodi : Debug Print: Window DialogBusy.xml was already loaded
01-08 20:57:45.007 19818 19846 V Kodi : Debug Print: Alloc resources: 0.04ms
01-08 20:57:45.263 19818 19928 V Kodi : Debug Print: [Netflix] [POST] Req. for "https://www.netflix.com/api/shakti/v6faf08f4/pathEvaluator" took 0.29347205162 sec
01-08 20:57:45.267 19818 19931 V Kodi : Debug Print: [Netflix] Adding item to cache: (cache_id=show_id=70281312&guid=OW7INQ3L7JAULO4KZFH3BDHWXY&method=fetch_seasons_for_show)
01-08 20:57:45.454 19818 19931 V Kodi : Debug Print: [Netflix] "Navigation::router" returned: True
01-08 20:57:45.455 19818 19946 V Kodi : Debug Print: Thread waiting 163513480432 terminating
01-08 20:57:45.455 19818 19931 V Kodi : Debug Print: CPythonInvoker(2, /storage/emulated/0/Android/data/org.xbmc.kodi/files/.kodi/addons/plugin.video.netflix/addon.py): script successfully run
01-08 20:57:45.469 19818 19846 V Kodi : Debug Print: ------ Window Deinit (DialogBusy.xml) ------
01-08 20:57:45.477 19818 19947 V Kodi : Debug Print: Thread BackgroundLoader start, auto delete: false
01-08 20:57:45.486 19818 19947 V Kodi : Debug Print: Thread BackgroundLoader 163513480432 terminating
01-08 20:57:46.196 3778 3842 D WindowManager: handleComboKeys keyCode: 20, keyAction: 0
01-08 20:57:46.200 19818 19844 V Kodi : CAndroidKey: key down (dev:9; src:769; code: 20; repeat: 0; flags: 0x8; alt: no; shift: no; sym: no)
01-08 20:57:46.259 19818 19846 V Kodi : Debug Print: Keyboard: scancode: 0x14, sym: 0x0112, unicode: 0x0000, modifier: 0x0
01-08 20:57:46.260 19818 19846 V Kodi : Debug Print: HandleKey: down (0xf081) pressed, action is Down
01-08 20:57:46.296 3778 3842 D WindowManager: handleComboKeys keyCode: 20, keyAction: 1
01-08 20:57:46.299 19818 19844 V Kodi : CAndroidKey: key up (dev:9; src:769; code: 20; repeat: 0; flags: 0x8; alt: no; shift: no; sym: no)
01-08 20:57:46.320 19818 19846 V Kodi : Debug Print: Keyboard: scancode: 0x14, sym: 0x0112, unicode: 0x0000, modifier: 0x0
01-08 20:57:46.496 3778 3842 D WindowManager: handleComboKeys keyCode: 23, keyAction: 0
01-08 20:57:46.499 19818 19844 V Kodi : CAndroidKey: key down (dev:9; src:769; code: 23; repeat: 0; flags: 0x8; alt: no; shift: no; sym: no)
01-08 20:57:46.520 19818 19846 V Kodi : Debug Print: Keyboard: scancode: 0x17, sym: 0x000d, unicode: 0x0000, modifier: 0x0
01-08 20:57:46.646 3778 3842 D WindowManager: handleComboKeys keyCode: 23, keyAction: 1
01-08 20:57:46.649 19818 19844 V Kodi : CAndroidKey: key up (dev:9; src:769; code: 23; repeat: 0; flags: 0x8; alt: no; shift: no; sym: no)
01-08 20:57:46.670 19818 19846 V Kodi : Debug Print: Previous line repeats 1 times.
01-08 20:57:46.670 19818 19846 V Kodi : Debug Print: HandleKey: return (0xf00d) pressed, action is Select
01-08 20:57:46.673 19818 19846 V Kodi : Debug Print: CGUIMediaWindow::GetDirectory (plugin://plugin.video.netflix/?action=episode_list&season_id=70281290&tvshowtitle=VGhlIEJsYWNrbGlzdA%3d%3d)
01-08 20:57:46.673 19818 19846 V Kodi : Debug Print: ParentPath = [plugin://plugin.video.netflix/?action=season_list&pin=True&show_id=70281312&tvshowtitle=VGhlIEJsYWNrbGlzdA%3d%3d]
01-08 20:57:46.675 19818 19950 V Kodi : Debug Print: Thread waiting start, auto delete: false
01-08 20:57:46.684 19818 19884 V Kodi : Debug Print: CAddonDatabase::SetLastUsed[plugin.video.netflix] took 10 ms
01-08 20:57:46.684 19818 19950 V Kodi : Debug Print: StartScript - calling plugin Netflix('plugin://plugin.video.netflix/','1','?action=episode_list&season_id=70281290&tvshowtitle=VGhlIEJsYWNrbGlzdA%3d%3d','resume:false')
01-08 20:57:46.685 19818 19950 V Kodi : Debug Print: GetLanguageInvoker - Reusing LanguageInvokerThread 2 for script /storage/emulated/0/Android/data/org.xbmc.kodi/files/.kodi/addons/plugin.video.netflix/addon.py
01-08 20:57:46.685 19818 19931 V Kodi : Debug Print: initializing python engine.
01-08 20:57:46.685 19818 19931 V Kodi : Debug Print: CPythonInvoker(2, /storage/emulated/0/Android/data/org.xbmc.kodi/files/.kodi/addons/plugin.video.netflix/addon.py): start processing
01-08 20:57:46.686 19818 19931 V Kodi : Debug Print: CPythonInvoker(2, /storage/emulated/0/Android/data/org.xbmc.kodi/files/.kodi/addons/plugin.video.netflix/addon.py): entering source directory /storage/emulated/0/Android/data/org.xbmc.kodi/files/.kodi/addons/plugin.video.netflix
01-08 20:57:46.686 19818 19931 V Kodi : Debug Print: CPythonInvoker(2, /storage/emulated/0/Android/data/org.xbmc.kodi/files/.kodi/addons/plugin.video.netflix/addon.py): instantiating addon using automatically obtained id of "plugin.video.netflix" dependent on version 2.25.0 of the xbmc.python api
01-08 20:57:46.688 19818 19931 V Kodi : Debug Print: CAddonSettings[plugin.video.netflix]: loading setting definitions
01-08 20:57:46.689 19818 19931 V Kodi : Debug Print: CAddonSettings[plugin.video.netflix]: trying to load setting definitions from old format...
01-08 20:57:46.691 19818 19931 V Kodi : Debug Print: CAddonSettings[plugin.video.netflix]: loading setting values
01-08 20:57:46.692 19818 19931 V Kodi : Debug Print: CSettingsManager: requested setting (logging) was not found.
01-08 20:57:46.694 19818 19931 V Kodi : Debug Print: [Netflix] Started (Version 0.13.21)
01-08 20:57:46.694 19818 19931 V Kodi : Debug Print: [Netflix] "Navigation::router" called with arguments :paramstring = action=episode_list&season_id=70281290&tvshowtitle=VGhlIEJsYWNrbGlzdA%3d%3d:
01-08 20:57:46.694 19818 19931 V Kodi : Debug Print: [Netflix] "Navigation::before_routing_action" called with arguments :params = {'action': 'episode_list', 'season_id': '70281290', 'tvshowtitle': 'VGhlIEJsYWNrbGlzdA=='}:
01-08 20:57:46.698 19818 19928 V Kodi : Debug Print: [Netflix] Loading cookies from memory
01-08 20:57:46.698 19818 19928 V Kodi : Debug Print: [Netflix] Cookie expires: 1546987927 / 1546977466
01-08 20:57:46.710 19818 19931 V Kodi : Debug Print: [Netflix] "Navigation::before_routing_action" returned: {}
01-08 20:57:46.774 19818 19846 V Kodi : Debug Print: ------ Window Init (DialogBusy.xml) ------
01-08 20:57:46.774 19818 19846 V Kodi : Debug Print: Window DialogBusy.xml was already loaded
01-08 20:57:46.774 19818 19846 V Kodi : Debug Print: Alloc resources: 0.04ms
01-08 20:57:47.386 19818 19928 V Kodi : Debug Print: [Netflix] [POST] Req. for "https://www.netflix.com/api/shakti/v6faf08f4/pathEvaluator" took 0.646286010742 sec
01-08 20:57:47.413 19818 19931 V Kodi : Debug Print: [Netflix] Adding item to cache: (cache_id=season_id=70281290&guid=OW7INQ3L7JAULO4KZFH3BDHWXY&method=fetch_episodes_by_season)
01-08 20:57:47.802 19818 19931 V Kodi : Debug Print: [Netflix] "Navigation::router" returned: True
01-08 20:57:47.805 19818 19931 V Kodi : Debug Print: CPythonInvoker(2, /storage/emulated/0/Android/data/org.xbmc.kodi/files/.kodi/addons/plugin.video.netflix/addon.py): script successfully run
01-08 20:57:47.820 19818 19950 V Kodi : Debug Print: Thread waiting 163513480432 terminating
01-08 20:57:47.823 19818 19846 V Kodi : Debug Print: ------ Window Deinit (DialogBusy.xml) ------
01-08 20:57:47.823 19818 19846 V Kodi : Debug Print: Saving fileitems [plugin://plugin.video.netflix/?action=episode_list&season_id=70281290&tvshowtitle=VGhlIEJsYWNrbGlzdA%3d%3d]
01-08 20:57:47.826 19818 19846 V Kodi : Debug Print: -- items: 22, sort method: 0, ascending: false
01-08 20:57:47.852 19818 19951 V Kodi : Debug Print: Thread BackgroundLoader start, auto delete: false
01-08 20:57:47.894 19818 19951 V Kodi : Debug Print: Thread BackgroundLoader 163513480432 terminating
01-08 20:57:48.621 3778 3842 D WindowManager: handleComboKeys keyCode: 20, keyAction: 0
01-08 20:57:48.625 19818 19844 V Kodi : CAndroidKey: key down (dev:9; src:769; code: 20; repeat: 0; flags: 0x8; alt: no; shift: no; sym: no)
01-08 20:57:48.679 19818 19846 V Kodi : Debug Print: Keyboard: scancode: 0x14, sym: 0x0112, unicode: 0x0000, modifier: 0x0
01-08 20:57:48.679 19818 19846 V Kodi : Debug Print: HandleKey: down (0xf081) pressed, action is Down
01-08 20:57:48.692 19818 19883 V Kodi : Debug Print: ffmpeg[2611CFC4F0]: [swscaler] No accelerated colorspace conversion found from yuv420p to bgra.
01-08 20:57:48.700 19818 19880 V Kodi : Debug Print: ffmpeg[260F3FC4F0]: [swscaler] No accelerated colorspace conversion found from yuv420p to bgra.
01-08 20:57:48.721 3778 3842 D WindowManager: handleComboKeys keyCode: 20, keyAction: 1
01-08 20:57:48.726 19818 19844 V Kodi : CAndroidKey: key up (dev:9; src:769; code: 20; repeat: 0; flags: 0x8; alt: no; shift: no; sym: no)
01-08 20:57:48.755 19818 19846 V Kodi : Debug Print: Keyboard: scancode: 0x14, sym: 0x0112, unicode: 0x0000, modifier: 0x0
01-08 20:57:49.385 19818 19818 D RecommendChannelJobSvc: Starting channel creation job
01-08 20:57:59.389 19818 19846 V Kodi : Debug Print: CheckIdle - Closing session to http://www.msftncsi.com (easy=0x260d1af400, multi=(nil))
01-08 20:58:01.613 19327 19343 I Finsky : [137] com.google.android.finsky.bq.an.run(6): Stats for Executor: BlockingExecutor com.google.android.finsky.bq.ao@69e9c56[Running, pool size = 0, active threads = 0, queued tasks = 0, completed tasks = 6]
01-08 20:58:01.613 19327 19343 I Finsky : [137] com.google.android.finsky.bq.an.run(6): Stats for Executor: LightweightExecutor com.google.android.finsky.bq.ao@5aef4d7[Running, pool size = 3, active threads = 0, queued tasks = 0, completed tasks = 50]
01-08 20:58:01.902 19327 19343 I Finsky : [137] com.google.android.finsky.bq.an.run(6): Stats for Executor: bgExecutor com.google.android.finsky.bq.ao@f61f1c4[Running, pool size = 4, active threads = 0, queued tasks = 0, completed tasks = 8]
01-08 20:58:01.902 19327 19343 I Finsky : [137] com.google.android.finsky.bq.an.run(6): Stats for Executor: SimChangeExecutor com.google.android.finsky.bq.ao@5f5d8ad[Running, pool size = 0, active threads = 0, queued tasks = 0, completed tasks = 0]
01-08 20:58:02.033 19327 19343 I Finsky : [137] com.google.android.finsky.bq.an.run(6): Stats for Executor: Db-xternal_referrer_status.db com.google.android.finsky.bq.ao@48027e2[Running, pool size = 0, active threads = 0, queued tasks = 0, completed tasks = 0]
01-08 20:58:02.033 19327 19343 I Finsky : [137] com.google.android.finsky.bq.an.run(6): Stats for Executor: Db-split_install_service com.google.android.finsky.bq.ao@1840773[Running, pool size = 0, active threads = 0, queued tasks = 0, completed tasks = 1]
01-08 20:58:02.033 19327 19343 I Finsky : [137] com.google.android.finsky.bq.an.run(6): Stats for Executor: SplitInstallBackgroundThread com.google.android.finsky.bq.ao@56e6630[Running, pool size = 0, active threads = 0, queued tasks = 0, completed tasks = 0]
01-08 20:58:02.034 19327 19343 I Finsky : [137] com.google.android.finsky.bq.an.run(6): Stats for Executor: StorageAwareDownloadServiceManagerSpaceChecker com.google.android.finsky.bq.ao@c4452a9[Running, pool size = 0, active threads = 0, queued tasks = 0, completed tasks = 0]
01-08 20:58:02.172 19327 19343 I Finsky : [137] com.google.android.finsky.bq.an.run(6): Stats for Executor: Db-scheduler com.google.android.finsky.bq.ao@1fce02e[Running, pool size = 0, active threads = 0, queued tasks = 0, completed tasks = 7]
01-08 20:58:02.172 19327 19343 I Finsky : [137] com.google.android.finsky.bq.an.run(6): Stats for Executor: Db-scheduler_logging_store.db com.google.android.finsky.bq.ao@68da7cf[Running, pool size = 0, active threads = 0, queued tasks = 0, completed tasks = 2]
01-08 20:58:02.393 19327 19343 I Finsky : [137] com.google.android.finsky.bq.an.run(6): Stats for Executor: InstallBackgroundThread com.google.android.finsky.bq.ao@c8bb55c[Running, pool size = 0, active threads = 0, queued tasks = 0, completed tasks = 0]
01-08 20:58:02.393 19327 19343 I Finsky : [137] com.google.android.finsky.bq.an.run(6): Stats for Executor: Db-install_service com.google.android.finsky.bq.ao@9e67065[Running, pool size = 0, active threads = 0, queued tasks = 0, completed tasks = 0]
01-08 20:58:02.394 19327 19343 I Finsky : [137] com.google.android.finsky.bq.an.run(6): Stats for Executor: InstallBackgroundThread com.google.android.finsky.bq.ao@7ad13a[Running, pool size = 0, active threads = 0, queued tasks = 0, completed tasks = 0]
01-08 20:58:07.560 19818 19823 I zygote64: Do partial code cache collection, code=61KB, data=50KB
01-08 20:58:07.561 19818 19823 I zygote64: After code cache collection, code=61KB, data=50KB
01-08 20:58:07.561 19818 19823 I zygote64: Increasing code cache capacity to 256KB
01-08 20:58:11.172 3778 3842 D WindowManager: handleComboKeys keyCode: 23, keyAction: 0
01-08 20:58:11.176 19818 19844 V Kodi : CAndroidKey: key down (dev:9; src:769; code: 23; repeat: 0; flags: 0x8; alt: no; shift: no; sym: no)
01-08 20:58:11.195 19818 19846 V Kodi : Debug Print: Keyboard: scancode: 0x17, sym: 0x000d, unicode: 0x0000, modifier: 0x0
01-08 20:58:11.270 3778 3842 D WindowManager: handleComboKeys keyCode: 23, keyAction: 1
01-08 20:58:11.274 19818 19844 V Kodi : CAndroidKey: key up (dev:9; src:769; code: 23; repeat: 0; flags: 0x8; alt: no; shift: no; sym: no)
01-08 20:58:11.295 19818 19846 V Kodi : Debug Print: Previous line repeats 1 times.
01-08 20:58:11.295 19818 19846 V Kodi : Debug Print: HandleKey: return (0xf00d) pressed, action is Select
01-08 20:58:11.306 19818 19846 V Kodi : Debug Print: OnPlayMedia plugin://plugin.video.netflix/?action=play_video&infoLabels=%7B%27rating%27%3A+0%2C+%27writer%27%3A+%27%27%2C+%27episode%27%3A+1%2C+%27plot%27%3A+u%27Ein+Meisterverbrecher+stellt+sich+dem+FBI+und+bietet+an%2C+einen+gef%5Cxe4hrlichen+Terroristen+auszuliefern+%5Cu2013+aber+er+will+sich+nur+einer+ganz+bestimmten+Agentin+anvertrauen.%27%2C+%27season%27%3A+1%2C+%27tvshowtitle%27%3A+u%27The+Blacklist%27%2C+%27title%27%3A+u%27Raymond+Reddingtons+schwarze+Liste%27%2C+%27mediatype%27%3A+u%27episode%27%2C+%27mpaa%27%3A+u%27-%27%2C+%27director%27%3A+%27%27%2C+%27genre%27%3A+u%27Crime-%2FKrimiserien%27%2C+%27year%27%3A+2013%2C+%27duration%27%3A+2710%7D&video_id=70282397&pin=False&start_offset=-1
01-08 20:58:11.310 19818 19846 V Kodi : Debug Print: StartScript - calling plugin Netflix('plugin://plugin.video.netflix/','1','?action=play_video&infoLabels=%7B%27rating%27%3A+0%2C+%27writer%27%3A+%27%27%2C+%27episode%27%3A+1%2C+%27plot%27%3A+u%27Ein+Meisterverbrecher+stellt+sich+dem+FBI+und+bietet+an%2C+einen+gef%5Cxe4hrlichen+Terroristen+auszuliefern+%5Cu2013+aber+er+will+sich+nur+einer+ganz+bestimmten+Agentin+anvertrauen.%27%2C+%27season%27%3A+1%2C+%27tvshowtitle%27%3A+u%27The+Blacklist%27%2C+%27title%27%3A+u%27Raymond+Reddingtons+schwarze+Liste%27%2C+%27mediatype%27%3A+u%27episode%27%2C+%27mpaa%27%3A+u%27-%27%2C+%27director%27%3A+%27%27%2C+%27genre%27%3A+u%27Crime-%2FKrimiserien%27%2C+%27year%27%3A+2013%2C+%27duration%27%3A+2710%7D&video_id=70282397&pin=False&start_offset=-1','resume:false')
01-08 20:58:11.310 19818 19846 V Kodi : Debug Print: GetLanguageInvoker - Reusing LanguageInvokerThread 2 for script /storage/emulated/0/Android/data/org.xbmc.kodi/files/.kodi/addons/plugin.video.netflix/addon.py
01-08 20:58:11.311 19818 19931 V Kodi : Debug Print: initializing python engine.
01-08 20:58:11.311 19818 19931 V Kodi : Debug Print: CPythonInvoker(2, /storage/emulated/0/Android/data/org.xbmc.kodi/files/.kodi/addons/plugin.video.netflix/addon.py): start processing
01-08 20:58:11.311 19818 19931 V Kodi : Debug Print: CPythonInvoker(2, /storage/emulated/0/Android/data/org.xbmc.kodi/files/.kodi/addons/plugin.video.netflix/addon.py): entering source directory /storage/emulated/0/Android/data/org.xbmc.kodi/files/.kodi/addons/plugin.video.netflix
01-08 20:58:11.312 19818 19931 V Kodi : Debug Print: CPythonInvoker(2, /storage/emulated/0/Android/data/org.xbmc.kodi/files/.kodi/addons/plugin.video.netflix/addon.py): instantiating addon using automatically obtained id of "plugin.video.netflix" dependent on version 2.25.0 of the xbmc.python api
01-08 20:58:11.315 19818 19931 V Kodi : Debug Print: CAddonSettings[plugin.video.netflix]: loading setting definitions
01-08 20:58:11.315 19818 19931 V Kodi : Debug Print: CAddonSettings[plugin.video.netflix]: trying to load setting definitions from old format...
01-08 20:58:11.317 19818 19850 V Kodi : Debug Print: CAnnouncementManager - Announcement: OnAdd from xbmc
01-08 20:58:11.317 19818 19850 V Kodi : Debug Print: GOT ANNOUNCEMENT, type: 2, from xbmc, message OnAdd
01-08 20:58:11.317 19818 19931 V Kodi : Debug Print: CAddonSettings[plugin.video.netflix]: loading setting values
01-08 20:58:11.318 19818 19931 V Kodi : Debug Print: CSettingsManager: requested setting (logging) was not found.
01-08 20:58:11.320 19818 19931 V Kodi : Debug Print: [Netflix] Started (Version 0.13.21)
01-08 20:58:11.320 19818 19931 V Kodi : Debug Print: [Netflix] "Navigation::router" called with arguments :paramstring = action=play_video&infoLabels=%7B%27rating%27%3A+0%2C+%27writer%27%3A+%27%27%2C+%27episode%27%3A+1%2C+%27plot%27%3A+u%27Ein+Meisterverbrecher+stellt+sich+dem+FBI+und+bietet+an%2C+einen+gef%5Cxe4hrlichen+Terroristen+auszuliefern+%5Cu2013+aber+er+will+sich+nur+einer+ganz+bestimmten+Agentin+anvertrauen.%27%2C+%27season%27%3A+1%2C+%27tvshowtitle%27%3A+u%27The+Blacklist%27%2C+%27title%27%3A+u%27Raymond+Reddingtons+schwarze+Liste%27%2C+%27mediatype%27%3A+u%27episode%27%2C+%27mpaa%27%3A+u%27-%27%2C+%27director%27%3A+%27%27%2C+%27genre%27%3A+u%27Crime-%2FKrimiserien%27%2C+%27year%27%3A+2013%2C+%27duration%27%3A+2710%7D&video_id=70282397&pin=False&start_offset=-1:
01-08 20:58:11.321 19818 19931 V Kodi : Debug Print: [Netflix] "Navigation::before_routing_action" called with arguments :params = {'action': 'play_video', 'infoLabels': "{'rating': 0, 'writer': '', 'episode': 1, 'plot': u'Ein Meisterverbrecher stellt sich dem FBI und bietet an, einen gef\\xe4hrlichen Terroristen auszuliefern \\u2013 aber er will sich nur einer ganz bestimmten Agentin anvertrauen.', 'season': 1, 'tvshowtitle': u'The Blacklist', 'title': u'Raymond Reddingtons schwarze Liste', 'mediatype': u'episode', 'mpaa': u'-', 'director': '', 'genre': u'Crime-/Krimiserien', 'year': 2013, 'duration': 2710}", 'start_offset': '-1', 'pin': 'False', 'video_id': '70282397'}:
01-08 20:58:11.323 19818 19928 V Kodi : Debug Print: [Netflix] Loading cookies from memory
01-08 20:58:11.324 19818 19928 V Kodi : Debug Print: [Netflix] Cookie expires: 1546987927 / 1546977491
01-08 20:58:11.331 19818 19967 V Kodi : Debug Print: Thread scriptobs start, auto delete: false
01-08 20:58:11.333 19818 19931 V Kodi : Debug Print: [Netflix] "Navigation::before_routing_action" returned: {}
01-08 20:58:11.334 19818 19931 V Kodi : Debug Print: [Netflix] "Navigation::play_video" called with arguments :infoLabels = {'rating': 0, 'writer': '', 'episode': 1, 'plot': u'Ein Meisterverbrecher stellt sich dem FBI und bietet an, einen gef\xe4hrlichen Terroristen auszuliefern \u2013 aber er will sich nur einer ganz bestimmten Agentin anvertrauen.', 'season': 1, 'tvshowtitle': u'The Blacklist', 'title': u'Raymond Reddingtons schwarze Liste', 'mediatype': u'episode', 'mpaa': u'-', 'director': '', 'genre': u'Crime-/Krimiserien', 'year': 2013, 'duration': 2710}::video_id = 70282397::start_offset = -1:
01-08 20:58:11.334 19818 19931 V Kodi : Debug Print: [Netflix] "Navigation::_get_single_metadata" called
01-08 20:58:11.531 19818 19846 V Kodi : Debug Print: ------ Window Init (DialogBusy.xml) ------
01-08 20:58:11.532 19818 19846 V Kodi : Debug Print: Window DialogBusy.xml was already loaded
01-08 20:58:11.532 19818 19846 V Kodi : Debug Print: Alloc resources: 0.04ms
01-08 20:58:11.628 19818 19928 V Kodi : Debug Print: [Netflix] [GET] Req. for "https://www.netflix.com/api/shakti/v6faf08f4/metadata" took 0.290979862213 sec
01-08 20:58:11.695 19818 19931 V Kodi : Debug Print: [Netflix] "Navigation::_get_single_metadata" returned: (OrderedDict([(u'progressImageRoot', u'https://tp-s.nflximg.net/tpa5/359/133829359/'), (u'requiresPin', False), (u'autoplayable', True), (u'end', 1617141600000), (u'seq', 1), (u'title', u'Raymond Reddingtons schwarze Liste'), (u'bookmark', OrderedDict([(u'watchedDate', 0), (u'offset', -1)])), (u'creditMarkers', OrderedDict([(u'recap', OrderedDict([(u'start', 0), (u'end', 0)])), (u'credit', OrderedDict([(u'start', 0), (u'end', 0)]))])), (u'creditsOffset', 2672), (u'requiresAdultVerification', False), (u'episodeId', 70282397), (u'watchedToEndOffset', 2668), (u'start', 1427752800000), (u'synopsis', u'Ein Meisterverbrecher stellt sich dem FBI und bietet an, einen gef\xe4hrlichen Terroristen auszuliefern \u2013 aber er will sich nur einer ganz bestimmten Agentin anvertrauen.'), (u'stills', [OrderedDict([(u'url', u'https://occ-0-3211-2773.1.nflxso.net/art/adf20/b609c48ad6d59eecba28285141800685d20adf20.jpg'), (u'h', 1080), (u'w', 1920)])]), (u'hidd
01-08 20:58:11.695 19818 19931 V Kodi : Debug Print: [Netflix] "Navigation::_get_timeline_markers" called
01-08 20:58:11.695 19818 19931 V Kodi : Debug Print: [Netflix] "Navigation::_get_timeline_markers" returned: {'creditsOffset': 2672, 'watchedToEndOffset': 2668}
01-08 20:58:11.696 19818 19931 V Kodi : Debug Print: [script.module.inputstreamhelper-0.3.3]: Platform information: ('Linux', 'localhost', '4.9.109-tegra-g29568bc', '#1 SMP PREEMPT Mon Dec 17 23:56:36 PST 2018', 'aarch64', '')
01-08 20:58:11.696 19818 19931 V Kodi : Debug Print: [script.module.inputstreamhelper-0.3.3]: jsonrpc payload: {'params': {'addonid': 'inputstream.adaptive'}, 'jsonrpc': '2.0', 'id': 1, 'method': 'Addons.GetAddonDetails'}
01-08 20:58:11.697 19818 19931 V Kodi : Debug Print: [script.module.inputstreamhelper-0.3.3]: jsonrpc response: {"id":1,"jsonrpc":"2.0","result":{"addon":{"addonid":"inputstream.adaptive","type":"kodi.inputstream"}}}
01-08 20:58:11.697 19818 19931 V Kodi : Debug Print: [script.module.inputstreamhelper-0.3.3]: inputstream.adaptive is installed.
01-08 20:58:11.698 19818 19931 V Kodi : Debug Print: [script.module.inputstreamhelper-0.3.3]: jsonrpc payload: {'params': {'properties': ['enabled'], 'addonid': 'inputstream.adaptive'}, 'jsonrpc': '2.0', 'id': 1, 'method': 'Addons.GetAddonDetails'}
01-08 20:58:11.698 19818 19931 V Kodi : Debug Print: [script.module.inputstreamhelper-0.3.3]: jsonrpc response: {"id":1,"jsonrpc":"2.0","result":{"addon":{"addonid":"inputstream.adaptive","enabled":true,"type":"kodi.inputstream"}}}
01-08 20:58:11.699 19818 19931 V Kodi : Debug Print: [script.module.inputstreamhelper-0.3.3]: inputstream.adaptive 2.3.12 is enabled.
01-08 20:58:11.699 19818 19931 V Kodi : Debug Print: [script.module.inputstreamhelper-0.3.3]: inputstream.adaptive 2.3.12 is installed and enabled.
01-08 20:58:12.024 19818 19931 V Kodi : Debug Print: JSONRPC: Value does not lay between minimum and maximum in type tvshowid
01-08 20:58:12.026 19818 19931 V Kodi : Debug Print: [Netflix] "Navigation::play_video" returned: None
01-08 20:58:12.026 19818 19931 V Kodi : Debug Print: [Netflix] "Navigation::router" returned: True
01-08 20:58:12.026 19818 19931 V Kodi : Debug Print: CPythonInvoker(2, /storage/emulated/0/Android/data/org.xbmc.kodi/files/.kodi/addons/plugin.video.netflix/addon.py): script successfully run
01-08 20:58:12.029 19818 19846 V Kodi : Debug Print: ------ Window Deinit (DialogBusy.xml) ------
01-08 20:58:12.029 19818 19967 V Kodi : Debug Print: Thread scriptobs 163325908208 terminating
01-08 20:58:12.038 19818 19846 V Kodi : Debug Print: CPlayerCoreFactory::GetPlayers(http://localhost:34837/manifest?id=70282397&dolby=true&hevc=false&hdr=false&dolbyvision=false&vp9=false)
01-08 20:58:12.039 19818 19846 V Kodi : Debug Print: CPlayerSelectionRule::GetPlayers: considering rule: system rules
01-08 20:58:12.039 19818 19846 V Kodi : Debug Print: CPlayerSelectionRule::GetPlayers: matches rule: system rules
01-08 20:58:12.039 19818 19846 V Kodi : Debug Print: CPlayerSelectionRule::GetPlayers: considering rule: mms/udp
01-08 20:58:12.039 19818 19846 V Kodi : Debug Print: CPlayerSelectionRule::GetPlayers: considering rule: lastfm/shout
01-08 20:58:12.039 19818 19846 V Kodi : Debug Print: CPlayerSelectionRule::GetPlayers: considering rule: rtmp
01-08 20:58:12.039 19818 19846 V Kodi : Debug Print: CPlayerSelectionRule::GetPlayers: considering rule: rtsp
01-08 20:58:12.040 19818 19846 V Kodi : Debug Print: CPlayerSelectionRule::GetPlayers: considering rule: streams
01-08 20:58:12.040 19818 19846 V Kodi : Debug Print: CPlayerSelectionRule::GetPlayers: matches rule: streams
01-08 20:58:12.040 19818 19846 V Kodi : Debug Print: CPlayerSelectionRule::GetPlayers: considering rule: aacp/sdp
01-08 20:58:12.040 19818 19846 V Kodi : Debug Print: CPlayerSelectionRule::GetPlayers: considering rule: mp2
01-08 20:58:12.040 19818 19846 V Kodi : Debug Print: CPlayerSelectionRule::GetPlayers: considering rule: dvd
01-08 20:58:12.040 19818 19846 V Kodi : Debug Print: CPlayerSelectionRule::GetPlayers: considering rule: dvdimage
01-08 20:58:12.041 19818 19846 V Kodi : Debug Print: CPlayerSelectionRule::GetPlayers: considering rule: sdp/asf
01-08 20:58:12.041 19818 19846 V Kodi : Debug Print: CPlayerSelectionRule::GetPlayers: considering rule: nsv
01-08 20:58:12.041 19818 19846 V Kodi : Debug Print: CPlayerSelectionRule::GetPlayers: considering rule: radio
01-08 20:58:12.041 19818 19846 V Kodi : Debug Print: CPlayerCoreFactory::GetPlayers: matched 0 rules with players
01-08 20:58:12.041 19818 19846 V Kodi : Debug Print: CPlayerCoreFactory::GetPlayers: adding videodefaultplayer (VideoPlayer)
01-08 20:58:12.041 19818 19846 V Kodi : Debug Print: CPlayerCoreFactory::GetPlayers: for video=1, audio=0
01-08 20:58:12.041 19818 19846 V Kodi : Debug Print: CPlayerCoreFactory::GetPlayers: for video=1, audio=1
01-08 20:58:12.042 19818 19846 V Kodi : Debug Print: CPlayerCoreFactory::GetPlayers: added 1 players
01-08 20:58:12.046 19818 19846 V Kodi : Debug Print: Radio UECP (RDS) Processor - new CDVDRadioRDSData
01-08 20:58:12.046 19818 19846 V Kodi : Debug Print: VideoPlayer::OpenFile: plugin://plugin.video.netflix/?action=play_video&infoLabels=%7B%27rating%27%3A+0%2C+%27writer%27%3A+%27%27%2C+%27episode%27%3A+1%2C+%27plot%27%3A+u%27Ein+Meisterverbrecher+stellt+sich+dem+FBI+und+bietet+an%2C+einen+gef%5Cxe4hrlichen+Terroristen+auszuliefern+%5Cu2013+aber+er+will+sich+nur+einer+ganz+bestimmten+Agentin+anvertrauen.%27%2C+%27season%27%3A+1%2C+%27tvshowtitle%27%3A+u%27The+Blacklist%27%2C+%27title%27%3A+u%27Raymond+Reddingtons+schwarze+Liste%27%2C+%27mediatype%27%3A+u%27episode%27%2C+%27mpaa%27%3A+u%27-%27%2C+%27director%27%3A+%27%27%2C+%27genre%27%3A+u%27Crime-%2FKrimiserien%27%2C+%27year%27%3A+2013%2C+%27duration%27%3A+2710%7D&video_id=70282397&pin=False&start_offset=-1
01-08 20:58:12.046 19818 19846 V Kodi : Debug Print: OnPlayBackStarted: CApplication::OnPlayBackStarted
01-08 20:58:12.046 19818 19971 V Kodi : Debug Print: Thread VideoPlayer start, auto delete: false
01-08 20:58:12.047 19818 19972 V Kodi : Debug Print: Thread BackgroundLoader start, auto delete: false
01-08 20:58:12.052 19818 19971 V Kodi : Debug Print: Creating InputStream
01-08 20:58:12.053 19818 19971 V Kodi : Debug Print: ADDON: Dll Initializing - InputStream Adaptive
01-08 20:58:12.053 19818 19971 V Kodi : Debug Print: SECTION:LoadDLL(/data/app/org.xbmc.kodi-BDfWM_U3OYT4DDmJ0Up2Kw==/lib/arm64/libinputstream.adaptive.so)
01-08 20:58:12.053 19818 19971 V Kodi : Debug Print: Loading: /data/app/org.xbmc.kodi-BDfWM_U3OYT4DDmJ0Up2Kw==/lib/arm64/libinputstream.adaptive.so
01-08 20:58:12.058 19818 19929 V Kodi : Debug Print: Loading settings for plugin://plugin.video.netflix/?action=play_video&infoLabels=%7B%27rating%27%3A+0%2C+%27writer%27%3A+%27%27%2C+%27episode%27%3A+1%2C+%27plot%27%3A+u%27Ein+Meisterverbrecher+stellt+sich+dem+FBI+und+bietet+an%2C+einen+gef%5Cxe4hrlichen+Terroristen+auszuliefern+%5Cu2013+aber+er+will+sich+nur+einer+ganz+bestimmten+Agentin+anvertrauen.%27%2C+%27season%27%3A+1%2C+%27tvshowtitle%27%3A+u%27The+Blacklist%27%2C+%27title%27%3A+u%27Raymond+Reddingtons+schwarze+Liste%27%2C+%27mediatype%27%3A+u%27episode%27%2C+%27mpaa%27%3A+u%27-%27%2C+%27director%27%3A+%27%27%2C+%27genre%27%3A+u%27Crime-%2FKrimiserien%27%2C+%27year%27%3A+2013%2C+%27duration%27%3A+2710%7D&video_id=70282397&pin=False&start_offset=-1
01-08 20:58:12.061 19818 19971 V Kodi : Debug Print: AddOnLog: InputStream Adaptive: SetVideoResolution (1920 x 1080)
01-08 20:58:12.062 19818 19846 V Kodi : Debug Print: CVideoGUIInfo::InitCurrentItem(plugin://plugin.video.netflix/?action=play_video&infoLabels=%7B%27rating%27%3A+0%2C+%27writer%27%3A+%27%27%2C+%27episode%27%3A+1%2C+%27plot%27%3A+u%27Ein+Meisterverbrecher+stellt+sich+dem+FBI+und+bietet+an%2C+einen+gef%5Cxe4hrlichen+Terroristen+auszuliefern+%5Cu2013+aber+er+will+sich+nur+einer+ganz+bestimmten+Agentin+anvertrauen.%27%2C+%27season%27%3A+1%2C+%27tvshowtitle%27%3A+u%27The+Blacklist%27%2C+%27title%27%3A+u%27Raymond+Reddingtons+schwarze+Liste%27%2C+%27mediatype%27%3A+u%27episode%27%2C+%27mpaa%27%3A+u%27-%27%2C+%27director%27%3A+%27%27%2C+%27genre%27%3A+u%27Crime-%2FKrimiserien%27%2C+%27year%27%3A+2013%2C+%27duration%27%3A+2710%7D&video_id=70282397&pin=False&start_offset=-1)
01-08 20:58:12.062 19818 19971 V Kodi : Debug Print: AddOnLog: InputStream Adaptive: Open()
01-08 20:58:12.062 19818 19971 V Kodi : Debug Print: AddOnLog: InputStream Adaptive: found inputstream.adaptive.license_key: [not shown]
01-08 20:58:12.063 19818 19846 V Kodi : Debug Print: CPlayerGUIInfo::InitCurrentItem(plugin://plugin.video.netflix/?action=play_video&infoLabels=%7B%27rating%27%3A+0%2C+%27writer%27%3A+%27%27%2C+%27episode%27%3A+1%2C+%27plot%27%3A+u%27Ein+Meisterverbrecher+stellt+sich+dem+FBI+und+bietet+an%2C+einen+gef%5Cxe4hrlichen+Terroristen+auszuliefern+%5Cu2013+aber+er+will+sich+nur+einer+ganz+bestimmten+Agentin+anvertrauen.%27%2C+%27season%27%3A+1%2C+%27tvshowtitle%27%3A+u%27The+Blacklist%27%2C+%27title%27%3A+u%27Raymond+Reddingtons+schwarze+Liste%27%2C+%27mediatype%27%3A+u%27episode%27%2C+%27mpaa%27%3A+u%27-%27%2C+%27director%27%3A+%27%27%2C+%27genre%27%3A+u%27Crime-%2FKrimiserien%27%2C+%27year%27%3A+2013%2C+%27duration%27%3A+2710%7D&video_id=70282397&pin=False&start_offset=-1)
01-08 20:58:12.063 19818 19971 V Kodi : Debug Print: AddOnLog: InputStream Adaptive: found inputstream.adaptive.license_type: com.widevine.alpha
01-08 20:58:12.063 19818 19971 V Kodi : Debug Print: AddOnLog: InputStream Adaptive: found inputstream.adaptive.manifest_type: mpd
01-08 20:58:12.063 19818 19850 V Kodi : Debug Print: CAnnouncementManager - Announcement: OnChanged from xbmc
01-08 20:58:12.063 19818 19971 V Kodi : Debug Print: AddOnLog: InputStream Adaptive: found inputstream.adaptive.server_certificate: [not shown]
01-08 20:58:12.065 19818 19971 V Kodi : Debug Print: AddOnLog: InputStream Adaptive: found inputstream.adaptive.stream_headers: user-agent=Mozilla/5.0 (X11; Linux x86_64) AppleWebKit/537.36 (KHTML, like Gecko) Chrome/59.0.3071.115 Safari/537.36
01-08 20:58:12.065 3876 4344 V Avrcp : onMetadataChanged
01-08 20:58:12.065 19818 19850 V Kodi : Debug Print: GOT ANNOUNCEMENT, type: 1024, from xbmc, message OnChanged
01-08 20:58:12.065 19818 19971 V Kodi : Debug Print: AddOnLog: InputStream Adaptive: Initial bandwidth: 4000000
01-08 20:58:12.066 19818 19971 V Kodi : Debug Print: CAddonSettings[inputstream.adaptive]: loading setting definitions
01-08 20:58:12.067 19818 19971 V Kodi : Debug Print: AddOnLog: InputStream Adaptive: MAXRESOLUTION selected: 0
01-08 20:58:12.067 19818 19971 V Kodi : Debug Print: CAddonSettings[inputstream.adaptive]: loading setting definitions
01-08 20:58:12.068 19818 19971 V Kodi : Debug Print: AddOnLog: InputStream Adaptive: MAXRESOLUTIONSECURE selected: 0
01-08 20:58:12.069 19818 19971 V Kodi : Debug Print: CAddonSettings[inputstream.adaptive]: loading setting definitions
01-08 20:58:12.070 19818 19971 V Kodi : Debug Print: AddOnLog: InputStream Adaptive: STREAMSELECTION selected: 0
01-08 20:58:12.070 19818 19971 V Kodi : Debug Print: CAddonSettings[inputstream.adaptive]: loading setting definitions
01-08 20:58:12.073 19818 19850 V Kodi : Debug Print: Previous line repeats 3 times.
01-08 20:58:12.073 19818 19850 V Kodi : Debug Print: CAnnouncementManager - Announcement: OnPlay from xbmc
01-08 20:58:12.073 19818 19850 V Kodi : Debug Print: void CXBMCApp::OnPlayBackStarted()
01-08 20:58:12.073 19818 19971 V Kodi : Debug Print: AddOnLog: InputStream Adaptive: Searching for decrypters in: /data/app/org.xbmc.kodi-BDfWM_U3OYT4DDmJ0Up2Kw==/lib/arm64
01-08 20:58:12.076 5214 5214 D DeviceControlManagerService: active session:org.xbmc.kodi
01-08 20:58:12.076 3876 4344 V Avrcp : isBrowseSupported for org.xbmc.kodi: false
01-08 20:58:12.076 4763 4763 D NowPlayingListener: onActiveSessionsChanged() called with: controllers = [[android.media.session.MediaController@9d2f7f2]]
01-08 20:58:12.076 4763 4763 D NowPlayingListener: updateMediaSessionCallback: android.media.session.MediaController@9d2f7f2
01-08 20:58:12.076 3876 4344 D Avrcp : update #10:MediaPlayerInfo org.xbmc.kodi (as 'Kodi') Type = 1, SubType = 0, Status = 1 Feature Bits [40 41 42 44 45 47 48 58] Controller: MediaController (org.xbmc.kodi@849224b) Raymond Reddingtons schwarze Liste, null, null
01-08 20:58:12.076 3876 4344 V Avrcp : updateNewIds: Addressed:10 to 10, Browse:0 to 0
01-08 20:58:12.077 19818 19850 W AudioManager: Use of stream types is deprecated for operations other than volume control
01-08 20:58:12.077 3876 4344 D Avrcp : updateCurrentController: MediaController (org.xbmc.kodi@600071a) Raymond Reddingtons schwarze Liste, null, null to MediaController (org.xbmc.kodi@849224b) Raymond Reddingtons schwarze Liste, null, null
01-08 20:58:12.077 19818 19850 W AudioManager: See the documentation of requestAudioFocus() for what to use instead with android.media.AudioAttributes to qualify your playback use case
01-08 20:58:12.078 3876 4344 I AddressedMediaPlayer: null queue from org.xbmc.kodi, constructing single-item list
01-08 20:58:12.079 4763 4763 D NowPlayingManager: onClientChanged() called with: clearing = [false]
01-08 20:58:12.079 3876 4344 E bt_btif : register_notification_rsp: Avrcp device is not connected, handle: 0x0
01-08 20:58:12.079 3876 4344 E bt_btif : register_notification_rsp: Avrcp device is not connected, handle: 0x0
01-08 20:58:12.079 4763 4763 D NowPlayingListener: updateMetadata() called with: metadata = [android.media.MediaMetadata@d8b7e43] and now playing listener: com.google.android.tvrecommendations.NowPlayingManager@4ab6298
01-08 20:58:12.081 3778 4685 I MediaFocusControl: AudioFocus requestAudioFocus() from uid/pid 10097/19818 clientId=android.media.AudioManager@6877ae6org.xbmc.kodi.interfaces.XBMCAudioManagerOnAudioFocusChangeListener@3059827 req=1 flags=0x0
01-08 20:58:12.081 19818 19850 V Kodi : Debug Print: Visible Behind request: false
01-08 20:58:12.082 4763 4763 D NowPlayingManager: onMediaDataUpdated() called with: mediaData = [com.google.android.tvrecommendations.NowPlayingData@faf5cc0]
01-08 20:58:12.082 19818 19971 V Kodi : Debug Print: AddOnLog: InputStream Adaptive: WVDecrypter JNI, SDK version: 26, class: org/xbmc/kodi
01-08 20:58:12.083 19818 19850 V Kodi : Debug Print: GOT ANNOUNCEMENT, type: 1, from xbmc, message OnPlay
01-08 20:58:12.087 4763 4763 D NowPlayingListener: updatePlayback() called with: state = [PlaybackState {state=3, position=0, buffered position=0, speed=1.0, updated=11848385, actions=-1, custom actions=[], active item id=-1, error=null}] and now playing listener: com.google.android.tvrecommendations.NowPlayingManager@4ab6298
01-08 20:58:12.087 4763 4763 D NowPlayingManager: onClientPlaybackStateUpdate() called with: state = [3], stateChangeTimeMs = [11848385], currentPosMs = [0]
01-08 20:58:12.087 4763 4763 D NowPlayingManager: onClientPlaybackStateUpdate: Skipped update, state: 3 was unchanged
01-08 20:58:12.087 4763 4763 D NowPlayingListener: updateMetadata() called with: metadata = [android.media.MediaMetadata@214a13e] and now playing listener: com.google.android.tvrecommendations.NowPlayingManager@4ab6298
01-08 20:58:12.087 19818 19971 V Kodi : Debug Print: AddOnLog: InputStream Adaptive: WVDecrypter constructed
01-08 20:58:12.088 19818 19971 V Kodi : Debug Print: AddOnLog: InputStream Adaptive: Key system request: com.widevine.alpha
01-08 20:58:12.089 19818 19971 V Kodi : Debug Print: AddOnLog: InputStream Adaptive: Found decrypter: /data/app/org.xbmc.kodi-BDfWM_U3OYT4DDmJ0Up2Kw==/lib/arm64/libssd_wv.so
01-08 20:58:12.089 19818 19971 V Kodi : Debug Print: AddOnLog: InputStream Adaptive: Supported URN: urn:uuid:EDEF8BA9-79D6-4ACE-A3C8-27DCD51D21ED
01-08 20:58:12.090 19818 19971 V Kodi : Debug Print: CurlFile::Open(0x261422fe00) http://localhost:34837/manifest?id=70282397&dolby=true&hevc=false&hdr=false&dolbyvision=false&vp9=false
01-08 20:58:12.090 19818 19971 V Kodi : Debug Print: easy_acquire - Created session to http://localhost
01-08 20:58:12.091 4763 4763 D NowPlayingManager: onMediaDataUpdated() called with: mediaData = [com.google.android.tvrecommendations.NowPlayingData@fddbb9f]
01-08 20:58:12.097 4763 4763 D TVNotifService: onTVNotificationPosted StatusBarNotification(pkg=com.google.android.tvrecommendations user=UserHandle{0} id=4321 tag=Notification.NowPlaying key=0|com.google.android.tvrecommendations|4321|Notification.NowPlaying|10107: Notification(channel=now_playing pri=0 contentView=null vibrate=null sound=null defaults=0x0 flags=0x0 color=0x00000000 vis=PRIVATE)) userId: 0
01-08 20:58:12.099 4763 4763 D TVNotifService: onTVNotificationPosted StatusBarNotification(pkg=com.google.android.tvrecommendations user=UserHandle{0} id=4321 tag=Notification.NowPlaying key=0|com.google.android.tvrecommendations|4321|Notification.NowPlaying|10107: Notification(channel=now_playing pri=0 contentView=null vibrate=null sound=null defaults=0x0 flags=0x0 color=0x00000000 vis=PRIVATE)) userId: 0
01-08 20:58:12.109 19818 19972 V Kodi : Debug Print: Thread BackgroundLoader 163514549488 terminating
01-08 20:58:12.163 19818 19846 V Kodi : Debug Print: ------ Window Init (DialogBusy.xml) ------
01-08 20:58:12.163 19818 19846 V Kodi : Debug Print: Window DialogBusy.xml was already loaded
01-08 20:58:12.164 19818 19846 V Kodi : Debug Print: Alloc resources: 0.04ms
01-08 20:58:12.165 19818 19850 V Kodi : Debug Print: CAnnouncementManager - Announcement: playback_initiated from plugin.video.netflix.SIGNAL
