01-08 20:54:40.141 19594 19594 F DEBUG : #18 pc 00000000010e7dd8 /data/app/org.xbmc.kodi-BDfWM_U3OYT4DDmJ0Up2Kw==/lib/arm64/libkodi.so (_ZN12CVideoPlayer15OpenInputStreamEv+424)
01-08 20:54:40.141 19594 19594 F DEBUG : #19 pc 00000000010ea164 /data/app/org.xbmc.kodi-BDfWM_U3OYT4DDmJ0Up2Kw==/lib/arm64/libkodi.so (_ZN12CVideoPlayer7PrepareEv+260)
01-08 20:54:40.141 19594 19594 F DEBUG : #20 pc 00000000010eb47c /data/app/org.xbmc.kodi-BDfWM_U3OYT4DDmJ0Up2Kw==/lib/arm64/libkodi.so (_ZN12CVideoPlayer7ProcessEv+72)
01-08 20:54:40.141 19594 19594 F DEBUG : #21 pc 00000000012bdd7c /data/app/org.xbmc.kodi-BDfWM_U3OYT4DDmJ0Up2Kw==/lib/arm64/libkodi.so (_ZN7CThread6ActionEv+40)
01-08 20:54:40.141 19594 19594 F DEBUG : #22 pc 00000000012bd2a4 /data/app/org.xbmc.kodi-BDfWM_U3OYT4DDmJ0Up2Kw==/lib/arm64/libkodi.so (_ZN7CThread12staticThreadEPv+184)
01-08 20:54:40.141 19594 19594 F DEBUG : #23 pc 0000000000065f88 /system/lib64/libc.so (_ZL15__pthread_startPv+36)
01-08 20:54:40.141 19594 19594 F DEBUG : #24 pc 000000000001ed24 /system/lib64/libc.so (__start_thread+68)
01-08 20:54:40.151 3876 4344 V Avrcp : MSG_UPDATE_MEDIA
01-08 20:54:40.151 3876 4344 V Avrcp : updatePlaybackState (1): -1➡1(PlaybackState {state=3, position=0, buffered position=0, speed=1.0, updated=11636449, actions=-1, custom actions=[], active item id=-1, error=null})
01-08 20:54:40.151 3876 4344 V Avrcp : Media update: id -1➡-1? [MediaAttributes: L⋯r - by (0 0/0) ]
01-08 20:54:40.151 3876 4344 D Avrcp : sendPlayPosNotificationRsp: Not registered or requesting.
01-08 20:54:40.584 3490 3670 I AudioFlinger: BUFFER TIMEOUT: remove(4097) from active list on thread 0x51d83cc0
01-08 20:54:40.848 3426 3426 D hwcomposer: hwc_getActiveConfig: returning 0
01-08 20:54:41.587 3516 3516 E /system/bin/tombstoned: Tombstone written to: /data/tombstones//tombstone_05
01-08 20:54:41.589 3778 19598 W ActivityManager: Force finishing activity org.xbmc.kodi/.Main
01-08 20:54:41.591 3778 3797 I BootReceiver: Copying /data/tombstones/tombstone_05 to DropBox (SYSTEM_TOMBSTONE)
01-08 20:54:41.593 3426 3426 D hwcomposer: hwc_getActiveConfig: returning 0
01-08 20:54:41.598 3778 3793 W BroadcastQueue: Background execution not allowed: receiving Intent { act=android.intent.action.DROPBOX_ENTRY_ADDED flg=0x10 (has extras) } to com.google.android.gms/.stats.service.DropBoxEntryAddedReceiver
01-08 20:54:41.599 3778 3793 W BroadcastQueue: Background execution not allowed: receiving Intent { act=android.intent.action.DROPBOX_ENTRY_ADDED flg=0x10 (has extras) } to com.google.android.gms/.chimera.GmsIntentOperationService$PersistentTrustedReceiver
01-08 20:54:41.609 3778 3793 W BroadcastQueue: Background execution not allowed: receiving Intent { act=android.intent.action.DROPBOX_ENTRY_ADDED flg=0x10 (has extras) } to com.google.android.gms/.stats.service.DropBoxEntryAddedReceiver
01-08 20:54:41.609 3778 3793 W BroadcastQueue: Background execution not allowed: receiving Intent { act=android.intent.action.DROPBOX_ENTRY_ADDED flg=0x10 (has extras) } to com.google.android.gms/.chimera.GmsIntentOperationService$PersistentTrustedReceiver
01-08 20:54:41.669 3778 3841 W InputDispatcher: channel '4a6c17f org.xbmc.kodi/org.xbmc.kodi.Main (server)' ~ Consumer closed input channel or an error occurred. events=0x9
01-08 20:54:41.669 3778 3841 E InputDispatcher: channel '4a6c17f org.xbmc.kodi/org.xbmc.kodi.Main (server)' ~ Channel is unrecoverably broken and will be disposed!
01-08 20:54:41.669 3501 19262 I WVCdm : CdmEngine::CloseSession
01-08 20:54:41.670 3432 3890 E SurfaceFlinger: Failed to find layer (SurfaceView - org.xbmc.kodi/org.xbmc.kodi.Main#0) in layer parent (no-parent).
01-08 20:54:41.670 3432 3890 E SurfaceFlinger: Failed to find layer (Background for - SurfaceView - org.xbmc.kodi/org.xbmc.kodi.Main#0) in layer parent (no-parent).
01-08 20:54:41.670 4622 8582 D ControllerMapper_S: Client: org.xbmc.kodi died and unregistered
01-08 20:54:41.671 4622 4622 D ControllerMapper_S: org.xbmc.kodi binder died, Current App:Request App [org.xbmc.kodi 1920X1080]
01-08 20:54:41.672 3501 6281 I WVCdm : CdmEngine::CloseSession
01-08 20:54:41.675 3374 3374 I Zygote : Process 19421 exited due to signal (6)
01-08 20:54:41.688 3778 4032 I ActivityManager: Process org.xbmc.kodi (pid 19421) has died: vis +99TOP
01-08 20:54:41.688 3778 4709 D MediaSessionService: Media button session is changed to null
01-08 20:54:41.690 3876 4344 V Avrcp : MediaController session destroyed
01-08 20:54:41.690 5214 5214 D DeviceControlManagerService: no active session
01-08 20:54:41.690 3876 4344 V Avrcp : updateNewIds: Addressed:10 to 10, Browse:0 to 0
01-08 20:54:41.691 4763 4763 D NowPlayingListener: onActiveSessionsChanged() called with: controllers = [[]]
01-08 20:54:41.691 4763 4763 D NowPlayingListener: updateMediaSessionCallback: null
01-08 20:54:41.691 4763 4763 D NowPlayingManager: onClientChanged() called with: clearing = [true]
01-08 20:54:41.692 3876 4344 D Avrcp : updateCurrentController: MediaController (org.xbmc.kodi@d51c03c) Leuchtfeuer, null, null to null
01-08 20:54:41.692 3778 3778 W TelecomManager: Telecom Service not found.
01-08 20:54:41.692 3778 3859 D NsdService: Client disconnected
01-08 20:54:41.692 3778 3859 D NsdService: Terminating client-ID 1 global-ID 16 type 393225
01-08 20:54:41.692 3778 3859 D NsdService: unregisterService: 16
01-08 20:54:41.692 3778 4630 I MediaFocusControl: AudioFocus removeFocusStackEntryOnDeath(): removing entry for android.os.BinderProxy@7153699
01-08 20:54:41.694 3371 3408 D MDnsDS : polling error: 32
01-08 20:54:41.695 3778 3859 D NsdService: Terminating client-ID 2 global-ID 17 type 393225
01-08 20:54:41.695 3778 3859 D NsdService: unregisterService: 17
01-08 20:54:41.696 3778 3859 E NsdService: id 17 for SERVICE_REGISTERED has no client mapping
01-08 20:54:41.696 3778 3859 E NsdService: Unhandled { when=-1ms what=393242 obj=com.android.server.NsdService$NativeEvent@d39853f target=com.android.internal.util.StateMachine$SmHandler }
01-08 20:54:41.733 3778 6537 I WindowManager: WIN DEATH: Window{4a6c17f u0 org.xbmc.kodi/org.xbmc.kodi.Main}
01-08 20:54:41.695 3371 3408 D MDnsDS : polling error: 32
01-08 20:54:41.733 3778 6537 W InputDispatcher: Attempted to unregister already unregistered input channel '4a6c17f org.xbmc.kodi/org.xbmc.kodi.Main (server)'
01-08 20:54:41.744 3778 3800 W ActivityManager: setHasOverlayUi called on unknown pid: 19421
01-08 20:54:41.745 4763 4763 D TVNotifService: onNotificationRemoved StatusBarNotification(pkg=com.google.android.tvrecommendations user=UserHandle{0} id=4321 tag=Notification.NowPlaying key=0|com.google.android.tvrecommendations|4321|Notification.NowPlaying|10107: Notification(channel=now_playing pri=0 contentView=null vibrate=null sound=null defaults=0x0 flags=0x0 color=0x00000000 vis=PRIVATE)) userId: 0
01-08 20:54:41.746 3778 3842 I InputReader: Reconfiguring input devices. changes=0x00000004
01-08 20:54:41.753 4569 5314 I zygote64: Looking for service vendor.nvidia.hardware.power@1.0::IPower/default
01-08 20:54:41.756 4569 5314 I zygote64: Starting thread pool.
01-08 20:54:41.768 4743 4743 I AppLifecycleTracker: onActivityStarted:
01-08 20:54:41.769 4743 4743 W DataLoader: SecurityException in onStartLoading() on registering content observer for uri: content://tvlauncher.mic/farfield_mic_status
01-08 20:54:41.769 4743 4743 W DataLoader: Failed to find provider tvlauncher.mic for user 0; expected to find a valid ContentProvider for this authority
01-08 20:54:41.770 4743 4743 E PrtnrWidgetInfoLdr: Exception in onStartLoading() on registering content observer
01-08 20:54:41.770 4743 4743 E PrtnrWidgetInfoLdr: java.lang.SecurityException: Failed to find provider tvlauncher.widget for user 0; expected to find a valid ContentProvider for this authority
01-08 20:54:41.770 4743 4743 E PrtnrWidgetInfoLdr: at android.os.Parcel.readException(Parcel.java:1951)
01-08 20:54:41.770 4743 4743 E PrtnrWidgetInfoLdr: at android.os.Parcel.readException(Parcel.java:1897)
01-08 20:54:41.770 4743 4743 E PrtnrWidgetInfoLdr: at android.content.IContentService$Stub$Proxy.registerContentObserver(IContentService.java:768)
01-08 20:54:41.770 4743 4743 E PrtnrWidgetInfoLdr: at android.content.ContentResolver.registerContentObserver(ContentResolver.java:1924)
01-08 20:54:41.770 4743 4743 E PrtnrWidgetInfoLdr: at android.content.ContentResolver.registerContentObserver(ContentResolver.java:1913)
01-08 20:54:41.770 4743 4743 E PrtnrWidgetInfoLdr: at com.google.android.tvlauncher.data.PartnerWidgetInfoLoader.onStartLoading(PartnerWidgetInfoLoader.java:66)
01-08 20:54:41.770 4743 4743 E PrtnrWidgetInfoLdr: at android.content.Loader.startLoading(Loader.java:290)
01-08 20:54:41.770 4743 4743 E PrtnrWidgetInfoLdr: at android.app.LoaderManagerImpl$LoaderInfo.start(LoaderManager.java:283)
01-08 20:54:41.770 4743 4743 E PrtnrWidgetInfoLdr: at android.app.LoaderManagerImpl.doStart(LoaderManager.java:783)
01-08 20:54:41.770 4743 4743 E PrtnrWidgetInfoLdr: at android.app.Fragment.onStart(Fragment.java:1735)
01-08 20:54:41.770 4743 4743 E PrtnrWidgetInfoLdr: at com.google.android.tvlauncher.home.HomeFragment.onStart(HomeFragment.java:317)
01-08 20:54:41.770 4743 4743 E PrtnrWidgetInfoLdr: at android.app.Fragment.performStart(Fragment.java:2637)
01-08 20:54:41.770 4743 4743 E PrtnrWidgetInfoLdr: at android.app.FragmentManagerImpl.moveToState(FragmentManager.java:1312)
01-08 20:54:41.770 4743 4743 E PrtnrWidgetInfoLdr: at android.app.FragmentManagerImpl.moveFragmentToExpectedState(FragmentManager.java:1549)
01-08 20:54:41.770 4743 4743 E PrtnrWidgetInfoLdr: at android.app.FragmentManagerImpl.moveToState(FragmentManager.java:1611)
01-08 20:54:41.770 4743 4743 E PrtnrWidgetInfoLdr: at android.app.FragmentManagerImpl.dispatchMoveToState(FragmentManager.java:3039)
01-08 20:54:41.770 4743 4743 E PrtnrWidgetInfoLdr: at android.app.FragmentManagerImpl.dispatchStart(FragmentManager.java:2996)
01-08 20:54:41.770 4743 4743 E PrtnrWidgetInfoLdr: at android.app.FragmentController.dispatchStart(FragmentController.java:189)
01-08 20:54:41.770 4743 4743 E PrtnrWidgetInfoLdr: at android.app.Activity.performStart(Activity.java:7066)
01-08 20:54:41.770 4743 4743 E PrtnrWidgetInfoLdr: at android.app.Activity.performRestart(Activity.java:7134)
01-08 20:54:41.770 4743 4743 E PrtnrWidgetInfoLdr: at android.app.Activity.performResume(Activity.java:7139)
01-08 20:54:41.770 4743 4743 E PrtnrWidgetInfoLdr: at android.app.ActivityThread.performResumeActivity(ActivityThread.java:3682)
01-08 20:54:41.770 4743 4743 E PrtnrWidgetInfoLdr: at android.app.ActivityThread.handleResumeActivity(ActivityThread.java:3747)
01-08 20:54:41.770 4743 4743 E PrtnrWidgetInfoLdr: at android.app.ActivityThread$H.handleMessage(ActivityThread.java:1646)
01-08 20:54:41.770 4743 4743 E PrtnrWidgetInfoLdr: at android.os.Handler.dispatchMessage(Handler.java:105)
01-08 20:54:41.770 4743 4743 E PrtnrWidgetInfoLdr: at android.os.Looper.loop(Looper.java:164)
01-08 20:54:41.770 4743 4743 E PrtnrWidgetInfoLdr: at android.app.ActivityThread.main(ActivityThread.java:6628)
01-08 20:54:41.770 4743 4743 E PrtnrWidgetInfoLdr: at java.lang.reflect.Method.invoke(Native Method)
01-08 20:54:41.770 4743 4743 E PrtnrWidgetInfoLdr: at com.android.internal.os.Zygote$MethodAndArgsCaller.run(Zygote.java:240)
01-08 20:54:41.770 4743 4743 E PrtnrWidgetInfoLdr: at com.android.internal.os.ZygoteInit.main(ZygoteInit.java:776)
01-08 20:54:41.771 4743 19612 E ActivityThread: Failed to find provider info for tvlauncher.widget
01-08 20:54:41.773 4763 7025 D TVNotifService: getConnectedInstanceBlocking - block
01-08 20:54:41.773 4763 7025 D TVNotifService: getConnectedInstanceBlockingWithTimeout - done
01-08 20:54:41.773 4743 19611 E ActivityThread: Failed to find provider info for tvlauncher.mic
01-08 20:54:41.774 4743 4743 I AppLifecycleTracker: onActivityResumed:
01-08 20:54:41.776 4763 4763 D NotifInteractonRcvr: Show unseen default level notification toasts
01-08 20:54:41.786 3426 3426 D hwcomposer: hwc_getActiveConfig: returning 0
01-08 20:54:41.786 3526 3526 E phs:fs : Unable to open file "/proc/19421/largest_task": No such file or directory
01-08 20:54:41.790 4743 7023 D ViewRootImpl: windowFocusChanged true com.google.android.tvlauncher
01-08 20:54:41.795 3526 3526 E phs:fs : Unable to open file "/proc/19421/largest_task": No such file or directory
01-08 20:54:41.795 4763 4783 D TVNotifService: getConnectedInstanceBlocking - block
01-08 20:54:41.795 4763 4783 D TVNotifService: getConnectedInstanceBlockingWithTimeout - done
01-08 20:54:41.795 4763 7025 D TVNotifService: getConnectedInstanceBlocking - block
01-08 20:54:41.795 4763 7025 D TVNotifService: getConnectedInstanceBlockingWithTimeout - done
01-08 20:54:41.814 3778 3787 I zygote64: Background concurrent copying GC freed 145248(5MB) AllocSpace objects, 16(1136KB) LOS objects, 42% free, 12MB/21MB, paused 245us total 152.745ms
01-08 20:54:41.830 4622 4622 D ControllerMapper_S: same binder for com.google.android.tvlauncher skipping
01-08 20:54:41.830 4622 4622 D ControllerMapper_S: notifyAppName com.google.android.tvlauncher old :org.xbmc.kodi
01-08 20:54:41.830 4622 4622 D ControllerMapper_S: GameGuide com.google.android.tvlauncher is not in whitelist, ----> hide
01-08 20:54:41.836 3526 3526 E phs:fs : Unable to open file "/proc/19421/largest_task": No such file or directory
01-08 20:54:42.001 3526 3526 I chatty : uid=1000(system) /vendor/bin/nvphsd identical 15 lines
01-08 20:54:42.017 3526 3526 E phs:fs : Unable to open file "/proc/19421/largest_task": No such file or directory
01-08 20:54:42.693 3876 4344 V Avrcp : MSG_UPDATE_MEDIA
01-08 20:54:42.693 3876 4344 V Avrcp : updatePlaybackState (1): -1➡0(PlaybackState {state=0, position=-1, buffered position=0, speed=0.0, updated=11638992, actions=0, custom actions=[], active item id=-1, error=null})
01-08 20:54:42.693 3876 4344 V Avrcp : Media update: id -1➡-1? [MediaAttributes: none]
01-08 20:54:42.694 3876 4344 D Avrcp : sendTrackChangedRsp: Not registered or registering.
01-08 20:54:42.694 3876 4344 D Avrcp : sendPlayPosNotificationRsp: Not registered or requesting.
01-08 20:54:43.171 4427 4444 I ShieldBluetoothScanPolicy: Scans allowed due to PACKAGE POLL
01-08 20:54:43.172 4427 4444 D BluetoothAdapter: isLeEnabled(): ON
01-08 20:54:43.174 4427 4441 D BluetoothLeScanner: onScannerRegistered() - status=0 scannerId=5 mScannerId=0
01-08 20:54:43.179 3876 4034 D BluetoothAdapterProperties: Discoverable Timeout:-1
01-08 20:54:43.180 3876 4034 D BluetoothAdapterProperties: Scan Mode:23
01-08 20:54:52.773 6109 18717 I chromium: [6109:18717:INFO:ssdp_device.c(101)] SSDP packets sent for 30 seconds = 10
01-08 20:54:54.686 3876 4034 D bt_btif_scanner: btif_gatts_upstreams_evt: Unhandled event (26)
01-08 20:54:54.687 6109 6270 D BluetoothGattServer: onConnectionUpdated() - Device=00:04:4B:99:25:86 interval=20 latency=99 timeout=1000 status=0
01-08 20:54:54.687 4525 5425 D BluetoothGatt: onConnectionUpdated() - Device=00:04:4B:99:25:86 interval=20 latency=99 timeout=1000 status=0
01-08 20:54:54.687 4427 4441 D BluetoothGatt: onConnectionUpdated() - Device=00:04:4B:99:25:86 interval=20 latency=99 timeout=1000 status=0
01-08 20:54:59.082 6109 18136 E chromium: [6109:18136:ERROR:wifi_frame_histogram_capturer.cc(404)] No histogram or IOCTL data
01-08 20:54:59.082 6109 18136 I chromium: [6109:18136:INFO:wifi_util.cc(199)] Current wifi TDLS peers:
01-08 20:54:59.082 6109 18136 I chromium: [6109:18136:INFO:wifi_util.cc(201)] No peers:
01-08 20:54:59.150 6109 6109 I chromium: [6109:6109:INFO:metrics_recorder.cc(228)] Record action: Cast.CecHdmiInputState.Active
01-08 20:54:59.150 6109 6109 I chromium: [6109:6109:INFO:metrics_recorder.cc(228)] Record action: Cast.CecStandby.On
01-08 20:55:01.487 6109 6225 I chromium: [6109:6225:INFO:mdns_app_filter.cc(2437)] MdnsAppFilter: responses sent in 39 seconds: 2
01-08 20:55:01.532 19327 19343 I Finsky : [137] com.google.android.finsky.bq.an.run(6): Stats for Executor: BlockingExecutor com.google.android.finsky.bq.ao@69e9c56[Running, pool size = 3, active threads = 0, queued tasks = 0, completed tasks = 6]
01-08 20:55:01.532 19327 19343 I Finsky : [137] com.google.android.finsky.bq.an.run(6): Stats for Executor: LightweightExecutor com.google.android.finsky.bq.ao@5aef4d7[Running, pool size = 3, active threads = 0, queued tasks = 0, completed tasks = 50]
01-08 20:55:01.793 19327 19343 I Finsky : [137] com.google.android.finsky.bq.an.run(6): Stats for Executor: bgExecutor com.google.android.finsky.bq.ao@f61f1c4[Running, pool size = 4, active threads = 0, queued tasks = 0, completed tasks = 8]
01-08 20:55:01.794 19327 19343 I Finsky : [137] com.google.android.finsky.bq.an.run(6): Stats for Executor: SimChangeExecutor com.google.android.finsky.bq.ao@5f5d8ad[Running, pool size = 0, active threads = 0, queued tasks = 0, completed tasks = 0]
01-08 20:55:01.919 19327 19343 I Finsky : [137] com.google.android.finsky.bq.an.run(6): Stats for Executor: Db-xternal_referrer_status.db com.google.android.finsky.bq.ao@48027e2[Running, pool size = 0, active threads = 0, queued tasks = 0, completed tasks = 0]
01-08 20:55:01.920 19327 19343 I Finsky : [137] com.google.android.finsky.bq.an.run(6): Stats for Executor: Db-split_install_service com.google.android.finsky.bq.ao@1840773[Running, pool size = 0, active threads = 0, queued tasks = 0, completed tasks = 1]
01-08 20:55:01.920 19327 19343 I Finsky : [137] com.google.android.finsky.bq.an.run(6): Stats for Executor: SplitInstallBackgroundThread com.google.android.finsky.bq.ao@56e6630[Running, pool size = 0, active threads = 0, queued tasks = 0, completed tasks = 0]
01-08 20:55:01.969 19327 19343 I Finsky : [137] com.google.android.finsky.bq.an.run(6): Stats for Executor: StorageAwareDownloadServiceManagerSpaceChecker com.google.android.finsky.bq.ao@c4452a9[Running, pool size = 0, active threads = 0, queued tasks = 0, completed tasks = 0]
01-08 20:55:02.093 19327 19343 I Finsky : [137] com.google.android.finsky.bq.an.run(6): Stats for Executor: Db-scheduler com.google.android.finsky.bq.ao@1fce02e[Running, pool size = 0, active threads = 0, queued tasks = 0, completed tasks = 7]
01-08 20:55:02.093 19327 19343 I Finsky : [137] com.google.android.finsky.bq.an.run(6): Stats for Executor: Db-scheduler_logging_store.db com.google.android.finsky.bq.ao@68da7cf[Running, pool size = 0, active threads = 0, queued tasks = 0, completed tasks = 2]
01-08 20:55:02.273 19327 19343 I Finsky : [137] com.google.android.finsky.bq.an.run(6): Stats for Executor: InstallBackgroundThread com.google.android.finsky.bq.ao@c8bb55c[Running, pool size = 0, active threads = 0, queued tasks = 0, completed tasks = 0]
01-08 20:55:02.273 19327 19343 I Finsky : [137] com.google.android.finsky.bq.an.run(6): Stats for Executor: Db-install_service com.google.android.finsky.bq.ao@9e67065[Running, pool size = 0, active threads = 0, queued tasks = 0, completed tasks = 0]
01-08 20:55:02.274 19327 19343 I Finsky : [137] com.google.android.finsky.bq.an.run(6): Stats for Executor: InstallBackgroundThread com.google.android.finsky.bq.ao@7ad13a[Running, pool size = 0, active threads = 0, queued tasks = 0, completed tasks = 0]
01-08 20:55:12.293 19327 19343 I Finsky : [137] com.google.android.finsky.bq.an.run(6): Stats for Executor: InstallQueueDatabaseManager com.google.android.finsky.bq.ao@ce6f1eb[Running, pool size = 0, active threads = 0, queued tasks = 0, completed tasks = 1]
01-08 20:55:22.312 4743 4752 I zygote64: Do full code cache collection, code=505KB, data=333KB
01-08 20:55:22.313 4743 4752 I zygote64: After code cache collection, code=442KB, data=269KB
01-08 20:55:22.802 6109 18717 I chromium: [6109:18717:INFO:ssdp_device.c(101)] SSDP packets sent for 30 seconds = 11
01-08 20:55:28.886 6109 6109 I chromium: [6109:6109:INFO:metrics_recorder.cc(89)] Metrics stat: total=6
01-08 20:55:28.886 6109 6109 I chromium: AppRunning=1
01-08 20:55:28.886 6109 6109 I chromium: Cast.CecHdmiInputState.Active=1
01-08 20:55:28.886 6109 6109 I chromium: Cast.CecStandby.On=1
01-08 20:55:28.886 6109 6109 I chromium: Cast.Discovery.Mdns.Request.In=3
01-08 20:55:28.886 6109 6109 I chromium: Cast.Discovery.Mdns.Request.Namespace.In=3
01-08 20:55:28.886 6109 6109 I chromium: Cast.Discovery.Mdns.Response.Out=3
01-08 20:55:32.878 5473 5473 E tegra_memtrack_hal: failed to open /sys/kernel/debug/nvmap/handles_by_pid/5473: Permission denied
01-08 20:55:32.873 5473 5473 W m.netflix.ninja: type=1400 audit(0.0:227): avc: denied { read } for name="5473" dev="debugfs" ino=226436 scontext=u:r:untrusted_app:s0:c512,c768 tcontext=u:object_r:debugfs_nvmap:s0 tclass=file permissive=0
01-08 20:55:32.878 5473 5473 E tegra_memtrack_hal: failed to open /sys/kernel/debug/nvmap/handles_by_pid/5473: Permission denied
01-08 20:55:32.873 5473 5473 W m.netflix.ninja: type=1400 audit(0.0:228): avc: denied { read } for name="5473" dev="debugfs" ino=226436 scontext=u:r:untrusted_app:s0:c512,c768 tcontext=u:object_r:debugfs_nvmap:s0 tclass=file permissive=0
01-08 20:55:32.878 5473 5473 E tegra_memtrack_hal: failed to open /sys/kernel/debug/nvmap/handles_by_pid/5473: Permission denied
01-08 20:55:32.873 5473 5473 W m.netflix.ninja: type=1400 audit(0.0:229): avc: denied { read } for name="5473" dev="debugfs" ino=226436 scontext=u:r:untrusted_app:s0:c512,c768 tcontext=u:object_r:debugfs_nvmap:s0 tclass=file permissive=0
01-08 20:55:32.878 5473 5473 E tegra_memtrack_hal: failed to open /sys/kernel/debug/nvmap/handles_by_pid/5473: Permission denied
01-08 20:55:32.878 5473 5473 E tegra_memtrack_hal: failed to open /sys/kernel/debug/nvmap/handles_by_pid/5473: Permission denied
01-08 20:55:32.873 5473 5473 W m.netflix.ninja: type=1400 audit(0.0:230): avc: denied { read } for name="5473" dev="debugfs" ino=226436 scontext=u:r:untrusted_app:s0:c512,c768 tcontext=u:object_r:debugfs_nvmap:s0 tclass=file permissive=0
01-08 20:55:32.873 5473 5473 W m.netflix.ninja: type=1400 audit(0.0:231): avc: denied { read } for name="5473" dev="debugfs" ino=226436 scontext=u:r:untrusted_app:s0:c512,c768 tcontext=u:object_r:debugfs_nvmap:s0 tclass=file permissive=0
01-08 20:55:36.288 6109 6230 I chromium: [6109:6230:INFO:wifi_proximity.cc(209)] Request scan.
01-08 20:55:41.494 6109 6225 I chromium: [6109:6225:INFO:mdns_app_filter.cc(2437)] MdnsAppFilter: responses sent in 40 seconds: 2
01-08 20:55:52.820 6109 18717 I chromium: [6109:18717:INFO:ssdp_device.c(101)] SSDP packets sent for 30 seconds = 11
01-08 20:56:01.536 19327 19343 I Finsky : [137] com.google.android.finsky.bq.an.run(6): Stats for Executor: BlockingExecutor com.google.android.finsky.bq.ao@69e9c56[Running, pool size = 0, active threads = 0, queued tasks = 0, completed tasks = 6]
01-08 20:56:01.536 19327 19343 I Finsky : [137] com.google.android.finsky.bq.an.run(6): Stats for Executor: LightweightExecutor com.google.android.finsky.bq.ao@5aef4d7[Running, pool size = 3, active threads = 0, queued tasks = 0, completed tasks = 50]
01-08 20:56:01.824 19327 19343 I Finsky : [137] com.google.android.finsky.bq.an.run(6): Stats for Executor: bgExecutor com.google.android.finsky.bq.ao@f61f1c4[Running, pool size = 4, active threads = 0, queued tasks = 0, completed tasks = 8]
01-08 20:56:01.824 19327 19343 I Finsky : [137] com.google.android.finsky.bq.an.run(6): Stats for Executor: SimChangeExecutor com.google.android.finsky.bq.ao@5f5d8ad[Running, pool size = 0, active threads = 0, queued tasks = 0, completed tasks = 0]
01-08 20:56:01.960 19327 19343 I Finsky : [137] com.google.android.finsky.bq.an.run(6): Stats for Executor: Db-xternal_referrer_status.db com.google.android.finsky.bq.ao@48027e2[Running, pool size = 0, active threads = 0, queued tasks = 0, completed tasks = 0]
01-08 20:56:01.960 19327 19343 I Finsky : [137] com.google.android.finsky.bq.an.run(6): Stats for Executor: Db-split_install_service com.google.android.finsky.bq.ao@1840773[Running, pool size = 0, active threads = 0, queued tasks = 0, completed tasks = 1]
01-08 20:56:01.960 19327 19343 I Finsky : [137] com.google.android.finsky.bq.an.run(6): Stats for Executor: SplitInstallBackgroundThread com.google.android.finsky.bq.ao@56e6630[Running, pool size = 0, active threads = 0, queued tasks = 0, completed tasks = 0]
01-08 20:56:01.986 19327 19343 I Finsky : [137] com.google.android.finsky.bq.an.run(6): Stats for Executor: StorageAwareDownloadServiceManagerSpaceChecker com.google.android.finsky.bq.ao@c4452a9[Running, pool size = 0, active threads = 0, queued tasks = 0, completed tasks = 0]
01-08 20:56:02.134 19327 19343 I Finsky : [137] com.google.android.finsky.bq.an.run(6): Stats for Executor: Db-scheduler com.google.android.finsky.bq.ao@1fce02e[Running, pool size = 0, active threads = 0, queued tasks = 0, completed tasks = 7]
01-08 20:56:02.134 19327 19343 I Finsky : [137] com.google.android.finsky.bq.an.run(6): Stats for Executor: Db-scheduler_logging_store.db com.google.android.finsky.bq.ao@68da7cf[Running, pool size = 0, active threads = 0, queued tasks = 0, completed tasks = 2]
01-08 20:56:02.314 19327 19343 I Finsky : [137] com.google.android.finsky.bq.an.run(6): Stats for Executor: InstallBackgroundThread com.google.android.finsky.bq.ao@c8bb55c[Running, pool size = 0, active threads = 0, queued tasks = 0, completed tasks = 0]
01-08 20:56:02.314 19327 19343 I Finsky : [137] com.google.android.finsky.bq.an.run(6): Stats for Executor: Db-install_service com.google.android.finsky.bq.ao@9e67065[Running, pool size = 0, active threads = 0, queued tasks = 0, completed tasks = 0]
01-08 20:56:02.314 19327 19343 I Finsky : [137] com.google.android.finsky.bq.an.run(6): Stats for Executor: InstallBackgroundThread com.google.android.finsky.bq.ao@7ad13a[Running, pool size = 0, active threads = 0, queued tasks = 0, completed tasks = 0]
01-08 20:56:12.297 19327 19343 I Finsky : [137] com.google.android.finsky.bq.an.run(6): Stats for Executor: InstallQueueDatabaseManager com.google.android.finsky.bq.ao@ce6f1eb[Running, pool size = 0, active threads = 0, queued tasks = 0, completed tasks = 1]
01-08 20:56:28.886 6109 6109 I chromium: [6109:6109:INFO:metrics_recorder.cc(89)] Metrics stat: total=3
01-08 20:56:28.886 6109 6109 I chromium: Cast.Discovery.Mdns.Request.In=2
01-08 20:56:28.886 6109 6109 I chromium: Cast.Discovery.Mdns.Request.Namespace.In=2
01-08 20:56:28.886 6109 6109 I chromium: Cast.Discovery.Mdns.Response.Out=2
01-08 20:56:38.635 7168 7168 W ContextImpl: Calling a method in the system process without a qualified user: android.app.ContextImpl.startService:1479 android.content.ContextWrapper.startService:644 com.nvidia.app.messagingsdk.NvmoTopicsManager.sendRequest:139 com.nvidia.app.messagingsdk.NvmoTopicsManager.sendSubscribeRequest:130 com.nvidia.app.messagingsdk.NvmoTopicsManager.subscribe:58
01-08 20:56:38.637 4638 7156 I MessagingService: Run command ...
01-08 20:56:38.637 4638 7156 I MessagingService: Failed to subscribe: Messaging service is NOT ready !
01-08 20:56:38.637 4638 4638 I MessagingService: Handling message ...
01-08 20:56:38.638 7168 7168 W ContextImpl: Calling a method in the system process without a qualified user: android.app.ContextImpl.startService:1479 android.content.ContextWrapper.startService:644 com.nvidia.app.messagingsdk.NvmoTopicsManager.sendRequestCompleted:122 com.nvidia.app.messagingsdk.NvmoTopicsManager.-wrap0:0 com.nvidia.app.messagingsdk.NvmoTopicsManager$1.handleMessage:97
01-08 20:56:42.434 3876 4034 D bt_btif_scanner: btif_gatts_upstreams_evt: Unhandled event (26)
01-08 20:56:42.435 6109 6270 D BluetoothGattServer: onConnectionUpdated() - Device=00:04:4B:99:25:86 interval=20 latency=40 timeout=1000 status=0
01-08 20:56:42.435 4525 5425 D BluetoothGatt: onConnectionUpdated() - Device=00:04:4B:99:25:86 interval=20 latency=40 timeout=1000 status=0
01-08 20:56:42.435 4427 4441 D BluetoothGatt: onConnectionUpdated() - Device=00:04:4B:99:25:86 interval=20 latency=40 timeout=1000 status=0
01-08 20:56:43.000 6109 18717 I chromium: [6109:18717:INFO:ssdp_device.c(101)] SSDP packets sent for 50 seconds = 8
01-08 20:56:44.060 3778 3842 D WindowManager: handleComboKeys keyCode: 23, keyAction: 0
01-08 20:56:44.185 3778 3842 D WindowManager: handleComboKeys keyCode: 23, keyAction: 1
01-08 20:56:44.188 3778 4554 I ActivityManager: START u0 {act=android.intent.action.MAIN cat=[android.intent.category.LEANBACK_LAUNCHER] flg=0x10000000 pkg=org.xbmc.kodi cmp=org.xbmc.kodi/.Splash} from uid 10108
01-08 20:56:44.190 3427 3427 E powerHAL::common: Unknown power hint: 0x8
01-08 20:56:44.199 4743 4743 I AppLifecycleTracker: onActivityPaused:
01-08 20:56:44.203 3778 3828 I WindowManager: WindowState() - found Launcher @ mAppToken:AppWindowToken{92afe3b token=Token{1826c4b ActivityRecord{a88391a u0 org.xbmc.kodi/.Splash t2339}}}
01-08 20:56:44.207 3778 4685 I ActivityManager: Start proc 19685:org.xbmc.kodi/u0a97 for activity org.xbmc.kodi/.Splash
01-08 20:56:44.208 3426 3426 D hwcomposer: hwc_getActiveConfig: returning 0
01-08 20:56:44.209 19685 19685 I chatty : uid=10097(u0_a97) org.xbmc.kodi expire 32 lines
01-08 20:56:44.214 4743 7023 D ViewRootImpl: windowFocusChanged false com.google.android.tvlauncher
01-08 20:56:44.243 3778 19701 W NvAppProfileService: App Profiles: Enabled
01-08 20:56:44.255 4569 5314 I zygote64: Looking for service vendor.nvidia.hardware.power@1.0::IPower/default
01-08 20:56:44.256 4569 5314 I zygote64: Starting thread pool.
01-08 20:56:44.273 3778 3828 I WindowManager: B2026652 WAR. Hide the surface com.google.android.tvlauncher/com.google.android.tvlauncher.HomeScreen
01-08 20:56:44.290 3778 3828 I WindowManager: B2026652 WAR. Hide the surface com.google.android.tvlauncher/com.google.android.tvlauncher.HomeScreen
01-08 20:56:44.306 3778 4630 I ActivityManager: START u0 {act=android.intent.action.MAIN cat=[android.intent.category.LEANBACK_LAUNCHER] flg=0x11000000 pkg=org.xbmc.kodi cmp=org.xbmc.kodi/.Main} from uid 10097
01-08 20:56:44.307 3778 3828 I WindowManager: B2026652 WAR. Hide the surface com.google.android.tvlauncher/com.google.android.tvlauncher.HomeScreen
01-08 20:56:44.308 3427 3427 E powerHAL::common: Unknown power hint: 0x8
01-08 20:56:44.314 3778 3828 I WindowManager: WindowState() - found Launcher @ mAppToken:AppWindowToken{d0fd221 token=Token{8537e0f ActivityRecord{4f7276e u0 org.xbmc.kodi/.Main t2340}}}
01-08 20:56:44.336 3426 3426 D hwcomposer: hwc_getActiveConfig: returning 0
01-08 20:56:44.338 3778 3828 I WindowManager: B2026652 WAR. Hide the surface com.google.android.tvlauncher/com.google.android.tvlauncher.HomeScreen
01-08 20:56:44.343 3778 19704 W NvAppProfileService: App Profiles: Enabled
01-08 20:56:44.356 4569 5314 I zygote64: Looking for service vendor.nvidia.hardware.power@1.0::IPower/default
01-08 20:56:44.357 4569 5314 I zygote64: Starting thread pool.
01-08 20:56:44.524 19685 19705 I chatty : uid=10097(u0_a97) org.xbmc.kodi expire 11 lines
01-08 20:56:44.538 3778 4630 D MediaSessionService: Media button session is changed to org.xbmc.kodi/XBMC_session (userId=0)
01-08 20:56:44.539 3876 3876 V Avrcp : Set active media session org.xbmc.kodi
01-08 20:56:44.539 5214 5214 D DeviceControlManagerService: no active session
01-08 20:56:44.539 4763 4763 D NowPlayingListener: onActiveSessionsChanged() called with: controllers = [[]]
01-08 20:56:44.539 4763 4763 D NowPlayingListener: updateMediaSessionCallback: null
01-08 20:56:44.539 4763 4763 D NowPlayingManager: onClientChanged() called with: clearing = [true]
01-08 20:56:44.539 3876 3876 W Avrcp : playState object null, sending STOPPED
01-08 20:56:44.539 3876 3876 V Avrcp : isBrowseSupported for org.xbmc.kodi: false
01-08 20:56:44.539 3876 3876 D Avrcp : update #10:MediaPlayerInfo org.xbmc.kodi (as 'Kodi') Type = 1, SubType = 0, Status = 0 Feature Bits [40 41 42 44 45 47 48 58] Controller: MediaController (org.xbmc.kodi@ec951c5) null
01-08 20:56:44.539 3876 3876 V Avrcp : updateNewIds: Addressed:10 to 10, Browse:0 to 0
01-08 20:56:44.539 3876 3876 D Avrcp : updateCurrentController: null to MediaController (org.xbmc.kodi@ec951c5) null
01-08 20:56:44.540 3778 3828 I chatty : uid=1000(system) android.anim identical 12 lines
01-08 20:56:44.541 3876 3876 I AddressedMediaPlayer: null queue from org.xbmc.kodi, constructing single-item list
01-08 20:56:44.541 3876 3876 W AddressedMediaPlayer: Controller has no metadata!? Making an empty one
01-08 20:56:44.541 3876 3876 E bt_btif : register_notification_rsp: Avrcp device is not connected, handle: 0x0
01-08 20:56:44.541 3876 3876 E bt_btif : register_notification_rsp: Avrcp device is not connected, handle: 0x0
01-08 20:56:44.541 3876 3876 V Avrcp : Player 10 package: org.xbmc.kodi
01-08 20:56:44.555 19685 19710 I chatty : uid=10097(u0_a97) org.xbmc.kodi expire 7 lines
01-08 20:56:44.557 3778 3828 I WindowManager: B2026652 WAR. Hide the surface com.google.android.tvlauncher/com.google.android.tvlauncher.HomeScreen
01-08 20:56:44.559 3778 4554 I WindowManager: WindowState() - found Launcher @ mAppToken:AppWindowToken{d0fd221 token=Token{8537e0f ActivityRecord{4f7276e u0 org.xbmc.kodi/.Main t2340}}}
01-08 20:56:44.568 3426 3426 D hwcomposer: hwc_getActiveConfig: returning 0
01-08 20:56:44.575 3778 3828 I WindowManager: B2026652 WAR. Hide the surface com.google.android.tvlauncher/com.google.android.tvlauncher.HomeScreen
01-08 20:56:44.575 19685 19699 I chatty : uid=10097(u0_a97) org.xbmc.kodi expire 1 line
01-08 20:56:44.580 3426 3426 D hwcomposer: hwc_getActiveConfig: returning 0
01-08 20:56:44.580 3426 3426 D hwcomposer: hwc_getActiveConfig: returning 0
01-08 20:56:44.591 19685 19707 I chatty : uid=10097(u0_a97) org.xbmc.kodi expire 119 lines
01-08 20:56:44.635 19685 19711 I chatty : uid=10097(u0_a97) org.xbmc.kodi expire 1 line
01-08 20:56:44.641 3778 3828 I chatty : uid=1000(system) android.anim identical 4 lines
01-08 20:56:44.652 4622 4622 D ControllerMapper_S: Client: org.xbmc.kodi registered
01-08 20:56:44.652 4622 4622 D ControllerMapper_S: notifyAppName org.xbmc.kodi old :com.google.android.tvlauncher
01-08 20:56:44.652 4622 4622 D ControllerMapper_S: GameGuide org.xbmc.kodi is not in whitelist, ----> hide
01-08 20:56:44.652 4622 4622 D ControllerMapper_S: GameGuide org.xbmc.kodi is not in whitelist, ----> hide
01-08 20:56:44.657 3778 3828 I WindowManager: B2026652 WAR. Hide the surface com.google.android.tvlauncher/com.google.android.tvlauncher.HomeScreen
01-08 20:56:44.674 4622 4622 D ControllerMapper_S: same binder for org.xbmc.kodi skipping
01-08 20:56:44.674 4622 4622 D ControllerMapper_S: notifyAppName org.xbmc.kodi old :org.xbmc.kodi
01-08 20:56:44.678 3778 3800 I ActivityManager: Displayed org.xbmc.kodi/.Main: +335ms (total +476ms)
01-08 20:56:44.688 3427 3427 E powerHAL::common: Unknown power hint: 0x8
01-08 20:56:44.766 3490 18587 I APM_AudioPolicyManager: getOutputForAttr() device 0x400, samplingRate 48000, format 5, channelMask 3, flags 0
01-08 20:56:44.767 19685 19718 I chatty : uid=10097(u0_a97) org.xbmc.kodi expire 25 lines
01-08 20:56:44.770 3490 19609 I APM_AudioPolicyManager: getOutputForAttr() device 0x400, samplingRate 48000, format 5, channelMask 63f, flags 0
01-08 20:56:44.772 3414 3414 W /system/bin/hw/android.hidl.allocator@1.0-service: ashmem_create_region(4096) returning hidl_memory(0x2843c39310, 4096)
01-08 20:56:44.773 3414 3414 W /system/bin/hw/android.hidl.allocator@1.0-service: ashmem_create_region(1024) returning hidl_memory(0x2843c39310, 1024)
01-08 20:56:44.779 3490 19609 I APM_AudioPolicyManager: getOutputForAttr() device 0x400, samplingRate 48000, format 9000000, channelMask 3, flags 1
01-08 20:56:44.779 3490 19609 I AudioFlinger: openOutput() this 0x512bd000, module 10 Device 400, SamplingRate 48000, Format 0x9000000, Channels 3, flags 1
01-08 20:56:44.779 3415 3606 W DeviceHAL: Device 0x448e4000 open_output_stream: Unknown error -22
01-08 20:56:44.779 3490 19609 I AudioHwDevice: openOutputStream(), HAL returned sampleRate 48000, Format 0x9000000, channelMask 0x3, status -61
01-08 20:56:44.779 3490 19609 I AudioSPDIF: SPDIFEncoder: mBurstBufferSizeBytes = 24576, littleEndian = 1
01-08 20:56:44.779 3490 19609 I AudioFlinger: SpdifStreamOut::open() AudioFlinger requested sampleRate 48000, format 0x9000000, channelMask 0x3
01-08 20:56:44.779 3490 19609 I AudioFlinger: SpdifStreamOut::open() HAL configured for sampleRate 48000, format 0x1, channelMask 0x3
01-08 20:56:44.780 3490 19609 I AudioFlinger: SpdifStreamOut::open() status = 0
01-08 20:56:44.780 3490 19609 I AudioFlinger: HAL output buffer size 4096 frames, normal sink buffer size 4096 frames
01-08 20:56:44.780 3490 19725 I AudioFlinger: AudioFlinger's thread 0x53dfc000 tid=19725 ready to run
01-08 20:56:44.785 3490 19609 I APM_AudioPolicyManager: getOutputForAttr() device 0x400, samplingRate 48000, format a000000, channelMask 3, flags 1
01-08 20:56:44.785 3490 19609 W APM_AudioPolicyManager: getOutput() could not find output for stream 3, samplingRate 48000,format 167772160, channels 3, flags 1
01-08 20:56:44.787 3490 19609 I APM_AudioPolicyManager: getOutputForAttr() device 0x400, samplingRate 48000, format b000000, channelMask 3, flags 1
01-08 20:56:44.787 3490 19609 I AudioFlinger: openOutput() this 0x512bd000, module 10 Device 400, SamplingRate 48000, Format 0xb000000, Channels 3, flags 1
01-08 20:56:44.787 3415 3606 W DeviceHAL: Device 0x448e4000 open_output_stream: Unknown error -22
01-08 20:56:44.787 3490 19609 I AudioHwDevice: openOutputStream(), HAL returned sampleRate 48000, Format 0xb000000, channelMask 0x3, status -61
01-08 20:56:44.787 3490 19609 I AudioSPDIF: SPDIFEncoder: mBurstBufferSizeBytes = 16384, littleEndian = 1
01-08 20:56:44.788 3490 19609 I AudioFlinger: SpdifStreamOut::open() AudioFlinger requested sampleRate 48000, format 0xb000000, channelMask 0x3
01-08 20:56:44.788 3490 19609 I AudioFlinger: SpdifStreamOut::open() HAL configured for sampleRate 48000, format 0x1, channelMask 0x3
01-08 20:56:44.788 3490 19609 I AudioFlinger: SpdifStreamOut::open() status = 0
01-08 20:56:44.788 3490 19609 I AudioFlinger: HAL output buffer size 8192 frames, normal sink buffer size 8192 frames
01-08 20:56:44.788 3490 19729 I AudioFlinger: AudioFlinger's thread 0x53dfe000 tid=19729 ready to run
01-08 20:56:44.796 4743 4743 I AppLifecycleTracker: onActivitySaveInstanceState:
01-08 20:56:44.797 3490 19609 I APM_AudioPolicyManager: getOutputForAttr() device 0x400, samplingRate 48000, format c000000, channelMask 63f, flags 1
01-08 20:56:44.797 3490 19609 W APM_AudioPolicyManager: try with DTS for DTS-HD format = 0xc000000
01-08 20:56:44.797 3490 19609 I AudioFlinger: openOutput() this 0x512bd000, module 10 Device 400, SamplingRate 48000, Format 0xc000000, Channels 63f, flags 1
01-08 20:56:44.797 3415 3606 W nvaudio_hw: Sink does not support multichannel: 8 ch
01-08 20:56:44.797 3415 3606 W DeviceHAL: Device 0x448e4000 open_output_stream: Invalid argument
01-08 20:56:44.797 3490 19609 I AudioHwDevice: openOutputStream(), HAL returned sampleRate 48000, Format 0xb000000, channelMask 0x63f, status -22
01-08 20:56:44.797 3490 19609 I AudioHwDevice: format changed from DTS HD to DTS
01-08 20:56:44.797 3490 19609 I AudioSPDIF: SPDIFEncoder: mBurstBufferSizeBytes = 16384, littleEndian = 1
01-08 20:56:44.797 3490 19609 I AudioFlinger: SpdifStreamOut::open() AudioFlinger requested sampleRate 48000, format 0xb000000, channelMask 0x63f
01-08 20:56:44.797 3490 19609 I AudioFlinger: SpdifStreamOut::open() HAL configured for sampleRate 48000, format 0x1, channelMask 0x3
01-08 20:56:44.798 3490 19609 I AudioFlinger: SpdifStreamOut::open() status = 0
01-08 20:56:44.798 3490 19609 I AudioFlinger: HAL output buffer size 32768 frames, normal sink buffer size 32768 frames
01-08 20:56:44.798 3490 19732 I AudioFlinger: AudioFlinger's thread 0x53f3c000 tid=19732 ready to run
01-08 20:56:44.799 4743 4743 I AppLifecycleTracker: onActivityStopped:
01-08 20:56:44.804 3490 8611 I APM_AudioPolicyManager: getOutputForAttr() device 0x400, samplingRate 48000, format e000000, channelMask 63f, flags 1
01-08 20:56:44.804 3490 8611 W APM_AudioPolicyManager: getOutput() could not find output for stream 3, samplingRate 48000,format 234881024, channels 63f, flags 1
01-08 20:56:44.805 3490 8611 I APM_AudioPolicyManager: getOutputForAttr() device 0x400, samplingRate 48000, format d000000, channelMask 3, flags 1
01-08 20:56:44.805 3490 8611 I AudioFlinger: openOutput() this 0x512bd000, module 10 Device 400, SamplingRate 48000, Format 0xd000000, Channels 3, flags 1
01-08 20:56:44.806 3490 8611 I AudioFlinger: HAL output buffer size 1024 frames, normal sink buffer size 1024 frames
01-08 20:56:44.806 3490 19737 I AudioFlinger: AudioFlinger's thread 0x52542000 tid=19737 ready to run
01-08 20:56:44.815 3490 12077 I APM_AudioPolicyManager: getOutputForAttr() device 0x400, samplingRate 192000, format d000000, channelMask 63f, flags 1
01-08 20:56:44.815 3490 12077 I AudioFlinger: openOutput() this 0x512bd000, module 10 Device 400, SamplingRate 192000, Format 0xd000000, Channels 63f, flags 1
01-08 20:56:44.815 3490 12077 I AudioFlinger: HAL output buffer size 2048 frames, normal sink buffer size 2048 frames
01-08 20:56:44.816 3490 19740 I AudioFlinger: AudioFlinger's thread 0x53e0e000 tid=19740 ready to run
01-08 20:56:44.822 19685 19719 I chatty : uid=10097(u0_a97) org.xbmc.kodi expire 5 lines
01-08 20:56:44.824 3490 19609 I APM_AudioPolicyManager: getOutputForAttr() device 0x400, samplingRate 44100, format 5, channelMask 3, flags 0
01-08 20:56:44.833 4427 4444 I ShieldBluetoothScanPolicy: Scans disallowed due to PACKAGE POLL
01-08 20:56:44.834 4427 4444 D BluetoothAdapter: isLeEnabled(): ON
01-08 20:56:44.843 3876 4034 D BluetoothAdapterProperties: Discoverable Timeout:-1
01-08 20:56:44.844 3876 4034 D BluetoothAdapterProperties: Scan Mode:21
01-08 20:56:44.933 19685 19707 I chatty : uid=10097(u0_a97) org.xbmc.kodi expire 42 lines
01-08 20:56:44.946 3778 3842 I InputReader: Reconfiguring input devices. changes=0x00000004
01-08 20:56:45.244 19685 19742 I chatty : uid=10097(u0_a97) org.xbmc.kodi expire 11 lines
01-08 20:56:45.540 3876 4344 V Avrcp : MSG_UPDATE_MEDIA
01-08 20:56:45.540 3876 4344 V Avrcp : updatePlaybackState (1): -1➡2(PlaybackState {state=2, position=-1, buffered position=0, speed=0.0, updated=11761839, actions=0, custom actions=[], active item id=-1, error=null})
01-08 20:56:45.540 3876 4344 V Avrcp : Media update: id -1➡-1? [MediaAttributes: none]
01-08 20:56:45.541 3876 4344 D Avrcp : sendPlayPosNotificationRsp: Not registered or requesting.
01-08 20:56:45.924 3778 3859 D NsdService: New client listening to asynchronous messages
01-08 20:56:45.925 3778 3859 D NsdService: New client, channel: com.android.internal.util.AsyncChannel@8bad9f5 messenger: android.os.Messenger@e75a38a
01-08 20:56:45.929 19685 19751 I chatty : uid=10097(u0_a97) org.xbmc.kodi expire 5 lines
01-08 20:56:45.935 3778 3859 D NsdService: Register service
01-08 20:56:45.935 3778 3859 D NsdService: registerService: 18 name: Kodi (8635f1b2-aa71-88e7-6086-a23eff3ea8ce.fritz.box), type: _xbmc-jsonrpc._tcp, host: /127.0.0.1, port: 9090, txtRecord: txtvers=1)uuid=43554d88-949d-4192-8cec-16cba2d23c4c
01-08 20:56:45.938 3778 3859 D NsdService: Register 1 18
01-08 20:56:45.938 3778 3859 D NsdService: Register service
01-08 20:56:45.938 3778 3859 D NsdService: registerService: 19 name: Kodi (8635f1b2-aa71-88e7-6086-a23eff3ea8ce.fritz.box), type: _xbmc-events._udp, host: /127.0.0.1, port: 9777, txtRecord:
01-08 20:56:45.938 3778 3859 D NsdService: Register 2 19
01-08 20:56:45.944 19685 19690 I chatty : uid=10097(u0_a97) org.xbmc.kodi expire 3 lines
01-08 20:56:47.027 3501 6281 I DrmHal : makeDrmFactories: factory instance default is Not Remote
01-08 20:56:47.028 3501 6281 I WVCdm : CdmEngine::OpenSession
01-08 20:56:47.028 3501 6281 D WVCdm : CryptoSession::Open: Lock: requested_security_level: Default
01-08 20:56:47.028 3501 6281 E oemcrypto_cenc: OEMCrypto_APIVersion: 11
01-08 20:56:47.031 3501 6281 I WVCdm : CdmEngine::QueryOemCryptoSessionId
01-08 20:56:47.032 3501 6281 I WVCdm : CdmEngine::QueryStatus
01-08 20:56:47.034 3501 6281 I WVCdm : CdmEngine::RestoreKey
01-08 20:56:48.910 3778 3842 D WindowManager: handleComboKeys keyCode: 19, keyAction: 0
01-08 20:56:48.916 19685 19705 I chatty : uid=10097(u0_a97) org.xbmc.kodi expire 24 lines
01-08 20:56:49.035 3778 3842 D WindowManager: handleComboKeys keyCode: 19, keyAction: 1
01-08 20:56:49.385 3778 3842 D WindowManager: handleComboKeys keyCode: 22, keyAction: 0
01-08 20:56:49.510 3778 3842 D WindowManager: handleComboKeys keyCode: 22, keyAction: 1
01-08 20:56:49.785 3778 3842 D WindowManager: handleComboKeys keyCode: 23, keyAction: 0
01-08 20:56:49.935 3778 3842 D WindowManager: handleComboKeys keyCode: 23, keyAction: 1
01-08 20:56:53.735 3778 3842 D WindowManager: handleComboKeys keyCode: 20, keyAction: 0
01-08 20:56:53.860 3778 3842 D WindowManager: handleComboKeys keyCode: 20, keyAction: 1
01-08 20:56:53.960 3778 3842 D WindowManager: handleComboKeys keyCode: 20, keyAction: 0
01-08 20:56:54.086 3778 3842 D WindowManager: handleComboKeys keyCode: 20, keyAction: 1
01-08 20:56:54.535 3778 3842 D WindowManager: handleComboKeys keyCode: 21, keyAction: 0
01-08 20:56:54.535 3778 3842 D WindowManager: isOnHomeScreen mLastTopComponent: null, componentName: ComponentInfo{org.xbmc.kodi/org.xbmc.kodi.Main}
01-08 20:56:54.536 3778 3842 D WindowManager: handleComboKeys isOnHomeScreen: false
01-08 20:56:54.545 19685 19685 I chatty : uid=10097(u0_a97) org.xbmc.kodi expire 10 lines
01-08 20:56:54.660 3778 3842 D WindowManager: handleComboKeys keyCode: 21, keyAction: 1
01-08 20:56:54.660 3778 3842 D WindowManager: isOnHomeScreen mLastTopComponent: null, componentName: ComponentInfo{org.xbmc.kodi/org.xbmc.kodi.Main}
01-08 20:56:54.660 3778 3842 D WindowManager: handleComboKeys isOnHomeScreen: false
01-08 20:56:54.736 3778 3842 D WindowManager: handleComboKeys keyCode: 21, keyAction: 0
01-08 20:56:54.736 3778 3842 D WindowManager: isOnHomeScreen mLastTopComponent: null, componentName: ComponentInfo{org.xbmc.kodi/org.xbmc.kodi.Main}
01-08 20:56:54.737 3778 3842 D WindowManager: handleComboKeys isOnHomeScreen: false
01-08 20:56:54.835 3778 3842 D WindowManager: handleComboKeys keyCode: 21, keyAction: 1
01-08 20:56:54.835 3778 3842 D WindowManager: isOnHomeScreen mLastTopComponent: null, componentName: ComponentInfo{org.xbmc.kodi/org.xbmc.kodi.Main}
01-08 20:56:54.836 3778 3842 D WindowManager: handleComboKeys isOnHomeScreen: false
01-08 20:56:55.460 3778 3842 D WindowManager: handleComboKeys keyCode: 22, keyAction: 0
01-08 20:56:55.635 3778 3842 D WindowManager: handleComboKeys keyCode: 22, keyAction: 1
01-08 20:56:56.110 3778 3842 D WindowManager: handleComboKeys keyCode: 23, keyAction: 0
01-08 20:56:56.235 3778 3842 D WindowManager: handleComboKeys keyCode: 23, keyAction: 1
01-08 20:56:57.160 3778 3842 D WindowManager: handleComboKeys keyCode: 19, keyAction: 0
01-08 20:56:57.310 3778 3842 D WindowManager: handleComboKeys keyCode: 19, keyAction: 1
01-08 20:56:57.760 3778 3842 D WindowManager: handleComboKeys keyCode: 22, keyAction: 0
01-08 20:56:57.910 3778 3842 D WindowManager: handleComboKeys keyCode: 22, keyAction: 1
01-08 20:56:58.235 3778 3842 D WindowManager: handleComboKeys keyCode: 23, keyAction: 0
01-08 20:56:58.360 3778 3842 D WindowManager: handleComboKeys keyCode: 23, keyAction: 1
01-08 20:56:58.423 19685 19707 I chatty : uid=10097(u0_a97) org.xbmc.kodi expire 34 lines
01-08 20:57:01.573 19327 19343 I Finsky : [137] com.google.android.finsky.bq.an.run(6): Stats for Executor: BlockingExecutor com.google.android.finsky.bq.ao@69e9c56[Running, pool size = 0, active threads = 0, queued tasks = 0, completed tasks = 6]
01-08 20:57:01.573 19327 19343 I Finsky : [137] com.google.android.finsky.bq.an.run(6): Stats for Executor: LightweightExecutor com.google.android.finsky.bq.ao@5aef4d7[Running, pool size = 3, active threads = 0, queued tasks = 0, completed tasks = 50]
01-08 20:57:01.861 19327 19343 I Finsky : [137] com.google.android.finsky.bq.an.run(6): Stats for Executor: bgExecutor com.google.android.finsky.bq.ao@f61f1c4[Running, pool size = 4, active threads = 0, queued tasks = 0, completed tasks = 8]
01-08 20:57:01.861 19327 19343 I Finsky : [137] com.google.android.finsky.bq.an.run(6): Stats for Executor: SimChangeExecutor com.google.android.finsky.bq.ao@5f5d8ad[Running, pool size = 0, active threads = 0, queued tasks = 0, completed tasks = 0]
01-08 20:57:01.993 19327 19343 I Finsky : [137] com.google.android.finsky.bq.an.run(6): Stats for Executor: Db-xternal_referrer_status.db com.google.android.finsky.bq.ao@48027e2[Running, pool size = 0, active threads = 0, queued tasks = 0, completed tasks = 0]
01-08 20:57:01.993 19327 19343 I Finsky : [137] com.google.android.finsky.bq.an.run(6): Stats for Executor: Db-split_install_service com.google.android.finsky.bq.ao@1840773[Running, pool size = 0, active threads = 0, queued tasks = 0, completed tasks = 1]
01-08 20:57:01.993 19327 19343 I Finsky : [137] com.google.android.finsky.bq.an.run(6): Stats for Executor: SplitInstallBackgroundThread com.google.android.finsky.bq.ao@56e6630[Running, pool size = 0, active threads = 0, queued tasks = 0, completed tasks = 0]
01-08 20:57:01.993 19327 19343 I Finsky : [137] com.google.android.finsky.bq.an.run(6): Stats for Executor: StorageAwareDownloadServiceManagerSpaceChecker com.google.android.finsky.bq.ao@c4452a9[Running, pool size = 0, active threads = 0, queued tasks = 0, completed tasks = 0]
01-08 20:57:02.006 3778 3859 D NsdService: Native daemon message SERVICE_REGISTERED: 606 18 "Kodi (8635f1b2-aa71-88e7-6086-a23eff3ea8ce.fritz.box)"
01-08 20:57:02.007 19685 19750 I chatty : uid=10097(u0_a97) org.xbmc.kodi expire 3 lines
01-08 20:57:02.167 19327 19343 I Finsky : [137] com.google.android.finsky.bq.an.run(6): Stats for Executor: Db-scheduler com.google.android.finsky.bq.ao@1fce02e[Running, pool size = 0, active threads = 0, queued tasks = 0, completed tasks = 7]
