12-11 23:13:20.197 289 2107 E PlayReadyCryptPlugin: decrypt,462 : Drm_Reader_Decrypt() failed! dr = 0x80004005
12-11 23:13:20.219 289 2107 E PlayReadyCryptPlugin: decrypt,462 : Drm_Reader_Decrypt() failed! dr = 0x80004005
12-11 23:13:20.230 289 2107 D MTKTEEClient: MTKTEEClient::SelectKey
12-11 23:13:20.230 289 2107 D MTK_MODULAR_DRM_Crypto: [MTK_MODULAR_DRM_Crypto_SelectKey] Enter..., key_id_length:13.
12-11 23:13:20.231 289 2107 D MTK_MODULAR_DRM_Crypto: [MTK_MODULAR_DRM_Crypto_SelectKey] Success.
12-11 23:13:20.231 289 2107 D MTKTEEClient: MTKTEEClient::Generic_Verify
12-11 23:13:20.231 289 2107 D OEMCryptoCENC: OEMCrypto_Generic_Verify result = 0x0
12-11 23:13:20.237 289 2107 D MTKTEEClient: MTKTEEClient::SelectKey
12-11 23:13:20.237 289 2107 D MTK_MODULAR_DRM_Crypto: [MTK_MODULAR_DRM_Crypto_SelectKey] Enter..., key_id_length:13.
12-11 23:13:20.237 289 2107 D MTK_MODULAR_DRM_Crypto: [MTK_MODULAR_DRM_Crypto_SelectKey] Success.
12-11 23:13:20.237 289 2107 D MTKTEEClient: MTKTEEClient::Generic_Decrypt
12-11 23:13:20.247 289 2107 E PlayReadyCryptPlugin: decrypt,462 : Drm_Reader_Decrypt() failed! dr = 0x80004005
12-11 23:13:20.266 289 20481 D MTKTEEClient: MTKTEEClient::SelectKey
12-11 23:13:20.266 289 20481 D MTK_MODULAR_DRM_Crypto: [MTK_MODULAR_DRM_Crypto_SelectKey] Enter..., key_id_length:13.
12-11 23:13:20.266 289 20481 D MTK_MODULAR_DRM_Crypto: [MTK_MODULAR_DRM_Crypto_SelectKey] Success.
12-11 23:13:20.267 289 20481 D MTKTEEClient: MTKTEEClient::Generic_Verify
12-11 23:13:20.267 289 20481 D OEMCryptoCENC: OEMCrypto_Generic_Verify result = 0x0
12-11 23:13:20.271 289 20481 D MTKTEEClient: MTKTEEClient::SelectKey
12-11 23:13:20.271 289 20481 D MTK_MODULAR_DRM_Crypto: [MTK_MODULAR_DRM_Crypto_SelectKey] Enter..., key_id_length:13.
12-11 23:13:20.271 289 2107 E PlayReadyCryptPlugin: decrypt,462 : Drm_Reader_Decrypt() failed! dr = 0x80004005
12-11 23:13:20.271 289 20481 D MTK_MODULAR_DRM_Crypto: [MTK_MODULAR_DRM_Crypto_SelectKey] Success.
12-11 23:13:20.271 289 20481 D MTKTEEClient: MTKTEEClient::Generic_Decrypt
12-11 23:13:20.293 289 2107 E PlayReadyCryptPlugin: decrypt,462 : Drm_Reader_Decrypt() failed! dr = 0x80004005
12-11 23:13:20.313 289 2107 E PlayReadyCryptPlugin: decrypt,462 : Drm_Reader_Decrypt() failed! dr = 0x80004005
12-11 23:13:20.332 289 2107 E PlayReadyCryptPlugin: decrypt,462 : Drm_Reader_Decrypt() failed! dr = 0x80004005
12-11 23:13:20.352 289 2107 E PlayReadyCryptPlugin: decrypt,462 : Drm_Reader_Decrypt() failed! dr = 0x80004005
12-11 23:13:20.372 289 2107 E PlayReadyCryptPlugin: decrypt,462 : Drm_Reader_Decrypt() failed! dr = 0x80004005
12-11 23:13:20.395 289 2107 E PlayReadyCryptPlugin: decrypt,462 : Drm_Reader_Decrypt() failed! dr = 0x80004005
12-11 23:13:20.420 289 2107 E PlayReadyCryptPlugin: decrypt,462 : Drm_Reader_Decrypt() failed! dr = 0x80004005
12-11 23:13:20.443 289 2107 E PlayReadyCryptPlugin: decrypt,462 : Drm_Reader_Decrypt() failed! dr = 0x80004005
12-11 23:13:20.457 683 844 V Avrcp : MediaController playback changed: PlaybackState {state=3, position=22158, buffered position=0, speed=1.0, updated=108988495, actions=-1, custom actions=[], active item id=-1, error=null}
12-11 23:13:20.465 289 2107 E PlayReadyCryptPlugin: decrypt,462 : Drm_Reader_Decrypt() failed! dr = 0x80004005
12-11 23:13:20.488 289 2107 E PlayReadyCryptPlugin: decrypt,462 : Drm_Reader_Decrypt() failed! dr = 0x80004005
12-11 23:13:20.510 289 2107 E PlayReadyCryptPlugin: decrypt,462 : Drm_Reader_Decrypt() failed! dr = 0x80004005
12-11 23:13:20.532 289 2107 E PlayReadyCryptPlugin: decrypt,462 : Drm_Reader_Decrypt() failed! dr = 0x80004005
12-11 23:13:20.554 289 2107 E PlayReadyCryptPlugin: decrypt,462 : Drm_Reader_Decrypt() failed! dr = 0x80004005
12-11 23:13:20.576 289 2107 E PlayReadyCryptPlugin: decrypt,462 : Drm_Reader_Decrypt() failed! dr = 0x80004005
12-11 23:13:20.598 289 2107 E PlayReadyCryptPlugin: decrypt,462 : Drm_Reader_Decrypt() failed! dr = 0x80004005
12-11 23:13:20.620 289 2107 E PlayReadyCryptPlugin: decrypt,462 : Drm_Reader_Decrypt() failed! dr = 0x80004005
12-11 23:13:20.642 289 2107 E PlayReadyCryptPlugin: decrypt,462 : Drm_Reader_Decrypt() failed! dr = 0x80004005
12-11 23:13:20.667 289 2107 E PlayReadyCryptPlugin: decrypt,462 : Drm_Reader_Decrypt() failed! dr = 0x80004005
12-11 23:13:20.691 289 2107 E PlayReadyCryptPlugin: decrypt,462 : Drm_Reader_Decrypt() failed! dr = 0x80004005
12-11 23:13:20.713 289 2107 E PlayReadyCryptPlugin: decrypt,462 : Drm_Reader_Decrypt() failed! dr = 0x80004005
12-11 23:13:20.736 289 2107 E PlayReadyCryptPlugin: decrypt,462 : Drm_Reader_Decrypt() failed! dr = 0x80004005
12-11 23:13:20.758 289 2107 E PlayReadyCryptPlugin: decrypt,462 : Drm_Reader_Decrypt() failed! dr = 0x80004005
12-11 23:13:20.779 289 2107 E PlayReadyCryptPlugin: decrypt,462 : Drm_Reader_Decrypt() failed! dr = 0x80004005
12-11 23:13:20.802 289 2107 E PlayReadyCryptPlugin: decrypt,462 : Drm_Reader_Decrypt() failed! dr = 0x80004005
12-11 23:13:20.824 289 2107 E PlayReadyCryptPlugin: decrypt,462 : Drm_Reader_Decrypt() failed! dr = 0x80004005
12-11 23:13:20.845 289 2107 E PlayReadyCryptPlugin: decrypt,462 : Drm_Reader_Decrypt() failed! dr = 0x80004005
12-11 23:13:20.866 289 2107 E PlayReadyCryptPlugin: decrypt,462 : Drm_Reader_Decrypt() failed! dr = 0x80004005
12-11 23:13:20.891 289 2107 E PlayReadyCryptPlugin: decrypt,462 : Drm_Reader_Decrypt() failed! dr = 0x80004005
12-11 23:13:20.911 289 2107 E PlayReadyCryptPlugin: decrypt,462 : Drm_Reader_Decrypt() failed! dr = 0x80004005
12-11 23:13:20.930 289 2107 E PlayReadyCryptPlugin: decrypt,462 : Drm_Reader_Decrypt() failed! dr = 0x80004005
12-11 23:13:20.949 289 2107 E PlayReadyCryptPlugin: decrypt,462 : Drm_Reader_Decrypt() failed! dr = 0x80004005
12-11 23:13:20.964 683 844 V Avrcp : MediaController playback changed: PlaybackState {state=3, position=22767, buffered position=0, speed=1.0, updated=108989002, actions=-1, custom actions=[], active item id=-1, error=null}
12-11 23:13:20.969 289 2107 E PlayReadyCryptPlugin: decrypt,462 : Drm_Reader_Decrypt() failed! dr = 0x80004005
12-11 23:13:20.990 289 2107 E PlayReadyCryptPlugin: decrypt,462 : Drm_Reader_Decrypt() failed! dr = 0x80004005
12-11 23:13:21.010 289 2107 E PlayReadyCryptPlugin: decrypt,462 : Drm_Reader_Decrypt() failed! dr = 0x80004005
12-11 23:13:21.030 289 2107 E PlayReadyCryptPlugin: decrypt,462 : Drm_Reader_Decrypt() failed! dr = 0x80004005
12-11 23:13:21.051 289 2107 E PlayReadyCryptPlugin: decrypt,462 : Drm_Reader_Decrypt() failed! dr = 0x80004005
12-11 23:13:21.075 289 2107 E PlayReadyCryptPlugin: decrypt,462 : Drm_Reader_Decrypt() failed! dr = 0x80004005
12-11 23:13:21.095 289 2107 E PlayReadyCryptPlugin: decrypt,462 : Drm_Reader_Decrypt() failed! dr = 0x80004005
12-11 23:13:21.115 289 2107 E PlayReadyCryptPlugin: decrypt,462 : Drm_Reader_Decrypt() failed! dr = 0x80004005
12-11 23:13:21.135 289 2107 E PlayReadyCryptPlugin: decrypt,462 : Drm_Reader_Decrypt() failed! dr = 0x80004005
12-11 23:13:21.156 289 2107 E PlayReadyCryptPlugin: decrypt,462 : Drm_Reader_Decrypt() failed! dr = 0x80004005
12-11 23:13:21.176 289 2107 E PlayReadyCryptPlugin: decrypt,462 : Drm_Reader_Decrypt() failed! dr = 0x80004005
12-11 23:13:21.197 289 2107 E PlayReadyCryptPlugin: decrypt,462 : Drm_Reader_Decrypt() failed! dr = 0x80004005
12-11 23:13:21.216 289 2107 E PlayReadyCryptPlugin: decrypt,462 : Drm_Reader_Decrypt() failed! dr = 0x80004005
12-11 23:13:21.237 289 2107 E PlayReadyCryptPlugin: decrypt,462 : Drm_Reader_Decrypt() failed! dr = 0x80004005
12-11 23:13:21.257 289 2107 E PlayReadyCryptPlugin: decrypt,462 : Drm_Reader_Decrypt() failed! dr = 0x80004005
12-11 23:13:21.274 289 2107 E PlayReadyCryptPlugin: decrypt,462 : Drm_Reader_Decrypt() failed! dr = 0x80004005
12-11 23:13:21.292 289 2107 E PlayReadyCryptPlugin: decrypt,462 : Drm_Reader_Decrypt() failed! dr = 0x80004005
12-11 23:13:21.309 289 2107 E PlayReadyCryptPlugin: decrypt,462 : Drm_Reader_Decrypt() failed! dr = 0x80004005
12-11 23:13:21.325 289 2107 E PlayReadyCryptPlugin: decrypt,462 : Drm_Reader_Decrypt() failed! dr = 0x80004005
12-11 23:13:21.342 289 2107 E PlayReadyCryptPlugin: decrypt,462 : Drm_Reader_Decrypt() failed! dr = 0x80004005
12-11 23:13:21.359 289 2107 E PlayReadyCryptPlugin: decrypt,462 : Drm_Reader_Decrypt() failed! dr = 0x80004005
12-11 23:13:21.375 289 2107 E PlayReadyCryptPlugin: decrypt,462 : Drm_Reader_Decrypt() failed! dr = 0x80004005
12-11 23:13:21.393 289 2107 E PlayReadyCryptPlugin: decrypt,462 : Drm_Reader_Decrypt() failed! dr = 0x80004005
12-11 23:13:21.411 289 2107 E PlayReadyCryptPlugin: decrypt,462 : Drm_Reader_Decrypt() failed! dr = 0x80004005
12-11 23:13:21.428 289 2107 E PlayReadyCryptPlugin: decrypt,462 : Drm_Reader_Decrypt() failed! dr = 0x80004005
12-11 23:13:21.445 289 2107 E PlayReadyCryptPlugin: decrypt,462 : Drm_Reader_Decrypt() failed! dr = 0x80004005
12-11 23:13:21.462 289 2107 E PlayReadyCryptPlugin: decrypt,462 : Drm_Reader_Decrypt() failed! dr = 0x80004005
12-11 23:13:21.480 289 2107 E PlayReadyCryptPlugin: decrypt,462 : Drm_Reader_Decrypt() failed! dr = 0x80004005
12-11 23:13:21.482 683 844 V Avrcp : MediaController playback changed: PlaybackState {state=3, position=23377, buffered position=0, speed=1.0, updated=108989519, actions=-1, custom actions=[], active item id=-1, error=null}
12-11 23:13:21.498 289 2107 E PlayReadyCryptPlugin: decrypt,462 : Drm_Reader_Decrypt() failed! dr = 0x80004005
12-11 23:13:21.515 289 2107 E PlayReadyCryptPlugin: decrypt,462 : Drm_Reader_Decrypt() failed! dr = 0x80004005
12-11 23:13:21.536 289 2107 E PlayReadyCryptPlugin: decrypt,462 : Drm_Reader_Decrypt() failed! dr = 0x80004005
12-11 23:13:21.553 289 2107 E PlayReadyCryptPlugin: decrypt,462 : Drm_Reader_Decrypt() failed! dr = 0x80004005
12-11 23:13:21.572 289 2107 E PlayReadyCryptPlugin: decrypt,462 : Drm_Reader_Decrypt() failed! dr = 0x80004005
12-11 23:13:21.589 289 2107 E PlayReadyCryptPlugin: decrypt,462 : Drm_Reader_Decrypt() failed! dr = 0x80004005
12-11 23:13:21.607 289 2107 E PlayReadyCryptPlugin: decrypt,462 : Drm_Reader_Decrypt() failed! dr = 0x80004005
12-11 23:13:21.625 289 2107 E PlayReadyCryptPlugin: decrypt,462 : Drm_Reader_Decrypt() failed! dr = 0x80004005
12-11 23:13:21.642 289 2107 E PlayReadyCryptPlugin: decrypt,462 : Drm_Reader_Decrypt() failed! dr = 0x80004005
12-11 23:13:21.660 289 2107 E PlayReadyCryptPlugin: decrypt,462 : Drm_Reader_Decrypt() failed! dr = 0x80004005
12-11 23:13:21.677 289 2107 E PlayReadyCryptPlugin: decrypt,462 : Drm_Reader_Decrypt() failed! dr = 0x80004005
12-11 23:13:21.695 289 2107 E PlayReadyCryptPlugin: decrypt,462 : Drm_Reader_Decrypt() failed! dr = 0x80004005
12-11 23:13:21.713 289 2107 E PlayReadyCryptPlugin: decrypt,462 : Drm_Reader_Decrypt() failed! dr = 0x80004005
12-11 23:13:21.730 289 2107 E PlayReadyCryptPlugin: decrypt,462 : Drm_Reader_Decrypt() failed! dr = 0x80004005
12-11 23:13:21.750 289 2107 E PlayReadyCryptPlugin: decrypt,462 : Drm_Reader_Decrypt() failed! dr = 0x80004005
12-11 23:13:21.766 289 2107 E PlayReadyCryptPlugin: decrypt,462 : Drm_Reader_Decrypt() failed! dr = 0x80004005
12-11 23:13:21.782 289 2107 E PlayReadyCryptPlugin: decrypt,462 : Drm_Reader_Decrypt() failed! dr = 0x80004005
12-11 23:13:21.798 289 2107 E PlayReadyCryptPlugin: decrypt,462 : Drm_Reader_Decrypt() failed! dr = 0x80004005
12-11 23:13:21.815 289 2107 E PlayReadyCryptPlugin: decrypt,462 : Drm_Reader_Decrypt() failed! dr = 0x80004005
12-11 23:13:21.833 289 2107 E PlayReadyCryptPlugin: decrypt,462 : Drm_Reader_Decrypt() failed! dr = 0x80004005
12-11 23:13:21.849 289 2107 E PlayReadyCryptPlugin: decrypt,462 : Drm_Reader_Decrypt() failed! dr = 0x80004005
12-11 23:13:21.865 289 2107 E PlayReadyCryptPlugin: decrypt,462 : Drm_Reader_Decrypt() failed! dr = 0x80004005
12-11 23:13:21.882 289 2107 E PlayReadyCryptPlugin: decrypt,462 : Drm_Reader_Decrypt() failed! dr = 0x80004005
12-11 23:13:21.898 289 2107 E PlayReadyCryptPlugin: decrypt,462 : Drm_Reader_Decrypt() failed! dr = 0x80004005
12-11 23:13:21.915 289 2107 E PlayReadyCryptPlugin: decrypt,462 : Drm_Reader_Decrypt() failed! dr = 0x80004005
12-11 23:13:21.931 289 2107 E PlayReadyCryptPlugin: decrypt,462 : Drm_Reader_Decrypt() failed! dr = 0x80004005
12-11 23:13:21.949 289 2107 E PlayReadyCryptPlugin: decrypt,462 : Drm_Reader_Decrypt() failed! dr = 0x80004005
12-11 23:13:21.965 289 2107 E PlayReadyCryptPlugin: decrypt,462 : Drm_Reader_Decrypt() failed! dr = 0x80004005
12-11 23:13:21.982 289 2107 E PlayReadyCryptPlugin: decrypt,462 : Drm_Reader_Decrypt() failed! dr = 0x80004005
12-11 23:13:21.983 683 844 V Avrcp : MediaController playback changed: PlaybackState {state=3, position=23783, buffered position=0, speed=1.0, updated=108990020, actions=-1, custom actions=[], active item id=-1, error=null}
12-11 23:13:21.999 289 2107 E PlayReadyCryptPlugin: decrypt,462 : Drm_Reader_Decrypt() failed! dr = 0x80004005
12-11 23:13:22.016 289 2107 E PlayReadyCryptPlugin: decrypt,462 : Drm_Reader_Decrypt() failed! dr = 0x80004005
12-11 23:13:22.032 289 2107 E PlayReadyCryptPlugin: decrypt,462 : Drm_Reader_Decrypt() failed! dr = 0x80004005
12-11 23:13:22.049 289 2107 E PlayReadyCryptPlugin: decrypt,462 : Drm_Reader_Decrypt() failed! dr = 0x80004005
12-11 23:13:22.066 289 2107 E PlayReadyCryptPlugin: decrypt,462 : Drm_Reader_Decrypt() failed! dr = 0x80004005
12-11 23:13:22.084 289 2107 E PlayReadyCryptPlugin: decrypt,462 : Drm_Reader_Decrypt() failed! dr = 0x80004005
12-11 23:13:22.101 289 2107 E PlayReadyCryptPlugin: decrypt,462 : Drm_Reader_Decrypt() failed! dr = 0x80004005
12-11 23:13:22.117 289 2107 E PlayReadyCryptPlugin: decrypt,462 : Drm_Reader_Decrypt() failed! dr = 0x80004005
12-11 23:13:22.134 289 2107 E PlayReadyCryptPlugin: decrypt,462 : Drm_Reader_Decrypt() failed! dr = 0x80004005
12-11 23:13:22.151 289 2107 E PlayReadyCryptPlugin: decrypt,462 : Drm_Reader_Decrypt() failed! dr = 0x80004005
12-11 23:13:22.169 289 2107 E PlayReadyCryptPlugin: decrypt,462 : Drm_Reader_Decrypt() failed! dr = 0x80004005
12-11 23:13:22.192 289 2107 E PlayReadyCryptPlugin: decrypt,462 : Drm_Reader_Decrypt() failed! dr = 0x80004005
12-11 23:13:22.214 289 2107 E PlayReadyCryptPlugin: decrypt,462 : Drm_Reader_Decrypt() failed! dr = 0x80004005
12-11 23:13:22.233 289 2107 E PlayReadyCryptPlugin: decrypt,462 : Drm_Reader_Decrypt() failed! dr = 0x80004005
12-11 23:13:22.253 289 2107 E PlayReadyCryptPlugin: decrypt,462 : Drm_Reader_Decrypt() failed! dr = 0x80004005
12-11 23:13:22.273 289 2107 E PlayReadyCryptPlugin: decrypt,462 : Drm_Reader_Decrypt() failed! dr = 0x80004005
12-11 23:13:22.294 289 2107 E PlayReadyCryptPlugin: decrypt,462 : Drm_Reader_Decrypt() failed! dr = 0x80004005
12-11 23:13:22.313 289 2107 E PlayReadyCryptPlugin: decrypt,462 : Drm_Reader_Decrypt() failed! dr = 0x80004005
12-11 23:13:22.333 289 2107 E PlayReadyCryptPlugin: decrypt,462 : Drm_Reader_Decrypt() failed! dr = 0x80004005
12-11 23:13:22.352 289 2107 E PlayReadyCryptPlugin: decrypt,462 : Drm_Reader_Decrypt() failed! dr = 0x80004005
12-11 23:13:22.373 289 2107 E PlayReadyCryptPlugin: decrypt,462 : Drm_Reader_Decrypt() failed! dr = 0x80004005
12-11 23:13:22.397 289 2107 E PlayReadyCryptPlugin: decrypt,462 : Drm_Reader_Decrypt() failed! dr = 0x80004005
12-11 23:13:22.416 289 2107 E PlayReadyCryptPlugin: decrypt,462 : Drm_Reader_Decrypt() failed! dr = 0x80004005
12-11 23:13:22.436 289 2107 E PlayReadyCryptPlugin: decrypt,462 : Drm_Reader_Decrypt() failed! dr = 0x80004005
12-11 23:13:22.456 289 2107 E PlayReadyCryptPlugin: decrypt,462 : Drm_Reader_Decrypt() failed! dr = 0x80004005
12-11 23:13:22.477 289 2107 E PlayReadyCryptPlugin: decrypt,462 : Drm_Reader_Decrypt() failed! dr = 0x80004005
12-11 23:13:22.499 683 844 V Avrcp : MediaController playback changed: PlaybackState {state=3, position=24395, buffered position=0, speed=1.0, updated=108990537, actions=-1, custom actions=[], active item id=-1, error=null}
12-11 23:13:22.500 289 2107 E PlayReadyCryptPlugin: decrypt,462 : Drm_Reader_Decrypt() failed! dr = 0x80004005
12-11 23:13:22.522 289 2107 E PlayReadyCryptPlugin: decrypt,462 : Drm_Reader_Decrypt() failed! dr = 0x80004005
12-11 23:13:22.543 289 2107 E PlayReadyCryptPlugin: decrypt,462 : Drm_Reader_Decrypt() failed! dr = 0x80004005
12-11 23:13:22.566 289 2107 E PlayReadyCryptPlugin: decrypt,462 : Drm_Reader_Decrypt() failed! dr = 0x80004005
12-11 23:13:22.586 289 2107 E PlayReadyCryptPlugin: decrypt,462 : Drm_Reader_Decrypt() failed! dr = 0x80004005
12-11 23:13:22.608 289 2107 E PlayReadyCryptPlugin: decrypt,462 : Drm_Reader_Decrypt() failed! dr = 0x80004005
12-11 23:13:22.630 289 2107 E PlayReadyCryptPlugin: decrypt,462 : Drm_Reader_Decrypt() failed! dr = 0x80004005
12-11 23:13:22.650 289 2107 E PlayReadyCryptPlugin: decrypt,462 : Drm_Reader_Decrypt() failed! dr = 0x80004005
12-11 23:13:22.669 289 2107 E PlayReadyCryptPlugin: decrypt,462 : Drm_Reader_Decrypt() failed! dr = 0x80004005
12-11 23:13:22.691 289 2107 E PlayReadyCryptPlugin: decrypt,462 : Drm_Reader_Decrypt() failed! dr = 0x80004005
12-11 23:13:22.712 289 2107 E PlayReadyCryptPlugin: decrypt,462 : Drm_Reader_Decrypt() failed! dr = 0x80004005
12-11 23:13:22.733 289 2107 E PlayReadyCryptPlugin: decrypt,462 : Drm_Reader_Decrypt() failed! dr = 0x80004005
12-11 23:13:22.755 289 2107 E PlayReadyCryptPlugin: decrypt,462 : Drm_Reader_Decrypt() failed! dr = 0x80004005
12-11 23:13:22.777 289 2107 E PlayReadyCryptPlugin: decrypt,462 : Drm_Reader_Decrypt() failed! dr = 0x80004005
12-11 23:13:22.798 289 2107 E PlayReadyCryptPlugin: decrypt,462 : Drm_Reader_Decrypt() failed! dr = 0x80004005
12-11 23:13:22.820 289 2107 E PlayReadyCryptPlugin: decrypt,462 : Drm_Reader_Decrypt() failed! dr = 0x80004005
12-11 23:13:22.842 289 2107 E PlayReadyCryptPlugin: decrypt,462 : Drm_Reader_Decrypt() failed! dr = 0x80004005
12-11 23:13:22.864 289 2107 E PlayReadyCryptPlugin: decrypt,462 : Drm_Reader_Decrypt() failed! dr = 0x80004005
12-11 23:13:22.885 289 2107 E PlayReadyCryptPlugin: decrypt,462 : Drm_Reader_Decrypt() failed! dr = 0x80004005
12-11 23:13:22.910 289 2107 E PlayReadyCryptPlugin: decrypt,462 : Drm_Reader_Decrypt() failed! dr = 0x80004005
12-11 23:13:22.933 289 2107 E PlayReadyCryptPlugin: decrypt,462 : Drm_Reader_Decrypt() failed! dr = 0x80004005
12-11 23:13:22.953 289 2107 E PlayReadyCryptPlugin: decrypt,462 : Drm_Reader_Decrypt() failed! dr = 0x80004005
12-11 23:13:22.973 289 2107 E PlayReadyCryptPlugin: decrypt,462 : Drm_Reader_Decrypt() failed! dr = 0x80004005
12-11 23:13:22.993 289 2107 E PlayReadyCryptPlugin: decrypt,462 : Drm_Reader_Decrypt() failed! dr = 0x80004005
12-11 23:13:23.000 683 844 V Avrcp : MediaController playback changed: PlaybackState {state=3, position=24801, buffered position=0, speed=1.0, updated=108991038, actions=-1, custom actions=[], active item id=-1, error=null}
12-11 23:13:23.017 289 2107 E PlayReadyCryptPlugin: decrypt,462 : Drm_Reader_Decrypt() failed! dr = 0x80004005
12-11 23:13:23.040 289 2107 E PlayReadyCryptPlugin: decrypt,462 : Drm_Reader_Decrypt() failed! dr = 0x80004005
12-11 23:13:23.061 289 2107 E PlayReadyCryptPlugin: decrypt,462 : Drm_Reader_Decrypt() failed! dr = 0x80004005
12-11 23:13:23.083 289 2107 E PlayReadyCryptPlugin: decrypt,462 : Drm_Reader_Decrypt() failed! dr = 0x80004005
12-11 23:13:23.104 289 2107 E PlayReadyCryptPlugin: decrypt,462 : Drm_Reader_Decrypt() failed! dr = 0x80004005
12-11 23:13:23.126 289 2107 E PlayReadyCryptPlugin: decrypt,462 : Drm_Reader_Decrypt() failed! dr = 0x80004005
12-11 23:13:23.148 289 2107 E PlayReadyCryptPlugin: decrypt,462 : Drm_Reader_Decrypt() failed! dr = 0x80004005
12-11 23:13:23.169 289 2107 E PlayReadyCryptPlugin: decrypt,462 : Drm_Reader_Decrypt() failed! dr = 0x80004005
12-11 23:13:23.190 289 2107 E PlayReadyCryptPlugin: decrypt,462 : Drm_Reader_Decrypt() failed! dr = 0x80004005
12-11 23:13:23.212 289 2107 E PlayReadyCryptPlugin: decrypt,462 : Drm_Reader_Decrypt() failed! dr = 0x80004005
12-11 23:13:23.233 289 2107 E PlayReadyCryptPlugin: decrypt,462 : Drm_Reader_Decrypt() failed! dr = 0x80004005
12-11 23:13:23.256 289 2107 E PlayReadyCryptPlugin: decrypt,462 : Drm_Reader_Decrypt() failed! dr = 0x80004005
12-11 23:13:23.278 289 2107 E PlayReadyCryptPlugin: decrypt,462 : Drm_Reader_Decrypt() failed! dr = 0x80004005
12-11 23:13:23.299 289 2107 E PlayReadyCryptPlugin: decrypt,462 : Drm_Reader_Decrypt() failed! dr = 0x80004005
12-11 23:13:23.320 289 2107 E PlayReadyCryptPlugin: decrypt,462 : Drm_Reader_Decrypt() failed! dr = 0x80004005
12-11 23:13:23.342 289 2107 E PlayReadyCryptPlugin: decrypt,462 : Drm_Reader_Decrypt() failed! dr = 0x80004005
12-11 23:13:23.363 289 2107 E PlayReadyCryptPlugin: decrypt,462 : Drm_Reader_Decrypt() failed! dr = 0x80004005
12-11 23:13:23.384 289 2107 E PlayReadyCryptPlugin: decrypt,462 : Drm_Reader_Decrypt() failed! dr = 0x80004005
12-11 23:13:23.406 289 2107 E PlayReadyCryptPlugin: decrypt,462 : Drm_Reader_Decrypt() failed! dr = 0x80004005
12-11 23:13:23.428 289 2107 E PlayReadyCryptPlugin: decrypt,462 : Drm_Reader_Decrypt() failed! dr = 0x80004005
12-11 23:13:23.450 289 2107 E PlayReadyCryptPlugin: decrypt,462 : Drm_Reader_Decrypt() failed! dr = 0x80004005
12-11 23:13:23.473 289 2107 E PlayReadyCryptPlugin: decrypt,462 : Drm_Reader_Decrypt() failed! dr = 0x80004005
12-11 23:13:23.496 289 2107 E PlayReadyCryptPlugin: decrypt,462 : Drm_Reader_Decrypt() failed! dr = 0x80004005
12-11 23:13:23.516 289 2107 E PlayReadyCryptPlugin: decrypt,462 : Drm_Reader_Decrypt() failed! dr = 0x80004005
12-11 23:13:23.518 683 844 V Avrcp : MediaController playback changed: PlaybackState {state=3, position=25410, buffered position=0, speed=1.0, updated=108991555, actions=-1, custom actions=[], active item id=-1, error=null}
12-11 23:13:23.537 289 2107 E PlayReadyCryptPlugin: decrypt,462 : Drm_Reader_Decrypt() failed! dr = 0x80004005
12-11 23:13:23.562 289 2107 E PlayReadyCryptPlugin: decrypt,462 : Drm_Reader_Decrypt() failed! dr = 0x80004005
12-11 23:13:23.583 289 2107 E PlayReadyCryptPlugin: decrypt,462 : Drm_Reader_Decrypt() failed! dr = 0x80004005
12-11 23:13:23.605 289 2107 E PlayReadyCryptPlugin: decrypt,462 : Drm_Reader_Decrypt() failed! dr = 0x80004005
12-11 23:13:23.608 1240 1252 I art : Background sticky concurrent mark sweep GC freed 1081(161KB) AllocSpace objects, 7(140KB) LOS objects, 9% free, 3MB/4MB, paused 5.240ms total 22.015ms
12-11 23:13:23.626 289 2107 E PlayReadyCryptPlugin: decrypt,462 : Drm_Reader_Decrypt() failed! dr = 0x80004005
12-11 23:13:23.647 289 2107 E PlayReadyCryptPlugin: decrypt,462 : Drm_Reader_Decrypt() failed! dr = 0x80004005
12-11 23:13:23.668 289 2107 E PlayReadyCryptPlugin: decrypt,462 : Drm_Reader_Decrypt() failed! dr = 0x80004005
12-11 23:13:23.691 289 2107 E PlayReadyCryptPlugin: decrypt,462 : Drm_Reader_Decrypt() failed! dr = 0x80004005
12-11 23:13:23.712 289 2107 E PlayReadyCryptPlugin: decrypt,462 : Drm_Reader_Decrypt() failed! dr = 0x80004005
12-11 23:13:23.733 289 2107 E PlayReadyCryptPlugin: decrypt,462 : Drm_Reader_Decrypt() failed! dr = 0x80004005
12-11 23:13:23.755 289 2107 E PlayReadyCryptPlugin: decrypt,462 : Drm_Reader_Decrypt() failed! dr = 0x80004005
12-11 23:13:23.775 289 2107 E PlayReadyCryptPlugin: decrypt,462 : Drm_Reader_Decrypt() failed! dr = 0x80004005
12-11 23:13:23.795 289 2107 E PlayReadyCryptPlugin: decrypt,462 : Drm_Reader_Decrypt() failed! dr = 0x80004005
12-11 23:13:23.815 289 2107 E PlayReadyCryptPlugin: decrypt,462 : Drm_Reader_Decrypt() failed! dr = 0x80004005
12-11 23:13:23.834 289 2107 E PlayReadyCryptPlugin: decrypt,462 : Drm_Reader_Decrypt() failed! dr = 0x80004005
12-11 23:13:23.853 289 2107 E PlayReadyCryptPlugin: decrypt,462 : Drm_Reader_Decrypt() failed! dr = 0x80004005
12-11 23:13:23.874 289 2107 E PlayReadyCryptPlugin: decrypt,462 : Drm_Reader_Decrypt() failed! dr = 0x80004005
12-11 23:13:23.896 289 2107 E PlayReadyCryptPlugin: decrypt,462 : Drm_Reader_Decrypt() failed! dr = 0x80004005
12-11 23:13:23.916 289 2107 E PlayReadyCryptPlugin: decrypt,462 : Drm_Reader_Decrypt() failed! dr = 0x80004005
12-11 23:13:23.937 289 2107 E PlayReadyCryptPlugin: decrypt,462 : Drm_Reader_Decrypt() failed! dr = 0x80004005
12-11 23:13:23.959 289 2107 E PlayReadyCryptPlugin: decrypt,462 : Drm_Reader_Decrypt() failed! dr = 0x80004005
12-11 23:13:23.980 289 2107 E PlayReadyCryptPlugin: decrypt,462 : Drm_Reader_Decrypt() failed! dr = 0x80004005
12-11 23:13:24.002 289 2107 E PlayReadyCryptPlugin: decrypt,462 : Drm_Reader_Decrypt() failed! dr = 0x80004005
12-11 23:13:24.023 289 2107 E PlayReadyCryptPlugin: decrypt,462 : Drm_Reader_Decrypt() failed! dr = 0x80004005
12-11 23:13:24.034 683 844 V Avrcp : MediaController playback changed: PlaybackState {state=3, position=25816, buffered position=0, speed=1.0, updated=108992072, actions=-1, custom actions=[], active item id=-1, error=null}
12-11 23:13:24.045 289 2107 E PlayReadyCryptPlugin: decrypt,462 : Drm_Reader_Decrypt() failed! dr = 0x80004005
12-11 23:13:24.066 289 2107 E PlayReadyCryptPlugin: decrypt,462 : Drm_Reader_Decrypt() failed! dr = 0x80004005
12-11 23:13:24.087 289 2107 E PlayReadyCryptPlugin: decrypt,462 : Drm_Reader_Decrypt() failed! dr = 0x80004005
12-11 23:13:24.109 289 2107 E PlayReadyCryptPlugin: decrypt,462 : Drm_Reader_Decrypt() failed! dr = 0x80004005
12-11 23:13:24.130 289 2107 E PlayReadyCryptPlugin: decrypt,462 : Drm_Reader_Decrypt() failed! dr = 0x80004005
12-11 23:13:24.151 289 2107 E PlayReadyCryptPlugin: decrypt,462 : Drm_Reader_Decrypt() failed! dr = 0x80004005
12-11 23:13:24.172 289 2107 E PlayReadyCryptPlugin: decrypt,462 : Drm_Reader_Decrypt() failed! dr = 0x80004005
12-11 23:13:24.193 289 2107 E PlayReadyCryptPlugin: decrypt,462 : Drm_Reader_Decrypt() failed! dr = 0x80004005
12-11 23:13:24.214 289 2107 E PlayReadyCryptPlugin: decrypt,462 : Drm_Reader_Decrypt() failed! dr = 0x80004005
12-11 23:13:24.234 289 2107 E PlayReadyCryptPlugin: decrypt,462 : Drm_Reader_Decrypt() failed! dr = 0x80004005
12-11 23:13:24.255 289 2107 E PlayReadyCryptPlugin: decrypt,462 : Drm_Reader_Decrypt() failed! dr = 0x80004005
12-11 23:13:24.277 289 2107 E PlayReadyCryptPlugin: decrypt,462 : Drm_Reader_Decrypt() failed! dr = 0x80004005
12-11 23:13:24.299 289 2107 E PlayReadyCryptPlugin: decrypt,462 : Drm_Reader_Decrypt() failed! dr = 0x80004005
12-11 23:13:24.320 289 2107 E PlayReadyCryptPlugin: decrypt,462 : Drm_Reader_Decrypt() failed! dr = 0x80004005
12-11 23:13:24.342 289 2107 E PlayReadyCryptPlugin: decrypt,462 : Drm_Reader_Decrypt() failed! dr = 0x80004005
12-11 23:13:24.363 289 2107 E PlayReadyCryptPlugin: decrypt,462 : Drm_Reader_Decrypt() failed! dr = 0x80004005
12-11 23:13:24.384 289 2107 E PlayReadyCryptPlugin: decrypt,462 : Drm_Reader_Decrypt() failed! dr = 0x80004005
12-11 23:13:24.404 289 2107 E PlayReadyCryptPlugin: decrypt,462 : Drm_Reader_Decrypt() failed! dr = 0x80004005
12-11 23:13:24.425 289 2107 E PlayReadyCryptPlugin: decrypt,462 : Drm_Reader_Decrypt() failed! dr = 0x80004005
12-11 23:13:24.446 289 2107 E PlayReadyCryptPlugin: decrypt,462 : Drm_Reader_Decrypt() failed! dr = 0x80004005
12-11 23:13:24.466 289 2107 E PlayReadyCryptPlugin: decrypt,462 : Drm_Reader_Decrypt() failed! dr = 0x80004005
12-11 23:13:24.486 289 2107 E PlayReadyCryptPlugin: decrypt,462 : Drm_Reader_Decrypt() failed! dr = 0x80004005
12-11 23:13:24.507 289 2107 E PlayReadyCryptPlugin: decrypt,462 : Drm_Reader_Decrypt() failed! dr = 0x80004005
12-11 23:13:24.529 289 2107 E PlayReadyCryptPlugin: decrypt,462 : Drm_Reader_Decrypt() failed! dr = 0x80004005
12-11 23:13:24.535 683 844 V Avrcp : MediaController playback changed: PlaybackState {state=3, position=26425, buffered position=0, speed=1.0, updated=108992573, actions=-1, custom actions=[], active item id=-1, error=null}
12-11 23:13:24.549 289 2107 E PlayReadyCryptPlugin: decrypt,462 : Drm_Reader_Decrypt() failed! dr = 0x80004005
12-11 23:13:24.568 289 2107 E PlayReadyCryptPlugin: decrypt,462 : Drm_Reader_Decrypt() failed! dr = 0x80004005
12-11 23:13:24.588 289 2107 E PlayReadyCryptPlugin: decrypt,462 : Drm_Reader_Decrypt() failed! dr = 0x80004005
12-11 23:13:24.608 289 2107 E PlayReadyCryptPlugin: decrypt,462 : Drm_Reader_Decrypt() failed! dr = 0x80004005
12-11 23:13:24.631 289 2107 E PlayReadyCryptPlugin: decrypt,462 : Drm_Reader_Decrypt() failed! dr = 0x80004005
12-11 23:13:24.652 289 2107 E PlayReadyCryptPlugin: decrypt,462 : Drm_Reader_Decrypt() failed! dr = 0x80004005
12-11 23:13:24.653 2547 21048 E NdkMediaCodec: sf error code: -2005
12-11 23:13:24.674 289 2107 E PlayReadyCryptPlugin: decrypt,462 : Drm_Reader_Decrypt() failed! dr = 0x80004005
12-11 23:13:24.675 2547 21039 W mediaErrorLogger: MediaError:MMSW_Metrics6.0:org.xbmc.kodi.DRM_DECRYPT=-2005 from decrypt
12-11 23:13:24.675 2547 21048 E NdkMediaCodec: queSecureInputBuffer:
12-11 23:13:24.675 2547 21048 E NdkMediaCodec: sf error code: -2005
12-11 23:13:24.697 289 2107 E PlayReadyCryptPlugin: decrypt,462 : Drm_Reader_Decrypt() failed! dr = 0x80004005
12-11 23:13:24.697 2547 21039 W mediaErrorLogger: MediaError:MMSW_Metrics6.0:org.xbmc.kodi.DRM_DECRYPT=-2005 from decrypt
12-11 23:13:24.697 2547 21048 E NdkMediaCodec: queSecureInputBuffer:
12-11 23:13:24.697 2547 21048 E NdkMediaCodec: sf error code: -2005
12-11 23:13:24.718 289 2107 E PlayReadyCryptPlugin: decrypt,462 : Drm_Reader_Decrypt() failed! dr = 0x80004005
12-11 23:13:24.719 2547 21039 W mediaErrorLogger: MediaError:MMSW_Metrics6.0:org.xbmc.kodi.DRM_DECRYPT=-2005 from decrypt
12-11 23:13:24.719 2547 21048 E NdkMediaCodec: queSecureInputBuffer:
12-11 23:13:24.719 2547 21048 E NdkMediaCodec: sf error code: -2005
12-11 23:13:24.740 289 2107 E PlayReadyCryptPlugin: decrypt,462 : Drm_Reader_Decrypt() failed! dr = 0x80004005
12-11 23:13:24.740 2547 21039 W mediaErrorLogger: MediaError:MMSW_Metrics6.0:org.xbmc.kodi.DRM_DECRYPT=-2005 from decrypt
12-11 23:13:24.740 2547 21048 E NdkMediaCodec: queSecureInputBuffer:
12-11 23:13:24.740 2547 21048 E NdkMediaCodec: sf error code: -2005
12-11 23:13:24.761 289 2107 E PlayReadyCryptPlugin: decrypt,462 : Drm_Reader_Decrypt() failed! dr = 0x80004005
12-11 23:13:24.762 2547 21039 W mediaErrorLogger: MediaError:MMSW_Metrics6.0:org.xbmc.kodi.DRM_DECRYPT=-2005 from decrypt
12-11 23:13:24.762 2547 21048 E NdkMediaCodec: queSecureInputBuffer:
12-11 23:13:24.762 2547 21048 E NdkMediaCodec: sf error code: -2005
12-11 23:13:24.783 289 2107 E PlayReadyCryptPlugin: decrypt,462 : Drm_Reader_Decrypt() failed! dr = 0x80004005
12-11 23:13:24.783 2547 21039 W mediaErrorLogger: MediaError:MMSW_Metrics6.0:org.xbmc.kodi.DRM_DECRYPT=-2005 from decrypt
12-11 23:13:24.783 2547 21048 E NdkMediaCodec: queSecureInputBuffer:
12-11 23:13:24.783 2547 21048 E NdkMediaCodec: sf error code: -2005
12-11 23:13:24.803 289 2107 E PlayReadyCryptPlugin: decrypt,462 : Drm_Reader_Decrypt() failed! dr = 0x80004005
12-11 23:13:24.804 2547 21039 W mediaErrorLogger: MediaError:MMSW_Metrics6.0:org.xbmc.kodi.DRM_DECRYPT=-2005 from decrypt
12-11 23:13:24.804 2547 21048 E NdkMediaCodec: queSecureInputBuffer:
12-11 23:13:24.804 2547 21048 E NdkMediaCodec: sf error code: -2005
12-11 23:13:24.825 289 2107 E PlayReadyCryptPlugin: decrypt,462 : Drm_Reader_Decrypt() failed! dr = 0x80004005
12-11 23:13:24.826 2547 21039 W mediaErrorLogger: MediaError:MMSW_Metrics6.0:org.xbmc.kodi.DRM_DECRYPT=-2005 from decrypt
12-11 23:13:24.826 2547 21048 E NdkMediaCodec: queSecureInputBuffer:
12-11 23:13:24.826 2547 21048 E NdkMediaCodec: sf error code: -2005
12-11 23:13:24.848 289 2107 E PlayReadyCryptPlugin: decrypt,462 : Drm_Reader_Decrypt() failed! dr = 0x80004005
12-11 23:13:24.848 2547 21039 W mediaErrorLogger: MediaError:MMSW_Metrics6.0:org.xbmc.kodi.DRM_DECRYPT=-2005 from decrypt
12-11 23:13:24.849 2547 21048 E NdkMediaCodec: queSecureInputBuffer:
12-11 23:13:24.849 2547 21048 E NdkMediaCodec: sf error code: -2005
12-11 23:13:24.870 289 2107 E PlayReadyCryptPlugin: decrypt,462 : Drm_Reader_Decrypt() failed! dr = 0x80004005
12-11 23:13:24.870 2547 21039 W mediaErrorLogger: MediaError:MMSW_Metrics6.0:org.xbmc.kodi.DRM_DECRYPT=-2005 from decrypt
12-11 23:13:24.871 2547 21048 E NdkMediaCodec: queSecureInputBuffer:
12-11 23:13:24.871 2547 21048 E NdkMediaCodec: sf error code: -2005
12-11 23:13:24.889 289 2107 E PlayReadyCryptPlugin: decrypt,462 : Drm_Reader_Decrypt() failed! dr = 0x80004005
12-11 23:13:24.890 2547 21039 W mediaErrorLogger: MediaError:MMSW_Metrics6.0:org.xbmc.kodi.DRM_DECRYPT=-2005 from decrypt
12-11 23:13:24.890 2547 21048 E NdkMediaCodec: queSecureInputBuffer:
12-11 23:13:24.890 2547 21048 E NdkMediaCodec: sf error code: -2005
12-11 23:13:24.910 289 2107 E PlayReadyCryptPlugin: decrypt,462 : Drm_Reader_Decrypt() failed! dr = 0x80004005
12-11 23:13:24.911 2547 21039 W mediaErrorLogger: MediaError:MMSW_Metrics6.0:org.xbmc.kodi.DRM_DECRYPT=-2005 from decrypt
12-11 23:13:24.911 2547 21048 E NdkMediaCodec: queSecureInputBuffer:
12-11 23:13:24.911 2547 21048 E NdkMediaCodec: sf error code: -2005
12-11 23:13:24.930 289 2107 E PlayReadyCryptPlugin: decrypt,462 : Drm_Reader_Decrypt() failed! dr = 0x80004005
12-11 23:13:24.930 2547 21039 W mediaErrorLogger: MediaError:MMSW_Metrics6.0:org.xbmc.kodi.DRM_DECRYPT=-2005 from decrypt
12-11 23:13:24.931 2547 21048 E NdkMediaCodec: queSecureInputBuffer:
12-11 23:13:24.931 2547 21048 E NdkMediaCodec: sf error code: -2005
12-11 23:13:24.950 289 2107 E PlayReadyCryptPlugin: decrypt,462 : Drm_Reader_Decrypt() failed! dr = 0x80004005
12-11 23:13:24.950 2547 21039 W mediaErrorLogger: MediaError:MMSW_Metrics6.0:org.xbmc.kodi.DRM_DECRYPT=-2005 from decrypt
12-11 23:13:24.950 2547 21048 E NdkMediaCodec: queSecureInputBuffer:
12-11 23:13:24.950 2547 21048 E NdkMediaCodec: sf error code: -2005
12-11 23:13:24.969 289 2107 E PlayReadyCryptPlugin: decrypt,462 : Drm_Reader_Decrypt() failed! dr = 0x80004005
12-11 23:13:24.969 2547 21039 W mediaErrorLogger: MediaError:MMSW_Metrics6.0:org.xbmc.kodi.DRM_DECRYPT=-2005 from decrypt
12-11 23:13:24.969 2547 21048 E NdkMediaCodec: queSecureInputBuffer:
12-11 23:13:24.969 2547 21048 E NdkMediaCodec: sf error code: -2005
12-11 23:13:24.996 289 2107 E PlayReadyCryptPlugin: decrypt,462 : Drm_Reader_Decrypt() failed! dr = 0x80004005
12-11 23:13:24.997 2547 21039 W mediaErrorLogger: MediaError:MMSW_Metrics6.0:org.xbmc.kodi.DRM_DECRYPT=-2005 from decrypt
12-11 23:13:24.997 2547 21048 E NdkMediaCodec: queSecureInputBuffer:
12-11 23:13:24.997 2547 21048 E NdkMediaCodec: sf error code: -2005
12-11 23:13:25.017 289 2107 E PlayReadyCryptPlugin: decrypt,462 : Drm_Reader_Decrypt() failed! dr = 0x80004005
12-11 23:13:25.017 2547 21039 W mediaErrorLogger: MediaError:MMSW_Metrics6.0:org.xbmc.kodi.DRM_DECRYPT=-2005 from decrypt
12-11 23:13:25.017 2547 21048 E NdkMediaCodec: queSecureInputBuffer:
12-11 23:13:25.017 2547 21048 E NdkMediaCodec: sf error code: -2005
12-11 23:13:25.036 289 2107 E PlayReadyCryptPlugin: decrypt,462 : Drm_Reader_Decrypt() failed! dr = 0x80004005
12-11 23:13:25.037 2547 21039 W mediaErrorLogger: MediaError:MMSW_Metrics6.0:org.xbmc.kodi.DRM_DECRYPT=-2005 from decrypt
12-11 23:13:25.037 2547 21048 E NdkMediaCodec: queSecureInputBuffer:
12-11 23:13:25.037 2547 21048 E NdkMediaCodec: sf error code: -2005
12-11 23:13:25.052 683 844 V Avrcp : MediaController playback changed: PlaybackState {state=3, position=26834, buffered position=0, speed=1.0, updated=108993089, actions=-1, custom actions=[], active item id=-1, error=null}
12-11 23:13:25.059 289 2107 E PlayReadyCryptPlugin: decrypt,462 : Drm_Reader_Decrypt() failed! dr = 0x80004005
12-11 23:13:25.060 2547 21039 W mediaErrorLogger: MediaError:MMSW_Metrics6.0:org.xbmc.kodi.DRM_DECRYPT=-2005 from decrypt
12-11 23:13:25.060 2547 21048 E NdkMediaCodec: queSecureInputBuffer:
12-11 23:13:25.060 2547 21048 E NdkMediaCodec: sf error code: -2005
12-11 23:13:25.081 289 2107 E PlayReadyCryptPlugin: decrypt,462 : Drm_Reader_Decrypt() failed! dr = 0x80004005
12-11 23:13:25.082 2547 21039 W mediaErrorLogger: MediaError:MMSW_Metrics6.0:org.xbmc.kodi.DRM_DECRYPT=-2005 from decrypt
12-11 23:13:25.082 2547 21048 E NdkMediaCodec: queSecureInputBuffer:
12-11 23:13:25.082 2547 21048 E NdkMediaCodec: sf error code: -2005
12-11 23:13:25.100 289 2107 E PlayReadyCryptPlugin: decrypt,462 : Drm_Reader_Decrypt() failed! dr = 0x80004005
12-11 23:13:25.101 2547 21039 W mediaErrorLogger: MediaError:MMSW_Metrics6.0:org.xbmc.kodi.DRM_DECRYPT=-2005 from decrypt
12-11 23:13:25.101 2547 21048 E NdkMediaCodec: queSecureInputBuffer:
12-11 23:13:25.101 2547 21048 E NdkMediaCodec: sf error code: -2005
12-11 23:13:25.123 289 2107 E PlayReadyCryptPlugin: decrypt,462 : Drm_Reader_Decrypt() failed! dr = 0x80004005
12-11 23:13:25.123 2547 21039 W mediaErrorLogger: MediaError:MMSW_Metrics6.0:org.xbmc.kodi.DRM_DECRYPT=-2005 from decrypt
12-11 23:13:25.123 2547 21048 E NdkMediaCodec: queSecureInputBuffer:
12-11 23:13:25.123 2547 21048 E NdkMediaCodec: sf error code: -2005
12-11 23:13:25.143 289 2107 E PlayReadyCryptPlugin: decrypt,462 : Drm_Reader_Decrypt() failed! dr = 0x80004005
12-11 23:13:25.144 2547 21039 W mediaErrorLogger: MediaError:MMSW_Metrics6.0:org.xbmc.kodi.DRM_DECRYPT=-2005 from decrypt
12-11 23:13:25.144 2547 21048 E NdkMediaCodec: queSecureInputBuffer:
12-11 23:13:25.144 2547 21048 E NdkMediaCodec: sf error code: -2005
12-11 23:13:25.163 289 2107 E PlayReadyCryptPlugin: decrypt,462 : Drm_Reader_Decrypt() failed! dr = 0x80004005
12-11 23:13:25.164 2547 21039 W mediaErrorLogger: MediaError:MMSW_Metrics6.0:org.xbmc.kodi.DRM_DECRYPT=-2005 from decrypt
12-11 23:13:25.164 2547 21048 E NdkMediaCodec: queSecureInputBuffer:
12-11 23:13:25.164 2547 21048 E NdkMediaCodec: sf error code: -2005
12-11 23:13:25.183 289 2107 E PlayReadyCryptPlugin: decrypt,462 : Drm_Reader_Decrypt() failed! dr = 0x80004005
12-11 23:13:25.184 2547 21039 W mediaErrorLogger: MediaError:MMSW_Metrics6.0:org.xbmc.kodi.DRM_DECRYPT=-2005 from decrypt
12-11 23:13:25.184 2547 21048 E NdkMediaCodec: queSecureInputBuffer:
12-11 23:13:25.184 2547 21048 E NdkMediaCodec: sf error code: -2005
12-11 23:13:25.203 289 2107 E PlayReadyCryptPlugin: decrypt,462 : Drm_Reader_Decrypt() failed! dr = 0x80004005
12-11 23:13:25.203 2547 21039 W mediaErrorLogger: MediaError:MMSW_Metrics6.0:org.xbmc.kodi.DRM_DECRYPT=-2005 from decrypt
12-11 23:13:25.203 2547 21048 E NdkMediaCodec: queSecureInputBuffer:
12-11 23:13:25.203 2547 21048 E NdkMediaCodec: sf error code: -2005
12-11 23:13:25.222 289 2107 E PlayReadyCryptPlugin: decrypt,462 : Drm_Reader_Decrypt() failed! dr = 0x80004005
12-11 23:13:25.223 2547 21039 W mediaErrorLogger: MediaError:MMSW_Metrics6.0:org.xbmc.kodi.DRM_DECRYPT=-2005 from decrypt
12-11 23:13:25.223 2547 21048 E NdkMediaCodec: queSecureInputBuffer:
12-11 23:13:25.223 2547 21048 E NdkMediaCodec: sf error code: -2005
12-11 23:13:25.243 289 2107 E PlayReadyCryptPlugin: decrypt,462 : Drm_Reader_Decrypt() failed! dr = 0x80004005
12-11 23:13:25.243 2547 21039 W mediaErrorLogger: MediaError:MMSW_Metrics6.0:org.xbmc.kodi.DRM_DECRYPT=-2005 from decrypt
12-11 23:13:25.244 2547 21048 E NdkMediaCodec: queSecureInputBuffer:
12-11 23:13:25.244 2547 21048 E NdkMediaCodec: sf error code: -2005
12-11 23:13:25.270 289 2107 E PlayReadyCryptPlugin: decrypt,462 : Drm_Reader_Decrypt() failed! dr = 0x80004005
12-11 23:13:25.271 2547 21039 W mediaErrorLogger: MediaError:MMSW_Metrics6.0:org.xbmc.kodi.DRM_DECRYPT=-2005 from decrypt
12-11 23:13:25.271 2547 21048 E NdkMediaCodec: queSecureInputBuffer:
12-11 23:13:25.271 2547 21048 E NdkMediaCodec: sf error code: -2005
12-11 23:13:25.293 289 2107 E PlayReadyCryptPlugin: decrypt,462 : Drm_Reader_Decrypt() failed! dr = 0x80004005
12-11 23:13:25.294 2547 21039 W mediaErrorLogger: MediaError:MMSW_Metrics6.0:org.xbmc.kodi.DRM_DECRYPT=-2005 from decrypt
12-11 23:13:25.294 2547 21048 E NdkMediaCodec: queSecureInputBuffer:
12-11 23:13:25.294 2547 21048 E NdkMediaCodec: sf error code: -2005
12-11 23:13:25.316 289 2107 E PlayReadyCryptPlugin: decrypt,462 : Drm_Reader_Decrypt() failed! dr = 0x80004005
12-11 23:13:25.316 2547 21039 W mediaErrorLogger: MediaError:MMSW_Metrics6.0:org.xbmc.kodi.DRM_DECRYPT=-2005 from decrypt
12-11 23:13:25.316 2547 21048 E NdkMediaCodec: queSecureInputBuffer:
12-11 23:13:25.316 2547 21048 E NdkMediaCodec: sf error code: -2005
12-11 23:13:25.337 289 2107 E PlayReadyCryptPlugin: decrypt,462 : Drm_Reader_Decrypt() failed! dr = 0x80004005
12-11 23:13:25.340 2547 21039 W mediaErrorLogger: MediaError:MMSW_Metrics6.0:org.xbmc.kodi.DRM_DECRYPT=-2005 from decrypt
12-11 23:13:25.340 2547 21048 E NdkMediaCodec: queSecureInputBuffer:
12-11 23:13:25.340 2547 21048 E NdkMediaCodec: sf error code: -2005
12-11 23:13:25.362 289 2107 E PlayReadyCryptPlugin: decrypt,462 : Drm_Reader_Decrypt() failed! dr = 0x80004005
12-11 23:13:25.363 2547 21039 W mediaErrorLogger: MediaError:MMSW_Metrics6.0:org.xbmc.kodi.DRM_DECRYPT=-2005 from decrypt
12-11 23:13:25.363 2547 21048 E NdkMediaCodec: queSecureInputBuffer:
12-11 23:13:25.363 2547 21048 E NdkMediaCodec: sf error code: -2005
12-11 23:13:25.383 289 2107 E PlayReadyCryptPlugin: decrypt,462 : Drm_Reader_Decrypt() failed! dr = 0x80004005
12-11 23:13:25.384 2547 21039 W mediaErrorLogger: MediaError:MMSW_Metrics6.0:org.xbmc.kodi.DRM_DECRYPT=-2005 from decrypt
12-11 23:13:25.384 2547 21048 E NdkMediaCodec: queSecureInputBuffer:
12-11 23:13:25.384 2547 21048 E NdkMediaCodec: sf error code: -2005
12-11 23:13:25.405 289 2107 E PlayReadyCryptPlugin: decrypt,462 : Drm_Reader_Decrypt() failed! dr = 0x80004005
12-11 23:13:25.406 2547 21039 W mediaErrorLogger: MediaError:MMSW_Metrics6.0:org.xbmc.kodi.DRM_DECRYPT=-2005 from decrypt
12-11 23:13:25.406 2547 21048 E NdkMediaCodec: queSecureInputBuffer:
12-11 23:13:25.406 2547 21048 E NdkMediaCodec: sf error code: -2005
12-11 23:13:25.428 289 2107 E PlayReadyCryptPlugin: decrypt,462 : Drm_Reader_Decrypt() failed! dr = 0x80004005
12-11 23:13:25.428 2547 21039 W mediaErrorLogger: MediaError:MMSW_Metrics6.0:org.xbmc.kodi.DRM_DECRYPT=-2005 from decrypt
12-11 23:13:25.429 2547 21048 E NdkMediaCodec: queSecureInputBuffer:
12-11 23:13:25.429 2547 21048 E NdkMediaCodec: sf error code: -2005
12-11 23:13:25.449 289 2107 E PlayReadyCryptPlugin: decrypt,462 : Drm_Reader_Decrypt() failed! dr = 0x80004005
12-11 23:13:25.449 2547 21039 W mediaErrorLogger: MediaError:MMSW_Metrics6.0:org.xbmc.kodi.DRM_DECRYPT=-2005 from decrypt
12-11 23:13:25.449 2547 21048 E NdkMediaCodec: queSecureInputBuffer:
12-11 23:13:25.449 2547 21048 E NdkMediaCodec: sf error code: -2005
12-11 23:13:25.470 289 2107 E PlayReadyCryptPlugin: decrypt,462 : Drm_Reader_Decrypt() failed! dr = 0x80004005
12-11 23:13:25.471 2547 21039 W mediaErrorLogger: MediaError:MMSW_Metrics6.0:org.xbmc.kodi.DRM_DECRYPT=-2005 from decrypt
12-11 23:13:25.471 2547 21048 E NdkMediaCodec: queSecureInputBuffer:
12-11 23:13:25.471 2547 21048 E NdkMediaCodec: sf error code: -2005
12-11 23:13:25.492 289 2107 E PlayReadyCryptPlugin: decrypt,462 : Drm_Reader_Decrypt() failed! dr = 0x80004005
12-11 23:13:25.493 2547 21039 W mediaErrorLogger: MediaError:MMSW_Metrics6.0:org.xbmc.kodi.DRM_DECRYPT=-2005 from decrypt
12-11 23:13:25.493 2547 21048 E NdkMediaCodec: queSecureInputBuffer:
12-11 23:13:25.493 2547 21048 E NdkMediaCodec: sf error code: -2005
12-11 23:13:25.514 289 2107 E PlayReadyCryptPlugin: decrypt,462 : Drm_Reader_Decrypt() failed! dr = 0x80004005
12-11 23:13:25.514 2547 21039 W mediaErrorLogger: MediaError:MMSW_Metrics6.0:org.xbmc.kodi.DRM_DECRYPT=-2005 from decrypt
12-11 23:13:25.514 2547 21048 E NdkMediaCodec: queSecureInputBuffer:
12-11 23:13:25.514 2547 21048 E NdkMediaCodec: sf error code: -2005
12-11 23:13:25.537 289 2107 E PlayReadyCryptPlugin: decrypt,462 : Drm_Reader_Decrypt() failed! dr = 0x80004005
12-11 23:13:25.538 2547 21039 W mediaErrorLogger: MediaError:MMSW_Metrics6.0:org.xbmc.kodi.DRM_DECRYPT=-2005 from decrypt
12-11 23:13:25.538 2547 21048 E NdkMediaCodec: queSecureInputBuffer:
12-11 23:13:25.538 2547 21048 E NdkMediaCodec: sf error code: -2005
12-11 23:13:25.553 683 844 V Avrcp : MediaController playback changed: PlaybackState {state=3, position=27444, buffered position=0, speed=1.0, updated=108993590, actions=-1, custom actions=[], active item id=-1, error=null}
12-11 23:13:25.559 289 2107 E PlayReadyCryptPlugin: decrypt,462 : Drm_Reader_Decrypt() failed! dr = 0x80004005
12-11 23:13:25.559 2547 21039 W mediaErrorLogger: MediaError:MMSW_Metrics6.0:org.xbmc.kodi.DRM_DECRYPT=-2005 from decrypt
12-11 23:13:25.559 2547 21048 E NdkMediaCodec: queSecureInputBuffer:
12-11 23:13:25.559 2547 21048 E NdkMediaCodec: sf error code: -2005
12-11 23:13:25.580 289 2107 E PlayReadyCryptPlugin: decrypt,462 : Drm_Reader_Decrypt() failed! dr = 0x80004005
12-11 23:13:25.580 2547 21039 W mediaErrorLogger: MediaError:MMSW_Metrics6.0:org.xbmc.kodi.DRM_DECRYPT=-2005 from decrypt
12-11 23:13:25.580 2547 21048 E NdkMediaCodec: queSecureInputBuffer:
12-11 23:13:25.580 2547 21048 E NdkMediaCodec: sf error code: -2005
12-11 23:13:25.600 289 2107 E PlayReadyCryptPlugin: decrypt,462 : Drm_Reader_Decrypt() failed! dr = 0x80004005
12-11 23:13:25.601 2547 21039 W mediaErrorLogger: MediaError:MMSW_Metrics6.0:org.xbmc.kodi.DRM_DECRYPT=-2005 from decrypt
12-11 23:13:25.601 2547 21048 E NdkMediaCodec: queSecureInputBuffer:
12-11 23:13:25.601 2547 21048 E NdkMediaCodec: sf error code: -2005
12-11 23:13:25.621 289 2107 E PlayReadyCryptPlugin: decrypt,462 : Drm_Reader_Decrypt() failed! dr = 0x80004005
12-11 23:13:25.621 2547 21039 W mediaErrorLogger: MediaError:MMSW_Metrics6.0:org.xbmc.kodi.DRM_DECRYPT=-2005 from decrypt
12-11 23:13:25.622 2547 21048 E NdkMediaCodec: queSecureInputBuffer:
12-11 23:13:25.622 2547 21048 E NdkMediaCodec: sf error code: -2005
12-11 23:13:25.643 289 2107 E PlayReadyCryptPlugin: decrypt,462 : Drm_Reader_Decrypt() failed! dr = 0x80004005
12-11 23:13:25.643 2547 21039 W mediaErrorLogger: MediaError:MMSW_Metrics6.0:org.xbmc.kodi.DRM_DECRYPT=-2005 from decrypt
12-11 23:13:25.644 2547 21048 E NdkMediaCodec: queSecureInputBuffer:
12-11 23:13:25.644 2547 21048 E NdkMediaCodec: sf error code: -2005
12-11 23:13:25.664 289 2107 E PlayReadyCryptPlugin: decrypt,462 : Drm_Reader_Decrypt() failed! dr = 0x80004005
12-11 23:13:25.665 2547 21039 W mediaErrorLogger: MediaError:MMSW_Metrics6.0:org.xbmc.kodi.DRM_DECRYPT=-2005 from decrypt
12-11 23:13:25.665 2547 21048 E NdkMediaCodec: queSecureInputBuffer:
12-11 23:13:25.665 2547 21048 E NdkMediaCodec: sf error code: -2005
12-11 23:13:25.685 289 2107 E PlayReadyCryptPlugin: decrypt,462 : Drm_Reader_Decrypt() failed! dr = 0x80004005
12-11 23:13:25.685 2547 21039 W mediaErrorLogger: MediaError:MMSW_Metrics6.0:org.xbmc.kodi.DRM_DECRYPT=-2005 from decrypt
12-11 23:13:25.686 2547 21048 E NdkMediaCodec: queSecureInputBuffer:
12-11 23:13:25.686 2547 21048 E NdkMediaCodec: sf error code: -2005
12-11 23:13:25.705 289 2107 E PlayReadyCryptPlugin: decrypt,462 : Drm_Reader_Decrypt() failed! dr = 0x80004005
12-11 23:13:25.706 2547 21039 W mediaErrorLogger: MediaError:MMSW_Metrics6.0:org.xbmc.kodi.DRM_DECRYPT=-2005 from decrypt
12-11 23:13:25.706 2547 21048 E NdkMediaCodec: queSecureInputBuffer:
12-11 23:13:25.706 2547 21048 E NdkMediaCodec: sf error code: -2005
12-11 23:13:25.727 289 2107 E PlayReadyCryptPlugin: decrypt,462 : Drm_Reader_Decrypt() failed! dr = 0x80004005
12-11 23:13:25.727 2547 21039 W mediaErrorLogger: MediaError:MMSW_Metrics6.0:org.xbmc.kodi.DRM_DECRYPT=-2005 from decrypt
12-11 23:13:25.727 2547 21048 E NdkMediaCodec: queSecureInputBuffer:
12-11 23:13:25.727 2547 21048 E NdkMediaCodec: sf error code: -2005
12-11 23:13:25.748 289 2107 E PlayReadyCryptPlugin: decrypt,462 : Drm_Reader_Decrypt() failed! dr = 0x80004005
12-11 23:13:25.749 2547 21039 W mediaErrorLogger: MediaError:MMSW_Metrics6.0:org.xbmc.kodi.DRM_DECRYPT=-2005 from decrypt
12-11 23:13:25.749 2547 21048 E NdkMediaCodec: queSecureInputBuffer:
12-11 23:13:25.749 2547 21048 E NdkMediaCodec: sf error code: -2005
12-11 23:13:25.768 289 2107 E PlayReadyCryptPlugin: decrypt,462 : Drm_Reader_Decrypt() failed! dr = 0x80004005
12-11 23:13:25.769 2547 21039 W mediaErrorLogger: MediaError:MMSW_Metrics6.0:org.xbmc.kodi.DRM_DECRYPT=-2005 from decrypt
12-11 23:13:25.769 2547 21048 E NdkMediaCodec: queSecureInputBuffer:
12-11 23:13:25.769 2547 21048 E NdkMediaCodec: sf error code: -2005
12-11 23:13:25.789 289 2107 E PlayReadyCryptPlugin: decrypt,462 : Drm_Reader_Decrypt() failed! dr = 0x80004005
12-11 23:13:25.790 2547 21039 W mediaErrorLogger: MediaError:MMSW_Metrics6.0:org.xbmc.kodi.DRM_DECRYPT=-2005 from decrypt
12-11 23:13:25.790 2547 21048 E NdkMediaCodec: queSecureInputBuffer:
12-11 23:13:25.790 2547 21048 E NdkMediaCodec: sf error code: -2005
12-11 23:13:25.810 289 2107 E PlayReadyCryptPlugin: decrypt,462 : Drm_Reader_Decrypt() failed! dr = 0x80004005
12-11 23:13:25.811 2547 21039 W mediaErrorLogger: MediaError:MMSW_Metrics6.0:org.xbmc.kodi.DRM_DECRYPT=-2005 from decrypt
12-11 23:13:25.811 2547 21048 E NdkMediaCodec: queSecureInputBuffer:
12-11 23:13:25.811 2547 21048 E NdkMediaCodec: sf error code: -2005
12-11 23:13:25.831 289 2107 E PlayReadyCryptPlugin: decrypt,462 : Drm_Reader_Decrypt() failed! dr = 0x80004005
12-11 23:13:25.832 2547 21039 W mediaErrorLogger: MediaError:MMSW_Metrics6.0:org.xbmc.kodi.DRM_DECRYPT=-2005 from decrypt
12-11 23:13:25.832 2547 21048 E NdkMediaCodec: queSecureInputBuffer:
12-11 23:13:25.832 2547 21048 E NdkMediaCodec: sf error code: -2005
12-11 23:13:25.851 289 2107 E PlayReadyCryptPlugin: decrypt,462 : Drm_Reader_Decrypt() failed! dr = 0x80004005
12-11 23:13:25.851 2547 21039 W mediaErrorLogger: MediaError:MMSW_Metrics6.0:org.xbmc.kodi.DRM_DECRYPT=-2005 from decrypt
12-11 23:13:25.852 2547 21048 E NdkMediaCodec: queSecureInputBuffer:
12-11 23:13:25.852 2547 21048 E NdkMediaCodec: sf error code: -2005
12-11 23:13:25.872 289 2107 E PlayReadyCryptPlugin: decrypt,462 : Drm_Reader_Decrypt() failed! dr = 0x80004005
12-11 23:13:25.873 2547 21039 W mediaErrorLogger: MediaError:MMSW_Metrics6.0:org.xbmc.kodi.DRM_DECRYPT=-2005 from decrypt
12-11 23:13:25.874 2547 21048 E NdkMediaCodec: queSecureInputBuffer:
12-11 23:13:25.874 2547 21048 E NdkMediaCodec: sf error code: -2005
12-11 23:13:25.895 289 2107 E PlayReadyCryptPlugin: decrypt,462 : Drm_Reader_Decrypt() failed! dr = 0x80004005
