D:\Desktop\platform-tools>adb logcat -c D:\Desktop\platform-tools>adb logcat -d --------- beginning of main
12-11 23:12:54.930 683 834 E bt_btif : bta_hh_le_input_rpt_notify uuid=0x2a4d srv_handle=79 is_bl_svc_primary=1
12-11 23:12:54.934 2547 2564 I chatty : uid=10145(org.xbmc.kodi) Thread-2 expire 2 lines
12-11 23:12:54.991 683 834 E bt_btif : bta_hh_le_input_rpt_notify uuid=0x2a4d srv_handle=79 is_bl_svc_primary=1 --------- beginning of system
12-11 23:12:54.991 580 2272 E AmazonInputManagerService: Toggle bit for the key 23 is not mapped.
12-11 23:12:55.739 21024 21024 I chatty : uid=10145(org.xbmc.kodi) /system/bin/ifconfig expire 6 lines
12-11 23:12:55.769 21026 21026 I chatty : uid=10145(org.xbmc.kodi) /system/bin/ifconfig expire 18 lines
12-11 23:12:56.318 2547 2566 I chatty : uid=10145(org.xbmc.kodi) Thread-3 expire 4 lines
12-11 23:12:56.321 2547 21032 I chatty : uid=10145(org.xbmc.kodi) Thread-67 expire 23 lines
12-11 23:12:56.362 683 844 V Avrcp : MediaController metadata changed
12-11 23:12:56.363 683 844 V Avrcp : MediaAttributes Changed to [MediaAttributes: [COLOR orange][Sky Sport 1 HD][/COLOR] Fußball: UEFA Champions League Dienstags-Konferenz II, Gruppenphase, 6. Spieltag - by (0/0) ]
12-11 23:12:56.416 683 844 V Avrcp : Active sessions changed, 1 sessions
12-11 23:12:56.417 683 844 V Avrcp : Updating media controller to android.media.session.MediaController@7815ffa
12-11 23:12:56.418 683 844 V Avrcp : Updated [MediaAttributes: [COLOR orange][Sky Sport 1 HD][/COLOR] Fußball: UEFA Champions League Dienstags-Konferenz II, Gruppenphase, 6. Spieltag - by (0/0) ] but no change!
12-11 23:12:56.418 1098 1625 D Vizzini:MediaSessionLib.MediaSessionCommandQueue: Active Sessions changed: 1
12-11 23:12:56.419 683 844 V Avrcp : Active sessions changed, 1 sessions
12-11 23:12:56.419 683 844 V Avrcp : Updating media controller to android.media.session.MediaController@2b039ab
12-11 23:12:56.420 1098 1625 I Vizzini:LatencyLogger: [VIZ-LATENCY] event:ON_MEDIASESSION_PERMISSION_READ_BEGIN ms:108964458
12-11 23:12:56.420 1098 1625 I Vizzini:LatencyLogger: [VIZ-LATENCY] event:ON_MEDIASESSION_PERMISSION_READ_END ms:108964459
12-11 23:12:56.420 580 3173 I MediaFocusControl: AudioFocus requestAudioFocus() from uid/pid 10145/2547 clientId=com.amazon.media.AmazonAudioManager@9e44e1eorg.xbmc.kodi.interfaces.XBMCAudioManagerOnAudioFocusChangeListener@47a2ccc req=1 flags=0x0
12-11 23:12:56.420 1098 1625 D Vizzini:MediaSessionLib.MediaSessionControllerStateMgr: org.xbmc.kodi has permission: false
12-11 23:12:56.421 683 844 V Avrcp : Updated [MediaAttributes: [COLOR orange][Sky Sport 1 HD][/COLOR] Fußball: UEFA Champions League Dienstags-Konferenz II, Gruppenphase, 6. Spieltag - by (0/0) ] but no change!
12-11 23:12:56.423 1098 1625 D Vizzini:MediaSessionLib.MediaSessionCommandQueue: Active Sessions changed: 1
12-11 23:12:56.424 1098 1625 I Vizzini:LatencyLogger: [VIZ-LATENCY] event:ON_MEDIASESSION_PERMISSION_READ_BEGIN ms:108964462
12-11 23:12:56.424 1098 1625 I Vizzini:LatencyLogger: [VIZ-LATENCY] event:ON_MEDIASESSION_PERMISSION_READ_END ms:108964463
12-11 23:12:56.424 1098 1625 D Vizzini:MediaSessionLib.MediaSessionControllerStateMgr: org.xbmc.kodi has permission: false
12-11 23:12:56.425 14797 14797 D AudioManager: AudioManager dispatching onAudioFocusChange(-1) for com.amazon.media.AmazonAudioManager@8821602com.massiveinteractive.drm.Audio$AudioFocusChangeListener@9a42b13
12-11 23:12:56.426 1098 1098 I Vizzini:AudioFocusController: Notifying com.amazon.vizzini.vim.device.localapplication.localmediaplayer.AudioFocusTracker@dd65a8
12-11 23:12:56.428 1098 1098 I Vizzini:AudioFocusController: Notifying com.amazon.vizzini.voiceservice.simclient.focus.FocusServer$ImplicitAudioFocusSwitchObserver@ecba5e1
12-11 23:12:56.429 1098 1098 D AlexaFocusAudioChannelSet: onAudioFocusAcquire (com.amazon.vizzini)
12-11 23:12:56.429 1098 1098 D AlexaFocusChannelSet: Target (com.amazon.vizzini) has not reporeted an active namespace
12-11 23:12:56.430 1098 1098 D AlexaFocusChannelSet: Target (com.amazon.vizzini) does not support any namespaces
12-11 23:12:56.430 1098 1098 W AlexaFocusAudioChannelSet: Component (com.amazon.vizzini) has not registered a namespace; ignoring request
12-11 23:12:56.464 683 844 V Avrcp : MediaController playback changed: PlaybackState {state=3, position=0, buffered position=0, speed=1.0, updated=108964502, actions=-1, custom actions=[], active item id=-1, error=null}
12-11 23:12:56.688 289 20481 I chatty : uid=1013(media) Binder:289_5 expire 135 lines
12-11 23:12:56.980 683 844 V Avrcp : MediaController playback changed: PlaybackState {state=3, position=0, buffered position=0, speed=1.0, updated=108965018, actions=-1, custom actions=[], active item id=-1, error=null}
12-11 23:12:57.481 683 844 V Avrcp : MediaController playback changed: PlaybackState {state=3, position=0, buffered position=0, speed=1.0, updated=108965518, actions=-1, custom actions=[], active item id=-1, error=null}
12-11 23:12:57.885 289 2107 I chatty : uid=1013(media) Binder:289_3 expire 534 lines
12-11 23:12:57.913 2547 2547 I chatty : uid=10145(org.xbmc.kodi) expire 4 lines
12-11 23:12:57.932 291 18155 I chatty : uid=1013(media) Binder:291_5 expire 7 lines
12-11 23:12:57.933 2547 21040 I chatty : uid=10145(org.xbmc.kodi) CodecLooper expire 6 lines
12-11 23:12:57.934 279 1029 I OMXMaster: makeComponentInstance(OMX.MTK.VIDEO.DECODER.AVC) in mediacodec process
12-11 23:12:57.934 279 1029 D MtkOmxCore: Mtk_OMX_GetHandle (OMX.MTK.VIDEO.DECODER.AVC)
12-11 23:12:57.934 279 1029 D MtkOmxCore: comp_index(5), path(libMtkOmxVdecEx.so) max_instance(4)
12-11 23:12:57.934 279 1029 D MtkOmxCore: find_omx_lib_index, lib_index=0, pOmxModule=0x0x24d8e781, lib_path=libMtkOmxVdecEx.so
12-11 23:12:57.934 279 1029 D MtkOmxVdecEx: [0xb1515000] MtkOmxVdec::MtkOmxVdec this 0xB1515000
12-11 23:12:57.934 279 1029 D MtkOmxVdecEx: [0xb1515000] MtkOmxVdec OmxVdecLogEnable = 0, bOmxVdecPerfLogEnable = 0
12-11 23:12:57.934 279 1029 D MtkOmxVdecEx: [0xb1515000] [MtkOmxVdec]VAL_CHIP_NAME_MT8695
12-11 23:12:57.934 279 1029 D MtkOmxVdecEx: [0xb1515000] Build With MJC:0. Fake Engine(0)
12-11 23:12:57.935 279 1029 I PPFramework: Create pp=0xb48b1600
12-11 23:12:57.935 279 1029 I HwdiFilter: PP_HWDI_Filter this= 0xB4892820
12-11 23:12:57.935 279 1029 I PPFramework: SetFilterIndex filter=0xb4892820,index = 0
12-11 23:12:57.935 279 1029 I PPFramework: SetParameter nParamIndex = 4
12-11 23:12:57.935 279 1029 I PPFramework: SetParameter nParamIndex = 5
12-11 23:12:57.935 279 1029 I PPFramework: SetParameter mMode TO 1
12-11 23:12:57.935 279 1029 I PPFramework: SetParameter nParamIndex = 5
12-11 23:12:57.935 279 1029 I PPFramework: SetParameter mMode TO 0
12-11 23:12:57.935 279 1029 D MtkOmxVdecEx: [0xb1515000] keep orignal buffer count : 1
12-11 23:12:57.935 279 1029 D MtkOmxVdecEx: [0xb1515000] Adaptive Playback Enable!
12-11 23:12:57.936 279 1029 D MtkOmxVdecEx: [0xb1515000] Priority Adjustment enabled (mPendingOutputThreshold=5)!!!
12-11 23:12:57.936 279 1029 D MtkOmxVdecEx: [0xb1515000] Priority Adjustment enabled (mTimeThreshold=133000)!!!
12-11 23:12:57.936 279 1029 D MtkOmxMVAMgr: [0xb4b1b640] Create ion MVA Map!
12-11 23:12:57.936 279 1029 D MtkOmxMVAMgr: [0xb4b1b4d8] Create ion MVA Map!
12-11 23:12:57.936 279 1029 D MtkOmxVdecEx: [0xb1515000] MtkOmxComponentCreate mCompHandle(0xB1515004)
12-11 23:12:57.936 279 1029 D MtkOmxVdecEx: [0xb1515000] MtkOmxVdec::ComponentInit (OMX.MTK.VIDEO.DECODER.AVC)
12-11 23:12:57.936 279 1029 D MtkOmxVdecEx: [0xb1515000] MtkOmxVdec::SetConfig -> disable priority adjustment
12-11 23:12:57.937 279 1029 D MtkOmxVdecEx: [0xb1515000] allocate mFrameBuf: 0xb48130c0 mOutputPortDef.nBufferCountActual:21 MAX_TOTAL_BUFFER_CNT:64 sizeof(FrmBufStruct):312
12-11 23:12:57.937 279 1029 D MtkOmxVdecEx: [0xb1515000] MtkOmxVdec 0xb1515000: pipe : 13, 14
12-11 23:12:57.937 279 1029 D MtkOmxVdecEx: [0xb1515000] MtkOmxVdec mCodecId:2, mOmxVdecCoreFbdEnable = 1
12-11 23:12:57.937 279 21042 E MtkOmxVdecEx: [0xb1515000] MtkOmxVdecThread created pVdec=0xB1515000, tid=21042
12-11 23:12:57.937 279 21043 E MtkOmxVdecEx: [0xb1515000] MtkOmxVdecDecodeThread created pVdec=0xB1515000, tid=21043
12-11 23:12:57.937 279 1029 I PPFramework: SetParameter nParamIndex = 8
12-11 23:12:57.937 279 1029 I PPFramework: SetParameter PP_PARAM_CODECTYPE: 2
12-11 23:12:57.937 279 1029 I PPFramework: SetParameter nParamIndex = 14
12-11 23:12:57.937 279 1029 I PPFramework: SetParameter PP_PARAM_IS_SEC:0
12-11 23:12:57.937 279 1029 D MtkOmxCore: MtkOmxCoreCpuControlThread created (0xB0F05920)
12-11 23:12:57.937 279 1029 D MtkOmxCore: +++++ dump_inst_handle_pool +++++
12-11 23:12:57.937 279 1029 D MtkOmxCore: gCoreCompInstance[0].comp_module=0x0x24d8e781, comp_handle=0x0xb1515004, comp_name=OMX.MTK.VIDEO.DECODER.AVC
12-11 23:12:57.937 279 1029 D MtkOmxCore: ----- dump_inst_handle_pool -----
12-11 23:12:57.937 279 21045 E MtkOmxVdecEx: [0xb1515000] MtkOmxVdecConvertThread created pVdec=0xB1515000, tid=21045
12-11 23:12:57.938 279 21045 D MtkOmxVdecEx: [0xb1515000] ## Wait to convert (0) (SrcQ: 0, DstQ: 0)
12-11 23:12:57.938 279 21044 E MtkOmxVdecEx: [0xb1515000] MtkOmxVdecPostDispThread created pVdec=0xB1515000, tid=21044
12-11 23:12:57.938 279 21041 I PPFramework: + run pp=0xb48b1600 thread
12-11 23:12:57.940 2547 21039 I chatty : uid=10145(org.xbmc.kodi) NDK MediaCodec_ expire 883 lines
12-11 23:12:57.942 279 1029 D MtkOmxVdecEx: [0xb1515000] @@ OMX_GoogleAndroidIndexstoreANWBufferInMetadata
12-11 23:12:57.942 279 1029 D MtkOmxVdecEx: [0xb1515000] @@ mStoreMetaDataInBuffers(1) for port(1)
12-11 23:12:57.943 279 279 D MtkOmxVdecEx: [0xb1515000] [MtkOmxVdec] Get decoder property, VDEC_DRV_QUERY_TYPE_UFO_SUPPORT: 1, 4446
12-11 23:12:57.943 279 279 D MtkOmxVdecEx: [0xb1515000] Set Output eColorFormat before 7f000001, after 7f000001
12-11 23:12:57.943 279 279 D MtkOmxVdecEx: [0xb1515000] [INPUT] (176)(144)(1572864)
12-11 23:12:57.943 279 1566 D MtkOmxVdecEx: [0xb1515000] [MtkOmxVdec] Get decoder property, VDEC_DRV_QUERY_TYPE_UFO_SUPPORT: 1, 4446
12-11 23:12:57.943 279 1566 D MtkOmxVdecEx: [0xb1515000] mOutputPortDef eColorFormat(7f000001), eColorFormat(7f000001), meDecodeType(0), mForceOutputBufferCount(0), mIsUsingNativeBuffers(0)
12-11 23:12:57.944 279 1566 D MtkOmxVdecEx: [0xb1515000] UsingConverted, FrameWidth(176), FrameHeight(144)
12-11 23:12:57.944 279 1566 D MtkOmxVdecEx: [0xb1515000] [MtkOmxVdec] Get decoder property, VDEC_DRV_QUERY_TYPE_UFO_SUPPORT: 1, 4446
12-11 23:12:57.944 279 1566 D MtkOmxVdecEx: [0xb1515000] 32x32 Aligned! mOutputPortDef.nBufferSize(46080), nStride(192), nSliceHeight(160) nBufferCountActual(21)
12-11 23:12:57.944 279 1566 D MtkOmxVdecEx: [0xb1515000] SetParameter: VDEC_DRV_PIXEL_FORMAT_YUV_420_PLANER_MTK
12-11 23:12:57.944 279 1566 D MtkOmxVdecEx: [0xb1515000] [WARNING] Cannot get param: VDEC_DRV_GET_TYPE_GET_FRAME_CROP_INFO
12-11 23:12:57.944 279 1566 D MtkOmxVdecEx: [0xb1515000] nStride = 1920, nSliceHeight = 1088, PicSize = 3136320, ori_nBufferCountActual = 21
12-11 23:12:57.944 279 1566 D MtkOmxVdecEx: [0xb1515000] mSeqInfoCompleteFlag 0, mLegacyMode = 0, mIsUsingNativeBuffers 0
12-11 23:12:57.944 279 1566 D MtkOmxVdecEx: [0xb1515000] MaxDPBNumber = 16, OutputBuffers = 20 (6) ,PicSize=3136320
12-11 23:12:57.944 279 1566 D MtkOmxVdecEx: [0xb1515000] [MtkOmxVdec] Get decoder property, VDEC_DRV_QUERY_TYPE_UFO_SUPPORT: 1, 4446
12-11 23:12:57.946 279 1566 D MtkOmxVdecEx: [0xb1515000] set ColorAspectsParams nSize 44, nVersion 1, nPortIndex 1, bRequestingDataSpace 0, bDataSpaceChanged 0, nPixelFormat 0, nDataSpace 0, sizeof(ColorAspects) (2, 1, 3, 1), 16
12-11 23:12:57.946 279 1566 D MtkOmxVdecEx: [0xb1515000] set HDRStaticInfo nSize 40, nVersion 1, nPortIndex 1, sInfo 0
12-11 23:12:57.946 279 1566 D MtkOmxVdecEx: [0xb1515000] set HDRStaticInfo sinfo: [0, 0], [0, 0], [0, 0], [0, 0], [0, 0], [0, 0]
12-11 23:12:57.947 279 1566 D MtkOmxVdecEx: [0xb1515000] OMX_GoogleAndroidIndexEnableAndroidNativeBuffers enable(1)
12-11 23:12:57.947 279 1566 D MtkOmxVdecEx: [0xb1515000] [INPUT] (1920)(1080)(1573376)
12-11 23:12:57.947 279 1566 D MtkOmxVdecEx: [0xb1515000] [INPUT] (1920)(1080)(1573376)
12-11 23:12:57.947 279 1566 D MtkOmxVdecEx: [0xb1515000] [MtkOmxVdec] Get decoder property, VDEC_DRV_QUERY_TYPE_UFO_SUPPORT: 1, 4446
12-11 23:12:57.947 279 1566 D MtkOmxVdecEx: [0xb1515000] mOutputPortDef eColorFormat(7f000001), eColorFormat(7f000001), meDecodeType(0), mForceOutputBufferCount(0), mIsUsingNativeBuffers(1)
12-11 23:12:57.947 279 1566 D MtkOmxVdecEx: [0xb1515000] [MtkOmxVdec] Get decoder property, VDEC_DRV_QUERY_TYPE_UFO_SUPPORT: 1, 4446
12-11 23:12:57.947 279 1566 D MtkOmxVdecEx: [0xb1515000] 32x32 Aligned! mOutputPortDef.nBufferSize(3133440), nStride(1920), nSliceHeight(1088) nBufferCountActual(6)
12-11 23:12:57.947 279 1566 D MtkOmxVdecEx: [0xb1515000] [WARNING] Cannot get param: VDEC_DRV_GET_TYPE_GET_FRAME_CROP_INFO
12-11 23:12:57.947 279 1566 E OMXNodeInstance: getConfig(11700b0:MTK.DECODER.AVC, ConfigCommonOutputCrop(0x700000f)) ERROR: BadParameter(0x80001005)
12-11 23:12:57.948 279 1566 D MtkOmxVdecEx: [0xb1515000] set ColorAspectsParams nSize 44, nVersion 1, nPortIndex 1, bRequestingDataSpace 0, bDataSpaceChanged 0, nPixelFormat 0, nDataSpace 0, sizeof(ColorAspects) (2, 1, 3, 1), 16
12-11 23:12:57.948 279 1566 D MtkOmxVdecEx: [0xb1515000] get ColorAspectsParams nSize 44, nVersion 1, nPortIndex 1, bRequestingDataSpace 0, bDataSpaceChanged 0, nPixelFormat 0, nDataSpace 0, (2, 1, 3, 1)
12-11 23:12:57.948 279 1566 D MtkOmxVdecEx: [0xb1515000] get ColorAspectsParams nSize 44, nVersion 1, nPortIndex 1, bRequestingDataSpace 0, bDataSpaceChanged 0, nPixelFormat 0, nDataSpace 0, (2, 1, 3, 1)
12-11 23:12:57.948 279 1566 D MtkOmxVdecEx: [0xb1515000] get HDRStaticInfo nSize 40, nVersion 1, nPortIndex 1, sInfo 0
12-11 23:12:57.951 279 1566 D MtkOmxVdecEx: [0xb1515000] MtkOmxVdec::SendCommand cmd=OMX_CommandStateSet
12-11 23:12:57.951 279 1566 D MtkOmxVdecEx: [0xb1515000] set MTK_OMX_VDEC_IDLE_PENDING
12-11 23:12:57.951 279 21042 D MtkOmxVdecEx: [0xb1515000] # Got general command (OMX_CommandStateSet)
12-11 23:12:57.951 279 21042 D MtkOmxVdecEx: [0xb1515000] Request [OMX_StateLoaded]-> [OMX_StateIdle]
12-11 23:12:57.951 279 21042 D MtkOmxVdecEx: [0xb1515000] wait on mInPortAllocDoneSem(0), mOutPortAllocDoneSem(0)!!
12-11 23:12:57.951 279 1566 D MtkOmxVdecEx: [0xb1515000] [INPUT] (1920)(1080)(1573376)
12-11 23:12:57.953 279 1566 D MtkOmxVdecEx: [0xb1515000] MtkOmxVdec::AllocateBuffer In port_idx(0x0), idx[0], pBuffHead(0xB4B249D0), pBuffer(0xB0989000), mInputUseION(1)
12-11 23:12:57.954 279 1566 D MtkOmxVdecEx: [0xb1515000] MtkOmxVdec::AllocateBuffer In port_idx(0x0), idx[1], pBuffHead(0xB4B24A40), pBuffer(0xB0808000), mInputUseION(1)
12-11 23:12:57.959 279 1566 D MtkOmxVdecEx: [0xb1515000] MtkOmxVdec::AllocateBuffer In port_idx(0x0), idx[2], pBuffHead(0xB4B247A0), pBuffer(0xB0687000), mInputUseION(1)
12-11 23:12:57.960 279 1566 D MtkOmxVdecEx: [0xb1515000] MtkOmxVdec::AllocateBuffer In port_idx(0x0), idx[3], pBuffHead(0xB4B24AB0), pBuffer(0xB0506000), mInputUseION(1)
12-11 23:12:57.962 279 1566 D MtkOmxVdecEx: [0xb1515000] MtkOmxVdec::AllocateBuffer In port_idx(0x0), idx[4], pBuffHead(0xB4B24880), pBuffer(0xB0385000), mInputUseION(1)
12-11 23:12:57.964 279 1566 D MtkOmxVdecEx: [0xb1515000] MtkOmxVdec::AllocateBuffer In port_idx(0x0), idx[5], pBuffHead(0xB4B248F0), pBuffer(0xB00FF000), mInputUseION(1)
12-11 23:12:57.965 279 279 D MtkOmxVdecEx: [0xb1515000] MtkOmxVdec::AllocateBuffer In port_idx(0x0), idx[6], pBuffHead(0xB488A230), pBuffer(0xAFF7E000), mInputUseION(1)
12-11 23:12:57.968 279 1566 D MtkOmxVdecEx: [0xb1515000] MtkOmxVdec::AllocateBuffer In port_idx(0x0), idx[7], pBuffHead(0xB488A0E0), pBuffer(0xAFDFD000), mInputUseION(1)
12-11 23:12:57.968 279 1566 D MtkOmxVdecEx: [0xb1515000] signal mInPortAllocDoneSem (1)
12-11 23:12:57.968 279 1566 D MtkOmxVdecEx: [0xb1515000] AllocateBuffer:: input port populated
12-11 23:12:57.968 279 1566 D MtkOmxVdecEx: [0xb1515000] [MtkOmxVdec] Get decoder property, VDEC_DRV_QUERY_TYPE_UFO_SUPPORT: 1, 4446
12-11 23:12:57.968 279 1566 D MtkOmxVdecEx: [0xb1515000] mOutputPortDef eColorFormat(7f000001), eColorFormat(7f000001), meDecodeType(0), mForceOutputBufferCount(0), mIsUsingNativeBuffers(1)
12-11 23:12:57.969 279 1566 D MtkOmxVdecEx: [0xb1515000] [MtkOmxVdec] Get decoder property, VDEC_DRV_QUERY_TYPE_UFO_SUPPORT: 1, 4446
12-11 23:12:57.969 279 1566 D MtkOmxVdecEx: [0xb1515000] 32x32 Aligned! mOutputPortDef.nBufferSize(3133440), nStride(1920), nSliceHeight(1088) nBufferCountActual(6)
12-11 23:12:57.969 279 1566 D MtkOmxVdecEx: [0xb1515000] [MtkOmxVdec] Get decoder property, VDEC_DRV_QUERY_TYPE_UFO_SUPPORT: 1, 4446
12-11 23:12:57.969 279 1566 D MtkOmxVdecEx: [0xb1515000] mOutputPortDef eColorFormat(7f000001), eColorFormat(7f000001), meDecodeType(0), mForceOutputBufferCount(0), mIsUsingNativeBuffers(1)
12-11 23:12:57.969 279 1566 D MtkOmxVdecEx: [0xb1515000] [MtkOmxVdec] Get decoder property, VDEC_DRV_QUERY_TYPE_UFO_SUPPORT: 1, 4446
12-11 23:12:57.969 279 1566 D MtkOmxVdecEx: [0xb1515000] 32x32 Aligned! mOutputPortDef.nBufferSize(3133440), nStride(1920), nSliceHeight(1088) nBufferCountActual(6)
12-11 23:12:57.969 279 1566 E OMXNodeInstance: setParameter(11700b0:MTK.DECODER.AVC, ParamPortDefinition(0x2000001)) ERROR: BadParameter(0x80001005)
12-11 23:12:57.970 279 1566 D MtkOmxVdecEx: [0xb1515000] keep going before decoder init
12-11 23:12:57.970 279 1566 D MtkOmxVdecEx: [0xb1515000] SetParameter: VDEC_DRV_PIXEL_FORMAT_YUV_420_PLANER_MTK
12-11 23:12:57.970 279 1566 D MtkOmxVdecEx: [0xb1515000] [WARNING] Cannot get param: VDEC_DRV_GET_TYPE_GET_FRAME_CROP_INFO
12-11 23:12:57.970 279 1566 D MtkOmxVdecEx: [0xb1515000] nStride = 1920, nSliceHeight = 1088, PicSize = 3136320, ori_nBufferCountActual = 6
12-11 23:12:57.970 279 1566 D MtkOmxVdecEx: [0xb1515000] mSeqInfoCompleteFlag 0, mLegacyMode = 0, mIsUsingNativeBuffers 1
12-11 23:12:57.970 279 1566 D MtkOmxVdecEx: [0xb1515000] MaxDPBNumber = 16, OutputBuffers = 20 (6) ,PicSize=3136320
12-11 23:12:57.970 279 1566 D MtkOmxVdecEx: [0xb1515000] [MtkOmxVdec] Get decoder property, VDEC_DRV_QUERY_TYPE_UFO_SUPPORT: 1, 4446
12-11 23:12:57.971 279 1566 D MtkOmxVdecEx: [0xb1515000] UseBuffer:: clear mFrameBuf
12-11 23:12:57.971 279 1566 D MtkOmxMVAMgr: [0xb4b1b4d8] [WARNING] Can not find MVA from VA: 0xb48fc810
12-11 23:12:57.971 279 1566 D MtkOmxVdecEx: [0xb1515000] signal mOutPortAllocDoneSem (1)
12-11 23:12:57.971 279 1566 D MtkOmxVdecEx: [0xb1515000] output port populated
12-11 23:12:57.972 279 1566 D MtkOmxVdecEx: [0xb1515000] MtkOmxVdec::SendCommand cmd=OMX_CommandStateSet
12-11 23:12:57.972 279 21042 D MtkOmxVdecEx: [0xb1515000] # Got general command (OMX_CommandStateSet)
12-11 23:12:57.972 279 21042 D MtkOmxVdecEx: [0xb1515000] Request [OMX_StateIdle]-> [OMX_StateExecuting]
12-11 23:12:57.972 279 21042 D MtkOmxVdecEx: [0xb1515000] state changes to OMX_StateExecuting
12-11 23:12:57.978 2547 21048 I chatty : uid=10145(org.xbmc.kodi) Thread-67 expire 1012 lines
12-11 23:12:57.988 279 21043 I VDO_LOG : VDEC_DRV_SET_TYPE_SET_OMX_TIDS tid1 = 21042, tid2 = 21043
12-11 23:12:57.988 279 21043 I BWC : set_bwc_mm_property: propterty_id=7, value1=2, value2=0
12-11 23:12:57.988 279 21043 I BWC : get_bwc_mm_property success
12-11 23:12:57.988 279 21043 E BWC : fail to open ddr_type_file driver file
12-11 23:12:57.988 279 21043 I BWC : DDR Type = -1
12-11 23:12:57.989 279 21043 I BWC : smi_bw_ctrl_set: scen 3, turn on
12-11 23:12:57.989 279 21043 I BWC : emi_string is CON_SCE_VP
12-11 23:12:57.989 279 21043 I BWC : emi_bw_ctrl_set: CON_SCE_VP ON
12-11 23:12:57.989 279 21043 I BWC : set_bwc_mm_property: propterty_id=0, value1=128, value2=0
12-11 23:12:57.989 279 21043 I BWC : gpu_bw_ultra_set: 0, disable
12-11 23:12:57.989 279 21043 I BWC : Profile_Change:[BWCPT_VIDEO_PLAYBACK]:ON,current concurrency is 0x80
12-11 23:12:57.992 2547 21050 I chatty : uid=10145(org.xbmc.kodi) MediaCodec_loop expire 8 lines
12-11 23:12:57.994 580 3173 I AmazonPowerManagerVendorCallback: Wakelock acquired UID:10145 PID:2547 Tag:org.xbmc.kodi
12-11 23:12:57.995 279 279 I OMXMaster: makeComponentInstance(OMX.google.raw.decoder) in mediacodec process
12-11 23:12:57.996 683 844 V Avrcp : MediaController playback changed: PlaybackState {state=3, position=0, buffered position=0, speed=1.0, updated=108966034, actions=-1, custom actions=[], active item id=-1, error=null}
12-11 23:12:58.008 1132 1132 I OZ-DCS:WakeLockReceiver: Posting wakelock event on feed bus: [key]: amazon.intent.action.WAKELOCK_ACQUIRED [uid]: 10145 [pid]: 2547 [tag]: org.xbmc.kodi
12-11 23:12:58.009 291 753 I chatty : uid=1013(media) Binder:291_2 expire 2 lines
12-11 23:12:58.016 2547 21053 I chatty : uid=10145(org.xbmc.kodi) Thread-71 expire 6 lines
12-11 23:12:58.040 1098 1098 I Vizzini:ExternalPlaybackStateManager: Media State Update: com.amazon.vizzini.codec.CodecStateManager is ACTIVE
12-11 23:12:58.040 1098 1098 I Vizzini:ExternalPlaybackStateManager: Getting media context for source com.amazon.vizzini.codec.CodecStateManager
12-11 23:12:58.041 1098 1098 I Vizzini:AlexaContextClient: Adding device context namespace: LocalMediaPlayer, name: PlaybackState
12-11 23:12:58.043 1098 1098 I BaseContextManager: Adding device context removePerformed = false, [namespace=LocalMediaPlayer, name=PlaybackState]
12-11 23:12:58.043 1098 1098 D AlexaFocusContentChannel: Focus Stack Empty
12-11 23:12:58.043 1098 1098 V Vizzini:ExternalPlaybackStateManager: Current Media focus being acquired
12-11 23:12:58.043 1098 1098 D AlexaFocusAudioChannelSet: Acquiring audio focus for package (com.amazon.vizzini)
12-11 23:12:58.044 1098 1098 D AlexaFocusChannelSet: acquireFocus namespace (LocalMediaPlayer) channel (content) client (com.amazon.vizzini) type (Package)
12-11 23:12:58.044 1098 1098 D AlexaFocusFilter: Namespace (LocalMediaPlayer) accepted as Local Application interface
12-11 23:12:58.044 1098 1098 D AlexaFocusContentChannel: acquireFocus namespace (LocalMediaPlayer) channel (content) client (com.amazon.vizzini) type (Package)
12-11 23:12:58.044 1098 1098 D AlexaFocusContentChannel: acquireFocus namespace (LocalMediaPlayer) packageName (com.amazon.vizzini)
12-11 23:12:58.044 1098 1098 D AlexaFocusContentChannel: removeOnAdd: false
12-11 23:12:58.044 1098 1098 I Vizzini:ExternalPlaybackStateManager: We aren't associated with another device, don't send an event.
12-11 23:12:58.059 279 21043 D MtkOmxVdecEx: [0xb1515000] InitVideoDecodeHW(): meDecodeType=0, mThumbnailMode=0, color format=7f000001, nStride=1920, nSliceHeight=1088
12-11 23:12:58.059 279 21043 D MtkOmxVdecEx: [0xb1515000] VAL_CHIP_NAME_MT8695
12-11 23:12:58.059 279 21043 I VDO_LOG : VDEC_DRV_SET_TYPE_SET_CODEC_COLOR_FORAMT Format = 0x2
12-11 23:12:58.059 279 21043 I VDO_LOG : VDEC_DRV_SET_TYPE_SET_CODEC_YUV_STRIDE YStride = 16, u4UVStride = 8
12-11 23:12:58.059 279 21043 D MtkOmxVdecEx: [0xb1515000] [Info][InitVideoDecodeHW] codec property 0x00000001
12-11 23:12:58.059 279 21043 D MtkOmxVdecEx: [0xb1515000] [MtkOmxVdec] Get decoder property, VDEC_DRV_QUERY_TYPE_UFO_SUPPORT: 1, 4446
12-11 23:12:58.060 279 279 D MtkOmxVdecEx: [0xb1515000] [MtkOmxVdec] Get decoder property, VDEC_DRV_QUERY_TYPE_UFO_SUPPORT: 1, 4446
12-11 23:12:58.060 279 279 D MtkOmxVdecEx: [0xb1515000] mOutputPortDef eColorFormat(7f000001), eColorFormat(7f000001), meDecodeType(0), mForceOutputBufferCount(0), mIsUsingNativeBuffers(1)
12-11 23:12:58.060 279 279 D MtkOmxVdecEx: [0xb1515000] [MtkOmxVdec] Get decoder property, VDEC_DRV_QUERY_TYPE_UFO_SUPPORT: 1, 4446
12-11 23:12:58.060 279 279 D MtkOmxVdecEx: [0xb1515000] 32x32 Aligned! mOutputPortDef.nBufferSize(3133440), nStride(1920), nSliceHeight(1088) nBufferCountActual(13)
12-11 23:12:58.060 279 1566 D MtkOmxVdecEx: [0xb1515000] set ColorAspectsParams nSize 44, nVersion 1, nPortIndex 1, bRequestingDataSpace 0, bDataSpaceChanged 0, nPixelFormat 0, nDataSpace 0, sizeof(ColorAspects) (2, 1, 3, 1), 16
12-11 23:12:58.060 279 1566 D MtkOmxVdecEx: [0xb1515000] get ColorAspectsParams nSize 44, nVersion 1, nPortIndex 1, bRequestingDataSpace 0, bDataSpaceChanged 0, nPixelFormat 0, nDataSpace 0, (2, 1, 3, 1)
12-11 23:12:58.060 279 1566 D MtkOmxVdecEx: [0xb1515000] get ColorAspectsParams nSize 44, nVersion 1, nPortIndex 1, bRequestingDataSpace 0, bDataSpaceChanged 0, nPixelFormat 0, nDataSpace 0, (2, 1, 3, 1)
12-11 23:12:58.061 279 1566 D MtkOmxVdecEx: [0xb1515000] get HDRStaticInfo nSize 40, nVersion 1, nPortIndex 1, sInfo 0
12-11 23:12:58.061 279 1566 D MtkOmxVdecEx: [0xb1515000] MtkOmxVdec::SendCommand cmd=OMX_CommandPortDisable
12-11 23:12:58.061 279 21042 D MtkOmxVdecEx: [0xb1515000] # Got general command (OMX_CommandPortDisable)
12-11 23:12:58.061 279 21042 D MtkOmxVdecEx: [0xb1515000] MtkOmxVdec::HandlePortDisable nPortIndex=0x1
12-11 23:12:58.061 279 21042 D MtkOmxVdecEx: [0xb1515000] MtkOmxVdec::HandlePortDisable mOutputPortDef.bPopulated(1)
12-11 23:12:58.062 279 21043 D MtkOmxVdecEx: [0xb1515000] MtkOmxVdecDecodeThread cannot decode when port re-config is in progress
12-11 23:12:58.063 279 21042 D MtkOmxVdecEx: [0xb1515000] +FlushOutputPort
12-11 23:12:58.063 279 21042 D MtkOmxVdecEx: [0xb1515000] --- FTBQ: mNumPendingOutput 1; mFillThisBufQ.size() 1, CCDst: 0, CCSrc: 0
12-11 23:12:58.068 279 21042 I PPFramework: flushAllBufQ
12-11 23:12:58.068 279 21041 I PPFramework: SetParameter nParamIndex = 5
12-11 23:12:58.068 279 21041 I PPFramework: SetParameter mMode TO 16
12-11 23:12:58.068 279 21041 I PPFramework: PPFw not in running state, ignore flush event
12-11 23:12:58.068 279 21041 I PPFramework: SetParameter nParamIndex = 5
12-11 23:12:58.068 279 21041 I PPFramework: SetParameter mMode TO 0
12-11 23:12:58.068 279 21042 D MtkOmxMVAMgr: [0xb4b1b4d8] [WARNING] Can not find MVA from VA: 0x0
12-11 23:12:58.068 279 21042 D MtkOmxVdecEx: [0xb1515000] FBD (Pending_FTQ) (0xB488A770) (0xB48FC950) 0 (0) flags(0x00000000)
12-11 23:12:58.068 279 21042 D MtkOmxVdecEx: [0xb1515000] -FlushOutputPort -> mNumPendingOutput(0)
12-11 23:12:58.069 279 279 D MtkOmxVdecEx: [0xb1515000] MtkOmxVdec::FreeBuffer all output buffers have been freed!!! signal mOutPortFreeDoneSem(1)
12-11 23:12:58.069 279 279 D MtkOmxMVAMgr: [0xb4b1b4d8] Remove ion MVA Map, remain buffer count=0
12-11 23:12:58.070 279 279 D MtkOmxVdecEx: [0xb1515000] MtkOmxVdec::SendCommand cmd=OMX_CommandPortEnable
12-11 23:12:58.070 279 21042 D MtkOmxVdecEx: [0xb1515000] # Got general command (OMX_CommandPortEnable)
12-11 23:12:58.070 279 21042 D MtkOmxVdecEx: [0xb1515000] Wait on mOutPortAllocDoneSem(0)
12-11 23:12:58.070 279 1029 D MtkOmxVdecEx: [0xb1515000] [MtkOmxVdec] Get decoder property, VDEC_DRV_QUERY_TYPE_UFO_SUPPORT: 1, 4446
12-11 23:12:58.070 279 1029 D MtkOmxVdecEx: [0xb1515000] mOutputPortDef eColorFormat(7f000001), eColorFormat(7f000001), meDecodeType(0), mForceOutputBufferCount(0), mIsUsingNativeBuffers(1)
12-11 23:12:58.070 279 1029 D MtkOmxVdecEx: [0xb1515000] [MtkOmxVdec] Get decoder property, VDEC_DRV_QUERY_TYPE_UFO_SUPPORT: 1, 4446
12-11 23:12:58.070 279 1029 D MtkOmxVdecEx: [0xb1515000] 32x32 Aligned! mOutputPortDef.nBufferSize(3133440), nStride(1920), nSliceHeight(1088) nBufferCountActual(13)
12-11 23:12:58.071 279 1566 D MtkOmxVdecEx: [0xb1515000] [MtkOmxVdec] Get decoder property, VDEC_DRV_QUERY_TYPE_UFO_SUPPORT: 1, 4446
12-11 23:12:58.071 279 1566 D MtkOmxVdecEx: [0xb1515000] mOutputPortDef eColorFormat(7f000001), eColorFormat(7f000001), meDecodeType(0), mForceOutputBufferCount(0), mIsUsingNativeBuffers(1)
12-11 23:12:58.071 279 1566 D MtkOmxVdecEx: [0xb1515000] [MtkOmxVdec] Get decoder property, VDEC_DRV_QUERY_TYPE_UFO_SUPPORT: 1, 4446
12-11 23:12:58.071 279 1566 D MtkOmxVdecEx: [0xb1515000] 32x32 Aligned! mOutputPortDef.nBufferSize(3133440), nStride(1920), nSliceHeight(1088) nBufferCountActual(13)
12-11 23:12:58.072 279 279 E OMXNodeInstance: setParameter(11700b0:MTK.DECODER.AVC, ParamPortDefinition(0x2000001)) ERROR: BadParameter(0x80001005)
12-11 23:12:58.073 279 279 D MtkOmxVdecEx: [0xb1515000] UseBuffer:: clear mFrameBuf
12-11 23:12:58.073 279 279 D MtkOmxMVAMgr: [0xb4b1b4d8] [WARNING] Can not find MVA from VA: 0xb48fc780
12-11 23:12:58.075 279 1566 D MtkOmxVdecEx: [0xb1515000] signal mOutPortAllocDoneSem (1)
12-11 23:12:58.075 279 1566 D MtkOmxVdecEx: [0xb1515000] output port populated
12-11 23:12:58.076 279 21042 D MtkOmxVdecEx: [0xb1515000] mPortReconfigInProgress as FALSE
12-11 23:12:58.171 580 652 D hdmi_cec: [HWCEC] ucecevents: hdmi CEC_RX_CMD callback...
12-11 23:12:58.171 580 652 D hdmi_cec: [HWCEC] CEC_RX_CMD, init:0, dest:15, opcode: 0x87,size:4, param[0]=0x0, param_length:3
12-11 23:12:58.173 580 580 D AmazonHdmiService: Posting callback to app
12-11 23:12:58.174 580 657 D AmazonHdmiService: Num of callbacks registered 1
12-11 23:12:58.174 580 657 D AmazonHdmiService: Broadcasting callback
12-11 23:12:58.174 580 657 D AmazonHdmiService: Broadcasting finished
12-11 23:12:58.175 1132 14530 D OZ-DCSCEC:HdmiCecAgent: Received message: Source: 0x00; Destination: 0x0F; Opcode: 0x87; Params: 0x00:0xE0:0x91
12-11 23:12:58.175 1132 1132 I OZ-DCSCEC:HdmiCecAgent: isPowerOffChangerMessage: false
12-11 23:12:58.175 1132 1132 I OZ-DCSCEC:HdmiCecAgent: processPowerChange => Device: DEVICE_TV: DEVICE_ON; opcode: 0x87isPowerOnChangerMessage: true; isPowerOffChangerMessage: false
12-11 23:12:58.176 1132 1132 V OZ-DCSCEC:HdmiCecAgent: process CEC message: Source: 0x00; Destination: 0x0F; Opcode: 0x87; Params: 0x00:0xE0:0x91, start delay[ms]: 0, processing duration[ms]: 0, since message received until end of processing[ms]: 0
12-11 23:12:58.188 279 21055 I VDO_LOG : [LAT]sem_wait nWaitMilliSec : 100
12-11 23:12:58.205 279 21043 I : sem_wait nWaitMilliSec : 100
12-11 23:12:58.311 580 652 D hdmi_cec: [HWCEC] ucecevents: hdmi CEC_RX_CMD callback...
12-11 23:12:58.311 580 652 D hdmi_cec: [HWCEC] CEC_RX_CMD, init:0, dest:15, opcode: 0x87,size:4, param[0]=0x0, param_length:3
12-11 23:12:58.313 580 580 D AmazonHdmiService: Posting callback to app
12-11 23:12:58.313 580 657 D AmazonHdmiService: Num of callbacks registered 1
12-11 23:12:58.313 580 657 D AmazonHdmiService: Broadcasting callback
12-11 23:12:58.313 580 657 D AmazonHdmiService: Broadcasting finished
12-11 23:12:58.314 1132 14530 D OZ-DCSCEC:HdmiCecAgent: Received message: Source: 0x00; Destination: 0x0F; Opcode: 0x87; Params: 0x00:0xE0:0x91
12-11 23:12:58.314 1132 1132 I OZ-DCSCEC:HdmiCecAgent: isPowerOffChangerMessage: false
12-11 23:12:58.315 1132 1132 I OZ-DCSCEC:HdmiCecAgent: processPowerChange => Device: DEVICE_TV: DEVICE_ON; opcode: 0x87isPowerOnChangerMessage: true; isPowerOffChangerMessage: false
12-11 23:12:58.315 1132 1132 V OZ-DCSCEC:HdmiCecAgent: process CEC message: Source: 0x00; Destination: 0x0F; Opcode: 0x87; Params: 0x00:0xE0:0x91, start delay[ms]: 0, processing duration[ms]: 1, since message received until end of processing[ms]: 1
12-11 23:12:58.433 580 652 D hdmi_cec: [HWCEC] ucecevents: hdmi CEC_RX_CMD callback...
12-11 23:12:58.433 580 652 D hdmi_cec: [HWCEC] CEC_RX_CMD, init:0, dest:15, opcode: 0x87,size:4, param[0]=0x0, param_length:3
12-11 23:12:58.435 580 580 D AmazonHdmiService: Posting callback to app
12-11 23:12:58.435 580 657 D AmazonHdmiService: Num of callbacks registered 1
12-11 23:12:58.435 580 657 D AmazonHdmiService: Broadcasting callback
12-11 23:12:58.436 580 657 D AmazonHdmiService: Broadcasting finished
12-11 23:12:58.438 1132 14530 D OZ-DCSCEC:HdmiCecAgent: Received message: Source: 0x00; Destination: 0x0F; Opcode: 0x87; Params: 0x00:0xE0:0x91
12-11 23:12:58.438 1132 1132 I OZ-DCSCEC:HdmiCecAgent: isPowerOffChangerMessage: false
12-11 23:12:58.438 1132 1132 I OZ-DCSCEC:HdmiCecAgent: processPowerChange => Device: DEVICE_TV: DEVICE_ON; opcode: 0x87isPowerOnChangerMessage: true; isPowerOffChangerMessage: false
12-11 23:12:58.439 1132 1132 V OZ-DCSCEC:HdmiCecAgent: process CEC message: Source: 0x00; Destination: 0x0F; Opcode: 0x87; Params: 0x00:0xE0:0x91, start delay[ms]: 0, processing duration[ms]: 0, since message received until end of processing[ms]: 0
12-11 23:12:58.500 683 844 V Avrcp : MediaController playback changed: PlaybackState {state=3, position=0, buffered position=0, speed=1.0, updated=108966538, actions=-1, custom actions=[], active item id=-1, error=null}
12-11 23:12:58.571 580 652 D hdmi_cec: [HWCEC] ucecevents: hdmi CEC_RX_CMD callback...
12-11 23:12:58.572 580 652 D hdmi_cec: [HWCEC] CEC_RX_CMD, init:0, dest:15, opcode: 0x87,size:4, param[0]=0x0, param_length:3
12-11 23:12:58.574 580 580 D AmazonHdmiService: Posting callback to app
12-11 23:12:58.574 580 657 D AmazonHdmiService: Num of callbacks registered 1
12-11 23:12:58.574 580 657 D AmazonHdmiService: Broadcasting callback
12-11 23:12:58.574 580 657 D AmazonHdmiService: Broadcasting finished
12-11 23:12:58.576 1132 14530 D OZ-DCSCEC:HdmiCecAgent: Received message: Source: 0x00; Destination: 0x0F; Opcode: 0x87; Params: 0x00:0xE0:0x91
12-11 23:12:58.576 1132 1132 I OZ-DCSCEC:HdmiCecAgent: isPowerOffChangerMessage: false
12-11 23:12:58.577 1132 1132 I OZ-DCSCEC:HdmiCecAgent: processPowerChange => Device: DEVICE_TV: DEVICE_ON; opcode: 0x87isPowerOnChangerMessage: true; isPowerOffChangerMessage: false
12-11 23:12:58.578 1132 1132 V OZ-DCSCEC:HdmiCecAgent: process CEC message: Source: 0x00; Destination: 0x0F; Opcode: 0x87; Params: 0x00:0xE0:0x91, start delay[ms]: 0, processing duration[ms]: 1, since message received until end of processing[ms]: 1
12-11 23:12:58.751 580 652 D hdmi_cec: [HWCEC] ucecevents: hdmi CEC_RX_CMD callback...
12-11 23:12:58.751 580 652 D hdmi_cec: [HWCEC] CEC_RX_CMD, init:0, dest:4, opcode: 0x89,size:2, param[0]=0x1, param_length:1
12-11 23:12:58.752 580 580 D AmazonHdmiService: Posting callback to app
12-11 23:12:58.754 580 657 D AmazonHdmiService: Num of callbacks registered 1
12-11 23:12:58.754 580 657 D AmazonHdmiService: Broadcasting callback
12-11 23:12:58.754 580 657 D AmazonHdmiService: Broadcasting finished
12-11 23:12:58.755 1132 14530 D OZ-DCSCEC:HdmiCecAgent: Received message: Source: 0x00; Destination: 0x04; Opcode: 0x89; Params: 0x01
12-11 23:12:58.755 580 650 D hdmi_cec: [HWCEC] send_message init:4, dest:0, opcode: 0x0, size:2, body[0]=0x89
12-11 23:12:58.755 1132 1132 I OZ-DCSCEC:HdmiCecAgent: isPowerOffChangerMessage: false
12-11 23:12:58.755 1132 1132 V OZ-DCSCEC:HdmiCecAgent: process CEC message: Source: 0x00; Destination: 0x04; Opcode: 0x89; Params: 0x01, start delay[ms]: 0, processing duration[ms]: 0, since message received until end of processing[ms]: 0
12-11 23:12:58.891 580 650 D hdmi_cec: [HWCEC] ret:0 msg->destination:0 msg->body[0]:0x0 msg->body[1]:0x89
12-11 23:12:58.891 580 650 D hdmi_cec: [HWCEC] send_message end, opcode(mCurrCode): 0x0, mResult:0
12-11 23:12:59.010 683 844 V Avrcp : MediaController playback changed: PlaybackState {state=3, position=825, buffered position=0, speed=1.0, updated=108967048, actions=-1, custom actions=[], active item id=-1, error=null}
12-11 23:12:59.323 1240 1252 I art : Background sticky concurrent mark sweep GC freed 1080(161KB) AllocSpace objects, 7(140KB) LOS objects, 9% free, 3MB/4MB, paused 7.276ms total 16.879ms
12-11 23:12:59.414 2547 21058 I chatty : uid=10145(org.xbmc.kodi) expire 5 lines
12-11 23:12:59.415 279 1566 I OMXMaster: makeComponentInstance(OMX.google.raw.decoder) in mediacodec process
12-11 23:12:59.504 2547 2634 I chatty : uid=10145(org.xbmc.kodi) Thread-5 expire 11 lines
12-11 23:12:59.516 283 1067 D AudioFlinger: min buf count is limited to 2 times HAL buf
12-11 23:12:59.527 683 844 V Avrcp : MediaController playback changed: PlaybackState {state=3, position=1233, buffered position=0, speed=1.0, updated=108967565, actions=-1, custom actions=[], active item id=-1, error=null}
12-11 23:13:00.012 580 593 W IMGMemtrackHAL: hal_get_memory: memtrack cache rebuild was required
12-11 23:13:00.036 683 844 V Avrcp : MediaController playback changed: PlaybackState {state=3, position=1837, buffered position=0, speed=1.0, updated=108968073, actions=-1, custom actions=[], active item id=-1, error=null}
12-11 23:13:00.157 580 593 W IMGMemtrackHAL: hal_get_memory: memtrack cache rebuild was required
12-11 23:13:00.552 683 844 V Avrcp : MediaController playback changed: PlaybackState {state=3, position=2257, buffered position=0, speed=1.0, updated=108968589, actions=-1, custom actions=[], active item id=-1, error=null}
12-11 23:13:01.068 683 844 V Avrcp : MediaController playback changed: PlaybackState {state=3, position=2771, buffered position=0, speed=1.0, updated=108969105, actions=-1, custom actions=[], active item id=-1, error=null}
12-11 23:13:01.585 683 844 V Avrcp : MediaController playback changed: PlaybackState {state=3, position=3446, buffered position=0, speed=1.0, updated=108969622, actions=-1, custom actions=[], active item id=-1, error=null}
12-11 23:13:01.939 21070 21070 I main.wifi_log_levels: wifi_log_levels:rssi=-38;noise=-84;channel=8;txframes=267;txfails=1;txper=0%;txaggr= 2 0 0 0 0 0 0 0;rxframes=5;rxcrc=3;rxper=37.5%;rxdrop=0;phymode=N;phyrate=144;lasttxrate=MCS15_BW20;lastrxrate=MCS15_BW20;
12-11 23:13:01.960 21071 21071 I main.wifi_log_levels: max_rssi=-33;min_rssi=-47;max_noise=-84;min_noise=-92;noise histogram=0 0 107 83 1445 54089 14267 197139 140580 11019 18901
12-11 23:13:01.990 21072 21072 I main.wifi_log_levels: wifi_log_levels:ch_busy=31%;ch_idle=69%;ch_tx=4%;ch_rx=20%;tx_ok=0%;tx_fail=0%;tx_retry=0%;rx_ok=97%;rx_fcs=3%;tx_ok=0;tx_fail=0;tx_retry=2;rx_ok=1534;rx_fcs=32;cck_false=786;cck_crc=0;ofdm_false=1726;ofdm_crc=11;
12-11 23:13:02.086 683 844 V Avrcp : MediaController playback changed: PlaybackState {state=3, position=3852, buffered position=0, speed=1.0, updated=108970124, actions=-1, custom actions=[], active item id=-1, error=null}
12-11 23:13:02.138 21080 21080 I main.wifi_log_levels: TXRATE=MCS15, BW20, SGI, MM, LDPC; PER=00%; PERCNT=100%;RXRATE=MCS15, BW20, SGI, MM, LDPC; PERCNT=100%;
12-11 23:13:02.600 683 844 V Avrcp : MediaController playback changed: PlaybackState {state=3, position=4465, buffered position=0, speed=1.0, updated=108970637, actions=-1, custom actions=[], active item id=-1, error=null}
12-11 23:13:03.049 1098 1098 I Vizzini:ExternalPlaybackStateManager: Getting media context for source com.amazon.vizzini.codec.CodecStateManager
12-11 23:13:03.050 1098 1098 I Vizzini:AlexaContextClient: Adding device context namespace: LocalMediaPlayer, name: PlaybackState
12-11 23:13:03.052 1098 1098 I BaseContextManager: Adding device context removePerformed = true, [namespace=LocalMediaPlayer, name=PlaybackState]
12-11 23:13:03.103 683 844 V Avrcp : MediaController playback changed: PlaybackState {state=3, position=4871, buffered position=0, speed=1.0, updated=108971141, actions=-1, custom actions=[], active item id=-1, error=null}
12-11 23:13:03.620 683 844 V Avrcp : MediaController playback changed: PlaybackState {state=3, position=5481, buffered position=0, speed=1.0, updated=108971658, actions=-1, custom actions=[], active item id=-1, error=null}
12-11 23:13:03.960 279 21043 E : sem_wait_timeout timeout
12-11 23:13:03.961 279 21043 E MtkOmxVdecEx: ## [ERROR] MtkOmxVdecDecodeThread() line: 1375 WAIT timeout...
12-11 23:13:04.137 683 844 V Avrcp : MediaController playback changed: PlaybackState {state=3, position=5886, buffered position=0, speed=1.0, updated=108972175, actions=-1, custom actions=[], active item id=-1, error=null}
12-11 23:13:04.656 683 844 V Avrcp : MediaController playback changed: PlaybackState {state=3, position=6496, buffered position=0, speed=1.0, updated=108972693, actions=-1, custom actions=[], active item id=-1, error=null}
12-11 23:13:05.154 580 652 D hdmi_cec: [HWCEC] ucecevents: hdmi CEC_RX_CMD callback...
12-11 23:13:05.154 580 652 D hdmi_cec: [HWCEC] CEC_RX_CMD, init:0, dest:4, opcode: 0x89,size:2, param[0]=0x1, param_length:1
12-11 23:13:05.155 580 580 D AmazonHdmiService: Posting callback to app
12-11 23:13:05.155 580 657 D AmazonHdmiService: Num of callbacks registered 1
12-11 23:13:05.155 580 657 D AmazonHdmiService: Broadcasting callback
12-11 23:13:05.155 580 657 D AmazonHdmiService: Broadcasting finished
12-11 23:13:05.156 580 650 D hdmi_cec: [HWCEC] send_message init:4, dest:0, opcode: 0x0, size:2, body[0]=0x89
12-11 23:13:05.156 1132 14530 D OZ-DCSCEC:HdmiCecAgent: Received message: Source: 0x00; Destination: 0x04; Opcode: 0x89; Params: 0x01
12-11 23:13:05.156 1132 1132 I OZ-DCSCEC:HdmiCecAgent: isPowerOffChangerMessage: false
12-11 23:13:05.156 1132 1132 V OZ-DCSCEC:HdmiCecAgent: process CEC message: Source: 0x00; Destination: 0x04; Opcode: 0x89; Params: 0x01, start delay[ms]: 0, processing duration[ms]: 0, since message received until end of processing[ms]: 0
12-11 23:13:05.165 683 844 V Avrcp : MediaController playback changed: PlaybackState {state=3, position=6902, buffered position=0, speed=1.0, updated=108973203, actions=-1, custom actions=[], active item id=-1, error=null}
12-11 23:13:05.296 580 650 D hdmi_cec: [HWCEC] ret:0 msg->destination:0 msg->body[0]:0x0 msg->body[1]:0x89
12-11 23:13:05.296 580 650 D hdmi_cec: [HWCEC] send_message end, opcode(mCurrCode): 0x0, mResult:0
12-11 23:13:05.666 683 844 V Avrcp : MediaController playback changed: PlaybackState {state=3, position=7512, buffered position=0, speed=1.0, updated=108973703, actions=-1, custom actions=[], active item id=-1, error=null}
12-11 23:13:06.169 683 844 V Avrcp : MediaController playback changed: PlaybackState {state=3, position=7920, buffered position=0, speed=1.0, updated=108974206, actions=-1, custom actions=[], active item id=-1, error=null}
12-11 23:13:06.677 683 844 V Avrcp : MediaController playback changed: PlaybackState {state=3, position=8533, buffered position=0, speed=1.0, updated=108974711, actions=-1, custom actions=[], active item id=-1, error=null}
12-11 23:13:07.175 683 844 V Avrcp : MediaController playback changed: PlaybackState {state=3, position=8938, buffered position=0, speed=1.0, updated=108975212, actions=-1, custom actions=[], active item id=-1, error=null}
12-11 23:13:07.690 683 844 V Avrcp : MediaController playback changed: PlaybackState {state=3, position=9547, buffered position=0, speed=1.0, updated=108975728, actions=-1, custom actions=[], active item id=-1, error=null}
12-11 23:13:08.208 683 844 V Avrcp : MediaController playback changed: PlaybackState {state=3, position=9955, buffered position=0, speed=1.0, updated=108976246, actions=-1, custom actions=[], active item id=-1, error=null}
12-11 23:13:08.708 683 844 V Avrcp : MediaController playback changed: PlaybackState {state=3, position=10564, buffered position=0, speed=1.0, updated=108976746, actions=-1, custom actions=[], active item id=-1, error=null}
12-11 23:13:08.815 2547 21048 I chatty : uid=10145(org.xbmc.kodi) Thread-67 expire 1006 lines
12-11 23:13:09.210 683 844 V Avrcp : MediaController playback changed: PlaybackState {state=3, position=10971, buffered position=0, speed=1.0, updated=108977247, actions=-1, custom actions=[], active item id=-1, error=null}
12-11 23:13:09.372 20893 20914 I LS:LightningDeviceActualMgr: mStopSelfRunnable.run(): selfShutdown!
12-11 23:13:09.377 20893 20914 I LS:LightningWPServer: stopSelfResult(): true
12-11 23:13:09.385 20893 20893 I WhisperLink: WhisperLinkPlatform - unbindSdk: app=com.amazon.storm.lightning.services;
12-11 23:13:09.386 20893 20893 I WhisperLink: WhisperLinkPlatform - unbindSdk: done, result=true;
12-11 23:13:09.391 20893 20893 I WhisperLink: TWhisperLinkTransport - Initiating connection to Service: amzn.reg Connection Id: 148 Channel: binder on Device: A0B1C256EA1125B4955E3775C7F71382;
12-11 23:13:09.395 19077 19125 I WhisperLink: TWhisperLinkTransport - Incoming connection from Device: A0B1C256EA1125B4955E3775C7F71382 to Service: amzn.reg Connection Id: 148 Channel: binder;
12-11 23:13:09.396 19077 19125 I WhisperLink: TWhisperLinkTransport - Connection accepted for: sid: amzn.reg UUID: A0B1C256EA1125B4955E3775C7F71382 APPID: com.amazon.storm.lightning.services Device Type: 2 Connection Id: 148 Channel: binder;
12-11 23:13:09.415 19077 21082 I WhisperLink: RegistrarService - Trying to deRegister amzn.lightning;
12-11 23:13:09.421 20893 20893 I WhisperLink: TWhisperLinkTransport - Closing connection for Service: amzn.reg on Device A0B1C256EA1125B4955E3775C7F71382 isClient: true Connection Id: 148 Channel: binder;
12-11 23:13:09.424 19077 21083 I WhisperLink: TWhisperLinkTransport - Initiating connection to Service: wlink_cb_0_com.amazon.whisperlink.core.android Connection Id: 1993 Channel: binder on Device: A0B1C256EA1125B4955E3775C7F71382;
12-11 23:13:09.425 20893 20893 I WhisperLink: WhisperLinkPlatform - unbindSdk: app=com.amazon.storm.lightning.services;
12-11 23:13:09.428 19077 19120 I WhisperLink: TWhisperLinkTransport - Incoming connection from Device: A0B1C256EA1125B4955E3775C7F71382 to Service: wlink_cb_0_com.amazon.whisperlink.core.android Connection Id: 1993 Channel: binder;
12-11 23:13:09.428 19077 19120 I WhisperLink: TWhisperLinkTransport - Connection accepted for: sid: wlink_cb_0_com.amazon.whisperlink.core.android UUID: A0B1C256EA1125B4955E3775C7F71382 APPID: com.amazon.whisperlink.core.android Device Type: 2 Connection Id: 1993 Channel: binder;
12-11 23:13:09.430 20893 20893 I WhisperLink: WhisperLinkPlatform - unbindSdk: done, result=true;
12-11 23:13:09.430 20893 20909 I WhisperLink: PlatformManager - Stopping.;
12-11 23:13:09.430 20893 20909 I WhisperLink: PlatformManager - Stopping platform manager, counter=0;
12-11 23:13:09.430 20893 20909 I WhisperLink: TTCommTransportFactory@e2af904 - stop();
12-11 23:13:09.433 20893 20909 I WhisperLink: AmazonAndroidPlatform - Tearing down network state change listener;
12-11 23:13:09.435 20893 20909 I WhisperLink: AmazonAndroidPlatform - Tearing down time change listener;
12-11 23:13:09.435 1118 1139 I TComm.MessageRouterImpl: deregisterMessageHandler - removed route; channel: 11086, handler: com.amazon.communication.ServiceSideMessageRouter$RemoteMessageHandler@5a95c32
12-11 23:13:09.438 20893 20909 I WhisperLink: PlatformManager - Stopped.;
12-11 23:13:09.652 289 2107 I chatty : uid=1013(media) Binder:289_3 expire 196 lines
12-11 23:13:09.727 683 844 V Avrcp : MediaController playback changed: PlaybackState {state=3, position=11584, buffered position=0, speed=1.0, updated=108977764, actions=-1, custom actions=[], active item id=-1, error=null}
12-11 23:13:10.237 683 844 V Avrcp : MediaController playback changed: PlaybackState {state=3, position=11991, buffered position=0, speed=1.0, updated=108978275, actions=-1, custom actions=[], active item id=-1, error=null}
12-11 23:13:10.737 683 844 V Avrcp : MediaController playback changed: PlaybackState {state=3, position=12602, buffered position=0, speed=1.0, updated=108978775, actions=-1, custom actions=[], active item id=-1, error=null}
12-11 23:13:11.255 683 844 V Avrcp : MediaController playback changed: PlaybackState {state=3, position=13008, buffered position=0, speed=1.0, updated=108979293, actions=-1, custom actions=[], active item id=-1, error=null}
12-11 23:13:11.772 683 844 V Avrcp : MediaController playback changed: PlaybackState {state=3, position=13618, buffered position=0, speed=1.0, updated=108979809, actions=-1, custom actions=[], active item id=-1, error=null}
12-11 23:13:12.211 580 652 D hdmi_cec: [HWCEC] ucecevents: hdmi CEC_RX_CMD callback...
12-11 23:13:12.211 580 652 D hdmi_cec: [HWCEC] CEC_RX_CMD, init:0, dest:15, opcode: 0x87,size:4, param[0]=0x0, param_length:3
12-11 23:13:12.215 580 580 D AmazonHdmiService: Posting callback to app
12-11 23:13:12.215 580 657 D AmazonHdmiService: Num of callbacks registered 1
12-11 23:13:12.215 580 657 D AmazonHdmiService: Broadcasting callback
12-11 23:13:12.215 580 657 D AmazonHdmiService: Broadcasting finished
12-11 23:13:12.216 1132 14530 D OZ-DCSCEC:HdmiCecAgent: Received message: Source: 0x00; Destination: 0x0F; Opcode: 0x87; Params: 0x00:0xE0:0x91
12-11 23:13:12.217 1132 1132 I OZ-DCSCEC:HdmiCecAgent: isPowerOffChangerMessage: false
12-11 23:13:12.217 1132 1132 I OZ-DCSCEC:HdmiCecAgent: processPowerChange => Device: DEVICE_TV: DEVICE_ON; opcode: 0x87isPowerOnChangerMessage: true; isPowerOffChangerMessage: false
12-11 23:13:12.218 1132 1132 V OZ-DCSCEC:HdmiCecAgent: process CEC message: Source: 0x00; Destination: 0x0F; Opcode: 0x87; Params: 0x00:0xE0:0x91, start delay[ms]: 1, processing duration[ms]: 0, since message received until end of processing[ms]: 1
12-11 23:13:12.279 683 844 V Avrcp : MediaController playback changed: PlaybackState {state=3, position=14024, buffered position=0, speed=1.0, updated=108980317, actions=-1, custom actions=[], active item id=-1, error=null}
12-11 23:13:12.351 580 652 D hdmi_cec: [HWCEC] ucecevents: hdmi CEC_RX_CMD callback...
12-11 23:13:12.351 580 652 D hdmi_cec: [HWCEC] CEC_RX_CMD, init:0, dest:15, opcode: 0x87,size:4, param[0]=0x0, param_length:3
12-11 23:13:12.353 580 580 D AmazonHdmiService: Posting callback to app
12-11 23:13:12.353 580 657 D AmazonHdmiService: Num of callbacks registered 1
12-11 23:13:12.353 580 657 D AmazonHdmiService: Broadcasting callback
12-11 23:13:12.353 580 657 D AmazonHdmiService: Broadcasting finished
12-11 23:13:12.354 1132 14530 D OZ-DCSCEC:HdmiCecAgent: Received message: Source: 0x00; Destination: 0x0F; Opcode: 0x87; Params: 0x00:0xE0:0x91
12-11 23:13:12.354 1132 1132 I OZ-DCSCEC:HdmiCecAgent: isPowerOffChangerMessage: false
12-11 23:13:12.355 1132 1132 I OZ-DCSCEC:HdmiCecAgent: processPowerChange => Device: DEVICE_TV: DEVICE_ON; opcode: 0x87isPowerOnChangerMessage: true; isPowerOffChangerMessage: false
12-11 23:13:12.355 1132 1132 V OZ-DCSCEC:HdmiCecAgent: process CEC message: Source: 0x00; Destination: 0x0F; Opcode: 0x87; Params: 0x00:0xE0:0x91, start delay[ms]: 0, processing duration[ms]: 1, since message received until end of processing[ms]: 1
12-11 23:13:12.491 580 652 D hdmi_cec: [HWCEC] ucecevents: hdmi CEC_RX_CMD callback...
12-11 23:13:12.491 580 652 D hdmi_cec: [HWCEC] CEC_RX_CMD, init:0, dest:15, opcode: 0x87,size:4, param[0]=0x0, param_length:3
