12-11 23:13:25.895 2547 21039 W mediaErrorLogger: MediaError:MMSW_Metrics6.0:org.xbmc.kodi.DRM_DECRYPT=-2005 from decrypt
12-11 23:13:25.895 2547 21048 E NdkMediaCodec: queSecureInputBuffer:
12-11 23:13:25.896 2547 21048 E NdkMediaCodec: sf error code: -2005
12-11 23:13:25.917 289 2107 E PlayReadyCryptPlugin: decrypt,462 : Drm_Reader_Decrypt() failed! dr = 0x80004005
12-11 23:13:25.917 2547 21039 W mediaErrorLogger: MediaError:MMSW_Metrics6.0:org.xbmc.kodi.DRM_DECRYPT=-2005 from decrypt
12-11 23:13:25.917 2547 21048 E NdkMediaCodec: queSecureInputBuffer:
12-11 23:13:25.917 2547 21048 E NdkMediaCodec: sf error code: -2005
12-11 23:13:25.938 289 2107 E PlayReadyCryptPlugin: decrypt,462 : Drm_Reader_Decrypt() failed! dr = 0x80004005
12-11 23:13:25.939 2547 21039 W mediaErrorLogger: MediaError:MMSW_Metrics6.0:org.xbmc.kodi.DRM_DECRYPT=-2005 from decrypt
12-11 23:13:25.939 2547 21048 E NdkMediaCodec: queSecureInputBuffer:
12-11 23:13:25.939 2547 21048 E NdkMediaCodec: sf error code: -2005
12-11 23:13:25.960 289 2107 E PlayReadyCryptPlugin: decrypt,462 : Drm_Reader_Decrypt() failed! dr = 0x80004005
12-11 23:13:25.961 2547 21039 W mediaErrorLogger: MediaError:MMSW_Metrics6.0:org.xbmc.kodi.DRM_DECRYPT=-2005 from decrypt
12-11 23:13:25.961 2547 21048 E NdkMediaCodec: queSecureInputBuffer:
12-11 23:13:25.961 2547 21048 E NdkMediaCodec: sf error code: -2005
12-11 23:13:25.982 289 2107 E PlayReadyCryptPlugin: decrypt,462 : Drm_Reader_Decrypt() failed! dr = 0x80004005
12-11 23:13:25.983 2547 21039 W mediaErrorLogger: MediaError:MMSW_Metrics6.0:org.xbmc.kodi.DRM_DECRYPT=-2005 from decrypt
12-11 23:13:25.983 2547 21048 E NdkMediaCodec: queSecureInputBuffer:
12-11 23:13:25.983 2547 21048 E NdkMediaCodec: sf error code: -2005
12-11 23:13:26.003 289 2107 E PlayReadyCryptPlugin: decrypt,462 : Drm_Reader_Decrypt() failed! dr = 0x80004005
12-11 23:13:26.004 2547 21039 W mediaErrorLogger: MediaError:MMSW_Metrics6.0:org.xbmc.kodi.DRM_DECRYPT=-2005 from decrypt
12-11 23:13:26.004 2547 21048 E NdkMediaCodec: queSecureInputBuffer:
12-11 23:13:26.004 2547 21048 E NdkMediaCodec: sf error code: -2005
12-11 23:13:26.026 289 2107 E PlayReadyCryptPlugin: decrypt,462 : Drm_Reader_Decrypt() failed! dr = 0x80004005
12-11 23:13:26.026 2547 21039 W mediaErrorLogger: MediaError:MMSW_Metrics6.0:org.xbmc.kodi.DRM_DECRYPT=-2005 from decrypt
12-11 23:13:26.027 2547 21048 E NdkMediaCodec: queSecureInputBuffer:
12-11 23:13:26.027 2547 21048 E NdkMediaCodec: sf error code: -2005
12-11 23:13:26.048 289 2107 E PlayReadyCryptPlugin: decrypt,462 : Drm_Reader_Decrypt() failed! dr = 0x80004005
12-11 23:13:26.049 2547 21039 W mediaErrorLogger: MediaError:MMSW_Metrics6.0:org.xbmc.kodi.DRM_DECRYPT=-2005 from decrypt
12-11 23:13:26.049 2547 21048 E NdkMediaCodec: queSecureInputBuffer:
12-11 23:13:26.049 2547 21048 E NdkMediaCodec: sf error code: -2005
12-11 23:13:26.055 683 844 V Avrcp : MediaController playback changed: PlaybackState {state=3, position=27851, buffered position=0, speed=1.0, updated=108994091, actions=-1, custom actions=[], active item id=-1, error=null}
12-11 23:13:26.070 289 2107 E PlayReadyCryptPlugin: decrypt,462 : Drm_Reader_Decrypt() failed! dr = 0x80004005
12-11 23:13:26.070 2547 21039 W mediaErrorLogger: MediaError:MMSW_Metrics6.0:org.xbmc.kodi.DRM_DECRYPT=-2005 from decrypt
12-11 23:13:26.070 2547 21048 E NdkMediaCodec: queSecureInputBuffer:
12-11 23:13:26.070 2547 21048 E NdkMediaCodec: sf error code: -2005
12-11 23:13:26.091 289 2107 E PlayReadyCryptPlugin: decrypt,462 : Drm_Reader_Decrypt() failed! dr = 0x80004005
12-11 23:13:26.092 2547 21039 W mediaErrorLogger: MediaError:MMSW_Metrics6.0:org.xbmc.kodi.DRM_DECRYPT=-2005 from decrypt
12-11 23:13:26.092 2547 21048 E NdkMediaCodec: queSecureInputBuffer:
12-11 23:13:26.092 2547 21048 E NdkMediaCodec: sf error code: -2005
12-11 23:13:26.114 289 2107 E PlayReadyCryptPlugin: decrypt,462 : Drm_Reader_Decrypt() failed! dr = 0x80004005
12-11 23:13:26.115 2547 21039 W mediaErrorLogger: MediaError:MMSW_Metrics6.0:org.xbmc.kodi.DRM_DECRYPT=-2005 from decrypt
12-11 23:13:26.115 2547 21048 E NdkMediaCodec: queSecureInputBuffer:
12-11 23:13:26.115 2547 21048 E NdkMediaCodec: sf error code: -2005
12-11 23:13:26.136 289 2107 E PlayReadyCryptPlugin: decrypt,462 : Drm_Reader_Decrypt() failed! dr = 0x80004005
12-11 23:13:26.136 2547 21039 W mediaErrorLogger: MediaError:MMSW_Metrics6.0:org.xbmc.kodi.DRM_DECRYPT=-2005 from decrypt
12-11 23:13:26.136 2547 21048 E NdkMediaCodec: queSecureInputBuffer:
12-11 23:13:26.136 2547 21048 E NdkMediaCodec: sf error code: -2005
12-11 23:13:26.158 289 2107 E PlayReadyCryptPlugin: decrypt,462 : Drm_Reader_Decrypt() failed! dr = 0x80004005
12-11 23:13:26.158 2547 21039 W mediaErrorLogger: MediaError:MMSW_Metrics6.0:org.xbmc.kodi.DRM_DECRYPT=-2005 from decrypt
12-11 23:13:26.158 2547 21048 E NdkMediaCodec: queSecureInputBuffer:
12-11 23:13:26.158 2547 21048 E NdkMediaCodec: sf error code: -2005
12-11 23:13:26.180 289 2107 E PlayReadyCryptPlugin: decrypt,462 : Drm_Reader_Decrypt() failed! dr = 0x80004005
12-11 23:13:26.180 2547 21039 W mediaErrorLogger: MediaError:MMSW_Metrics6.0:org.xbmc.kodi.DRM_DECRYPT=-2005 from decrypt
12-11 23:13:26.180 2547 21048 E NdkMediaCodec: queSecureInputBuffer:
12-11 23:13:26.181 2547 21048 E NdkMediaCodec: sf error code: -2005
12-11 23:13:26.201 289 2107 E PlayReadyCryptPlugin: decrypt,462 : Drm_Reader_Decrypt() failed! dr = 0x80004005
12-11 23:13:26.202 2547 21039 W mediaErrorLogger: MediaError:MMSW_Metrics6.0:org.xbmc.kodi.DRM_DECRYPT=-2005 from decrypt
12-11 23:13:26.202 2547 21048 E NdkMediaCodec: queSecureInputBuffer:
12-11 23:13:26.202 2547 21048 E NdkMediaCodec: sf error code: -2005
12-11 23:13:26.222 289 2107 E PlayReadyCryptPlugin: decrypt,462 : Drm_Reader_Decrypt() failed! dr = 0x80004005
12-11 23:13:26.223 2547 21039 W mediaErrorLogger: MediaError:MMSW_Metrics6.0:org.xbmc.kodi.DRM_DECRYPT=-2005 from decrypt
12-11 23:13:26.224 2547 21048 E NdkMediaCodec: queSecureInputBuffer:
12-11 23:13:26.224 2547 21048 E NdkMediaCodec: sf error code: -2005
12-11 23:13:26.245 289 2107 E PlayReadyCryptPlugin: decrypt,462 : Drm_Reader_Decrypt() failed! dr = 0x80004005
12-11 23:13:26.246 2547 21039 W mediaErrorLogger: MediaError:MMSW_Metrics6.0:org.xbmc.kodi.DRM_DECRYPT=-2005 from decrypt
12-11 23:13:26.246 2547 21048 E NdkMediaCodec: queSecureInputBuffer:
12-11 23:13:26.246 2547 21048 E NdkMediaCodec: sf error code: -2005
12-11 23:13:26.251 580 652 D hdmi_cec: [HWCEC] ucecevents: hdmi CEC_RX_CMD callback...
12-11 23:13:26.252 580 652 D hdmi_cec: [HWCEC] CEC_RX_CMD, init:0, dest:15, opcode: 0x87,size:4, param[0]=0x0, param_length:3
12-11 23:13:26.253 580 580 D AmazonHdmiService: Posting callback to app
12-11 23:13:26.253 580 657 D AmazonHdmiService: Num of callbacks registered 1
12-11 23:13:26.253 580 657 D AmazonHdmiService: Broadcasting callback
12-11 23:13:26.254 580 657 D AmazonHdmiService: Broadcasting finished
12-11 23:13:26.254 1132 14530 D OZ-DCSCEC:HdmiCecAgent: Received message: Source: 0x00; Destination: 0x0F; Opcode: 0x87; Params: 0x00:0xE0:0x91
12-11 23:13:26.255 1132 1132 I OZ-DCSCEC:HdmiCecAgent: isPowerOffChangerMessage: false
12-11 23:13:26.255 1132 1132 I OZ-DCSCEC:HdmiCecAgent: processPowerChange => Device: DEVICE_TV: DEVICE_ON; opcode: 0x87isPowerOnChangerMessage: true; isPowerOffChangerMessage: false
12-11 23:13:26.258 1132 1132 V OZ-DCSCEC:HdmiCecAgent: process CEC message: Source: 0x00; Destination: 0x0F; Opcode: 0x87; Params: 0x00:0xE0:0x91, start delay[ms]: 1, processing duration[ms]: 0, since message received until end of processing[ms]: 1
12-11 23:13:26.267 289 2107 E PlayReadyCryptPlugin: decrypt,462 : Drm_Reader_Decrypt() failed! dr = 0x80004005
12-11 23:13:26.268 2547 21039 W mediaErrorLogger: MediaError:MMSW_Metrics6.0:org.xbmc.kodi.DRM_DECRYPT=-2005 from decrypt
12-11 23:13:26.268 2547 21048 E NdkMediaCodec: queSecureInputBuffer:
12-11 23:13:26.268 2547 21048 E NdkMediaCodec: sf error code: -2005
12-11 23:13:26.287 289 2107 E PlayReadyCryptPlugin: decrypt,462 : Drm_Reader_Decrypt() failed! dr = 0x80004005
12-11 23:13:26.288 2547 21039 W mediaErrorLogger: MediaError:MMSW_Metrics6.0:org.xbmc.kodi.DRM_DECRYPT=-2005 from decrypt
12-11 23:13:26.288 2547 21048 E NdkMediaCodec: queSecureInputBuffer:
12-11 23:13:26.288 2547 21048 E NdkMediaCodec: sf error code: -2005
12-11 23:13:26.307 289 2107 E PlayReadyCryptPlugin: decrypt,462 : Drm_Reader_Decrypt() failed! dr = 0x80004005
12-11 23:13:26.308 2547 21039 W mediaErrorLogger: MediaError:MMSW_Metrics6.0:org.xbmc.kodi.DRM_DECRYPT=-2005 from decrypt
12-11 23:13:26.308 2547 21048 E NdkMediaCodec: queSecureInputBuffer:
12-11 23:13:26.308 2547 21048 E NdkMediaCodec: sf error code: -2005
12-11 23:13:26.327 289 2107 E PlayReadyCryptPlugin: decrypt,462 : Drm_Reader_Decrypt() failed! dr = 0x80004005
12-11 23:13:26.328 2547 21039 W mediaErrorLogger: MediaError:MMSW_Metrics6.0:org.xbmc.kodi.DRM_DECRYPT=-2005 from decrypt
12-11 23:13:26.328 2547 21048 E NdkMediaCodec: queSecureInputBuffer:
12-11 23:13:26.328 2547 21048 E NdkMediaCodec: sf error code: -2005
12-11 23:13:26.347 289 2107 E PlayReadyCryptPlugin: decrypt,462 : Drm_Reader_Decrypt() failed! dr = 0x80004005
12-11 23:13:26.348 2547 21039 W mediaErrorLogger: MediaError:MMSW_Metrics6.0:org.xbmc.kodi.DRM_DECRYPT=-2005 from decrypt
12-11 23:13:26.348 2547 21048 E NdkMediaCodec: queSecureInputBuffer:
12-11 23:13:26.348 2547 21048 E NdkMediaCodec: sf error code: -2005
12-11 23:13:26.367 289 2107 E PlayReadyCryptPlugin: decrypt,462 : Drm_Reader_Decrypt() failed! dr = 0x80004005
12-11 23:13:26.367 2547 21039 W mediaErrorLogger: MediaError:MMSW_Metrics6.0:org.xbmc.kodi.DRM_DECRYPT=-2005 from decrypt
12-11 23:13:26.367 2547 21048 E NdkMediaCodec: queSecureInputBuffer:
12-11 23:13:26.367 2547 21048 E NdkMediaCodec: sf error code: -2005
12-11 23:13:26.384 289 2107 E PlayReadyCryptPlugin: decrypt,462 : Drm_Reader_Decrypt() failed! dr = 0x80004005
12-11 23:13:26.384 2547 21039 W mediaErrorLogger: MediaError:MMSW_Metrics6.0:org.xbmc.kodi.DRM_DECRYPT=-2005 from decrypt
12-11 23:13:26.384 2547 21048 E NdkMediaCodec: queSecureInputBuffer:
12-11 23:13:26.384 2547 21048 E NdkMediaCodec: sf error code: -2005
12-11 23:13:26.391 580 652 D hdmi_cec: [HWCEC] ucecevents: hdmi CEC_RX_CMD callback...
12-11 23:13:26.391 580 652 D hdmi_cec: [HWCEC] CEC_RX_CMD, init:0, dest:15, opcode: 0x87,size:4, param[0]=0x0, param_length:3
12-11 23:13:26.393 580 580 D AmazonHdmiService: Posting callback to app
12-11 23:13:26.393 580 657 D AmazonHdmiService: Num of callbacks registered 1
12-11 23:13:26.393 580 657 D AmazonHdmiService: Broadcasting callback
12-11 23:13:26.394 580 657 D AmazonHdmiService: Broadcasting finished
12-11 23:13:26.394 1132 14530 D OZ-DCSCEC:HdmiCecAgent: Received message: Source: 0x00; Destination: 0x0F; Opcode: 0x87; Params: 0x00:0xE0:0x91
12-11 23:13:26.395 1132 1132 I OZ-DCSCEC:HdmiCecAgent: isPowerOffChangerMessage: false
12-11 23:13:26.395 1132 1132 I OZ-DCSCEC:HdmiCecAgent: processPowerChange => Device: DEVICE_TV: DEVICE_ON; opcode: 0x87isPowerOnChangerMessage: true; isPowerOffChangerMessage: false
12-11 23:13:26.396 1132 1132 V OZ-DCSCEC:HdmiCecAgent: process CEC message: Source: 0x00; Destination: 0x0F; Opcode: 0x87; Params: 0x00:0xE0:0x91, start delay[ms]: 0, processing duration[ms]: 0, since message received until end of processing[ms]: 0
12-11 23:13:26.402 289 2107 E PlayReadyCryptPlugin: decrypt,462 : Drm_Reader_Decrypt() failed! dr = 0x80004005
12-11 23:13:26.402 2547 21039 W mediaErrorLogger: MediaError:MMSW_Metrics6.0:org.xbmc.kodi.DRM_DECRYPT=-2005 from decrypt
12-11 23:13:26.402 2547 21048 E NdkMediaCodec: queSecureInputBuffer:
12-11 23:13:26.402 2547 21048 E NdkMediaCodec: sf error code: -2005
12-11 23:13:26.420 289 2107 E PlayReadyCryptPlugin: decrypt,462 : Drm_Reader_Decrypt() failed! dr = 0x80004005
12-11 23:13:26.421 2547 21039 W mediaErrorLogger: MediaError:MMSW_Metrics6.0:org.xbmc.kodi.DRM_DECRYPT=-2005 from decrypt
12-11 23:13:26.421 2547 21048 E NdkMediaCodec: queSecureInputBuffer:
12-11 23:13:26.421 2547 21048 E NdkMediaCodec: sf error code: -2005
12-11 23:13:26.438 289 2107 E PlayReadyCryptPlugin: decrypt,462 : Drm_Reader_Decrypt() failed! dr = 0x80004005
12-11 23:13:26.439 2547 21039 W mediaErrorLogger: MediaError:MMSW_Metrics6.0:org.xbmc.kodi.DRM_DECRYPT=-2005 from decrypt
12-11 23:13:26.439 2547 21048 E NdkMediaCodec: queSecureInputBuffer:
12-11 23:13:26.439 2547 21048 E NdkMediaCodec: sf error code: -2005
12-11 23:13:26.456 289 2107 E PlayReadyCryptPlugin: decrypt,462 : Drm_Reader_Decrypt() failed! dr = 0x80004005
12-11 23:13:26.457 2547 21039 W mediaErrorLogger: MediaError:MMSW_Metrics6.0:org.xbmc.kodi.DRM_DECRYPT=-2005 from decrypt
12-11 23:13:26.457 2547 21048 E NdkMediaCodec: queSecureInputBuffer:
12-11 23:13:26.457 2547 21048 E NdkMediaCodec: sf error code: -2005
12-11 23:13:26.475 289 2107 E PlayReadyCryptPlugin: decrypt,462 : Drm_Reader_Decrypt() failed! dr = 0x80004005
12-11 23:13:26.476 2547 21039 W mediaErrorLogger: MediaError:MMSW_Metrics6.0:org.xbmc.kodi.DRM_DECRYPT=-2005 from decrypt
12-11 23:13:26.476 2547 21048 E NdkMediaCodec: queSecureInputBuffer:
12-11 23:13:26.476 2547 21048 E NdkMediaCodec: sf error code: -2005
12-11 23:13:26.493 289 2107 E PlayReadyCryptPlugin: decrypt,462 : Drm_Reader_Decrypt() failed! dr = 0x80004005
12-11 23:13:26.493 2547 21039 W mediaErrorLogger: MediaError:MMSW_Metrics6.0:org.xbmc.kodi.DRM_DECRYPT=-2005 from decrypt
12-11 23:13:26.494 2547 21048 E NdkMediaCodec: queSecureInputBuffer:
12-11 23:13:26.494 2547 21048 E NdkMediaCodec: sf error code: -2005
12-11 23:13:26.512 289 2107 E PlayReadyCryptPlugin: decrypt,462 : Drm_Reader_Decrypt() failed! dr = 0x80004005
12-11 23:13:26.513 2547 21039 W mediaErrorLogger: MediaError:MMSW_Metrics6.0:org.xbmc.kodi.DRM_DECRYPT=-2005 from decrypt
12-11 23:13:26.513 2547 21048 E NdkMediaCodec: queSecureInputBuffer:
12-11 23:13:26.513 2547 21048 E NdkMediaCodec: sf error code: -2005
12-11 23:13:26.530 289 2107 E PlayReadyCryptPlugin: decrypt,462 : Drm_Reader_Decrypt() failed! dr = 0x80004005
12-11 23:13:26.530 2547 21039 W mediaErrorLogger: MediaError:MMSW_Metrics6.0:org.xbmc.kodi.DRM_DECRYPT=-2005 from decrypt
12-11 23:13:26.530 2547 21048 E NdkMediaCodec: queSecureInputBuffer:
12-11 23:13:26.530 2547 21048 E NdkMediaCodec: sf error code: -2005
12-11 23:13:26.531 580 652 D hdmi_cec: [HWCEC] ucecevents: hdmi CEC_RX_CMD callback...
12-11 23:13:26.531 580 652 D hdmi_cec: [HWCEC] CEC_RX_CMD, init:0, dest:15, opcode: 0x87,size:4, param[0]=0x0, param_length:3
12-11 23:13:26.533 580 580 D AmazonHdmiService: Posting callback to app
12-11 23:13:26.533 580 657 D AmazonHdmiService: Num of callbacks registered 1
12-11 23:13:26.533 580 657 D AmazonHdmiService: Broadcasting callback
12-11 23:13:26.533 580 657 D AmazonHdmiService: Broadcasting finished
12-11 23:13:26.534 1132 14530 D OZ-DCSCEC:HdmiCecAgent: Received message: Source: 0x00; Destination: 0x0F; Opcode: 0x87; Params: 0x00:0xE0:0x91
12-11 23:13:26.534 1132 1132 I OZ-DCSCEC:HdmiCecAgent: isPowerOffChangerMessage: false
12-11 23:13:26.534 1132 1132 I OZ-DCSCEC:HdmiCecAgent: processPowerChange => Device: DEVICE_TV: DEVICE_ON; opcode: 0x87isPowerOnChangerMessage: true; isPowerOffChangerMessage: false
12-11 23:13:26.535 1132 1132 V OZ-DCSCEC:HdmiCecAgent: process CEC message: Source: 0x00; Destination: 0x0F; Opcode: 0x87; Params: 0x00:0xE0:0x91, start delay[ms]: 0, processing duration[ms]: 0, since message received until end of processing[ms]: 0
12-11 23:13:26.552 289 2107 E PlayReadyCryptPlugin: decrypt,462 : Drm_Reader_Decrypt() failed! dr = 0x80004005
12-11 23:13:26.552 2547 21039 W mediaErrorLogger: MediaError:MMSW_Metrics6.0:org.xbmc.kodi.DRM_DECRYPT=-2005 from decrypt
12-11 23:13:26.552 2547 21048 E NdkMediaCodec: queSecureInputBuffer:
12-11 23:13:26.552 2547 21048 E NdkMediaCodec: sf error code: -2005
12-11 23:13:26.569 289 2107 E PlayReadyCryptPlugin: decrypt,462 : Drm_Reader_Decrypt() failed! dr = 0x80004005
12-11 23:13:26.570 683 844 V Avrcp : MediaController playback changed: PlaybackState {state=3, position=28461, buffered position=0, speed=1.0, updated=108994608, actions=-1, custom actions=[], active item id=-1, error=null}
12-11 23:13:26.570 2547 21039 W mediaErrorLogger: MediaError:MMSW_Metrics6.0:org.xbmc.kodi.DRM_DECRYPT=-2005 from decrypt
12-11 23:13:26.570 2547 21048 E NdkMediaCodec: queSecureInputBuffer:
12-11 23:13:26.570 2547 21048 E NdkMediaCodec: sf error code: -2005
12-11 23:13:26.587 289 2107 E PlayReadyCryptPlugin: decrypt,462 : Drm_Reader_Decrypt() failed! dr = 0x80004005
12-11 23:13:26.587 2547 21039 W mediaErrorLogger: MediaError:MMSW_Metrics6.0:org.xbmc.kodi.DRM_DECRYPT=-2005 from decrypt
12-11 23:13:26.588 2547 21048 E NdkMediaCodec: queSecureInputBuffer:
12-11 23:13:26.588 2547 21048 E NdkMediaCodec: sf error code: -2005
12-11 23:13:26.604 289 2107 E PlayReadyCryptPlugin: decrypt,462 : Drm_Reader_Decrypt() failed! dr = 0x80004005
12-11 23:13:26.605 2547 21039 W mediaErrorLogger: MediaError:MMSW_Metrics6.0:org.xbmc.kodi.DRM_DECRYPT=-2005 from decrypt
12-11 23:13:26.605 2547 21048 E NdkMediaCodec: queSecureInputBuffer:
12-11 23:13:26.605 2547 21048 E NdkMediaCodec: sf error code: -2005
12-11 23:13:26.621 289 2107 E PlayReadyCryptPlugin: decrypt,462 : Drm_Reader_Decrypt() failed! dr = 0x80004005
12-11 23:13:26.622 2547 21039 W mediaErrorLogger: MediaError:MMSW_Metrics6.0:org.xbmc.kodi.DRM_DECRYPT=-2005 from decrypt
12-11 23:13:26.622 2547 21048 E NdkMediaCodec: queSecureInputBuffer:
12-11 23:13:26.622 2547 21048 E NdkMediaCodec: sf error code: -2005
12-11 23:13:26.638 289 2107 E PlayReadyCryptPlugin: decrypt,462 : Drm_Reader_Decrypt() failed! dr = 0x80004005
12-11 23:13:26.638 2547 21039 W mediaErrorLogger: MediaError:MMSW_Metrics6.0:org.xbmc.kodi.DRM_DECRYPT=-2005 from decrypt
12-11 23:13:26.638 2547 21048 E NdkMediaCodec: queSecureInputBuffer:
12-11 23:13:26.638 2547 21048 E NdkMediaCodec: sf error code: -2005
12-11 23:13:26.659 289 2107 E PlayReadyCryptPlugin: decrypt,462 : Drm_Reader_Decrypt() failed! dr = 0x80004005
12-11 23:13:26.659 2547 21039 W mediaErrorLogger: MediaError:MMSW_Metrics6.0:org.xbmc.kodi.DRM_DECRYPT=-2005 from decrypt
12-11 23:13:26.660 2547 21048 E NdkMediaCodec: queSecureInputBuffer:
12-11 23:13:26.660 2547 21048 E NdkMediaCodec: sf error code: -2005
12-11 23:13:26.662 580 652 D hdmi_cec: [HWCEC] ucecevents: hdmi CEC_RX_CMD callback...
12-11 23:13:26.662 580 652 D hdmi_cec: [HWCEC] CEC_RX_CMD, init:0, dest:15, opcode: 0x87,size:4, param[0]=0x0, param_length:3
12-11 23:13:26.664 580 580 D AmazonHdmiService: Posting callback to app
12-11 23:13:26.664 580 657 D AmazonHdmiService: Num of callbacks registered 1
12-11 23:13:26.664 580 657 D AmazonHdmiService: Broadcasting callback
12-11 23:13:26.664 580 657 D AmazonHdmiService: Broadcasting finished
12-11 23:13:26.665 1132 14530 D OZ-DCSCEC:HdmiCecAgent: Received message: Source: 0x00; Destination: 0x0F; Opcode: 0x87; Params: 0x00:0xE0:0x91
12-11 23:13:26.665 1132 1132 I OZ-DCSCEC:HdmiCecAgent: isPowerOffChangerMessage: false
12-11 23:13:26.665 1132 1132 I OZ-DCSCEC:HdmiCecAgent: processPowerChange => Device: DEVICE_TV: DEVICE_ON; opcode: 0x87isPowerOnChangerMessage: true; isPowerOffChangerMessage: false
12-11 23:13:26.666 1132 1132 V OZ-DCSCEC:HdmiCecAgent: process CEC message: Source: 0x00; Destination: 0x0F; Opcode: 0x87; Params: 0x00:0xE0:0x91, start delay[ms]: 0, processing duration[ms]: 0, since message received until end of processing[ms]: 0
12-11 23:13:26.677 289 2107 E PlayReadyCryptPlugin: decrypt,462 : Drm_Reader_Decrypt() failed! dr = 0x80004005
12-11 23:13:26.677 2547 21039 W mediaErrorLogger: MediaError:MMSW_Metrics6.0:org.xbmc.kodi.DRM_DECRYPT=-2005 from decrypt
12-11 23:13:26.678 2547 21048 E NdkMediaCodec: queSecureInputBuffer:
12-11 23:13:26.678 2547 21048 E NdkMediaCodec: sf error code: -2005
12-11 23:13:26.695 289 2107 E PlayReadyCryptPlugin: decrypt,462 : Drm_Reader_Decrypt() failed! dr = 0x80004005
12-11 23:13:26.695 2547 21039 W mediaErrorLogger: MediaError:MMSW_Metrics6.0:org.xbmc.kodi.DRM_DECRYPT=-2005 from decrypt
12-11 23:13:26.695 2547 21048 E NdkMediaCodec: queSecureInputBuffer:
12-11 23:13:26.695 2547 21048 E NdkMediaCodec: sf error code: -2005
12-11 23:13:26.712 289 2107 E PlayReadyCryptPlugin: decrypt,462 : Drm_Reader_Decrypt() failed! dr = 0x80004005
12-11 23:13:26.713 2547 21039 W mediaErrorLogger: MediaError:MMSW_Metrics6.0:org.xbmc.kodi.DRM_DECRYPT=-2005 from decrypt
12-11 23:13:26.713 2547 21048 E NdkMediaCodec: queSecureInputBuffer:
12-11 23:13:26.713 2547 21048 E NdkMediaCodec: sf error code: -2005
12-11 23:13:26.729 289 2107 E PlayReadyCryptPlugin: decrypt,462 : Drm_Reader_Decrypt() failed! dr = 0x80004005
12-11 23:13:26.730 2547 21039 W mediaErrorLogger: MediaError:MMSW_Metrics6.0:org.xbmc.kodi.DRM_DECRYPT=-2005 from decrypt
12-11 23:13:26.730 2547 21048 E NdkMediaCodec: queSecureInputBuffer:
12-11 23:13:26.730 2547 21048 E NdkMediaCodec: sf error code: -2005
12-11 23:13:26.747 289 2107 E PlayReadyCryptPlugin: decrypt,462 : Drm_Reader_Decrypt() failed! dr = 0x80004005
12-11 23:13:26.747 2547 21039 W mediaErrorLogger: MediaError:MMSW_Metrics6.0:org.xbmc.kodi.DRM_DECRYPT=-2005 from decrypt
12-11 23:13:26.747 2547 21048 E NdkMediaCodec: queSecureInputBuffer:
12-11 23:13:26.747 2547 21048 E NdkMediaCodec: sf error code: -2005
12-11 23:13:26.764 289 2107 E PlayReadyCryptPlugin: decrypt,462 : Drm_Reader_Decrypt() failed! dr = 0x80004005
12-11 23:13:26.765 2547 21039 W mediaErrorLogger: MediaError:MMSW_Metrics6.0:org.xbmc.kodi.DRM_DECRYPT=-2005 from decrypt
12-11 23:13:26.765 2547 21048 E NdkMediaCodec: queSecureInputBuffer:
12-11 23:13:26.765 2547 21048 E NdkMediaCodec: sf error code: -2005
12-11 23:13:26.781 289 2107 E PlayReadyCryptPlugin: decrypt,462 : Drm_Reader_Decrypt() failed! dr = 0x80004005
12-11 23:13:26.782 2547 21039 W mediaErrorLogger: MediaError:MMSW_Metrics6.0:org.xbmc.kodi.DRM_DECRYPT=-2005 from decrypt
12-11 23:13:26.782 2547 21048 E NdkMediaCodec: queSecureInputBuffer:
12-11 23:13:26.782 2547 21048 E NdkMediaCodec: sf error code: -2005
12-11 23:13:26.800 289 2107 E PlayReadyCryptPlugin: decrypt,462 : Drm_Reader_Decrypt() failed! dr = 0x80004005
12-11 23:13:26.800 2547 21039 W mediaErrorLogger: MediaError:MMSW_Metrics6.0:org.xbmc.kodi.DRM_DECRYPT=-2005 from decrypt
12-11 23:13:26.800 2547 21048 E NdkMediaCodec: queSecureInputBuffer:
12-11 23:13:26.800 2547 21048 E NdkMediaCodec: sf error code: -2005
12-11 23:13:26.801 580 652 D hdmi_cec: [HWCEC] ucecevents: hdmi CEC_RX_CMD callback...
12-11 23:13:26.801 580 652 D hdmi_cec: [HWCEC] CEC_RX_CMD, init:0, dest:4, opcode: 0x89,size:2, param[0]=0x1, param_length:1
12-11 23:13:26.802 580 580 D AmazonHdmiService: Posting callback to app
12-11 23:13:26.802 580 657 D AmazonHdmiService: Num of callbacks registered 1
12-11 23:13:26.802 580 657 D AmazonHdmiService: Broadcasting callback
12-11 23:13:26.803 580 657 D AmazonHdmiService: Broadcasting finished
12-11 23:13:26.807 580 650 D hdmi_cec: [HWCEC] send_message init:4, dest:0, opcode: 0x0, size:2, body[0]=0x89
12-11 23:13:26.808 1132 14530 D OZ-DCSCEC:HdmiCecAgent: Received message: Source: 0x00; Destination: 0x04; Opcode: 0x89; Params: 0x01
12-11 23:13:26.808 1132 1132 I OZ-DCSCEC:HdmiCecAgent: isPowerOffChangerMessage: false
12-11 23:13:26.809 1132 1132 V OZ-DCSCEC:HdmiCecAgent: process CEC message: Source: 0x00; Destination: 0x04; Opcode: 0x89; Params: 0x01, start delay[ms]: 0, processing duration[ms]: 0, since message received until end of processing[ms]: 0
12-11 23:13:26.816 289 2107 E PlayReadyCryptPlugin: decrypt,462 : Drm_Reader_Decrypt() failed! dr = 0x80004005
12-11 23:13:26.817 2547 21039 W mediaErrorLogger: MediaError:MMSW_Metrics6.0:org.xbmc.kodi.DRM_DECRYPT=-2005 from decrypt
12-11 23:13:26.817 2547 21048 E NdkMediaCodec: queSecureInputBuffer:
12-11 23:13:26.817 2547 21048 E NdkMediaCodec: sf error code: -2005
12-11 23:13:26.833 289 2107 E PlayReadyCryptPlugin: decrypt,462 : Drm_Reader_Decrypt() failed! dr = 0x80004005
12-11 23:13:26.834 2547 21039 W mediaErrorLogger: MediaError:MMSW_Metrics6.0:org.xbmc.kodi.DRM_DECRYPT=-2005 from decrypt
12-11 23:13:26.834 2547 21048 E NdkMediaCodec: queSecureInputBuffer:
12-11 23:13:26.834 2547 21048 E NdkMediaCodec: sf error code: -2005
12-11 23:13:26.850 289 2107 E PlayReadyCryptPlugin: decrypt,462 : Drm_Reader_Decrypt() failed! dr = 0x80004005
12-11 23:13:26.851 2547 21039 W mediaErrorLogger: MediaError:MMSW_Metrics6.0:org.xbmc.kodi.DRM_DECRYPT=-2005 from decrypt
12-11 23:13:26.851 2547 21048 E NdkMediaCodec: queSecureInputBuffer:
12-11 23:13:26.851 2547 21048 E NdkMediaCodec: sf error code: -2005
12-11 23:13:26.869 289 2107 E PlayReadyCryptPlugin: decrypt,462 : Drm_Reader_Decrypt() failed! dr = 0x80004005
12-11 23:13:26.869 2547 21039 W mediaErrorLogger: MediaError:MMSW_Metrics6.0:org.xbmc.kodi.DRM_DECRYPT=-2005 from decrypt
12-11 23:13:26.869 2547 21048 E NdkMediaCodec: queSecureInputBuffer:
12-11 23:13:26.869 2547 21048 E NdkMediaCodec: sf error code: -2005
12-11 23:13:26.886 289 2107 E PlayReadyCryptPlugin: decrypt,462 : Drm_Reader_Decrypt() failed! dr = 0x80004005
12-11 23:13:26.887 2547 21039 W mediaErrorLogger: MediaError:MMSW_Metrics6.0:org.xbmc.kodi.DRM_DECRYPT=-2005 from decrypt
12-11 23:13:26.887 2547 21048 E NdkMediaCodec: queSecureInputBuffer:
12-11 23:13:26.887 2547 21048 E NdkMediaCodec: sf error code: -2005
12-11 23:13:26.904 289 2107 E PlayReadyCryptPlugin: decrypt,462 : Drm_Reader_Decrypt() failed! dr = 0x80004005
12-11 23:13:26.904 2547 21039 W mediaErrorLogger: MediaError:MMSW_Metrics6.0:org.xbmc.kodi.DRM_DECRYPT=-2005 from decrypt
12-11 23:13:26.904 2547 21048 E NdkMediaCodec: queSecureInputBuffer:
12-11 23:13:26.904 2547 21048 E NdkMediaCodec: sf error code: -2005
12-11 23:13:26.921 289 2107 E PlayReadyCryptPlugin: decrypt,462 : Drm_Reader_Decrypt() failed! dr = 0x80004005
12-11 23:13:26.922 2547 21039 W mediaErrorLogger: MediaError:MMSW_Metrics6.0:org.xbmc.kodi.DRM_DECRYPT=-2005 from decrypt
12-11 23:13:26.922 2547 21048 E NdkMediaCodec: queSecureInputBuffer:
12-11 23:13:26.922 2547 21048 E NdkMediaCodec: sf error code: -2005
12-11 23:13:26.939 289 2107 E PlayReadyCryptPlugin: decrypt,462 : Drm_Reader_Decrypt() failed! dr = 0x80004005
12-11 23:13:26.941 2547 21039 W mediaErrorLogger: MediaError:MMSW_Metrics6.0:org.xbmc.kodi.DRM_DECRYPT=-2005 from decrypt
12-11 23:13:26.941 2547 21048 E NdkMediaCodec: queSecureInputBuffer:
12-11 23:13:26.941 2547 21048 E NdkMediaCodec: sf error code: -2005
12-11 23:13:26.942 580 650 D hdmi_cec: [HWCEC] ret:0 msg->destination:0 msg->body[0]:0x0 msg->body[1]:0x89
12-11 23:13:26.942 580 650 D hdmi_cec: [HWCEC] send_message end, opcode(mCurrCode): 0x0, mResult:0
12-11 23:13:26.958 289 2107 E PlayReadyCryptPlugin: decrypt,462 : Drm_Reader_Decrypt() failed! dr = 0x80004005
12-11 23:13:26.959 2547 21039 W mediaErrorLogger: MediaError:MMSW_Metrics6.0:org.xbmc.kodi.DRM_DECRYPT=-2005 from decrypt
12-11 23:13:26.959 2547 21048 E NdkMediaCodec: queSecureInputBuffer:
12-11 23:13:26.959 2547 21048 E NdkMediaCodec: sf error code: -2005
12-11 23:13:26.977 289 2107 E PlayReadyCryptPlugin: decrypt,462 : Drm_Reader_Decrypt() failed! dr = 0x80004005
12-11 23:13:26.977 2547 21039 W mediaErrorLogger: MediaError:MMSW_Metrics6.0:org.xbmc.kodi.DRM_DECRYPT=-2005 from decrypt
12-11 23:13:26.977 2547 21048 E NdkMediaCodec: queSecureInputBuffer:
12-11 23:13:26.977 2547 21048 E NdkMediaCodec: sf error code: -2005
12-11 23:13:26.995 289 2107 E PlayReadyCryptPlugin: decrypt,462 : Drm_Reader_Decrypt() failed! dr = 0x80004005
12-11 23:13:26.996 2547 21039 W mediaErrorLogger: MediaError:MMSW_Metrics6.0:org.xbmc.kodi.DRM_DECRYPT=-2005 from decrypt
12-11 23:13:26.996 2547 21048 E NdkMediaCodec: queSecureInputBuffer:
12-11 23:13:26.996 2547 21048 E NdkMediaCodec: sf error code: -2005
12-11 23:13:27.013 289 2107 E PlayReadyCryptPlugin: decrypt,462 : Drm_Reader_Decrypt() failed! dr = 0x80004005
12-11 23:13:27.013 2547 21039 W mediaErrorLogger: MediaError:MMSW_Metrics6.0:org.xbmc.kodi.DRM_DECRYPT=-2005 from decrypt
12-11 23:13:27.014 2547 21048 E NdkMediaCodec: queSecureInputBuffer:
12-11 23:13:27.014 2547 21048 E NdkMediaCodec: sf error code: -2005
12-11 23:13:27.030 289 2107 E PlayReadyCryptPlugin: decrypt,462 : Drm_Reader_Decrypt() failed! dr = 0x80004005
12-11 23:13:27.031 2547 21039 W mediaErrorLogger: MediaError:MMSW_Metrics6.0:org.xbmc.kodi.DRM_DECRYPT=-2005 from decrypt
12-11 23:13:27.031 2547 21048 E NdkMediaCodec: queSecureInputBuffer:
12-11 23:13:27.031 2547 21048 E NdkMediaCodec: sf error code: -2005
12-11 23:13:27.047 289 2107 E PlayReadyCryptPlugin: decrypt,462 : Drm_Reader_Decrypt() failed! dr = 0x80004005
12-11 23:13:27.048 2547 21039 W mediaErrorLogger: MediaError:MMSW_Metrics6.0:org.xbmc.kodi.DRM_DECRYPT=-2005 from decrypt
12-11 23:13:27.048 2547 21048 E NdkMediaCodec: queSecureInputBuffer:
12-11 23:13:27.048 2547 21048 E NdkMediaCodec: sf error code: -2005
12-11 23:13:27.065 289 2107 E PlayReadyCryptPlugin: decrypt,462 : Drm_Reader_Decrypt() failed! dr = 0x80004005
12-11 23:13:27.066 2547 21039 W mediaErrorLogger: MediaError:MMSW_Metrics6.0:org.xbmc.kodi.DRM_DECRYPT=-2005 from decrypt
12-11 23:13:27.066 2547 21048 E NdkMediaCodec: queSecureInputBuffer:
12-11 23:13:27.066 2547 21048 E NdkMediaCodec: sf error code: -2005
12-11 23:13:27.073 683 844 V Avrcp : MediaController playback changed: PlaybackState {state=3, position=28868, buffered position=0, speed=1.0, updated=108995110, actions=-1, custom actions=[], active item id=-1, error=null}
12-11 23:13:27.082 289 2107 E PlayReadyCryptPlugin: decrypt,462 : Drm_Reader_Decrypt() failed! dr = 0x80004005
12-11 23:13:27.083 2547 21039 W mediaErrorLogger: MediaError:MMSW_Metrics6.0:org.xbmc.kodi.DRM_DECRYPT=-2005 from decrypt
12-11 23:13:27.083 2547 21048 E NdkMediaCodec: queSecureInputBuffer:
12-11 23:13:27.083 2547 21048 E NdkMediaCodec: sf error code: -2005
12-11 23:13:27.100 289 2107 E PlayReadyCryptPlugin: decrypt,462 : Drm_Reader_Decrypt() failed! dr = 0x80004005
12-11 23:13:27.100 2547 21039 W mediaErrorLogger: MediaError:MMSW_Metrics6.0:org.xbmc.kodi.DRM_DECRYPT=-2005 from decrypt
12-11 23:13:27.100 2547 21048 E NdkMediaCodec: queSecureInputBuffer:
12-11 23:13:27.100 2547 21048 E NdkMediaCodec: sf error code: -2005
12-11 23:13:27.117 289 2107 E PlayReadyCryptPlugin: decrypt,462 : Drm_Reader_Decrypt() failed! dr = 0x80004005
12-11 23:13:27.117 2547 21039 W mediaErrorLogger: MediaError:MMSW_Metrics6.0:org.xbmc.kodi.DRM_DECRYPT=-2005 from decrypt
12-11 23:13:27.117 2547 21048 E NdkMediaCodec: queSecureInputBuffer:
12-11 23:13:27.117 2547 21048 E NdkMediaCodec: sf error code: -2005
12-11 23:13:27.134 289 2107 E PlayReadyCryptPlugin: decrypt,462 : Drm_Reader_Decrypt() failed! dr = 0x80004005
12-11 23:13:27.134 2547 21039 W mediaErrorLogger: MediaError:MMSW_Metrics6.0:org.xbmc.kodi.DRM_DECRYPT=-2005 from decrypt
12-11 23:13:27.134 2547 21048 E NdkMediaCodec: queSecureInputBuffer:
12-11 23:13:27.134 2547 21048 E NdkMediaCodec: sf error code: -2005
12-11 23:13:27.151 289 2107 E PlayReadyCryptPlugin: decrypt,462 : Drm_Reader_Decrypt() failed! dr = 0x80004005
12-11 23:13:27.151 2547 21039 W mediaErrorLogger: MediaError:MMSW_Metrics6.0:org.xbmc.kodi.DRM_DECRYPT=-2005 from decrypt
12-11 23:13:27.151 2547 21048 E NdkMediaCodec: queSecureInputBuffer:
12-11 23:13:27.151 2547 21048 E NdkMediaCodec: sf error code: -2005
12-11 23:13:27.168 289 2107 E PlayReadyCryptPlugin: decrypt,462 : Drm_Reader_Decrypt() failed! dr = 0x80004005
12-11 23:13:27.168 2547 21039 W mediaErrorLogger: MediaError:MMSW_Metrics6.0:org.xbmc.kodi.DRM_DECRYPT=-2005 from decrypt
12-11 23:13:27.168 2547 21048 E NdkMediaCodec: queSecureInputBuffer:
12-11 23:13:27.168 2547 21048 E NdkMediaCodec: sf error code: -2005
12-11 23:13:27.185 289 2107 E PlayReadyCryptPlugin: decrypt,462 : Drm_Reader_Decrypt() failed! dr = 0x80004005
12-11 23:13:27.185 2547 21039 W mediaErrorLogger: MediaError:MMSW_Metrics6.0:org.xbmc.kodi.DRM_DECRYPT=-2005 from decrypt
12-11 23:13:27.185 2547 21048 E NdkMediaCodec: queSecureInputBuffer:
12-11 23:13:27.185 2547 21048 E NdkMediaCodec: sf error code: -2005
12-11 23:13:27.204 289 2107 E PlayReadyCryptPlugin: decrypt,462 : Drm_Reader_Decrypt() failed! dr = 0x80004005
12-11 23:13:27.205 2547 21039 W mediaErrorLogger: MediaError:MMSW_Metrics6.0:org.xbmc.kodi.DRM_DECRYPT=-2005 from decrypt
12-11 23:13:27.205 2547 21048 E NdkMediaCodec: queSecureInputBuffer:
12-11 23:13:27.205 2547 21048 E NdkMediaCodec: sf error code: -2005
12-11 23:13:27.220 289 2107 E PlayReadyCryptPlugin: decrypt,462 : Drm_Reader_Decrypt() failed! dr = 0x80004005
12-11 23:13:27.221 2547 21039 W mediaErrorLogger: MediaError:MMSW_Metrics6.0:org.xbmc.kodi.DRM_DECRYPT=-2005 from decrypt
12-11 23:13:27.221 2547 21048 E NdkMediaCodec: queSecureInputBuffer:
12-11 23:13:27.221 2547 21048 E NdkMediaCodec: sf error code: -2005
12-11 23:13:27.237 289 2107 E PlayReadyCryptPlugin: decrypt,462 : Drm_Reader_Decrypt() failed! dr = 0x80004005
12-11 23:13:27.238 2547 21039 W mediaErrorLogger: MediaError:MMSW_Metrics6.0:org.xbmc.kodi.DRM_DECRYPT=-2005 from decrypt
12-11 23:13:27.238 2547 21048 E NdkMediaCodec: queSecureInputBuffer:
12-11 23:13:27.238 2547 21048 E NdkMediaCodec: sf error code: -2005
12-11 23:13:27.253 289 2107 E PlayReadyCryptPlugin: decrypt,462 : Drm_Reader_Decrypt() failed! dr = 0x80004005
12-11 23:13:27.254 2547 21039 W mediaErrorLogger: MediaError:MMSW_Metrics6.0:org.xbmc.kodi.DRM_DECRYPT=-2005 from decrypt
12-11 23:13:27.254 2547 21048 E NdkMediaCodec: queSecureInputBuffer:
12-11 23:13:27.254 2547 21048 E NdkMediaCodec: sf error code: -2005
12-11 23:13:27.270 289 2107 E PlayReadyCryptPlugin: decrypt,462 : Drm_Reader_Decrypt() failed! dr = 0x80004005
12-11 23:13:27.270 2547 21039 W mediaErrorLogger: MediaError:MMSW_Metrics6.0:org.xbmc.kodi.DRM_DECRYPT=-2005 from decrypt
12-11 23:13:27.270 2547 21048 E NdkMediaCodec: queSecureInputBuffer:
12-11 23:13:27.270 2547 21048 E NdkMediaCodec: sf error code: -2005
12-11 23:13:27.288 289 2107 E PlayReadyCryptPlugin: decrypt,462 : Drm_Reader_Decrypt() failed! dr = 0x80004005
12-11 23:13:27.289 2547 21039 W mediaErrorLogger: MediaError:MMSW_Metrics6.0:org.xbmc.kodi.DRM_DECRYPT=-2005 from decrypt
12-11 23:13:27.289 2547 21048 E NdkMediaCodec: queSecureInputBuffer:
12-11 23:13:27.289 2547 21048 E NdkMediaCodec: sf error code: -2005
12-11 23:13:27.309 289 2107 E PlayReadyCryptPlugin: decrypt,462 : Drm_Reader_Decrypt() failed! dr = 0x80004005
12-11 23:13:27.310 2547 21039 W mediaErrorLogger: MediaError:MMSW_Metrics6.0:org.xbmc.kodi.DRM_DECRYPT=-2005 from decrypt
12-11 23:13:27.310 2547 21048 E NdkMediaCodec: queSecureInputBuffer:
12-11 23:13:27.310 2547 21048 E NdkMediaCodec: sf error code: -2005
12-11 23:13:27.330 289 2107 E PlayReadyCryptPlugin: decrypt,462 : Drm_Reader_Decrypt() failed! dr = 0x80004005
12-11 23:13:27.331 2547 21039 W mediaErrorLogger: MediaError:MMSW_Metrics6.0:org.xbmc.kodi.DRM_DECRYPT=-2005 from decrypt
12-11 23:13:27.332 2547 21048 E NdkMediaCodec: queSecureInputBuffer:
12-11 23:13:27.332 2547 21048 E NdkMediaCodec: sf error code: -2005
12-11 23:13:27.352 289 2107 E PlayReadyCryptPlugin: decrypt,462 : Drm_Reader_Decrypt() failed! dr = 0x80004005
12-11 23:13:27.353 2547 21039 W mediaErrorLogger: MediaError:MMSW_Metrics6.0:org.xbmc.kodi.DRM_DECRYPT=-2005 from decrypt
12-11 23:13:27.353 2547 21048 E NdkMediaCodec: queSecureInputBuffer:
12-11 23:13:27.353 2547 21048 E NdkMediaCodec: sf error code: -2005
12-11 23:13:27.375 289 2107 E PlayReadyCryptPlugin: decrypt,462 : Drm_Reader_Decrypt() failed! dr = 0x80004005
12-11 23:13:27.376 2547 21039 W mediaErrorLogger: MediaError:MMSW_Metrics6.0:org.xbmc.kodi.DRM_DECRYPT=-2005 from decrypt
12-11 23:13:27.376 2547 21048 E NdkMediaCodec: queSecureInputBuffer:
12-11 23:13:27.376 2547 21048 E NdkMediaCodec: sf error code: -2005
12-11 23:13:27.397 289 2107 E PlayReadyCryptPlugin: decrypt,462 : Drm_Reader_Decrypt() failed! dr = 0x80004005
12-11 23:13:27.398 2547 21039 W mediaErrorLogger: MediaError:MMSW_Metrics6.0:org.xbmc.kodi.DRM_DECRYPT=-2005 from decrypt
12-11 23:13:27.398 2547 21048 E NdkMediaCodec: queSecureInputBuffer:
12-11 23:13:27.398 2547 21048 E NdkMediaCodec: sf error code: -2005
12-11 23:13:27.418 289 2107 E PlayReadyCryptPlugin: decrypt,462 : Drm_Reader_Decrypt() failed! dr = 0x80004005
12-11 23:13:27.419 2547 21039 W mediaErrorLogger: MediaError:MMSW_Metrics6.0:org.xbmc.kodi.DRM_DECRYPT=-2005 from decrypt
12-11 23:13:27.419 2547 21048 E NdkMediaCodec: queSecureInputBuffer:
12-11 23:13:27.419 2547 21048 E NdkMediaCodec: sf error code: -2005
12-11 23:13:27.440 289 2107 E PlayReadyCryptPlugin: decrypt,462 : Drm_Reader_Decrypt() failed! dr = 0x80004005
12-11 23:13:27.440 2547 21039 W mediaErrorLogger: MediaError:MMSW_Metrics6.0:org.xbmc.kodi.DRM_DECRYPT=-2005 from decrypt
12-11 23:13:27.440 2547 21048 E NdkMediaCodec: queSecureInputBuffer:
12-11 23:13:27.440 2547 21048 E NdkMediaCodec: sf error code: -2005
12-11 23:13:27.461 289 2107 E PlayReadyCryptPlugin: decrypt,462 : Drm_Reader_Decrypt() failed! dr = 0x80004005
12-11 23:13:27.462 2547 21039 W mediaErrorLogger: MediaError:MMSW_Metrics6.0:org.xbmc.kodi.DRM_DECRYPT=-2005 from decrypt
12-11 23:13:27.462 2547 21048 E NdkMediaCodec: queSecureInputBuffer:
12-11 23:13:27.462 2547 21048 E NdkMediaCodec: sf error code: -2005
12-11 23:13:27.483 289 2107 E PlayReadyCryptPlugin: decrypt,462 : Drm_Reader_Decrypt() failed! dr = 0x80004005
12-11 23:13:27.484 2547 21039 W mediaErrorLogger: MediaError:MMSW_Metrics6.0:org.xbmc.kodi.DRM_DECRYPT=-2005 from decrypt
12-11 23:13:27.484 2547 21048 E NdkMediaCodec: queSecureInputBuffer:
12-11 23:13:27.484 2547 21048 E NdkMediaCodec: sf error code: -2005
12-11 23:13:27.506 289 2107 E PlayReadyCryptPlugin: decrypt,462 : Drm_Reader_Decrypt() failed! dr = 0x80004005
12-11 23:13:27.512 2547 21039 W mediaErrorLogger: MediaError:MMSW_Metrics6.0:org.xbmc.kodi.DRM_DECRYPT=-2005 from decrypt
12-11 23:13:27.512 2547 21048 E NdkMediaCodec: queSecureInputBuffer:
12-11 23:13:27.512 2547 21048 E NdkMediaCodec: sf error code: -2005
12-11 23:13:27.534 289 2107 E PlayReadyCryptPlugin: decrypt,462 : Drm_Reader_Decrypt() failed! dr = 0x80004005
12-11 23:13:27.535 2547 21039 W mediaErrorLogger: MediaError:MMSW_Metrics6.0:org.xbmc.kodi.DRM_DECRYPT=-2005 from decrypt
12-11 23:13:27.535 2547 21048 E NdkMediaCodec: queSecureInputBuffer:
12-11 23:13:27.535 2547 21048 E NdkMediaCodec: sf error code: -2005
12-11 23:13:27.556 289 2107 E PlayReadyCryptPlugin: decrypt,462 : Drm_Reader_Decrypt() failed! dr = 0x80004005
12-11 23:13:27.556 2547 21039 W mediaErrorLogger: MediaError:MMSW_Metrics6.0:org.xbmc.kodi.DRM_DECRYPT=-2005 from decrypt
12-11 23:13:27.557 2547 21048 E NdkMediaCodec: queSecureInputBuffer:
12-11 23:13:27.557 2547 21048 E NdkMediaCodec: sf error code: -2005
12-11 23:13:27.578 289 2107 E PlayReadyCryptPlugin: decrypt,462 : Drm_Reader_Decrypt() failed! dr = 0x80004005
12-11 23:13:27.578 2547 21039 W mediaErrorLogger: MediaError:MMSW_Metrics6.0:org.xbmc.kodi.DRM_DECRYPT=-2005 from decrypt
12-11 23:13:27.579 2547 21048 E NdkMediaCodec: queSecureInputBuffer:
12-11 23:13:27.579 2547 21048 E NdkMediaCodec: sf error code: -2005
12-11 23:13:27.594 683 844 V Avrcp : MediaController playback changed: PlaybackState {state=3, position=29477, buffered position=0, speed=1.0, updated=108995630, actions=-1, custom actions=[], active item id=-1, error=null}
12-11 23:13:27.603 289 2107 E PlayReadyCryptPlugin: decrypt,462 : Drm_Reader_Decrypt() failed! dr = 0x80004005
12-11 23:13:27.604 2547 21039 W mediaErrorLogger: MediaError:MMSW_Metrics6.0:org.xbmc.kodi.DRM_DECRYPT=-2005 from decrypt
12-11 23:13:27.604 2547 21048 E NdkMediaCodec: queSecureInputBuffer:
12-11 23:13:27.604 2547 21048 E NdkMediaCodec: sf error code: -2005
12-11 23:13:27.626 289 2107 E PlayReadyCryptPlugin: decrypt,462 : Drm_Reader_Decrypt() failed! dr = 0x80004005
12-11 23:13:27.627 2547 21039 W mediaErrorLogger: MediaError:MMSW_Metrics6.0:org.xbmc.kodi.DRM_DECRYPT=-2005 from decrypt
12-11 23:13:27.627 2547 21048 E NdkMediaCodec: queSecureInputBuffer:
12-11 23:13:27.627 2547 21048 E NdkMediaCodec: sf error code: -2005
12-11 23:13:27.649 289 2107 E PlayReadyCryptPlugin: decrypt,462 : Drm_Reader_Decrypt() failed! dr = 0x80004005
12-11 23:13:27.650 2547 21039 W mediaErrorLogger: MediaError:MMSW_Metrics6.0:org.xbmc.kodi.DRM_DECRYPT=-2005 from decrypt
12-11 23:13:27.650 2547 21048 E NdkMediaCodec: queSecureInputBuffer:
12-11 23:13:27.650 2547 21048 E NdkMediaCodec: sf error code: -2005
12-11 23:13:27.671 289 2107 E PlayReadyCryptPlugin: decrypt,462 : Drm_Reader_Decrypt() failed! dr = 0x80004005
12-11 23:13:27.671 2547 21039 W mediaErrorLogger: MediaError:MMSW_Metrics6.0:org.xbmc.kodi.DRM_DECRYPT=-2005 from decrypt
12-11 23:13:27.671 2547 21048 E NdkMediaCodec: queSecureInputBuffer:
12-11 23:13:27.672 2547 21048 E NdkMediaCodec: sf error code: -2005
12-11 23:13:27.693 289 2107 E PlayReadyCryptPlugin: decrypt,462 : Drm_Reader_Decrypt() failed! dr = 0x80004005
12-11 23:13:27.693 2547 21039 W mediaErrorLogger: MediaError:MMSW_Metrics6.0:org.xbmc.kodi.DRM_DECRYPT=-2005 from decrypt
12-11 23:13:27.694 2547 21048 E NdkMediaCodec: queSecureInputBuffer:
12-11 23:13:27.694 2547 21048 E NdkMediaCodec: sf error code: -2005
12-11 23:13:27.714 289 2107 E PlayReadyCryptPlugin: decrypt,462 : Drm_Reader_Decrypt() failed! dr = 0x80004005
12-11 23:13:27.715 2547 21039 W mediaErrorLogger: MediaError:MMSW_Metrics6.0:org.xbmc.kodi.DRM_DECRYPT=-2005 from decrypt
12-11 23:13:27.715 2547 21048 E NdkMediaCodec: queSecureInputBuffer:
12-11 23:13:27.715 2547 21048 E NdkMediaCodec: sf error code: -2005
12-11 23:13:27.736 289 2107 E PlayReadyCryptPlugin: decrypt,462 : Drm_Reader_Decrypt() failed! dr = 0x80004005
12-11 23:13:27.737 2547 21039 W mediaErrorLogger: MediaError:MMSW_Metrics6.0:org.xbmc.kodi.DRM_DECRYPT=-2005 from decrypt
12-11 23:13:27.737 2547 21048 E NdkMediaCodec: queSecureInputBuffer:
12-11 23:13:27.737 2547 21048 E NdkMediaCodec: sf error code: -2005
12-11 23:13:27.757 289 2107 E PlayReadyCryptPlugin: decrypt,462 : Drm_Reader_Decrypt() failed! dr = 0x80004005
12-11 23:13:27.759 2547 21039 W mediaErrorLogger: MediaError:MMSW_Metrics6.0:org.xbmc.kodi.DRM_DECRYPT=-2005 from decrypt
12-11 23:13:27.759 2547 21048 E NdkMediaCodec: queSecureInputBuffer:
12-11 23:13:27.759 2547 21048 E NdkMediaCodec: sf error code: -2005
12-11 23:13:27.780 289 2107 E PlayReadyCryptPlugin: decrypt,462 : Drm_Reader_Decrypt() failed! dr = 0x80004005
12-11 23:13:27.780 2547 21039 W mediaErrorLogger: MediaError:MMSW_Metrics6.0:org.xbmc.kodi.DRM_DECRYPT=-2005 from decrypt
12-11 23:13:27.780 2547 21048 E NdkMediaCodec: queSecureInputBuffer:
12-11 23:13:27.780 2547 21048 E NdkMediaCodec: sf error code: -2005
12-11 23:13:27.801 289 2107 E PlayReadyCryptPlugin: decrypt,462 : Drm_Reader_Decrypt() failed! dr = 0x80004005
12-11 23:13:27.802 2547 21039 W mediaErrorLogger: MediaError:MMSW_Metrics6.0:org.xbmc.kodi.DRM_DECRYPT=-2005 from decrypt
12-11 23:13:27.802 2547 21048 E NdkMediaCodec: queSecureInputBuffer:
12-11 23:13:27.802 2547 21048 E NdkMediaCodec: sf error code: -2005
12-11 23:13:27.823 289 2107 E PlayReadyCryptPlugin: decrypt,462 : Drm_Reader_Decrypt() failed! dr = 0x80004005
12-11 23:13:27.823 2547 21039 W mediaErrorLogger: MediaError:MMSW_Metrics6.0:org.xbmc.kodi.DRM_DECRYPT=-2005 from decrypt
12-11 23:13:27.823 2547 21048 E NdkMediaCodec: queSecureInputBuffer:
12-11 23:13:27.823 2547 21048 E NdkMediaCodec: sf error code: -2005
12-11 23:13:27.843 289 2107 E PlayReadyCryptPlugin: decrypt,462 : Drm_Reader_Decrypt() failed! dr = 0x80004005
12-11 23:13:27.844 2547 21039 W mediaErrorLogger: MediaError:MMSW_Metrics6.0:org.xbmc.kodi.DRM_DECRYPT=-2005 from decrypt
12-11 23:13:27.844 2547 21048 E NdkMediaCodec: queSecureInputBuffer:
12-11 23:13:27.844 2547 21048 E NdkMediaCodec: sf error code: -2005
12-11 23:13:27.864 289 2107 E PlayReadyCryptPlugin: decrypt,462 : Drm_Reader_Decrypt() failed! dr = 0x80004005
12-11 23:13:27.865 2547 21039 W mediaErrorLogger: MediaError:MMSW_Metrics6.0:org.xbmc.kodi.DRM_DECRYPT=-2005 from decrypt
12-11 23:13:27.865 2547 21048 E NdkMediaCodec: queSecureInputBuffer:
12-11 23:13:27.865 2547 21048 E NdkMediaCodec: sf error code: -2005
12-11 23:13:27.885 289 2107 E PlayReadyCryptPlugin: decrypt,462 : Drm_Reader_Decrypt() failed! dr = 0x80004005
12-11 23:13:27.886 2547 21039 W mediaErrorLogger: MediaError:MMSW_Metrics6.0:org.xbmc.kodi.DRM_DECRYPT=-2005 from decrypt
12-11 23:13:27.886 2547 21048 E NdkMediaCodec: queSecureInputBuffer:
12-11 23:13:27.886 2547 21048 E NdkMediaCodec: sf error code: -2005
12-11 23:13:27.906 289 2107 E PlayReadyCryptPlugin: decrypt,462 : Drm_Reader_Decrypt() failed! dr = 0x80004005
12-11 23:13:27.906 2547 21039 W mediaErrorLogger: MediaError:MMSW_Metrics6.0:org.xbmc.kodi.DRM_DECRYPT=-2005 from decrypt
12-11 23:13:27.907 2547 21048 E NdkMediaCodec: queSecureInputBuffer:
12-11 23:13:27.907 2547 21048 E NdkMediaCodec: sf error code: -2005
12-11 23:13:27.927 289 2107 E PlayReadyCryptPlugin: decrypt,462 : Drm_Reader_Decrypt() failed! dr = 0x80004005
12-11 23:13:27.928 2547 21039 W mediaErrorLogger: MediaError:MMSW_Metrics6.0:org.xbmc.kodi.DRM_DECRYPT=-2005 from decrypt
12-11 23:13:27.928 2547 21048 E NdkMediaCodec: queSecureInputBuffer:
12-11 23:13:27.928 2547 21048 E NdkMediaCodec: sf error code: -2005
12-11 23:13:27.948 289 2107 E PlayReadyCryptPlugin: decrypt,462 : Drm_Reader_Decrypt() failed! dr = 0x80004005
12-11 23:13:27.948 2547 21039 W mediaErrorLogger: MediaError:MMSW_Metrics6.0:org.xbmc.kodi.DRM_DECRYPT=-2005 from decrypt
12-11 23:13:27.948 2547 21048 E NdkMediaCodec: queSecureInputBuffer:
12-11 23:13:27.948 2547 21048 E NdkMediaCodec: sf error code: -2005
12-11 23:13:27.968 289 2107 E PlayReadyCryptPlugin: decrypt,462 : Drm_Reader_Decrypt() failed! dr = 0x80004005
12-11 23:13:27.969 2547 21039 W mediaErrorLogger: MediaError:MMSW_Metrics6.0:org.xbmc.kodi.DRM_DECRYPT=-2005 from decrypt
12-11 23:13:27.969 2547 21048 E NdkMediaCodec: queSecureInputBuffer:
12-11 23:13:27.969 2547 21048 E NdkMediaCodec: sf error code: -2005
12-11 23:13:27.988 289 2107 E PlayReadyCryptPlugin: decrypt,462 : Drm_Reader_Decrypt() failed! dr = 0x80004005
12-11 23:13:27.988 2547 21039 W mediaErrorLogger: MediaError:MMSW_Metrics6.0:org.xbmc.kodi.DRM_DECRYPT=-2005 from decrypt
12-11 23:13:27.988 2547 21048 E NdkMediaCodec: queSecureInputBuffer:
12-11 23:13:27.988 2547 21048 E NdkMediaCodec: sf error code: -2005
12-11 23:13:28.008 289 2107 E PlayReadyCryptPlugin: decrypt,462 : Drm_Reader_Decrypt() failed! dr = 0x80004005
12-11 23:13:28.009 2547 21039 W mediaErrorLogger: MediaError:MMSW_Metrics6.0:org.xbmc.kodi.DRM_DECRYPT=-2005 from decrypt
12-11 23:13:28.009 2547 21048 E NdkMediaCodec: queSecureInputBuffer:
12-11 23:13:28.009 2547 21048 E NdkMediaCodec: sf error code: -2005
12-11 23:13:28.031 289 2107 E PlayReadyCryptPlugin: decrypt,462 : Drm_Reader_Decrypt() failed! dr = 0x80004005
12-11 23:13:28.032 2547 21039 W mediaErrorLogger: MediaError:MMSW_Metrics6.0:org.xbmc.kodi.DRM_DECRYPT=-2005 from decrypt
12-11 23:13:28.032 2547 21048 E NdkMediaCodec: queSecureInputBuffer:
12-11 23:13:28.032 2547 21048 E NdkMediaCodec: sf error code: -2005
12-11 23:13:28.053 289 2107 E PlayReadyCryptPlugin: decrypt,462 : Drm_Reader_Decrypt() failed! dr = 0x80004005
12-11 23:13:28.053 2547 21039 W mediaErrorLogger: MediaError:MMSW_Metrics6.0:org.xbmc.kodi.DRM_DECRYPT=-2005 from decrypt
12-11 23:13:28.053 2547 21048 E NdkMediaCodec: queSecureInputBuffer:
12-11 23:13:28.053 2547 21048 E NdkMediaCodec: sf error code: -2005
12-11 23:13:28.074 289 2107 E PlayReadyCryptPlugin: decrypt,462 : Drm_Reader_Decrypt() failed! dr = 0x80004005
12-11 23:13:28.074 2547 21039 W mediaErrorLogger: MediaError:MMSW_Metrics6.0:org.xbmc.kodi.DRM_DECRYPT=-2005 from decrypt
12-11 23:13:28.074 2547 21048 E NdkMediaCodec: queSecureInputBuffer:
12-11 23:13:28.074 2547 21048 E NdkMediaCodec: sf error code: -2005
12-11 23:13:28.095 683 844 V Avrcp : MediaController playback changed: PlaybackState {state=3, position=29884, buffered position=0, speed=1.0, updated=108996132, actions=-1, custom actions=[], active item id=-1, error=null}
12-11 23:13:28.096 289 2107 E PlayReadyCryptPlugin: decrypt,462 : Drm_Reader_Decrypt() failed! dr = 0x80004005
12-11 23:13:28.097 2547 21039 W mediaErrorLogger: MediaError:MMSW_Metrics6.0:org.xbmc.kodi.DRM_DECRYPT=-2005 from decrypt
12-11 23:13:28.097 2547 21048 E NdkMediaCodec: queSecureInputBuffer:
12-11 23:13:28.097 2547 21048 E NdkMediaCodec: sf error code: -2005
12-11 23:13:28.117 289 2107 E PlayReadyCryptPlugin: decrypt,462 : Drm_Reader_Decrypt() failed! dr = 0x80004005
12-11 23:13:28.117 2547 21039 W mediaErrorLogger: MediaError:MMSW_Metrics6.0:org.xbmc.kodi.DRM_DECRYPT=-2005 from decrypt
12-11 23:13:28.118 2547 21048 E NdkMediaCodec: queSecureInputBuffer:
12-11 23:13:28.118 2547 21048 E NdkMediaCodec: sf error code: -2005
12-11 23:13:28.138 289 2107 E PlayReadyCryptPlugin: decrypt,462 : Drm_Reader_Decrypt() failed! dr = 0x80004005
12-11 23:13:28.138 2547 21039 W mediaErrorLogger: MediaError:MMSW_Metrics6.0:org.xbmc.kodi.DRM_DECRYPT=-2005 from decrypt
12-11 23:13:28.138 2547 21048 E NdkMediaCodec: queSecureInputBuffer:
12-11 23:13:28.138 2547 21048 E NdkMediaCodec: sf error code: -2005
12-11 23:13:28.158 289 2107 E PlayReadyCryptPlugin: decrypt,462 : Drm_Reader_Decrypt() failed! dr = 0x80004005
12-11 23:13:28.159 2547 21039 W mediaErrorLogger: MediaError:MMSW_Metrics6.0:org.xbmc.kodi.DRM_DECRYPT=-2005 from decrypt
12-11 23:13:28.159 2547 21048 E NdkMediaCodec: queSecureInputBuffer:
12-11 23:13:28.159 2547 21048 E NdkMediaCodec: sf error code: -2005
12-11 23:13:28.179 289 2107 E PlayReadyCryptPlugin: decrypt,462 : Drm_Reader_Decrypt() failed! dr = 0x80004005
12-11 23:13:28.180 2547 21039 W mediaErrorLogger: MediaError:MMSW_Metrics6.0:org.xbmc.kodi.DRM_DECRYPT=-2005 from decrypt
12-11 23:13:28.180 2547 21048 E NdkMediaCodec: queSecureInputBuffer:
12-11 23:13:28.180 2547 21048 E NdkMediaCodec: sf error code: -2005
12-11 23:13:28.201 289 2107 E PlayReadyCryptPlugin: decrypt,462 : Drm_Reader_Decrypt() failed! dr = 0x80004005
