12-11 23:13:30.797 2547 21039 W mediaErrorLogger: MediaError:MMSW_Metrics6.0:org.xbmc.kodi.DRM_DECRYPT=-2005 from decrypt
12-11 23:13:30.797 2547 21048 E NdkMediaCodec: queSecureInputBuffer:
12-11 23:13:30.797 2547 21048 E NdkMediaCodec: sf error code: -2005
12-11 23:13:30.817 289 2107 E PlayReadyCryptPlugin: decrypt,462 : Drm_Reader_Decrypt() failed! dr = 0x80004005
12-11 23:13:30.818 2547 21039 W mediaErrorLogger: MediaError:MMSW_Metrics6.0:org.xbmc.kodi.DRM_DECRYPT=-2005 from decrypt
12-11 23:13:30.818 2547 21048 E NdkMediaCodec: queSecureInputBuffer:
12-11 23:13:30.818 2547 21048 E NdkMediaCodec: sf error code: -2005
12-11 23:13:30.839 289 2107 E PlayReadyCryptPlugin: decrypt,462 : Drm_Reader_Decrypt() failed! dr = 0x80004005
12-11 23:13:30.840 2547 21039 W mediaErrorLogger: MediaError:MMSW_Metrics6.0:org.xbmc.kodi.DRM_DECRYPT=-2005 from decrypt
12-11 23:13:30.840 2547 21048 E NdkMediaCodec: queSecureInputBuffer:
12-11 23:13:30.840 2547 21048 E NdkMediaCodec: sf error code: -2005
12-11 23:13:30.860 289 2107 E PlayReadyCryptPlugin: decrypt,462 : Drm_Reader_Decrypt() failed! dr = 0x80004005
12-11 23:13:30.861 2547 21039 W mediaErrorLogger: MediaError:MMSW_Metrics6.0:org.xbmc.kodi.DRM_DECRYPT=-2005 from decrypt
12-11 23:13:30.861 2547 21048 E NdkMediaCodec: queSecureInputBuffer:
12-11 23:13:30.861 2547 21048 E NdkMediaCodec: sf error code: -2005
12-11 23:13:30.883 289 2107 E PlayReadyCryptPlugin: decrypt,462 : Drm_Reader_Decrypt() failed! dr = 0x80004005
12-11 23:13:30.883 2547 21039 W mediaErrorLogger: MediaError:MMSW_Metrics6.0:org.xbmc.kodi.DRM_DECRYPT=-2005 from decrypt
12-11 23:13:30.883 2547 21048 E NdkMediaCodec: queSecureInputBuffer:
12-11 23:13:30.883 2547 21048 E NdkMediaCodec: sf error code: -2005
12-11 23:13:30.904 289 2107 E PlayReadyCryptPlugin: decrypt,462 : Drm_Reader_Decrypt() failed! dr = 0x80004005
12-11 23:13:30.904 2547 21039 W mediaErrorLogger: MediaError:MMSW_Metrics6.0:org.xbmc.kodi.DRM_DECRYPT=-2005 from decrypt
12-11 23:13:30.905 2547 21048 E NdkMediaCodec: queSecureInputBuffer:
12-11 23:13:30.905 2547 21048 E NdkMediaCodec: sf error code: -2005
12-11 23:13:30.924 289 2107 E PlayReadyCryptPlugin: decrypt,462 : Drm_Reader_Decrypt() failed! dr = 0x80004005
12-11 23:13:30.925 2547 21039 W mediaErrorLogger: MediaError:MMSW_Metrics6.0:org.xbmc.kodi.DRM_DECRYPT=-2005 from decrypt
12-11 23:13:30.925 2547 21048 E NdkMediaCodec: queSecureInputBuffer:
12-11 23:13:30.925 2547 21048 E NdkMediaCodec: sf error code: -2005
12-11 23:13:30.947 289 2107 E PlayReadyCryptPlugin: decrypt,462 : Drm_Reader_Decrypt() failed! dr = 0x80004005
12-11 23:13:30.947 2547 21039 W mediaErrorLogger: MediaError:MMSW_Metrics6.0:org.xbmc.kodi.DRM_DECRYPT=-2005 from decrypt
12-11 23:13:30.947 2547 21048 E NdkMediaCodec: queSecureInputBuffer:
12-11 23:13:30.947 2547 21048 E NdkMediaCodec: sf error code: -2005
12-11 23:13:30.968 289 2107 E PlayReadyCryptPlugin: decrypt,462 : Drm_Reader_Decrypt() failed! dr = 0x80004005
12-11 23:13:30.969 2547 21039 W mediaErrorLogger: MediaError:MMSW_Metrics6.0:org.xbmc.kodi.DRM_DECRYPT=-2005 from decrypt
12-11 23:13:30.969 2547 21048 E NdkMediaCodec: queSecureInputBuffer:
12-11 23:13:30.969 2547 21048 E NdkMediaCodec: sf error code: -2005
12-11 23:13:30.989 289 2107 E PlayReadyCryptPlugin: decrypt,462 : Drm_Reader_Decrypt() failed! dr = 0x80004005
12-11 23:13:30.990 2547 21039 W mediaErrorLogger: MediaError:MMSW_Metrics6.0:org.xbmc.kodi.DRM_DECRYPT=-2005 from decrypt
12-11 23:13:30.990 2547 21048 E NdkMediaCodec: queSecureInputBuffer:
12-11 23:13:30.990 2547 21048 E NdkMediaCodec: sf error code: -2005
12-11 23:13:31.011 289 2107 E PlayReadyCryptPlugin: decrypt,462 : Drm_Reader_Decrypt() failed! dr = 0x80004005
12-11 23:13:31.011 2547 21039 W mediaErrorLogger: MediaError:MMSW_Metrics6.0:org.xbmc.kodi.DRM_DECRYPT=-2005 from decrypt
12-11 23:13:31.012 2547 21048 E NdkMediaCodec: queSecureInputBuffer:
12-11 23:13:31.012 2547 21048 E NdkMediaCodec: sf error code: -2005
12-11 23:13:31.032 289 2107 E PlayReadyCryptPlugin: decrypt,462 : Drm_Reader_Decrypt() failed! dr = 0x80004005
12-11 23:13:31.033 2547 21039 W mediaErrorLogger: MediaError:MMSW_Metrics6.0:org.xbmc.kodi.DRM_DECRYPT=-2005 from decrypt
12-11 23:13:31.033 2547 21048 E NdkMediaCodec: queSecureInputBuffer:
12-11 23:13:31.033 2547 21048 E NdkMediaCodec: sf error code: -2005
12-11 23:13:31.054 289 2107 E PlayReadyCryptPlugin: decrypt,462 : Drm_Reader_Decrypt() failed! dr = 0x80004005
12-11 23:13:31.054 2547 21039 W mediaErrorLogger: MediaError:MMSW_Metrics6.0:org.xbmc.kodi.DRM_DECRYPT=-2005 from decrypt
12-11 23:13:31.055 2547 21048 E NdkMediaCodec: queSecureInputBuffer:
12-11 23:13:31.055 2547 21048 E NdkMediaCodec: sf error code: -2005
12-11 23:13:31.080 289 2107 E PlayReadyCryptPlugin: decrypt,462 : Drm_Reader_Decrypt() failed! dr = 0x80004005
12-11 23:13:31.081 2547 21039 W mediaErrorLogger: MediaError:MMSW_Metrics6.0:org.xbmc.kodi.DRM_DECRYPT=-2005 from decrypt
12-11 23:13:31.081 2547 21048 E NdkMediaCodec: queSecureInputBuffer:
12-11 23:13:31.081 2547 21048 E NdkMediaCodec: sf error code: -2005
12-11 23:13:31.101 289 2107 E PlayReadyCryptPlugin: decrypt,462 : Drm_Reader_Decrypt() failed! dr = 0x80004005
12-11 23:13:31.102 2547 21039 W mediaErrorLogger: MediaError:MMSW_Metrics6.0:org.xbmc.kodi.DRM_DECRYPT=-2005 from decrypt
12-11 23:13:31.102 2547 21048 E NdkMediaCodec: queSecureInputBuffer:
12-11 23:13:31.102 2547 21048 E NdkMediaCodec: sf error code: -2005
12-11 23:13:31.121 289 2107 E PlayReadyCryptPlugin: decrypt,462 : Drm_Reader_Decrypt() failed! dr = 0x80004005
12-11 23:13:31.122 2547 21039 W mediaErrorLogger: MediaError:MMSW_Metrics6.0:org.xbmc.kodi.DRM_DECRYPT=-2005 from decrypt
12-11 23:13:31.122 2547 21048 E NdkMediaCodec: queSecureInputBuffer:
12-11 23:13:31.122 2547 21048 E NdkMediaCodec: sf error code: -2005
12-11 23:13:31.141 289 2107 E PlayReadyCryptPlugin: decrypt,462 : Drm_Reader_Decrypt() failed! dr = 0x80004005
12-11 23:13:31.141 683 844 V Avrcp : MediaController playback changed: PlaybackState {state=3, position=32930, buffered position=0, speed=1.0, updated=108999179, actions=-1, custom actions=[], active item id=-1, error=null}
12-11 23:13:31.142 2547 21039 W mediaErrorLogger: MediaError:MMSW_Metrics6.0:org.xbmc.kodi.DRM_DECRYPT=-2005 from decrypt
12-11 23:13:31.142 2547 21048 E NdkMediaCodec: queSecureInputBuffer:
12-11 23:13:31.142 2547 21048 E NdkMediaCodec: sf error code: -2005
12-11 23:13:31.161 289 2107 E PlayReadyCryptPlugin: decrypt,462 : Drm_Reader_Decrypt() failed! dr = 0x80004005
12-11 23:13:31.162 2547 21039 W mediaErrorLogger: MediaError:MMSW_Metrics6.0:org.xbmc.kodi.DRM_DECRYPT=-2005 from decrypt
12-11 23:13:31.162 2547 21048 E NdkMediaCodec: queSecureInputBuffer:
12-11 23:13:31.162 2547 21048 E NdkMediaCodec: sf error code: -2005
12-11 23:13:31.181 289 2107 E PlayReadyCryptPlugin: decrypt,462 : Drm_Reader_Decrypt() failed! dr = 0x80004005
12-11 23:13:31.182 2547 21039 W mediaErrorLogger: MediaError:MMSW_Metrics6.0:org.xbmc.kodi.DRM_DECRYPT=-2005 from decrypt
12-11 23:13:31.182 2547 21048 E NdkMediaCodec: queSecureInputBuffer:
12-11 23:13:31.182 2547 21048 E NdkMediaCodec: sf error code: -2005
12-11 23:13:31.205 289 2107 E PlayReadyCryptPlugin: decrypt,462 : Drm_Reader_Decrypt() failed! dr = 0x80004005
12-11 23:13:31.205 2547 21039 W mediaErrorLogger: MediaError:MMSW_Metrics6.0:org.xbmc.kodi.DRM_DECRYPT=-2005 from decrypt
12-11 23:13:31.205 2547 21048 E NdkMediaCodec: queSecureInputBuffer:
12-11 23:13:31.205 2547 21048 E NdkMediaCodec: sf error code: -2005
12-11 23:13:31.227 289 2107 E PlayReadyCryptPlugin: decrypt,462 : Drm_Reader_Decrypt() failed! dr = 0x80004005
12-11 23:13:31.228 2547 21039 W mediaErrorLogger: MediaError:MMSW_Metrics6.0:org.xbmc.kodi.DRM_DECRYPT=-2005 from decrypt
12-11 23:13:31.228 2547 21048 E NdkMediaCodec: queSecureInputBuffer:
12-11 23:13:31.228 2547 21048 E NdkMediaCodec: sf error code: -2005
12-11 23:13:31.249 289 2107 E PlayReadyCryptPlugin: decrypt,462 : Drm_Reader_Decrypt() failed! dr = 0x80004005
12-11 23:13:31.250 2547 21039 W mediaErrorLogger: MediaError:MMSW_Metrics6.0:org.xbmc.kodi.DRM_DECRYPT=-2005 from decrypt
12-11 23:13:31.250 2547 21048 E NdkMediaCodec: queSecureInputBuffer:
12-11 23:13:31.250 2547 21048 E NdkMediaCodec: sf error code: -2005
12-11 23:13:31.270 289 2107 E PlayReadyCryptPlugin: decrypt,462 : Drm_Reader_Decrypt() failed! dr = 0x80004005
12-11 23:13:31.271 2547 21039 W mediaErrorLogger: MediaError:MMSW_Metrics6.0:org.xbmc.kodi.DRM_DECRYPT=-2005 from decrypt
12-11 23:13:31.271 2547 21048 E NdkMediaCodec: queSecureInputBuffer:
12-11 23:13:31.271 2547 21048 E NdkMediaCodec: sf error code: -2005
12-11 23:13:31.290 289 2107 E PlayReadyCryptPlugin: decrypt,462 : Drm_Reader_Decrypt() failed! dr = 0x80004005
12-11 23:13:31.291 2547 21039 W mediaErrorLogger: MediaError:MMSW_Metrics6.0:org.xbmc.kodi.DRM_DECRYPT=-2005 from decrypt
12-11 23:13:31.291 2547 21048 E NdkMediaCodec: queSecureInputBuffer:
12-11 23:13:31.291 2547 21048 E NdkMediaCodec: sf error code: -2005
12-11 23:13:31.311 289 2107 E PlayReadyCryptPlugin: decrypt,462 : Drm_Reader_Decrypt() failed! dr = 0x80004005
12-11 23:13:31.312 2547 21039 W mediaErrorLogger: MediaError:MMSW_Metrics6.0:org.xbmc.kodi.DRM_DECRYPT=-2005 from decrypt
12-11 23:13:31.312 2547 21048 E NdkMediaCodec: queSecureInputBuffer:
12-11 23:13:31.312 2547 21048 E NdkMediaCodec: sf error code: -2005
12-11 23:13:31.333 289 2107 E PlayReadyCryptPlugin: decrypt,462 : Drm_Reader_Decrypt() failed! dr = 0x80004005
12-11 23:13:31.333 2547 21039 W mediaErrorLogger: MediaError:MMSW_Metrics6.0:org.xbmc.kodi.DRM_DECRYPT=-2005 from decrypt
12-11 23:13:31.333 2547 21048 E NdkMediaCodec: queSecureInputBuffer:
12-11 23:13:31.333 2547 21048 E NdkMediaCodec: sf error code: -2005
12-11 23:13:31.360 289 2107 E PlayReadyCryptPlugin: decrypt,462 : Drm_Reader_Decrypt() failed! dr = 0x80004005
12-11 23:13:31.361 2547 21039 W mediaErrorLogger: MediaError:MMSW_Metrics6.0:org.xbmc.kodi.DRM_DECRYPT=-2005 from decrypt
12-11 23:13:31.362 2547 21048 E NdkMediaCodec: queSecureInputBuffer:
12-11 23:13:31.362 2547 21048 E NdkMediaCodec: sf error code: -2005
12-11 23:13:31.382 289 2107 E PlayReadyCryptPlugin: decrypt,462 : Drm_Reader_Decrypt() failed! dr = 0x80004005
12-11 23:13:31.383 2547 21039 W mediaErrorLogger: MediaError:MMSW_Metrics6.0:org.xbmc.kodi.DRM_DECRYPT=-2005 from decrypt
12-11 23:13:31.383 2547 21048 E NdkMediaCodec: queSecureInputBuffer:
12-11 23:13:31.383 2547 21048 E NdkMediaCodec: sf error code: -2005
12-11 23:13:31.404 289 2107 E PlayReadyCryptPlugin: decrypt,462 : Drm_Reader_Decrypt() failed! dr = 0x80004005
12-11 23:13:31.405 2547 21039 W mediaErrorLogger: MediaError:MMSW_Metrics6.0:org.xbmc.kodi.DRM_DECRYPT=-2005 from decrypt
12-11 23:13:31.405 2547 21048 E NdkMediaCodec: queSecureInputBuffer:
12-11 23:13:31.405 2547 21048 E NdkMediaCodec: sf error code: -2005
12-11 23:13:31.425 289 2107 E PlayReadyCryptPlugin: decrypt,462 : Drm_Reader_Decrypt() failed! dr = 0x80004005
12-11 23:13:31.426 2547 21039 W mediaErrorLogger: MediaError:MMSW_Metrics6.0:org.xbmc.kodi.DRM_DECRYPT=-2005 from decrypt
12-11 23:13:31.426 2547 21048 E NdkMediaCodec: queSecureInputBuffer:
12-11 23:13:31.426 2547 21048 E NdkMediaCodec: sf error code: -2005
12-11 23:13:31.447 289 2107 E PlayReadyCryptPlugin: decrypt,462 : Drm_Reader_Decrypt() failed! dr = 0x80004005
12-11 23:13:31.448 2547 21039 W mediaErrorLogger: MediaError:MMSW_Metrics6.0:org.xbmc.kodi.DRM_DECRYPT=-2005 from decrypt
12-11 23:13:31.448 2547 21048 E NdkMediaCodec: queSecureInputBuffer:
12-11 23:13:31.448 2547 21048 E NdkMediaCodec: sf error code: -2005
12-11 23:13:31.470 289 2107 E PlayReadyCryptPlugin: decrypt,462 : Drm_Reader_Decrypt() failed! dr = 0x80004005
12-11 23:13:31.470 2547 21039 W mediaErrorLogger: MediaError:MMSW_Metrics6.0:org.xbmc.kodi.DRM_DECRYPT=-2005 from decrypt
12-11 23:13:31.470 2547 21048 E NdkMediaCodec: queSecureInputBuffer:
12-11 23:13:31.470 2547 21048 E NdkMediaCodec: sf error code: -2005
12-11 23:13:31.491 289 2107 E PlayReadyCryptPlugin: decrypt,462 : Drm_Reader_Decrypt() failed! dr = 0x80004005
12-11 23:13:31.492 2547 21039 W mediaErrorLogger: MediaError:MMSW_Metrics6.0:org.xbmc.kodi.DRM_DECRYPT=-2005 from decrypt
12-11 23:13:31.492 2547 21048 E NdkMediaCodec: queSecureInputBuffer:
12-11 23:13:31.492 2547 21048 E NdkMediaCodec: sf error code: -2005
12-11 23:13:31.515 289 2107 E PlayReadyCryptPlugin: decrypt,462 : Drm_Reader_Decrypt() failed! dr = 0x80004005
12-11 23:13:31.516 2547 21039 W mediaErrorLogger: MediaError:MMSW_Metrics6.0:org.xbmc.kodi.DRM_DECRYPT=-2005 from decrypt
12-11 23:13:31.516 2547 21048 E NdkMediaCodec: queSecureInputBuffer:
12-11 23:13:31.516 2547 21048 E NdkMediaCodec: sf error code: -2005
12-11 23:13:31.537 289 2107 E PlayReadyCryptPlugin: decrypt,462 : Drm_Reader_Decrypt() failed! dr = 0x80004005
12-11 23:13:31.544 2547 21039 W mediaErrorLogger: MediaError:MMSW_Metrics6.0:org.xbmc.kodi.DRM_DECRYPT=-2005 from decrypt
12-11 23:13:31.544 2547 21048 E NdkMediaCodec: queSecureInputBuffer:
12-11 23:13:31.544 2547 21048 E NdkMediaCodec: sf error code: -2005
12-11 23:13:31.566 289 2107 E PlayReadyCryptPlugin: decrypt,462 : Drm_Reader_Decrypt() failed! dr = 0x80004005
12-11 23:13:31.566 2547 21039 W mediaErrorLogger: MediaError:MMSW_Metrics6.0:org.xbmc.kodi.DRM_DECRYPT=-2005 from decrypt
12-11 23:13:31.567 2547 21048 E NdkMediaCodec: queSecureInputBuffer:
12-11 23:13:31.567 2547 21048 E NdkMediaCodec: sf error code: -2005
12-11 23:13:31.589 289 2107 E PlayReadyCryptPlugin: decrypt,462 : Drm_Reader_Decrypt() failed! dr = 0x80004005
12-11 23:13:31.589 2547 21039 W mediaErrorLogger: MediaError:MMSW_Metrics6.0:org.xbmc.kodi.DRM_DECRYPT=-2005 from decrypt
12-11 23:13:31.590 2547 21048 E NdkMediaCodec: queSecureInputBuffer:
12-11 23:13:31.590 2547 21048 E NdkMediaCodec: sf error code: -2005
12-11 23:13:31.615 289 2107 E PlayReadyCryptPlugin: decrypt,462 : Drm_Reader_Decrypt() failed! dr = 0x80004005
12-11 23:13:31.616 2547 21039 W mediaErrorLogger: MediaError:MMSW_Metrics6.0:org.xbmc.kodi.DRM_DECRYPT=-2005 from decrypt
12-11 23:13:31.616 2547 21048 E NdkMediaCodec: queSecureInputBuffer:
12-11 23:13:31.616 2547 21048 E NdkMediaCodec: sf error code: -2005
12-11 23:13:31.638 289 2107 E PlayReadyCryptPlugin: decrypt,462 : Drm_Reader_Decrypt() failed! dr = 0x80004005
12-11 23:13:31.638 2547 21039 W mediaErrorLogger: MediaError:MMSW_Metrics6.0:org.xbmc.kodi.DRM_DECRYPT=-2005 from decrypt
12-11 23:13:31.638 2547 21048 E NdkMediaCodec: queSecureInputBuffer:
12-11 23:13:31.638 2547 21048 E NdkMediaCodec: sf error code: -2005
12-11 23:13:31.643 683 844 V Avrcp : MediaController playback changed: PlaybackState {state=3, position=33336, buffered position=0, speed=1.0, updated=108999680, actions=-1, custom actions=[], active item id=-1, error=null}
12-11 23:13:31.659 289 2107 E PlayReadyCryptPlugin: decrypt,462 : Drm_Reader_Decrypt() failed! dr = 0x80004005
12-11 23:13:31.660 2547 21039 W mediaErrorLogger: MediaError:MMSW_Metrics6.0:org.xbmc.kodi.DRM_DECRYPT=-2005 from decrypt
12-11 23:13:31.660 2547 21048 E NdkMediaCodec: queSecureInputBuffer:
12-11 23:13:31.660 2547 21048 E NdkMediaCodec: sf error code: -2005
12-11 23:13:31.681 289 2107 E PlayReadyCryptPlugin: decrypt,462 : Drm_Reader_Decrypt() failed! dr = 0x80004005
12-11 23:13:31.681 2547 21039 W mediaErrorLogger: MediaError:MMSW_Metrics6.0:org.xbmc.kodi.DRM_DECRYPT=-2005 from decrypt
12-11 23:13:31.682 2547 21048 E NdkMediaCodec: queSecureInputBuffer:
12-11 23:13:31.682 2547 21048 E NdkMediaCodec: sf error code: -2005
12-11 23:13:31.702 289 2107 E PlayReadyCryptPlugin: decrypt,462 : Drm_Reader_Decrypt() failed! dr = 0x80004005
12-11 23:13:31.703 2547 21039 W mediaErrorLogger: MediaError:MMSW_Metrics6.0:org.xbmc.kodi.DRM_DECRYPT=-2005 from decrypt
12-11 23:13:31.703 2547 21048 E NdkMediaCodec: queSecureInputBuffer:
12-11 23:13:31.703 2547 21048 E NdkMediaCodec: sf error code: -2005
12-11 23:13:31.724 289 2107 E PlayReadyCryptPlugin: decrypt,462 : Drm_Reader_Decrypt() failed! dr = 0x80004005
12-11 23:13:31.724 2547 21039 W mediaErrorLogger: MediaError:MMSW_Metrics6.0:org.xbmc.kodi.DRM_DECRYPT=-2005 from decrypt
12-11 23:13:31.724 2547 21048 E NdkMediaCodec: queSecureInputBuffer:
12-11 23:13:31.724 2547 21048 E NdkMediaCodec: sf error code: -2005
12-11 23:13:31.745 289 2107 E PlayReadyCryptPlugin: decrypt,462 : Drm_Reader_Decrypt() failed! dr = 0x80004005
12-11 23:13:31.745 2547 21039 W mediaErrorLogger: MediaError:MMSW_Metrics6.0:org.xbmc.kodi.DRM_DECRYPT=-2005 from decrypt
12-11 23:13:31.745 2547 21048 E NdkMediaCodec: queSecureInputBuffer:
12-11 23:13:31.745 2547 21048 E NdkMediaCodec: sf error code: -2005
12-11 23:13:31.767 289 2107 E PlayReadyCryptPlugin: decrypt,462 : Drm_Reader_Decrypt() failed! dr = 0x80004005
12-11 23:13:31.768 2547 21039 W mediaErrorLogger: MediaError:MMSW_Metrics6.0:org.xbmc.kodi.DRM_DECRYPT=-2005 from decrypt
12-11 23:13:31.768 2547 21048 E NdkMediaCodec: queSecureInputBuffer:
12-11 23:13:31.768 2547 21048 E NdkMediaCodec: sf error code: -2005
12-11 23:13:31.790 289 2107 E PlayReadyCryptPlugin: decrypt,462 : Drm_Reader_Decrypt() failed! dr = 0x80004005
12-11 23:13:31.791 2547 21039 W mediaErrorLogger: MediaError:MMSW_Metrics6.0:org.xbmc.kodi.DRM_DECRYPT=-2005 from decrypt
12-11 23:13:31.791 2547 21048 E NdkMediaCodec: queSecureInputBuffer:
12-11 23:13:31.791 2547 21048 E NdkMediaCodec: sf error code: -2005
12-11 23:13:31.809 289 2107 E PlayReadyCryptPlugin: decrypt,462 : Drm_Reader_Decrypt() failed! dr = 0x80004005
12-11 23:13:31.810 2547 21039 W mediaErrorLogger: MediaError:MMSW_Metrics6.0:org.xbmc.kodi.DRM_DECRYPT=-2005 from decrypt
12-11 23:13:31.810 2547 21048 E NdkMediaCodec: queSecureInputBuffer:
12-11 23:13:31.810 2547 21048 E NdkMediaCodec: sf error code: -2005
12-11 23:13:31.830 289 2107 E PlayReadyCryptPlugin: decrypt,462 : Drm_Reader_Decrypt() failed! dr = 0x80004005
12-11 23:13:31.830 2547 21039 W mediaErrorLogger: MediaError:MMSW_Metrics6.0:org.xbmc.kodi.DRM_DECRYPT=-2005 from decrypt
12-11 23:13:31.830 2547 21048 E NdkMediaCodec: queSecureInputBuffer:
12-11 23:13:31.830 2547 21048 E NdkMediaCodec: sf error code: -2005
12-11 23:13:31.850 289 2107 E PlayReadyCryptPlugin: decrypt,462 : Drm_Reader_Decrypt() failed! dr = 0x80004005
12-11 23:13:31.851 2547 21039 W mediaErrorLogger: MediaError:MMSW_Metrics6.0:org.xbmc.kodi.DRM_DECRYPT=-2005 from decrypt
12-11 23:13:31.851 2547 21048 E NdkMediaCodec: queSecureInputBuffer:
12-11 23:13:31.851 2547 21048 E NdkMediaCodec: sf error code: -2005
12-11 23:13:31.870 289 2107 E PlayReadyCryptPlugin: decrypt,462 : Drm_Reader_Decrypt() failed! dr = 0x80004005
12-11 23:13:31.871 2547 21039 W mediaErrorLogger: MediaError:MMSW_Metrics6.0:org.xbmc.kodi.DRM_DECRYPT=-2005 from decrypt
12-11 23:13:31.871 2547 21048 E NdkMediaCodec: queSecureInputBuffer:
12-11 23:13:31.871 2547 21048 E NdkMediaCodec: sf error code: -2005
12-11 23:13:31.891 289 2107 E PlayReadyCryptPlugin: decrypt,462 : Drm_Reader_Decrypt() failed! dr = 0x80004005
12-11 23:13:31.891 2547 21039 W mediaErrorLogger: MediaError:MMSW_Metrics6.0:org.xbmc.kodi.DRM_DECRYPT=-2005 from decrypt
12-11 23:13:31.891 2547 21048 E NdkMediaCodec: queSecureInputBuffer:
12-11 23:13:31.891 2547 21048 E NdkMediaCodec: sf error code: -2005
12-11 23:13:31.912 289 2107 E PlayReadyCryptPlugin: decrypt,462 : Drm_Reader_Decrypt() failed! dr = 0x80004005
12-11 23:13:31.912 2547 21039 W mediaErrorLogger: MediaError:MMSW_Metrics6.0:org.xbmc.kodi.DRM_DECRYPT=-2005 from decrypt
12-11 23:13:31.913 2547 21048 E NdkMediaCodec: queSecureInputBuffer:
12-11 23:13:31.913 2547 21048 E NdkMediaCodec: sf error code: -2005
12-11 23:13:31.934 289 2107 E PlayReadyCryptPlugin: decrypt,462 : Drm_Reader_Decrypt() failed! dr = 0x80004005
12-11 23:13:31.934 2547 21039 W mediaErrorLogger: MediaError:MMSW_Metrics6.0:org.xbmc.kodi.DRM_DECRYPT=-2005 from decrypt
12-11 23:13:31.935 2547 21048 E NdkMediaCodec: queSecureInputBuffer:
12-11 23:13:31.935 2547 21048 E NdkMediaCodec: sf error code: -2005
12-11 23:13:31.954 289 2107 E PlayReadyCryptPlugin: decrypt,462 : Drm_Reader_Decrypt() failed! dr = 0x80004005
12-11 23:13:31.955 2547 21039 W mediaErrorLogger: MediaError:MMSW_Metrics6.0:org.xbmc.kodi.DRM_DECRYPT=-2005 from decrypt
12-11 23:13:31.955 2547 21048 E NdkMediaCodec: queSecureInputBuffer:
12-11 23:13:31.955 2547 21048 E NdkMediaCodec: sf error code: -2005
12-11 23:13:31.975 289 2107 E PlayReadyCryptPlugin: decrypt,462 : Drm_Reader_Decrypt() failed! dr = 0x80004005
12-11 23:13:31.975 2547 21039 W mediaErrorLogger: MediaError:MMSW_Metrics6.0:org.xbmc.kodi.DRM_DECRYPT=-2005 from decrypt
12-11 23:13:31.975 2547 21048 E NdkMediaCodec: queSecureInputBuffer:
12-11 23:13:31.975 2547 21048 E NdkMediaCodec: sf error code: -2005
12-11 23:13:31.995 289 2107 E PlayReadyCryptPlugin: decrypt,462 : Drm_Reader_Decrypt() failed! dr = 0x80004005
12-11 23:13:31.996 2547 21039 W mediaErrorLogger: MediaError:MMSW_Metrics6.0:org.xbmc.kodi.DRM_DECRYPT=-2005 from decrypt
12-11 23:13:31.996 2547 21048 E NdkMediaCodec: queSecureInputBuffer:
12-11 23:13:31.996 2547 21048 E NdkMediaCodec: sf error code: -2005
12-11 23:13:32.018 289 2107 E PlayReadyCryptPlugin: decrypt,462 : Drm_Reader_Decrypt() failed! dr = 0x80004005
12-11 23:13:32.018 2547 21039 W mediaErrorLogger: MediaError:MMSW_Metrics6.0:org.xbmc.kodi.DRM_DECRYPT=-2005 from decrypt
12-11 23:13:32.019 2547 21048 E NdkMediaCodec: queSecureInputBuffer:
12-11 23:13:32.019 2547 21048 E NdkMediaCodec: sf error code: -2005
12-11 23:13:32.040 289 2107 E PlayReadyCryptPlugin: decrypt,462 : Drm_Reader_Decrypt() failed! dr = 0x80004005
12-11 23:13:32.040 2547 21039 W mediaErrorLogger: MediaError:MMSW_Metrics6.0:org.xbmc.kodi.DRM_DECRYPT=-2005 from decrypt
12-11 23:13:32.040 2547 21048 E NdkMediaCodec: queSecureInputBuffer:
12-11 23:13:32.040 2547 21048 E NdkMediaCodec: sf error code: -2005
12-11 23:13:32.066 289 2107 E PlayReadyCryptPlugin: decrypt,462 : Drm_Reader_Decrypt() failed! dr = 0x80004005
12-11 23:13:32.066 2547 21039 W mediaErrorLogger: MediaError:MMSW_Metrics6.0:org.xbmc.kodi.DRM_DECRYPT=-2005 from decrypt
12-11 23:13:32.067 2547 21048 E NdkMediaCodec: queSecureInputBuffer:
12-11 23:13:32.067 2547 21048 E NdkMediaCodec: sf error code: -2005
12-11 23:13:32.088 289 2107 E PlayReadyCryptPlugin: decrypt,462 : Drm_Reader_Decrypt() failed! dr = 0x80004005
12-11 23:13:32.089 2547 21039 W mediaErrorLogger: MediaError:MMSW_Metrics6.0:org.xbmc.kodi.DRM_DECRYPT=-2005 from decrypt
12-11 23:13:32.089 2547 21048 E NdkMediaCodec: queSecureInputBuffer:
12-11 23:13:32.089 2547 21048 E NdkMediaCodec: sf error code: -2005
12-11 23:13:32.109 289 2107 E PlayReadyCryptPlugin: decrypt,462 : Drm_Reader_Decrypt() failed! dr = 0x80004005
12-11 23:13:32.109 2547 21039 W mediaErrorLogger: MediaError:MMSW_Metrics6.0:org.xbmc.kodi.DRM_DECRYPT=-2005 from decrypt
12-11 23:13:32.109 2547 21048 E NdkMediaCodec: queSecureInputBuffer:
12-11 23:13:32.110 2547 21048 E NdkMediaCodec: sf error code: -2005
12-11 23:13:32.129 289 2107 E PlayReadyCryptPlugin: decrypt,462 : Drm_Reader_Decrypt() failed! dr = 0x80004005
12-11 23:13:32.130 2547 21039 W mediaErrorLogger: MediaError:MMSW_Metrics6.0:org.xbmc.kodi.DRM_DECRYPT=-2005 from decrypt
12-11 23:13:32.130 2547 21048 E NdkMediaCodec: queSecureInputBuffer:
12-11 23:13:32.130 2547 21048 E NdkMediaCodec: sf error code: -2005
12-11 23:13:32.151 289 2107 E PlayReadyCryptPlugin: decrypt,462 : Drm_Reader_Decrypt() failed! dr = 0x80004005
12-11 23:13:32.152 2547 21039 W mediaErrorLogger: MediaError:MMSW_Metrics6.0:org.xbmc.kodi.DRM_DECRYPT=-2005 from decrypt
12-11 23:13:32.152 2547 21048 E NdkMediaCodec: queSecureInputBuffer:
12-11 23:13:32.152 2547 21048 E NdkMediaCodec: sf error code: -2005
12-11 23:13:32.159 683 844 V Avrcp : MediaController playback changed: PlaybackState {state=3, position=33946, buffered position=0, speed=1.0, updated=109000197, actions=-1, custom actions=[], active item id=-1, error=null}
12-11 23:13:32.174 289 2107 E PlayReadyCryptPlugin: decrypt,462 : Drm_Reader_Decrypt() failed! dr = 0x80004005
12-11 23:13:32.175 2547 21039 W mediaErrorLogger: MediaError:MMSW_Metrics6.0:org.xbmc.kodi.DRM_DECRYPT=-2005 from decrypt
12-11 23:13:32.175 2547 21048 E NdkMediaCodec: queSecureInputBuffer:
12-11 23:13:32.175 2547 21048 E NdkMediaCodec: sf error code: -2005
12-11 23:13:32.196 289 2107 E PlayReadyCryptPlugin: decrypt,462 : Drm_Reader_Decrypt() failed! dr = 0x80004005
12-11 23:13:32.197 2547 21039 W mediaErrorLogger: MediaError:MMSW_Metrics6.0:org.xbmc.kodi.DRM_DECRYPT=-2005 from decrypt
12-11 23:13:32.197 2547 21048 E NdkMediaCodec: queSecureInputBuffer:
12-11 23:13:32.197 2547 21048 E NdkMediaCodec: sf error code: -2005
12-11 23:13:32.217 289 2107 E PlayReadyCryptPlugin: decrypt,462 : Drm_Reader_Decrypt() failed! dr = 0x80004005
12-11 23:13:32.218 2547 21039 W mediaErrorLogger: MediaError:MMSW_Metrics6.0:org.xbmc.kodi.DRM_DECRYPT=-2005 from decrypt
12-11 23:13:32.218 2547 21048 E NdkMediaCodec: queSecureInputBuffer:
12-11 23:13:32.218 2547 21048 E NdkMediaCodec: sf error code: -2005
12-11 23:13:32.239 289 2107 E PlayReadyCryptPlugin: decrypt,462 : Drm_Reader_Decrypt() failed! dr = 0x80004005
12-11 23:13:32.239 2547 21039 W mediaErrorLogger: MediaError:MMSW_Metrics6.0:org.xbmc.kodi.DRM_DECRYPT=-2005 from decrypt
12-11 23:13:32.239 2547 21048 E NdkMediaCodec: queSecureInputBuffer:
12-11 23:13:32.239 2547 21048 E NdkMediaCodec: sf error code: -2005
12-11 23:13:32.260 289 2107 E PlayReadyCryptPlugin: decrypt,462 : Drm_Reader_Decrypt() failed! dr = 0x80004005
12-11 23:13:32.260 2547 21039 W mediaErrorLogger: MediaError:MMSW_Metrics6.0:org.xbmc.kodi.DRM_DECRYPT=-2005 from decrypt
12-11 23:13:32.260 2547 21048 E NdkMediaCodec: queSecureInputBuffer:
12-11 23:13:32.260 2547 21048 E NdkMediaCodec: sf error code: -2005
12-11 23:13:32.282 289 2107 E PlayReadyCryptPlugin: decrypt,462 : Drm_Reader_Decrypt() failed! dr = 0x80004005
12-11 23:13:32.283 2547 21039 W mediaErrorLogger: MediaError:MMSW_Metrics6.0:org.xbmc.kodi.DRM_DECRYPT=-2005 from decrypt
12-11 23:13:32.283 2547 21048 E NdkMediaCodec: queSecureInputBuffer:
12-11 23:13:32.283 2547 21048 E NdkMediaCodec: sf error code: -2005
12-11 23:13:32.303 289 2107 E PlayReadyCryptPlugin: decrypt,462 : Drm_Reader_Decrypt() failed! dr = 0x80004005
12-11 23:13:32.304 2547 21039 W mediaErrorLogger: MediaError:MMSW_Metrics6.0:org.xbmc.kodi.DRM_DECRYPT=-2005 from decrypt
12-11 23:13:32.304 2547 21048 E NdkMediaCodec: queSecureInputBuffer:
12-11 23:13:32.304 2547 21048 E NdkMediaCodec: sf error code: -2005
12-11 23:13:32.324 289 2107 E PlayReadyCryptPlugin: decrypt,462 : Drm_Reader_Decrypt() failed! dr = 0x80004005
12-11 23:13:32.325 2547 21039 W mediaErrorLogger: MediaError:MMSW_Metrics6.0:org.xbmc.kodi.DRM_DECRYPT=-2005 from decrypt
12-11 23:13:32.325 2547 21048 E NdkMediaCodec: queSecureInputBuffer:
12-11 23:13:32.325 2547 21048 E NdkMediaCodec: sf error code: -2005
12-11 23:13:32.346 289 2107 E PlayReadyCryptPlugin: decrypt,462 : Drm_Reader_Decrypt() failed! dr = 0x80004005
12-11 23:13:32.346 2547 21039 W mediaErrorLogger: MediaError:MMSW_Metrics6.0:org.xbmc.kodi.DRM_DECRYPT=-2005 from decrypt
12-11 23:13:32.347 2547 21048 E NdkMediaCodec: queSecureInputBuffer:
12-11 23:13:32.347 2547 21048 E NdkMediaCodec: sf error code: -2005
12-11 23:13:32.368 289 2107 E PlayReadyCryptPlugin: decrypt,462 : Drm_Reader_Decrypt() failed! dr = 0x80004005
12-11 23:13:32.369 2547 21039 W mediaErrorLogger: MediaError:MMSW_Metrics6.0:org.xbmc.kodi.DRM_DECRYPT=-2005 from decrypt
12-11 23:13:32.369 2547 21048 E NdkMediaCodec: queSecureInputBuffer:
12-11 23:13:32.369 2547 21048 E NdkMediaCodec: sf error code: -2005
12-11 23:13:32.390 289 2107 E PlayReadyCryptPlugin: decrypt,462 : Drm_Reader_Decrypt() failed! dr = 0x80004005
12-11 23:13:32.390 2547 21039 W mediaErrorLogger: MediaError:MMSW_Metrics6.0:org.xbmc.kodi.DRM_DECRYPT=-2005 from decrypt
12-11 23:13:32.391 2547 21048 E NdkMediaCodec: queSecureInputBuffer:
12-11 23:13:32.391 2547 21048 E NdkMediaCodec: sf error code: -2005
12-11 23:13:32.411 289 2107 E PlayReadyCryptPlugin: decrypt,462 : Drm_Reader_Decrypt() failed! dr = 0x80004005
12-11 23:13:32.412 2547 21039 W mediaErrorLogger: MediaError:MMSW_Metrics6.0:org.xbmc.kodi.DRM_DECRYPT=-2005 from decrypt
12-11 23:13:32.412 2547 21048 E NdkMediaCodec: queSecureInputBuffer:
12-11 23:13:32.412 2547 21048 E NdkMediaCodec: sf error code: -2005
12-11 23:13:32.436 289 2107 E PlayReadyCryptPlugin: decrypt,462 : Drm_Reader_Decrypt() failed! dr = 0x80004005
12-11 23:13:32.437 2547 21039 W mediaErrorLogger: MediaError:MMSW_Metrics6.0:org.xbmc.kodi.DRM_DECRYPT=-2005 from decrypt
12-11 23:13:32.437 2547 21048 E NdkMediaCodec: queSecureInputBuffer:
12-11 23:13:32.437 2547 21048 E NdkMediaCodec: sf error code: -2005
12-11 23:13:32.451 683 834 E bt_btif : bta_hh_le_input_rpt_notify uuid=0x2a4d srv_handle=79 is_bl_svc_primary=1
12-11 23:13:32.455 2547 2564 V Kodi : CAndroidKey: key down (dev:6; src:769; code: 4; repeat: 0; flags: 0x8; alt: no; shift: no; sym: no)
12-11 23:13:32.457 289 2107 E PlayReadyCryptPlugin: decrypt,462 : Drm_Reader_Decrypt() failed! dr = 0x80004005
12-11 23:13:32.457 2547 21039 W mediaErrorLogger: MediaError:MMSW_Metrics6.0:org.xbmc.kodi.DRM_DECRYPT=-2005 from decrypt
12-11 23:13:32.457 2547 21048 E NdkMediaCodec: queSecureInputBuffer:
12-11 23:13:32.457 2547 21048 E NdkMediaCodec: sf error code: -2005
12-11 23:13:32.476 289 2107 E PlayReadyCryptPlugin: decrypt,462 : Drm_Reader_Decrypt() failed! dr = 0x80004005
12-11 23:13:32.477 2547 21039 W mediaErrorLogger: MediaError:MMSW_Metrics6.0:org.xbmc.kodi.DRM_DECRYPT=-2005 from decrypt
12-11 23:13:32.477 2547 21048 E NdkMediaCodec: queSecureInputBuffer:
12-11 23:13:32.477 2547 21048 E NdkMediaCodec: sf error code: -2005
12-11 23:13:32.496 289 2107 E PlayReadyCryptPlugin: decrypt,462 : Drm_Reader_Decrypt() failed! dr = 0x80004005
12-11 23:13:32.497 2547 21039 W mediaErrorLogger: MediaError:MMSW_Metrics6.0:org.xbmc.kodi.DRM_DECRYPT=-2005 from decrypt
12-11 23:13:32.497 2547 21048 E NdkMediaCodec: queSecureInputBuffer:
12-11 23:13:32.497 2547 21048 E NdkMediaCodec: sf error code: -2005
12-11 23:13:32.512 683 834 E bt_btif : bta_hh_le_input_rpt_notify uuid=0x2a4d srv_handle=79 is_bl_svc_primary=1
12-11 23:13:32.512 580 2272 E AmazonInputManagerService: Toggle bit for the key 4 is not mapped.
12-11 23:13:32.514 2547 2564 V Kodi : CAndroidKey: key up (dev:6; src:769; code: 4; repeat: 0; flags: 0x8; alt: no; shift: no; sym: no)
12-11 23:13:32.518 289 2107 E PlayReadyCryptPlugin: decrypt,462 : Drm_Reader_Decrypt() failed! dr = 0x80004005
12-11 23:13:32.519 2547 21039 W mediaErrorLogger: MediaError:MMSW_Metrics6.0:org.xbmc.kodi.DRM_DECRYPT=-2005 from decrypt
12-11 23:13:32.519 2547 21048 E NdkMediaCodec: queSecureInputBuffer:
12-11 23:13:32.519 2547 21048 E NdkMediaCodec: sf error code: -2005
12-11 23:13:32.540 289 2107 E PlayReadyCryptPlugin: decrypt,462 : Drm_Reader_Decrypt() failed! dr = 0x80004005
12-11 23:13:32.540 2547 21039 W mediaErrorLogger: MediaError:MMSW_Metrics6.0:org.xbmc.kodi.DRM_DECRYPT=-2005 from decrypt
12-11 23:13:32.540 2547 21048 E NdkMediaCodec: queSecureInputBuffer:
12-11 23:13:32.540 2547 21048 E NdkMediaCodec: sf error code: -2005
12-11 23:13:32.561 289 2107 E PlayReadyCryptPlugin: decrypt,462 : Drm_Reader_Decrypt() failed! dr = 0x80004005
12-11 23:13:32.562 2547 21039 W mediaErrorLogger: MediaError:MMSW_Metrics6.0:org.xbmc.kodi.DRM_DECRYPT=-2005 from decrypt
12-11 23:13:32.562 2547 21048 E NdkMediaCodec: queSecureInputBuffer:
12-11 23:13:32.562 2547 21048 E NdkMediaCodec: sf error code: -2005
12-11 23:13:32.583 289 2107 E PlayReadyCryptPlugin: decrypt,462 : Drm_Reader_Decrypt() failed! dr = 0x80004005
12-11 23:13:32.584 2547 21039 W mediaErrorLogger: MediaError:MMSW_Metrics6.0:org.xbmc.kodi.DRM_DECRYPT=-2005 from decrypt
12-11 23:13:32.584 2547 21048 E NdkMediaCodec: queSecureInputBuffer:
12-11 23:13:32.584 2547 21048 E NdkMediaCodec: sf error code: -2005
12-11 23:13:32.606 289 2107 E PlayReadyCryptPlugin: decrypt,462 : Drm_Reader_Decrypt() failed! dr = 0x80004005
12-11 23:13:32.607 2547 21039 W mediaErrorLogger: MediaError:MMSW_Metrics6.0:org.xbmc.kodi.DRM_DECRYPT=-2005 from decrypt
12-11 23:13:32.607 2547 21048 E NdkMediaCodec: queSecureInputBuffer:
12-11 23:13:32.607 2547 21048 E NdkMediaCodec: sf error code: -2005
12-11 23:13:32.627 289 2107 E PlayReadyCryptPlugin: decrypt,462 : Drm_Reader_Decrypt() failed! dr = 0x80004005
12-11 23:13:32.628 2547 21039 W mediaErrorLogger: MediaError:MMSW_Metrics6.0:org.xbmc.kodi.DRM_DECRYPT=-2005 from decrypt
12-11 23:13:32.628 2547 21048 E NdkMediaCodec: queSecureInputBuffer:
12-11 23:13:32.628 2547 21048 E NdkMediaCodec: sf error code: -2005
12-11 23:13:32.648 289 2107 E PlayReadyCryptPlugin: decrypt,462 : Drm_Reader_Decrypt() failed! dr = 0x80004005
12-11 23:13:32.649 2547 21039 W mediaErrorLogger: MediaError:MMSW_Metrics6.0:org.xbmc.kodi.DRM_DECRYPT=-2005 from decrypt
12-11 23:13:32.649 2547 21048 E NdkMediaCodec: queSecureInputBuffer:
12-11 23:13:32.649 2547 21048 E NdkMediaCodec: sf error code: -2005
12-11 23:13:32.670 289 2107 E PlayReadyCryptPlugin: decrypt,462 : Drm_Reader_Decrypt() failed! dr = 0x80004005
12-11 23:13:32.670 2547 21039 W mediaErrorLogger: MediaError:MMSW_Metrics6.0:org.xbmc.kodi.DRM_DECRYPT=-2005 from decrypt
12-11 23:13:32.671 2547 21048 E NdkMediaCodec: queSecureInputBuffer:
12-11 23:13:32.671 2547 21048 E NdkMediaCodec: sf error code: -2005
12-11 23:13:32.675 683 844 V Avrcp : MediaController playback changed: PlaybackState {state=3, position=34555, buffered position=0, speed=1.0, updated=109000713, actions=-1, custom actions=[], active item id=-1, error=null}
12-11 23:13:32.691 289 2107 E PlayReadyCryptPlugin: decrypt,462 : Drm_Reader_Decrypt() failed! dr = 0x80004005
12-11 23:13:32.692 2547 21039 W mediaErrorLogger: MediaError:MMSW_Metrics6.0:org.xbmc.kodi.DRM_DECRYPT=-2005 from decrypt
12-11 23:13:32.692 2547 21048 E NdkMediaCodec: queSecureInputBuffer:
12-11 23:13:32.692 2547 21048 E NdkMediaCodec: sf error code: -2005
12-11 23:13:32.712 289 2107 E PlayReadyCryptPlugin: decrypt,462 : Drm_Reader_Decrypt() failed! dr = 0x80004005
12-11 23:13:32.714 2547 21039 W mediaErrorLogger: MediaError:MMSW_Metrics6.0:org.xbmc.kodi.DRM_DECRYPT=-2005 from decrypt
12-11 23:13:32.714 2547 21048 E NdkMediaCodec: queSecureInputBuffer:
12-11 23:13:32.714 2547 21048 E NdkMediaCodec: sf error code: -2005
12-11 23:13:32.735 289 2107 E PlayReadyCryptPlugin: decrypt,462 : Drm_Reader_Decrypt() failed! dr = 0x80004005
12-11 23:13:32.736 2547 21039 W mediaErrorLogger: MediaError:MMSW_Metrics6.0:org.xbmc.kodi.DRM_DECRYPT=-2005 from decrypt
12-11 23:13:32.736 2547 21048 E NdkMediaCodec: queSecureInputBuffer:
12-11 23:13:32.736 2547 21048 E NdkMediaCodec: sf error code: -2005
12-11 23:13:32.758 289 2107 E PlayReadyCryptPlugin: decrypt,462 : Drm_Reader_Decrypt() failed! dr = 0x80004005
12-11 23:13:32.758 2547 21039 W mediaErrorLogger: MediaError:MMSW_Metrics6.0:org.xbmc.kodi.DRM_DECRYPT=-2005 from decrypt
12-11 23:13:32.758 2547 21048 E NdkMediaCodec: queSecureInputBuffer:
12-11 23:13:32.758 2547 21048 E NdkMediaCodec: sf error code: -2005
12-11 23:13:32.779 289 2107 E PlayReadyCryptPlugin: decrypt,462 : Drm_Reader_Decrypt() failed! dr = 0x80004005
12-11 23:13:32.781 2547 21039 W mediaErrorLogger: MediaError:MMSW_Metrics6.0:org.xbmc.kodi.DRM_DECRYPT=-2005 from decrypt
12-11 23:13:32.781 2547 21048 E NdkMediaCodec: queSecureInputBuffer:
12-11 23:13:32.781 2547 21048 E NdkMediaCodec: sf error code: -2005
12-11 23:13:32.803 289 2107 E PlayReadyCryptPlugin: decrypt,462 : Drm_Reader_Decrypt() failed! dr = 0x80004005
12-11 23:13:32.804 2547 21039 W mediaErrorLogger: MediaError:MMSW_Metrics6.0:org.xbmc.kodi.DRM_DECRYPT=-2005 from decrypt
12-11 23:13:32.804 2547 21048 E NdkMediaCodec: queSecureInputBuffer:
12-11 23:13:32.804 2547 21048 E NdkMediaCodec: sf error code: -2005
12-11 23:13:32.830 289 2107 E PlayReadyCryptPlugin: decrypt,462 : Drm_Reader_Decrypt() failed! dr = 0x80004005
12-11 23:13:32.831 2547 21039 W mediaErrorLogger: MediaError:MMSW_Metrics6.0:org.xbmc.kodi.DRM_DECRYPT=-2005 from decrypt
12-11 23:13:32.831 2547 21048 E NdkMediaCodec: queSecureInputBuffer:
12-11 23:13:32.831 2547 21048 E NdkMediaCodec: sf error code: -2005
12-11 23:13:32.852 289 2107 E PlayReadyCryptPlugin: decrypt,462 : Drm_Reader_Decrypt() failed! dr = 0x80004005
12-11 23:13:32.853 2547 21039 W mediaErrorLogger: MediaError:MMSW_Metrics6.0:org.xbmc.kodi.DRM_DECRYPT=-2005 from decrypt
12-11 23:13:32.853 2547 21048 E NdkMediaCodec: queSecureInputBuffer:
12-11 23:13:32.853 2547 21048 E NdkMediaCodec: sf error code: -2005
12-11 23:13:32.873 289 2107 E PlayReadyCryptPlugin: decrypt,462 : Drm_Reader_Decrypt() failed! dr = 0x80004005
12-11 23:13:32.874 2547 21039 W mediaErrorLogger: MediaError:MMSW_Metrics6.0:org.xbmc.kodi.DRM_DECRYPT=-2005 from decrypt
12-11 23:13:32.874 2547 21048 E NdkMediaCodec: queSecureInputBuffer:
12-11 23:13:32.874 2547 21048 E NdkMediaCodec: sf error code: -2005
12-11 23:13:32.894 289 2107 E PlayReadyCryptPlugin: decrypt,462 : Drm_Reader_Decrypt() failed! dr = 0x80004005
12-11 23:13:32.895 2547 21039 W mediaErrorLogger: MediaError:MMSW_Metrics6.0:org.xbmc.kodi.DRM_DECRYPT=-2005 from decrypt
12-11 23:13:32.895 2547 21048 E NdkMediaCodec: queSecureInputBuffer:
12-11 23:13:32.895 2547 21048 E NdkMediaCodec: sf error code: -2005
12-11 23:13:32.915 289 2107 E PlayReadyCryptPlugin: decrypt,462 : Drm_Reader_Decrypt() failed! dr = 0x80004005
12-11 23:13:32.916 2547 21039 W mediaErrorLogger: MediaError:MMSW_Metrics6.0:org.xbmc.kodi.DRM_DECRYPT=-2005 from decrypt
12-11 23:13:32.916 2547 21048 E NdkMediaCodec: queSecureInputBuffer:
12-11 23:13:32.916 2547 21048 E NdkMediaCodec: sf error code: -2005
12-11 23:13:32.942 289 2107 E PlayReadyCryptPlugin: decrypt,462 : Drm_Reader_Decrypt() failed! dr = 0x80004005
12-11 23:13:32.943 2547 21039 W mediaErrorLogger: MediaError:MMSW_Metrics6.0:org.xbmc.kodi.DRM_DECRYPT=-2005 from decrypt
12-11 23:13:32.943 2547 21048 E NdkMediaCodec: queSecureInputBuffer:
12-11 23:13:32.943 2547 21048 E NdkMediaCodec: sf error code: -2005
12-11 23:13:32.966 289 2107 E PlayReadyCryptPlugin: decrypt,462 : Drm_Reader_Decrypt() failed! dr = 0x80004005
12-11 23:13:32.967 2547 21039 W mediaErrorLogger: MediaError:MMSW_Metrics6.0:org.xbmc.kodi.DRM_DECRYPT=-2005 from decrypt
12-11 23:13:32.967 2547 21048 E NdkMediaCodec: queSecureInputBuffer:
12-11 23:13:32.967 2547 21048 E NdkMediaCodec: sf error code: -2005
12-11 23:13:32.989 289 2107 E PlayReadyCryptPlugin: decrypt,462 : Drm_Reader_Decrypt() failed! dr = 0x80004005
12-11 23:13:32.990 2547 21039 W mediaErrorLogger: MediaError:MMSW_Metrics6.0:org.xbmc.kodi.DRM_DECRYPT=-2005 from decrypt
12-11 23:13:32.990 2547 21048 E NdkMediaCodec: queSecureInputBuffer:
12-11 23:13:32.990 2547 21048 E NdkMediaCodec: sf error code: -2005
12-11 23:13:33.012 289 2107 E PlayReadyCryptPlugin: decrypt,462 : Drm_Reader_Decrypt() failed! dr = 0x80004005
12-11 23:13:33.013 2547 21039 W mediaErrorLogger: MediaError:MMSW_Metrics6.0:org.xbmc.kodi.DRM_DECRYPT=-2005 from decrypt
12-11 23:13:33.013 2547 21048 E NdkMediaCodec: queSecureInputBuffer:
12-11 23:13:33.013 2547 21048 E NdkMediaCodec: sf error code: -2005
12-11 23:13:33.037 289 2107 E PlayReadyCryptPlugin: decrypt,462 : Drm_Reader_Decrypt() failed! dr = 0x80004005
12-11 23:13:33.037 2547 21039 W mediaErrorLogger: MediaError:MMSW_Metrics6.0:org.xbmc.kodi.DRM_DECRYPT=-2005 from decrypt
12-11 23:13:33.038 2547 21048 E NdkMediaCodec: queSecureInputBuffer:
12-11 23:13:33.038 2547 21048 E NdkMediaCodec: sf error code: -2005
12-11 23:13:33.059 289 2107 E PlayReadyCryptPlugin: decrypt,462 : Drm_Reader_Decrypt() failed! dr = 0x80004005
12-11 23:13:33.060 2547 21039 W mediaErrorLogger: MediaError:MMSW_Metrics6.0:org.xbmc.kodi.DRM_DECRYPT=-2005 from decrypt
12-11 23:13:33.060 2547 21048 E NdkMediaCodec: queSecureInputBuffer:
12-11 23:13:33.060 2547 21048 E NdkMediaCodec: sf error code: -2005
12-11 23:13:33.083 289 2107 E PlayReadyCryptPlugin: decrypt,462 : Drm_Reader_Decrypt() failed! dr = 0x80004005
12-11 23:13:33.084 2547 21039 W mediaErrorLogger: MediaError:MMSW_Metrics6.0:org.xbmc.kodi.DRM_DECRYPT=-2005 from decrypt
12-11 23:13:33.084 2547 21048 E NdkMediaCodec: queSecureInputBuffer:
12-11 23:13:33.084 2547 21048 E NdkMediaCodec: sf error code: -2005
12-11 23:13:33.106 289 2107 E PlayReadyCryptPlugin: decrypt,462 : Drm_Reader_Decrypt() failed! dr = 0x80004005
12-11 23:13:33.107 2547 21039 W mediaErrorLogger: MediaError:MMSW_Metrics6.0:org.xbmc.kodi.DRM_DECRYPT=-2005 from decrypt
12-11 23:13:33.107 2547 21048 E NdkMediaCodec: queSecureInputBuffer:
12-11 23:13:33.107 2547 21048 E NdkMediaCodec: sf error code: -2005
12-11 23:13:33.129 289 2107 E PlayReadyCryptPlugin: decrypt,462 : Drm_Reader_Decrypt() failed! dr = 0x80004005
12-11 23:13:33.130 2547 21039 W mediaErrorLogger: MediaError:MMSW_Metrics6.0:org.xbmc.kodi.DRM_DECRYPT=-2005 from decrypt
12-11 23:13:33.130 2547 21048 E NdkMediaCodec: queSecureInputBuffer:
12-11 23:13:33.130 2547 21048 E NdkMediaCodec: sf error code: -2005
12-11 23:13:33.152 289 2107 E PlayReadyCryptPlugin: decrypt,462 : Drm_Reader_Decrypt() failed! dr = 0x80004005
12-11 23:13:33.153 2547 21039 W mediaErrorLogger: MediaError:MMSW_Metrics6.0:org.xbmc.kodi.DRM_DECRYPT=-2005 from decrypt
12-11 23:13:33.153 2547 21048 E NdkMediaCodec: queSecureInputBuffer:
12-11 23:13:33.153 2547 21048 E NdkMediaCodec: sf error code: -2005
12-11 23:13:33.172 289 2107 E PlayReadyCryptPlugin: decrypt,462 : Drm_Reader_Decrypt() failed! dr = 0x80004005
12-11 23:13:33.172 2547 21039 W mediaErrorLogger: MediaError:MMSW_Metrics6.0:org.xbmc.kodi.DRM_DECRYPT=-2005 from decrypt
12-11 23:13:33.172 2547 21048 E NdkMediaCodec: queSecureInputBuffer:
12-11 23:13:33.172 2547 21048 E NdkMediaCodec: sf error code: -2005
12-11 23:13:33.175 683 844 V Avrcp : MediaController playback changed: PlaybackState {state=3, position=34961, buffered position=0, speed=1.0, updated=109001213, actions=-1, custom actions=[], active item id=-1, error=null}
12-11 23:13:33.191 289 2107 E PlayReadyCryptPlugin: decrypt,462 : Drm_Reader_Decrypt() failed! dr = 0x80004005
12-11 23:13:33.191 2547 21039 W mediaErrorLogger: MediaError:MMSW_Metrics6.0:org.xbmc.kodi.DRM_DECRYPT=-2005 from decrypt
12-11 23:13:33.191 2547 21048 E NdkMediaCodec: queSecureInputBuffer:
12-11 23:13:33.191 2547 21048 E NdkMediaCodec: sf error code: -2005
12-11 23:13:33.209 289 2107 E PlayReadyCryptPlugin: decrypt,462 : Drm_Reader_Decrypt() failed! dr = 0x80004005
12-11 23:13:33.209 2547 21039 W mediaErrorLogger: MediaError:MMSW_Metrics6.0:org.xbmc.kodi.DRM_DECRYPT=-2005 from decrypt
12-11 23:13:33.209 2547 21048 E NdkMediaCodec: queSecureInputBuffer:
12-11 23:13:33.209 2547 21048 E NdkMediaCodec: sf error code: -2005
12-11 23:13:33.221 580 652 D hdmi_cec: [HWCEC] ucecevents: hdmi CEC_RX_CMD callback...
12-11 23:13:33.221 580 652 D hdmi_cec: [HWCEC] CEC_RX_CMD, init:0, dest:4, opcode: 0x89,size:2, param[0]=0x1, param_length:1
12-11 23:13:33.222 580 580 D AmazonHdmiService: Posting callback to app
12-11 23:13:33.222 580 657 D AmazonHdmiService: Num of callbacks registered 1
12-11 23:13:33.222 580 657 D AmazonHdmiService: Broadcasting callback
12-11 23:13:33.223 580 657 D AmazonHdmiService: Broadcasting finished
12-11 23:13:33.223 580 650 D hdmi_cec: [HWCEC] send_message init:4, dest:0, opcode: 0x0, size:2, body[0]=0x89
12-11 23:13:33.223 1132 14530 D OZ-DCSCEC:HdmiCecAgent: Received message: Source: 0x00; Destination: 0x04; Opcode: 0x89; Params: 0x01
12-11 23:13:33.223 1132 1132 I OZ-DCSCEC:HdmiCecAgent: isPowerOffChangerMessage: false
12-11 23:13:33.224 1132 1132 V OZ-DCSCEC:HdmiCecAgent: process CEC message: Source: 0x00; Destination: 0x04; Opcode: 0x89; Params: 0x01, start delay[ms]: 0, processing duration[ms]: 0, since message received until end of processing[ms]: 0
12-11 23:13:33.225 289 2107 E PlayReadyCryptPlugin: decrypt,462 : Drm_Reader_Decrypt() failed! dr = 0x80004005
12-11 23:13:33.226 2547 21039 W mediaErrorLogger: MediaError:MMSW_Metrics6.0:org.xbmc.kodi.DRM_DECRYPT=-2005 from decrypt
12-11 23:13:33.226 2547 21048 E NdkMediaCodec: queSecureInputBuffer:
12-11 23:13:33.226 2547 21048 E NdkMediaCodec: sf error code: -2005
12-11 23:13:33.243 289 2107 E PlayReadyCryptPlugin: decrypt,462 : Drm_Reader_Decrypt() failed! dr = 0x80004005
12-11 23:13:33.243 2547 21039 W mediaErrorLogger: MediaError:MMSW_Metrics6.0:org.xbmc.kodi.DRM_DECRYPT=-2005 from decrypt
12-11 23:13:33.244 2547 21048 E NdkMediaCodec: queSecureInputBuffer:
12-11 23:13:33.244 2547 21048 E NdkMediaCodec: sf error code: -2005
12-11 23:13:33.260 289 2107 E PlayReadyCryptPlugin: decrypt,462 : Drm_Reader_Decrypt() failed! dr = 0x80004005
12-11 23:13:33.261 2547 21039 W mediaErrorLogger: MediaError:MMSW_Metrics6.0:org.xbmc.kodi.DRM_DECRYPT=-2005 from decrypt
12-11 23:13:33.261 2547 21048 E NdkMediaCodec: queSecureInputBuffer:
12-11 23:13:33.261 2547 21048 E NdkMediaCodec: sf error code: -2005
12-11 23:13:33.278 289 2107 E PlayReadyCryptPlugin: decrypt,462 : Drm_Reader_Decrypt() failed! dr = 0x80004005
12-11 23:13:33.278 2547 21039 W mediaErrorLogger: MediaError:MMSW_Metrics6.0:org.xbmc.kodi.DRM_DECRYPT=-2005 from decrypt
12-11 23:13:33.278 2547 21048 E NdkMediaCodec: queSecureInputBuffer:
12-11 23:13:33.278 2547 21048 E NdkMediaCodec: sf error code: -2005
12-11 23:13:33.295 289 2107 E PlayReadyCryptPlugin: decrypt,462 : Drm_Reader_Decrypt() failed! dr = 0x80004005
12-11 23:13:33.296 2547 21039 W mediaErrorLogger: MediaError:MMSW_Metrics6.0:org.xbmc.kodi.DRM_DECRYPT=-2005 from decrypt
12-11 23:13:33.296 2547 21048 E NdkMediaCodec: queSecureInputBuffer:
12-11 23:13:33.296 2547 21048 E NdkMediaCodec: sf error code: -2005
12-11 23:13:33.313 289 2107 E PlayReadyCryptPlugin: decrypt,462 : Drm_Reader_Decrypt() failed! dr = 0x80004005
12-11 23:13:33.313 2547 21039 W mediaErrorLogger: MediaError:MMSW_Metrics6.0:org.xbmc.kodi.DRM_DECRYPT=-2005 from decrypt
12-11 23:13:33.314 2547 21048 E NdkMediaCodec: queSecureInputBuffer:
12-11 23:13:33.314 2547 21048 E NdkMediaCodec: sf error code: -2005
12-11 23:13:33.331 289 2107 E PlayReadyCryptPlugin: decrypt,462 : Drm_Reader_Decrypt() failed! dr = 0x80004005
12-11 23:13:33.332 2547 21039 W mediaErrorLogger: MediaError:MMSW_Metrics6.0:org.xbmc.kodi.DRM_DECRYPT=-2005 from decrypt
12-11 23:13:33.332 2547 21048 E NdkMediaCodec: queSecureInputBuffer:
12-11 23:13:33.332 2547 21048 E NdkMediaCodec: sf error code: -2005
12-11 23:13:33.350 289 2107 E PlayReadyCryptPlugin: decrypt,462 : Drm_Reader_Decrypt() failed! dr = 0x80004005
12-11 23:13:33.350 2547 21039 W mediaErrorLogger: MediaError:MMSW_Metrics6.0:org.xbmc.kodi.DRM_DECRYPT=-2005 from decrypt
12-11 23:13:33.351 2547 21048 E NdkMediaCodec: queSecureInputBuffer:
12-11 23:13:33.351 2547 21048 E NdkMediaCodec: sf error code: -2005
12-11 23:13:33.361 580 650 D hdmi_cec: [HWCEC] ret:0 msg->destination:0 msg->body[0]:0x0 msg->body[1]:0x89
12-11 23:13:33.361 580 650 D hdmi_cec: [HWCEC] send_message end, opcode(mCurrCode): 0x0, mResult:0
12-11 23:13:33.369 289 2107 E PlayReadyCryptPlugin: decrypt,462 : Drm_Reader_Decrypt() failed! dr = 0x80004005
12-11 23:13:33.369 2547 21039 W mediaErrorLogger: MediaError:MMSW_Metrics6.0:org.xbmc.kodi.DRM_DECRYPT=-2005 from decrypt
12-11 23:13:33.369 2547 21048 E NdkMediaCodec: queSecureInputBuffer:
12-11 23:13:33.369 2547 21048 E NdkMediaCodec: sf error code: -2005
12-11 23:13:33.386 289 2107 E PlayReadyCryptPlugin: decrypt,462 : Drm_Reader_Decrypt() failed! dr = 0x80004005
12-11 23:13:33.387 2547 21039 W mediaErrorLogger: MediaError:MMSW_Metrics6.0:org.xbmc.kodi.DRM_DECRYPT=-2005 from decrypt
12-11 23:13:33.387 2547 21048 E NdkMediaCodec: queSecureInputBuffer:
12-11 23:13:33.387 2547 21048 E NdkMediaCodec: sf error code: -2005
12-11 23:13:33.405 289 2107 E PlayReadyCryptPlugin: decrypt,462 : Drm_Reader_Decrypt() failed! dr = 0x80004005
12-11 23:13:33.406 2547 21039 W mediaErrorLogger: MediaError:MMSW_Metrics6.0:org.xbmc.kodi.DRM_DECRYPT=-2005 from decrypt
12-11 23:13:33.406 2547 21048 E NdkMediaCodec: queSecureInputBuffer:
12-11 23:13:33.406 2547 21048 E NdkMediaCodec: sf error code: -2005
12-11 23:13:33.424 289 2107 E PlayReadyCryptPlugin: decrypt,462 : Drm_Reader_Decrypt() failed! dr = 0x80004005
12-11 23:13:33.425 2547 21039 W mediaErrorLogger: MediaError:MMSW_Metrics6.0:org.xbmc.kodi.DRM_DECRYPT=-2005 from decrypt
12-11 23:13:33.425 2547 21048 E NdkMediaCodec: queSecureInputBuffer:
12-11 23:13:33.425 2547 21048 E NdkMediaCodec: sf error code: -2005
12-11 23:13:33.442 289 2107 E PlayReadyCryptPlugin: decrypt,462 : Drm_Reader_Decrypt() failed! dr = 0x80004005
12-11 23:13:33.442 2547 21039 W mediaErrorLogger: MediaError:MMSW_Metrics6.0:org.xbmc.kodi.DRM_DECRYPT=-2005 from decrypt
12-11 23:13:33.442 2547 21048 E NdkMediaCodec: queSecureInputBuffer:
12-11 23:13:33.442 2547 21048 E NdkMediaCodec: sf error code: -2005
12-11 23:13:33.462 289 2107 E PlayReadyCryptPlugin: decrypt,462 : Drm_Reader_Decrypt() failed! dr = 0x80004005
12-11 23:13:33.462 2547 21039 W mediaErrorLogger: MediaError:MMSW_Metrics6.0:org.xbmc.kodi.DRM_DECRYPT=-2005 from decrypt
12-11 23:13:33.462 2547 21048 E NdkMediaCodec: queSecureInputBuffer:
12-11 23:13:33.462 2547 21048 E NdkMediaCodec: sf error code: -2005
12-11 23:13:33.478 289 2107 E PlayReadyCryptPlugin: decrypt,462 : Drm_Reader_Decrypt() failed! dr = 0x80004005
12-11 23:13:33.479 2547 21039 W mediaErrorLogger: MediaError:MMSW_Metrics6.0:org.xbmc.kodi.DRM_DECRYPT=-2005 from decrypt
12-11 23:13:33.479 2547 21048 E NdkMediaCodec: queSecureInputBuffer:
12-11 23:13:33.479 2547 21048 E NdkMediaCodec: sf error code: -2005
12-11 23:13:33.495 289 2107 E PlayReadyCryptPlugin: decrypt,462 : Drm_Reader_Decrypt() failed! dr = 0x80004005
12-11 23:13:33.496 2547 21039 W mediaErrorLogger: MediaError:MMSW_Metrics6.0:org.xbmc.kodi.DRM_DECRYPT=-2005 from decrypt
12-11 23:13:33.496 2547 21048 E NdkMediaCodec: queSecureInputBuffer:
12-11 23:13:33.496 2547 21048 E NdkMediaCodec: sf error code: -2005
12-11 23:13:33.513 289 2107 E PlayReadyCryptPlugin: decrypt,462 : Drm_Reader_Decrypt() failed! dr = 0x80004005
