--------- beginning of system
09-13 14:30:22.003 289 289 I vold : Vold 3.0 (the awakening) firing up
09-13 14:30:22.003 289 289 V vold : Detected support for: ext4 f2fs vfat
09-13 14:30:22.005 289 289 I vold : Link to primary storage? 0
09-13 14:30:22.005 289 289 W Vold : Tearing down stale mount /mnt/tmp
09-13 14:30:22.005 289 289 V vold : /system/bin/lsusb
09-13 14:30:22.020 289 289 V vold : Bus 001 Device 001: ID 1d6b:0002
09-13 14:30:22.020 289 289 V vold :
09-13 14:30:22.020 289 289 V vold : Bus 002 Device 001: ID 1d6b:0003
09-13 14:30:22.020 289 289 V vold :
09-13 14:30:22.020 289 289 V vold : Bus 003 Device 001: ID 1d6b:0001
09-13 14:30:22.020 289 289 V vold :
09-13 14:30:22.020 289 289 I vold : [libfs_mgr]fs_mgr_read_fstab_dt(): failed to read fstab from dt
09-13 14:30:22.060 289 294 D vold : e4crypt_init_user0
09-13 14:30:22.060 289 294 D vold : e4crypt_prepare_user_storage for volume null, user 0, serial 0, flags 1
09-13 14:30:22.060 289 294 D vold : Preparing: /data/system/users/0
09-13 14:30:22.061 289 294 D vold : Preparing: /data/misc/profiles/cur/0
09-13 14:30:22.061 289 294 D vold : Preparing: /data/system_de/0
09-13 14:30:22.062 289 294 D vold : Preparing: /data/misc_de/0
09-13 14:30:22.062 289 294 D vold : Preparing: /data/user_de/0
09-13 14:30:22.063 289 294 D vold : e4crypt_unlock_user_key 0 serial=0 token_present=0
09-13 14:30:23.215 353 353 I android.hardware.wifi@1.0-service: Wifi Hal is starting up...
09-13 14:30:23.249 354 354 I vendor.nvidia.hardware.camera.provider@2.4-service: Camera Hal is starting up...
09-13 14:30:23.469 411 411 I installd: installd firing up
09-13 14:30:23.473 424 424 I wificond: wificond is starting up...
09-13 14:30:23.903 421 511 I /system/bin/storaged: storaged: Start
09-13 14:30:25.385 684 684 I SystemServer: InitBeforeStartServices
09-13 14:30:25.385 684 684 I SystemServer: Entered the Android system server!
09-13 14:30:25.535 684 684 I SystemServer: StartServices
09-13 14:30:25.535 684 684 I SystemServer: Reading configuration...
09-13 14:30:25.535 684 684 I SystemServer: ReadingSystemConfig
09-13 14:30:25.535 684 684 I SystemServer: StartInstaller
09-13 14:30:25.536 684 684 I SystemServiceManager: Starting com.android.server.pm.Installer
09-13 14:30:25.544 684 684 I SystemServer: DeviceIdentifiersPolicyService
09-13 14:30:25.544 684 684 I SystemServiceManager: Starting com.android.server.os.DeviceIdentifiersPolicyService
09-13 14:30:25.544 684 684 I SystemServer: StartActivityManager
09-13 14:30:25.545 684 684 I SystemServiceManager: Starting com.android.server.am.ActivityManagerService$Lifecycle
09-13 14:30:25.556 684 700 W SystemConfig: Permissions library file /system/etc/permissions/android.hardware.location.gps.xml cannot be read
09-13 14:30:25.560 684 684 I ActivityManager: Memory class: 192
09-13 14:30:25.578 684 684 D BatteryStatsImpl: Reading daily items from /data/system/batterystats-daily.xml
09-13 14:30:25.646 684 684 I IntentFirewall: Read new rules (A:0 B:0 S:0)
09-13 14:30:25.657 684 684 D AppOps : AppOpsService published
09-13 14:30:25.657 684 684 I SystemServer: StartPowerManager
09-13 14:30:25.657 684 684 I SystemServiceManager: Starting com.android.server.power.PowerManagerService
09-13 14:30:25.662 684 684 I SystemServer: InitPowerManagement
09-13 14:30:25.662 684 684 I SystemServer: StartRecoverySystemService
09-13 14:30:25.662 684 684 I SystemServiceManager: Starting com.android.server.RecoverySystemService
09-13 14:30:25.663 684 684 V RescueParty: Disabled because of manual property
09-13 14:30:25.663 684 684 I SystemServer: StartLightsService
09-13 14:30:25.663 684 684 I SystemServiceManager: Starting com.android.server.lights.LightsService
09-13 14:30:25.664 684 684 I SystemServer: StartDisplayManager
09-13 14:30:25.664 684 684 I SystemServiceManager: Starting com.android.server.display.DisplayManagerService
09-13 14:30:25.666 684 684 I SystemServer: WaitForDisplay
09-13 14:30:25.666 684 684 I SystemServiceManager: Starting phase 100
09-13 14:30:25.673 684 711 I DisplayManagerService: Display device added: DisplayDeviceInfo{"Integrierter Bildschirm": uniqueId="local:0", 1920 x 1080, modeId 1, defaultModeId 1, supportedModes [{id=1, width=1920, height=1080, fps=59.94006}, {id=2, width=1280, height=720, fps=60.0}, {id=3, width=1920, height=1080, fps=60.0}, {id=4, width=1920, height=1080, fps=50.0}, {id=5, width=1280, height=720, fps=50.0}, {id=6, width=1920, height=1080, fps=24.0}, {id=7, width=1920, height=1080, fps=25.0}, {id=8, width=1920, height=1080, fps=30.0}, {id=9, width=1280, height=720, fps=59.94006}, {id=10, width=1920, height=1080, fps=23.976025}, {id=11, width=1920, height=1080, fps=29.97003}], colorMode 0, supportedColorModes [0], HdrCapabilities android.view.Display$HdrCapabilities@a69d6308, density 320, 213.0 x 213.0 dpi, appVsyncOff 1000000, presDeadline 16683333, touch INTERNAL, rotation 0, type BUILT_IN, state UNKNOWN, FLAG_DEFAULT_DISPLAY, FLAG_ROTATES_WITH_CONTENT, FLAG_SECURE, FLAG_SUPPORTS_PROTECTED_BUFFERS}
09-13 14:30:25.675 684 711 I DisplayManagerService: Display device changed state: "Integrierter Bildschirm", ON
09-13 14:30:25.675 684 684 I SystemServer: StartPackageManagerService
09-13 14:30:25.694 684 684 D SELinuxMMAC: Using policy file /system/etc/selinux/plat_mac_permissions.xml
09-13 14:30:25.696 684 684 D SELinuxMMAC: Using policy file /vendor/etc/selinux/nonplat_mac_permissions.xml
09-13 14:30:25.800 684 684 W PackageManager: Failed to parse /system/framework/oat: Missing base APK in /system/framework/oat
09-13 14:30:25.800 684 684 W PackageManager: Failed to parse /system/framework/arm: Missing base APK in /system/framework/arm
09-13 14:30:25.800 684 684 W PackageManager: Failed to parse /system/framework/arm64: Missing base APK in /system/framework/arm64
09-13 14:30:25.813 684 684 W PackageManager: Failed to scan /system/priv-app/AndroidMediaShell: Package com.google.android.apps.mediashell at /system/priv-app/AndroidMediaShell ignored: updated version 1332531 better than this 1198531
09-13 14:30:25.813 684 684 W PackageManager: Failed to scan /system/priv-app/AtvRemoteService: Package com.google.android.tv.remote.service at /system/priv-app/AtvRemoteService ignored: updated version 94477839 better than this 94477839
09-13 14:30:25.842 684 684 W PackageManager: Failed to scan /system/priv-app/Katniss: Package com.google.android.katniss at /system/priv-app/Katniss ignored: updated version 10000038 better than this 9000175
09-13 14:30:25.855 684 684 W PackageManager: Failed to scan /system/priv-app/TV: Package com.google.android.tv at /system/priv-app/TV ignored: updated version 417000238 better than this 417000198
09-13 14:30:25.855 684 684 W PackageManager: Failed to scan /system/priv-app/TVRecommendations: Package com.google.android.tvrecommendations at /system/priv-app/TVRecommendations ignored: updated version 1010505100 better than this 1010212100
09-13 14:30:25.855 684 684 W PackageManager: Failed to scan /system/priv-app/TVLauncher: Package com.google.android.tvlauncher at /system/priv-app/TVLauncher ignored: updated version 1010504100 better than this 1010211100
09-13 14:30:25.856 684 684 W PackageManager: Failed to scan /system/priv-app/PrebuiltGmsCorePano: Package com.google.android.gms at /system/priv-app/PrebuiltGmsCorePano ignored: updated version 13280070 better than this 12529044
09-13 14:30:25.858 684 684 W PackageManager: Failed to scan /system/priv-app/Tubesky: Package com.android.vending at /system/priv-app/Tubesky ignored: updated version 81123168 better than this 80923268
09-13 14:30:25.860 684 684 W PackageManager: Failed to scan /system/app/AmazonVideo: Package com.amazon.amazonvideo.livingroom at /system/app/AmazonVideo ignored: updated version 408006900 better than this 406000500
09-13 14:30:25.882 684 684 W PackageManager: Failed to scan /system/app/GoogleHindiIME: Package com.google.android.apps.inputmethod.hindi at /system/app/GoogleHindiIME ignored: updated version 3260313 better than this 3230009
09-13 14:30:25.882 684 684 W PackageManager: Failed to scan /system/app/GooglePinyinIME: Package com.google.android.inputmethod.pinyin at /system/app/GooglePinyinIME ignored: updated version 4520313 better than this 4511409
09-13 14:30:25.885 684 684 W PackageManager: Failed to scan /system/app/GoogleTTS: Package com.google.android.tts at /system/app/GoogleTTS ignored: updated version 210315244 better than this 210312591
09-13 14:30:25.885 684 684 W PackageManager: Failed to scan /system/app/GoogleJapaneseInput: Package com.google.android.inputmethod.japanese at /system/app/GoogleJapaneseInput ignored: updated version 6329010 better than this 6287405
09-13 14:30:25.885 684 684 W PackageManager: Failed to scan /system/app/GoogleZhuyinIME: Package com.google.android.apps.inputmethod.zhuyin at /system/app/GoogleZhuyinIME ignored: updated version 2451413 better than this 2451408
09-13 14:30:25.887 684 684 W PackageManager: Failed to scan /system/app/LatinIMEGoogleTvPrebuilt: Package com.google.android.inputmethod.latin at /system/app/LatinIMEGoogleTvPrebuilt ignored: updated version 26641626 better than this 26641622
09-13 14:30:25.889 684 684 W PackageManager: Failed to scan /system/app/KoreanIME: Package com.google.android.inputmethod.korean at /system/app/KoreanIME ignored: updated version 1551413 better than this 1551409
09-13 14:30:25.895 684 684 W PackageManager: Failed to scan /system/app/PlayGamesPano: Package com.google.android.play.games at /system/app/PlayGamesPano ignored: updated version 65561046 better than this 52100046
09-13 14:30:25.896 684 684 W PackageManager: Failed to scan /system/app/PlexMediaServer: Package com.plexapp.mediaserver.smb at /system/app/PlexMediaServer ignored: updated version 1114155770 better than this 1113140274
09-13 14:30:25.898 684 684 W PackageManager: Failed to scan /system/app/Plex: Package com.plexapp.android at /system/app/Plex ignored: updated version 709992225 better than this 685828753
09-13 14:30:25.899 684 684 W PackageManager: Failed to scan /system/app/VUDUAndroidTV4K: Package air.com.vudu.air.DownloaderTablet at /system/app/VUDUAndroidTV4K ignored: updated version 1235052 better than this 1229419
09-13 14:30:25.901 684 684 W PackageManager: Failed to scan /system/app/WebViewGoogle: Package com.google.android.webview at /system/app/WebViewGoogle ignored: updated version 349709150 better than this 303012550
09-13 14:30:25.901 684 684 W PackageManager: Failed to scan /system/app/YouTubeLeanback: Package com.google.android.youtube.tv at /system/app/YouTubeLeanback ignored: updated version 20306330 better than this 20215330
09-13 14:30:25.901 684 684 W PackageManager: Failed to scan /system/app/Zattoo: Package com.zattoo.player at /system/app/Zattoo ignored: updated version 8789 better than this 8186
09-13 14:30:25.901 684 684 W PackageManager: Failed to scan /system/app/talkback: Package com.google.android.marvin.talkback at /system/app/talkback ignored: updated version 60100670 better than this 60000014
09-13 14:30:25.910 684 684 W PackageManager: Failed to scan /vendor/app/Netflix: Package com.netflix.ninja at /vendor/app/Netflix ignored: updated version 2266 better than this 2039
09-13 14:30:25.922 684 684 W PackageManager: Failed to parse /vendor/app/eks2: Missing base APK in /vendor/app/eks2
09-13 14:30:25.922 684 684 W PackageManager: Failed to scan /vendor/app/TegraZone_Next: Package com.nvidia.tegrazone3 at /vendor/app/TegraZone_Next ignored: updated version 98425728 better than this 96345487
09-13 14:30:25.987 684 684 W PackageManager: Unable to update from com.android.inputmethod.latin to com.google.android.inputmethod.latin: old package still exists
09-13 14:30:26.008 684 684 W PackageManager: Skipping provider name com.amazon.mas.client.lockersync.sync (in package com.amazon.venezia): name already used by com.amazon.venezia
09-13 14:30:26.019 684 684 I PackageManager: Time to scan packages: 0.223 seconds
09-13 14:30:26.021 684 684 I PackageManager: Un-granting permission android.permission.INSTALL_GRANT_RUNTIME_PERMISSIONS from package com.android.vending (protectionLevel=770 flags=0x384abec5)
09-13 14:30:26.021 684 684 I PackageManager: Un-granting permission android.permission.GRANT_RUNTIME_PERMISSIONS from package com.android.vending (protectionLevel=770 flags=0x384abec5)
09-13 14:30:26.021 684 684 I PackageManager: Un-granting permission android.permission.REVOKE_RUNTIME_PERMISSIONS from package com.android.vending (protectionLevel=770 flags=0x384abec5)
09-13 14:30:26.021 684 684 I PackageManager: Un-granting permission android.permission.SET_PREFERRED_APPLICATIONS from package com.android.vending (protectionLevel=514 flags=0x384abec5)
09-13 14:30:26.021 684 684 I PackageManager: Un-granting permission android.permission.ACCESS_INSTANT_APPS from package com.android.vending (protectionLevel=770 flags=0x384abec5)
09-13 14:30:26.021 684 684 I PackageManager: Un-granting permission android.permission.CLEAR_APP_USER_DATA from package com.google.android.packageinstaller (protectionLevel=258 flags=0x38483e45)
09-13 14:30:26.021 684 684 I PackageManager: Un-granting permission android.permission.GRANT_RUNTIME_PERMISSIONS from package com.google.android.packageinstaller (protectionLevel=770 flags=0x38483e45)
09-13 14:30:26.021 684 684 I PackageManager: Un-granting permission android.permission.REVOKE_RUNTIME_PERMISSIONS from package com.google.android.packageinstaller (protectionLevel=770 flags=0x38483e45)
09-13 14:30:26.021 684 684 I PackageManager: Un-granting permission android.permission.INSTALL_GRANT_RUNTIME_PERMISSIONS from package com.google.android.packageinstaller (protectionLevel=770 flags=0x38483e45)
09-13 14:30:26.021 684 684 I PackageManager: Un-granting permission android.permission.INTERACT_ACROSS_USERS_FULL from package com.google.android.packageinstaller (protectionLevel=258 flags=0x38483e45)
09-13 14:30:26.021 684 684 I PackageManager: Un-granting permission android.permission.KILL_UID from package com.google.android.packageinstaller (protectionLevel=258 flags=0x38483e45)
09-13 14:30:26.021 684 684 I PackageManager: Un-granting permission android.permission.MANAGE_APP_OPS_RESTRICTIONS from package com.google.android.packageinstaller (protectionLevel=258 flags=0x38483e45)
09-13 14:30:26.021 684 684 I PackageManager: Un-granting permission android.permission.HIDE_NON_SYSTEM_OVERLAY_WINDOWS from package com.google.android.packageinstaller (protectionLevel=258 flags=0x38483e45)
09-13 14:30:26.022 684 684 I PackageManager: Un-granting permission android.permission.ACCESS_INSTANT_APPS from package com.google.android.packageinstaller (protectionLevel=770 flags=0x38483e45)
09-13 14:30:26.023 684 684 V PackageManager: reconcileAppsData for null u0 0x3 migrateAppData=true
09-13 14:30:26.098 684 684 V PackageManager: reconcileAppsData finished 14 packages
09-13 14:30:26.261 684 684 I SystemServer: StartOtaDexOptService
09-13 14:30:26.262 684 684 D OTADexopt: No upgrade, skipping A/B artifacts check.
09-13 14:30:26.262 684 684 I SystemServer: StartUserManagerService
09-13 14:30:26.262 684 684 I SystemServiceManager: Starting com.android.server.pm.UserManagerService$LifeCycle
09-13 14:30:26.262 684 684 I SystemServer: InitAttributerCache
09-13 14:30:26.262 684 684 I SystemServer: SetSystemProcess
09-13 14:30:26.268 684 684 I SystemServer: StartOverlayManagerService
09-13 14:30:26.270 684 684 I SystemServer: StartDropBoxManager
09-13 14:30:26.270 684 684 I SystemServiceManager: Starting com.android.server.DropBoxManagerService
09-13 14:30:26.271 684 684 I SystemServer: StartBatteryService
09-13 14:30:26.271 684 684 I SystemServiceManager: Starting com.android.server.BatteryService
09-13 14:30:26.273 684 684 I SystemServer: StartUsageService
09-13 14:30:26.273 684 684 I SystemServiceManager: Starting com.android.server.usage.UsageStatsService
09-13 14:30:26.285 684 684 I SystemServer: StartWebViewUpdateService
09-13 14:30:26.286 684 684 I SystemServiceManager: Starting com.android.server.webkit.WebViewUpdateService
09-13 14:30:26.288 684 684 I SystemServer: StartKeyAttestationApplicationIdProviderService
09-13 14:30:26.288 684 700 I SystemServer: SecondaryZygotePreload
09-13 14:30:26.289 684 684 I SystemServer: StartKeyChainSystemService
09-13 14:30:26.289 684 684 I SystemServiceManager: Starting com.android.server.security.KeyChainSystemService
09-13 14:30:26.289 684 684 I SystemServer: StartSchedulingPolicyService
09-13 14:30:26.290 684 684 I SystemServer: StartTelecomLoaderService
09-13 14:30:26.290 684 684 I SystemServiceManager: Starting com.android.server.telecom.TelecomLoaderService
09-13 14:30:26.290 684 684 I SystemServer: StartTelephonyRegistry
09-13 14:30:26.292 684 684 I SystemServer: StartEntropyMixer
09-13 14:30:26.295 684 684 I EntropyMixer: Writing entropy...
09-13 14:30:26.316 684 684 I SystemServer: Camera Service Proxy
09-13 14:30:26.316 684 684 I SystemServer: StartCameraServiceProxy
09-13 14:30:26.316 684 684 I SystemServiceManager: Starting com.android.server.camera.CameraServiceProxy
09-13 14:30:26.318 684 684 I SystemServer: StartAccountManagerService
09-13 14:30:26.318 684 684 I SystemServiceManager: Starting com.android.server.accounts.AccountManagerService$Lifecycle
09-13 14:30:26.323 684 684 I SystemServer: StartContentService
09-13 14:30:26.323 684 684 I SystemServiceManager: Starting com.android.server.content.ContentService$Lifecycle
09-13 14:30:26.324 684 684 I SystemServer: InstallSystemProviders
09-13 14:30:26.357 684 684 I SystemServer: StartVibratorService
09-13 14:30:26.359 684 684 I SystemServer: StartConsumerIrService
09-13 14:30:26.361 684 684 I SystemServer: StartAlarmManagerService
09-13 14:30:26.361 684 684 I SystemServiceManager: Starting com.android.server.AlarmManagerService
09-13 14:30:26.365 684 684 I SystemServer: InitWatchdog
09-13 14:30:26.365 684 684 I SystemServer: StartInputManagerService
09-13 14:30:26.365 684 684 I InputManager: Initializing input manager, mUseDevInputEventForAudioJack=false
09-13 14:30:26.367 684 684 I SystemServer: StartWindowManagerService
09-13 14:30:27.034 684 744 I PackageManager: Deferred reconcileAppsData finished 158 packages
09-13 14:30:27.189 684 711 I WindowManager: No existing display settings /data/system/display_settings.xml; starting empty
09-13 14:30:27.208 684 703 W ContextImpl: Calling a method in the system process without a qualified user: android.app.ContextImpl.bindService:1559 com.nvidia.irtuner.lib.NvIRTunerManager.bindService:229 com.nvidia.irtuner.NvIRTunerUtil.:66 com.nvidia.irtuner.NvIRTunerUtil.getInstance:74 com.android.server.policy.PhoneWindowManager.init:2303
09-13 14:30:27.210 684 684 I SystemServer: StartVrManagerService
09-13 14:30:27.210 684 747 I SystemServer: StartHidlServices
09-13 14:30:27.210 684 684 I SystemServiceManager: Starting com.android.server.vr.VrManagerService
09-13 14:30:27.212 684 684 I SystemServer: SetWindowManagerService
09-13 14:30:27.214 684 684 I SystemServer: StartInputManager
09-13 14:30:27.214 684 684 I InputManager: Starting input manager
09-13 14:30:27.215 684 684 I SystemServer: DisplayManagerWindowManagerAndInputReady
09-13 14:30:27.216 684 684 I SystemServer: StartBluetoothService
09-13 14:30:27.216 684 684 I SystemServiceManager: Starting com.android.server.BluetoothService
09-13 14:30:27.217 684 684 D BluetoothManagerService: Loading stored name and address
09-13 14:30:27.217 684 684 D BluetoothManagerService: Stored bluetooth Name=SHIELD,Address=00:04:4B:AA:03:0C
09-13 14:30:27.217 684 684 D BluetoothManagerService: Bluetooth persisted state: 1
09-13 14:30:27.217 684 684 D BluetoothManagerService: Startup: Bluetooth persisted state is ON.
09-13 14:30:27.217 684 684 I SystemServer: IpConnectivityMetrics
09-13 14:30:27.218 684 684 I SystemServiceManager: Starting com.android.server.connectivity.IpConnectivityMetrics
09-13 14:30:27.218 684 684 I SystemServer: PinnerService
09-13 14:30:27.218 684 684 I SystemServiceManager: Starting com.android.server.PinnerService
09-13 14:30:27.219 684 684 I SystemServer: StartInputMethodManagerLifecycle
09-13 14:30:27.219 684 684 I SystemServiceManager: Starting com.android.server.InputMethodManagerService$Lifecycle
09-13 14:30:27.223 684 684 I SystemServer: StartAccessibilityManagerService
09-13 14:30:27.225 684 684 I SystemServer: MakeDisplayReady
09-13 14:30:27.226 684 684 I ActivityManager: Config changes=5df8 {1.0 ?mcc?mnc [de_DE] ldltr sw540dp w960dp h540dp 320dpi lrg long land ?uimode ?night -touch -keyb/v/h dpad/v appBounds=Rect(0, 0 - 1920, 1080) s.2}
09-13 14:30:27.228 684 684 I ActivityManager: Override config changes=40007dfc {1.0 ?mcc?mnc [de_DE] ldltr sw540dp w960dp h540dp 320dpi lrg long land ?uimode ?night -touch -keyb/v/h dpad/v appBounds=Rect(0, 0 - 1920, 1080) s.2} for displayId=0
09-13 14:30:27.233 684 684 I SystemServer: StartStorageManagerService
09-13 14:30:27.233 684 684 I SystemServiceManager: Starting com.android.server.StorageManagerService$Lifecycle
09-13 14:30:27.238 684 684 I SystemServer: StartStorageStatsService
09-13 14:30:27.238 684 684 I SystemServiceManager: Starting com.android.server.usage.StorageStatsService$Lifecycle
09-13 14:30:27.238 684 758 D StorageManagerService: Thinking about init, mSystemReady=false, mDaemonConnected=true
09-13 14:30:27.238 684 758 D StorageManagerService: Thinking about reset, mSystemReady=false, mDaemonConnected=true
09-13 14:30:27.238 684 758 D StorageManagerService: Thinking about init, mSystemReady=false, mDaemonConnected=true
09-13 14:30:27.238 684 758 D StorageManagerService: Thinking about reset, mSystemReady=false, mDaemonConnected=true
09-13 14:30:27.238 684 758 D CryptdConnector: SND -> {1 cryptfs getfield SystemLocale}
09-13 14:30:27.239 684 760 D CryptdConnector: RCV <- {200 1 -1}
09-13 14:30:27.239 684 758 W StorageManagerService: No primary storage mounted!
09-13 14:30:27.239 684 758 D VoldConnector: SND -> {1 asec list}
09-13 14:30:27.240 684 684 I SystemServer: StartUiModeManager
09-13 14:30:27.240 684 684 I SystemServiceManager: Starting com.android.server.UiModeManagerService
09-13 14:30:27.240 684 759 D VoldConnector: RCV <- {200 1 asec operation succeeded}
09-13 14:30:27.241 684 700 I ActivityManager: Config changes=200 {1.0 ?mcc?mnc [de_DE] ldltr sw540dp w960dp h540dp 320dpi lrg long land television -touch -keyb/v/h dpad/v appBounds=Rect(0, 0 - 1920, 1080) s.3}
09-13 14:30:27.242 684 684 I SystemServer: UpdatePackagesIfNeeded
09-13 14:30:27.242 684 684 I SystemServer: PerformFstrimIfNeeded
09-13 14:30:27.243 684 684 I SystemServer: StartLockSettingsService
09-13 14:30:27.243 684 684 I SystemServiceManager: Starting com.android.server.LockSettingsService$Lifecycle
09-13 14:30:27.244 684 701 I UsageStatsService: User[0] Rollover scheduled @ 2018-09-13 18:24:59(1536855899599)
09-13 14:30:27.303 684 700 I ActivityManager: Override config changes=200 {1.0 ?mcc?mnc [de_DE] ldltr sw540dp w960dp h540dp 320dpi lrg long land television -touch -keyb/v/h dpad/v appBounds=Rect(0, 0 - 1920, 1080) s.3} for displayId=0
09-13 14:30:27.304 684 758 W StorageManagerService: No primary storage mounted!
09-13 14:30:27.304 684 758 D VoldConnector: SND -> {2 asec list}
09-13 14:30:27.304 684 759 D VoldConnector: RCV <- {200 2 asec operation succeeded}
09-13 14:30:27.306 684 684 W SystemServiceManager: Service com.android.server.LockSettingsService$Lifecycle took 63 ms in onStart
09-13 14:30:27.306 684 684 I SystemServer: StartPersistentDataBlock
09-13 14:30:27.306 684 684 I SystemServiceManager: Starting com.android.server.PersistentDataBlockService
09-13 14:30:27.306 684 684 I SystemServer: StartOemLockService
09-13 14:30:27.307 684 684 I SystemServiceManager: Starting com.android.server.OemLockService
09-13 14:30:27.307 684 684 I SystemServer: StartDeviceIdleController
09-13 14:30:27.307 684 684 I SystemServiceManager: Starting com.android.server.DeviceIdleController
09-13 14:30:27.308 684 744 I PersistentDataBlockService: Forcefully OEM unlock is enabled
09-13 14:30:27.309 684 684 I SystemServer: StartDevicePolicyManager
09-13 14:30:27.309 684 684 I SystemServiceManager: Starting com.android.server.devicepolicy.DevicePolicyManagerService$Lifecycle
09-13 14:30:27.314 684 684 I SystemServer: StartStatusBarManagerService
09-13 14:30:27.315 684 684 I SystemServer: StartClipboardService
09-13 14:30:27.316 684 684 I SystemServiceManager: Starting com.android.server.clipboard.ClipboardService
09-13 14:30:27.317 684 684 I SystemServer: StartNetworkManagementService
09-13 14:30:27.319 684 763 I NetworkManagement: onDaemonConnected()
09-13 14:30:27.320 684 684 I SystemServer: StartTextServicesManager
09-13 14:30:27.320 684 684 I SystemServiceManager: Starting com.android.server.TextServicesManagerService$Lifecycle
09-13 14:30:27.351 684 684 I SystemServer: StartNetworkScoreService
09-13 14:30:27.353 684 684 I SystemServer: StartNetworkStatsService
09-13 14:30:27.357 684 684 I SystemServer: StartNetworkPolicyManagerService
09-13 14:30:27.359 684 684 I SystemServer: StartWifi
09-13 14:30:27.366 684 684 I SystemServiceManager: Starting com.android.server.wifi.WifiService
09-13 14:30:27.430 684 684 E ActivityThread: Failed to find provider info for com.nvidia.ibeta
09-13 14:30:27.431 684 684 I SystemServer: StartWifiScanning
09-13 14:30:27.431 684 684 I SystemServiceManager: Starting com.android.server.wifi.scanner.WifiScanningService
09-13 14:30:27.434 684 684 I SystemServer: StartWifiRtt
09-13 14:30:27.435 684 684 I SystemServiceManager: Starting com.android.server.wifi.RttService
09-13 14:30:27.436 684 684 I SystemServer: No Wi-Fi Aware Service (Aware support Not Present)
09-13 14:30:27.436 684 684 I SystemServer: StartWifiP2P
09-13 14:30:27.436 684 684 I SystemServiceManager: Starting com.android.server.wifi.p2p.WifiP2pService
09-13 14:30:27.440 684 684 I SystemServer: StartEthernet
09-13 14:30:27.440 684 684 I SystemServiceManager: Starting com.android.server.ethernet.EthernetService
09-13 14:30:27.450 684 684 I SystemServer: StartConnectivityService
09-13 14:30:27.453 684 684 D ConnectivityService: ConnectivityService starting up
09-13 14:30:27.454 684 684 D ConnectivityService: wifiOnly=true
09-13 14:30:27.454 684 684 D ConnectivityService: networkAttributes - ignoring mobile as this dev is wifiOnly 0
09-13 14:30:27.454 684 684 D ConnectivityService: networkAttributes - ignoring mobile as this dev is wifiOnly 2
09-13 14:30:27.454 684 684 D ConnectivityService: networkAttributes - ignoring mobile as this dev is wifiOnly 3
09-13 14:30:27.454 684 684 D ConnectivityService: networkAttributes - ignoring mobile as this dev is wifiOnly 4
09-13 14:30:27.454 684 684 D ConnectivityService: networkAttributes - ignoring mobile as this dev is wifiOnly 5
09-13 14:30:27.454 684 684 E ConnectivityService: Ignoring protectedNetwork 10
09-13 14:30:27.454 684 684 E ConnectivityService: Ignoring protectedNetwork 11
09-13 14:30:27.455 684 684 E ConnectivityService: Ignoring protectedNetwork 12
09-13 14:30:27.455 684 684 E ConnectivityService: Ignoring protectedNetwork 14
09-13 14:30:27.455 684 684 E ConnectivityService: Ignoring protectedNetwork 15
09-13 14:30:27.459 684 684 I SystemServer: StartNsdService
09-13 14:30:27.460 684 684 D NsdService: Network service discovery enabled true
09-13 14:30:27.461 684 684 I SystemServer: StartUpdateLockService
09-13 14:30:27.462 684 684 I SystemServer: WaitForAsecScan
09-13 14:30:27.462 684 684 I SystemServer: StartNotificationManager
09-13 14:30:27.462 684 684 I SystemServiceManager: Starting com.android.server.notification.NotificationManagerService
09-13 14:30:27.473 684 684 D ConditionProviders.SCP: new ScheduleConditionProvider()
09-13 14:30:27.481 684 684 I SystemServer: StartDeviceMonitor
09-13 14:30:27.481 684 684 I SystemServiceManager: Starting com.android.server.storage.DeviceStorageMonitorService
09-13 14:30:27.482 684 684 D DeviceStorageMonitorService: Low storage warning policy enabled:true
09-13 14:30:27.483 684 684 I SystemServer: StartLocationManagerService
09-13 14:30:27.485 684 684 I SystemServer: StartCountryDetectorService
09-13 14:30:27.486 684 684 I SystemServer: StartSearchManagerService
09-13 14:30:27.486 684 684 I SystemServiceManager: Starting com.android.server.search.SearchManagerService$Lifecycle
09-13 14:30:27.487 684 684 I SystemServer: StartWallpaperManagerService
09-13 14:30:27.487 684 684 I SystemServiceManager: Starting com.android.server.wallpaper.WallpaperManagerService$Lifecycle
09-13 14:30:27.490 684 684 I SystemServer: StartAudioService
09-13 14:30:27.490 684 684 I SystemServiceManager: Starting com.android.server.audio.AudioService$Lifecycle
09-13 14:30:27.516 684 684 I SystemServer: StartDockObserver
09-13 14:30:27.516 684 684 I SystemServiceManager: Starting com.android.server.DockObserver
09-13 14:30:27.516 684 684 W DockObserver: This kernel does not have dock station support
09-13 14:30:27.517 684 684 I SystemServer: StartWiredAccessoryManager
09-13 14:30:27.518 684 684 W WiredAccessoryManager: This kernel does not have DP audio support
09-13 14:30:27.518 684 684 I SystemServer: StartMidiManager
09-13 14:30:27.518 684 684 I SystemServiceManager: Starting com.android.server.midi.MidiService$Lifecycle
09-13 14:30:27.519 684 684 I SystemServer: StartUsbService
09-13 14:30:27.519 684 684 I SystemServiceManager: Starting com.android.server.usb.UsbService$Lifecycle
09-13 14:30:27.525 684 684 E UsbPortManager: connectToProxy: usb hal service not found. Did the service fail to start?
09-13 14:30:27.525 684 684 E UsbPortManager: java.util.NoSuchElementException
09-13 14:30:27.525 684 684 E UsbPortManager: at android.os.HwBinder.getService(Native Method)
09-13 14:30:27.525 684 684 E UsbPortManager: at android.hardware.usb.V1_0.IUsb.getService(IUsb.java:44)
09-13 14:30:27.525 684 684 E UsbPortManager: at com.android.server.usb.UsbPortManager.connectToProxy(UsbPortManager.java:499)
09-13 14:30:27.525 684 684 E UsbPortManager: at com.android.server.usb.UsbPortManager.(UsbPortManager.java:130)
09-13 14:30:27.525 684 684 E UsbPortManager: at com.android.server.usb.UsbService.(UsbService.java:132)
09-13 14:30:27.525 684 684 E UsbPortManager: at com.android.server.usb.UsbService$Lifecycle.onStart(UsbService.java:68)
09-13 14:30:27.525 684 684 E UsbPortManager: at com.android.server.SystemServiceManager.startService(SystemServiceManager.java:123)
09-13 14:30:27.525 684 684 E UsbPortManager: at com.android.server.SystemServiceManager.startService(SystemServiceManager.java:110)
09-13 14:30:27.525 684 684 E UsbPortManager: at com.android.server.SystemServiceManager.startService(SystemServiceManager.java:69)
09-13 14:30:27.525 684 684 E UsbPortManager: at com.android.server.SystemServer.startOtherServices(SystemServer.java:1241)
09-13 14:30:27.525 684 684 E UsbPortManager: at com.android.server.SystemServer.run(SystemServer.java:398)
09-13 14:30:27.525 684 684 E UsbPortManager: at com.android.server.SystemServer.main(SystemServer.java:262)
09-13 14:30:27.525 684 684 E UsbPortManager: at java.lang.reflect.Method.invoke(Native Method)
09-13 14:30:27.525 684 684 E UsbPortManager: at com.android.internal.os.Zygote$MethodAndArgsCaller.run(Zygote.java:240)
09-13 14:30:27.525 684 684 E UsbPortManager: at com.android.internal.os.ZygoteInit.main(ZygoteInit.java:767)
09-13 14:30:27.527 684 684 I SystemServer: StartSerialService
09-13 14:30:27.527 684 684 I SystemServer: StartHardwarePropertiesManagerService
09-13 14:30:27.528 684 684 I SystemServer: StartTwilightService
09-13 14:30:27.528 684 684 I SystemServiceManager: Starting com.android.server.twilight.TwilightService
09-13 14:30:27.528 684 684 I SystemServer: StartJobScheduler
09-13 14:30:27.529 684 684 I SystemServiceManager: Starting com.android.server.job.JobSchedulerService
09-13 14:30:27.531 684 684 D JobStore: Start tag: job-info
09-13 14:30:27.538 684 684 D ConnectivityService: requestNetwork for uid/pid:1000/684 NetworkRequest [ TRACK_DEFAULT id=3, [ Capabilities: INTERNET&NOT_RESTRICTED&TRUSTED&NOT_VPN] ]
09-13 14:30:27.541 684 684 I SystemServer: StartSoundTrigger
09-13 14:30:27.541 684 684 I SystemServiceManager: Starting com.android.server.soundtrigger.SoundTriggerService
09-13 14:30:27.542 684 684 I SystemServer: StartTrustManager
09-13 14:30:27.542 684 684 I SystemServiceManager: Starting com.android.server.trust.TrustManagerService
09-13 14:30:27.543 684 684 I SystemServer: StartBackupManager
09-13 14:30:27.543 684 684 I SystemServiceManager: Starting com.android.server.backup.BackupManagerService$Lifecycle
09-13 14:30:27.545 684 684 I SystemServer: StartAppWidgerService
09-13 14:30:27.545 684 684 I SystemServiceManager: Starting com.android.server.appwidget.AppWidgetService
09-13 14:30:27.548 684 684 I SystemServer: StartVoiceRecognitionManager
09-13 14:30:27.549 684 684 I SystemServiceManager: Starting com.android.server.voiceinteraction.VoiceInteractionManagerService
09-13 14:30:27.551 684 684 I SystemServer: StartGestureLauncher
09-13 14:30:27.551 684 684 I SystemServiceManager: Starting com.android.server.GestureLauncherService
09-13 14:30:27.551 684 684 I SystemServer: StartSensorNotification
09-13 14:30:27.551 684 684 I SystemServiceManager: Starting com.android.server.SensorNotificationService
09-13 14:30:27.551 684 684 I SystemServer: StartContextHubSystemService
09-13 14:30:27.551 684 684 I SystemServiceManager: Starting com.android.server.ContextHubSystemService
09-13 14:30:27.553 684 684 I SystemServer: StartDiskStatsService
09-13 14:30:27.554 684 684 I SystemServer: StartSamplingProfilerService
09-13 14:30:27.560 684 684 I SystemServer: StartNetworkTimeUpdateService
09-13 14:30:27.561 684 684 I SystemServer: StartCommonTimeManagementService
09-13 14:30:27.562 684 684 I SystemServer: CertBlacklister
09-13 14:30:27.563 684 684 I SystemServer: StartEmergencyAffordanceService
09-13 14:30:27.563 684 684 I SystemServiceManager: Starting com.android.server.emergency.EmergencyAffordanceService
09-13 14:30:27.563 684 684 I SystemServer: StartDreamManager
09-13 14:30:27.563 684 684 I SystemServiceManager: Starting com.android.server.dreams.DreamManagerService
09-13 14:30:27.565 684 684 I SystemServer: AddGraphicsStatsService
09-13 14:30:27.568 684 684 I SystemServer: StartRestrictionManager
09-13 14:30:27.569 684 684 I SystemServiceManager: Starting com.android.server.restrictions.RestrictionsManagerService
09-13 14:30:27.570 684 684 I SystemServer: StartMediaSessionService
09-13 14:30:27.570 684 684 I SystemServiceManager: Starting com.android.server.media.MediaSessionService
09-13 14:30:27.573 684 684 I SystemServer: StartHdmiControlService
09-13 14:30:27.573 684 684 I SystemServiceManager: Starting com.android.server.hdmi.HdmiControlService
09-13 14:30:27.577 684 684 I HdmiControlService: Device does not support MHL-control.
09-13 14:30:27.606 684 783 W HDMI : [1]:Failed to send a polling message(8->8) with return code 3
09-13 14:30:27.608 684 684 I SystemServer: StartTvInputManager
09-13 14:30:27.608 684 684 I SystemServiceManager: Starting com.android.server.tv.TvInputManagerService
09-13 14:30:27.612 684 684 I SystemServer: StartMediaResourceMonitor
09-13 14:30:27.612 684 684 I SystemServiceManager: Starting com.android.server.media.MediaResourceMonitorService
09-13 14:30:27.612 684 684 I SystemServer: StartTvRemoteService
09-13 14:30:27.612 684 684 I SystemServiceManager: Starting com.android.server.tv.TvRemoteService
09-13 14:30:27.613 684 684 I SystemServer: StartMediaRouterService
09-13 14:30:27.613 684 684 I SystemServer: StartBackgroundDexOptService
09-13 14:30:27.614 684 684 I SystemServer: StartPruneInstantAppsJobService
09-13 14:30:27.614 684 684 I SystemServer: StartShortcutServiceLifecycle
09-13 14:30:27.614 684 684 I SystemServiceManager: Starting com.android.server.pm.ShortcutService$Lifecycle
09-13 14:30:27.617 684 684 I SystemServer: StartLauncherAppsService
09-13 14:30:27.617 684 684 I SystemServiceManager: Starting com.android.server.pm.LauncherAppsService
09-13 14:30:27.618 684 684 I SystemServer: StartMediaProjectionManager
09-13 14:30:27.618 684 684 I SystemServiceManager: Starting com.android.server.media.projection.MediaProjectionManagerService
09-13 14:30:27.622 684 684 I SystemServer: StartJitCompilation
09-13 14:30:27.622 684 684 I SystemServer: StartMmsService
09-13 14:30:27.622 684 684 I SystemServiceManager: Starting com.android.server.MmsServiceBroker
09-13 14:30:27.623 684 684 I SystemServer: StartRetailDemoModeService
09-13 14:30:27.623 684 684 I SystemServiceManager: Starting com.android.server.retaildemo.RetailDemoModeService
09-13 14:30:27.624 684 684 I SystemServer: MakeVibratorServiceReady
09-13 14:30:27.624 684 684 I SystemServer: MakeLockSettingsServiceReady
09-13 14:30:27.640 684 684 E LockSettingsStorage: Cannot read file java.io.FileNotFoundException: /data/system/gatekeeper.password.key: open failed: ENOENT (No such file or directory)
09-13 14:30:27.640 684 684 E LockSettingsStorage: Cannot read file java.io.FileNotFoundException: /data/system/password.key: open failed: ENOENT (No such file or directory)
09-13 14:30:27.641 684 684 E LockSettingsStorage: Cannot read file java.io.FileNotFoundException: /data/system/gatekeeper.pattern.key: open failed: ENOENT (No such file or directory)
09-13 14:30:27.641 684 684 E LockSettingsStorage: Cannot read file java.io.FileNotFoundException: /data/system/gatekeeper.gesture.key: open failed: ENOENT (No such file or directory)
09-13 14:30:27.641 684 684 E LockSettingsStorage: Cannot read file java.io.FileNotFoundException: /data/system/gesture.key: open failed: ENOENT (No such file or directory)
09-13 14:30:27.641 684 684 I SystemServer: StartBootPhaseLockSettingsReady
09-13 14:30:27.641 684 684 I SystemServiceManager: Starting phase 480
09-13 14:30:27.642 684 684 I SystemServer: StartBootPhaseSystemServicesReady
09-13 14:30:27.642 684 684 I SystemServiceManager: Starting phase 500
09-13 14:30:27.643 684 684 W UsageStatsService: Missing procfs interface: /proc/uid_procstat/set
09-13 14:30:27.644 684 684 I VrManagerService: No default vr listener service found.
09-13 14:30:27.647 684 684 I WifiService: WifiService starting up with Wi-Fi enabled
09-13 14:30:27.652 684 684 D WifiService: setWifiEnabled: true pid=684, uid=1000, package=android
09-13 14:30:27.655 684 773 D ConnectivityService: Got NetworkFactory Messenger for Ethernet
09-13 14:30:27.661 684 684 I SystemServer: MakeWindowManagerServiceReady
09-13 14:30:27.663 684 684 I SystemServer: MakePowerManagerServiceReady
09-13 14:30:27.667 684 684 D PowerManagerService: updateIsPoweredLocked: USB Plugged in, Charging device
09-13 14:30:27.668 684 684 D PowerManagerService: wakeUpNoUpdateLocked: eventTime=22545, uid=1000
09-13 14:30:27.668 684 701 W ContextImpl: Calling a method in the system process without a qualified user: android.app.ContextImpl.sendBroadcast:952 com.android.server.power.PowerManagerService$5.run:1361 android.os.Handler.handleCallback:789 android.os.Handler.dispatchMessage:98 android.os.Looper.loop:164
09-13 14:30:27.670 684 684 I SystemServer: MakePackageManagerServiceReady
09-13 14:30:27.670 684 714 W KeyguardServiceDelegate: onScreenTurningOn(): no keyguard service!
09-13 14:30:27.674 684 684 V UserDataPreparer: Found /data/user_de/0 with serial number 0
09-13 14:30:27.674 684 684 V UserDataPreparer: Found /data/user/0 with serial number 0
09-13 14:30:27.674 684 684 V UserDataPreparer: Found /data/system_de/0 with serial number 0
09-13 14:30:27.674 684 684 V UserDataPreparer: Found /data/system_ce/0 with serial number 0
09-13 14:30:27.674 684 684 V UserDataPreparer: Found /data/misc_ce/0 with serial number 0
09-13 14:30:27.678 684 684 D ConnectivityService: requestNetwork for uid/pid:1000/684 NetworkRequest [ REQUEST id=4, [ Capabilities: INTERNET&NOT_RESTRICTED&TRUSTED&NOT_VPN] ]
09-13 14:30:27.678 684 684 I SystemServer: MakeDisplayManagerServiceReady
09-13 14:30:27.679 684 684 I NvDeviceInfo: Device SKU: E12897TP
09-13 14:30:27.679 684 684 I NvDeviceInfo: sys.device.sku first set to: E12897TP
09-13 14:30:27.684 684 684 I NvDeviceInfo: persist.power.brick prev: PB1802, new: PB1802
09-13 14:30:27.685 684 684 E NvDeviceInfo: failed to get device sku info
09-13 14:30:27.687 684 684 I ActivityManager: System now ready
09-13 14:30:27.688 684 684 I ActivityManager: Config changes=100 {1.0 ?mcc?mnc [de_DE] ldltr sw540dp w960dp h540dp 320dpi lrg long land television -touch -keyb/v/h dpad/v appBounds=Rect(0, 0 - 1920, 1080) s.4}
09-13 14:30:27.689 684 684 I ActivityManager: Override config changes=100 {1.0 ?mcc?mnc [de_DE] ldltr sw540dp w960dp h540dp 320dpi lrg long land television -touch -keyb/v/h dpad/v appBounds=Rect(0, 0 - 1920, 1080) s.4} for displayId=0
09-13 14:30:27.699 684 684 I SystemServer: Making services ready
09-13 14:30:27.699 684 684 I SystemServer: StartActivityManagerReadyPhase
09-13 14:30:27.699 684 684 I SystemServiceManager: Starting phase 550
09-13 14:30:27.699 684 711 I ActivityManager: Config changes=100 {1.0 ?mcc?mnc [de_DE] ldltr sw540dp w960dp h540dp 320dpi lrg long land television -touch -keyb/v/h dpad/v appBounds=Rect(0, 0 - 1920, 1080) s.5}
09-13 14:30:27.702 684 711 I ActivityManager: Override config changes=100 {1.0 ?mcc?mnc [de_DE] ldltr sw540dp w960dp h540dp 320dpi lrg long land television -touch -keyb/v/h dpad/v appBounds=Rect(0, 0 - 1920, 1080) s.5} for displayId=0
09-13 14:30:27.703 684 711 I WindowManager: Screen frozen for +14ms due to new-config
09-13 14:30:27.707 684 684 W ActivityManager: Unable to start service Intent { act=com.android.ITelecomService cmp=com.android.server.telecom/.components.TelecomService } U=0: not found
09-13 14:30:27.841 684 684 W SystemServiceManager: Service com.android.server.content.ContentService$Lifecycle took 134 ms in onBootPhase
09-13 14:30:27.842 684 684 D BluetoothManagerService: Bluetooth boot completed
09-13 14:30:27.842 684 684 D BluetoothManagerService: Auto-enabling Bluetooth.
09-13 14:30:27.842 684 710 D BluetoothManagerService: MESSAGE_ENABLE(0): mBluetooth = null
09-13 14:30:27.854 684 710 I ActivityManager: Start proc 791:com.android.bluetooth/1002 for service com.android.bluetooth/.btservice.AdapterService
09-13 14:30:28.035 684 684 W InputMethodInfo: Duplicated subtype definition found: en_US, keyboard
09-13 14:30:28.072 684 684 W InputMethodManagerService: Default IME is uninstalled. Choose new default IME.
09-13 14:30:28.107 684 684 W InputMethodManagerService: Illegal subtype state: old subtype = null, new subtype = android.view.inputmethod.InputMethodSubtype@2e2cbe61
09-13 14:30:28.120 684 684 I ActivityManager: Start proc 813:com.google.android.inputmethod.latin/u0a113 for service com.google.android.inputmethod.latin/com.android.inputmethod.latin.LatinIME
09-13 14:30:28.121 684 684 W SystemServiceManager: Service com.android.server.InputMethodManagerService$Lifecycle took 279 ms in onBootPhase
09-13 14:30:28.121 684 758 D StorageManagerService: Thinking about init, mSystemReady=true, mDaemonConnected=true
09-13 14:30:28.121 684 758 D StorageManagerService: Setting up emulation state, initlocked=false
09-13 14:30:28.121 684 758 D CryptdConnector: SND -> {2 cryptfs unlock_user_key 0 0 ! !}
09-13 14:30:28.121 289 294 D vold : e4crypt_unlock_user_key 0 serial=0 token_present=0
09-13 14:30:28.122 684 760 D CryptdConnector: RCV <- {200 2 Command succeeded}
09-13 14:30:28.122 684 758 D StorageManagerService: Thinking about reset, mSystemReady=true, mDaemonConnected=true
09-13 14:30:28.122 684 758 D VoldConnector: SND -> {3 volume reset}
09-13 14:30:28.122 684 702 I ActivityManager: Force stopping com.android.providers.media appid=10008 user=-1: vold reset
09-13 14:30:28.122 684 759 D VoldConnector: RCV <- {651 emulated 7}
09-13 14:30:28.122 684 759 D VoldConnector: RCV <- {659 emulated}
09-13 14:30:28.122 684 759 D VoldConnector: RCV <- {650 emulated 2 "" ""}
09-13 14:30:28.123 684 759 D VoldConnector: RCV <- {651 emulated 0}
09-13 14:30:28.123 684 759 D VoldConnector: RCV <- {200 3 Command succeeded}
09-13 14:30:28.123 684 758 D VoldConnector: SND -> {4 volume user_added 0 0}
09-13 14:30:28.123 684 759 D VoldConnector: RCV <- {200 4 Command succeeded}
09-13 14:30:28.123 684 709 V StorageManagerService: Found primary storage at VolumeInfo{emulated}:
09-13 14:30:28.123 684 709 V StorageManagerService: type=EMULATED diskId=null partGuid=null mountFlags=0 mountUserId=-1
09-13 14:30:28.123 684 709 V StorageManagerService: state=UNMOUNTED
09-13 14:30:28.123 684 709 V StorageManagerService: fsType=null fsUuid=null fsLabel=null
09-13 14:30:28.123 684 709 V StorageManagerService: path=null internalPath=null
09-13 14:30:28.124 684 684 D UsbAlsaManager: Adding ALSA device AlsaDevice: [card: 0, device: 3, type: 1]
09-13 14:30:28.124 684 684 D UsbAlsaManager: Adding ALSA device AlsaDevice: [card: 1, device: 9, type: 1]
09-13 14:30:28.124 684 684 D UsbAlsaManager: Adding ALSA device AlsaDevice: [card: 1, device: 8, type: 1]
09-13 14:30:28.124 684 684 D UsbAlsaManager: Adding ALSA device AlsaDevice: [card: 1, device: 9, type: 2]
09-13 14:30:28.124 684 684 D UsbAlsaManager: Adding ALSA device AlsaDevice: [card: 1, device: 7, type: 1]
09-13 14:30:28.124 684 684 D UsbAlsaManager: Adding ALSA device AlsaDevice: [card: 1, device: 8, type: 2]
09-13 14:30:28.124 684 684 D UsbAlsaManager: Adding ALSA device AlsaDevice: [card: 1, device: 6, type: 1]
09-13 14:30:28.124 684 684 D UsbAlsaManager: Adding ALSA device AlsaDevice: [card: 1, device: 7, type: 2]
09-13 14:30:28.124 684 684 D UsbAlsaManager: Adding ALSA device AlsaDevice: [card: 1, device: 5, type: 1]
09-13 14:30:28.124 684 684 D UsbAlsaManager: Adding ALSA device AlsaDevice: [card: 1, device: 6, type: 2]
09-13 14:30:28.124 684 684 D UsbAlsaManager: Adding ALSA device AlsaDevice: [card: 1, device: 4, type: 1]
09-13 14:30:28.124 684 684 D UsbAlsaManager: Adding ALSA device AlsaDevice: [card: 1, device: 5, type: 2]
09-13 14:30:28.124 684 684 D UsbAlsaManager: Adding ALSA device AlsaDevice: [card: 1, device: 3, type: 1]
09-13 14:30:28.124 684 684 D UsbAlsaManager: Adding ALSA device AlsaDevice: [card: 1, device: 4, type: 2]
09-13 14:30:28.124 684 684 D UsbAlsaManager: Adding ALSA device AlsaDevice: [card: 1, device: 2, type: 1]
09-13 14:30:28.124 684 684 D UsbAlsaManager: Adding ALSA device AlsaDevice: [card: 1, device: 3, type: 2]
09-13 14:30:28.124 684 684 D UsbAlsaManager: Adding ALSA device AlsaDevice: [card: 1, device: 1, type: 1]
09-13 14:30:28.124 684 758 D VoldConnector: SND -> {5 volume mount emulated 3 -1}
09-13 14:30:28.124 684 684 D UsbAlsaManager: Adding ALSA device AlsaDevice: [card: 1, device: 2, type: 2]
09-13 14:30:28.124 684 684 D UsbAlsaManager: Adding ALSA device AlsaDevice: [card: 1, device: 0, type: 1]
09-13 14:30:28.124 684 684 D UsbAlsaManager: Adding ALSA device AlsaDevice: [card: 1, device: 1, type: 2]
09-13 14:30:28.124 684 684 D UsbAlsaManager: Adding ALSA device AlsaDevice: [card: 1, device: 0, type: 2]
09-13 14:30:28.125 684 684 I SystemServer: StartObservingNativeCrashes
09-13 14:30:28.125 289 293 V vold : Waiting for FUSE to spin up...
09-13 14:30:28.126 684 759 D VoldConnector: RCV <- {651 emulated 1}
09-13 14:30:28.126 684 759 D VoldConnector: RCV <- {656 emulated "/data/media"}
09-13 14:30:28.126 684 780 D BluetoothManagerService: Creating new ProfileServiceConnections object for profile: 1
09-13 14:30:28.126 684 759 D VoldConnector: RCV <- {655 emulated "/storage/emulated"}
09-13 14:30:28.126 684 780 E BluetoothManagerService: Fail to bind to: Intent { act=android.bluetooth.IBluetoothHeadset }
09-13 14:30:28.126 684 780 W BluetoothManagerService: Unable to bind with intent: Intent { act=android.bluetooth.IBluetoothHeadset }
09-13 14:30:28.127 684 684 I SystemServer: StartSystemUI
09-13 14:30:28.127 684 748 I SystemServer: WebViewFactoryPreparation
09-13 14:30:28.140 684 684 I ActivityManager: Start proc 835:com.android.systemui/u0a31 for service com.android.systemui/.SystemUIService
09-13 14:30:28.159 353 353 I android.hardware.wifi@1.0-service: Wifi HAL started
09-13 14:30:28.176 684 759 D VoldConnector: RCV <- {651 emulated 2}
09-13 14:30:28.177 684 759 D VoldConnector: RCV <- {200 5 Command succeeded}
09-13 14:30:28.178 684 748 I ActivityManager: Start proc 855:WebViewLoader-armeabi-v7a/1037 [android.webkit.WebViewFactory$RelroFileCreator] for
09-13 14:30:28.185 684 748 I ActivityManager: Start proc 867:WebViewLoader-arm64-v8a/1037 [android.webkit.WebViewFactory$RelroFileCreator] for
09-13 14:30:28.190 684 684 W ActivityManager: Unable to start service Intent { flg=0x100 cmp=com.android.systemui/.keyguard.KeyguardService } U=0: not found
09-13 14:30:28.191 684 684 I SystemServer: MakeNetworkScoreReady
09-13 14:30:28.191 684 684 I SystemServer: MakeNetworkManagementServiceReady
09-13 14:30:28.191 684 684 D NetworkManagement: enabling bandwidth control
09-13 14:30:28.203 684 684 I SystemServer: MakeNetworkStatsServiceReady
09-13 14:30:28.260 684 765 D NetworkPolicy: setRestrictBackgroundUL(): false
09-13 14:30:28.422 684 684 I SystemServer: MakeConnectivityServiceReady
09-13 14:30:28.432 684 684 I SystemServer: MakeNetworkPolicyServiceReady
09-13 14:30:28.432 684 684 I SystemServer: StartWatchdog
09-13 14:30:28.432 684 684 I SystemServer: PhaseThirdPartyAppsCanStart
09-13 14:30:28.432 684 684 I SystemServiceManager: Starting phase 600
09-13 14:30:28.434 684 684 V NotificationListeners: enabling notification listener for 0: ComponentInfo{com.google.android.tvrecommendations/com.google.android.tvrecommendations.NotificationsService}
09-13 14:30:28.435 684 684 W ActivityManager: Unable to start service Intent { act=android.service.notification.NotificationListenerService cmp=com.google.android.tvrecommendations/.NotificationsService } U=0: not found
09-13 14:30:28.435 684 684 W NotificationListeners: Unable to bind notification listener service: Intent { act=android.service.notification.NotificationListenerService cmp=com.google.android.tvrecommendations/.NotificationsService (has extras) }
