09-13 14:32:14.795 5181 6897 V Kodi : Debug Print: Curl::Debug - HEADER_IN: Date: Thu, 13 Sep 2018 12:32:14 GMT
09-13 14:32:14.795 5181 6897 V Kodi : Debug Print: Curl::Debug - HEADER_IN: Content-Type: audio/mp4
09-13 14:32:14.795 5181 6897 V Kodi : Debug Print: Curl::Debug - HEADER_IN: Content-Length: 52856
09-13 14:32:14.795 5181 6897 V Kodi : Debug Print: Curl::Debug - HEADER_IN: Access-Control-Allow-Origin: *
09-13 14:32:14.796 5181 6897 V Kodi : Debug Print: Curl::Debug - HEADER_IN: Cache-Control: no-cache, no-store
09-13 14:32:14.813 5181 6879 V Kodi : Debug Print: CVideoPlayer::OnExit()
09-13 14:32:14.813 5181 6879 V Kodi : Debug Print: Closing stream player 1
09-13 14:32:14.813 5181 6879 V Kodi : Debug Print: AddOnLog: InputStream Adaptive: EnableStream(2: false)
09-13 14:32:14.832 5181 6897 V Kodi : Debug Print: Curl::Debug - TEXT: Connection #0 to host zh2-1-dash-live.zahs.tv left intact
09-13 14:32:14.832 5181 6897 V Kodi : Debug Print: AddOnLog: InputStream Adaptive: Download http://zh2-1-dash-live.zahs.tv/RTL2/audio-time=1536841916800-128000-0.m4s?z32=MNZWSZB5GE2TKM2GGU4TONJWIIZEMRSGHEWTENRZHBBEGRJSHFCEGQKEGJCUEJTOMF2GS5TFHUYTKMBQEZ2XGZLSL5UWIPJSGQYTAMJVGIYSM43JM46TMXZYMMZGGOBWGRRTAMZTGFSTANJSGJTDCODEMNSDMNBWMM3GEZTEME finished, average download speed: 601514.5619
09-13 14:32:14.833 5181 6897 V XBMC : detaching thread
09-13 14:32:14.833 5181 6879 V Kodi : Debug Print: Waiting for audio thread to exit
09-13 14:32:14.849 5181 6898 V Kodi : Debug Print: thread end: CVideoPlayerAudio::OnExit()
09-13 14:32:14.850 5181 6879 V Kodi : Debug Print: Closing audio device
09-13 14:32:14.850 5181 6898 V Kodi : Debug Print: Thread VideoPlayerAudio 145914987760 terminating
09-13 14:32:14.850 5181 6898 V XBMC : detaching thread
09-13 14:32:14.897 5181 6879 V Kodi : Debug Print: CDVDAudio::Flush - flush audio stream
09-13 14:32:14.897 5181 6730 V Kodi : Debug Print: CActiveAE::DiscardStream - audio stream deleted
09-13 14:32:14.898 5181 6730 V Kodi : Debug Print: CActiveAE::ClearDiscardedBuffers - buffer pool deleted
09-13 14:32:14.898 5181 6731 V Kodi : Debug Print: Previous line repeats 2 times.
09-13 14:32:14.898 5181 6731 V Kodi : Debug Print: CActiveAESink::OpenSink - initialize sink
09-13 14:32:14.899 5181 6731 V Kodi : Debug Print: Draining Audio
09-13 14:32:14.899 5181 6879 V Kodi : Debug Print: Deleting audio codec
09-13 14:32:14.899 5181 6731 D AudioTrack: stop() called with 254323 frames delivered
09-13 14:32:14.899 5181 6879 V Kodi : Debug Print: Closing stream player 2
09-13 14:32:14.899 5181 6879 V Kodi : Debug Print: AddOnLog: InputStream Adaptive: EnableStream(1: false)
09-13 14:32:14.899 5181 6731 V Kodi : Debug Print: CAESinkAUDIOTRACK::Deinitialize
09-13 14:32:14.900 5181 6883 V XBMC : detaching thread
09-13 14:32:14.900 5181 6879 V Kodi : Debug Print: waiting for video thread to exit
09-13 14:32:14.901 5181 6731 V Kodi : Debug Print: CAESinkAUDIOTRACK::Deinitialize
09-13 14:32:14.902 5181 6731 V Kodi : Debug Print: CActiveAESink::OpenSink - trying to open device AUDIOTRACK:AudioTrack
09-13 14:32:14.902 5181 6731 V Kodi : Debug Print: CAESinkAUDIOTRACK::Initialize requested: sampleRate 44100; format: AE_FMT_FLOAT; channels: 2
09-13 14:32:14.902 5181 6731 V Kodi : Debug Print: Updated SampleRate: 32000 Distance: 108900
09-13 14:32:14.902 5181 6731 V Kodi : Debug Print: Updated SampleRate: 44100 Distance: 0
09-13 14:32:14.903 5181 6731 V Kodi : Debug Print: Trying to open: samplerate: 44100, channelMask: 12, encoding: 4
09-13 14:32:14.904 5181 6731 V Kodi : Debug Print: Minimum size we need for stream: 11344
09-13 14:32:14.904 5181 6731 V Kodi : Debug Print: Created Audiotrackbuffer with playing time of 64.308390 ms min buffer size: 22688 bytes
09-13 14:32:14.907 408 1095 I NvAudioPolicyManager: getOutputForAttr() device 0x400, samplingRate 44100, format 5, channelMask 3, flags 0 strategy 0x0
09-13 14:32:14.911 5181 6731 D AudioTrack: Client defaulted notificationFrames to 945 for frameCount 2836
09-13 14:32:14.913 5181 6731 V Kodi : Debug Print: CAESinkAUDIOTRACK::Initializing with: m_sampleRate: 44100 format: AE_FMT_FLOAT (AE) method: PCM stream-type: PCM-STREAM min_buffer_size: 22688 m_frames: 1418 m_frameSize: 8 channels: 2
09-13 14:32:14.914 5181 6731 V Kodi : Debug Print: CActiveAESink::OpenSink - AUDIOTRACK Initialized:
09-13 14:32:14.914 5181 6731 V Kodi : Debug Print: Output Device : android
09-13 14:32:14.914 5181 6731 V Kodi : Debug Print: Sample Rate : 44100
09-13 14:32:14.914 5181 6731 V Kodi : Debug Print: Sample Format : AE_FMT_FLOAT
09-13 14:32:14.914 5181 6731 V Kodi : Debug Print: Channel Count : 2
09-13 14:32:14.914 5181 6731 V Kodi : Debug Print: Channel Layout: FL, FR
09-13 14:32:14.915 5181 6731 V Kodi : Debug Print: Frames : 1418
09-13 14:32:14.915 5181 6731 V Kodi : Debug Print: Frame Size : 8
09-13 14:32:14.917 5181 6730 V Kodi : Debug Print: CActiveAE::ClearDiscardedBuffers - buffer pool deleted
09-13 14:32:14.922 5181 6893 V Kodi : Debug Print: Previous line repeats 1 times.
09-13 14:32:14.922 5181 6893 V Kodi : Debug Print: thread end: video_thread
09-13 14:32:14.923 5181 6893 V Kodi : Debug Print: Thread VideoPlayerVideo 145912915184 terminating
09-13 14:32:14.923 5181 6893 V XBMC : detaching thread
09-13 14:32:14.923 5181 6879 V Kodi : Debug Print: deleting video codec
09-13 14:32:14.924 425 6887 D NvOsDebugPrintf: NVMEDIA: FrameRate(for last 120 frames) = 25.000000, AvgFrameRate = 25.000000
09-13 14:32:14.924 425 6891 D NvOsDebugPrintf: NVMEDIA: NVMEDIAFrameStatusReporting: 1807: Closing NVMEDIA Frame Status Thread -------------
09-13 14:32:14.925 425 6892 D NvOsDebugPrintf: NVMEDIA: NVMEDIAVPRFloorSizeSettingThread: 1628: Closing NVMEDIAVPRFloorSizeSettingThread -------------
09-13 14:32:14.925 425 6890 D NvOsDebugPrintf: NVMEDIA: NVMEDIAFrameDelivery: 1662: Closing NVMEDIA Frame Delivery Thread -------------
09-13 14:32:14.927 425 6887 D NvOsDebugPrintf: NVMEDIA: NvMMLiteTVMRDecBlockClose: 3345: Done
09-13 14:32:14.931 5181 6885 D SurfaceUtils: disconnecting from surface 0x21e1e7d010, reason disconnectFromSurface
09-13 14:32:14.941 5181 6879 V Kodi : Debug Print: CMediaCodecVideoBufferPool::~CMediaCodecVideoBufferPool Releasing 1 buffers
09-13 14:32:14.941 5181 6879 V Kodi : Debug Print: AddOnLog: InputStream Adaptive: Close()
09-13 14:32:14.942 5181 6879 V Kodi : Debug Print: AddOnLog: InputStream Adaptive: Session::~Session()
09-13 14:32:14.942 5181 5181 D XBMCVideoPlayView: Destroyed
09-13 14:32:14.943 5181 6879 V Kodi : Debug Print: SECTION:UnloadDll(/data/app/org.xbmc.kodinerds-MLE3dcA59sJB4FsoUH5MOg==/lib/arm64/libinputstream.adaptive.so)
09-13 14:32:14.943 360 975 E SurfaceFlinger: Failed to find layer (SurfaceView - org.xbmc.kodinerds/org.xbmc.kodinerds.Main#1) in layer parent (no-parent).
09-13 14:32:14.943 360 975 E SurfaceFlinger: Failed to find layer (Background for - SurfaceView - org.xbmc.kodinerds/org.xbmc.kodinerds.Main#1) in layer parent (no-parent).
09-13 14:32:14.944 5181 6879 V Kodi : Debug Print: ADDON: Dll Destroyed - InputStream Adaptive
09-13 14:32:14.945 5181 6716 V Kodi : Debug Print: VideoPlayer: finished waiting
09-13 14:32:14.945 5181 6879 V Kodi : Debug Print: Thread VideoPlayer 145902036208 terminating
09-13 14:32:14.946 5181 6716 V Kodi : Debug Print: DeleteRenderer - deleting renderer
09-13 14:32:14.946 5181 6879 V XBMC : detaching thread
09-13 14:32:14.946 5181 6716 V Kodi : Debug Print: CVideoPlayer::CloseFile()
09-13 14:32:14.946 5181 6716 V Kodi : Debug Print: VideoPlayer: waiting for threads to exit
09-13 14:32:14.946 5181 6716 V Kodi : Debug Print: VideoPlayer: finished waiting
09-13 14:32:14.948 5181 6716 V Kodi : Debug Print: Radio UECP (RDS) Processor - delete ~CDVDRadioRDSData
09-13 14:32:14.953 5181 6760 V Kodi : Debug Print: OnPlayBackStopped: CApplication::OnPlayBackStopped
09-13 14:32:14.969 5181 6720 V Kodi : Debug Print: CAnnouncementManager - Announcement: OnStop from xbmc
09-13 14:32:14.970 5181 6720 V Kodi : Debug Print: void CXBMCApp::OnPlayBackStopped()
09-13 14:32:14.970 791 1217 V Avrcp : onPlaybackStateChanged: state PlaybackState {state=1, position=0, buffered position=0, speed=0.0, updated=130223, actions=-1, custom actions=[], active item id=-1, error=null}
09-13 14:32:14.971 684 940 I MediaFocusControl: AudioFocus abandonAudioFocus() from uid/pid 10107/5181 clientId=android.media.AudioManager@1db5fa3org.xbmc.kodinerds.interfaces.XBMCAudioManagerOnAudioFocusChangeListener@c9d92a0
09-13 14:32:14.972 5181 6720 V Kodi : Debug Print: GOT ANNOUNCEMENT, type: 1, from xbmc, message OnStop
09-13 14:32:14.973 2198 2198 D DeviceControlManagerService: active session:com.appgeneration.itunerfree
09-13 14:32:14.973 1740 1740 D NowPlayingManager: onClientChanged() called with: clearing = [false]
09-13 14:32:14.973 791 1217 V Avrcp : isBrowseSupported for com.appgeneration.itunerfree: true
09-13 14:32:14.974 791 1217 D Avrcp : update #4:MediaPlayerInfo com.appgeneration.itunerfree (as 'myTuner Free') Type = 1, SubType = 0, Status = 0 Feature Bits [40 41 42 44 45 47 48 58 59 62 65 67] Controller: MediaController (com.appgeneration.itunerfree@7138715) Willkommen bei myTuner, null, null
09-13 14:32:14.977 1740 1740 D NowPlayingManager: onMediaDataUpdated() called with: mediaData = [com.google.android.tvrecommendations.NowPlayingData@51bad89]
09-13 14:32:14.977 1740 1740 D NowPlayingManager: onClientPlaybackStateUpdate() called with: state = [1], stateChangeTimeMs = [40466], currentPosMs = [-1]
09-13 14:32:14.977 1740 1740 D NowPlayingManager: onClientPlaybackStateUpdate: Skipped update, state: 1 was unchanged
09-13 14:32:14.979 5181 6716 V Kodi : Debug Print: CGUIWindowManager::PreviousWindow: Deactivate
09-13 14:32:14.980 5181 6716 V Kodi : Debug Print: ------ Window Deinit (VideoOSD.xml) ------
09-13 14:32:14.980 5181 6716 V Kodi : Debug Print: ------ Window Deinit (VideoFullScreen.xml) ------
09-13 14:32:14.986 5181 6716 V Kodi : Debug Print: CGUIWindowManager::PreviousWindow: Activate new
09-13 14:32:14.986 5181 6716 V Kodi : Debug Print: ------ Window Init (Home.xml) ------
09-13 14:32:14.988 5181 6716 V Kodi : Debug Print: CDirectoryProvider[addons://]: refreshing..
09-13 14:32:14.988 5181 6716 V Kodi : Debug Print: CDirectoryProvider[addons://sources/video/]: refreshing..
09-13 14:32:14.988 5181 6716 V Kodi : Debug Print: CDirectoryProvider[addons://sources/audio/]: refreshing..
09-13 14:32:14.988 5181 6716 V Kodi : Debug Print: CDirectoryProvider[addons://sources/game/]: refreshing..
09-13 14:32:14.988 5181 6716 V Kodi : Debug Print: CDirectoryProvider[addons://sources/executable/]: refreshing..
09-13 14:32:14.988 5181 6716 V Kodi : Debug Print: CDirectoryProvider[androidapp://sources/apps/]: refreshing..
09-13 14:32:14.989 5181 6716 V Kodi : Debug Print: CDirectoryProvider[addons://sources/image/]: refreshing..
09-13 14:32:14.999 5181 6716 V Kodi : Debug Print: CDirectoryProvider[library://video/]: refreshing..
09-13 14:32:15.000 5181 6716 V Kodi : Debug Print: CDirectoryProvider[sources://video/]: refreshing..
09-13 14:32:15.000 5181 6716 V Kodi : Debug Print: CDirectoryProvider[special://videoplaylists/]: refreshing..
09-13 14:32:15.001 5181 6716 V Kodi : Debug Print: CDirectoryProvider[pvr://channels/tv/*?view=lastplayed]: refreshing..
09-13 14:32:15.001 5181 6716 V Kodi : Debug Print: CDirectoryProvider[pvr://channels/radio/*?view=lastplayed]: refreshing..
09-13 14:32:15.001 5181 6716 V Kodi : Debug Print: CDirectoryProvider[pvr://recordings/radio/active?view=flat]: refreshing..
09-13 14:32:15.001 5181 6716 V Kodi : Debug Print: CDirectoryProvider[favourites://]: refreshing..
09-13 14:32:15.002 5181 6716 V Kodi : Debug Print: CDirectoryProvider[sources://pictures/]: refreshing..
09-13 14:32:15.002 5181 6716 V Kodi : Debug Print: CDirectoryProvider[addons://sources/game/]: refreshing..
09-13 14:32:15.003 5181 6716 V Kodi : Debug Print: Window Home.xml was already loaded
09-13 14:32:15.003 5181 6716 V Kodi : Debug Print: Alloc resources: 16.64ms
09-13 14:32:15.034 5181 6789 V Kodi : Debug Print: CAddonMgr::GetAvailableUpdates took 46 ms
09-13 14:32:15.035 413 3615 I WVCdm : CdmEngine::QueryStatus
09-13 14:32:15.084 5181 6919 V Kodi : Debug Print: Thread JobWorker start, auto delete: true
09-13 14:32:15.132 5181 6716 V Kodi : Debug Print: ------ Window Deinit (DialogSeekBar.xml) ------
09-13 14:32:15.133 5181 6789 V Kodi : Debug Print: CAndroidAppDirectory::GetDirectory: apps
09-13 14:32:15.179 5181 6760 V Kodi : Debug Print: CMultiPathDirectory::GetDirectory(multipath://special%3a%2f%2fprofile%2fplaylists%2fvideo/special%3a%2f%2fprofile%2fplaylists%2fmixed/)
09-13 14:32:15.179 5181 6760 V Kodi : Debug Print: Getting Directory (special://profile/playlists/video)
09-13 14:32:15.181 5181 6760 V Kodi : Debug Print: Getting Directory (special://profile/playlists/mixed)
09-13 14:32:15.182 5181 6760 V Kodi : Debug Print: CMultiPathDirectory::MergeItems, items = 0
09-13 14:32:15.183 5181 6760 V Kodi : Debug Print: CPVRDirectory::GetDirectory(pvr://channels/tv/*?view=lastplayed)
09-13 14:32:15.188 5181 6788 V Kodi : Debug Print: CPVRDirectory::GetDirectory(pvr://channels/radio/*?view=lastplayed)
09-13 14:32:15.190 5181 6788 V Kodi : Debug Print: CPVRDirectory::GetDirectory(pvr://recordings/radio/active?view=flat)
09-13 14:32:15.216 5181 6716 V Kodi : Debug Print: GLES: Extension Support Test - GL_EXT_texture_format_BGRA8888 YES
09-13 14:32:15.223 5181 6716 V Kodi : Debug Print: ------ Window Deinit (Custom_1109_TopBarOverlay.xml) ------
09-13 14:32:15.225 5181 6716 V Kodi : Debug Print: Uninhibiting OS screen saver
09-13 14:32:15.225 5181 6716 V Kodi : static bool CXBMCApp::EnableWakeLock(bool): false
09-13 14:32:15.238 684 1695 D PowerManagerNotifier: onWakeLockReleased: flags=536870922, tag="org.xbmc.kodinerds", packageName=org.xbmc.kodinerds, ownerUid=10107, ownerPid=5181, workSource=null
09-13 14:32:15.526 684 702 W ActivityManager: Stopping service due to app idle: u0a91 -1m30s184ms com.appgeneration.itunerfree/com.appgeneration.ituner.media.service.KeepAliveService
09-13 14:32:15.526 684 702 W ActivityManager: Stopping service due to app idle: u0a91 -1m11s436ms com.appgeneration.itunerfree/com.appgeneration.ituner.tv.services.UpdateRecommendationsService
09-13 14:32:15.578 684 1544 I ActivityManager: Killing 2444:com.appgeneration.itunerfree/u0a91 (adj 906): empty #17
09-13 14:32:15.586 791 1217 V Avrcp : MSG_UPDATE_MEDIA
09-13 14:32:15.587 791 1217 V Avrcp : updatePlaybackState (1): -1➡0(PlaybackState {state=1, position=0, buffered position=0, speed=0.0, updated=130223, actions=-1, custom actions=[], active item id=-1, error=null})
09-13 14:32:15.587 791 1217 V Avrcp : Media update: id -1➡-1? [MediaAttributes: K⋯7 - by (0 0/0) ]
09-13 14:32:15.587 791 1217 D Avrcp : sendPlayPosNotificationRsp: Not registered or requesting.
09-13 14:32:15.638 2198 2198 D DeviceControlManagerService: no active session
09-13 14:32:15.640 1740 1740 D NowPlayingManager: onClientChanged() called with: clearing = [true]
09-13 14:32:15.711 352 352 E hw-IPCThreadState: binder thread pool (1 threads) starved for 111 ms
09-13 14:32:16.141 684 757 D WindowManager: handleComboKeys keyCode: 21, keyAction: 0
09-13 14:32:16.141 684 757 D WindowManager: isOnHomeScreen mLastTopComponent: null, componentName: ComponentInfo{org.xbmc.kodinerds/org.xbmc.kodinerds.Main}
09-13 14:32:16.142 684 757 D WindowManager: handleComboKeys isOnHomeScreen: false
09-13 14:32:16.146 5181 6714 V Kodi : CAndroidKey: key down (dev:2; src:769; code: 21; repeat: 0; flags: 0x8; alt: no; shift: no; sym: no)
09-13 14:32:16.158 5181 6716 V Kodi : Debug Print: Keyboard: scancode: 0x15, sym: 0x0114, unicode: 0x0000, modifier: 0x0
09-13 14:32:16.159 5181 6716 V Kodi : Debug Print: HandleKey: left (0xf082) pressed, action is Left
09-13 14:32:16.299 684 757 D WindowManager: handleComboKeys keyCode: 21, keyAction: 1
09-13 14:32:16.299 684 757 D WindowManager: isOnHomeScreen mLastTopComponent: null, componentName: ComponentInfo{org.xbmc.kodinerds/org.xbmc.kodinerds.Main}
09-13 14:32:16.299 684 757 D WindowManager: handleComboKeys isOnHomeScreen: false
09-13 14:32:16.305 5181 6714 V Kodi : CAndroidKey: key up (dev:2; src:769; code: 21; repeat: 0; flags: 0x8; alt: no; shift: no; sym: no)
09-13 14:32:16.332 5181 6716 V Kodi : Debug Print: Keyboard: scancode: 0x15, sym: 0x0114, unicode: 0x0000, modifier: 0x0
09-13 14:32:16.640 791 1217 V Avrcp : MSG_UPDATE_MEDIA
09-13 14:32:16.640 791 1217 V Avrcp : updatePlaybackState (1): -1➡0(PlaybackState {state=1, position=0, buffered position=0, speed=0.0, updated=130223, actions=-1, custom actions=[], active item id=-1, error=null})
09-13 14:32:16.640 791 1217 V Avrcp : Media update: id -1➡-1? [MediaAttributes: K⋯7 - by (0 0/0) ]
09-13 14:32:16.640 791 1217 D Avrcp : sendPlayPosNotificationRsp: Not registered or requesting.
09-13 14:32:16.681 684 757 D WindowManager: handleComboKeys keyCode: 19, keyAction: 0
09-13 14:32:16.686 5181 6714 V Kodi : CAndroidKey: key down (dev:2; src:769; code: 19; repeat: 0; flags: 0x8; alt: no; shift: no; sym: no)
09-13 14:32:16.713 5181 6716 V Kodi : Debug Print: Keyboard: scancode: 0x13, sym: 0x0111, unicode: 0x0000, modifier: 0x0
09-13 14:32:16.714 5181 6716 V Kodi : Debug Print: HandleKey: up (0xf080) pressed, action is Up
09-13 14:32:16.839 684 757 D WindowManager: handleComboKeys keyCode: 19, keyAction: 1
09-13 14:32:17.071 5181 6714 V Kodi : CAndroidKey: key up (dev:2; src:769; code: 19; repeat: 0; flags: 0x8; alt: no; shift: no; sym: no)
09-13 14:32:17.091 5181 6716 V Kodi : Debug Print: Keyboard: scancode: 0x13, sym: 0x0111, unicode: 0x0000, modifier: 0x0
09-13 14:32:17.131 684 757 D WindowManager: handleComboKeys keyCode: 21, keyAction: 0
09-13 14:32:17.131 684 757 D WindowManager: isOnHomeScreen mLastTopComponent: null, componentName: ComponentInfo{org.xbmc.kodinerds/org.xbmc.kodinerds.Main}
09-13 14:32:17.132 684 757 D WindowManager: handleComboKeys isOnHomeScreen: false
09-13 14:32:17.136 5181 6714 V Kodi : CAndroidKey: key down (dev:2; src:769; code: 21; repeat: 0; flags: 0x8; alt: no; shift: no; sym: no)
09-13 14:32:17.158 5181 6716 V Kodi : Debug Print: Keyboard: scancode: 0x15, sym: 0x0114, unicode: 0x0000, modifier: 0x0
09-13 14:32:17.159 5181 6716 V Kodi : Debug Print: HandleKey: left (0xf082) pressed, action is Left
09-13 14:32:17.289 684 757 D WindowManager: handleComboKeys keyCode: 21, keyAction: 1
09-13 14:32:17.289 684 757 D WindowManager: isOnHomeScreen mLastTopComponent: null, componentName: ComponentInfo{org.xbmc.kodinerds/org.xbmc.kodinerds.Main}
09-13 14:32:17.289 684 757 D WindowManager: handleComboKeys isOnHomeScreen: false
09-13 14:32:17.294 5181 6714 V Kodi : CAndroidKey: key up (dev:2; src:769; code: 21; repeat: 0; flags: 0x8; alt: no; shift: no; sym: no)
09-13 14:32:17.308 5181 6716 V Kodi : Debug Print: Keyboard: scancode: 0x15, sym: 0x0114, unicode: 0x0000, modifier: 0x0
09-13 14:32:17.694 684 757 D WindowManager: handleComboKeys keyCode: 19, keyAction: 0
09-13 14:32:17.699 5181 6714 V Kodi : CAndroidKey: key down (dev:2; src:769; code: 19; repeat: 0; flags: 0x8; alt: no; shift: no; sym: no)
09-13 14:32:17.725 5181 6716 V Kodi : Debug Print: Keyboard: scancode: 0x13, sym: 0x0111, unicode: 0x0000, modifier: 0x0
09-13 14:32:17.726 5181 6716 V Kodi : Debug Print: HandleKey: up (0xf080) pressed, action is Up
09-13 14:32:17.806 684 757 D WindowManager: handleComboKeys keyCode: 19, keyAction: 1
09-13 14:32:17.811 5181 6714 V Kodi : CAndroidKey: key up (dev:2; src:769; code: 19; repeat: 0; flags: 0x8; alt: no; shift: no; sym: no)
09-13 14:32:17.826 5181 6716 V Kodi : Debug Print: Keyboard: scancode: 0x13, sym: 0x0111, unicode: 0x0000, modifier: 0x0
09-13 14:32:17.942 684 757 D WindowManager: handleComboKeys keyCode: 19, keyAction: 0
09-13 14:32:17.946 5181 6714 V Kodi : CAndroidKey: key down (dev:2; src:769; code: 19; repeat: 0; flags: 0x8; alt: no; shift: no; sym: no)
09-13 14:32:17.977 5181 6716 V Kodi : Debug Print: Previous line repeats 1 times.
09-13 14:32:17.977 5181 6716 V Kodi : Debug Print: HandleKey: up (0xf080) pressed, action is Up
09-13 14:32:18.007 5181 6716 V Kodi : Debug Print: GLES: Extension Support Test - GL_EXT_texture_format_BGRA8888 YES
09-13 14:32:18.076 684 757 D WindowManager: handleComboKeys keyCode: 19, keyAction: 1
09-13 14:32:18.080 5181 6714 V Kodi : CAndroidKey: key up (dev:2; src:769; code: 19; repeat: 0; flags: 0x8; alt: no; shift: no; sym: no)
09-13 14:32:18.107 5181 6716 V Kodi : Debug Print: Keyboard: scancode: 0x13, sym: 0x0111, unicode: 0x0000, modifier: 0x0
09-13 14:32:18.144 684 757 D WindowManager: handleComboKeys keyCode: 19, keyAction: 0
09-13 14:32:18.147 5181 6714 V Kodi : CAndroidKey: key down (dev:2; src:769; code: 19; repeat: 0; flags: 0x8; alt: no; shift: no; sym: no)
09-13 14:32:18.175 5181 6716 V Kodi : Debug Print: Previous line repeats 1 times.
09-13 14:32:18.175 5181 6716 V Kodi : Debug Print: HandleKey: up (0xf080) pressed, action is Up
09-13 14:32:18.240 5181 6716 V Kodi : Debug Print: GLES: Extension Support Test - GL_EXT_texture_format_BGRA8888 YES
09-13 14:32:18.256 684 757 D WindowManager: handleComboKeys keyCode: 19, keyAction: 1
09-13 14:32:18.260 5181 6714 V Kodi : CAndroidKey: key up (dev:2; src:769; code: 19; repeat: 0; flags: 0x8; alt: no; shift: no; sym: no)
09-13 14:32:18.293 5181 6716 V Kodi : Debug Print: Keyboard: scancode: 0x13, sym: 0x0111, unicode: 0x0000, modifier: 0x0
09-13 14:32:18.504 684 757 D WindowManager: handleComboKeys keyCode: 19, keyAction: 0
09-13 14:32:18.510 5181 6714 V Kodi : CAndroidKey: key down (dev:2; src:769; code: 19; repeat: 0; flags: 0x8; alt: no; shift: no; sym: no)
09-13 14:32:18.524 5181 6716 V Kodi : Debug Print: Previous line repeats 1 times.
09-13 14:32:18.524 5181 6716 V Kodi : Debug Print: HandleKey: up (0xf080) pressed, action is Up
09-13 14:32:18.556 5181 6716 V Kodi : Debug Print: GLES: Extension Support Test - GL_EXT_texture_format_BGRA8888 YES
09-13 14:32:18.616 684 757 D WindowManager: handleComboKeys keyCode: 19, keyAction: 1
09-13 14:32:18.624 5181 6714 V Kodi : CAndroidKey: key up (dev:2; src:769; code: 19; repeat: 0; flags: 0x8; alt: no; shift: no; sym: no)
09-13 14:32:18.641 5181 6716 V Kodi : Debug Print: Keyboard: scancode: 0x13, sym: 0x0111, unicode: 0x0000, modifier: 0x0
09-13 14:32:18.777 684 757 D WindowManager: handleComboKeys keyCode: 19, keyAction: 0
09-13 14:32:18.782 5181 6714 V Kodi : CAndroidKey: key down (dev:2; src:769; code: 19; repeat: 0; flags: 0x8; alt: no; shift: no; sym: no)
09-13 14:32:18.808 5181 6716 V Kodi : Debug Print: Previous line repeats 1 times.
09-13 14:32:18.808 5181 6716 V Kodi : Debug Print: HandleKey: up (0xf080) pressed, action is Up
09-13 14:32:18.822 5181 6716 V Kodi : Debug Print: GLES: Extension Support Test - GL_EXT_texture_format_BGRA8888 YES
09-13 14:32:18.887 684 757 D WindowManager: handleComboKeys keyCode: 19, keyAction: 1
09-13 14:32:18.891 5181 6714 V Kodi : CAndroidKey: key up (dev:2; src:769; code: 19; repeat: 0; flags: 0x8; alt: no; shift: no; sym: no)
09-13 14:32:18.908 5181 6716 V Kodi : Debug Print: Keyboard: scancode: 0x13, sym: 0x0111, unicode: 0x0000, modifier: 0x0
09-13 14:32:18.976 684 757 D WindowManager: handleComboKeys keyCode: 19, keyAction: 0
09-13 14:32:18.981 5181 6714 V Kodi : CAndroidKey: key down (dev:2; src:769; code: 19; repeat: 0; flags: 0x8; alt: no; shift: no; sym: no)
09-13 14:32:19.008 5181 6716 V Kodi : Debug Print: Previous line repeats 1 times.
09-13 14:32:19.008 5181 6716 V Kodi : Debug Print: HandleKey: up (0xf080) pressed, action is Up
09-13 14:32:19.067 684 757 D WindowManager: handleComboKeys keyCode: 19, keyAction: 1
09-13 14:32:19.072 5181 6714 V Kodi : CAndroidKey: key up (dev:2; src:769; code: 19; repeat: 0; flags: 0x8; alt: no; shift: no; sym: no)
09-13 14:32:19.091 5181 6716 V Kodi : Debug Print: Keyboard: scancode: 0x13, sym: 0x0111, unicode: 0x0000, modifier: 0x0
09-13 14:32:19.899 684 757 D WindowManager: handleComboKeys keyCode: 20, keyAction: 0
09-13 14:32:19.905 5181 6714 V Kodi : CAndroidKey: key down (dev:2; src:769; code: 20; repeat: 0; flags: 0x8; alt: no; shift: no; sym: no)
09-13 14:32:19.923 5181 6716 V Kodi : Debug Print: Keyboard: scancode: 0x14, sym: 0x0112, unicode: 0x0000, modifier: 0x0
09-13 14:32:19.924 5181 6716 V Kodi : Debug Print: HandleKey: down (0xf081) pressed, action is Down
09-13 14:32:20.011 684 757 D WindowManager: handleComboKeys keyCode: 20, keyAction: 1
09-13 14:32:20.016 5181 6714 V Kodi : CAndroidKey: key up (dev:2; src:769; code: 20; repeat: 0; flags: 0x8; alt: no; shift: no; sym: no)
09-13 14:32:20.043 5181 6716 V Kodi : Debug Print: Keyboard: scancode: 0x14, sym: 0x0112, unicode: 0x0000, modifier: 0x0
09-13 14:32:20.304 684 757 D WindowManager: handleComboKeys keyCode: 22, keyAction: 0
09-13 14:32:20.312 5181 6714 V Kodi : CAndroidKey: key down (dev:2; src:769; code: 22; repeat: 0; flags: 0x8; alt: no; shift: no; sym: no)
09-13 14:32:20.323 5181 6716 V Kodi : Debug Print: Keyboard: scancode: 0x16, sym: 0x0113, unicode: 0x0000, modifier: 0x0
09-13 14:32:20.324 5181 6716 V Kodi : Debug Print: HandleKey: right (0xf083) pressed, action is Right
09-13 14:32:20.461 684 757 D WindowManager: handleComboKeys keyCode: 22, keyAction: 1
09-13 14:32:20.466 5181 6714 V Kodi : CAndroidKey: key up (dev:2; src:769; code: 22; repeat: 0; flags: 0x8; alt: no; shift: no; sym: no)
09-13 14:32:20.490 5181 6716 V Kodi : Debug Print: Keyboard: scancode: 0x16, sym: 0x0113, unicode: 0x0000, modifier: 0x0
09-13 14:32:20.821 684 757 D WindowManager: handleComboKeys keyCode: 21, keyAction: 0
09-13 14:32:20.821 684 757 D WindowManager: isOnHomeScreen mLastTopComponent: null, componentName: ComponentInfo{org.xbmc.kodinerds/org.xbmc.kodinerds.Main}
09-13 14:32:20.821 684 757 D WindowManager: handleComboKeys isOnHomeScreen: false
09-13 14:32:20.827 5181 6714 V Kodi : CAndroidKey: key down (dev:2; src:769; code: 21; repeat: 0; flags: 0x8; alt: no; shift: no; sym: no)
09-13 14:32:20.840 5181 6716 V Kodi : Debug Print: Keyboard: scancode: 0x15, sym: 0x0114, unicode: 0x0000, modifier: 0x0
09-13 14:32:20.840 5181 6716 V Kodi : Debug Print: HandleKey: left (0xf082) pressed, action is Left
09-13 14:32:20.934 684 757 D WindowManager: handleComboKeys keyCode: 21, keyAction: 1
09-13 14:32:20.934 684 757 D WindowManager: isOnHomeScreen mLastTopComponent: null, componentName: ComponentInfo{org.xbmc.kodinerds/org.xbmc.kodinerds.Main}
09-13 14:32:20.934 684 757 D WindowManager: handleComboKeys isOnHomeScreen: false
09-13 14:32:20.939 5181 6714 V Kodi : CAndroidKey: key up (dev:2; src:769; code: 21; repeat: 0; flags: 0x8; alt: no; shift: no; sym: no)
09-13 14:32:20.956 5181 6716 V Kodi : Debug Print: Keyboard: scancode: 0x15, sym: 0x0114, unicode: 0x0000, modifier: 0x0
09-13 14:32:21.062 1323 1413 V MediaProvider: pruneThumbnails
09-13 14:32:21.064 1323 1413 V MediaProvider: /pruneDeadThumbnailFiles...
09-13 14:32:21.064 684 702 W BroadcastQueue: Background execution not allowed: receiving Intent { act=android.intent.action.MEDIA_SCANNER_FINISHED dat=file:///storage/emulated/0 flg=0x10 } to com.nvidia.shield.nas/.StateMonitor
09-13 14:32:21.064 684 702 W BroadcastQueue: Background execution not allowed: receiving Intent { act=android.intent.action.MEDIA_SCANNER_FINISHED dat=file:///storage/emulated/0 flg=0x10 } to com.archos.mediacenter.videofree/com.archos.mediaprovider.video.VideoStoreImportReceiver
09-13 14:32:21.070 684 702 W BroadcastQueue: Background execution not allowed: receiving Intent { act=android.intent.action.MEDIA_SCANNER_STARTED dat=file:///storage/emulated/0 flg=0x10 } to com.nvidia.shield.nas/.StateMonitor
09-13 14:32:21.070 684 702 W BroadcastQueue: Background execution not allowed: receiving Intent { act=android.intent.action.MEDIA_SCANNER_STARTED dat=file:///storage/emulated/0 flg=0x10 } to com.archos.mediacenter.videofree/com.archos.mediaprovider.video.VideoStoreImportReceiver
09-13 14:32:21.541 684 757 D WindowManager: handleComboKeys keyCode: 23, keyAction: 0
09-13 14:32:21.548 5181 6714 V Kodi : CAndroidKey: key down (dev:2; src:769; code: 23; repeat: 0; flags: 0x8; alt: no; shift: no; sym: no)
09-13 14:32:21.560 5181 6716 V Kodi : Debug Print: Keyboard: scancode: 0x17, sym: 0x000d, unicode: 0x0000, modifier: 0x0
09-13 14:32:21.699 684 757 D WindowManager: handleComboKeys keyCode: 23, keyAction: 1
09-13 14:32:21.706 5181 6714 V Kodi : CAndroidKey: key up (dev:2; src:769; code: 23; repeat: 0; flags: 0x8; alt: no; shift: no; sym: no)
09-13 14:32:21.726 5181 6716 V Kodi : Debug Print: Previous line repeats 1 times.
09-13 14:32:21.726 5181 6716 V Kodi : Debug Print: HandleKey: return (0xf00d) pressed, action is Select
09-13 14:32:21.727 5181 6716 V Kodi : Debug Print: Activating window ID: 10111
09-13 14:32:21.727 5181 6716 V Kodi : Debug Print: ------ Window Init (DialogButtonMenu.xml) ------
09-13 14:32:21.727 5181 6716 V Kodi : Debug Print: Loading skin file: DialogButtonMenu.xml, load type: KEEP_IN_MEMORY
09-13 14:32:21.737 5181 6716 V Kodi : Debug Print: Skin file /data/user/0/org.xbmc.kodinerds/cache/apk/assets/addons/skin.estuary/xml/DialogButtonMenu.xml loaded in 9.67ms
09-13 14:32:21.738 5181 6716 V Kodi : Debug Print: Alloc resources: 10.64ms (10.08 ms skin load)
09-13 14:32:21.747 5181 6716 V Kodi : Debug Print: GLES: Extension Support Test - GL_EXT_texture_format_BGRA8888 YES
09-13 14:32:22.146 352 352 E hw-IPCThreadState: binder thread pool (1 threads) starved for 109 ms
09-13 14:32:23.611 684 757 D WindowManager: handleComboKeys keyCode: 23, keyAction: 0
09-13 14:32:23.615 5181 6714 V Kodi : CAndroidKey: key down (dev:2; src:769; code: 23; repeat: 0; flags: 0x8; alt: no; shift: no; sym: no)
09-13 14:32:23.639 5181 6716 V Kodi : Debug Print: Previous line repeats 1 times.
09-13 14:32:23.640 5181 6716 V Kodi : Debug Print: Keyboard: scancode: 0x17, sym: 0x000d, unicode: 0x0000, modifier: 0x0
09-13 14:32:23.771 684 757 D WindowManager: handleComboKeys keyCode: 23, keyAction: 1
09-13 14:32:23.778 5181 6714 V Kodi : CAndroidKey: key up (dev:2; src:769; code: 23; repeat: 0; flags: 0x8; alt: no; shift: no; sym: no)
09-13 14:32:23.790 5181 6716 V Kodi : Debug Print: Previous line repeats 1 times.
09-13 14:32:23.790 5181 6716 V Kodi : Debug Print: HandleKey: return (0xf00d) pressed, action is Select
09-13 14:32:23.806 5181 6716 V Kodi : Debug Print: stop player
09-13 14:32:23.806 5181 6716 V Kodi : Debug Print: Storing total System Uptime
09-13 14:32:23.807 5181 6720 V Kodi : Debug Print: CAnnouncementManager - Announcement: OnQuit from xbmc
09-13 14:32:23.807 5181 6716 V Kodi : Debug Print: Saving settings
09-13 14:32:23.807 5181 6720 V Kodi : Debug Print: GOT ANNOUNCEMENT, type: 8, from xbmc, message OnQuit
09-13 14:32:23.813 5181 6716 V Kodi : Debug Print: Saving skin settings
09-13 14:32:23.815 5181 6716 V Kodi : Debug Print: stop all
09-13 14:32:23.816 5181 6789 V Kodi : Debug Print: Thread JobWorker 145827124464 terminating (autodelete)
09-13 14:32:23.816 5181 6760 V Kodi : Debug Print: Thread JobWorker 145813914864 terminating (autodelete)
09-13 14:32:23.816 5181 6919 V Kodi : Debug Print: Thread JobWorker 145902036208 terminating (autodelete)
09-13 14:32:23.816 5181 6789 V XBMC : detaching thread
09-13 14:32:23.816 5181 6788 V Kodi : Debug Print: Thread JobWorker 145814951152 terminating (autodelete)
09-13 14:32:23.817 5181 6716 V Kodi : Debug Print: NetworkMessage - Signaling network services to stop
09-13 14:32:23.817 5181 6788 V XBMC : detaching thread
09-13 14:32:23.817 5181 6716 V Kodi : Debug Print: ES: Stopping event server
09-13 14:32:23.820 5181 6716 V Kodi : Debug Print: NetworkMessage - Waiting for network services to stop
09-13 14:32:23.820 5181 6716 V Kodi : Debug Print: stopping zeroconf publishing
09-13 14:32:23.820 5181 6716 V Kodi : Debug Print: ZeroconfAndroid: Shutdown services
09-13 14:32:23.821 5181 6716 V Kodi : Debug Print: CZeroconfAndroid: Removed service servers.eventserver
09-13 14:32:23.821 684 775 D NsdService: unregister service
09-13 14:32:23.821 684 775 D NsdService: unregisterService: 6
09-13 14:32:23.821 5181 6716 V Kodi : Debug Print: CZeroconfAndroid: Removed service servers.jsonrpc-tpc
09-13 14:32:23.822 316 342 D MDnsDS : polling error: 32
09-13 14:32:23.822 684 775 D NsdService: unregister service
09-13 14:32:23.822 684 775 D NsdService: unregisterService: 7
09-13 14:32:23.822 5181 6796 V Kodi : Debug Print: ZeroconfAndroid: Kodi (192.168.1.128)._xbmc-events._udp registration removed
09-13 14:32:23.822 316 342 D MDnsDS : polling error: 32
09-13 14:32:23.823 5181 6796 V Kodi : Debug Print: ZeroconfAndroid: Kodi (192.168.1.128)._xbmc-jsonrpc._tcp registration removed
09-13 14:32:23.851 5181 6797 V Kodi : Debug Print: ES: UDP Event server stopped
09-13 14:32:23.851 5181 6797 V Kodi : Debug Print: Thread EventServer 145968084208 terminating
09-13 14:32:23.851 5181 6797 V XBMC : detaching thread
09-13 14:32:23.857 5181 6799 V Kodi : Debug Print: Thread TCPServer 145969120496 terminating
09-13 14:32:23.857 5181 6716 V Kodi : Debug Print: CServiceAddonManager: stopping plugin.video.netflix.
09-13 14:32:23.857 5181 6716 V Kodi : Debug Print: CPythonInvoker(1, /storage/emulated/0/Android/data/org.xbmc.kodinerds/files/.kodi/addons/plugin.video.netflix/service.py): trigger Monitor abort request
09-13 14:32:23.954 413 413 I WVCdm : CdmEngine::RemoveKeys
09-13 14:32:23.954 413 3433 I WVCdm : CdmEngine::CloseSession
09-13 14:32:23.955 5181 6795 V Kodi : Debug Print: [Netflix] Stopped MSL Service
09-13 14:32:23.962 5181 6795 V Kodi : Debug Print: [Netflix] Stopped HTTP Service
09-13 14:32:23.962 5181 6795 V Kodi : Debug Print: CPythonInvoker(1, /storage/emulated/0/Android/data/org.xbmc.kodinerds/files/.kodi/addons/plugin.video.netflix/service.py): script successfully run
09-13 14:32:23.962 5181 6795 V Kodi : Debug Print: onExecutionDone(1, /storage/emulated/0/Android/data/org.xbmc.kodinerds/files/.kodi/addons/plugin.video.netflix/service.py)
09-13 14:32:23.985 5181 6795 V Kodi : Debug Print: Python interpreter interrupted by user
09-13 14:32:23.986 5181 6716 V Kodi : Debug Print: CPythonInvoker(1, /storage/emulated/0/Android/data/org.xbmc.kodinerds/files/.kodi/addons/plugin.video.netflix/service.py): script termination took 128ms
09-13 14:32:23.986 5181 6716 V Kodi : Debug Print: CServiceAddonManager: stopping service.xbmc.versioncheck.
09-13 14:32:23.986 5181 6795 V Kodi : Debug Print: Thread LanguageInvoker 145965978864 terminating
09-13 14:32:23.986 5181 6716 V Kodi : Debug Print: CServiceAddonManager: failed to stop service.xbmc.versioncheck (may have ended)
09-13 14:32:23.986 5181 6795 V XBMC : detaching thread
09-13 14:32:23.987 5181 6730 V Kodi : Debug Print: Thread ActiveAE 145798128880 terminating
09-13 14:32:23.987 5181 6730 V XBMC : detaching thread
09-13 14:32:24.001 5181 6716 V Kodi : Debug Print: Draining Audio
09-13 14:32:24.001 5181 6731 V Kodi : Debug Print: Thread AESink 145803429104 terminating
09-13 14:32:24.001 5181 6716 D AudioTrack: stop() called with 402712 frames delivered
09-13 14:32:24.001 5181 6731 V XBMC : detaching thread
09-13 14:32:24.002 5181 6716 V Kodi : Debug Print: CAESinkAUDIOTRACK::Deinitialize
09-13 14:32:24.003 5181 6716 V Kodi : Debug Print: Previous line repeats 1 times.
09-13 14:32:24.004 5181 6716 V Kodi : Debug Print: stopped
09-13 14:32:24.204 5181 6716 V Kodi : Debug Print: destroy
09-13 14:32:24.204 5181 6716 V Kodi : Debug Print: PVR Manager: Stopping
09-13 14:32:24.205 5181 6852 V Kodi : Debug Print: Thread EPGUpdater 145885168880 terminating
09-13 14:32:24.205 5181 6850 V Kodi : Debug Print: Thread PVRGUIInfo 145888097520 terminating
09-13 14:32:24.757 5181 6847 V Kodi : Debug Print: Process: PVR Manager leaving main loop
09-13 14:32:24.758 5181 6847 V Kodi : Debug Print: Thread PVRManager 145884132592 terminating
09-13 14:32:24.759 5181 6847 V XBMC : detaching thread
09-13 14:32:24.775 5181 6716 V Kodi : Debug Print: PVR Manager: Stopped
09-13 14:32:24.776 5181 6716 V Kodi : Debug Print: Destroy: Destroying PVR add-on instance 'Zattoo PVR Add-on:connected'
09-13 14:32:24.813 5181 6801 V Kodi : Debug Print: AddOnLog: Zattoo PVR Client: Update thread stopped.
09-13 14:32:24.813 5181 6801 V XBMC : detaching thread
09-13 14:32:24.895 5181 6802 V XBMC : detaching thread
09-13 14:32:24.985 5181 6803 V XBMC : detaching thread
09-13 14:32:25.013 5181 6804 V XBMC : detaching thread
09-13 14:32:25.113 5181 6805 V XBMC : detaching thread
09-13 14:32:25.114 5181 6716 V Kodi : Debug Print: Previous line repeats 4 times.
09-13 14:32:25.114 5181 6716 V Kodi : Debug Print: SECTION:UnloadDll(/data/app/org.xbmc.kodinerds-MLE3dcA59sJB4FsoUH5MOg==/lib/arm64/libpvr.zattoo.so)
09-13 14:32:25.115 5181 6716 V Kodi : Debug Print: ADDON: Dll Destroyed - Zattoo PVR Client
09-13 14:32:25.116 5181 6792 V Kodi : Debug Print: Thread PeripEventScanner 145943385328 terminating
09-13 14:32:25.116 5181 6790 V Kodi : Debug Print: Thread PeripBusAddon 145887061232 terminating
09-13 14:32:25.129 5181 6716 V Kodi : Debug Print: SECTION:UnloadDll(/data/app/org.xbmc.kodinerds-MLE3dcA59sJB4FsoUH5MOg==/lib/arm64/libperipheral.joystick.so)
09-13 14:32:25.130 5181 6716 V Kodi : Debug Print: ADDON: Dll Destroyed - Joystick Support
09-13 14:32:25.130 5181 6716 V Kodi : Debug Print: unload skin
09-13 14:32:25.131 5181 6716 V Kodi : Debug Print: Unloading old skin ...
09-13 14:32:25.133 5181 6716 V Kodi : Debug Print: ------ Window Deinit (Home.xml) ------
09-13 14:32:25.134 5181 6716 V Kodi : Debug Print: FreeVisualisation() done
09-13 14:32:25.144 5181 6716 V Kodi : Debug Print: Previous line repeats 1 times.
09-13 14:32:25.145 5181 6716 V Kodi : Debug Print: ------ Window Deinit () ------
09-13 14:32:25.147 5181 6716 V Kodi : Debug Print: ------ Window Deinit (DialogButtonMenu.xml) ------
09-13 14:32:25.165 5181 6716 V Kodi : Debug Print: unload sections
09-13 14:32:25.171 5181 6716 V Kodi : Debug Print: ~CPVRManager: PVR Manager instance destroyed
09-13 14:32:25.172 5181 6793 V Kodi : Debug Print: Thread Timer 145963906288 terminating
09-13 14:32:25.176 5181 6716 V Kodi : Debug Print: ADDON: cpluff: 'An unreleased information object was encountered at address 0x21f2443500 with reference count 1 when destroying the associated plug-in context. Not releasing the object.'
09-13 14:32:25.177 5181 6716 V Kodi : Debug Print: ADDON: cpluff: 'An unreleased information object was encountered at address 0x21f2443480 with reference count 1 when destroying the associated plug-in context. Not releasing the object.'
09-13 14:32:25.177 5181 6716 V Kodi : Debug Print: ADDON: cpluff: 'An unreleased information object was encountered at address 0x21f2443380 with reference count 1 when destroying the associated plug-in context. Not releasing the object.'
09-13 14:32:25.177 5181 6716 V Kodi : Debug Print: ADDON: cpluff: 'An unreleased information object was encountered at address 0x21f2443300 with reference count 1 when destroying the associated plug-in context. Not releasing the object.'
09-13 14:32:25.178 5181 6716 V Kodi : Debug Print: ADDON: cpluff: 'An unreleased information object was encountered at address 0x21f2443280 with reference count 1 when destroying the associated plug-in context. Not releasing the object.'
09-13 14:32:25.178 5181 6716 V Kodi : Debug Print: ADDON: cpluff: 'An unreleased information object was encountered at address 0x21f2443200 with reference count 1 when destroying the associated plug-in context. Not releasing the object.'
09-13 14:32:25.178 5181 6716 V Kodi : Debug Print: ADDON: cpluff: 'An unreleased information object was encountered at address 0x21f2443180 with reference count 1 when destroying the associated plug-in context. Not releasing the object.'
09-13 14:32:25.178 5181 6716 V Kodi : Debug Print: ADDON: cpluff: 'An unreleased information object was encountered at address 0x21f2443100 with reference count 1 when destroying the associated plug-in context. Not releasing the object.'
09-13 14:32:25.178 5181 6716 V Kodi : Debug Print: ADDON: cpluff: 'An unreleased information object was encountered at address 0x21f2443000 with reference count 1 when destroying the associated plug-in context. Not releasing the object.'
09-13 14:32:25.178 5181 6716 V Kodi : Debug Print: ADDON: cpluff: 'An unreleased information object was encountered at address 0x21f243df00 with reference count 1 when destroying the associated plug-in context. Not releasing the object.'
09-13 14:32:25.178 5181 6716 V Kodi : Debug Print: ADDON: cpluff: 'An unreleased information object was encountered at address 0x21f243d100 with reference count 1 when destroying the associated plug-in context. Not releasing the object.'
09-13 14:32:25.183 5181 6716 V Kodi : Debug Print: special://profile/ is mapped to: special://masterprofile/
09-13 14:32:25.183 5181 6716 V Kodi : Debug Print: object 0 --> 0 instances
09-13 14:32:25.183 5181 6716 V Kodi : Debug Print: object 1 --> 0 instances
09-13 14:32:25.183 5181 6716 V Kodi : Debug Print: object 2 --> 0 instances
09-13 14:32:25.183 5181 6716 V Kodi : Debug Print: object 3 --> 0 instances
09-13 14:32:25.184 5181 6716 V Kodi : Debug Print: object 4 --> 0 instances
09-13 14:32:25.184 5181 6716 V Kodi : Debug Print: object 5 --> 0 instances
09-13 14:32:25.184 5181 6716 V Kodi : Debug Print: object 6 --> 0 instances
09-13 14:32:25.184 5181 6716 V Kodi : Debug Print: object 7 --> 0 instances
09-13 14:32:25.184 5181 6716 V Kodi : Debug Print: object 8 --> 0 instances
09-13 14:32:25.184 5181 6716 V Kodi : Debug Print: object 9 --> 0 instances
09-13 14:32:25.191 5181 6716 V Kodi : Debug Print: application stopped...
09-13 14:32:25.191 5181 6716 V Kodi : => XBMC_Run finished with 0
09-13 14:32:25.194 5181 5181 V threaded_app: Pause: 0x21e1cbec80
09-13 14:32:25.194 5181 6714 V threaded_app: activityState=13
09-13 14:32:25.194 5181 6714 V Kodi : virtual void CXBMCApp::onPause():
09-13 14:32:25.194 5181 6714 V Kodi : static bool CXBMCApp::EnableWakeLock(bool): false
09-13 14:32:25.195 5181 5181 D TvUtil : Scheduled channel creation.
09-13 14:32:25.199 5181 6716 V XBMC : detaching thread
09-13 14:32:25.201 919 939 D RSMouse : mFeatureEnabled=true mPackageEnabled=false
09-13 14:32:25.203 5181 6867 D ViewRootImpl: windowFocusChanged false org.xbmc.kodinerds
09-13 14:32:25.209 1774 1774 I AppLifecycleTracker: onActivityStarted:
09-13 14:32:25.209 5181 5181 V threaded_app: WindowFocusChanged: 0x21e1cbec80 -- 0
09-13 14:32:25.209 5181 6714 V Kodi : virtual void CXBMCApp::onLostFocus():
09-13 14:32:25.211 1558 2240 I zygote64: Looking for service vendor.nvidia.hardware.power@1.0::IPower/default
09-13 14:32:25.211 285 285 W /system/bin/hwservicemanager: getTransportFromManifest: Cannot find entry vendor.nvidia.hardware.power@1.0::IPower in either framework or device manifest, using default transport.
09-13 14:32:25.212 1558 2240 I zygote64: Starting thread pool.
09-13 14:32:25.238 1774 1774 E DataLoader: Exception in onStartLoading() on registering content observer for content uri: content://tvlauncher.mic/farfield_mic_status
09-13 14:32:25.238 1774 1774 E DataLoader: java.lang.SecurityException: Failed to find provider tvlauncher.mic for user 0; expected to find a valid ContentProvider for this authority
09-13 14:32:25.238 1774 1774 E DataLoader: at android.os.Parcel.readException(Parcel.java:1943)
09-13 14:32:25.238 1774 1774 E DataLoader: at android.os.Parcel.readException(Parcel.java:1889)
09-13 14:32:25.238 1774 1774 E DataLoader: at android.content.IContentService$Stub$Proxy.registerContentObserver(IContentService.java:768)
09-13 14:32:25.238 1774 1774 E DataLoader: at android.content.ContentResolver.registerContentObserver(ContentResolver.java:1924)
09-13 14:32:25.238 1774 1774 E DataLoader: at android.content.ContentResolver.registerContentObserver(ContentResolver.java:1913)
09-13 14:32:25.238 1774 1774 E DataLoader: at com.google.android.tvlauncher.data.DataLoader.onStartLoading(DataLoader.java:75)
09-13 14:32:25.238 1774 1774 E DataLoader: at android.content.Loader.startLoading(Loader.java:290)
09-13 14:32:25.238 1774 1774 E DataLoader: at android.app.LoaderManagerImpl$LoaderInfo.start(LoaderManager.java:283)
09-13 14:32:25.238 1774 1774 E DataLoader: at android.app.LoaderManagerImpl.doStart(LoaderManager.java:783)
09-13 14:32:25.238 1774 1774 E DataLoader: at android.app.Fragment.onStart(Fragment.java:1735)
09-13 14:32:25.238 1774 1774 E DataLoader: at com.google.android.tvlauncher.home.HomeFragment.onStart(HomeFragment.java:310)
09-13 14:32:25.238 1774 1774 E DataLoader: at android.app.Fragment.performStart(Fragment.java:2637)
09-13 14:32:25.238 1774 1774 E DataLoader: at android.app.FragmentManagerImpl.moveToState(FragmentManager.java:1312)
09-13 14:32:25.238 1774 1774 E DataLoader: at android.app.FragmentManagerImpl.moveFragmentToExpectedState(FragmentManager.java:1549)
09-13 14:32:25.238 1774 1774 E DataLoader: at android.app.FragmentManagerImpl.moveToState(FragmentManager.java:1611)
09-13 14:32:25.238 1774 1774 E DataLoader: at android.app.FragmentManagerImpl.dispatchMoveToState(FragmentManager.java:3039)
09-13 14:32:25.238 1774 1774 E DataLoader: at android.app.FragmentManagerImpl.dispatchStart(FragmentManager.java:2996)
09-13 14:32:25.238 1774 1774 E DataLoader: at android.app.FragmentController.dispatchStart(FragmentController.java:189)
09-13 14:32:25.238 1774 1774 E DataLoader: at android.app.Activity.performStart(Activity.java:6998)
09-13 14:32:25.238 1774 1774 E DataLoader: at android.app.Activity.performRestart(Activity.java:7066)
09-13 14:32:25.238 1774 1774 E DataLoader: at android.app.Activity.performResume(Activity.java:7071)
09-13 14:32:25.238 1774 1774 E DataLoader: at android.app.ActivityThread.performResumeActivity(ActivityThread.java:3671)
09-13 14:32:25.238 1774 1774 E DataLoader: at android.app.ActivityThread.handleResumeActivity(ActivityThread.java:3736)
09-13 14:32:25.238 1774 1774 E DataLoader: at android.app.ActivityThread$H.handleMessage(ActivityThread.java:1644)
09-13 14:32:25.238 1774 1774 E DataLoader: at android.os.Handler.dispatchMessage(Handler.java:105)
09-13 14:32:25.238 1774 1774 E DataLoader: at android.os.Looper.loop(Looper.java:164)
09-13 14:32:25.238 1774 1774 E DataLoader: at android.app.ActivityThread.main(ActivityThread.java:6592)
09-13 14:32:25.238 1774 1774 E DataLoader: at java.lang.reflect.Method.invoke(Native Method)
09-13 14:32:25.238 1774 1774 E DataLoader: at com.android.internal.os.Zygote$MethodAndArgsCaller.run(Zygote.java:240)
09-13 14:32:25.238 1774 1774 E DataLoader: at com.android.internal.os.ZygoteInit.main(ZygoteInit.java:767)
09-13 14:32:25.239 1774 6937 E ActivityThread: Failed to find provider info for tvlauncher.mic
09-13 14:32:25.239 1774 1774 E PrtnrWidgetInfoLdr: Exception in onStartLoading() on registering content observer
09-13 14:32:25.239 1774 1774 E PrtnrWidgetInfoLdr: java.lang.SecurityException: Failed to find provider tvlauncher.widget for user 0; expected to find a valid ContentProvider for this authority
09-13 14:32:25.239 1774 1774 E PrtnrWidgetInfoLdr: at android.os.Parcel.readException(Parcel.java:1943)
09-13 14:32:25.239 1774 1774 E PrtnrWidgetInfoLdr: at android.os.Parcel.readException(Parcel.java:1889)
09-13 14:32:25.239 1774 1774 E PrtnrWidgetInfoLdr: at android.content.IContentService$Stub$Proxy.registerContentObserver(IContentService.java:768)
09-13 14:32:25.239 1774 1774 E PrtnrWidgetInfoLdr: at android.content.ContentResolver.registerContentObserver(ContentResolver.java:1924)
09-13 14:32:25.239 1774 1774 E PrtnrWidgetInfoLdr: at android.content.ContentResolver.registerContentObserver(ContentResolver.java:1913)
09-13 14:32:25.239 1774 1774 E PrtnrWidgetInfoLdr: at com.google.android.tvlauncher.data.PartnerWidgetInfoLoader.onStartLoading(PartnerWidgetInfoLoader.java:66)
09-13 14:32:25.239 1774 1774 E PrtnrWidgetInfoLdr: at android.content.Loader.startLoading(Loader.java:290)
09-13 14:32:25.239 1774 1774 E PrtnrWidgetInfoLdr: at android.app.LoaderManagerImpl$LoaderInfo.start(LoaderManager.java:283)
09-13 14:32:25.239 1774 1774 E PrtnrWidgetInfoLdr: at android.app.LoaderManagerImpl.doStart(LoaderManager.java:783)
09-13 14:32:25.239 1774 1774 E PrtnrWidgetInfoLdr: at android.app.Fragment.onStart(Fragment.java:1735)
09-13 14:32:25.239 1774 1774 E PrtnrWidgetInfoLdr: at com.google.android.tvlauncher.home.HomeFragment.onStart(HomeFragment.java:310)
09-13 14:32:25.239 1774 1774 E PrtnrWidgetInfoLdr: at android.app.Fragment.performStart(Fragment.java:2637)
09-13 14:32:25.239 1774 1774 E PrtnrWidgetInfoLdr: at android.app.FragmentManagerImpl.moveToState(FragmentManager.java:1312)
09-13 14:32:25.239 1774 1774 E PrtnrWidgetInfoLdr: at android.app.FragmentManagerImpl.moveFragmentToExpectedState(FragmentManager.java:1549)
09-13 14:32:25.239 1774 1774 E PrtnrWidgetInfoLdr: at android.app.FragmentManagerImpl.moveToState(FragmentManager.java:1611)
09-13 14:32:25.239 1774 1774 E PrtnrWidgetInfoLdr: at android.app.FragmentManagerImpl.dispatchMoveToState(FragmentManager.java:3039)
09-13 14:32:25.239 1774 1774 E PrtnrWidgetInfoLdr: at android.app.FragmentManagerImpl.dispatchStart(FragmentManager.java:2996)
09-13 14:32:25.239 1774 1774 E PrtnrWidgetInfoLdr: at android.app.FragmentController.dispatchStart(FragmentController.java:189)
09-13 14:32:25.239 1774 1774 E PrtnrWidgetInfoLdr: at android.app.Activity.performStart(Activity.java:6998)
09-13 14:32:25.239 1774 1774 E PrtnrWidgetInfoLdr: at android.app.Activity.performRestart(Activity.java:7066)
09-13 14:32:25.239 1774 1774 E PrtnrWidgetInfoLdr: at android.app.Activity.performResume(Activity.java:7071)
09-13 14:32:25.239 1774 1774 E PrtnrWidgetInfoLdr: at android.app.ActivityThread.performResumeActivity(ActivityThread.java:3671)
09-13 14:32:25.239 1774 1774 E PrtnrWidgetInfoLdr: at android.app.ActivityThread.handleResumeActivity(ActivityThread.java:3736)
09-13 14:32:25.239 1774 1774 E PrtnrWidgetInfoLdr: at android.app.ActivityThread$H.handleMessage(ActivityThread.java:1644)
09-13 14:32:25.239 1774 1774 E PrtnrWidgetInfoLdr: at android.os.Handler.dispatchMessage(Handler.java:105)
