09-13 14:31:02.541 3756 4295 I Kepler Server: Deferring load: /data/user/0/com.plexapp.mediaserver.smb/Resources/libssl.so.1.0.0
09-13 14:31:02.552 3756 4295 I Kepler Server: Deferring load: /data/user/0/com.plexapp.mediaserver.smb/Resources/libswresample.so
09-13 14:31:02.557 3756 4295 I Kepler Server: Deferring load: /data/user/0/com.plexapp.mediaserver.smb/Resources/libswscale.so
09-13 14:31:02.571 3756 4295 I Kepler Server: Deferring load: /data/user/0/com.plexapp.mediaserver.smb/Resources/libtag.so.1
09-13 14:31:02.573 3756 4295 I Kepler Server: Loaded: /data/user/0/com.plexapp.mediaserver.smb/Resources/libucsi.so
09-13 14:31:02.575 3756 4295 I Kepler Server: Loaded: /data/user/0/com.plexapp.mediaserver.smb/Resources/libusb-1.0.so
09-13 14:31:02.590 3756 4295 I Kepler Server: Deferring load: /data/user/0/com.plexapp.mediaserver.smb/Resources/libxml2.so
09-13 14:31:02.594 3756 4295 I Kepler Server: Deferring load: /data/user/0/com.plexapp.mediaserver.smb/Resources/libxslt.so
09-13 14:31:02.599 3756 4295 I Kepler Server: Loaded: /data/user/0/com.plexapp.mediaserver.smb/Resources/libz.so.1
09-13 14:31:02.600 3756 4295 I Kepler Server: Loaded: /data/user/0/com.plexapp.mediaserver.smb/Resources/libargtable2.so.0
09-13 14:31:02.602 3756 4295 I Kepler Server: Deferring load: /data/user/0/com.plexapp.mediaserver.smb/Resources/libavcodec.so
09-13 14:31:02.604 3756 4295 I Kepler Server: Deferring load: /data/user/0/com.plexapp.mediaserver.smb/Resources/libavformat.so
09-13 14:31:02.605 3756 4295 I Kepler Server: Loaded: /data/user/0/com.plexapp.mediaserver.smb/Resources/libavutil.so
09-13 14:31:02.606 3756 4295 I Kepler Server: Loaded: /data/user/0/com.plexapp.mediaserver.smb/Resources/libboost_atomic.so.1.59.0
09-13 14:31:02.608 3756 4295 I Kepler Server: Deferring load: /data/user/0/com.plexapp.mediaserver.smb/Resources/libboost_chrono.so.1.59.0
09-13 14:31:02.609 3756 4295 I Kepler Server: Loaded: /data/user/0/com.plexapp.mediaserver.smb/Resources/libboost_date_time.so.1.59.0
09-13 14:31:02.611 3756 4295 I Kepler Server: Deferring load: /data/user/0/com.plexapp.mediaserver.smb/Resources/libboost_filesystem.so.1.59.0
09-13 14:31:02.612 3756 4295 I Kepler Server: Loaded: /data/user/0/com.plexapp.mediaserver.smb/Resources/libboost_iostreams.so.1.59.0
09-13 14:31:02.615 3756 4295 I Kepler Server: Deferring load: /data/user/0/com.plexapp.mediaserver.smb/Resources/libboost_locale.so.1.59.0
09-13 14:31:02.616 3756 4295 I Kepler Server: Loaded: /data/user/0/com.plexapp.mediaserver.smb/Resources/libboost_program_options.so.1.59.0
09-13 14:31:02.618 3756 4295 I Kepler Server: Deferring load: /data/user/0/com.plexapp.mediaserver.smb/Resources/libboost_random.so.1.59.0
09-13 14:31:02.619 3756 4295 I Kepler Server: Loaded: /data/user/0/com.plexapp.mediaserver.smb/Resources/libboost_regex.so.1.59.0
09-13 14:31:02.620 3756 4295 I Kepler Server: Loaded: /data/user/0/com.plexapp.mediaserver.smb/Resources/libboost_system.so.1.59.0
09-13 14:31:02.620 3756 4295 I Kepler Server: Loaded: /data/user/0/com.plexapp.mediaserver.smb/Resources/libboost_thread.so.1.59.0
09-13 14:31:02.623 3756 4295 I Kepler Server: Deferring load: /data/user/0/com.plexapp.mediaserver.smb/Resources/libboost_timer.so.1.59.0
09-13 14:31:02.624 3756 4295 I Kepler Server: Loaded: /data/user/0/com.plexapp.mediaserver.smb/Resources/libcrypto.so.1.0.0
09-13 14:31:02.626 3756 4295 I Kepler Server: Deferring load: /data/user/0/com.plexapp.mediaserver.smb/Resources/libcurl.so.4
09-13 14:31:02.627 3756 4295 I Kepler Server: Deferring load: /data/user/0/com.plexapp.mediaserver.smb/Resources/libdvben50221.so
09-13 14:31:02.628 3756 4295 I Kepler Server: Deferring load: /data/user/0/com.plexapp.mediaserver.smb/Resources/libdvbsec.so
09-13 14:31:02.628 3756 4295 I Kepler Server: Loaded: /data/user/0/com.plexapp.mediaserver.smb/Resources/libexpat.so.1
09-13 14:31:02.631 3756 4295 I Kepler Server: Deferring load: /data/user/0/com.plexapp.mediaserver.smb/Resources/libexslt.so
09-13 14:31:02.633 3756 4295 I Kepler Server: Loaded: /data/user/0/com.plexapp.mediaserver.smb/Resources/libfreeimage.so
09-13 14:31:02.633 3756 4295 I Kepler Server: Loaded: /data/user/0/com.plexapp.mediaserver.smb/Resources/libgmp.so
09-13 14:31:02.634 3756 4295 I Kepler Server: Loaded: /data/user/0/com.plexapp.mediaserver.smb/Resources/libgnsdk_correlates.3.10.1.so
09-13 14:31:02.635 3756 4295 I Kepler Server: Loaded: /data/user/0/com.plexapp.mediaserver.smb/Resources/libgnsdk_dsp.3.10.1.so
09-13 14:31:02.635 3756 4295 I Kepler Server: Loaded: /data/user/0/com.plexapp.mediaserver.smb/Resources/libgnsdk_link.3.10.1.so
09-13 14:31:02.637 3756 4295 I Kepler Server: Loaded: /data/user/0/com.plexapp.mediaserver.smb/Resources/libgnsdk_lookup_local.3.10.1.so
09-13 14:31:02.638 3756 4295 I Kepler Server: Loaded: /data/user/0/com.plexapp.mediaserver.smb/Resources/libgnsdk_lookup_localstream.3.10.1.so
09-13 14:31:02.639 3756 4295 I Kepler Server: Loaded: /data/user/0/com.plexapp.mediaserver.smb/Resources/libminizip.so.1
09-13 14:31:02.640 3756 4295 I Kepler Server: Loaded: /data/user/0/com.plexapp.mediaserver.smb/Resources/libopencv_core.so
09-13 14:31:02.643 3756 4295 I Kepler Server: Loaded: /data/user/0/com.plexapp.mediaserver.smb/Resources/libopencv_imgproc.so
09-13 14:31:02.646 3756 4295 I Kepler Server: Deferring load: /data/user/0/com.plexapp.mediaserver.smb/Resources/libpion-5.0.so
09-13 14:31:02.647 3756 4295 I Kepler Server: Loaded: /data/user/0/com.plexapp.mediaserver.smb/Resources/libsoci_sqlite3.so.3.0.0
09-13 14:31:02.648 3756 4295 I Kepler Server: Loaded: /data/user/0/com.plexapp.mediaserver.smb/Resources/libssl.so.1.0.0
09-13 14:31:02.648 3756 4295 I Kepler Server: Loaded: /data/user/0/com.plexapp.mediaserver.smb/Resources/libswresample.so
09-13 14:31:02.649 3756 4295 I Kepler Server: Loaded: /data/user/0/com.plexapp.mediaserver.smb/Resources/libswscale.so
09-13 14:31:02.651 3756 4295 I Kepler Server: Loaded: /data/user/0/com.plexapp.mediaserver.smb/Resources/libtag.so.1
09-13 14:31:02.652 3756 4295 I Kepler Server: Loaded: /data/user/0/com.plexapp.mediaserver.smb/Resources/libxml2.so
09-13 14:31:02.653 3756 4295 I Kepler Server: Loaded: /data/user/0/com.plexapp.mediaserver.smb/Resources/libxslt.so
09-13 14:31:02.654 3756 4295 I Kepler Server: Loaded: /data/user/0/com.plexapp.mediaserver.smb/Resources/libavcodec.so
09-13 14:31:02.656 3756 4295 I Kepler Server: Loaded: /data/user/0/com.plexapp.mediaserver.smb/Resources/libavformat.so
09-13 14:31:02.657 3756 4295 I Kepler Server: Loaded: /data/user/0/com.plexapp.mediaserver.smb/Resources/libboost_chrono.so.1.59.0
09-13 14:31:02.658 3756 4295 I Kepler Server: Loaded: /data/user/0/com.plexapp.mediaserver.smb/Resources/libboost_filesystem.so.1.59.0
09-13 14:31:02.660 3756 4295 I Kepler Server: Loaded: /data/user/0/com.plexapp.mediaserver.smb/Resources/libboost_locale.so.1.59.0
09-13 14:31:02.660 3756 4295 I Kepler Server: Loaded: /data/user/0/com.plexapp.mediaserver.smb/Resources/libboost_random.so.1.59.0
09-13 14:31:02.661 3756 4295 I Kepler Server: Loaded: /data/user/0/com.plexapp.mediaserver.smb/Resources/libboost_timer.so.1.59.0
09-13 14:31:02.662 3756 4295 I Kepler Server: Loaded: /data/user/0/com.plexapp.mediaserver.smb/Resources/libcurl.so.4
09-13 14:31:02.662 3756 4295 I Kepler Server: Deferring load: /data/user/0/com.plexapp.mediaserver.smb/Resources/libdvben50221.so
09-13 14:31:02.663 3756 4295 I Kepler Server: Deferring load: /data/user/0/com.plexapp.mediaserver.smb/Resources/libdvbsec.so
09-13 14:31:02.664 3756 4295 I Kepler Server: Loaded: /data/user/0/com.plexapp.mediaserver.smb/Resources/libexslt.so
09-13 14:31:02.665 4810 4810 I androidTVNotifications: BackgroundService start
09-13 14:31:02.667 1740 1740 D TVNotifService: skipped notification StatusBarNotification(pkg=de.cyberdream.androidtv.notifications.google user=UserHandle{0} id=229570163 tag=null key=0|de.cyberdream.androidtv.notifications.google|229570163|null|10094: Notification(channel=null pri=0 contentView=de.cyberdream.androidtv.notifications.google/0x109008e vibrate=null sound=null tick defaults=0x0 flags=0x62 color=0x00000000 vis=PRIVATE)) userId: 0
09-13 14:31:02.670 3756 4295 I Kepler Server: Loaded: /data/user/0/com.plexapp.mediaserver.smb/Resources/libpion-5.0.so
09-13 14:31:02.670 3756 4295 I Kepler Server: Deferring load: /data/user/0/com.plexapp.mediaserver.smb/Resources/libdvben50221.so
09-13 14:31:02.671 3756 4295 I Kepler Server: Deferring load: /data/user/0/com.plexapp.mediaserver.smb/Resources/libdvbsec.so
09-13 14:31:02.671 3756 4295 I Kepler Server: setupSharedLibraries finished
09-13 14:31:02.671 3756 4295 I Kepler Server: Unable to load: /data/user/0/com.plexapp.mediaserver.smb/Resources/libdvben50221.so
09-13 14:31:02.671 3756 4295 I Kepler Server: Unable to load: /data/user/0/com.plexapp.mediaserver.smb/Resources/libdvbsec.so
09-13 14:31:02.672 684 952 I ActivityManager: Killing 3951:com.nvidia.diagtools/1000 (adj 906): empty #17
09-13 14:31:02.677 4810 4810 D MapperFramework: Mapper Service Bounded de.cyberdream.androidtv.notifications.google
09-13 14:31:02.678 1740 1740 D TVNotifService: skipped notification StatusBarNotification(pkg=de.cyberdream.androidtv.notifications.google user=UserHandle{0} id=123 tag=null key=0|de.cyberdream.androidtv.notifications.google|123|null|10094: Notification(channel=default pri=0 contentView=de.cyberdream.androidtv.notifications.google/0x109008e vibrate=null sound=null defaults=0x0 flags=0x62 color=0x00000000 vis=PRIVATE)) userId: 0
09-13 14:31:02.680 1612 1612 D ControllerMapper_S: Client: de.cyberdream.androidtv.notifications.google registered
09-13 14:31:02.680 1612 1612 D ControllerMapper_S: notifyAppName de.cyberdream.androidtv.notifications.google old :com.google.android.tvlauncher
09-13 14:31:02.680 1612 1612 D ControllerMapper_S: GameGuide de.cyberdream.androidtv.notifications.google is not in whitelist, ----> hide
09-13 14:31:02.680 1612 1612 D ControllerMapper_S: GameGuide de.cyberdream.androidtv.notifications.google is not in whitelist, ----> hide
09-13 14:31:02.681 684 833 I ActivityManager: Killing 3986:com.nvidia.factorysyschecker/1000 (adj 906): empty #17
09-13 14:31:02.689 4977 4977 I LoadedApk: No resource references to update in package com.google.android.webview
09-13 14:31:02.699 4977 4977 I cr_ChildProcessService: Creating new ChildProcessService pid=4977
09-13 14:31:02.742 4810 5064 I OpenGLRenderer: Initialized EGL, version 1.4
09-13 14:31:02.742 4810 5064 D OpenGLRenderer: Swap behavior 2
09-13 14:31:02.778 285 285 W /system/bin/hwservicemanager: getTransportFromManifest: Cannot find entry android.hardware.drm@1.0::IDrmFactory in either framework or device manifest, using default transport.
09-13 14:31:02.780 413 3433 I DrmHal : makeDrmFactories: using default drm instance
09-13 14:31:02.781 413 413 I WVCdm : CdmEngine::QueryStatus
09-13 14:31:02.782 413 3433 I WVCdm : CdmEngine::QueryStatus
09-13 14:31:02.829 4810 5064 I vndksupport: sphal namespace is not configured for this process. Loading /vendor/lib64/hw/gralloc.tegra.so from the current namespace instead.
09-13 14:31:02.830 4810 5064 I vndksupport: sphal namespace is not configured for this process. Loading /vendor/lib64/hw/gralloc.tegra.so from the current namespace instead.
09-13 14:31:02.835 3756 4295 I Kepler Server: Log directory: /storage/emulated/0/Plex Media Server/Logs.
09-13 14:31:02.842 684 1540 D VoldConnector: SND -> {32 volume mkdirs /Android/data/com.plexapp.mediaserver.smb/cache/}
09-13 14:31:02.843 289 293 E Vold : Failed to find mounted volume for /Android/data/com.plexapp.mediaserver.smb/cache/
09-13 14:31:02.843 684 759 D VoldConnector: RCV <- {400 32 Command failed}
09-13 14:31:02.843 3756 4295 W ContextImpl: Failed to ensure Android/data/com.plexapp.mediaserver.smb/cache: 400
09-13 14:31:02.844 684 951 D VoldConnector: SND -> {33 volume mkdirs /Android/data/com.plexapp.mediaserver.smb/cache/}
09-13 14:31:02.844 289 293 E Vold : Failed to find mounted volume for /Android/data/com.plexapp.mediaserver.smb/cache/
09-13 14:31:02.844 684 759 D VoldConnector: RCV <- {400 33 Command failed}
09-13 14:31:02.845 3756 4295 I chatty : uid=10065(u0_a65) Thread-3 identical 1 line
09-13 14:31:02.846 684 952 D VoldConnector: SND -> {34 volume mkdirs /Android/data/com.plexapp.mediaserver.smb/cache/}
09-13 14:31:02.846 289 293 E Vold : Failed to find mounted volume for /Android/data/com.plexapp.mediaserver.smb/cache/
09-13 14:31:02.846 684 759 D VoldConnector: RCV <- {400 34 Command failed}
09-13 14:31:02.846 3756 4295 W ContextImpl: Failed to ensure Android/data/com.plexapp.mediaserver.smb/cache: 400
09-13 14:31:02.847 684 1572 D VoldConnector: SND -> {35 volume mkdirs /Android/data/com.plexapp.mediaserver.smb/cache/}
09-13 14:31:02.847 289 293 E Vold : Failed to find mounted volume for /Android/data/com.plexapp.mediaserver.smb/cache/
09-13 14:31:02.848 4907 5053 D SharedPreferencesImpl: Time required to fsync /data/user/0/de.tvspielfilm/shared_prefs/com.google.android.gms.analytics.prefs.xml: [<1: 0, <2: 0, <4: 0, <8: 0, <16: 0, <32: 0, <64: 0, <128: 0, <256: 0, <512: 1, <1024: 0, <2048: 0, <4096: 0, <8192: 0, <16384: 0, >=16384: 0]
09-13 14:31:02.848 684 759 D VoldConnector: RCV <- {400 35 Command failed}
09-13 14:31:02.848 3756 4295 W ContextImpl: Failed to ensure Android/data/com.plexapp.mediaserver.smb/cache: 400
09-13 14:31:02.848 3756 4295 I Kepler Server: Cache directory: /storage/emulated/0/Android/data/com.plexapp.mediaserver.smb/cache.
09-13 14:31:02.849 3756 4295 I Kepler Server: Creating temp directory: /data/user/0/com.plexapp.mediaserver.smb/tmp.
09-13 14:31:02.849 3756 4295 I Kepler Server: Starting server.
09-13 14:31:02.874 4810 5064 D phs:ipc-binder-client: phs: RegisterClient(): transact returned 0, NO_ERROR=0
09-13 14:31:02.874 4810 5064 D phs:ipc-binder-client: phs: RegisterClient() timeout is 5000
09-13 14:31:02.881 4810 5090 W cr_CrashFileManager: /data/user/0/de.cyberdream.androidtv.notifications.google/cache/WebView/Crash Reports does not exist or is not a directory
09-13 14:31:02.916 684 1610 I ActivityManager: Killing 4001:com.nvidia.feedback/1000 (adj 906): empty #17
09-13 14:31:02.925 1740 2126 D PackageUpdatesReceiver: onReceive: android.intent.action.PACKAGE_CHANGED
09-13 14:31:02.934 4810 5051 W AudioCapabilities: Unsupported mime audio/mpeg-L2
09-13 14:31:02.934 4810 5051 W AudioCapabilities: Unsupported mime audio/x-ms-wma
09-13 14:31:02.935 791 791 D Avrcp : AvrcpServiceBroadcastReceiver-> Action: android.intent.action.PACKAGE_CHANGED
09-13 14:31:02.935 791 791 D Avrcp : AvrcpServiceBroadcastReceiver-> packageName: com.google.android.gms
09-13 14:31:02.935 791 791 D Avrcp : packageName: com.google.android.gms removed: false
09-13 14:31:02.936 4810 5051 W VideoCapabilities: Unsupported mime video/wvc1
09-13 14:31:02.937 791 791 D Avrcp : isBrowsableListUpdated: false
09-13 14:31:02.937 4810 5051 W VideoCapabilities: Unsupported mime video/x-ms-wmv
09-13 14:31:02.938 4810 5051 W VideoCapabilities: Unsupported mime video/mjpeg
09-13 14:31:02.973 4810 5051 I VideoCapabilities: Unsupported profile 4 for video/mp4v-es
09-13 14:31:02.976 4810 5051 W cr_MediaCodecUtil: HW encoder for video/avc is not available on this device.
09-13 14:31:02.984 684 757 I InputReader: Reconfiguring input devices. changes=0x00000010
09-13 14:31:03.012 1740 2126 D TVNotifService.RecMgr: Skipped update channel for package: com.google.android.gms
09-13 14:31:03.082 684 684 D TvRemoteService: provider: com.android.server.tv.TvRemoteProviderProxy@df0e5b0
09-13 14:31:03.083 684 684 D TvRemoteService: provider: com.android.server.tv.TvRemoteProviderProxy@1f3cd4f
09-13 14:31:03.092 2198 2198 D TvRemoteProviderService: onRemoteProviderInitialized
09-13 14:31:03.092 2198 2198 I DeviceControlManagerService: TvRemoteProvide initialized, try openInputBridge
09-13 14:31:03.110 2198 2198 D TvRemoteProviderService: openInputBridge
09-13 14:31:03.157 4977 5075 I cr_LibraryLoader: Time to load native libraries: 1 ms (timestamps 8134-8135)
09-13 14:31:03.158 4977 5075 I chromium: [INFO:library_loader_hooks.cc(36)] Chromium logging enabled: level = 0, default verbosity = 0
09-13 14:31:03.158 4977 5075 I cr_LibraryLoader: Expected native library version number "69.0.3497.91", actual native library version number "69.0.3497.91"
09-13 14:31:03.204 1740 1740 D TVNotifService: skipped notification StatusBarNotification(pkg=android user=UserHandle{0} id=0 tag=com.android.server.wm.AlertWindowNotification - de.cyberdream.androidtv.notifications.google key=0|android|0|com.android.server.wm.AlertWindowNotification - de.cyberdream.androidtv.notifications.google|1000: Notification(channel=com.android.server.wm.AlertWindowNotification - de.cyberdream.androidtv.notifications.google pri=0 contentView=null vibrate=null sound=null defaults=0x0 flags=0x102 color=0xff607d8b vis=PRIVATE)) userId: 0
09-13 14:31:03.205 684 833 I ActivityManager: Killing 4038:com.nvidia.irtuner/1000 (adj 906): empty #17
09-13 14:31:03.248 684 1572 I ActivityManager: Start proc 5112:flar2.homebutton/u0a93 for broadcast flar2.homebutton/.boot.BootCompleteReceiver
09-13 14:31:03.394 684 940 W ActivityManager: Background start not allowed: service Intent { cmp=flar2.homebutton/.boot.SetupIntentService } to flar2.homebutton/.boot.SetupIntentService from pid=5112 uid=10093 pkg=flar2.homebutton
09-13 14:31:03.406 684 1627 I ActivityManager: Start proc 5131:org.videolan.vlc/u0a87 for broadcast org.videolan.vlc/.BootupReceiver
09-13 14:31:03.407 684 1627 I ActivityManager: Killing 1972:com.nvidia.shield.nvcustomize/u0a22 (adj 906): empty #17
09-13 14:31:03.458 4155 4228 D ChannelsJobService: scheduleSaleUpdateIfNeeded: sale update NOT scheduled, beyond horizon
09-13 14:31:03.668 684 1677 I TvRemote-native-uiBridge: Registering uinput device shield-ask-remote: touch pad size 500x500, max pointers 1.
09-13 14:31:03.669 2198 2198 D TvRemoteProviderService: onInputBridgeConnected
09-13 14:31:03.676 684 757 E EventHub: could not get driver version for /dev/input/js0, Invalid argument
09-13 14:31:03.676 4810 4936 W cr_ChildProcessConn: onServiceDisconnected (crash or killed by oom): pid=4977
09-13 14:31:03.677 684 1675 I ActivityManager: Process com.google.android.webview:sandboxed_process0 (pid 4977) has died: cch CEM
09-13 14:31:03.677 684 1675 W ActivityManager: Scheduling restart of crashed service de.cyberdream.androidtv.notifications.google/org.chromium.content.app.SandboxedProcessService0 in 1000ms
09-13 14:31:03.677 684 705 W zygote64: failed to open /acct/uid_99001/pid_4977/cgroup.procs: No such file or directory
09-13 14:31:03.679 684 707 E KernelUidCpuFreqTimeReader: Failed to read /proc/uid_time_in_state: java.io.FileNotFoundException: /proc/uid_time_in_state (No such file or directory)
09-13 14:31:03.680 684 707 E BatteryStatsImpl: All kernel wakelocks had time of zero
09-13 14:31:03.680 684 707 E BatteryStatsImpl: All kernel wakelocks were set stale. new version=4
09-13 14:31:03.714 684 1654 I ActivityManager: Start proc 5181:org.xbmc.kodinerds/u0a107 for broadcast org.xbmc.kodinerds/.XBMCBroadcastReceiver
09-13 14:31:03.721 5181 5181 I zygote64: Late-enabling -Xcheck:jni
09-13 14:31:03.807 288 288 I NvControllers: Controller "shield-ask-remote" rejected (id=3)
09-13 14:31:03.807 288 288 I NvControllers: Vendor=0000 Product=0000
09-13 14:31:03.807 288 288 D InputHookImpl: Accepting input device
09-13 14:31:03.808 684 757 D EventHub: No input device configuration file found for device 'shield-ask-remote'.
09-13 14:31:03.812 684 757 W EventHub: Unable to disable kernel key repeat for /dev/input/event2: Function not implemented
09-13 14:31:03.813 684 757 I EventHub: New device: id=3, fd=267, path='/dev/input/event2', name='shield-ask-remote', classes=0x61, configuration='', keyLayout='/system/usr/keylayout/Generic.kl', keyCharacterMap='/system/usr/keychars/Generic.kcm', builtinKeyboard=false, wakeMechanism=EPOLLWAKEUP, usingClockIoctl=true
09-13 14:31:03.813 684 757 I InputReader: Device added: id=3, name='shield-ask-remote', sources=0x00000701
09-13 14:31:03.822 919 919 D DeviceHandler: Device configured with 19 handlers
09-13 14:31:03.900 1307 1307 I ShieldBluetoothHandler: Number of connected devices present : 2
09-13 14:31:03.900 1307 1307 I ShieldBluetoothScanPolicy: Scan Poll enabled due to NO DEVICES CONNECTED
09-13 14:31:03.901 1307 1307 I ShieldBluetoothScanPolicy: scan optmizations poll trigger due to NO DEVICES CONNECTED
09-13 14:31:03.940 684 942 D VoldConnector: SND -> {36 volume mkdirs /Android/data/org.videolan.vlc/cache/}
09-13 14:31:03.940 289 293 E Vold : Failed to find mounted volume for /Android/data/org.videolan.vlc/cache/
09-13 14:31:03.940 684 759 D VoldConnector: RCV <- {400 36 Command failed}
09-13 14:31:03.941 5131 5180 W ContextImpl: Failed to ensure Android/data/org.videolan.vlc/cache: 400
09-13 14:31:03.943 684 1628 D VoldConnector: SND -> {37 volume mkdirs /Android/data/org.videolan.vlc/cache/}
09-13 14:31:03.943 289 293 E Vold : Failed to find mounted volume for /Android/data/org.videolan.vlc/cache/
09-13 14:31:03.943 684 759 D VoldConnector: RCV <- {400 37 Command failed}
09-13 14:31:03.945 684 1695 D VoldConnector: SND -> {38 volume mkdirs /Android/data/org.videolan.vlc/cache/}
09-13 14:31:03.947 289 293 E Vold : Failed to find mounted volume for /Android/data/org.videolan.vlc/cache/
09-13 14:31:03.947 684 759 D VoldConnector: RCV <- {400 38 Command failed}
09-13 14:31:03.949 684 1543 D VoldConnector: SND -> {39 volume mkdirs /Android/data/org.videolan.vlc/cache/}
09-13 14:31:03.949 289 293 E Vold : Failed to find mounted volume for /Android/data/org.videolan.vlc/cache/
09-13 14:31:03.949 684 759 D VoldConnector: RCV <- {400 39 Command failed}
09-13 14:31:03.952 684 1544 D VoldConnector: SND -> {40 volume mkdirs /Android/data/org.videolan.vlc/cache/}
09-13 14:31:03.952 289 293 E Vold : Failed to find mounted volume for /Android/data/org.videolan.vlc/cache/
09-13 14:31:03.952 684 759 D VoldConnector: RCV <- {400 40 Command failed}
09-13 14:31:03.953 684 940 D VoldConnector: SND -> {41 volume mkdirs /Android/data/org.videolan.vlc/cache/}
09-13 14:31:03.954 289 293 E Vold : Failed to find mounted volume for /Android/data/org.videolan.vlc/cache/
09-13 14:31:03.954 684 759 D VoldConnector: RCV <- {400 41 Command failed}
09-13 14:31:03.955 684 1723 D VoldConnector: SND -> {42 volume mkdirs /Android/data/org.videolan.vlc/cache/}
09-13 14:31:03.955 289 293 E Vold : Failed to find mounted volume for /Android/data/org.videolan.vlc/cache/
09-13 14:31:03.955 684 759 D VoldConnector: RCV <- {400 42 Command failed}
09-13 14:31:03.956 5131 5180 I chatty : uid=10087(u0_a87) identical 6 lines
09-13 14:31:03.957 684 833 D VoldConnector: SND -> {43 volume mkdirs /Android/data/org.videolan.vlc/cache/}
09-13 14:31:03.957 289 293 E Vold : Failed to find mounted volume for /Android/data/org.videolan.vlc/cache/
09-13 14:31:03.957 684 759 D VoldConnector: RCV <- {400 43 Command failed}
09-13 14:31:03.957 5131 5180 W ContextImpl: Failed to ensure Android/data/org.videolan.vlc/cache: 400
09-13 14:31:03.958 5131 5180 I VLC/LibVLC/Util: ELF ABI = arm, 64bits
09-13 14:31:03.958 5131 5180 I VLC/LibVLC/Util: ELF arch = null
09-13 14:31:03.958 5131 5180 I VLC/LibVLC/Util: ELF fpu = false
09-13 14:31:03.960 5131 5180 D VLC/LibVLC/Util: machineSpecs: hasArmV6: true, hasArmV7: true, hasX86: false, is64bits: true
09-13 14:31:03.992 684 701 W Searchables: No web search activity found
09-13 14:31:04.003 1292 2047 W GCoreFlp: No location to return for getLastLocation()
09-13 14:31:04.004 1292 2047 W GCoreFlp: No location to return for getLastLocation()
09-13 14:31:04.056 684 701 W Binder : Outgoing transactions from this process must be FLAG_ONEWAY
09-13 14:31:04.056 684 701 W Binder : java.lang.Throwable
09-13 14:31:04.056 684 701 W Binder : at android.os.BinderProxy.transact(Binder.java:736)
09-13 14:31:04.056 684 701 W Binder : at com.android.internal.location.ILocationProvider$Stub$Proxy.getProperties(ILocationProvider.java:232)
09-13 14:31:04.056 684 701 W Binder : at com.android.server.location.LocationProviderProxy$1.run(LocationProviderProxy.java:119)
09-13 14:31:04.056 684 701 W Binder : at android.os.Handler.handleCallback(Handler.java:789)
09-13 14:31:04.056 684 701 W Binder : at android.os.Handler.dispatchMessage(Handler.java:98)
09-13 14:31:04.056 684 701 W Binder : at android.os.Looper.loop(Looper.java:164)
09-13 14:31:04.056 684 701 W Binder : at android.os.HandlerThread.run(HandlerThread.java:65)
09-13 14:31:04.057 684 701 W Binder : Outgoing transactions from this process must be FLAG_ONEWAY
09-13 14:31:04.057 684 701 W Binder : java.lang.Throwable
09-13 14:31:04.057 684 701 W Binder : at android.os.BinderProxy.transact(Binder.java:736)
09-13 14:31:04.057 684 701 W Binder : at com.android.internal.location.ILocationProvider$Stub$Proxy.getProperties(ILocationProvider.java:232)
09-13 14:31:04.057 684 701 W Binder : at com.android.server.location.LocationProviderProxy$1.run(LocationProviderProxy.java:119)
09-13 14:31:04.057 684 701 W Binder : at android.os.Handler.handleCallback(Handler.java:789)
09-13 14:31:04.057 684 701 W Binder : at android.os.Handler.dispatchMessage(Handler.java:98)
09-13 14:31:04.057 684 701 W Binder : at android.os.Looper.loop(Looper.java:164)
09-13 14:31:04.057 684 701 W Binder : at android.os.HandlerThread.run(HandlerThread.java:65)
09-13 14:31:04.098 4336 5199 D Retrofit: ---> HTTP GET https://api.accuweather.com/currentconditions/v1/170368.json?apikey=srRLeAmTroxPinDG8Aus3Ikl6tLGJd94&language=de&details=true&getphotos=false
09-13 14:31:04.098 4336 5199 D Retrofit: ---> END HTTP (no body)
09-13 14:31:04.103 3919 5198 I NvCPLUpdaterService: Checking for updates
09-13 14:31:04.109 1292 2047 W GCoreFlp: No location to return for getLastLocation()
09-13 14:31:04.111 1292 2047 I chatty : uid=10010(u0_a10) FlpThread identical 4 lines
09-13 14:31:04.113 1292 2047 W GCoreFlp: No location to return for getLastLocation()
09-13 14:31:04.125 4336 5199 D Retrofit: <--- HTTP 200 https://api.accuweather.com/currentconditions/v1/170368.json?apikey=srRLeAmTroxPinDG8Aus3Ikl6tLGJd94&language=de&details=true&getphotos=false (27ms)
09-13 14:31:04.126 4336 5199 D Retrofit: : HTTP/1.1 200 OK
09-13 14:31:04.126 4336 5199 D Retrofit: Access-Control-Allow-Headers: Accept,Origin,Content-Type
09-13 14:31:04.126 4336 5199 D Retrofit: Access-Control-Allow-Methods: GET
09-13 14:31:04.126 4336 5199 D Retrofit: Access-Control-Allow-Origin: *
09-13 14:31:04.126 4336 5199 D Retrofit: Access-Control-Max-Age: 1209600
09-13 14:31:04.126 4336 5199 D Retrofit: Cache-Control: public, max-age=196
09-13 14:31:04.126 4336 5199 D Retrofit: Connection: keep-alive
09-13 14:31:04.126 4336 5199 D Retrofit: Content-Type: application/json; charset=utf-8
09-13 14:31:04.126 4336 5199 D Retrofit: Date: Thu, 13 Sep 2018 12:31:04 GMT
09-13 14:31:04.126 4336 5199 D Retrofit: Expires: Thu, 13 Sep 2018 12:34:20 GMT
09-13 14:31:04.126 4336 5199 D Retrofit: RateLimit-Limit: 50
09-13 14:31:04.126 4336 5199 D Retrofit: RateLimit-Remaining: 47
09-13 14:31:04.126 4336 5199 D Retrofit: Server: Microsoft-IIS/10.0
09-13 14:31:04.126 4336 5199 D Retrofit: Vary: Accept-Encoding
09-13 14:31:04.126 4336 5199 D Retrofit: X-Android-Received-Millis: 1536841864125
09-13 14:31:04.126 4336 5199 D Retrofit: X-Android-Response-Source: NETWORK 200
09-13 14:31:04.126 4336 5199 D Retrofit: X-Android-Selected-Protocol: http/1.1
09-13 14:31:04.126 4336 5199 D Retrofit: X-Android-Sent-Millis: 1536841864098
09-13 14:31:04.126 4336 5199 D Retrofit: <--- END HTTP (-1-byte body)
09-13 14:31:04.196 5131 5180 D VLC : [00000021e1cbf5d0/6e697274535f676e] libvlc libvlc: VLC media player - 3.0.4 Vetinari
09-13 14:31:04.196 5131 5180 D VLC : [00000021e1cbf5d0/6e697274535f676e] libvlc libvlc: Copyright © 1996-2018 the VideoLAN team
09-13 14:31:04.196 5131 5180 D VLC : [00000021e1cbf5d0/0] libvlc libvlc: revision 3.0.3-1-128-g7f2e931af5
09-13 14:31:04.196 5131 5180 D VLC : [00000021e1cbf5d0/0] libvlc libvlc: configured with ../configure '--host=aarch64-linux-android' '--build=x86_64-unknown-linux' '--with-contrib=/home/jenkins/workspace/vlc-release/android/vlc-release-android/vlc/contrib/aarch64-linux-android' '--disable-nls' '--enable-live555' '--enable-realrtsp' '--enable-avformat' '--enable-swscale' '--enable-avcodec' '--enable-opus' '--enable-opensles' '--enable-matroska' '--enable-taglib' '--enable-dvbpsi' '--disable-vlc' '--disable-shared' '--disable-update-check' '--disable-vlm' '--disable-dbus' '--enable-lua' '--disable-vcd' '--disable-v4l2' '--enable-dvdread' '--enable-dvdnav' '--disable-bluray' '--disable-linsys' '--disable-decklink' '--disable-libva' '--disable-dv1394' '--enable-mod' '--disable-sid' '--disable-gme' '--disable-tremor' '--disable-mad' '--enable-mpg123' '--disable-dca' '--disable-sdl-image' '--enable-zvbi' '--disable-fluidsynth' '--enable-fluidlite' '--disable-jack' '--disable-pulse' '--disable-alsa' '--disable-samplerate' '--disable-sdl' '--disable-x
09-13 14:31:04.196 5131 5180 D VLC : [00000021e1cbf5d0/21e1f30490] libvlc libvlc: plug-ins loaded: 356 modules
09-13 14:31:04.196 5131 5180 D VLC : [00000021e1cc0890/21e1ed88e0] libvlc logger: looking for logger module matching "any": 4 candidates
09-13 14:31:04.196 5131 5180 D VLC : [00000021e1cc0890/0] libvlc logger: using logger module "android_logger"
09-13 14:31:04.196 5131 5180 D VLC : [00000021e1cbf5d0/143c] libvlc libvlc: translation test: code is "C"
09-13 14:31:04.196 5131 5180 D VLC : [00000021d3627150/143c] libvlc keystore: looking for keystore module matching "memory": 3 candidates
09-13 14:31:04.196 5131 5180 D VLC : [00000021d3627150/143c] libvlc keystore: using keystore module "memory"
09-13 14:31:04.196 5131 5180 D VLC : [00000021e1cbf5d0/143c] libvlc libvlc: CPU has capabilities FPU
09-13 14:31:04.282 5181 5181 W ActivityThread: Application org.xbmc.kodinerds can be debugged on port 8100...
09-13 14:31:04.368 4176 5197 I TransmissionService: Performing daily maintenance
09-13 14:31:04.418 684 951 I ActivityManager: Start proc 5222:com.nvidia.shield.registration/1000 for content provider com.nvidia.shield.registration/.provider.UserRegContentProvider
09-13 14:31:04.481 684 1627 I ActivityManager: Killing 4244:com.plexapp.android/u0a64 (adj 906): empty #17
09-13 14:31:04.499 2676 2676 D BootupReceiver: BootupReceiver initiated
09-13 14:31:04.500 2676 2676 D BootupReceiver: Scheduling recommendations update
09-13 14:31:04.531 1740 1740 D TVNotifService: onRecommendationPosted StatusBarNotification(pkg=com.accuweather.android user=UserHandle{0} id=1 tag=null key=0|com.accuweather.android|1|null|10082: Notification(channel=null pri=0 contentView=null vibrate=null sound=null defaults=0x0 flags=0x0 color=0xfff05514 category=recommendation vis=PRIVATE))
09-13 14:31:04.531 1740 2126 D TVNotifService.RecMgr: Insert program with program key: 0|com.accuweather.android|1|null|10082, for package: com.accuweather.android, title: AccuWeather, description: Aktuelle Bedingungen
09-13 14:31:04.588 684 1675 E WifiMulticastLockManager: Multicaster binderDied
09-13 14:31:04.627 957 957 I StorageStatsJobService: receives BOOT_COMPLETE
09-13 14:31:04.628 684 1540 I ActivityManager: Finished processing BOOT_COMPLETED for u0
09-13 14:31:04.639 2771 2771 E zygote64: No implementation found for void org.xbmc.kodi.XBMCBroadcastReceiver._onReceive(android.content.Intent) (tried Java_org_xbmc_kodi_XBMCBroadcastReceiver__1onReceive and Java_org_xbmc_kodi_XBMCBroadcastReceiver__1onReceive__Landroid_content_Intent_2)
09-13 14:31:04.640 2771 2771 E KodiReceiver: Native not registered
09-13 14:31:04.642 5181 5181 E zygote64: No implementation found for void org.xbmc.kodinerds.XBMCBroadcastReceiver._onReceive(android.content.Intent) (tried Java_org_xbmc_kodinerds_XBMCBroadcastReceiver__1onReceive and Java_org_xbmc_kodinerds_XBMCBroadcastReceiver__1onReceive__Landroid_content_Intent_2)
09-13 14:31:04.642 5181 5181 E KodiReceiver: Native not registered
09-13 14:31:04.648 1740 2126 D TvPreviewProgramsDb: Program inserted with id: 376039
09-13 14:31:04.729 1292 2026 E NetworkScheduler: Invalid component specified.
09-13 14:31:04.734 1323 1413 D MediaProvider: object removed 125678
09-13 14:31:04.753 1740 1740 D NotifInteractonRcvr: Show unseen default level notification toasts
09-13 14:31:04.765 1292 2026 E NetworkScheduler: Invalid component specified.
09-13 14:31:04.771 1323 1413 D MediaProvider: object removed 125679
09-13 14:31:04.775 1323 1413 D MediaProvider: object removed 125680
09-13 14:31:04.776 1323 1413 D MediaProvider: object removed 125681
09-13 14:31:04.777 1323 1413 D MediaProvider: object removed 125682
09-13 14:31:04.777 1323 1413 D MediaProvider: object removed 125683
09-13 14:31:04.778 1323 1413 D MediaProvider: object removed 125684
09-13 14:31:04.778 1323 1413 D MediaProvider: object removed 125685
09-13 14:31:04.779 1323 1413 D MediaProvider: object removed 125686
09-13 14:31:04.779 1323 1413 D MediaProvider: object removed 125687
09-13 14:31:04.779 1323 1413 D MediaProvider: object removed 125688
09-13 14:31:04.780 1323 1413 D MediaProvider: object removed 125689
09-13 14:31:04.782 1292 2026 E NetworkScheduler: Invalid component specified.
09-13 14:31:04.783 1323 1413 D MediaProvider: object removed 125690
09-13 14:31:04.784 1323 1413 D MediaProvider: object removed 125691
09-13 14:31:04.784 1323 1413 D MediaProvider: object removed 125692
09-13 14:31:04.788 1323 1413 D MediaProvider: object removed 125693
09-13 14:31:04.788 1323 1413 D MediaProvider: object removed 125694
09-13 14:31:04.788 3919 5198 D NetworkSecurityConfig: No Network Security Config specified, using platform default
09-13 14:31:04.789 1323 1413 D MediaProvider: object removed 125695
09-13 14:31:04.791 1323 1413 D MediaProvider: object removed 125696
09-13 14:31:04.792 1323 1413 D MediaProvider: object removed 125697
09-13 14:31:04.794 1323 1413 D MediaProvider: object removed 125698
09-13 14:31:04.794 1323 1413 D MediaProvider: object removed 125699
09-13 14:31:04.796 1323 1413 D MediaProvider: object removed 125700
09-13 14:31:04.797 1323 1413 D MediaProvider: object removed 125701
09-13 14:31:04.799 1323 1413 D MediaProvider: object removed 125702
09-13 14:31:04.800 1323 1413 D MediaProvider: object removed 125703
09-13 14:31:04.801 1323 1413 D MediaProvider: object removed 125704
09-13 14:31:04.801 1323 1413 D MediaProvider: object removed 125705
09-13 14:31:04.801 1323 1413 D MediaProvider: object removed 125706
09-13 14:31:04.801 1323 1413 D MediaProvider: object removed 125707
09-13 14:31:04.802 1323 1413 D MediaProvider: object removed 125708
09-13 14:31:04.802 1323 1413 D MediaProvider: object removed 125709
09-13 14:31:04.802 1323 1413 D MediaProvider: object removed 125710
09-13 14:31:04.802 1323 1413 D MediaProvider: object removed 125711
09-13 14:31:04.803 1323 1413 D MediaProvider: object removed 125712
09-13 14:31:04.803 1323 1413 D MediaProvider: object removed 125713
09-13 14:31:04.804 1323 1413 D MediaProvider: object removed 125714
09-13 14:31:04.804 1323 1413 D MediaProvider: object removed 125715
09-13 14:31:04.804 1323 1413 D MediaProvider: object removed 125716
09-13 14:31:04.804 1323 1413 D MediaProvider: object removed 125717
09-13 14:31:04.807 1323 1413 D MediaProvider: object removed 125718
09-13 14:31:04.807 1323 1413 D MediaProvider: object removed 125719
09-13 14:31:04.808 1323 1413 D MediaProvider: object removed 125720
09-13 14:31:04.818 1323 1413 D MediaProvider: object removed 125721
09-13 14:31:04.818 1323 1413 D MediaProvider: object removed 125722
09-13 14:31:04.818 1323 1413 D MediaProvider: object removed 125723
09-13 14:31:04.819 1323 1413 D MediaProvider: object removed 125724
09-13 14:31:04.822 1323 1413 D MediaProvider: object removed 125725
09-13 14:31:04.826 1323 1413 D MediaProvider: object removed 125726
09-13 14:31:04.827 1323 1413 D MediaProvider: object removed 125727
09-13 14:31:04.827 1323 1413 D MediaProvider: object removed 125728
09-13 14:31:04.827 1323 1413 D MediaProvider: object removed 125729
09-13 14:31:04.827 1323 1413 D MediaProvider: object removed 125730
09-13 14:31:04.827 1323 1413 D MediaProvider: object removed 125731
09-13 14:31:04.833 1323 1413 D MediaProvider: object removed 125732
09-13 14:31:04.833 1323 1413 D MediaProvider: object removed 125733
09-13 14:31:04.853 1323 1413 D MediaProvider: object removed 125734
09-13 14:31:04.853 1323 1413 D MediaProvider: object removed 125735
09-13 14:31:04.853 1323 1413 D MediaProvider: object removed 125736
09-13 14:31:04.853 1323 1413 D MediaProvider: object removed 125737
09-13 14:31:04.853 1323 1413 D MediaProvider: object removed 125738
09-13 14:31:04.853 1323 1413 D MediaProvider: object removed 125739
09-13 14:31:04.853 1323 1413 D MediaProvider: object removed 125740
09-13 14:31:04.853 1323 1413 D MediaProvider: object removed 125741
09-13 14:31:04.854 1323 1413 D MediaProvider: object removed 125742
09-13 14:31:04.855 1323 1413 D MediaProvider: object removed 125743
09-13 14:31:04.855 1323 1413 D MediaProvider: object removed 125744
09-13 14:31:04.855 1323 1413 D MediaProvider: object removed 125745
09-13 14:31:04.855 1323 1413 D MediaProvider: object removed 125746
09-13 14:31:04.855 1323 1413 D MediaProvider: object removed 125747
09-13 14:31:04.856 1323 1413 D MediaProvider: object removed 125748
09-13 14:31:04.856 1323 1413 D MediaProvider: object removed 125749
09-13 14:31:04.856 1323 1413 D MediaProvider: object removed 125750
09-13 14:31:04.856 1323 1413 D MediaProvider: object removed 125751
09-13 14:31:04.856 1323 1413 D MediaProvider: object removed 125752
09-13 14:31:04.856 1323 1413 D MediaProvider: object removed 125753
09-13 14:31:04.856 1323 1413 D MediaProvider: object removed 125754
09-13 14:31:04.856 1323 1413 D MediaProvider: object removed 125755
09-13 14:31:04.856 1323 1413 D MediaProvider: object removed 125756
09-13 14:31:04.856 1323 1413 D MediaProvider: object removed 125757
09-13 14:31:04.856 1323 1413 D MediaProvider: object removed 125758
09-13 14:31:04.856 1323 1413 D MediaProvider: object removed 125759
09-13 14:31:04.857 1323 1413 D MediaProvider: object removed 125760
09-13 14:31:04.857 1323 1413 D MediaProvider: object removed 125761
09-13 14:31:04.857 1323 1413 D MediaProvider: object removed 125762
09-13 14:31:04.857 1323 1413 D MediaProvider: object removed 125763
09-13 14:31:04.857 1323 1413 D MediaProvider: object removed 125764
09-13 14:31:04.857 1323 1413 D MediaProvider: object removed 125765
09-13 14:31:04.857 1323 1413 D MediaProvider: object removed 125766
09-13 14:31:04.857 1323 1413 D MediaProvider: object removed 125767
09-13 14:31:04.857 1323 1413 D MediaProvider: object removed 125768
09-13 14:31:04.858 1323 1413 D MediaProvider: object removed 125769
09-13 14:31:04.858 1323 1413 D MediaProvider: object removed 125770
09-13 14:31:04.858 1323 1413 D MediaProvider: object removed 125771
09-13 14:31:04.858 1323 1413 D MediaProvider: object removed 125772
09-13 14:31:04.858 1323 1413 D MediaProvider: object removed 125773
09-13 14:31:04.858 1323 1413 D MediaProvider: object removed 125774
09-13 14:31:04.859 1323 1413 D MediaProvider: object removed 125775
09-13 14:31:04.859 1323 1413 D MediaProvider: object removed 125776
09-13 14:31:04.859 1323 1413 D MediaProvider: object removed 125777
09-13 14:31:04.859 1323 1413 D MediaProvider: object removed 125778
09-13 14:31:04.916 1472 5264 D SQLiteConnection: set WAL/OFF: /data/user/0/com.google.android.gms/databases/iu.upload.db
09-13 14:31:04.976 4155 4228 D ChannelsJobService: scheduleForChannelChanges
09-13 14:31:04.982 4155 4228 D TegraZoneApplication: no need to lock thread:Thread[pool-1-thread-1,5,main]
09-13 14:31:04.982 4155 4228 D ChannelsJobService: ChannelsJob called
09-13 14:31:04.982 4155 4155 D ChannelsJobService: onStopJob: 1767487
09-13 14:31:04.985 4230 4230 D JobDownloadManager: job LATENCY_TEST_IMMEDIATE run
09-13 14:31:04.985 4230 4230 D JobDownloadManager: start job LATENCY_TEST_IMMEDIATE
09-13 14:31:04.987 4230 4230 D JobDownloadManager: job DOWNLOAD_JOB_ID_SERVERINFO run
09-13 14:31:04.987 4230 4230 D JobDownloadManager: start job DOWNLOAD_JOB_ID_SERVERINFO
09-13 14:31:04.988 1292 2024 E NetworkScheduler: Invalid component specified.
09-13 14:31:04.989 684 1571 I ActivityManager: Killing 4092:com.nvidia.shield.nas/u0a23 (adj -800): empty #17
09-13 14:31:04.997 1472 5264 I iu.UploadsManager: #reloadSettings(); account: -1; IU: disabled; IS: disabled; IS account: -1; photoWiFi: true; videoWiFi: true; roam: false; battery: true; size: STANDARD; maxMobile: 157286400
09-13 14:31:05.000 1292 2024 E NetworkScheduler: Invalid component specified.
09-13 14:31:05.051 2198 2198 D DeviceControlManagerService: active session:com.appgeneration.itunerfree
09-13 14:31:05.052 1740 1740 D NowPlayingManager: onClientChanged() called with: clearing = [false]
09-13 14:31:05.052 791 1217 V Avrcp : isBrowseSupported for com.appgeneration.itunerfree: true
09-13 14:31:05.063 791 1217 D Avrcp : update #4:MediaPlayerInfo com.appgeneration.itunerfree (as 'myTuner Free') Type = 1, SubType = 0, Status = 0 Feature Bits [40 41 42 44 45 47 48 58 59 62 65 67] Controller: MediaController (com.appgeneration.itunerfree@f9a02d2) Willkommen bei myTuner, null, null
09-13 14:31:05.077 2198 2198 D DeviceControlManagerService: active session:com.appgeneration.itunerfree
09-13 14:31:05.077 791 1217 V Avrcp : isBrowseSupported for com.appgeneration.itunerfree: true
09-13 14:31:05.091 684 942 I ActivityManager: Killing 3104:tunein.service/u0a90 (adj 906): empty #17
09-13 14:31:05.097 791 1217 D Avrcp : update #4:MediaPlayerInfo com.appgeneration.itunerfree (as 'myTuner Free') Type = 1, SubType = 0, Status = 0 Feature Bits [40 41 42 44 45 47 48 58 59 62 65 67] Controller: MediaController (com.appgeneration.itunerfree@1db5fa3) Willkommen bei myTuner, null, null
09-13 14:31:05.114 1740 1740 D NowPlayingManager: onMediaDataUpdated() called with: mediaData = [com.google.android.tvrecommendations.NowPlayingData@108abe2]
09-13 14:31:05.122 1740 1740 D NowPlayingManager: onClientPlaybackStateUpdate() called with: state = [1], stateChangeTimeMs = [40466], currentPosMs = [-1]
09-13 14:31:05.122 1740 1740 D NowPlayingManager: onClientPlaybackStateUpdate: Skipped update, state: 1 was unchanged
09-13 14:31:05.125 1740 1740 D NowPlayingManager: onClientChanged() called with: clearing = [false]
09-13 14:31:05.142 1740 1740 D NowPlayingManager: onMediaDataUpdated() called with: mediaData = [com.google.android.tvrecommendations.NowPlayingData@7dc3b73]
09-13 14:31:05.146 1740 1740 D NowPlayingManager: onClientPlaybackStateUpdate() called with: state = [1], stateChangeTimeMs = [40466], currentPosMs = [-1]
09-13 14:31:05.146 1740 1740 D NowPlayingManager: onClientPlaybackStateUpdate: Skipped update, state: 1 was unchanged
09-13 14:31:05.174 684 1715 D ConnectivityService: ConnectivityService NetworkRequestInfo binderDied(NetworkRequest [ LISTEN id=8, [ Capabilities: INTERNET&NOT_RESTRICTED&TRUSTED&FOREGROUND] ], android.os.BinderProxy@ed2f460)
09-13 14:31:05.175 684 773 E ConnectivityService: RemoteException caught trying to send a callback msg for NetworkRequest [ LISTEN id=8, [ Capabilities: INTERNET&NOT_RESTRICTED&TRUSTED&FOREGROUND] ]
09-13 14:31:05.236 1472 5264 I iu.UploadsManager: End new media; added: 0, uploading: 0, time: 238 ms
09-13 14:31:05.249 1292 2047 W GCoreFlp: No location to return for getLastLocation()
09-13 14:31:05.253 1292 2047 I chatty : uid=10010(u0_a10) FlpThread identical 1 line
09-13 14:31:05.257 1292 2047 W GCoreFlp: No location to return for getLastLocation()
09-13 14:31:05.259 1363 1363 I tag_info: loadKeyMap. FileNotFoundException error. filename: Internal -3_keymap.xml
09-13 14:31:05.262 1292 2047 W GCoreFlp: No location to return for getLastLocation()
09-13 14:31:05.272 1292 2047 W GCoreFlp: No location to return for getLastLocation()
09-13 14:31:05.273 1363 1363 I tag_info: loadKeyMap. FileNotFoundException error. filename: gpio-keys #1_keymap.xml
09-13 14:31:05.276 1363 1363 I tag_info: loadKeyMap. FileNotFoundException error. filename: shield-ask-remote #1_keymap.xml
09-13 14:31:05.279 1292 2024 E NetworkScheduler: Invalid component specified.
09-13 14:31:05.475 684 1677 I ActivityManager: Start proc 5295:com.android.providers.calendar/u0a3 for broadcast com.android.providers.calendar/.CalendarProviderBroadcastReceiver
09-13 14:31:05.476 1292 2024 I chatty : uid=10010(u0_a10) lowpool[0] identical 8 lines
09-13 14:31:05.497 1292 2024 E NetworkScheduler: Invalid component specified.
09-13 14:31:05.499 352 352 E hw-IPCThreadState: binder thread pool (1 threads) starved for 111 ms
09-13 14:31:05.544 1292 2024 E NetworkScheduler: Invalid component specified.
09-13 14:31:05.548 1292 2024 E NetworkScheduler: Invalid component specified.
09-13 14:31:05.566 1323 1413 D MediaProvider: object removed 125779
09-13 14:31:05.567 1323 1413 D MediaProvider: object removed 125780
09-13 14:31:05.567 1323 1413 D MediaProvider: object removed 125781
09-13 14:31:05.567 1323 1413 D MediaProvider: object removed 125782
09-13 14:31:05.567 1323 1413 D MediaProvider: object removed 125783
09-13 14:31:05.567 1323 1413 D MediaProvider: object removed 125784
09-13 14:31:05.567 1323 1413 D MediaProvider: object removed 125785
09-13 14:31:05.567 1323 1413 D MediaProvider: object removed 125786
09-13 14:31:05.568 1323 1413 D MediaProvider: object removed 125787
09-13 14:31:05.568 1323 1413 D MediaProvider: object removed 125788
09-13 14:31:05.568 1323 1413 D MediaProvider: object removed 125789
09-13 14:31:05.568 1323 1413 D MediaProvider: object removed 125790
09-13 14:31:05.568 1323 1413 D MediaProvider: object removed 125791
09-13 14:31:05.568 1323 1413 D MediaProvider: object removed 125792
09-13 14:31:05.569 1323 1413 D MediaProvider: object removed 125793
09-13 14:31:05.569 1323 1413 D MediaProvider: object removed 125794
09-13 14:31:05.569 1323 1413 D MediaProvider: object removed 125795
09-13 14:31:05.569 1323 1413 D MediaProvider: object removed 125796
09-13 14:31:05.569 1323 1413 D MediaProvider: object removed 125797
09-13 14:31:05.569 1323 1413 D MediaProvider: object removed 125798
09-13 14:31:05.569 1323 1413 D MediaProvider: object removed 125799
09-13 14:31:05.569 1323 1413 D MediaProvider: object removed 125800
09-13 14:31:05.569 1323 1413 D MediaProvider: object removed 125801
09-13 14:31:05.569 1323 1413 D MediaProvider: object removed 125802
09-13 14:31:05.570 1323 1413 D MediaProvider: object removed 125803
09-13 14:31:05.570 1323 1413 D MediaProvider: object removed 125804
09-13 14:31:05.570 1323 1413 D MediaProvider: object removed 125805
09-13 14:31:05.570 1323 1413 D MediaProvider: object removed 125806
09-13 14:31:05.570 1323 1413 D MediaProvider: object removed 125807
09-13 14:31:05.570 1323 1413 D MediaProvider: object removed 125808
09-13 14:31:05.570 1323 1413 D MediaProvider: object removed 125809
09-13 14:31:05.571 1323 1413 D MediaProvider: object removed 125810
09-13 14:31:05.571 1323 1413 D MediaProvider: object removed 125811
09-13 14:31:05.571 1323 1413 D MediaProvider: object removed 125812
09-13 14:31:05.571 1323 1413 D MediaProvider: object removed 125813
09-13 14:31:05.571 1323 1413 D MediaProvider: object removed 125814
09-13 14:31:05.571 1323 1413 D MediaProvider: object removed 125815
09-13 14:31:05.571 1323 1413 D MediaProvider: object removed 125816
09-13 14:31:05.571 1323 1413 D MediaProvider: object removed 125817
09-13 14:31:05.572 1323 1413 D MediaProvider: object removed 125818
09-13 14:31:05.572 1323 1413 D MediaProvider: object removed 125819
09-13 14:31:05.572 1323 1413 D MediaProvider: object removed 125820
09-13 14:31:05.572 1323 1413 D MediaProvider: object removed 125821
09-13 14:31:05.572 1323 1413 D MediaProvider: object removed 125822
09-13 14:31:05.572 1323 1413 D MediaProvider: object removed 125823
09-13 14:31:05.572 1323 1413 D MediaProvider: object removed 125824
09-13 14:31:05.572 1323 1413 D MediaProvider: object removed 125825
09-13 14:31:05.572 1323 1413 D MediaProvider: object removed 125826
09-13 14:31:05.572 1323 1413 D MediaProvider: object removed 125827
09-13 14:31:05.572 1323 1413 D MediaProvider: object removed 125828
09-13 14:31:05.572 1323 1413 D MediaProvider: object removed 125829
09-13 14:31:05.572 1323 1413 D MediaProvider: object removed 125830
09-13 14:31:05.572 1323 1413 D MediaProvider: object removed 125831
09-13 14:31:05.572 1323 1413 D MediaProvider: object removed 125832
09-13 14:31:05.573 1323 1413 D MediaProvider: object removed 125833
09-13 14:31:05.573 1323 1413 D MediaProvider: object removed 125834
09-13 14:31:05.573 1323 1413 D MediaProvider: object removed 125835
09-13 14:31:05.599 1292 2024 E NetworkScheduler: Invalid component specified.
09-13 14:31:05.623 1292 2024 I chatty : uid=10010(u0_a10) lowpool[0] identical 4 lines
09-13 14:31:05.624 1292 2024 E NetworkScheduler: Invalid component specified.
09-13 14:31:05.626 684 684 D PackageManager - AppHiding: appProfile region list for com.nvidia.bbciplayer.launchsport is
09-13 14:31:05.626 1292 2024 E NetworkScheduler: Invalid component specified.
09-13 14:31:05.626 684 684 D PackageManager - AppHiding: appProfile region list for air.com.vudu.air.DownloaderTablet is
