09-13 14:31:53.541 5181 6716 V Kodi : Debug Print: AddOnLog: Joystick Support: Loaded device "Logitech Dual Action" with 1 controller profiles and 18 total features
09-13 14:31:53.543 5181 6716 V Kodi : Debug Print: AddOnLog: Joystick Support: Loaded device "Logitech RumblePad 2 USB" with 8 controller profiles and 105 total features
09-13 14:31:53.543 5181 6716 V Kodi : Debug Print: AddOnLog: Joystick Support: game.controller.dreamcast: Removing analogstick from button map
09-13 14:31:53.543 5181 6716 V Kodi : Debug Print: AddOnLog: Joystick Support: game.controller.n64: Removing analogstick from button map
09-13 14:31:53.543 5181 6716 V Kodi : Debug Print: AddOnLog: Joystick Support: game.controller.ps: Removing leftstick from button map
09-13 14:31:53.543 5181 6716 V Kodi : Debug Print: AddOnLog: Joystick Support: game.controller.ps: Removing rightstick from button map
09-13 14:31:53.545 5181 6716 V Kodi : Debug Print: AddOnLog: Joystick Support: Loaded device "MAYFLASH GameCube Controller Adapter" with 8 controller profiles and 97 total features
09-13 14:31:53.546 5181 6716 V Kodi : Debug Print: AddOnLog: Joystick Support: game.controller.dreamcast: Removing analogstick from button map
09-13 14:31:53.546 5181 6716 V Kodi : Debug Print: AddOnLog: Joystick Support: game.controller.n64: Removing analogstick from button map
09-13 14:31:53.546 5181 6716 V Kodi : Debug Print: AddOnLog: Joystick Support: game.controller.ps: Removing leftstick from button map
09-13 14:31:53.546 5181 6716 V Kodi : Debug Print: AddOnLog: Joystick Support: game.controller.ps: Removing rightstick from button map
09-13 14:31:53.548 5181 6716 V Kodi : Debug Print: AddOnLog: Joystick Support: Loaded device "PS(R) Ga`epad" with 1 controller profiles and 19 total features
09-13 14:31:53.549 5181 5186 I zygote64: Do partial code cache collection, code=30KB, data=29KB
09-13 14:31:53.549 5181 5186 I zygote64: After code cache collection, code=30KB, data=29KB
09-13 14:31:53.549 5181 5186 I zygote64: Increasing code cache capacity to 128KB
09-13 14:31:53.550 5181 6716 V Kodi : Debug Print: AddOnLog: Joystick Support: Loaded device "Twin USB Joystick" with 8 controller profiles and 105 total features
09-13 14:31:53.551 5181 6716 V Kodi : Debug Print: AddOnLog: Joystick Support: game.controller.dreamcast: Removing analogstick from button map
09-13 14:31:53.551 5181 6716 V Kodi : Debug Print: AddOnLog: Joystick Support: game.controller.n64: Removing analogstick from button map
09-13 14:31:53.551 5181 6716 V Kodi : Debug Print: AddOnLog: Joystick Support: game.controller.ps: Removing leftstick from button map
09-13 14:31:53.551 5181 6716 V Kodi : Debug Print: AddOnLog: Joystick Support: game.controller.ps: Removing rightstick from button map
09-13 14:31:53.553 5181 6716 V Kodi : Debug Print: AddOnLog: Joystick Support: Loaded device "USB GamePad" with 1 controller profiles and 12 total features
09-13 14:31:53.553 5181 6716 V Kodi : Debug Print: AddOnLog: Joystick Support: Loaded device "USB Gamepad" with 1 controller profiles and 12 total features
09-13 14:31:53.555 5181 6716 V Kodi : Debug Print: AddOnLog: Joystick Support: Loaded device "USB Joystick" with 8 controller profiles and 105 total features
09-13 14:31:53.555 5181 6716 V Kodi : Debug Print: AddOnLog: Joystick Support: game.controller.dreamcast: Removing analogstick from button map
09-13 14:31:53.555 5181 6716 V Kodi : Debug Print: AddOnLog: Joystick Support: game.controller.n64: Removing analogstick from button map
09-13 14:31:53.556 5181 6716 V Kodi : Debug Print: AddOnLog: Joystick Support: game.controller.ps: Removing leftstick from button map
09-13 14:31:53.556 5181 6716 V Kodi : Debug Print: AddOnLog: Joystick Support: game.controller.ps: Removing rightstick from button map
09-13 14:31:53.557 5181 6716 V Kodi : Debug Print: AddOnLog: Joystick Support: Loaded device "Wireless Controller" with 1 controller profiles and 19 total features
09-13 14:31:53.558 5181 6716 V Kodi : Debug Print: AddOnLog: Joystick Support: Loaded device "usb gamepad " with 1 controller profiles and 12 total features
09-13 14:31:53.559 5181 6716 V Kodi : Debug Print: AddOnLog: Joystick Support: Loaded device "usb gamepad" with 1 controller profiles and 12 total features
09-13 14:31:53.565 5181 6716 V Kodi : Debug Print: AddOnLog: Joystick Support: Loaded device "8Bitdo NES30 Arcade(x)" with 4 controller profiles and 47 total features
09-13 14:31:53.566 5181 6716 V Kodi : Debug Print: AddOnLog: Joystick Support: Loaded device "8Bitdo NES30 GamePad" with 5 controller profiles and 54 total features
09-13 14:31:53.567 5181 6716 V Kodi : Debug Print: AddOnLog: Joystick Support: Loaded device "8Bitdo NES30 GamePad Joystick" with 5 controller profiles and 54 total features
09-13 14:31:53.568 5181 6716 V Kodi : Debug Print: AddOnLog: Joystick Support: Loaded device "8Bitdo SFC30 GamePad Joystick" with 5 controller profiles and 54 total features
09-13 14:31:53.569 5181 6716 V Kodi : Debug Print: AddOnLog: Joystick Support: Loaded device "8Bitdo Zero GamePad" with 2 controller profiles and 24 total features
09-13 14:31:53.570 5181 6716 V Kodi : Debug Print: AddOnLog: Joystick Support: Loaded device "DragonRise Inc. Generic USB Joystick" with 8 controller profiles and 104 total features
09-13 14:31:53.571 5181 6716 V Kodi : Debug Print: AddOnLog: Joystick Support: game.controller.dreamcast: Removing analogstick from button map
09-13 14:31:53.571 5181 6716 V Kodi : Debug Print: AddOnLog: Joystick Support: game.controller.n64: Removing analogstick from button map
09-13 14:31:53.571 5181 6716 V Kodi : Debug Print: AddOnLog: Joystick Support: game.controller.ps: Removing leftstick from button map
09-13 14:31:53.571 5181 6716 V Kodi : Debug Print: AddOnLog: Joystick Support: game.controller.ps: Removing rightstick from button map
09-13 14:31:53.573 5181 6716 V Kodi : Debug Print: AddOnLog: Joystick Support: Loaded device "Dual PSX-USB Adaptor Dual PSX-USB Adaptor" with 7 controller profiles and 88 total features
09-13 14:31:53.573 5181 6716 V Kodi : Debug Print: AddOnLog: Joystick Support: game.controller.n64: Removing analogstick from button map
09-13 14:31:53.575 5181 6716 V Kodi : Debug Print: AddOnLog: Joystick Support: Loaded device "GPIO Controller 1" with 5 controller profiles and 55 total features
09-13 14:31:53.576 5181 6716 V Kodi : Debug Print: AddOnLog: Joystick Support: Loaded device "GPIO Controller 2" with 5 controller profiles and 55 total features
09-13 14:31:53.577 5181 6716 V Kodi : Debug Print: AddOnLog: Joystick Support: Loaded device "Gamepad" with 1 controller profiles and 18 total features
09-13 14:31:53.578 5181 6716 V Kodi : Debug Print: AddOnLog: Joystick Support: Loaded device "Generic USB Joystick" with 2 controller profiles and 27 total features
09-13 14:31:53.578 5181 6716 V Kodi : Debug Print: AddOnLog: Joystick Support: game.controller.n64: Removing analogstick from button map
09-13 14:31:53.579 5181 6716 V Kodi : Debug Print: AddOnLog: Joystick Support: Loaded device "Generic X-Box pad" with 8 controller profiles and 106 total features
09-13 14:31:53.579 5181 6716 V Kodi : Debug Print: AddOnLog: Joystick Support: game.controller.dreamcast: Removing analogstick from button map
09-13 14:31:53.580 5181 6716 V Kodi : Debug Print: AddOnLog: Joystick Support: game.controller.n64: Removing analogstick from button map
09-13 14:31:53.580 5181 6716 V Kodi : Debug Print: AddOnLog: Joystick Support: game.controller.ps: Removing leftstick from button map
09-13 14:31:53.580 5181 6716 V Kodi : Debug Print: AddOnLog: Joystick Support: game.controller.ps: Removing rightstick from button map
09-13 14:31:53.582 5181 6716 V Kodi : Debug Print: AddOnLog: Joystick Support: Loaded device "Gravis GamePad Pro USB" with 8 controller profiles and 93 total features
09-13 14:31:53.584 5181 6716 V Kodi : Debug Print: AddOnLog: Joystick Support: Loaded device "GreenAsia Inc. USB Joystick" with 8 controller profiles and 105 total features
09-13 14:31:53.584 5181 6716 V Kodi : Debug Print: AddOnLog: Joystick Support: game.controller.dreamcast: Removing analogstick from button map
09-13 14:31:53.585 5181 6716 V Kodi : Debug Print: AddOnLog: Joystick Support: game.controller.n64: Removing analogstick from button map
09-13 14:31:53.585 5181 6716 V Kodi : Debug Print: AddOnLog: Joystick Support: game.controller.ps: Removing leftstick from button map
09-13 14:31:53.585 5181 6716 V Kodi : Debug Print: AddOnLog: Joystick Support: game.controller.ps: Removing rightstick from button map
09-13 14:31:53.587 5181 6716 V Kodi : Debug Print: AddOnLog: Joystick Support: Loaded device "HuiJia USB GamePad" with 2 controller profiles and 24 total features
09-13 14:31:53.588 5181 6716 V Kodi : Debug Print: AddOnLog: Joystick Support: Loaded device "Logitech Gamepad F310" with 1 controller profiles and 18 total features
09-13 14:31:53.588 5181 6716 V Kodi : Debug Print: AddOnLog: Joystick Support: Loaded device "Logitech Logitech Dual Action" with 1 controller profiles and 18 total features
09-13 14:31:53.589 5181 6716 V Kodi : Debug Print: AddOnLog: Joystick Support: Loaded device "Logitech Logitech RumblePad 2 USB" with 8 controller profiles and 103 total features
09-13 14:31:53.590 5181 6716 V Kodi : Debug Print: AddOnLog: Joystick Support: game.controller.dreamcast: Removing analogstick from button map
09-13 14:31:53.590 5181 6716 V Kodi : Debug Print: AddOnLog: Joystick Support: game.controller.n64: Removing analogstick from button map
09-13 14:31:53.592 5181 6716 V Kodi : Debug Print: AddOnLog: Joystick Support: Loaded device "MY-POWER CO.,LTD. 2In1 USB Joystick" with 8 controller profiles and 105 total features
09-13 14:31:53.592 5181 6716 V Kodi : Debug Print: AddOnLog: Joystick Support: game.controller.dreamcast: Removing analogstick from button map
09-13 14:31:53.593 5181 6716 V Kodi : Debug Print: AddOnLog: Joystick Support: game.controller.n64: Removing analogstick from button map
09-13 14:31:53.593 5181 6716 V Kodi : Debug Print: AddOnLog: Joystick Support: game.controller.ps: Removing leftstick from button map
09-13 14:31:53.593 5181 6716 V Kodi : Debug Print: AddOnLog: Joystick Support: game.controller.ps: Removing rightstick from button map
09-13 14:31:53.595 5181 6716 V Kodi : Debug Print: AddOnLog: Joystick Support: Loaded device "Microsoft X-Box 360 pad" with 1 controller profiles and 19 total features
09-13 14:31:53.595 5181 6716 V Kodi : Debug Print: AddOnLog: Joystick Support: Loaded device "Microsoft X-Box One pad (Firmware 2015)" with 1 controller profiles and 19 total features
09-13 14:31:53.596 5181 6716 V Kodi : Debug Print: AddOnLog: Joystick Support: Loaded device "NVIDIA Corporation NVIDIA Controller v01.03" with 6 controller profiles and 68 total features
09-13 14:31:53.597 5181 6716 V Kodi : Debug Print: AddOnLog: Joystick Support: game.controller.n64: Removing analogstick from button map
09-13 14:31:53.598 5181 6716 V Kodi : Debug Print: AddOnLog: Joystick Support: Loaded device "PLAYSTATION(R)3 Controller" with 6 controller profiles and 77 total features
09-13 14:31:53.601 5181 6716 V Kodi : Debug Print: Previous line repeats 1 times.
09-13 14:31:53.601 5181 6716 V Kodi : Debug Print: AddOnLog: Joystick Support: Loaded device "Pro Controller" with 4 controller profiles and 50 total features
09-13 14:31:53.602 5181 6716 V Kodi : Debug Print: AddOnLog: Joystick Support: Loaded device "ShanWan PS(R) Ga`epad" with 1 controller profiles and 19 total features
09-13 14:31:53.603 5181 6716 V Kodi : Debug Print: AddOnLog: Joystick Support: Loaded device "Sony Computer Entertainment Wireless Controller" with 1 controller profiles and 19 total features
09-13 14:31:53.604 5181 6716 V Kodi : Debug Print: AddOnLog: Joystick Support: Loaded device "Sony Interactive Entertainment Wireless Controller" with 1 controller profiles and 19 total features
09-13 14:31:53.605 5181 6716 V Kodi : Debug Print: AddOnLog: Joystick Support: Loaded device "Sony PLAYSTATION(R)3 Controller" with 6 controller profiles and 77 total features
09-13 14:31:53.609 5181 6716 V Kodi : Debug Print: Previous line repeats 1 times.
09-13 14:31:53.609 5181 6716 V Kodi : Debug Print: AddOnLog: Joystick Support: Loaded device "USB Gamepad" with 2 controller profiles and 24 total features
09-13 14:31:53.610 5181 6716 V Kodi : Debug Print: AddOnLog: Joystick Support: Loaded device "Wireless Controller" with 8 controller profiles and 106 total features
09-13 14:31:53.611 5181 6716 V Kodi : Debug Print: AddOnLog: Joystick Support: game.controller.dreamcast: Removing analogstick from button map
09-13 14:31:53.611 5181 6716 V Kodi : Debug Print: AddOnLog: Joystick Support: game.controller.n64: Removing analogstick from button map
09-13 14:31:53.611 5181 6716 V Kodi : Debug Print: AddOnLog: Joystick Support: game.controller.ps: Removing leftstick from button map
09-13 14:31:53.611 5181 6716 V Kodi : Debug Print: AddOnLog: Joystick Support: game.controller.ps: Removing rightstick from button map
09-13 14:31:53.613 5181 6716 V Kodi : Debug Print: AddOnLog: Joystick Support: Loaded device "Wireless Controller" with 1 controller profiles and 19 total features
09-13 14:31:53.614 5181 6716 V Kodi : Debug Print: Previous line repeats 1 times.
09-13 14:31:53.615 5181 6716 V Kodi : Debug Print: AddOnLog: Joystick Support: Loaded device "Wish Technologies Adaptoid" with 8 controller profiles and 98 total features
09-13 14:31:53.615 5181 6716 V Kodi : Debug Print: AddOnLog: Joystick Support: game.controller.dreamcast: Removing analogstick from button map
09-13 14:31:53.615 5181 6716 V Kodi : Debug Print: AddOnLog: Joystick Support: game.controller.n64: Removing analogstick from button map
09-13 14:31:53.617 5181 6716 V Kodi : Debug Print: AddOnLog: Joystick Support: Loaded device "Xbox 360 Wireless Receiver" with 7 controller profiles and 88 total features
09-13 14:31:53.619 5181 6716 V Kodi : Debug Print: AddOnLog: Joystick Support: Loaded device "Xbox 360 Wireless Receiver" with 7 controller profiles and 90 total features
09-13 14:31:53.619 5181 6716 V Kodi : Debug Print: AddOnLog: Joystick Support: game.controller.n64: Removing analogstick from button map
09-13 14:31:53.621 5181 6716 V Kodi : Debug Print: AddOnLog: Joystick Support: Loaded device "Xbox 360 Wireless Receiver (XBOX)" with 8 controller profiles and 106 total features
09-13 14:31:53.621 5181 6716 V Kodi : Debug Print: AddOnLog: Joystick Support: game.controller.dreamcast: Removing analogstick from button map
09-13 14:31:53.622 5181 6716 V Kodi : Debug Print: AddOnLog: Joystick Support: game.controller.n64: Removing analogstick from button map
09-13 14:31:53.622 5181 6716 V Kodi : Debug Print: AddOnLog: Joystick Support: game.controller.ps: Removing leftstick from button map
09-13 14:31:53.622 5181 6716 V Kodi : Debug Print: AddOnLog: Joystick Support: game.controller.ps: Removing rightstick from button map
09-13 14:31:53.624 5181 6716 V Kodi : Debug Print: AddOnLog: Joystick Support: Loaded device "Xbox 360 Wireless Receiver (XBOX)" with 8 controller profiles and 106 total features
09-13 14:31:53.624 5181 6716 V Kodi : Debug Print: AddOnLog: Joystick Support: game.controller.dreamcast: Removing analogstick from button map
09-13 14:31:53.624 5181 6716 V Kodi : Debug Print: AddOnLog: Joystick Support: game.controller.n64: Removing analogstick from button map
09-13 14:31:53.625 5181 6716 V Kodi : Debug Print: AddOnLog: Joystick Support: game.controller.ps: Removing leftstick from button map
09-13 14:31:53.625 5181 6716 V Kodi : Debug Print: AddOnLog: Joystick Support: game.controller.ps: Removing rightstick from button map
09-13 14:31:53.627 5181 6716 V Kodi : Debug Print: AddOnLog: Joystick Support: Loaded device "mayflash limited MAYFLASH GameCube Controller Adapter" with 8 controller profiles and 97 total features
09-13 14:31:53.627 5181 6716 V Kodi : Debug Print: AddOnLog: Joystick Support: game.controller.dreamcast: Removing analogstick from button map
09-13 14:31:53.627 5181 6716 V Kodi : Debug Print: AddOnLog: Joystick Support: game.controller.n64: Removing analogstick from button map
09-13 14:31:53.627 5181 6716 V Kodi : Debug Print: AddOnLog: Joystick Support: game.controller.ps: Removing leftstick from button map
09-13 14:31:53.628 5181 6716 V Kodi : Debug Print: AddOnLog: Joystick Support: game.controller.ps: Removing rightstick from button map
09-13 14:31:53.629 5181 6716 V Kodi : Debug Print: AddOnLog: Joystick Support: Loaded device "usb gamepad " with 1 controller profiles and 12 total features
09-13 14:31:53.630 5181 6716 V Kodi : Debug Print: AddOnLog: Joystick Support: Loaded device "usb gamepad" with 5 controller profiles and 54 total features
09-13 14:31:53.632 5181 6716 V Kodi : Debug Print: AddOnLog: Joystick Support: Loaded device "SDL Game Controller" with 1 controller profiles and 19 total features
09-13 14:31:53.634 5181 6716 V Kodi : Debug Print: AddOnLog: Joystick Support: Loaded device "8Bitdo Zero GamePad" with 2 controller profiles and 20 total features
09-13 14:31:53.635 5181 6716 V Kodi : Debug Print: AddOnLog: Joystick Support: Loaded device "Logitech Gamepad F310" with 1 controller profiles and 19 total features
09-13 14:31:53.636 5181 6716 V Kodi : Debug Print: AddOnLog: Joystick Support: Loaded device "Microsoft X-Box One pad (Firmware 2015)" with 1 controller profiles and 19 total features
09-13 14:31:53.636 5181 6716 V Kodi : Debug Print: AddOnLog: Joystick Support: Device "Sony Interactive Entertainment Wireless Controller": can't find tag
09-13 14:31:53.637 5181 6716 V Kodi : Debug Print: AddOnLog: Joystick Support: Loaded device "Xbox 360 Wireless Receiver (XBOX)" with 1 controller profiles and 19 total features
09-13 14:31:53.639 5181 6716 V Kodi : Debug Print: AddOnLog: Joystick Support: Loaded device "X-Arcade Tankstick (Player 1)" with 8 controller profiles and 91 total features
09-13 14:31:53.639 5181 6716 V Kodi : Debug Print: AddOnLog: Joystick Support: game.controller.n64: Removing analogstick from button map
09-13 14:31:53.641 5181 6716 V Kodi : Debug Print: AddOnLog: Joystick Support: Loaded device "X-Arcade Tankstick (Player 2)" with 8 controller profiles and 91 total features
09-13 14:31:53.641 5181 6716 V Kodi : Debug Print: AddOnLog: Joystick Support: game.controller.n64: Removing analogstick from button map
09-13 14:31:53.644 5181 6716 V Kodi : Debug Print: AddOnLog: Joystick Support: Loaded device "Xbox 360-compatible controller" with 8 controller profiles and 110 total features
09-13 14:31:53.645 5181 6716 V Kodi : Debug Print: AddOnLog: Joystick Support: game.controller.dreamcast: Removing analogstick from button map
09-13 14:31:53.645 5181 6716 V Kodi : Debug Print: AddOnLog: Joystick Support: game.controller.n64: Removing analogstick from button map
09-13 14:31:53.645 5181 6716 V Kodi : Debug Print: AddOnLog: Joystick Support: game.controller.ps: Removing leftstick from button map
09-13 14:31:53.645 5181 6716 V Kodi : Debug Print: AddOnLog: Joystick Support: game.controller.ps: Removing rightstick from button map
09-13 14:31:53.661 5181 6716 V Kodi : Debug Print: Failed to load button map for "shield-ask-remote"
09-13 14:31:53.716 5181 6716 V Kodi : Debug Print: Previous line repeats 2 times.
09-13 14:31:53.717 5181 6716 V Kodi : Debug Print: Initialise - initialised peripheral on 'android/inputdevice/3' with 1 features and 0 sub devices
09-13 14:31:53.717 5181 6716 V Kodi : Debug Print: Register - new joystick device registered on android->android/inputdevice/3: shield-ask-remote (0000:0000)
09-13 14:31:53.720 5181 6716 V Kodi : Debug Print: Initialise - initialised peripheral on 'keyboard' with 1 features and 0 sub devices
09-13 14:31:53.720 5181 6716 V Kodi : Debug Print: Register - new keyboard device registered on application->keyboard: Keyboard (0000:0000)
09-13 14:31:53.722 5181 6716 V Kodi : Debug Print: Initialise - initialised peripheral on 'mouse' with 1 features and 0 sub devices
09-13 14:31:53.722 5181 6716 V Kodi : Debug Print: Register - new mouse device registered on application->mouse: Mouse (0000:0000)
09-13 14:31:53.722 5181 6792 V Kodi : Debug Print: Thread PeripEventScanner start, auto delete: false
09-13 14:31:53.732 5181 6716 V Kodi : Debug Print: ContextMenuManager: addon menus reloaded.
09-13 14:31:53.732 5181 6716 V Kodi : Debug Print: Loading player core factory settings from special://xbmc/system/playercorefactory.xml.
09-13 14:31:53.748 5181 6716 V Kodi : Debug Print: CPlayerCoreConfig::: created player VideoPlayer
09-13 14:31:53.748 5181 6716 V Kodi : Debug Print: CPlayerCoreConfig::: created player PAPlayer
09-13 14:31:53.749 5181 6716 V Kodi : Debug Print: CPlayerCoreConfig::: created player RetroPlayer
09-13 14:31:53.749 5181 6716 V Kodi : Debug Print: CPlayerSelectionRule::Initialize: creating rule: system rules
09-13 14:31:53.749 5181 6716 V Kodi : Debug Print: CPlayerSelectionRule::Initialize: creating rule: mms/udp
09-13 14:31:53.749 5181 6716 V Kodi : Debug Print: CPlayerSelectionRule::Initialize: creating rule: lastfm/shout
09-13 14:31:53.749 5181 6716 V Kodi : Debug Print: CPlayerSelectionRule::Initialize: creating rule: rtmp
09-13 14:31:53.750 5181 6716 V Kodi : Debug Print: CPlayerSelectionRule::Initialize: creating rule: rtsp
09-13 14:31:53.750 5181 6716 V Kodi : Debug Print: CPlayerSelectionRule::Initialize: creating rule: streams
09-13 14:31:53.750 5181 6716 V Kodi : Debug Print: CPlayerSelectionRule::Initialize: creating rule: aacp/sdp
09-13 14:31:53.750 5181 6716 V Kodi : Debug Print: CPlayerSelectionRule::Initialize: creating rule: mp2
09-13 14:31:53.750 5181 6716 V Kodi : Debug Print: CPlayerSelectionRule::Initialize: creating rule: dvd
09-13 14:31:53.751 5181 6716 V Kodi : Debug Print: CPlayerSelectionRule::Initialize: creating rule: dvdimage
09-13 14:31:53.751 5181 6716 V Kodi : Debug Print: CPlayerSelectionRule::Initialize: creating rule: sdp/asf
09-13 14:31:53.751 5181 6716 V Kodi : Debug Print: CPlayerSelectionRule::Initialize: creating rule: nsv
09-13 14:31:53.751 5181 6789 V Kodi : Debug Print: Create: Creating PVR add-on instance 'Zattoo PVR Client'
09-13 14:31:53.751 5181 6716 V Kodi : Debug Print: CPlayerSelectionRule::Initialize: creating rule: radio
09-13 14:31:53.751 5181 6789 V Kodi : Debug Print: ADDON: Dll Initializing - Zattoo PVR Client
09-13 14:31:53.752 5181 6716 V Kodi : Debug Print: Loaded playercorefactory configuration
09-13 14:31:53.752 5181 6789 V Kodi : Debug Print: SECTION:LoadDLL(/data/app/org.xbmc.kodinerds-MLE3dcA59sJB4FsoUH5MOg==/lib/arm64/libpvr.zattoo.so)
09-13 14:31:53.752 5181 6716 V Kodi : Debug Print: Loading player core factory settings from special://masterprofile/playercorefactory.xml.
09-13 14:31:53.753 5181 6789 V Kodi : Debug Print: Loading: /data/app/org.xbmc.kodinerds-MLE3dcA59sJB4FsoUH5MOg==/lib/arm64/libpvr.zattoo.so
09-13 14:31:53.753 5181 6716 V Kodi : Debug Print: special://masterprofile/playercorefactory.xml does not exist. Skipping.
09-13 14:31:53.753 5181 6716 V Kodi : Debug Print: removing tempfiles
09-13 14:31:53.769 5181 6789 V Kodi : Debug Print: AddOnLog: Zattoo PVR Client: ADDON_Create - Creating the PVR Zattoo add-on
09-13 14:31:53.769 5181 6789 V Kodi : Debug Print: AddOnLog: Zattoo PVR Client: Read settings
09-13 14:31:53.770 5181 6789 V Kodi : Debug Print: CAddonCallbacksAddon - GetAddonSetting - add-on 'Zattoo PVR Client' requests setting 'username'
09-13 14:31:53.771 5181 6789 V Kodi : Debug Print: CAddonSettings[pvr.zattoo]: loading setting definitions
09-13 14:31:53.771 5181 6789 V Kodi : Debug Print: CAddonSettings[pvr.zattoo]: trying to load setting definitions from old format...
09-13 14:31:53.773 5181 6789 V Kodi : Debug Print: CAddonSettings[pvr.zattoo]: loading setting values
09-13 14:31:53.774 5181 6789 V Kodi : Debug Print: CAddonCallbacksAddon - GetAddonSetting - add-on 'Zattoo PVR Client' requests setting 'password'
09-13 14:31:53.775 5181 6789 V Kodi : Debug Print: CAddonSettings[pvr.zattoo]: loading setting definitions
09-13 14:31:53.775 5181 6789 V Kodi : Debug Print: CAddonSettings[pvr.zattoo]: trying to load setting definitions from old format...
09-13 14:31:53.776 5181 6789 V Kodi : Debug Print: CAddonSettings[pvr.zattoo]: loading setting values
09-13 14:31:53.776 5181 6789 V Kodi : Debug Print: CAddonCallbacksAddon - GetAddonSetting - add-on 'Zattoo PVR Client' requests setting 'favoritesonly'
09-13 14:31:53.777 5181 6789 V Kodi : Debug Print: CAddonSettings[pvr.zattoo]: loading setting definitions
09-13 14:31:53.777 5181 6789 V Kodi : Debug Print: CAddonSettings[pvr.zattoo]: trying to load setting definitions from old format...
09-13 14:31:53.779 5181 6789 V Kodi : Debug Print: CAddonSettings[pvr.zattoo]: loading setting values
09-13 14:31:53.779 5181 6789 V Kodi : Debug Print: CAddonCallbacksAddon - GetAddonSetting - add-on 'Zattoo PVR Client' requests setting 'alternativeepgservice'
09-13 14:31:53.779 5181 6789 V Kodi : Debug Print: CAddonSettings[pvr.zattoo]: loading setting definitions
09-13 14:31:53.780 5181 6789 V Kodi : Debug Print: CAddonSettings[pvr.zattoo]: trying to load setting definitions from old format...
09-13 14:31:53.781 5181 6789 V Kodi : Debug Print: CAddonSettings[pvr.zattoo]: loading setting values
09-13 14:31:53.781 5181 6789 V Kodi : Debug Print: CAddonCallbacksAddon - GetAddonSetting - add-on 'Zattoo PVR Client' requests setting 'streamtype'
09-13 14:31:53.782 5181 6789 V Kodi : Debug Print: CAddonSettings[pvr.zattoo]: loading setting definitions
09-13 14:31:53.782 5181 6789 V Kodi : Debug Print: CAddonSettings[pvr.zattoo]: trying to load setting definitions from old format...
09-13 14:31:53.783 5181 6789 V Kodi : Debug Print: CAddonSettings[pvr.zattoo]: loading setting values
09-13 14:31:53.784 5181 6789 V Kodi : Debug Print: CAddonCallbacksAddon - GetAddonSetting - add-on 'Zattoo PVR Client' requests setting 'provider'
09-13 14:31:53.784 5181 6789 V Kodi : Debug Print: CAddonSettings[pvr.zattoo]: loading setting definitions
09-13 14:31:53.785 5181 6789 V Kodi : Debug Print: CAddonSettings[pvr.zattoo]: trying to load setting definitions from old format...
09-13 14:31:53.786 5181 6716 V Kodi : Debug Print: CRepositoryUpdater: previous update at 09/13/2018 1:13:06 PM, next at 09/14/2018 1:13:06 PM
09-13 14:31:53.786 5181 6789 V Kodi : Debug Print: CAddonSettings[pvr.zattoo]: loading setting values
09-13 14:31:53.786 5181 6789 V Kodi : Debug Print: AddOnLog: Zattoo PVR Client: End Readsettings
09-13 14:31:53.787 5181 6789 V Kodi : Debug Print: AddOnLog: Zattoo PVR Client: Create Zat
09-13 14:31:53.787 5181 6793 V Kodi : Debug Print: Thread Timer start, auto delete: false
09-13 14:31:53.794 5181 6789 V Kodi : Debug Print: AddOnLog: Zattoo PVR Client: LoadEITCategories: Loading EIT categories from file 'special://xbmc/addons/pvr.zattoo/resources/eit_categories.txt'
09-13 14:31:53.795 5181 6789 V Kodi : Debug Print: AddOnLog: Zattoo PVR Client: LoadEITCategories: Add name [Movie/Family/Familie] for category 10
09-13 14:31:53.795 5181 6789 V Kodi : Debug Print: AddOnLog: Zattoo PVR Client: LoadEITCategories: Add name [Movie - Detective/Thriller] for category 11
09-13 14:31:53.795 5181 6789 V Kodi : Debug Print: AddOnLog: Zattoo PVR Client: LoadEITCategories: Add name [Movie - Adventure/Western/War/Abenteuer] for category 12
09-13 14:31:53.796 5181 6789 V Kodi : Debug Print: AddOnLog: Zattoo PVR Client: LoadEITCategories: Add name [Movie - Science Fiction/Fantasy/Horror] for category 13
09-13 14:31:53.796 5181 6789 V Kodi : Debug Print: AddOnLog: Zattoo PVR Client: LoadEITCategories: Add name [Movie - Comedy] for category 14
09-13 14:31:53.796 5181 6789 V Kodi : Debug Print: AddOnLog: Zattoo PVR Client: LoadEITCategories: Add name [Movie - Soap/melodrama/folkloric] for category 15
09-13 14:31:53.796 5181 6789 V Kodi : Debug Print: AddOnLog: Zattoo PVR Client: LoadEITCategories: Add name [Movie - Romance] for category 16
09-13 14:31:53.797 5181 6789 V Kodi : Debug Print: AddOnLog: Zattoo PVR Client: LoadEITCategories: Add name [Movie - Serious/Classical/Religious/Historical Movie/Drama] for category 17
09-13 14:31:53.797 5181 6789 V Kodi : Debug Print: AddOnLog: Zattoo PVR Client: LoadEITCategories: Add name [Movie - Adult] for category 18
09-13 14:31:53.797 5181 6789 V Kodi : Debug Print: AddOnLog: Zattoo PVR Client: LoadEITCategories: Add name [Drama] for category 1F
09-13 14:31:53.797 5181 6789 V Kodi : Debug Print: AddOnLog: Zattoo PVR Client: LoadEITCategories: Add name [News/Nachrichten] for category 20
09-13 14:31:53.797 5181 6789 V Kodi : Debug Print: AddOnLog: Zattoo PVR Client: LoadEITCategories: Add name [News/weather report] for category 21
09-13 14:31:53.798 5181 6789 V Kodi : Debug Print: AddOnLog: Zattoo PVR Client: LoadEITCategories: Add name [News magazine] for category 22
09-13 14:31:53.798 5181 6789 V Kodi : Debug Print: AddOnLog: Zattoo PVR Client: LoadEITCategories: Add name [Documentary/Dokumentation] for category 23
09-13 14:31:53.798 5181 6789 V Kodi : Debug Print: AddOnLog: Zattoo PVR Client: LoadEITCategories: Add name [Intelligent Programmes] for category 24
09-13 14:31:53.798 5181 6789 V Kodi : Debug Print: AddOnLog: Zattoo PVR Client: LoadEITCategories: Add name [Entertainment] for category 30
09-13 14:31:53.798 5181 6789 V Kodi : Debug Print: AddOnLog: Zattoo PVR Client: LoadEITCategories: Add name [Game Show/Spielshow] for category 31
09-13 14:31:53.798 5181 6789 V Kodi : Debug Print: AddOnLog: Zattoo PVR Client: LoadEITCategories: Add name [Variety Show] for category 32
09-13 14:31:53.799 5181 6789 V Kodi : Debug Print: AddOnLog: Zattoo PVR Client: LoadEITCategories: Add name [Talk Show/Talkshow] for category 33
09-13 14:31:53.799 5181 6789 V Kodi : Debug Print: AddOnLog: Zattoo PVR Client: LoadEITCategories: Add name [Sports/Cycling/Extreme Sports/Extremsport/Golf/Radsport/US-Sport/US Sports/Aerobics] for category 40
09-13 14:31:53.799 5181 6789 V Kodi : Debug Print: AddOnLog: Zattoo PVR Client: LoadEITCategories: Add name [Special Events (World Cup, World Series, etc)] for category 41
09-13 14:31:53.800 5181 6789 V Kodi : Debug Print: AddOnLog: Zattoo PVR Client: LoadEITCategories: Add name [Sports Magazines] for category 42
09-13 14:31:53.800 5181 6789 V Kodi : Debug Print: AddOnLog: Zattoo PVR Client: LoadEITCategories: Add name [Football (Soccer)/Fußball/Soccer] for category 43
09-13 14:31:53.800 5181 6789 V Kodi : Debug Print: AddOnLog: Zattoo PVR Client: LoadEITCategories: Add name [Tennis/Squash] for category 44
09-13 14:31:53.801 5181 6789 V Kodi : Debug Print: AddOnLog: Zattoo PVR Client: LoadEITCategories: Add name [Misc. Team Sports/Eishockey/Handball/Ice Hockey/Volleyball] for category 45
09-13 14:31:53.801 5181 6789 V Kodi : Debug Print: AddOnLog: Zattoo PVR Client: LoadEITCategories: Add name [Athletics] for category 46
09-13 14:31:53.802 5181 6789 V Kodi : Debug Print: AddOnLog: Zattoo PVR Client: LoadEITCategories: Add name [Motor Sport/Motorsport/Motor & Traffic/Motor & Verkehr/Motor Sports] for category 47
09-13 14:31:53.802 5181 6789 V Kodi : Debug Print: AddOnLog: Zattoo PVR Client: LoadEITCategories: Add name [Water Sport/Aquatic Sports/Wassersport] for category 48
09-13 14:31:53.803 5181 6789 V Kodi : Debug Print: AddOnLog: Zattoo PVR Client: LoadEITCategories: Add name [Winter Sports/Wintersport/Winter Sports] for category 49
09-13 14:31:53.803 5181 6789 V Kodi : Debug Print: AddOnLog: Zattoo PVR Client: LoadEITCategories: Add name [Equestrian] for category 4A
09-13 14:31:53.803 5181 6789 V Kodi : Debug Print: AddOnLog: Zattoo PVR Client: LoadEITCategories: Add name [Martial Sports] for category 4B
09-13 14:31:53.803 5181 6789 V Kodi : Debug Print: AddOnLog: Zattoo PVR Client: LoadEITCategories: Add name [Kids/Kinderfilm] for category 50
09-13 14:31:53.803 5181 6716 V Kodi : Debug Print: CServiceAddonManager: starting service.xbmc.versioncheck
09-13 14:31:53.804 5181 6789 V Kodi : Debug Print: AddOnLog: Zattoo PVR Client: LoadEITCategories: Add name [Pre-School Children's Programmes] for category 51
09-13 14:31:53.804 5181 6789 V Kodi : Debug Print: AddOnLog: Zattoo PVR Client: LoadEITCategories: Add name [Entertainment Programmes for 6 to 14] for category 52
09-13 14:31:53.804 5181 6789 V Kodi : Debug Print: AddOnLog: Zattoo PVR Client: LoadEITCategories: Add name [Entertainment Programmes for 10 to 16] for category 53
09-13 14:31:53.804 5181 6789 V Kodi : Debug Print: AddOnLog: Zattoo PVR Client: LoadEITCategories: Add name [Informational/Educational] for category 54
09-13 14:31:53.805 5181 6789 V Kodi : Debug Print: AddOnLog: Zattoo PVR Client: LoadEITCategories: Add name [Cartoons/Puppets/Cartoon/Zeichentrick] for category 55
09-13 14:31:53.805 5181 6789 V Kodi : Debug Print: AddOnLog: Zattoo PVR Client: LoadEITCategories: Add name [Music/Ballet/Dance] for category 60
09-13 14:31:53.805 5181 6794 V Kodi : Debug Print: Thread LanguageInvoker start, auto delete: false
09-13 14:31:53.805 5181 6789 V Kodi : Debug Print: AddOnLog: Zattoo PVR Client: LoadEITCategories: Add name [Rock/Pop/Pop & Rock] for category 61
09-13 14:31:53.805 5181 6716 V Kodi : Debug Print: CServiceAddonManager: starting plugin.video.netflix
09-13 14:31:53.805 5181 6794 V Kodi : Debug Print: initializing python engine.
09-13 14:31:53.806 5181 6789 V Kodi : Debug Print: AddOnLog: Zattoo PVR Client: LoadEITCategories: Add name [Classical Music/Klassische Musik] for category 62
09-13 14:31:53.806 5181 6716 V Kodi : Debug Print: initialize done
09-13 14:31:53.806 5181 6716 V Kodi : Debug Print: Running the application...
09-13 14:31:53.806 5181 6795 V Kodi : Debug Print: Thread LanguageInvoker start, auto delete: false
09-13 14:31:53.808 5181 6716 V Kodi : Debug Print: no profile autoexec.py (/storage/emulated/0/Android/data/org.xbmc.kodinerds/files/.kodi/userdata/autoexec.py) found, skipping
09-13 14:31:53.808 5181 6716 V Kodi : Debug Print: NetworkMessage - Starting network services
09-13 14:31:53.809 5181 6789 V Kodi : Debug Print: AddOnLog: Zattoo PVR Client: LoadEITCategories: Add name [Folk Music/Volksmusik] for category 63
09-13 14:31:53.810 5181 6795 V Kodi : Debug Print: initializing python engine.
09-13 14:31:53.810 5181 6789 V Kodi : Debug Print: AddOnLog: Zattoo PVR Client: LoadEITCategories: Add name [Jazz] for category 64
09-13 14:31:53.810 5181 6789 V Kodi : Debug Print: AddOnLog: Zattoo PVR Client: LoadEITCategories: Add name [Musical/Opera] for category 65
09-13 14:31:53.810 5181 6789 V Kodi : Debug Print: AddOnLog: Zattoo PVR Client: LoadEITCategories: Add name [Ballet] for category 66
09-13 14:31:53.811 5181 6789 V Kodi : Debug Print: AddOnLog: Zattoo PVR Client: LoadEITCategories: Add name [Arts/Culture/Kultur] for category 70
09-13 14:31:53.811 5181 6789 V Kodi : Debug Print: AddOnLog: Zattoo PVR Client: LoadEITCategories: Add name [Performing Arts] for category 71
09-13 14:31:53.811 5181 6789 V Kodi : Debug Print: AddOnLog: Zattoo PVR Client: LoadEITCategories: Add name [Fine Arts] for category 72
09-13 14:31:53.812 5181 6789 V Kodi : Debug Print: AddOnLog: Zattoo PVR Client: LoadEITCategories: Add name [Religion] for category 73
09-13 14:31:53.812 5181 6789 V Kodi : Debug Print: AddOnLog: Zattoo PVR Client: LoadEITCategories: Add name [Popular Culture/Traditional Arts] for category 74
09-13 14:31:53.812 5181 6789 V Kodi : Debug Print: AddOnLog: Zattoo PVR Client: LoadEITCategories: Add name [Literature] for category 75
09-13 14:31:53.812 5181 6789 V Kodi : Debug Print: AddOnLog: Zattoo PVR Client: LoadEITCategories: Add name [Film/Cinema/Kino/Theater] for category 76
09-13 14:31:53.812 5181 6789 V Kodi : Debug Print: AddOnLog: Zattoo PVR Client: LoadEITCategories: Add name [Experimental Film/Video] for category 77
09-13 14:31:53.813 5181 6789 V Kodi : Debug Print: AddOnLog: Zattoo PVR Client: LoadEITCategories: Add name [Broadcasting/Press] for category 78
09-13 14:31:53.813 5181 6789 V Kodi : Debug Print: AddOnLog: Zattoo PVR Client: LoadEITCategories: Add name [New Media] for category 79
09-13 14:31:53.813 5181 6789 V Kodi : Debug Print: AddOnLog: Zattoo PVR Client: LoadEITCategories: Add name [Arts/Culture Magazines] for category 7A
09-13 14:31:53.813 5181 6789 V Kodi : Debug Print: AddOnLog: Zattoo PVR Client: LoadEITCategories: Add name [Fashion] for category 7B
09-13 14:31:53.813 5181 6789 V Kodi : Debug Print: AddOnLog: Zattoo PVR Client: LoadEITCategories: Add name [Social/Policical/Economics/Economy/Wirtschaft] for category 80
09-13 14:31:53.813 5181 6789 V Kodi : Debug Print: AddOnLog: Zattoo PVR Client: LoadEITCategories: Add name [Magazines/Reports/Documentary/Magazin/Magazine/Report/Reportage] for category 81
09-13 14:31:53.813 5181 6789 V Kodi : Debug Print: AddOnLog: Zattoo PVR Client: LoadEITCategories: Add name [Economics/Social Advisory] for category 82
09-13 14:31:53.814 5181 6789 V Kodi : Debug Print: AddOnLog: Zattoo PVR Client: LoadEITCategories: Add name [Remarkable People] for category 83
09-13 14:31:53.814 5181 6789 V Kodi : Debug Print: AddOnLog: Zattoo PVR Client: LoadEITCategories: Add name [Education/Science/Factual] for category 90
09-13 14:31:53.814 5181 6789 V Kodi : Debug Print: AddOnLog: Zattoo PVR Client: LoadEITCategories: Add name [Nature/animals/Environment/Natur] for category 91
09-13 14:31:53.814 5181 6789 V Kodi : Debug Print: AddOnLog: Zattoo PVR Client: LoadEITCategories: Add name [Technology/Natural Sciences] for category 92
09-13 14:31:53.814 5181 6789 V Kodi : Debug Print: AddOnLog: Zattoo PVR Client: LoadEITCategories: Add name [Medicine/Physiology/Psychology] for category 93
09-13 14:31:53.814 5181 6789 V Kodi : Debug Print: AddOnLog: Zattoo PVR Client: LoadEITCategories: Add name [Foreign Countries/Expeditions] for category 94
09-13 14:31:53.815 684 775 D NsdService: New client listening to asynchronous messages
09-13 14:31:53.815 684 775 D NsdService: New client, channel: com.android.internal.util.AsyncChannel@409c69b messenger: android.os.Messenger@98efa38
09-13 14:31:53.815 5181 6716 V Kodi : Debug Print: starting zeroconf publishing
09-13 14:31:53.815 5181 6789 V Kodi : Debug Print: AddOnLog: Zattoo PVR Client: LoadEITCategories: Add name [Social/Spiritual Sciences] for category 95
09-13 14:31:53.816 5181 6789 V Kodi : Debug Print: AddOnLog: Zattoo PVR Client: LoadEITCategories: Add name [Further Education] for category 96
09-13 14:31:53.816 5181 6789 V Kodi : Debug Print: AddOnLog: Zattoo PVR Client: LoadEITCategories: Add name [Languages] for category 97
09-13 14:31:53.816 5181 6789 V Kodi : Debug Print: AddOnLog: Zattoo PVR Client: LoadEITCategories: Add name [Leisure/Hobbies] for category A0
09-13 14:31:53.816 5181 6789 V Kodi : Debug Print: AddOnLog: Zattoo PVR Client: LoadEITCategories: Add name [Tourism/Travel/Reise] for category A1
09-13 14:31:53.816 5181 6797 V Kodi : Debug Print: Thread EventServer start, auto delete: false
09-13 14:31:53.816 5181 6789 V Kodi : Debug Print: AddOnLog: Zattoo PVR Client: LoadEITCategories: Add name [Handicraft] for category A2
09-13 14:31:53.817 5181 6797 V Kodi : Debug Print: ES: Starting UDP Event server on port 9777
09-13 14:31:53.817 5181 6789 V Kodi : Debug Print: AddOnLog: Zattoo PVR Client: LoadEITCategories: Add name [Motoring] for category A3
09-13 14:31:53.817 5181 6797 V Kodi : Debug Print: UDP: Listening on port 9777 (ipv6 : false)
09-13 14:31:53.817 5181 6789 V Kodi : Debug Print: AddOnLog: Zattoo PVR Client: LoadEITCategories: Add name [Fitness & Health/Gesundheit/Health] for category A4
09-13 14:31:53.817 5181 6789 V Kodi : Debug Print: AddOnLog: Zattoo PVR Client: LoadEITCategories: Add name [Cooking/Cookery Show/Kochshow] for category A5
09-13 14:31:53.817 5181 6789 V Kodi : Debug Print: AddOnLog: Zattoo PVR Client: LoadEITCategories: Add name [Advertizement/Shopping] for category A6
09-13 14:31:53.818 5181 6789 V Kodi : Debug Print: AddOnLog: Zattoo PVR Client: LoadEITCategories: Add name [Gardening] for category A7
09-13 14:31:53.818 5181 6789 V Kodi : Debug Print: AddOnLog: Zattoo PVR Client: LoadEITCategories: Add name [Original Language] for category B0
09-13 14:31:53.818 5181 6789 V Kodi : Debug Print: AddOnLog: Zattoo PVR Client: LoadEITCategories: Add name [Black & White] for category B1
09-13 14:31:53.818 5181 6789 V Kodi : Debug Print: AddOnLog: Zattoo PVR Client: LoadEITCategories: Add name ["Unpublished" Programmes] for category B2
09-13 14:31:53.818 5181 6789 V Kodi : Debug Print: AddOnLog: Zattoo PVR Client: LoadEITCategories: Add name [Live Broadcast] for category B3
09-13 14:31:53.818 5181 6789 V Kodi : Debug Print: AddOnLog: Zattoo PVR Client: LoadEITCategories: Add name [Community] for category 00
09-13 14:31:53.818 5181 6789 V Kodi : Debug Print: AddOnLog: Zattoo PVR Client: LoadEITCategories: Add name [Fundraiser] for category 00
09-13 14:31:53.818 5181 6789 V Kodi : Debug Print: AddOnLog: Zattoo PVR Client: LoadEITCategories: Add name [Bus./financial] for category 80
09-13 14:31:53.819 5181 6789 V Kodi : Debug Print: AddOnLog: Zattoo PVR Client: LoadEITCategories: Add name [Variety] for category 32
09-13 14:31:53.819 5181 6789 V Kodi : Debug Print: AddOnLog: Zattoo PVR Client: LoadEITCategories: Add name [Romance-comedy] for category 16
09-13 14:31:53.819 5181 6789 V Kodi : Debug Print: AddOnLog: Zattoo PVR Client: LoadEITCategories: Add name [Sports event] for category 40
09-13 14:31:53.819 5181 6789 V Kodi : Debug Print: AddOnLog: Zattoo PVR Client: LoadEITCategories: Add name [Sports talk] for category 40
09-13 14:31:53.819 5181 6789 V Kodi : Debug Print: AddOnLog: Zattoo PVR Client: LoadEITCategories: Add name [Computers] for category 92
09-13 14:31:53.819 5181 6789 V Kodi : Debug Print: AddOnLog: Zattoo PVR Client: LoadEITCategories: Add name [How-to/Advice/Ratgeber/Knowledge/Wissen] for category A2
09-13 14:31:53.819 5181 6789 V Kodi : Debug Print: AddOnLog: Zattoo PVR Client: LoadEITCategories: Add name [Religious] for category 73
09-13 14:31:53.820 5181 6789 V Kodi : Debug Print: AddOnLog: Zattoo PVR Client: LoadEITCategories: Add name [Parenting] for category 00
09-13 14:31:53.820 5181 6789 V Kodi : Debug Print: AddOnLog: Zattoo PVR Client: LoadEITCategories: Add name [Art] for category 70
09-13 14:31:53.820 5181 6789 V Kodi : Debug Print: AddOnLog: Zattoo PVR Client: LoadEITCategories: Add name [Musical comedy] for category 64
09-13 14:31:53.820 5181 6789 V Kodi : Debug Print: AddOnLog: Zattoo PVR Client: LoadEITCategories: Add name [Environment] for category 91
09-13 14:31:53.820 5181 6789 V Kodi : Debug Print: AddOnLog: Zattoo PVR Client: LoadEITCategories: Add name [Politics/Politik] for category 80
09-13 14:31:53.820 5181 6789 V Kodi : Debug Print: AddOnLog: Zattoo PVR Client: LoadEITCategories: Add name [Animated] for category 55
09-13 14:31:53.820 5181 6789 V Kodi : Debug Print: AddOnLog: Zattoo PVR Client: LoadEITCategories: Add name [Gaming] for category 00
09-13 14:31:53.821 5181 6789 V Kodi : Debug Print: AddOnLog: Zattoo PVR Client: LoadEITCategories: Add name [Interview] for category 24
09-13 14:31:53.821 5181 6789 V Kodi : Debug Print: AddOnLog: Zattoo PVR Client: LoadEITCategories: Add name [Historical drama] for category 17
09-13 14:31:53.821 5181 6789 V Kodi : Debug Print: AddOnLog: Zattoo PVR Client: LoadEITCategories: Add name [Biography] for category 90
09-13 14:31:53.821 5181 6788 V Kodi : Debug Print: ZeroconfAndroid: identifier: servers.eventserver type: _xbmc-events._udp name:Kodi (192.168.1.128) port:9777
09-13 14:31:53.822 5181 6789 V Kodi : Debug Print: AddOnLog: Zattoo PVR Client: LoadEITCategories: Add name [Home improvement/Heimat/Regional Background] for category A0
09-13 14:31:53.822 5181 6789 V Kodi : Debug Print: AddOnLog: Zattoo PVR Client: LoadEITCategories: Add name [Hunting] for category A0
09-13 14:31:53.823 5181 6789 V Kodi : Debug Print: AddOnLog: Zattoo PVR Client: LoadEITCategories: Add name [Outdoors] for category A0
09-13 14:31:53.823 5181 6789 V Kodi : Debug Print: AddOnLog: Zattoo PVR Client: LoadEITCategories: Add name [Auto] for category 47
09-13 14:31:53.823 5181 6789 V Kodi : Debug Print: AddOnLog: Zattoo PVR Client: LoadEITCategories: Add name [Auto racing] for category 47
09-13 14:31:53.823 5181 6789 V Kodi : Debug Print: AddOnLog: Zattoo PVR Client: LoadEITCategories: Add name [Horror] for category 13
09-13 14:31:53.823 5181 6789 V Kodi : Debug Print: AddOnLog: Zattoo PVR Client: LoadEITCategories: Add name [Medical] for category 93
09-13 14:31:53.823 5181 6789 V Kodi : Debug Print: AddOnLog: Zattoo PVR Client: LoadEITCategories: Add name [Romance/Romance & Love/Romantik & Liebe] for category 16
09-13 14:31:53.823 5181 6789 V Kodi : Debug Print: AddOnLog: Zattoo PVR Client: LoadEITCategories: Add name [Spanish] for category 97
09-13 14:31:53.824 5181 6789 V Kodi : Debug Print: AddOnLog: Zattoo PVR Client: LoadEITCategories: Add name [Adults only/Erotic/Erotik] for category 18
09-13 14:31:53.824 5181 6789 V Kodi : Debug Print: AddOnLog: Zattoo PVR Client: LoadEITCategories: Add name [Musical] for category 64
09-13 14:31:53.824 5181 6789 V Kodi : Debug Print: AddOnLog: Zattoo PVR Client: LoadEITCategories: Add name [Self improvement] for category A0
09-13 14:31:53.824 5181 6716 V Kodi : Debug Print: JSONRPC Server: Successfully initialized
09-13 14:31:53.824 5181 6789 V Kodi : Debug Print: AddOnLog: Zattoo PVR Client: LoadEITCategories: Add name [Pro wrestling] for category 40
09-13 14:31:53.824 5181 6789 V Kodi : Debug Print: AddOnLog: Zattoo PVR Client: LoadEITCategories: Add name [Wrestling] for category 40
09-13 14:31:53.824 5181 6789 V Kodi : Debug Print: AddOnLog: Zattoo PVR Client: LoadEITCategories: Add name [Fishing] for category 00
09-13 14:31:53.824 5181 6789 V Kodi : Debug Print: AddOnLog: Zattoo PVR Client: LoadEITCategories: Add name [Agriculture] for category 00
09-13 14:31:53.825 5181 6789 V Kodi : Debug Print: AddOnLog: Zattoo PVR Client: LoadEITCategories: Add name [Arts/crafts] for category 70
09-13 14:31:53.825 5181 6789 V Kodi : Debug Print: AddOnLog: Zattoo PVR Client: LoadEITCategories: Add name [Technology] for category 92
09-13 14:31:53.825 5181 6789 V Kodi : Debug Print: AddOnLog: Zattoo PVR Client: LoadEITCategories: Add name [Docudrama] for category 17
09-13 14:31:53.825 5181 6789 V Kodi : Debug Print: AddOnLog: Zattoo PVR Client: LoadEITCategories: Add name [Science fiction/Science Fiction] for category 13
09-13 14:31:53.825 5181 6789 V Kodi : Debug Print: AddOnLog: Zattoo PVR Client: LoadEITCategories: Add name [Paranormal] for category 00
09-13 14:31:53.825 5181 6789 V Kodi : Debug Print: AddOnLog: Zattoo PVR Client: LoadEITCategories: Add name [Comedy/Humor/Humour] for category 14
09-13 14:31:53.825 5181 6789 V Kodi : Debug Print: AddOnLog: Zattoo PVR Client: LoadEITCategories: Add name [Science] for category 90
09-13 14:31:53.826 5181 6789 V Kodi : Debug Print: AddOnLog: Zattoo PVR Client: LoadEITCategories: Add name [Travel] for category A1
09-13 14:31:53.826 5181 6789 V Kodi : Debug Print: AddOnLog: Zattoo PVR Client: LoadEITCategories: Add name [Adventure] for category 12
09-13 14:31:53.826 5181 6789 V Kodi : Debug Print: AddOnLog: Zattoo PVR Client: LoadEITCategories: Add name [Suspense] for category 11
09-13 14:31:53.826 5181 6789 V Kodi : Debug Print: AddOnLog: Zattoo PVR Client: LoadEITCategories: Add name [History/Geschichte] for category 00
09-13 14:31:53.826 5181 6789 V Kodi : Debug Print: AddOnLog: Zattoo PVR Client: LoadEITCategories: Add name [Collectibles] for category 00
09-13 14:31:53.826 5181 6789 V Kodi : Debug Print: AddOnLog: Zattoo PVR Client: LoadEITCategories: Add name [Crime/Krimi] for category 11
09-13 14:31:53.826 5181 6789 V Kodi : Debug Print: AddOnLog: Zattoo PVR Client: LoadEITCategories: Add name [French] for category 97
09-13 14:31:53.826 5181 6789 V Kodi : Debug Print: AddOnLog: Zattoo PVR Client: LoadEITCategories: Add name [House/garden] for category A7
09-13 14:31:53.827 5181 6789 V Kodi : Debug Print: AddOnLog: Zattoo PVR Client: LoadEITCategories: Add name [Action] for category 12
09-13 14:31:53.827 5181 6789 V Kodi : Debug Print: AddOnLog: Zattoo PVR Client: LoadEITCategories: Add name [Fantasy] for category 13
09-13 14:31:53.827 5181 6789 V Kodi : Debug Print: AddOnLog: Zattoo PVR Client: LoadEITCategories: Add name [Mystery/Mystery & Horror] for category 11
09-13 14:31:53.827 684 775 D NsdService: Register service
09-13 14:31:53.827 5181 6789 V Kodi : Debug Print: AddOnLog: Zattoo PVR Client: LoadEITCategories: Add name [Health] for category A4
09-13 14:31:53.827 684 775 D NsdService: registerService: 6 name: Kodi (192.168.1.128), type: _xbmc-events._udp, host: /127.0.0.1, port: 9777, txtRecord:
09-13 14:31:53.827 5181 6789 V Kodi : Debug Print: AddOnLog: Zattoo PVR Client: LoadEITCategories: Add name [Comedy-drama] for category 14
09-13 14:31:53.827 5181 6789 V Kodi : Debug Print: AddOnLog: Zattoo PVR Client: LoadEITCategories: Add name [Special] for category 00
09-13 14:31:53.828 5181 6789 V Kodi : Debug Print: AddOnLog: Zattoo PVR Client: LoadEITCategories: Add name [Holiday] for category 00
09-13 14:31:53.828 5181 6789 V Kodi : Debug Print: AddOnLog: Zattoo PVR Client: LoadEITCategories: Add name [Weather] for category 21
09-13 14:31:53.828 5181 6789 V Kodi : Debug Print: AddOnLog: Zattoo PVR Client: LoadEITCategories: Add name [Western] for category 12
09-13 14:31:53.828 5181 6789 V Kodi : Debug Print: AddOnLog: Zattoo PVR Client: LoadEITCategories: Add name [Children/Children's Movie/Children's News/Children's Series/Children's Show/Kindernachrichten/Kinderserie/Kindershow/Youth/Jugend] for category 50
09-13 14:31:53.828 5181 6789 V Kodi : Debug Print: AddOnLog: Zattoo PVR Client: LoadEITCategories: Add name [Nature] for category 91
09-13 14:31:53.828 5181 6788 V Kodi : Debug Print: ZeroconfAndroid: identifier: servers.jsonrpc-tpc type: _xbmc-jsonrpc._tcp name:Kodi (192.168.1.128) port:9090
09-13 14:31:53.828 5181 6789 V Kodi : Debug Print: AddOnLog: Zattoo PVR Client: LoadEITCategories: Add name [Animals] for category 91
