09-13 14:31:01.159 4810 4810 I zygote64: at void android.app.ActivityThread.handleLaunchActivity(android.app.ActivityThread$ActivityClientRecord, android.content.Intent, java.lang.String) (ActivityThread.java:2934)
09-13 14:31:01.159 4810 4810 I zygote64: at void android.app.ActivityThread.-wrap11(android.app.ActivityThread, android.app.ActivityThread$ActivityClientRecord, android.content.Intent, java.lang.String) (ActivityThread.java:-1)
09-13 14:31:01.159 4810 4810 I zygote64: at void android.app.ActivityThread$H.handleMessage(android.os.Message) (ActivityThread.java:1594)
09-13 14:31:01.159 4810 4810 I zygote64: at void android.os.Handler.dispatchMessage(android.os.Message) (Handler.java:105)
09-13 14:31:01.159 4810 4810 I zygote64: at void android.os.Looper.loop() (Looper.java:164)
09-13 14:31:01.159 4810 4810 I zygote64: at void android.app.ActivityThread.main(java.lang.String[]) (ActivityThread.java:6592)
09-13 14:31:01.159 4810 4810 I zygote64: at java.lang.Object java.lang.reflect.Method.invoke(java.lang.Object, java.lang.Object[]) (Method.java:-2)
09-13 14:31:01.159 4810 4810 I zygote64: at void com.android.internal.os.Zygote$MethodAndArgsCaller.run() (Zygote.java:240)
09-13 14:31:01.159 4810 4810 I zygote64: at void com.android.internal.os.ZygoteInit.main(java.lang.String[]) (ZygoteInit.java:767)
09-13 14:31:01.159 4810 4810 I zygote64: Caused by: java.lang.ClassNotFoundException: Didn't find class "android.webkit.TracingController" on path: DexPathList[[zip file "/data/app/com.google.android.webview-XbDhvMWFSYKBShjBE5Xrag==/base.apk"],nativeLibraryDirectories=[/data/app/com.google.android.webview-XbDhvMWFSYKBShjBE5Xrag==/lib/arm64, /data/app/com.google.android.webview-XbDhvMWFSYKBShjBE5Xrag==/base.apk!/lib/arm64-v8a, /system/lib64, /vendor/lib64]]
09-13 14:31:01.159 4810 4810 I zygote64: at java.lang.Class dalvik.system.BaseDexClassLoader.findClass(java.lang.String) (BaseDexClassLoader.java:93)
09-13 14:31:01.159 4810 4810 I zygote64: at java.lang.Class java.lang.ClassLoader.loadClass(java.lang.String, boolean) (ClassLoader.java:379)
09-13 14:31:01.159 4810 4810 I zygote64: at java.lang.Class java.lang.ClassLoader.loadClass(java.lang.String) (ClassLoader.java:312)
09-13 14:31:01.159 4810 4810 I zygote64: at java.lang.Class java.lang.Class.classForName(java.lang.String, boolean, java.lang.ClassLoader) (Class.java:-2)
09-13 14:31:01.159 4810 4810 I zygote64: at java.lang.Class java.lang.Class.forName(java.lang.String, boolean, java.lang.ClassLoader) (Class.java:453)
09-13 14:31:01.159 4810 4810 I zygote64: at java.lang.Class android.webkit.WebViewFactory.getWebViewProviderClass(java.lang.ClassLoader) (WebViewFactory.java:150)
09-13 14:31:01.159 4810 4810 I zygote64: at java.lang.Class android.webkit.WebViewFactory.getProviderClass() (WebViewFactory.java:417)
09-13 14:31:01.159 4810 4810 I zygote64: at android.webkit.WebViewFactoryProvider android.webkit.WebViewFactory.getProvider() (WebViewFactory.java:211)
09-13 14:31:01.159 4810 4810 I zygote64: at android.webkit.WebViewFactoryProvider android.webkit.WebView.getFactory() (WebView.java:2467)
09-13 14:31:01.159 4810 4810 I zygote64: at void android.webkit.WebView.ensureProviderCreated() (WebView.java:2462)
09-13 14:31:01.159 4810 4810 I zygote64: at void android.webkit.WebView.setOverScrollMode(int) (WebView.java:2527)
09-13 14:31:01.159 4810 4810 I zygote64: at void android.view.View.(android.content.Context) (View.java:4536)
09-13 14:31:01.159 4810 4810 I zygote64: at void android.view.View.(android.content.Context, android.util.AttributeSet, int, int) (View.java:4668)
09-13 14:31:01.159 4810 4810 I zygote64: at void android.view.ViewGroup.(android.content.Context, android.util.AttributeSet, int, int) (ViewGroup.java:597)
09-13 14:31:01.159 4810 4810 I zygote64: at void android.widget.AbsoluteLayout.(android.content.Context, android.util.AttributeSet, int, int) (AbsoluteLayout.java:55)
09-13 14:31:01.159 4810 4810 I zygote64: at void android.webkit.WebView.(android.content.Context, android.util.AttributeSet, int, int, java.util.Map, boolean) (WebView.java:636)
09-13 14:31:01.159 4810 4810 I zygote64: at void android.webkit.WebView.(android.content.Context, android.util.AttributeSet, int, int) (WebView.java:581)
09-13 14:31:01.159 4810 4810 I zygote64: at void android.webkit.WebView.(android.content.Context, android.util.AttributeSet, int) (WebView.java:564)
09-13 14:31:01.159 4810 4810 I zygote64: at void android.webkit.WebView.(android.content.Context, android.util.AttributeSet) (WebView.java:551)
09-13 14:31:01.159 4810 4810 I zygote64: at java.lang.Object java.lang.reflect.Constructor.newInstance0(java.lang.Object[]) (Constructor.java:-2)
09-13 14:31:01.159 4810 4810 I zygote64: at java.lang.Object java.lang.reflect.Constructor.newInstance(java.lang.Object[]) (Constructor.java:334)
09-13 14:31:01.159 4810 4810 I zygote64: at android.view.View android.view.LayoutInflater.createView(java.lang.String, java.lang.String, android.util.AttributeSet) (LayoutInflater.java:647)
09-13 14:31:01.159 4810 4810 I zygote64: at android.view.View com.android.internal.policy.PhoneLayoutInflater.onCreateView(java.lang.String, android.util.AttributeSet) (PhoneLayoutInflater.java:58)
09-13 14:31:01.159 4810 4810 I zygote64: at android.view.View android.view.LayoutInflater.onCreateView(android.view.View, java.lang.String, android.util.AttributeSet) (LayoutInflater.java:720)
09-13 14:31:01.159 4810 4810 I zygote64: at android.view.View android.view.LayoutInflater.createViewFromTag(android.view.View, java.lang.String, android.content.Context, android.util.AttributeSet, boolean) (LayoutInflater.java:788)
09-13 14:31:01.159 4810 4810 I zygote64: at android.view.View android.view.LayoutInflater.createViewFromTag(android.view.View, java.lang.String, android.content.Context, android.util.AttributeSet) (LayoutInflater.java:730)
09-13 14:31:01.159 4810 4810 I zygote64: at void android.view.LayoutInflater.rInflate(org.xmlpull.v1.XmlPullParser, android.view.View, android.content.Context, android.util.AttributeSet, boolean) (LayoutInflater.java:863)
09-13 14:31:01.159 4810 4810 I zygote64: at void android.view.LayoutInflater.rInflateChildren(org.xmlpull.v1.XmlPullParser, android.view.View, android.util.AttributeSet, boolean) (LayoutInflater.java:824)
09-13 14:31:01.159 4810 4810 I zygote64: at android.view.View android.view.LayoutInflater.inflate(org.xmlpull.v1.XmlPullParser, android.view.ViewGroup, boolean) (LayoutInflater.java:515)
09-13 14:31:01.159 4810 4810 I zygote64: at android.view.View android.view.LayoutInflater.inflate(int, android.view.ViewGroup, boolean) (LayoutInflater.java:423)
09-13 14:31:01.159 4810 4810 I zygote64: at android.view.View android.view.LayoutInflater.inflate(int, android.view.ViewGroup) (LayoutInflater.java:374)
09-13 14:31:01.159 4810 4810 I zygote64: at android.app.Dialog de.cyberdream.smarttv.leanback.c.onCreateDialog(android.os.Bundle) (SourceFile:28)
09-13 14:31:01.159 4810 4810 I zygote64: at android.view.LayoutInflater android.app.DialogFragment.onGetLayoutInflater(android.os.Bundle) (DialogFragment.java:406)
09-13 14:31:01.159 4810 4810 I zygote64: at android.view.LayoutInflater android.app.Fragment.performGetLayoutInflater(android.os.Bundle) (Fragment.java:1429)
09-13 14:31:01.159 4810 4810 I zygote64: at void android.app.FragmentManagerImpl.moveToState(android.app.Fragment, int, int, int, boolean) (FragmentManager.java:1276)
09-13 14:31:01.159 4810 4810 I zygote64: at void android.app.FragmentManagerImpl.moveFragmentToExpectedState(android.app.Fragment) (FragmentManager.java:1549)
09-13 14:31:01.159 4810 4810 I zygote64: at void android.app.FragmentManagerImpl.moveToState(int, boolean) (FragmentManager.java:1611)
09-13 14:31:01.159 4810 4810 I zygote64: at void android.app.BackStackRecord.executeOps() (BackStackRecord.java:807)
09-13 14:31:01.159 4810 4810 I zygote64: at void android.app.FragmentManagerImpl.executeOps(java.util.ArrayList, java.util.ArrayList, int, int) (FragmentManager.java:2394)
09-13 14:31:01.159 4810 4810 I zygote64: at void android.app.FragmentManagerImpl.executeOpsTogether(java.util.ArrayList, java.util.ArrayList, int, int) (FragmentManager.java:2189)
09-13 14:31:01.159 4810 4810 I zygote64: at void android.app.FragmentManagerImpl.removeRedundantOperationsAndExecute(java.util.ArrayList, java.util.ArrayList) (FragmentManager.java:2142)
09-13 14:31:01.159 4810 4810 I zygote64: at boolean android.app.FragmentManagerImpl.execPendingActions() (FragmentManager.java:2049)
09-13 14:31:01.159 4810 4810 I zygote64: at void android.app.FragmentManagerImpl.dispatchMoveToState(int) (FragmentManager.java:3044)
09-13 14:31:01.159 4810 4810 I zygote64: at void android.app.FragmentManagerImpl.dispatchActivityCreated() (FragmentManager.java:2991)
09-13 14:31:01.159 4810 4810 I zygote64: at void android.app.FragmentController.dispatchActivityCreated() (FragmentController.java:178)
09-13 14:31:01.159 4810 4810 I zygote64: at void android.app.Activity.performCreateCommon() (Activity.java:6969)
09-13 14:31:01.159 4810 4810 I zygote64: at void android.app.Activity.performCreate(android.os.Bundle) (Activity.java:6977)
09-13 14:31:01.160 4810 4810 I zygote64: at void android.app.Instrumentation.callActivityOnCreate(android.app.Activity, android.os.Bundle) (Instrumentation.java:1213)
09-13 14:31:01.160 4810 4810 I zygote64: at android.app.Activity android.app.ActivityThread.performLaunchActivity(android.app.ActivityThread$ActivityClientRecord, android.content.Intent) (ActivityThread.java:2812)
09-13 14:31:01.160 4810 4810 I zygote64: at void android.app.ActivityThread.handleLaunchActivity(android.app.ActivityThread$ActivityClientRecord, android.content.Intent, java.lang.String) (ActivityThread.java:2934)
09-13 14:31:01.160 4810 4810 I zygote64: at void android.app.ActivityThread.-wrap11(android.app.ActivityThread, android.app.ActivityThread$ActivityClientRecord, android.content.Intent, java.lang.String) (ActivityThread.java:-1)
09-13 14:31:01.160 4810 4810 I zygote64: at void android.app.ActivityThread$H.handleMessage(android.os.Message) (ActivityThread.java:1594)
09-13 14:31:01.160 4810 4810 I zygote64: at void android.os.Handler.dispatchMessage(android.os.Message) (Handler.java:105)
09-13 14:31:01.160 4810 4810 I zygote64: at void android.os.Looper.loop() (Looper.java:164)
09-13 14:31:01.160 4810 4810 I zygote64: at void android.app.ActivityThread.main(java.lang.String[]) (ActivityThread.java:6592)
09-13 14:31:01.160 4810 4810 I zygote64: at java.lang.Object java.lang.reflect.Method.invoke(java.lang.Object, java.lang.Object[]) (Method.java:-2)
09-13 14:31:01.160 4810 4810 I zygote64: at void com.android.internal.os.Zygote$MethodAndArgsCaller.run() (Zygote.java:240)
09-13 14:31:01.160 4810 4810 I zygote64: at void com.android.internal.os.ZygoteInit.main(java.lang.String[]) (ZygoteInit.java:767)
09-13 14:31:01.160 4810 4810 I zygote64:
09-13 14:31:01.160 4810 4810 I zygote64: Rejecting re-init on previously-failed class java.lang.Class: java.lang.NoClassDefFoundError: Failed resolution of: Landroid/webkit/TracingController;
09-13 14:31:01.160 4810 4810 I zygote64: at java.lang.Class java.lang.Class.classForName(java.lang.String, boolean, java.lang.ClassLoader) (Class.java:-2)
09-13 14:31:01.160 4810 4810 I zygote64: at java.lang.Class java.lang.Class.forName(java.lang.String, boolean, java.lang.ClassLoader) (Class.java:453)
09-13 14:31:01.160 4810 4810 I zygote64: at java.lang.Class android.webkit.WebViewFactory.getWebViewProviderClass(java.lang.ClassLoader) (WebViewFactory.java:150)
09-13 14:31:01.160 4810 4810 I zygote64: at java.lang.Class android.webkit.WebViewFactory.getProviderClass() (WebViewFactory.java:417)
09-13 14:31:01.160 4810 4810 I zygote64: at android.webkit.WebViewFactoryProvider android.webkit.WebViewFactory.getProvider() (WebViewFactory.java:211)
09-13 14:31:01.160 4810 4810 I zygote64: at android.webkit.WebViewFactoryProvider android.webkit.WebView.getFactory() (WebView.java:2467)
09-13 14:31:01.160 4810 4810 I zygote64: at void android.webkit.WebView.ensureProviderCreated() (WebView.java:2462)
09-13 14:31:01.160 4810 4810 I zygote64: at void android.webkit.WebView.setOverScrollMode(int) (WebView.java:2527)
09-13 14:31:01.160 4810 4810 I zygote64: at void android.view.View.(android.content.Context) (View.java:4536)
09-13 14:31:01.160 4810 4810 I zygote64: at void android.view.View.(android.content.Context, android.util.AttributeSet, int, int) (View.java:4668)
09-13 14:31:01.160 4810 4810 I zygote64: at void android.view.ViewGroup.(android.content.Context, android.util.AttributeSet, int, int) (ViewGroup.java:597)
09-13 14:31:01.160 4810 4810 I zygote64: at void android.widget.AbsoluteLayout.(android.content.Context, android.util.AttributeSet, int, int) (AbsoluteLayout.java:55)
09-13 14:31:01.160 4810 4810 I zygote64: at void android.webkit.WebView.(android.content.Context, android.util.AttributeSet, int, int, java.util.Map, boolean) (WebView.java:636)
09-13 14:31:01.160 4810 4810 I zygote64: at void android.webkit.WebView.(android.content.Context, android.util.AttributeSet, int, int) (WebView.java:581)
09-13 14:31:01.160 4810 4810 I zygote64: at void android.webkit.WebView.(android.content.Context, android.util.AttributeSet, int) (WebView.java:564)
09-13 14:31:01.160 4810 4810 I zygote64: at void android.webkit.WebView.(android.content.Context, android.util.AttributeSet) (WebView.java:551)
09-13 14:31:01.160 4810 4810 I zygote64: at java.lang.Object java.lang.reflect.Constructor.newInstance0(java.lang.Object[]) (Constructor.java:-2)
09-13 14:31:01.160 4810 4810 I zygote64: at java.lang.Object java.lang.reflect.Constructor.newInstance(java.lang.Object[]) (Constructor.java:334)
09-13 14:31:01.160 4810 4810 I zygote64: at android.view.View android.view.LayoutInflater.createView(java.lang.String, java.lang.String, android.util.AttributeSet) (LayoutInflater.java:647)
09-13 14:31:01.160 4810 4810 I zygote64: at android.view.View com.android.internal.policy.PhoneLayoutInflater.onCreateView(java.lang.String, android.util.AttributeSet) (PhoneLayoutInflater.java:58)
09-13 14:31:01.160 4810 4810 I zygote64: at android.view.View android.view.LayoutInflater.onCreateView(android.view.View, java.lang.String, android.util.AttributeSet) (LayoutInflater.java:720)
09-13 14:31:01.160 4810 4810 I zygote64: at android.view.View android.view.LayoutInflater.createViewFromTag(android.view.View, java.lang.String, android.content.Context, android.util.AttributeSet, boolean) (LayoutInflater.java:788)
09-13 14:31:01.160 4810 4810 I zygote64: at android.view.View android.view.LayoutInflater.createViewFromTag(android.view.View, java.lang.String, android.content.Context, android.util.AttributeSet) (LayoutInflater.java:730)
09-13 14:31:01.160 4810 4810 I zygote64: at void android.view.LayoutInflater.rInflate(org.xmlpull.v1.XmlPullParser, android.view.View, android.content.Context, android.util.AttributeSet, boolean) (LayoutInflater.java:863)
09-13 14:31:01.160 4810 4810 I zygote64: at void android.view.LayoutInflater.rInflateChildren(org.xmlpull.v1.XmlPullParser, android.view.View, android.util.AttributeSet, boolean) (LayoutInflater.java:824)
09-13 14:31:01.160 4810 4810 I zygote64: at android.view.View android.view.LayoutInflater.inflate(org.xmlpull.v1.XmlPullParser, android.view.ViewGroup, boolean) (LayoutInflater.java:515)
09-13 14:31:01.160 4810 4810 I zygote64: at android.view.View android.view.LayoutInflater.inflate(int, android.view.ViewGroup, boolean) (LayoutInflater.java:423)
09-13 14:31:01.160 4810 4810 I zygote64: at android.view.View android.view.LayoutInflater.inflate(int, android.view.ViewGroup) (LayoutInflater.java:374)
09-13 14:31:01.160 4810 4810 I zygote64: at android.app.Dialog de.cyberdream.smarttv.leanback.c.onCreateDialog(android.os.Bundle) (SourceFile:28)
09-13 14:31:01.160 4810 4810 I zygote64: at android.view.LayoutInflater android.app.DialogFragment.onGetLayoutInflater(android.os.Bundle) (DialogFragment.java:406)
09-13 14:31:01.160 4810 4810 I zygote64: at android.view.LayoutInflater android.app.Fragment.performGetLayoutInflater(android.os.Bundle) (Fragment.java:1429)
09-13 14:31:01.160 4810 4810 I zygote64: at void android.app.FragmentManagerImpl.moveToState(android.app.Fragment, int, int, int, boolean) (FragmentManager.java:1276)
09-13 14:31:01.160 4810 4810 I zygote64: at void android.app.FragmentManagerImpl.moveFragmentToExpectedState(android.app.Fragment) (FragmentManager.java:1549)
09-13 14:31:01.160 4810 4810 I zygote64: at void android.app.FragmentManagerImpl.moveToState(int, boolean) (FragmentManager.java:1611)
09-13 14:31:01.160 4810 4810 I zygote64: at void android.app.BackStackRecord.executeOps() (BackStackRecord.java:807)
09-13 14:31:01.160 4810 4810 I zygote64: at void android.app.FragmentManagerImpl.executeOps(java.util.ArrayList, java.util.ArrayList, int, int) (FragmentManager.java:2394)
09-13 14:31:01.160 4810 4810 I zygote64: at void android.app.FragmentManagerImpl.executeOpsTogether(java.util.ArrayList, java.util.ArrayList, int, int) (FragmentManager.java:2189)
09-13 14:31:01.160 4810 4810 I zygote64: at void android.app.FragmentManagerImpl.removeRedundantOperationsAndExecute(java.util.ArrayList, java.util.ArrayList) (FragmentManager.java:2142)
09-13 14:31:01.160 4810 4810 I zygote64: at boolean android.app.FragmentManagerImpl.execPendingActions() (FragmentManager.java:2049)
09-13 14:31:01.160 4810 4810 I zygote64: at void android.app.FragmentManagerImpl.dispatchMoveToState(int) (FragmentManager.java:3044)
09-13 14:31:01.160 4810 4810 I zygote64: at void android.app.FragmentManagerImpl.dispatchActivityCreated() (FragmentManager.java:2991)
09-13 14:31:01.160 4810 4810 I zygote64: at void android.app.FragmentController.dispatchActivityCreated() (FragmentController.java:178)
09-13 14:31:01.160 4810 4810 I zygote64: at void android.app.Activity.performCreateCommon() (Activity.java:6969)
09-13 14:31:01.160 4810 4810 I zygote64: at void android.app.Activity.performCreate(android.os.Bundle) (Activity.java:6977)
09-13 14:31:01.161 4810 4810 I zygote64: at void android.app.Instrumentation.callActivityOnCreate(android.app.Activity, android.os.Bundle) (Instrumentation.java:1213)
09-13 14:31:01.161 4810 4810 I zygote64: at android.app.Activity android.app.ActivityThread.performLaunchActivity(android.app.ActivityThread$ActivityClientRecord, android.content.Intent) (ActivityThread.java:2812)
09-13 14:31:01.161 4810 4810 I zygote64: at void android.app.ActivityThread.handleLaunchActivity(android.app.ActivityThread$ActivityClientRecord, android.content.Intent, java.lang.String) (ActivityThread.java:2934)
09-13 14:31:01.161 4810 4810 I zygote64: at void android.app.ActivityThread.-wrap11(android.app.ActivityThread, android.app.ActivityThread$ActivityClientRecord, android.content.Intent, java.lang.String) (ActivityThread.java:-1)
09-13 14:31:01.161 4810 4810 I zygote64: at void android.app.ActivityThread$H.handleMessage(android.os.Message) (ActivityThread.java:1594)
09-13 14:31:01.161 4810 4810 I zygote64: at void android.os.Handler.dispatchMessage(android.os.Message) (Handler.java:105)
09-13 14:31:01.161 4810 4810 I zygote64: at void android.os.Looper.loop() (Looper.java:164)
09-13 14:31:01.161 4810 4810 I zygote64: at void android.app.ActivityThread.main(java.lang.String[]) (ActivityThread.java:6592)
09-13 14:31:01.161 4810 4810 I zygote64: at java.lang.Object java.lang.reflect.Method.invoke(java.lang.Object, java.lang.Object[]) (Method.java:-2)
09-13 14:31:01.161 4810 4810 I zygote64: at void com.android.internal.os.Zygote$MethodAndArgsCaller.run() (Zygote.java:240)
09-13 14:31:01.161 4810 4810 I zygote64: at void com.android.internal.os.ZygoteInit.main(java.lang.String[]) (ZygoteInit.java:767)
09-13 14:31:01.161 4810 4810 I zygote64: Caused by: java.lang.ClassNotFoundException: Didn't find class "android.webkit.TracingController" on path: DexPathList[[zip file "/data/app/com.google.android.webview-XbDhvMWFSYKBShjBE5Xrag==/base.apk"],nativeLibraryDirectories=[/data/app/com.google.android.webview-XbDhvMWFSYKBShjBE5Xrag==/lib/arm64, /data/app/com.google.android.webview-XbDhvMWFSYKBShjBE5Xrag==/base.apk!/lib/arm64-v8a, /system/lib64, /vendor/lib64]]
09-13 14:31:01.161 4810 4810 I zygote64: at java.lang.Class dalvik.system.BaseDexClassLoader.findClass(java.lang.String) (BaseDexClassLoader.java:93)
09-13 14:31:01.161 4810 4810 I zygote64: at java.lang.Class java.lang.ClassLoader.loadClass(java.lang.String, boolean) (ClassLoader.java:379)
09-13 14:31:01.161 4810 4810 I zygote64: at java.lang.Class java.lang.ClassLoader.loadClass(java.lang.String) (ClassLoader.java:312)
09-13 14:31:01.161 4810 4810 I zygote64: at java.lang.Class java.lang.Class.classForName(java.lang.String, boolean, java.lang.ClassLoader) (Class.java:-2)
09-13 14:31:01.161 4810 4810 I zygote64: at java.lang.Class java.lang.Class.forName(java.lang.String, boolean, java.lang.ClassLoader) (Class.java:453)
09-13 14:31:01.161 4810 4810 I zygote64: at java.lang.Class android.webkit.WebViewFactory.getWebViewProviderClass(java.lang.ClassLoader) (WebViewFactory.java:150)
09-13 14:31:01.161 4810 4810 I zygote64: at java.lang.Class android.webkit.WebViewFactory.getProviderClass() (WebViewFactory.java:417)
09-13 14:31:01.161 4810 4810 I zygote64: at android.webkit.WebViewFactoryProvider android.webkit.WebViewFactory.getProvider() (WebViewFactory.java:211)
09-13 14:31:01.161 4810 4810 I zygote64: at android.webkit.WebViewFactoryProvider android.webkit.WebView.getFactory() (WebView.java:2467)
09-13 14:31:01.161 4810 4810 I zygote64: at void android.webkit.WebView.ensureProviderCreated() (WebView.java:2462)
09-13 14:31:01.161 4810 4810 I zygote64: at void android.webkit.WebView.setOverScrollMode(int) (WebView.java:2527)
09-13 14:31:01.161 4810 4810 I zygote64: at void android.view.View.(android.content.Context) (View.java:4536)
09-13 14:31:01.161 4810 4810 I zygote64: at void android.view.View.(android.content.Context, android.util.AttributeSet, int, int) (View.java:4668)
09-13 14:31:01.161 4810 4810 I zygote64: at void android.view.ViewGroup.(android.content.Context, android.util.AttributeSet, int, int) (ViewGroup.java:597)
09-13 14:31:01.161 4810 4810 I zygote64: at void android.widget.AbsoluteLayout.(android.content.Context, android.util.AttributeSet, int, int) (AbsoluteLayout.java:55)
09-13 14:31:01.161 4810 4810 I zygote64: at void android.webkit.WebView.(android.content.Context, android.util.AttributeSet, int, int, java.util.Map, boolean) (WebView.java:636)
09-13 14:31:01.161 4810 4810 I zygote64: at void android.webkit.WebView.(android.content.Context, android.util.AttributeSet, int, int) (WebView.java:581)
09-13 14:31:01.161 4810 4810 I zygote64: at void android.webkit.WebView.(android.content.Context, android.util.AttributeSet, int) (WebView.java:564)
09-13 14:31:01.161 4810 4810 I zygote64: at void android.webkit.WebView.(android.content.Context, android.util.AttributeSet) (WebView.java:551)
09-13 14:31:01.161 4810 4810 I zygote64: at java.lang.Object java.lang.reflect.Constructor.newInstance0(java.lang.Object[]) (Constructor.java:-2)
09-13 14:31:01.161 4810 4810 I zygote64: at java.lang.Object java.lang.reflect.Constructor.newInstance(java.lang.Object[]) (Constructor.java:334)
09-13 14:31:01.161 4810 4810 I zygote64: at android.view.View android.view.LayoutInflater.createView(java.lang.String, java.lang.String, android.util.AttributeSet) (LayoutInflater.java:647)
09-13 14:31:01.161 4810 4810 I zygote64: at android.view.View com.android.internal.policy.PhoneLayoutInflater.onCreateView(java.lang.String, android.util.AttributeSet) (PhoneLayoutInflater.java:58)
09-13 14:31:01.161 4810 4810 I zygote64: at android.view.View android.view.LayoutInflater.onCreateView(android.view.View, java.lang.String, android.util.AttributeSet) (LayoutInflater.java:720)
09-13 14:31:01.161 4810 4810 I zygote64: at android.view.View android.view.LayoutInflater.createViewFromTag(android.view.View, java.lang.String, android.content.Context, android.util.AttributeSet, boolean) (LayoutInflater.java:788)
09-13 14:31:01.161 4810 4810 I zygote64: at android.view.View android.view.LayoutInflater.createViewFromTag(android.view.View, java.lang.String, android.content.Context, android.util.AttributeSet) (LayoutInflater.java:730)
09-13 14:31:01.161 4810 4810 I zygote64: at void android.view.LayoutInflater.rInflate(org.xmlpull.v1.XmlPullParser, android.view.View, android.content.Context, android.util.AttributeSet, boolean) (LayoutInflater.java:863)
09-13 14:31:01.161 4810 4810 I zygote64: at void android.view.LayoutInflater.rInflateChildren(org.xmlpull.v1.XmlPullParser, android.view.View, android.util.AttributeSet, boolean) (LayoutInflater.java:824)
09-13 14:31:01.161 4810 4810 I zygote64: at android.view.View android.view.LayoutInflater.inflate(org.xmlpull.v1.XmlPullParser, android.view.ViewGroup, boolean) (LayoutInflater.java:515)
09-13 14:31:01.161 4810 4810 I zygote64: at android.view.View android.view.LayoutInflater.inflate(int, android.view.ViewGroup, boolean) (LayoutInflater.java:423)
09-13 14:31:01.161 4810 4810 I zygote64: at android.view.View android.view.LayoutInflater.inflate(int, android.view.ViewGroup) (LayoutInflater.java:374)
09-13 14:31:01.161 4810 4810 I zygote64: at android.app.Dialog de.cyberdream.smarttv.leanback.c.onCreateDialog(android.os.Bundle) (SourceFile:28)
09-13 14:31:01.161 4810 4810 I zygote64: at android.view.LayoutInflater android.app.DialogFragment.onGetLayoutInflater(android.os.Bundle) (DialogFragment.java:406)
09-13 14:31:01.161 4810 4810 I zygote64: at android.view.LayoutInflater android.app.Fragment.performGetLayoutInflater(android.os.Bundle) (Fragment.java:1429)
09-13 14:31:01.161 4810 4810 I zygote64: at void android.app.FragmentManagerImpl.moveToState(android.app.Fragment, int, int, int, boolean) (FragmentManager.java:1276)
09-13 14:31:01.161 4810 4810 I zygote64: at void android.app.FragmentManagerImpl.moveFragmentToExpectedState(android.app.Fragment) (FragmentManager.java:1549)
09-13 14:31:01.161 4810 4810 I zygote64: at void android.app.FragmentManagerImpl.moveToState(int, boolean) (FragmentManager.java:1611)
09-13 14:31:01.161 4810 4810 I zygote64: at void android.app.BackStackRecord.executeOps() (BackStackRecord.java:807)
09-13 14:31:01.161 4810 4810 I zygote64: at void android.app.FragmentManagerImpl.executeOps(java.util.ArrayList, java.util.ArrayList, int, int) (FragmentManager.java:2394)
09-13 14:31:01.161 4810 4810 I zygote64: at void android.app.FragmentManagerImpl.executeOpsTogether(java.util.ArrayList, java.util.ArrayList, int, int) (FragmentManager.java:2189)
09-13 14:31:01.161 4810 4810 I zygote64: at void android.app.FragmentManagerImpl.removeRedundantOperationsAndExecute(java.util.ArrayList, java.util.ArrayList) (FragmentManager.java:2142)
09-13 14:31:01.161 4810 4810 I zygote64: at boolean android.app.FragmentManagerImpl.execPendingActions() (FragmentManager.java:2049)
09-13 14:31:01.161 4810 4810 I zygote64: at void android.app.FragmentManagerImpl.dispatchMoveToState(int) (FragmentManager.java:3044)
09-13 14:31:01.161 4810 4810 I zygote64: at void android.app.FragmentManagerImpl.dispatchActivityCreated() (FragmentManager.java:2991)
09-13 14:31:01.161 4810 4810 I zygote64: at void android.app.FragmentController.dispatchActivityCreated() (FragmentController.java:178)
09-13 14:31:01.161 4810 4810 I zygote64: at void android.app.Activity.performCreateCommon() (Activity.java:6969)
09-13 14:31:01.161 4810 4810 I zygote64: at void android.app.Activity.performCreate(android.os.Bundle) (Activity.java:6977)
09-13 14:31:01.161 4810 4810 I zygote64: at void android.app.Instrumentation.callActivityOnCreate(android.app.Activity, android.os.Bundle) (Instrumentation.java:1213)
09-13 14:31:01.161 4810 4810 I zygote64: at android.app.Activity android.app.ActivityThread.performLaunchActivity(android.app.ActivityThread$ActivityClientRecord, android.content.Intent) (ActivityThread.java:2812)
09-13 14:31:01.161 4810 4810 I zygote64: at void android.app.ActivityThread.handleLaunchActivity(android.app.ActivityThread$ActivityClientRecord, android.content.Intent, java.lang.String) (ActivityThread.java:2934)
09-13 14:31:01.161 4810 4810 I zygote64: at void android.app.ActivityThread.-wrap11(android.app.ActivityThread, android.app.ActivityThread$ActivityClientRecord, android.content.Intent, java.lang.String) (ActivityThread.java:-1)
09-13 14:31:01.161 4810 4810 I zygote64: at void android.app.ActivityThread$H.handleMessage(android.os.Message) (ActivityThread.java:1594)
09-13 14:31:01.161 4810 4810 I zygote64: at void android.os.Handler.dispatchMessage(android.os.Message) (Handler.java:105)
09-13 14:31:01.161 4810 4810 I zygote64: at void android.os.Looper.loop() (Looper.java:164)
09-13 14:31:01.161 4810 4810 I zygote64: at void android.app.ActivityThread.main(java.lang.String[]) (ActivityThread.java:6592)
09-13 14:31:01.161 4810 4810 I zygote64: at java.lang.Object java.lang.reflect.Method.invoke(java.lang.Object, java.lang.Object[]) (Method.java:-2)
09-13 14:31:01.161 4810 4810 I zygote64: at void com.android.internal.os.Zygote$MethodAndArgsCaller.run() (Zygote.java:240)
09-13 14:31:01.161 4810 4810 I zygote64: at void com.android.internal.os.ZygoteInit.main(java.lang.String[]) (ZygoteInit.java:767)
09-13 14:31:01.161 4810 4810 I zygote64:
09-13 14:31:01.164 3756 4295 I Kepler Server: Deferring load: /data/user/0/com.plexapp.mediaserver.smb/Resources/libavutil.so
09-13 14:31:01.179 919 3468 D RSMouse : mFeatureEnabled=true mPackageEnabled=false
09-13 14:31:01.182 1774 1786 D ViewRootImpl: windowFocusChanged true com.google.android.tvlauncher
09-13 14:31:01.183 3756 4295 I Kepler Server: Deferring load: /data/user/0/com.plexapp.mediaserver.smb/Resources/libboost_atomic.so.1.59.0
09-13 14:31:01.189 4810 4810 I cr_LibraryLoader: Time to load native libraries: 15 ms (timestamps 6426-6441)
09-13 14:31:01.205 3756 4295 I Kepler Server: Deferring load: /data/user/0/com.plexapp.mediaserver.smb/Resources/libboost_chrono.so.1.59.0
09-13 14:31:01.210 684 702 W ActivityManager: Activity pause timeout for ActivityRecord{6f1c9c9 u0 de.cyberdream.androidtv.notifications.google/de.cyberdream.smarttv.leanback.MainActivityLeanBack t10 f}
09-13 14:31:01.210 1612 1612 D ControllerMapper_S: same binder for com.google.android.tvlauncher skipping
09-13 14:31:01.213 1612 1612 D ControllerMapper_S: notifyAppName com.google.android.tvlauncher old :com.google.android.tvrecommendations
09-13 14:31:01.213 1612 1612 D ControllerMapper_S: GameGuide com.google.android.tvlauncher is not in whitelist, ----> hide
09-13 14:31:01.237 1558 2240 I zygote64: Looking for service vendor.nvidia.hardware.power@1.0::IPower/default
09-13 14:31:01.237 285 285 W /system/bin/hwservicemanager: getTransportFromManifest: Cannot find entry vendor.nvidia.hardware.power@1.0::IPower in either framework or device manifest, using default transport.
09-13 14:31:01.238 1558 2240 I zygote64: Starting thread pool.
09-13 14:31:01.301 1774 1774 I AppLifecycleTracker: onActivityResumed:
09-13 14:31:01.327 355 355 E powerHAL::common: Unknown power hint: 0x8
09-13 14:31:01.330 3756 4295 I Kepler Server: Deferring load: /data/user/0/com.plexapp.mediaserver.smb/Resources/libboost_date_time.so.1.59.0
09-13 14:31:01.332 1740 1740 D TVNotifService: skipped notification StatusBarNotification(pkg=android user=UserHandle{0} id=40 tag=null key=0|android|40|null|1000: Notification(channel=FOREGROUND_SERVICE pri=0 contentView=null vibrate=null sound=null defaults=0x0 flags=0x2 color=0xff607d8b vis=PRIVATE)) userId: 0
09-13 14:31:01.353 3756 4295 I Kepler Server: Deferring load: /data/user/0/com.plexapp.mediaserver.smb/Resources/libboost_filesystem.so.1.59.0
09-13 14:31:01.361 3756 4295 I Kepler Server: Deferring load: /data/user/0/com.plexapp.mediaserver.smb/Resources/libboost_iostreams.so.1.59.0
09-13 14:31:01.380 3756 4295 I Kepler Server: Deferring load: /data/user/0/com.plexapp.mediaserver.smb/Resources/libboost_locale.so.1.59.0
09-13 14:31:01.389 3756 4295 I Kepler Server: Deferring load: /data/user/0/com.plexapp.mediaserver.smb/Resources/libboost_program_options.so.1.59.0
09-13 14:31:01.397 3756 4295 I Kepler Server: Deferring load: /data/user/0/com.plexapp.mediaserver.smb/Resources/libboost_random.so.1.59.0
09-13 14:31:01.402 684 1643 I ActivityManager: Start proc 4894:com.google.android.webview:webview_service/u0a70 for service com.google.android.webview/org.chromium.android_webview.services.VariationsSeedServer
09-13 14:31:01.408 4874 4874 I RecommenderReceiver: ===== Rebooted
09-13 14:31:01.410 4874 4874 I RecommenderReceiver: ===== Job scheduled: 1
09-13 14:31:01.424 684 833 I ActivityManager: Start proc 4907:de.tvspielfilm/u0a109 for broadcast de.tvspielfilm/com.evernote.android.job.JobBootReceiver
09-13 14:31:01.426 684 833 I ActivityManager: Killing 3826:com.google.android.youtube.tv/u0a71 (adj 906): empty #17
09-13 14:31:01.429 3756 4295 I Kepler Server: Deferring load: /data/user/0/com.plexapp.mediaserver.smb/Resources/libboost_regex.so.1.59.0
09-13 14:31:01.438 3756 4295 I Kepler Server: Deferring load: /data/user/0/com.plexapp.mediaserver.smb/Resources/libboost_system.so.1.59.0
09-13 14:31:01.473 3756 4295 I Kepler Server: Deferring load: /data/user/0/com.plexapp.mediaserver.smb/Resources/libboost_thread.so.1.59.0
09-13 14:31:01.478 684 1571 D ConnectivityService: ConnectivityService NetworkRequestInfo binderDied(NetworkRequest [ LISTEN id=11, [ Capabilities: INTERNET&NOT_RESTRICTED&TRUSTED&FOREGROUND] ], android.os.BinderProxy@6f49148)
09-13 14:31:01.479 684 1611 I ActivityManager: Killing 1812:com.android.tv.common/u0a32 (adj 906): empty #17
09-13 14:31:01.556 3756 4295 I Kepler Server: Deferring load: /data/user/0/com.plexapp.mediaserver.smb/Resources/libboost_timer.so.1.59.0
09-13 14:31:01.622 4810 4810 I chromium: [INFO:library_loader_hooks.cc(36)] Chromium logging enabled: level = 0, default verbosity = 0
09-13 14:31:01.622 4810 4810 I cr_LibraryLoader: Expected native library version number "69.0.3497.91", actual native library version number "69.0.3497.91"
09-13 14:31:01.645 3756 4295 I Kepler Server: Deferring load: /data/user/0/com.plexapp.mediaserver.smb/Resources/libcrypto.so.1.0.0
09-13 14:31:01.656 4810 4936 W cr_ChildProcLH: Create a new ChildConnectionAllocator with package name = com.google.android.webview, sandboxed = true
09-13 14:31:01.661 4810 4810 I cr_BrowserStartup: Initializing chromium process, singleProcess=false
09-13 14:31:01.679 3756 4295 I Kepler Server: Deferring load: /data/user/0/com.plexapp.mediaserver.smb/Resources/libcurl.so.4
09-13 14:31:01.704 3756 4295 I Kepler Server: Loaded: /data/user/0/com.plexapp.mediaserver.smb/Resources/libdvbapi.so
09-13 14:31:01.708 3756 4295 I Kepler Server: Loaded: /data/user/0/com.plexapp.mediaserver.smb/Resources/libdvbcfg.so
09-13 14:31:01.729 684 773 E ConnectivityService: RemoteException caught trying to send a callback msg for NetworkRequest [ LISTEN id=11, [ Capabilities: INTERNET&NOT_RESTRICTED&TRUSTED&FOREGROUND] ]
09-13 14:31:01.766 3756 4295 I Kepler Server: Deferring load: /data/user/0/com.plexapp.mediaserver.smb/Resources/libdvben50221.so
09-13 14:31:01.772 3756 4295 I Kepler Server: Deferring load: /data/user/0/com.plexapp.mediaserver.smb/Resources/libdvbsec.so
09-13 14:31:01.778 3756 4295 I Kepler Server: Loaded: /data/user/0/com.plexapp.mediaserver.smb/Resources/libesg.so
09-13 14:31:01.792 3756 4295 I Kepler Server: Deferring load: /data/user/0/com.plexapp.mediaserver.smb/Resources/libexpat.so.1
09-13 14:31:01.801 3756 4295 I Kepler Server: Deferring load: /data/user/0/com.plexapp.mediaserver.smb/Resources/libexslt.so
09-13 14:31:01.837 4810 4810 W ications.google: type=1400 audit(0.0:22): avc: denied { read } for name="vmstat" dev="proc" ino=4026540878 scontext=u:r:untrusted_app_25:s0:c512,c768 tcontext=u:object_r:proc:s0 tclass=file permissive=0
09-13 14:31:01.838 2460 4857 I UpnpServiceImpl: <<< UPnP service shutdown completed
09-13 14:31:01.847 4810 4810 I chromium: [INFO:aw_field_trial_creator.cc(54)] First-WebView-Experiment not found
09-13 14:31:01.866 3756 4295 I Kepler Server: Deferring load: /data/user/0/com.plexapp.mediaserver.smb/Resources/libfreeimage.so
09-13 14:31:01.880 3756 4295 I Kepler Server: Deferring load: /data/user/0/com.plexapp.mediaserver.smb/Resources/libgmp.so
09-13 14:31:01.901 3756 4295 I Kepler Server: Deferring load: /data/user/0/com.plexapp.mediaserver.smb/Resources/libgnsdk_correlates.3.10.1.so
09-13 14:31:01.905 4907 4907 I MultiDex: VM with version 2.1.0 has multidex support
09-13 14:31:01.905 4907 4907 I MultiDex: install
09-13 14:31:01.905 4907 4907 I MultiDex: VM has multidex support, MultiDex support library is disabled.
09-13 14:31:01.916 4977 4977 E /system/bin/webview_zygote32: failed to make and chown /acct/uid_99001: Permission denied
09-13 14:31:01.916 4977 4977 E Zygote : createProcessGroup(99001, 0) failed: Permission denied
09-13 14:31:01.917 684 1650 W ActivityManager: Slow operation: 258ms so far, now at startProcess: returned from zygote!
09-13 14:31:01.917 684 1650 W ActivityManager: Slow operation: 258ms so far, now at startProcess: done updating battery stats
09-13 14:31:01.917 684 1650 W ActivityManager: Slow operation: 258ms so far, now at startProcess: building log message
09-13 14:31:01.917 684 1650 I ActivityManager: Start proc 4977:com.google.android.webview:sandboxed_process0/u0i1 for webview_service de.cyberdream.androidtv.notifications.google/org.chromium.content.app.SandboxedProcessService0
09-13 14:31:01.917 684 1650 W ActivityManager: Slow operation: 258ms so far, now at startProcess: starting to update pids map
09-13 14:31:01.917 684 1650 W ActivityManager: Slow operation: 258ms so far, now at startProcess: done updating pids map
09-13 14:31:01.917 684 1650 W ActivityManager: Slow operation: 258ms so far, now at startProcess: done starting proc!
09-13 14:31:01.920 684 703 W Looper : Dispatch took 260ms on android.ui, h=Handler (com.android.server.am.ActivityManagerService$UiHandler) {308e123} cb=null msg=53
09-13 14:31:01.923 4907 4907 D NetworkSecurityConfig: No Network Security Config specified, using platform default
09-13 14:31:01.923 3756 4295 I Kepler Server: Deferring load: /data/user/0/com.plexapp.mediaserver.smb/Resources/libgnsdk_dsp.3.10.1.so
09-13 14:31:01.927 4977 4977 I SamplingProfilerIntegration: Profiling disabled.
09-13 14:31:01.945 3756 4295 I Kepler Server: Deferring load: /data/user/0/com.plexapp.mediaserver.smb/Resources/libgnsdk_link.3.10.1.so
09-13 14:31:01.955 4894 4894 I LoadedApk: No resource references to update in package com.google.android.webview
09-13 14:31:02.065 3756 4295 I Kepler Server: Deferring load: /data/user/0/com.plexapp.mediaserver.smb/Resources/libgnsdk_lookup_local.3.10.1.so
09-13 14:31:02.082 3756 4295 I Kepler Server: Deferring load: /data/user/0/com.plexapp.mediaserver.smb/Resources/libgnsdk_lookup_localstream.3.10.1.so
09-13 14:31:02.150 4230 4579 D PersonalGridServiceDBAdapter: Batch insert on Order. Result: 5718
09-13 14:31:02.152 4230 4579 D JobDownloadManager: Job finished: DOWNLOAD_JOB_ID_SHIELD_APPS_IMMEDIATE, reschedule: false
09-13 14:31:02.152 4230 4579 D JobDownloadManager: Starting Pending Job
09-13 14:31:02.154 4176 5031 D TelemetryService: event FunctionalEvent not sent because of consent:NONE , event gdpr level:FUNCTIONAL , event client id:91452636138522988
09-13 14:31:02.156 4230 4230 D JobDownloadManager: job LAYOUT_JOB_ID_PERIODIC abort
09-13 14:31:02.159 4230 4230 D JobDownloadManager: job SUBSCRIPTION_JOB_IMMEDIATE run
09-13 14:31:02.160 4230 4230 D JobDownloadManager: start job SUBSCRIPTION_JOB_IMMEDIATE
09-13 14:31:02.179 3756 4295 I Kepler Server: Loaded: /data/user/0/com.plexapp.mediaserver.smb/Resources/libgnsdk_manager.3.10.1.so
09-13 14:31:02.199 3756 4295 I Kepler Server: Loaded: /data/user/0/com.plexapp.mediaserver.smb/Resources/libgnsdk_moodgrid.3.10.1.so
09-13 14:31:02.205 4907 4907 I CrashlyticsCore: Initializing Crashlytics 2.3.8.97
09-13 14:31:02.205 684 1654 W ActivityManager: Background start not allowed: service Intent { cmp=de.tvspielfilm/com.evernote.android.job.JobRescheduleService (has extras) } to de.tvspielfilm/com.evernote.android.job.JobRescheduleService from pid=4907 uid=10109 pkg=de.tvspielfilm
09-13 14:31:02.206 4907 4992 E JobRescheduleService: Not allowed to start service Intent { cmp=de.tvspielfilm/com.evernote.android.job.JobRescheduleService (has extras) }: app is in background uid UidRecord{86838e u0a109 RCVR idle procs:1 seq(0,0,0)}
09-13 14:31:02.206 4907 4992 E JobRescheduleService: java.lang.IllegalStateException: Not allowed to start service Intent { cmp=de.tvspielfilm/com.evernote.android.job.JobRescheduleService (has extras) }: app is in background uid UidRecord{86838e u0a109 RCVR idle procs:1 seq(0,0,0)}
09-13 14:31:02.206 4907 4992 E JobRescheduleService: at android.app.ContextImpl.startServiceCommon(ContextImpl.java:1524)
09-13 14:31:02.206 4907 4992 E JobRescheduleService: at android.app.ContextImpl.startService(ContextImpl.java:1480)
09-13 14:31:02.206 4907 4992 E JobRescheduleService: at android.content.ContextWrapper.startService(ContextWrapper.java:644)
09-13 14:31:02.206 4907 4992 E JobRescheduleService: at com.evernote.android.job.l.a(SourceFile:95)
09-13 14:31:02.206 4907 4992 E JobRescheduleService: at com.evernote.android.job.JobRescheduleService.a(SourceFile:27)
09-13 14:31:02.206 4907 4992 E JobRescheduleService: at com.evernote.android.job.e.(SourceFile:189)
09-13 14:31:02.206 4907 4992 E JobRescheduleService: at com.evernote.android.job.e.a(SourceFile:107)
09-13 14:31:02.206 4907 4992 E JobRescheduleService: at io.tempo.schedulers.a.a(SourceFile:53)
09-13 14:31:02.206 4907 4992 E JobRescheduleService: at io.tempo.b.c.j(SourceFile:171)
09-13 14:31:02.206 4907 4992 E JobRescheduleService: at io.tempo.b.c.g(SourceFile:36)
09-13 14:31:02.206 4907 4992 E JobRescheduleService: at io.tempo.b.c$4.a(SourceFile:63)
09-13 14:31:02.206 4907 4992 E JobRescheduleService: at io.tempo.b.c$4.accept(SourceFile:36)
09-13 14:31:02.206 4907 4992 E JobRescheduleService: at io.reactivex.d.e.b.f$b.a(SourceFile:86)
09-13 14:31:02.206 4907 4992 E JobRescheduleService: at io.reactivex.d.e.b.f$b.a(SourceFile:92)
09-13 14:31:02.206 4907 4992 E JobRescheduleService: at io.reactivex.d.e.b.s$c.e(SourceFile:400)
09-13 14:31:02.206 4907 4992 E JobRescheduleService: at io.reactivex.d.e.b.s$a.run(SourceFile:176)
09-13 14:31:02.206 4907 4992 E JobRescheduleService: at io.reactivex.d.g.j.run(SourceFile:66)
09-13 14:31:02.206 4907 4992 E JobRescheduleService: at io.reactivex.d.g.j.call(SourceFile:57)
09-13 14:31:02.206 4907 4992 E JobRescheduleService: at java.util.concurrent.FutureTask.run(FutureTask.java:266)
09-13 14:31:02.206 4907 4992 E JobRescheduleService: at java.util.concurrent.ScheduledThreadPoolExecutor$ScheduledFutureTask.run(ScheduledThreadPoolExecutor.java:301)
09-13 14:31:02.206 4907 4992 E JobRescheduleService: at java.util.concurrent.ThreadPoolExecutor.runWorker(ThreadPoolExecutor.java:1162)
09-13 14:31:02.206 4907 4992 E JobRescheduleService: at java.util.concurrent.ThreadPoolExecutor$Worker.run(ThreadPoolExecutor.java:636)
09-13 14:31:02.206 4907 4992 E JobRescheduleService: at java.lang.Thread.run(Thread.java:764)
09-13 14:31:02.207 4810 4810 W zygote64: Verification of boolean org.chromium.content.browser.selection.SelectionPopupControllerImpl.canPasteAsPlainText() took 186.924ms
09-13 14:31:02.218 4230 4612 D ContentHelper: State transition on class: com.nvidia.pgcontentprovider.a.y
09-13 14:31:02.218 4230 4612 D ContentHelper: From state: STATE_READY, with action: Download_Success
09-13 14:31:02.218 4230 4612 D ContentHelper: To state: STATE_READY, with action: Downloading
09-13 14:31:02.218 4230 4612 D PersonalGridServiceDBAdapter: Batch insert on Order. Result: 1
09-13 14:31:02.218 4230 4612 D ContentHelper: State transition on class: com.nvidia.pgcontentprovider.a.y
09-13 14:31:02.218 4230 4612 D ContentHelper: From state: STATE_READY, with action: Downloading
09-13 14:31:02.218 4230 4612 D ContentHelper: To state: STATE_READY, with action: Download_Success
09-13 14:31:02.224 4907 4992 I JobManager: Found pending job request{id=2201, tag=tempo-android-job-scheduler}, canceling
09-13 14:31:02.241 4907 4907 I GAv4 : Google Analytics 11.9.10 is starting up. To enable debug logging on a device run:
09-13 14:31:02.241 4907 4907 I GAv4 : adb shell setprop log.tag.GAv4 DEBUG
09-13 14:31:02.241 4907 4907 I GAv4 : adb logcat -s GAv4
09-13 14:31:02.249 3756 4295 I Kepler Server: Loaded: /data/user/0/com.plexapp.mediaserver.smb/Resources/libgnsdk_musicid.3.10.1.so
09-13 14:31:02.252 4230 4612 I DownloadStatusWriter: Inserting operation for download status for GameList
09-13 14:31:02.252 4176 5044 D TelemetryService: event FunctionalEvent not sent because of consent:NONE , event gdpr level:FUNCTIONAL , event client id:91452636138522988
09-13 14:31:02.258 4230 4612 I DownloadStatusWriter: Inserting operation for download status for ProductList
09-13 14:31:02.262 5048 5048 E asset : setgid: Operation not permitted
09-13 14:31:02.263 4230 4612 I DownloadStatusWriter: Inserting operation for download status for SubscriptionList
09-13 14:31:02.277 4907 4907 I zygote64: IncrementDisableThreadFlip blocked for 11.912ms
09-13 14:31:02.280 4230 4612 D PersonalGridServiceDBAdapter: Batch insert on Order. Result: 6
09-13 14:31:02.284 4230 4612 D JobDownloadManager: Job finished: SUBSCRIPTION_JOB_IMMEDIATE, reschedule: false
09-13 14:31:02.284 4230 4612 D JobDownloadManager: Starting Pending Job
09-13 14:31:02.291 4230 4230 D JobDownloadManager: job DOWNLOAD_JOB_ID_IMMEDIATE is put in the pending list
09-13 14:31:02.292 4907 5046 W GAv4 : CampaignTrackingReceiver is not registered, not exported or is disabled. Installation campaign tracking is not possible. See http://goo.gl/8Rd3yj for instructions.
09-13 14:31:02.292 4176 5049 D TelemetryService: event FunctionalEvent not sent because of consent:NONE , event gdpr level:FUNCTIONAL , event client id:91452636138522988
09-13 14:31:02.310 3756 4295 I Kepler Server: Loaded: /data/user/0/com.plexapp.mediaserver.smb/Resources/libgnsdk_musicid_file.3.10.1.so
09-13 14:31:02.316 4810 5004 W cr_media: Requires BLUETOOTH permission
09-13 14:31:02.317 3756 4295 I Kepler Server: Loaded: /data/user/0/com.plexapp.mediaserver.smb/Resources/libgnsdk_musicid_match.3.10.1.so
09-13 14:31:02.320 3756 4295 I Kepler Server: Loaded: /data/user/0/com.plexapp.mediaserver.smb/Resources/libgnsdk_musicid_stream.3.10.1.so
09-13 14:31:02.326 3756 4295 I Kepler Server: Loaded: /data/user/0/com.plexapp.mediaserver.smb/Resources/libgnsdk_playlist.3.10.1.so
09-13 14:31:02.333 3756 4295 I Kepler Server: Loaded: /data/user/0/com.plexapp.mediaserver.smb/Resources/libgnsdk_rhythm.3.10.1.so
09-13 14:31:02.349 3756 4295 I Kepler Server: Loaded: /data/user/0/com.plexapp.mediaserver.smb/Resources/libgnsdk_storage_sqlite.3.10.1.so
09-13 14:31:02.377 3756 4295 I Kepler Server: Loaded: /data/user/0/com.plexapp.mediaserver.smb/Resources/libgnsdk_submit.3.10.1.so
09-13 14:31:02.384 4810 4810 I androidTVNotifications: onCreate
09-13 14:31:02.385 4810 4810 I androidTVNotifications: onStart
09-13 14:31:02.385 4810 4810 W ResourceType: Invalid package identifier when getting bag for resource number 0x00000000
09-13 14:31:02.386 4810 4810 I androidTVNotifications: createAndAttachView
09-13 14:31:02.387 3756 4295 I Kepler Server: Loaded: /data/user/0/com.plexapp.mediaserver.smb/Resources/libgnsdk_video.3.10.1.so
09-13 14:31:02.409 4907 4992 D JobProxy24: Schedule one-off jobInfo success, request{id=2202, tag=tempo-android-job-scheduler}, start 01:00:00, end 02:00:00, reschedule count 0
09-13 14:31:02.421 3756 4295 I Kepler Server: Loaded: /data/user/0/com.plexapp.mediaserver.smb/Resources/libgnustl_shared.so
09-13 14:31:02.421 4810 5051 I vndksupport: sphal namespace is not configured for this process. Loading /vendor/lib64/hw/gralloc.tegra.so from the current namespace instead.
09-13 14:31:02.425 4810 4810 D MapperFramework: MapperManager ctr + for:de.cyberdream.androidtv.notifications.google
09-13 14:31:02.430 4810 4810 D MapperFramework: trying to bindservice de.cyberdream.androidtv.notifications.google
09-13 14:31:02.435 4810 5064 D OpenGLRenderer: HWUI GL Pipeline
09-13 14:31:02.443 3756 4295 I Kepler Server: Loaded: /data/user/0/com.plexapp.mediaserver.smb/Resources/libhdhomerun.so
09-13 14:31:02.454 3756 4295 I Kepler Server: Loaded: /data/user/0/com.plexapp.mediaserver.smb/Resources/libiconv.so.2
09-13 14:31:02.460 3756 4295 I Kepler Server: Loaded: /data/user/0/com.plexapp.mediaserver.smb/Resources/liblrc.so
09-13 14:31:02.471 3756 4295 I Kepler Server: Loaded: /data/user/0/com.plexapp.mediaserver.smb/Resources/libminiupnpc.so.10
09-13 14:31:02.482 3756 4295 I Kepler Server: Deferring load: /data/user/0/com.plexapp.mediaserver.smb/Resources/libminizip.so.1
09-13 14:31:02.484 3756 4295 I Kepler Server: Loaded: /data/user/0/com.plexapp.mediaserver.smb/Resources/libnatpmp.so.1
09-13 14:31:02.503 3756 4295 I Kepler Server: Deferring load: /data/user/0/com.plexapp.mediaserver.smb/Resources/libopencv_core.so
09-13 14:31:02.513 3756 4295 I Kepler Server: Deferring load: /data/user/0/com.plexapp.mediaserver.smb/Resources/libopencv_imgproc.so
09-13 14:31:02.520 3756 4295 I Kepler Server: Deferring load: /data/user/0/com.plexapp.mediaserver.smb/Resources/libpion-5.0.so
09-13 14:31:02.526 3756 4295 I Kepler Server: Loaded: /data/user/0/com.plexapp.mediaserver.smb/Resources/libsoci_core.so.3.0.0
09-13 14:31:02.527 791 1208 D bt_btm_pm: Sniff Interval For Device MAC a0:02:dc:07:16:90 is 200.000000 msec.
09-13 14:31:02.530 3756 4295 I Kepler Server: Deferring load: /data/user/0/com.plexapp.mediaserver.smb/Resources/libsoci_sqlite3.so.3.0.0
09-13 14:31:02.536 3756 4295 I Kepler Server: Loaded: /data/user/0/com.plexapp.mediaserver.smb/Resources/libsqlite3.so
