09-13 14:31:20.383 4176 6109 D TelemetryService: event FunctionalEvent not sent because of consent:NONE , event gdpr level:FUNCTIONAL , event client id:91452636138522988
09-13 14:31:21.052 4299 5658 I System.out: Setting shouldscan to true
09-13 14:31:21.052 4299 5214 D ShieldSMBService: Notified by changehandler!
09-13 14:31:21.069 957 6135 W ContextImpl: Calling a method in the system process without a qualified user: android.app.ContextImpl.sendBroadcast:952 android.content.ContextWrapper.sendBroadcast:431 com.android.tv.settings.device.storage.ShieldSMBMediaScanService.sendMediaScanBroadcast:30 com.android.tv.settings.device.storage.ShieldSMBMediaScanService.onHandleIntent:35 android.app.IntentService$ServiceHandler.handleMessage:68
09-13 14:31:21.073 1323 1323 D MediaScannerReceiver: action: android.intent.action.MEDIA_SCANNER_SCAN_FILE path: /storage/emulated/0
09-13 14:31:22.771 684 757 D WindowManager: handleComboKeys keyCode: 22, keyAction: 0
09-13 14:31:22.772 684 757 D WindowManager: handleComboKeys keyCode: 22, keyAction: 1
09-13 14:31:22.828 791 1208 D bt_btm_pm: Sniff Interval For Device MAC a0:02:dc:07:16:90 is 22.500000 msec.
09-13 14:31:22.953 684 757 D WindowManager: handleComboKeys keyCode: 22, keyAction: 0
09-13 14:31:23.135 684 757 D WindowManager: handleComboKeys keyCode: 22, keyAction: 1
09-13 14:31:23.718 684 757 D WindowManager: handleComboKeys keyCode: 23, keyAction: 0
09-13 14:31:23.831 684 757 D WindowManager: handleComboKeys keyCode: 23, keyAction: 1
09-13 14:31:23.853 919 941 D RSMouse : mFeatureEnabled=true mPackageEnabled=false
09-13 14:31:23.855 1774 4684 D ViewRootImpl: windowFocusChanged true com.google.android.tvlauncher
09-13 14:31:23.855 835 1185 D ViewRootImpl: windowFocusChanged false com.android.systemui
09-13 14:31:23.857 1612 1612 D ControllerMapper_S: same binder for com.google.android.tvlauncher skipping
09-13 14:31:23.857 1612 1612 D ControllerMapper_S: notifyAppName com.google.android.tvlauncher old :de.cyberdream.androidtv.notifications.google
09-13 14:31:23.857 1612 1612 D ControllerMapper_S: GameGuide com.google.android.tvlauncher is not in whitelist, ----> hide
09-13 14:31:23.872 1558 2227 I zygote64: Looking for service vendor.nvidia.hardware.power@1.0::IPower/default
09-13 14:31:23.873 285 285 W /system/bin/hwservicemanager: getTransportFromManifest: Cannot find entry vendor.nvidia.hardware.power@1.0::IPower in either framework or device manifest, using default transport.
09-13 14:31:23.873 1558 2227 I zygote64: Starting thread pool.
09-13 14:31:23.924 791 1208 W bt_btif : bta_gattc_conn_cback() - cif=3 connected=0 conn_id=3 reason=0x0100
09-13 14:31:23.924 791 1208 W bt_btif : bta_gattc_conn_cback() - cif=4 connected=0 conn_id=4 reason=0x0100
09-13 14:31:23.924 791 1208 W bt_btif : bta_gattc_conn_cback() - cif=6 connected=0 conn_id=6 reason=0x0100
09-13 14:31:23.967 3796 3807 D BluetoothGatt: onClientConnectionState() - status=133 clientIf=6 device=00:04:4B:9B:43:CE
09-13 14:31:23.998 684 703 W Looper : Dispatch took 130ms on android.ui, h=Handler (com.android.server.am.ActivityManagerService$UiHandler) {308e123} cb=null msg=53
09-13 14:31:24.000 1774 1774 I AppLifecycleTracker: onActivityResumed:
09-13 14:31:24.013 1740 1740 D NotifInteractonRcvr: Show unseen default level notification toasts
09-13 14:31:24.066 3796 3807 D BluetoothGatt: close()
09-13 14:31:24.067 3796 3807 D BluetoothGatt: unregisterApp() - mClientIf=6
09-13 14:31:24.070 684 1982 I vndksupport: sphal namespace is not configured for this process. Loading /vendor/lib64/hw/gralloc.tegra.so from the current namespace instead.
09-13 14:31:24.077 684 1982 I OpenGLRenderer: Initialized EGL, version 1.4
09-13 14:31:24.077 684 1982 D OpenGLRenderer: Swap behavior 2
09-13 14:31:24.110 1307 1346 I ShieldBluetoothScanPolicy: Scans allowed due to PACKAGE POLL
09-13 14:31:24.111 1307 1346 D BluetoothAdapter: isLeEnabled(): ON
09-13 14:31:24.114 1307 1322 D BluetoothLeScanner: onScannerRegistered() - status=0 scannerId=5 mScannerId=0
09-13 14:31:24.129 791 812 D BluetoothAdapterProperties: Discoverable Timeout:-1
09-13 14:31:24.129 791 812 D BluetoothAdapterProperties: Scan Mode:23
09-13 14:31:24.220 684 1982 W libc : invalid pthread_t (0) passed to libc
09-13 14:31:25.047 4230 4610 E JsonUtils: parseJson: java.lang.IllegalStateException: Expected BEGIN_OBJECT but was STRING at line 1 column 1 path $
09-13 14:31:25.051 4176 6324 D TelemetryService: event FunctionalEvent not sent because of consent:NONE , event gdpr level:FUNCTIONAL , event client id:91452636138522988
09-13 14:31:25.948 352 352 E hw-IPCThreadState: binder thread pool (1 threads) starved for 111 ms
09-13 14:31:28.297 684 701 D ActivityManager: Restore default sqlite journal mode
09-13 14:31:29.425 684 752 I ActivityManager: Start proc 6486:com.nvidia.factorysyschecker/1000 for service com.nvidia.factorysyschecker/.NvSysCheckerService
09-13 14:31:29.446 684 684 I WifiLocationBasedCountryCode: getLocationUpdate: false, reason: Timeout
09-13 14:31:29.446 684 684 D CountryDetector: No listener is left
09-13 14:31:29.446 684 684 W AlarmManager: Unrecognized alarm listener vendor.nvidia.hardware.server.wifi.WifiLocationBasedCountryCode$3@4b973e9
09-13 14:31:29.458 684 684 I ActivityManager: Start proc 6501:com.android.vending/u0a34 for service com.android.vending/com.google.android.finsky.scheduler.JobSchedulerEngine$PhoneskyJobSchedulerJobService
09-13 14:31:29.495 684 1675 E ActivityManager: Sending non-protected broadcast com.nvidia.app.tnspec_stats from system 1510:com.nvidia.peripheralservice/1000 pkg com.nvidia.peripheralservice
09-13 14:31:29.495 684 1675 E ActivityManager: java.lang.Throwable
09-13 14:31:29.495 684 1675 E ActivityManager: at com.android.server.am.ActivityManagerService.checkBroadcastFromSystem(ActivityManagerService.java:19077)
09-13 14:31:29.495 684 1675 E ActivityManager: at com.android.server.am.ActivityManagerService.broadcastIntentLocked(ActivityManagerService.java:19682)
09-13 14:31:29.495 684 1675 E ActivityManager: at com.android.server.am.ActivityManagerService.broadcastIntent(ActivityManagerService.java:19841)
09-13 14:31:29.495 684 1675 E ActivityManager: at android.app.IActivityManager$Stub.onTransact(IActivityManager.java:240)
09-13 14:31:29.495 684 1675 E ActivityManager: at com.android.server.am.ActivityManagerService.onTransact(ActivityManagerService.java:2967)
09-13 14:31:29.495 684 1675 E ActivityManager: at android.os.Binder.execTransact(Binder.java:674)
09-13 14:31:29.687 6486 6486 I FactorySysChecker NvSysCheckerService: All tests passed. Alert dialog not shown
09-13 14:31:29.720 684 701 I zygote64: Explicit concurrent copying GC freed 176509(5MB) AllocSpace objects, 0(0B) LOS objects, 42% free, 12MB/21MB, paused 2.523ms total 180.362ms
09-13 14:31:30.210 6501 6559 I Finsky : [126] com.google.android.finsky.ds.a.l.a(5): Started reading experiment flags from file [QpWFypcG_CdPfRyQfs12kvNtSb8].
09-13 14:31:30.210 6501 6558 I Finsky : [125] com.google.android.finsky.ds.a.l.a(5): Started reading experiment flags from file [SKocQA9EQQFTb-1gQsc5WsjVhGA].
09-13 14:31:30.218 6501 6558 I Finsky : [125] com.google.android.finsky.ds.a.l.a(13): Finished reading experiment flags from file [SKocQA9EQQFTb-1gQsc5WsjVhGA].
09-13 14:31:30.221 6501 6559 I Finsky : [126] com.google.android.finsky.ds.a.l.a(13): Finished reading experiment flags from file [QpWFypcG_CdPfRyQfs12kvNtSb8].
09-13 14:31:30.242 6501 6501 I Finsky : [2] com.google.android.finsky.wear.br.a(12): Cannot enable service: com.google.android.finsky.wear.dr
09-13 14:31:30.243 6501 6501 I Finsky : [2] com.google.android.finsky.wear.br.a(12): Cannot enable service: com.google.android.finsky.wear.m
09-13 14:31:30.244 6501 6501 I Finsky : [2] com.google.android.finsky.application.b.c.b(510): Not a unicorn device
09-13 14:31:30.276 6501 6501 W Settings: Setting download_manager_max_bytes_over_mobile has moved from android.provider.Settings.Secure to android.provider.Settings.Global.
09-13 14:31:30.278 6501 6501 W Settings: Setting download_manager_recommended_max_bytes_over_mobile has moved from android.provider.Settings.Secure to android.provider.Settings.Global.
09-13 14:31:30.335 6501 6560 I cr_CronetLibraryLoader: Cronet version: 69.0.3497.9, arch: armv8l
09-13 14:31:30.359 6501 6501 I Finsky : [2] com.google.android.finsky.scheduler.ba.(18): Resetting scheduler db
09-13 14:31:30.418 6501 6593 I Finsky : [152] com.google.android.finsky.library.a.f.j(52): Loaded library for account: [S6_eMojXQ1OMox6Cv7QGvoSjCTM]
09-13 14:31:30.438 6501 6501 I Finsky : [2] com.google.android.finsky.installer.a.r.(15): Not checking if recovering from paused session because experiment is off
09-13 14:31:30.439 6501 6501 I Finsky : [2] com.google.android.finsky.splitinstallservice.ca.a(10): Connecting InstallListener to SplitInstallService broadcaster...
09-13 14:31:30.444 6501 6501 I Finsky : [2] com.google.android.finsky.db.a.a(25): Enabling bucket experiment: factor=1.000, zeroDelta=0ms, forceNetwork=true
09-13 14:31:30.475 6501 6593 I Finsky : [152] com.google.android.finsky.library.a.f.j(76): Finished loading 1 libraries.
09-13 14:31:30.508 6501 6501 I Finsky : [2] com.google.android.finsky.installer.a.ah.a(474): Installer kick - no action, not running yet
09-13 14:31:30.509 6501 6501 I Finsky : [2] com.google.android.finsky.installer.a.ah.a(474): Installer kick - no action, not running yet
09-13 14:31:30.510 684 1544 I ActivityManager: Killing 5112:flar2.homebutton/u0a93 (adj 906): empty #17
09-13 14:31:30.510 684 1544 I ActivityManager: Killing 4894:com.google.android.webview:webview_service/u0a70 (adj 906): empty #18
09-13 14:31:30.526 6501 6501 I Finsky : [2] com.google.android.finsky.scheduler.JobSchedulerEngine$PhoneskyJobSchedulerJobService.onStartJob(7): onJobSchedulerWakeup with jobId 9001
09-13 14:31:30.529 6501 6501 I Finsky : [2] com.google.android.finsky.scheduler.v.a(29): Scheduling fallback job with id: 9034, and delay: 43200000 ms
09-13 14:31:30.534 6501 6606 I PrimesTesting: GserviceFlagsSupplier.get()
09-13 14:31:30.535 6501 6501 I Finsky : [2] com.google.android.finsky.scheduler.v.a(39): Scheduling fallback in 64799995 (absolute: 64885783)
09-13 14:31:30.542 6501 6501 I Finsky : [2] com.google.android.finsky.scheduler.ac.handleMessage(16): DeviceState: DeviceState{currentTime=1536841890540, isCharging=true, isIdle=false, netAny=true, netNotRoaming=true, netUnmetered=true}
09-13 14:31:30.545 6501 6501 I Finsky : [2] com.google.android.finsky.scheduler.ba.a(64): Jobs in database: 1-1337 12-1
09-13 14:31:30.546 6501 6501 I Finsky : [2] com.google.android.finsky.scheduler.x.a(58): Running job: 12-1
09-13 14:31:30.546 6501 6501 I Finsky : [2] com.google.android.finsky.contentsync.ContentSyncJob.a(28): ContentSyncJob started
09-13 14:31:30.575 6501 6501 I Finsky : [2] com.google.android.finsky.scheduler.x.a(99): RunningQueue size: 1, PendingQueue size: 0
09-13 14:31:30.576 6501 6501 I Finsky : [2] com.google.android.finsky.scheduler.x.a(108): Running queue: 12-1
09-13 14:31:30.708 6501 6564 I Finsky : [131] com.google.android.finsky.m.c.a(20): Completed 0 account content syncs with 0 successful.
09-13 14:31:30.709 6501 6501 I Finsky : [2] com.google.android.finsky.contentsync.ContentSyncJob.a(26): Installation state replication succeeded.
09-13 14:31:30.709 6501 6501 I Finsky : [2] com.google.android.finsky.scheduler.ax.b(8): jobFinished: 12-1. TimeElapsed: 163ms
09-13 14:31:30.709 6501 6501 I Finsky : [2] com.google.android.finsky.scheduler.x.a(132): Job 12-1 finished
09-13 14:31:30.710 6501 6501 I Finsky : [2] com.google.android.finsky.scheduler.x.a(99): RunningQueue size: 0, PendingQueue size: 0
09-13 14:31:30.710 6501 6501 I Finsky : [2] com.google.android.finsky.scheduler.ac.handleMessage(41): Executor finished
09-13 14:31:30.722 6501 6501 I Finsky : [2] com.google.android.finsky.scheduler.ba.a(64): Jobs in database: 1-1337
09-13 14:31:30.724 6501 6501 I Finsky : [2] com.google.android.finsky.scheduler.g.a(68): ConstraintMapping: 1-1337, -> L: 17961444ms, D: 104361444ms, C: false, I: false, N: 1
09-13 14:31:30.725 684 834 I ActivityManager: Killing 5131:org.videolan.vlc/u0a87 (adj 906): empty #17
09-13 14:31:30.738 6501 6501 I Finsky : [2] com.google.android.finsky.scheduler.JobSchedulerEngine.a(93): Scheduling job Id: 9000, L: 17961444, D: 104361444, C: false, I: false, N: 1
09-13 14:31:30.908 791 1208 D bt_btm_pm: Sniff Interval For Device MAC a0:02:dc:07:16:90 is 200.000000 msec.
09-13 14:31:31.957 4230 4613 D Retrofit: --> GET https://gfnpc.api.entitlement-prod.nvidiagrid.net/v2/apps?languageCode=de_DE&countryCode=DE&vpcId=NP-FRK-01&serviceName=gfn_pc http/1.1
09-13 14:31:32.129 4230 4613 D Retrofit: <-- 200 https://gfnpc.api.entitlement-prod.nvidiagrid.net/v2/apps?languageCode=de_DE&countryCode=DE&vpcId=NP-FRK-01&serviceName=gfn_pc (171ms, 266223-byte body)
09-13 14:31:32.255 4230 4613 D BifrostClient: request statusCode : SUCCESS_STATUS
09-13 14:31:32.269 4176 6678 D TelemetryService: event FunctionalEvent not sent because of consent:NONE , event gdpr level:FUNCTIONAL , event client id:91452636138522988
09-13 14:31:32.359 684 757 D WindowManager: handleComboKeys keyCode: 19, keyAction: 0
09-13 14:31:32.360 684 757 D WindowManager: handleComboKeys keyCode: 19, keyAction: 1
09-13 14:31:32.419 791 1208 D bt_btm_pm: Sniff Interval For Device MAC a0:02:dc:07:16:90 is 22.500000 msec.
09-13 14:31:32.535 2771 6680 E zygote64: No implementation found for boolean org.xbmc.kodi.XBMCFile._open(java.lang.String) (tried Java_org_xbmc_kodi_XBMCFile__1open and Java_org_xbmc_kodi_XBMCFile__1open__Ljava_lang_String_2)
09-13 14:31:32.535 2771 6679 E zygote64: No implementation found for boolean org.xbmc.kodi.XBMCFile._open(java.lang.String) (tried Java_org_xbmc_kodi_XBMCFile__1open and Java_org_xbmc_kodi_XBMCFile__1open__Ljava_lang_String_2)
09-13 14:31:32.535 2771 6680 E Kodifile: Open: Not available
09-13 14:31:32.535 2771 6679 E Kodifile: Open: Not available
09-13 14:31:32.536 1774 2317 D skia : --- SkAndroidCodec::NewFromStream returned null
09-13 14:31:32.536 1774 2317 D skia : --- SkAndroidCodec::NewFromStream returned null
09-13 14:31:32.536 1774 2293 D skia : --- SkAndroidCodec::NewFromStream returned null
09-13 14:31:32.536 1774 2293 D skia : --- SkAndroidCodec::NewFromStream returned null
09-13 14:31:32.537 2771 6681 E zygote64: No implementation found for boolean org.xbmc.kodi.XBMCFile._open(java.lang.String) (tried Java_org_xbmc_kodi_XBMCFile__1open and Java_org_xbmc_kodi_XBMCFile__1open__Ljava_lang_String_2)
09-13 14:31:32.537 2771 6681 E Kodifile: Open: Not available
09-13 14:31:32.539 2771 6682 E zygote64: No implementation found for boolean org.xbmc.kodi.XBMCFile._open(java.lang.String) (tried Java_org_xbmc_kodi_XBMCFile__1open and Java_org_xbmc_kodi_XBMCFile__1open__Ljava_lang_String_2)
09-13 14:31:32.539 2771 6682 E Kodifile: Open: Not available
09-13 14:31:32.542 419 983 E MetadataRetrieverClient: offset (0) bigger than file size (0)
09-13 14:31:32.543 419 1171 E MetadataRetrieverClient: offset (0) bigger than file size (0)
09-13 14:31:32.779 1774 1785 I zygote64: NativeAllocBackground concurrent copying GC freed 20763(1265KB) AllocSpace objects, 34(2MB) LOS objects, 49% free, 4MB/8MB, paused 32.482ms total 119.322ms
09-13 14:31:32.870 1774 1774 W Glide : Load failed for content://org.xbmc.kodi.file#image%3A%2F%2Fhttp%253a%252f%252fimage.tmdb.org%252ft%252fp%252fw342%252fcex9Tml8m8E0QZOUlnIDvuFHBpT.jpg%2F with size [564x306]
09-13 14:31:32.870 1774 1774 W Glide : class com.bumptech.glide.load.engine.GlideException: Failed to load resource
09-13 14:31:32.870 1774 1774 W Glide : Cause (1 of 2): class com.bumptech.glide.load.engine.GlideException: Failed LoadPath{AutoCloseInputStream->Object->PaletteBitmapContainer}, LOCAL
09-13 14:31:32.870 1774 1774 W Glide : Cause (1 of 1): class com.bumptech.glide.load.engine.GlideException: Failed DecodePath{AutoCloseInputStream->Bitmap->PaletteBitmapContainer}
09-13 14:31:32.870 1774 1774 W Glide : Cause (2 of 2): class com.bumptech.glide.load.engine.GlideException: Failed LoadPath{ParcelFileDescriptorInner->Object->PaletteBitmapContainer}, LOCAL
09-13 14:31:32.870 1774 1774 W Glide : Cause (1 of 1): class com.bumptech.glide.load.engine.GlideException: Failed DecodePath{ParcelFileDescriptorInner->Bitmap->PaletteBitmapContainer}
09-13 14:31:32.870 1774 1774 E Glide : class com.bumptech.glide.load.engine.GlideException: Failed to load resource
09-13 14:31:32.871 1774 1774 W Glide : Load failed for content://org.xbmc.kodi.file#image%3A%2F%2Fhttp%253a%252f%252fimage.tmdb.org%252ft%252fp%252fw500%252foIOzNshRATOn6LiD4GEhznVHYd9.jpg%2F with size [564x306]
09-13 14:31:32.871 1774 1774 W Glide : class com.bumptech.glide.load.engine.GlideException: Failed to load resource
09-13 14:31:32.871 1774 1774 W Glide : Cause (1 of 2): class com.bumptech.glide.load.engine.GlideException: Failed LoadPath{AutoCloseInputStream->Object->PaletteBitmapContainer}, LOCAL
09-13 14:31:32.871 1774 1774 W Glide : Cause (1 of 1): class com.bumptech.glide.load.engine.GlideException: Failed DecodePath{AutoCloseInputStream->Bitmap->PaletteBitmapContainer}
09-13 14:31:32.871 1774 1774 W Glide : Cause (2 of 2): class com.bumptech.glide.load.engine.GlideException: Failed LoadPath{ParcelFileDescriptorInner->Object->PaletteBitmapContainer}, LOCAL
09-13 14:31:32.871 1774 1774 W Glide : Cause (1 of 1): class com.bumptech.glide.load.engine.GlideException: Failed DecodePath{ParcelFileDescriptorInner->Bitmap->PaletteBitmapContainer}
09-13 14:31:32.871 1774 1774 E Glide : class com.bumptech.glide.load.engine.GlideException: Failed to load resource
09-13 14:31:33.113 1323 1413 V MediaProvider: pruneThumbnails
09-13 14:31:33.145 684 757 D WindowManager: handleComboKeys keyCode: 22, keyAction: 0
09-13 14:31:33.148 1323 1413 V MediaProvider: /pruneDeadThumbnailFiles...
09-13 14:31:33.149 684 702 W BroadcastQueue: Background execution not allowed: receiving Intent { act=android.intent.action.MEDIA_SCANNER_FINISHED dat=file:///storage/emulated/0 flg=0x10 } to com.nvidia.shield.nas/.StateMonitor
09-13 14:31:33.149 684 702 W BroadcastQueue: Background execution not allowed: receiving Intent { act=android.intent.action.MEDIA_SCANNER_FINISHED dat=file:///storage/emulated/0 flg=0x10 } to com.archos.mediacenter.videofree/com.archos.mediaprovider.video.VideoStoreImportReceiver
09-13 14:31:33.151 684 702 W BroadcastQueue: Background execution not allowed: receiving Intent { act=android.intent.action.MEDIA_SCANNER_STARTED dat=file:///system/media flg=0x10 } to com.nvidia.shield.nas/.StateMonitor
09-13 14:31:33.151 684 702 W BroadcastQueue: Background execution not allowed: receiving Intent { act=android.intent.action.MEDIA_SCANNER_STARTED dat=file:///system/media flg=0x10 } to com.archos.mediacenter.videofree/com.archos.mediaprovider.video.VideoStoreImportReceiver
09-13 14:31:33.272 1323 1413 W MediaScanner: Error opening directory '/oem/media/', skipping: No such file or directory.
09-13 14:31:33.280 684 757 D WindowManager: handleComboKeys keyCode: 22, keyAction: 1
09-13 14:31:33.306 1323 1413 V MediaProvider: pruneThumbnails
09-13 14:31:33.308 1323 1413 V MediaProvider: /pruneDeadThumbnailFiles...
09-13 14:31:33.309 684 702 W BroadcastQueue: Background execution not allowed: receiving Intent { act=android.intent.action.MEDIA_SCANNER_FINISHED dat=file:///system/media flg=0x10 } to com.nvidia.shield.nas/.StateMonitor
09-13 14:31:33.309 684 702 W BroadcastQueue: Background execution not allowed: receiving Intent { act=android.intent.action.MEDIA_SCANNER_FINISHED dat=file:///system/media flg=0x10 } to com.archos.mediacenter.videofree/com.archos.mediaprovider.video.VideoStoreImportReceiver
09-13 14:31:33.312 684 702 W BroadcastQueue: Background execution not allowed: receiving Intent { act=android.intent.action.MEDIA_SCANNER_STARTED dat=file:///storage/emulated/0 flg=0x10 } to com.nvidia.shield.nas/.StateMonitor
09-13 14:31:33.312 684 702 W BroadcastQueue: Background execution not allowed: receiving Intent { act=android.intent.action.MEDIA_SCANNER_STARTED dat=file:///storage/emulated/0 flg=0x10 } to com.archos.mediacenter.videofree/com.archos.mediaprovider.video.VideoStoreImportReceiver
09-13 14:31:33.356 1323 1335 D SQLiteConnection: set WAL/OFF: /data/user/0/com.android.providers.media/databases/external.db
09-13 14:31:33.387 1472 6683 I iu.UploadsManager: End new media; added: 0, uploading: 0, time: 62 ms
09-13 14:31:33.565 684 6514 I BackgroundDexOptService: Pinning optimized code {}
09-13 14:31:33.566 352 352 E hw-IPCThreadState: binder thread pool (1 threads) starved for 110 ms
09-13 14:31:34.020 3140 3595 I chromium: [3140:3595:INFO:ssdp_device.c(101)] SSDP packets sent for 39 seconds = 13
09-13 14:31:35.865 4230 4515 D PersonalGridServiceDBAdapter: Batch insert on Order. Result: 22684
09-13 14:31:35.865 4230 4515 D CollectionTileJob: Successful downloads: Sections - 15, Tiles - 4560
09-13 14:31:35.867 4230 4515 D JobDownloadManager: Job finished: COLLECTION_TILE_IMMEDIATE, reschedule: false
09-13 14:31:35.867 4230 4515 D JobDownloadManager: Starting Pending Job
09-13 14:31:35.870 4176 6686 D TelemetryService: event FunctionalEvent not sent because of consent:NONE , event gdpr level:FUNCTIONAL , event client id:91452636138522988
09-13 14:31:35.904 1323 1413 D MediaProvider: object removed 126270
09-13 14:31:35.905 1323 1413 D MediaProvider: object removed 126271
09-13 14:31:36.565 684 757 D WindowManager: handleComboKeys keyCode: 20, keyAction: 0
09-13 14:31:36.595 2771 6687 E zygote64: No implementation found for boolean org.xbmc.kodi.XBMCFile._open(java.lang.String) (tried Java_org_xbmc_kodi_XBMCFile__1open and Java_org_xbmc_kodi_XBMCFile__1open__Ljava_lang_String_2)
09-13 14:31:36.595 2771 6687 E Kodifile: Open: Not available
09-13 14:31:36.597 1774 2293 D skia : --- SkAndroidCodec::NewFromStream returned null
09-13 14:31:36.597 1774 2293 D skia : --- SkAndroidCodec::NewFromStream returned null
09-13 14:31:36.598 2771 6688 E zygote64: No implementation found for boolean org.xbmc.kodi.XBMCFile._open(java.lang.String) (tried Java_org_xbmc_kodi_XBMCFile__1open and Java_org_xbmc_kodi_XBMCFile__1open__Ljava_lang_String_2)
09-13 14:31:36.598 2771 6688 E Kodifile: Open: Not available
09-13 14:31:36.599 1774 2294 D skia : --- SkAndroidCodec::NewFromStream returned null
09-13 14:31:36.599 1774 2294 D skia : --- SkAndroidCodec::NewFromStream returned null
09-13 14:31:36.600 2771 6689 E zygote64: No implementation found for boolean org.xbmc.kodi.XBMCFile._open(java.lang.String) (tried Java_org_xbmc_kodi_XBMCFile__1open and Java_org_xbmc_kodi_XBMCFile__1open__Ljava_lang_String_2)
09-13 14:31:36.600 2771 6689 E Kodifile: Open: Not available
09-13 14:31:36.606 419 1046 E MetadataRetrieverClient: offset (0) bigger than file size (0)
09-13 14:31:36.607 419 1171 E MetadataRetrieverClient: offset (0) bigger than file size (0)
09-13 14:31:36.609 2771 6690 E zygote64: No implementation found for boolean org.xbmc.kodi.XBMCFile._open(java.lang.String) (tried Java_org_xbmc_kodi_XBMCFile__1open and Java_org_xbmc_kodi_XBMCFile__1open__Ljava_lang_String_2)
09-13 14:31:36.609 2771 6690 E Kodifile: Open: Not available
09-13 14:31:36.639 1740 1752 D TVNotifService: getConnectedInstanceBlocking - block
09-13 14:31:36.639 1740 1752 D TVNotifService: getConnectedInstanceBlockingWithTimeout - done
09-13 14:31:36.693 1774 1774 W Glide : Load failed for content://org.xbmc.kodi.file#image%3A%2F%2Fhttp%253a%252f%252fimage.tmdb.org%252ft%252fp%252fw500%252foIOzNshRATOn6LiD4GEhznVHYd9.jpg%2F with size [564x306]
09-13 14:31:36.693 1774 1774 W Glide : class com.bumptech.glide.load.engine.GlideException: Failed to load resource
09-13 14:31:36.693 1774 1774 W Glide : Cause (1 of 2): class com.bumptech.glide.load.engine.GlideException: Failed LoadPath{AutoCloseInputStream->Object->PaletteBitmapContainer}, LOCAL
09-13 14:31:36.693 1774 1774 W Glide : Cause (1 of 1): class com.bumptech.glide.load.engine.GlideException: Failed DecodePath{AutoCloseInputStream->Bitmap->PaletteBitmapContainer}
09-13 14:31:36.693 1774 1774 W Glide : Cause (2 of 2): class com.bumptech.glide.load.engine.GlideException: Failed LoadPath{ParcelFileDescriptorInner->Object->PaletteBitmapContainer}, LOCAL
09-13 14:31:36.693 1774 1774 W Glide : Cause (1 of 1): class com.bumptech.glide.load.engine.GlideException: Failed DecodePath{ParcelFileDescriptorInner->Bitmap->PaletteBitmapContainer}
09-13 14:31:36.693 1774 1774 E Glide : class com.bumptech.glide.load.engine.GlideException: Failed to load resource
09-13 14:31:36.695 1774 1774 W Glide : Load failed for content://org.xbmc.kodi.file#image%3A%2F%2Fhttp%253a%252f%252fimage.tmdb.org%252ft%252fp%252fw342%252fcex9Tml8m8E0QZOUlnIDvuFHBpT.jpg%2F with size [564x306]
09-13 14:31:36.695 1774 1774 W Glide : class com.bumptech.glide.load.engine.GlideException: Failed to load resource
09-13 14:31:36.695 1774 1774 W Glide : Cause (1 of 2): class com.bumptech.glide.load.engine.GlideException: Failed LoadPath{AutoCloseInputStream->Object->PaletteBitmapContainer}, LOCAL
09-13 14:31:36.695 1774 1774 W Glide : Cause (1 of 1): class com.bumptech.glide.load.engine.GlideException: Failed DecodePath{AutoCloseInputStream->Bitmap->PaletteBitmapContainer}
09-13 14:31:36.695 1774 1774 W Glide : Cause (2 of 2): class com.bumptech.glide.load.engine.GlideException: Failed LoadPath{ParcelFileDescriptorInner->Object->PaletteBitmapContainer}, LOCAL
09-13 14:31:36.695 1774 1774 W Glide : Cause (1 of 1): class com.bumptech.glide.load.engine.GlideException: Failed DecodePath{ParcelFileDescriptorInner->Bitmap->PaletteBitmapContainer}
09-13 14:31:36.695 1774 1774 E Glide : class com.bumptech.glide.load.engine.GlideException: Failed to load resource
09-13 14:31:36.745 684 757 D WindowManager: handleComboKeys keyCode: 20, keyAction: 1
09-13 14:31:37.308 684 757 D WindowManager: handleComboKeys keyCode: 22, keyAction: 0
09-13 14:31:37.442 684 757 D WindowManager: handleComboKeys keyCode: 22, keyAction: 1
09-13 14:31:37.824 4155 4155 D ChannelsJobService: onStartJob: 1767487
09-13 14:31:37.824 4155 4155 D ChannelsJobService: uris changed[content://com.nvidia.pgcontentprovider.PGContentProvider//minimal/sectiontileview, content://com.nvidia.pgcontentprovider.PGContentProvider//minimal/layoutsectionview]
09-13 14:31:37.825 4155 6692 D TegraZoneApplication: no need to lock thread:Thread[pool-3-thread-1,5,main]
09-13 14:31:37.825 4155 6692 D ChannelsJobService: ChannelsJob called
09-13 14:31:38.266 4155 6692 D TileAndroidGame: Unable to parse developer
09-13 14:31:38.266 4155 6692 D TileAndroidGame: org.json.JSONException: End of input at character 0 of
09-13 14:31:38.266 4155 6692 D TileAndroidGame: at org.json.JSONTokener.syntaxError(JSONTokener.java:449)
09-13 14:31:38.266 4155 6692 D TileAndroidGame: at org.json.JSONTokener.nextValue(JSONTokener.java:97)
09-13 14:31:38.266 4155 6692 D TileAndroidGame: at org.json.JSONObject.(JSONObject.java:159)
09-13 14:31:38.266 4155 6692 D TileAndroidGame: at org.json.JSONObject.(JSONObject.java:176)
09-13 14:31:38.266 4155 6692 D TileAndroidGame: at com.nvidia.tegrazone.e.b.i.a(GameStream:155)
09-13 14:31:38.266 4155 6692 D TileAndroidGame: at com.nvidia.tegrazone.e.a.a(GameStream:384)
09-13 14:31:38.266 4155 6692 D TileAndroidGame: at com.nvidia.tegrazone.e.a.a(GameStream:80)
09-13 14:31:38.266 4155 6692 D TileAndroidGame: at com.nvidia.tegrazone.channels.ChannelsJobService.a(GameStream:199)
09-13 14:31:38.266 4155 6692 D TileAndroidGame: at com.nvidia.tegrazone.channels.ChannelsJobService.a(GameStream:83)
09-13 14:31:38.266 4155 6692 D TileAndroidGame: at com.nvidia.tegrazone.channels.ChannelsJobService$a.a(GameStream:181)
09-13 14:31:38.266 4155 6692 D TileAndroidGame: at com.nvidia.tegrazone.channels.ChannelsJobService$a.call(GameStream:162)
09-13 14:31:38.266 4155 6692 D TileAndroidGame: at java.util.concurrent.FutureTask.run(FutureTask.java:266)
09-13 14:31:38.266 4155 6692 D TileAndroidGame: at java.util.concurrent.ThreadPoolExecutor.runWorker(ThreadPoolExecutor.java:1162)
09-13 14:31:38.266 4155 6692 D TileAndroidGame: at java.util.concurrent.ThreadPoolExecutor$Worker.run(ThreadPoolExecutor.java:636)
09-13 14:31:38.266 4155 6692 D TileAndroidGame: at java.lang.Thread.run(Thread.java:764)
09-13 14:31:38.967 4155 6692 D ChannelsJobService: scheduleSaleUpdateIfNeeded: sale update NOT scheduled, beyond horizon
09-13 14:31:39.256 4155 6692 D ChannelsJobService: scheduleForChannelChanges
09-13 14:31:40.067 352 352 E hw-IPCThreadState: binder thread pool (1 threads) starved for 120 ms
09-13 14:31:40.204 6501 6560 E Finsky : [127] com.google.android.finsky.av.c.a(25): Unable to build selector: /storage/emulated/0/Download/marketenvs.csv (No such file or directory)
09-13 14:31:40.223 6501 6605 I Finsky : [158] com.google.android.finsky.ds.a.a.a.b(28): Triggered update for experiment package com.google.android.finsky.stable.
09-13 14:31:40.315 6501 6605 I Finsky : [158] com.google.android.finsky.ds.a.a.a.b(60): Already at the latest configurations for experiment package com.google.android.finsky.stable.
09-13 14:31:40.316 6501 6604 I Finsky : [157] com.google.android.finsky.ds.a.a.a.b(28): Triggered update for experiment package com.google.android.finsky.regular.
09-13 14:31:40.324 6501 6604 I Finsky : [157] com.google.android.finsky.ds.a.a.a.b(60): Already at the latest configurations for experiment package com.google.android.finsky.regular.
09-13 14:31:40.324 6501 6596 I Finsky : [154] com.google.android.finsky.ds.a.a.a.b(28): Triggered update for experiment package com.google.android.finsky.regular.
09-13 14:31:40.341 6501 6596 I Finsky : [154] com.google.android.finsky.ds.a.l.a(5): Started reading experiment flags from file [v6B-2IolLQRBwrwPhscSaeg04As].
09-13 14:31:40.342 6501 6596 I Finsky : [154] com.google.android.finsky.ds.a.l.a(13): Finished reading experiment flags from file [v6B-2IolLQRBwrwPhscSaeg04As].
09-13 14:31:40.342 6501 6596 I Finsky : [154] com.google.android.finsky.ds.a.a.a.b(60): Already at the latest configurations for experiment package com.google.android.finsky.regular.
09-13 14:31:40.493 6501 6605 I Finsky : [158] com.google.android.finsky.verifier.impl.ay.a(5): Restoring notifications
09-13 14:31:40.568 6501 6501 I Finsky : [2] com.google.android.finsky.verifier.impl.ay.c(32): Done restoring notifications
09-13 14:31:40.580 1740 1740 D TVNotifService: skipped notification StatusBarNotification(pkg=com.android.vending user=UserHandle{0} id=1429623742 tag=null key=0|com.android.vending|1429623742|null|10034: Notification(channel=1.high-priority-notifications pri=2 contentView=null vibrate=null sound=null tick defaults=0x0 flags=0x102 color=0xfff4511e category=status actions=1 vis=PRIVATE)) userId: 0
09-13 14:31:40.580 6501 6501 I Finsky : [2] com.google.android.finsky.setup.az.run(7): Detected restoreservicev2://recovery not needed, will not run
09-13 14:31:40.857 684 701 D ActivityManager: Restore default sqlite journal mode
09-13 14:31:43.344 1472 6700 I iu.UploadsManager: End new media; added: 0, uploading: 0, time: 20 ms
09-13 14:31:44.537 791 1208 D bt_btm_pm: Sniff Interval For Device MAC a0:02:dc:07:16:90 is 200.000000 msec.
09-13 14:31:47.640 352 352 E hw-IPCThreadState: binder thread pool (1 threads) starved for 111 ms
09-13 14:31:48.347 1323 1413 V MediaProvider: pruneThumbnails
09-13 14:31:48.349 1323 1413 V MediaProvider: /pruneDeadThumbnailFiles...
09-13 14:31:48.350 684 702 W BroadcastQueue: Background execution not allowed: receiving Intent { act=android.intent.action.MEDIA_SCANNER_FINISHED dat=file:///storage/emulated/0 flg=0x10 } to com.nvidia.shield.nas/.StateMonitor
09-13 14:31:48.350 684 702 W BroadcastQueue: Background execution not allowed: receiving Intent { act=android.intent.action.MEDIA_SCANNER_FINISHED dat=file:///storage/emulated/0 flg=0x10 } to com.archos.mediacenter.videofree/com.archos.mediaprovider.video.VideoStoreImportReceiver
09-13 14:31:48.353 684 702 W BroadcastQueue: Background execution not allowed: receiving Intent { act=android.intent.action.MEDIA_SCANNER_STARTED dat=file:///storage/emulated/0 flg=0x10 } to com.nvidia.shield.nas/.StateMonitor
09-13 14:31:48.353 684 702 W BroadcastQueue: Background execution not allowed: receiving Intent { act=android.intent.action.MEDIA_SCANNER_STARTED dat=file:///storage/emulated/0 flg=0x10 } to com.archos.mediacenter.videofree/com.archos.mediaprovider.video.VideoStoreImportReceiver
09-13 14:31:49.752 684 757 D WindowManager: handleComboKeys keyCode: 23, keyAction: 0
09-13 14:31:49.754 684 757 D WindowManager: handleComboKeys keyCode: 23, keyAction: 1
09-13 14:31:49.785 684 1610 I ActivityManager: START u0 {act=android.intent.action.MAIN cat=[android.intent.category.LEANBACK_LAUNCHER] flg=0x10000000 pkg=org.xbmc.kodinerds cmp=org.xbmc.kodinerds/.Splash} from uid 10103
09-13 14:31:49.798 684 1610 I stats : Service Connected
09-13 14:31:49.799 355 355 E powerHAL::common: Unknown power hint: 0x8
09-13 14:31:49.811 1774 1774 I AppLifecycleTracker: onActivityPaused:
09-13 14:31:49.821 791 1208 D bt_btm_pm: Sniff Interval For Device MAC a0:02:dc:07:16:90 is 22.500000 msec.
09-13 14:31:49.857 919 3468 D RSMouse : mFeatureEnabled=true mPackageEnabled=false
09-13 14:31:49.859 1774 2121 D ViewRootImpl: windowFocusChanged false com.google.android.tvlauncher
09-13 14:31:49.861 684 6707 W NvAppProfileService: App Profiles: Enabled
09-13 14:31:49.865 1558 1570 I zygote64: Looking for service vendor.nvidia.hardware.power@1.0::IPower/default
09-13 14:31:49.865 285 285 W /system/bin/hwservicemanager: getTransportFromManifest: Cannot find entry vendor.nvidia.hardware.power@1.0::IPower in either framework or device manifest, using default transport.
09-13 14:31:49.866 1558 1570 I zygote64: Starting thread pool.
09-13 14:31:49.952 5181 5181 I Kodi : ABI: arm64-v8a
09-13 14:31:49.952 5181 5181 I Kodi : ABI: armeabi-v7a
09-13 14:31:49.952 5181 5181 I Kodi : ABI: armeabi
09-13 14:31:49.956 5181 5181 D Kodi : External storage = /storage/emulated/0; state = mounted
09-13 14:31:49.966 684 1571 D VoldConnector: SND -> {48 volume mkdirs /Android/data/org.xbmc.kodinerds/files/}
09-13 14:31:49.967 289 293 E Vold : Failed to find mounted volume for /Android/data/org.xbmc.kodinerds/files/
09-13 14:31:49.967 684 759 D VoldConnector: RCV <- {400 48 Command failed}
09-13 14:31:49.967 5181 5181 W ContextImpl: Failed to ensure Android/data/org.xbmc.kodinerds/files: 400
09-13 14:31:49.969 684 1628 D VoldConnector: SND -> {49 volume mkdirs /Android/data/org.xbmc.kodinerds/files/}
09-13 14:31:49.970 289 293 E Vold : Failed to find mounted volume for /Android/data/org.xbmc.kodinerds/files/
09-13 14:31:49.970 684 759 D VoldConnector: RCV <- {400 49 Command failed}
09-13 14:31:49.972 684 1675 D VoldConnector: SND -> {50 volume mkdirs /Android/data/org.xbmc.kodinerds/files/}
09-13 14:31:49.972 289 293 E Vold : Failed to find mounted volume for /Android/data/org.xbmc.kodinerds/files/
09-13 14:31:49.972 684 759 D VoldConnector: RCV <- {400 50 Command failed}
09-13 14:31:49.974 684 940 D VoldConnector: SND -> {51 volume mkdirs /Android/data/org.xbmc.kodinerds/files/}
09-13 14:31:49.974 289 293 E Vold : Failed to find mounted volume for /Android/data/org.xbmc.kodinerds/files/
09-13 14:31:49.974 684 759 D VoldConnector: RCV <- {400 51 Command failed}
09-13 14:31:49.985 684 833 I ActivityManager: START u0 {act=android.intent.action.MAIN cat=[android.intent.category.LEANBACK_LAUNCHER] flg=0x11000000 pkg=org.xbmc.kodinerds cmp=org.xbmc.kodinerds/.Main} from uid 10107
09-13 14:31:49.986 355 355 E powerHAL::common: Unknown power hint: 0x8
09-13 14:31:50.052 684 6712 W NvAppProfileService: App Profiles: Enabled
09-13 14:31:50.068 1558 1569 I zygote64: Looking for service vendor.nvidia.hardware.power@1.0::IPower/default
09-13 14:31:50.070 285 285 W /system/bin/hwservicemanager: getTransportFromManifest: Cannot find entry vendor.nvidia.hardware.power@1.0::IPower in either framework or device manifest, using default transport.
09-13 14:31:50.070 1558 1569 I zygote64: Starting thread pool.
09-13 14:31:50.209 3140 3140 I chromium: [3140:3140:INFO:metrics_recorder.cc(89)] Metrics stat: total=25
09-13 14:31:50.209 3140 3140 I chromium: AppReady=1
09-13 14:31:50.209 3140 3140 I chromium: AppStarted=1
09-13 14:31:50.209 3140 3140 I chromium: Cast.Auth.OK=1
09-13 14:31:50.209 3140 3140 I chromium: Cast.CRL.DownloadScheduled=1
09-13 14:31:50.209 3140 3140 I chromium: Cast.CRL.Restored=1
09-13 14:31:50.209 3140 3140 I chromium: Cast.DCS.DownloadSuccess=1
09-13 14:31:50.209 3140 3140 I chromium: Cast.Discovery.Mdns.ResponderStarted=2
09-13 14:31:50.209 3140 3140 I chromium: Cast.Discovery.Mdns.ResponderStopped=1
09-13 14:31:50.209 3140 3140 I chromium: Cast.Discovery.Mdns.SocketCreated=2
09-13 14:31:50.209 3140 3140 I chromium: Cast.Discovery.Mdns.SocketDestroyed=1
09-13 14:31:50.209 3140 3140 I chromium: CastV2.Ipc.System.In.Internal=5
09-13 14:31:50.209 3140 3140 I chromium: CastV2.Ipc.System.Out.Internal=1
09-13 14:31:50.209 3140 3140 I chromium: CastV2.Receiver.DeviceStatus.Out=2
09-13 14:31:50.209 3140 3140 I chromium: CastV2.Receiver.DeviceStatus.Out.Broadcast=1
09-13 14:31:50.209 3140 3140 I chromium: Cloud.Transport.Https.Config.In=1
09-13 14:31:50.209 3140 3140 I chromium: Cloud.Transport.Https.Register.Out=1
09-13 14:31:50.209 3140 3140 I chromium: Cloud.Transport.Https.Register.Out.Success=1
09-13 14:31:50.209 3140 3140 I chromium: Dial.SsdpDeviceDesc.Android=1
09-13 14:31:50.209 3140 3140 I chromium: Dial.SsdpDeviceDesc.Android.200=1
09-13 14:31:50.209 3140 3140 I chromium: Dial.SsdpDeviceDesc.Linux=2
09-13 14:31:50.209 3140 3140 I chromium: Dial.SsdpDeviceDesc.Linux.200=2
09-13 14:31:50.209 3140 3140 I chromium: Dial.SsdpDeviceDesc.Unknown=1
09-13 14:31:50.209 3140 3140 I chromium: Dial.SsdpDeviceDesc.Unknown.200=1
09-13 14:31:50.209 3140 3140 I chromium: Dial.SsdpDeviceDesc.Windows=1
09-13 14:31:50.209 3140 3140 I chromium: Dial.SsdpDeviceDesc.Windows.200=1
09-13 14:31:50.273 1307 1346 I ShieldBluetoothScanPolicy: Scans disallowed due to PACKAGE POLL
09-13 14:31:50.274 1307 1346 D BluetoothAdapter: isLeEnabled(): ON
09-13 14:31:50.282 791 812 D BluetoothAdapterProperties: Discoverable Timeout:-1
09-13 14:31:50.282 791 812 D BluetoothAdapterProperties: Scan Mode:21
09-13 14:31:50.527 5181 5181 W .xbmc.kodinerds: type=1400 audit(0.0:27): avc: denied { read } for name="stat" dev="proc" ino=4026540892 scontext=u:r:untrusted_app_25:s0:c512,c768 tcontext=u:object_r:proc_stat:s0 tclass=file permissive=0
09-13 14:31:50.616 684 1715 D VoldConnector: SND -> {52 volume mkdirs /Android/obb/org.xbmc.kodinerds/}
09-13 14:31:50.616 289 293 E Vold : Failed to find mounted volume for /Android/obb/org.xbmc.kodinerds/
09-13 14:31:50.616 684 759 D VoldConnector: RCV <- {400 52 Command failed}
09-13 14:31:50.616 5181 5181 W ContextImpl: Failed to ensure Android/obb/org.xbmc.kodinerds: 400
09-13 14:31:50.618 684 695 D VoldConnector: SND -> {53 volume mkdirs /Android/obb/org.xbmc.kodinerds/}
09-13 14:31:50.619 289 293 E Vold : Failed to find mounted volume for /Android/obb/org.xbmc.kodinerds/
09-13 14:31:50.619 684 759 D VoldConnector: RCV <- {400 53 Command failed}
09-13 14:31:50.621 684 1627 D VoldConnector: SND -> {54 volume mkdirs /Android/obb/org.xbmc.kodinerds/}
09-13 14:31:50.621 289 293 E Vold : Failed to find mounted volume for /Android/obb/org.xbmc.kodinerds/
09-13 14:31:50.621 684 759 D VoldConnector: RCV <- {400 54 Command failed}
09-13 14:31:50.624 684 1677 D VoldConnector: SND -> {55 volume mkdirs /Android/obb/org.xbmc.kodinerds/}
09-13 14:31:50.624 289 293 E Vold : Failed to find mounted volume for /Android/obb/org.xbmc.kodinerds/
09-13 14:31:50.624 684 759 D VoldConnector: RCV <- {400 55 Command failed}
09-13 14:31:50.628 684 1540 D VoldConnector: SND -> {56 volume mkdirs /Android/data/org.xbmc.kodinerds/files/}
09-13 14:31:50.629 289 293 E Vold : Failed to find mounted volume for /Android/data/org.xbmc.kodinerds/files/
09-13 14:31:50.629 684 759 D VoldConnector: RCV <- {400 56 Command failed}
09-13 14:31:50.629 5181 5181 W ContextImpl: Failed to ensure Android/data/org.xbmc.kodinerds/files: 400
09-13 14:31:50.631 684 1628 D VoldConnector: SND -> {57 volume mkdirs /Android/data/org.xbmc.kodinerds/files/}
09-13 14:31:50.631 289 293 E Vold : Failed to find mounted volume for /Android/data/org.xbmc.kodinerds/files/
09-13 14:31:50.631 684 759 D VoldConnector: RCV <- {400 57 Command failed}
09-13 14:31:50.633 684 1543 D VoldConnector: SND -> {58 volume mkdirs /Android/data/org.xbmc.kodinerds/files/}
09-13 14:31:50.634 289 293 E Vold : Failed to find mounted volume for /Android/data/org.xbmc.kodinerds/files/
09-13 14:31:50.634 684 759 D VoldConnector: RCV <- {400 58 Command failed}
09-13 14:31:50.636 684 1571 D VoldConnector: SND -> {59 volume mkdirs /Android/data/org.xbmc.kodinerds/files/}
09-13 14:31:50.636 289 293 E Vold : Failed to find mounted volume for /Android/data/org.xbmc.kodinerds/files/
09-13 14:31:50.636 684 759 D VoldConnector: RCV <- {400 59 Command failed}
09-13 14:31:50.636 5181 5181 W ContextImpl: Failed to ensure Android/data/org.xbmc.kodinerds/files: 400
09-13 14:31:50.637 5181 5181 V threaded_app: Creating: 0x21e1cbec80
09-13 14:31:50.637 5181 6714 V threaded_app: Config: mcc=0 mnc=0 lang=de cnt=DE orien=2 touch=1 dens=320 keys=1 nav=2 keysHid=3 navHid=0 sdk=26 size=3 long=2 modetype=4 modenight=1
09-13 14:31:50.643 5181 6714 V Kodi : CXBMCApp: Created
09-13 14:31:50.643 5181 6714 V Kodi : CEventLoop: starting event loop
09-13 14:31:50.652 5181 5181 D TvUtil : Scheduled channel creation.
09-13 14:31:50.659 5181 5181 D XBMCMainView: Created
09-13 14:31:50.660 5181 5181 V threaded_app: Start: 0x21e1cbec80
09-13 14:31:50.661 5181 6714 V threaded_app: activityState=10
09-13 14:31:50.661 5181 6714 V Kodi : virtual void CXBMCApp::onStart():
09-13 14:31:50.663 5181 6714 D XBMCMediaSession: XBMCMediaSession init
09-13 14:31:50.667 684 1611 D VoldConnector: SND -> {60 volume mkdirs /Android/data/org.xbmc.kodinerds/files/}
09-13 14:31:50.667 289 293 E Vold : Failed to find mounted volume for /Android/data/org.xbmc.kodinerds/files/
09-13 14:31:50.667 684 759 D VoldConnector: RCV <- {400 60 Command failed}
09-13 14:31:50.680 5181 6716 W ContextImpl: Failed to ensure Android/data/org.xbmc.kodinerds/files: 400
09-13 14:31:50.681 684 833 D VoldConnector: SND -> {61 volume mkdirs /Android/data/org.xbmc.kodinerds/files/}
09-13 14:31:50.682 289 293 E Vold : Failed to find mounted volume for /Android/data/org.xbmc.kodinerds/files/
09-13 14:31:50.682 684 759 D VoldConnector: RCV <- {400 61 Command failed}
09-13 14:31:50.683 5181 6716 W ContextImpl: Failed to ensure Android/data/org.xbmc.kodinerds/files: 400
09-13 14:31:50.685 5181 5181 V threaded_app: Resume: 0x21e1cbec80
09-13 14:31:50.686 5181 6714 V threaded_app: activityState=11
09-13 14:31:50.686 5181 6714 V Kodi : virtual void CXBMCApp::onResume():
09-13 14:31:50.686 684 695 D VoldConnector: SND -> {62 volume mkdirs /Android/data/org.xbmc.kodinerds/files/}
09-13 14:31:50.687 289 293 E Vold : Failed to find mounted volume for /Android/data/org.xbmc.kodinerds/files/
09-13 14:31:50.687 684 759 D VoldConnector: RCV <- {400 62 Command failed}
09-13 14:31:50.687 5181 6716 W ContextImpl: Failed to ensure Android/data/org.xbmc.kodinerds/files: 400
09-13 14:31:50.689 5181 5192 I zygote64: Background concurrent copying GC freed 2233(268KB) AllocSpace objects, 0(0B) LOS objects, 75% free, 498KB/2034KB, paused 12.512ms total 22.806ms
09-13 14:31:50.693 1740 1740 D NowPlayingManager: onClientChanged() called with: clearing = [false]
09-13 14:31:50.693 2198 2198 D DeviceControlManagerService: active session:com.appgeneration.itunerfree
09-13 14:31:50.693 791 1217 V Avrcp : isBrowseSupported for com.appgeneration.itunerfree: true
09-13 14:31:50.697 791 1217 D Avrcp : update #4:MediaPlayerInfo com.appgeneration.itunerfree (as 'myTuner Free') Type = 1, SubType = 0, Status = 0 Feature Bits [40 41 42 44 45 47 48 58 59 62 65 67] Controller: MediaController (com.appgeneration.itunerfree@c9d92a0) Willkommen bei myTuner, null, null
09-13 14:31:50.697 684 1654 D VoldConnector: SND -> {63 volume mkdirs /Android/data/org.xbmc.kodinerds/files/}
09-13 14:31:50.697 289 293 E Vold : Failed to find mounted volume for /Android/data/org.xbmc.kodinerds/files/
09-13 14:31:50.697 684 759 D VoldConnector: RCV <- {400 63 Command failed}
09-13 14:31:50.698 5181 6716 W ContextImpl: Failed to ensure Android/data/org.xbmc.kodinerds/files: 400
09-13 14:31:50.732 5181 5181 D MapperFramework: MapperManager ctr + for:org.xbmc.kodinerds
09-13 14:31:50.740 1740 1740 D NowPlayingManager: onMediaDataUpdated() called with: mediaData = [com.google.android.tvrecommendations.NowPlayingData@cb3458d]
09-13 14:31:50.740 1740 1740 D NowPlayingManager: onClientPlaybackStateUpdate() called with: state = [1], stateChangeTimeMs = [40466], currentPosMs = [-1]
09-13 14:31:50.740 1740 1740 D NowPlayingManager: onClientPlaybackStateUpdate: Skipped update, state: 1 was unchanged
09-13 14:31:50.748 5181 5181 D MapperFramework: trying to bindservice org.xbmc.kodinerds
09-13 14:31:50.752 5181 6719 D OpenGLRenderer: HWUI GL Pipeline
09-13 14:31:50.757 5181 5181 V threaded_app: InputQueueCreated: 0x21e1cbec80 -- 0x21e1cbfe00
09-13 14:31:50.757 5181 6714 V threaded_app: APP_CMD_INPUT_CHANGED
09-13 14:31:50.757 5181 6714 V threaded_app: Attaching input queue to looper
09-13 14:31:50.759 5181 5181 V Kodi : Debug Print: CXBMCApp::onReceive - Got intent. Action: android.intent.action.BATTERY_CHANGED
09-13 14:31:50.760 5181 5181 V Kodi : Debug Print: CXBMCApp::onReceive - Got intent. Action: android.media.action.HDMI_AUDIO_PLUG
09-13 14:31:50.760 5181 5181 V Kodi : Debug Print: CXBMCApp::onReceive - Got intent. Action: android.net.conn.CONNECTIVITY_CHANGE
09-13 14:31:50.762 5181 5181 D View : com.nvidia.immediateInput = false
09-13 14:31:50.763 5181 5181 D View : com.nvidia.mRawCursorInputRequested = false
09-13 14:31:50.767 919 3468 D RSMouse : mFeatureEnabled=true mPackageEnabled=false
09-13 14:31:50.773 5181 5202 D ViewRootImpl: windowFocusChanged true org.xbmc.kodinerds
09-13 14:31:50.780 5181 6719 I vndksupport: sphal namespace is not configured for this process. Loading /vendor/lib64/hw/gralloc.tegra.so from the current namespace instead.
09-13 14:31:50.793 5181 5181 D XBMCMainView: Surface Created
09-13 14:31:50.793 5181 5181 W zygote64: Attempt to remove non-JNI local reference, dumping thread
09-13 14:31:50.793 5181 5181 W zygote64: Attempt to remove non-JNI local reference, dumping thread
09-13 14:31:50.793 5181 5181 D XBMCMainView: Surface Changed, format:-3, width:1920, height:1080
09-13 14:31:50.793 5181 5181 W zygote64: Attempt to remove non-JNI local reference, dumping thread
09-13 14:31:50.794 5181 6716 V Kodi : => running XBMC_Run...
09-13 14:31:50.795 5181 6720 V Kodi : Debug Print: Thread Announce start, auto delete: false
09-13 14:31:50.795 5181 6719 I OpenGLRenderer: Initialized EGL, version 1.4
09-13 14:31:50.795 5181 6719 D OpenGLRenderer: Swap behavior 2
09-13 14:31:50.819 5181 5181 D XBMCMediaSession: XBMCMediaSession callback
09-13 14:31:50.824 5181 6716 V Kodi : Debug Print: special://profile/ is mapped to: special://masterprofile/
09-13 14:31:50.824 5181 6716 V Kodi : Debug Print: -----------------------------------------------------------------------
09-13 14:31:50.825 5181 6716 V Kodi : Debug Print: Starting Kodi (18.0-BETA2 Git:20180828-702c2eb-dirty). Platform: Android ARM 64-bit
09-13 14:31:50.825 5181 6716 V Kodi : Debug Print: Using Debug Kodi x64 build
09-13 14:31:50.825 5181 6716 V Kodi : Debug Print: Kodi compiled Aug 29 2018 by Clang 5.0.300080 for Android ARM 64-bit API level 21 (API level 21)
09-13 14:31:50.825 5181 6716 V Kodi : Debug Print: Running on NVIDIA SHIELD Android TV with Android 8.0.0 API level 26, kernel: Linux ARM 64-bit version 3.10.96-tegra
09-13 14:31:50.826 5181 6716 V Kodi : Debug Print: FFmpeg version/source: 4.0.2-Kodi
09-13 14:31:50.826 5181 6716 V Kodi : Debug Print: 4 CPU cores available
09-13 14:31:50.826 5181 6716 V Kodi : Debug Print: Product: darcy, Device: darcy, Board: unknown - Manufacturer: NVIDIA, Brand: NVIDIA, Model: SHIELD Android TV, Hardware: darcy
09-13 14:31:50.830 5181 6716 V Kodi : Debug Print: External storage path = /storage/emulated/0; status = ok
09-13 14:31:50.830 5181 6716 V Kodi : Debug Print: ARM Features: Neon disabled
09-13 14:31:50.830 5181 6716 V Kodi : Debug Print: special://xbmc/ is mapped to: /data/user/0/org.xbmc.kodinerds/cache/apk/assets
09-13 14:31:50.830 5181 6716 V Kodi : Debug Print: special://xbmcbin/ is mapped to: /data/user/0/org.xbmc.kodinerds/cache/apk/assets
09-13 14:31:50.830 5181 6716 V Kodi : Debug Print: special://xbmcbinaddons/ is mapped to: /data/user/0/org.xbmc.kodinerds/cache/apk/assets/addons
09-13 14:31:50.830 5181 6716 V Kodi : Debug Print: special://masterprofile/ is mapped to: /storage/emulated/0/Android/data/org.xbmc.kodinerds/files/.kodi/userdata
09-13 14:31:50.830 5181 6716 V Kodi : Debug Print: special://envhome/ is mapped to: /storage/emulated/0/Android/data/org.xbmc.kodinerds/files
09-13 14:31:50.831 5181 6716 V Kodi : Debug Print: special://home/ is mapped to: /storage/emulated/0/Android/data/org.xbmc.kodinerds/files/.kodi
09-13 14:31:50.831 5181 6716 V Kodi : Debug Print: special://temp/ is mapped to: /storage/emulated/0/Android/data/org.xbmc.kodinerds/files/.kodi/temp
09-13 14:31:50.831 5181 6716 V Kodi : Debug Print: special://logpath/ is mapped to: /storage/emulated/0/Android/data/org.xbmc.kodinerds/files/.kodi/temp
09-13 14:31:50.831 5181 6716 V Kodi : Debug Print: The executable running is: /data/app/org.xbmc.kodinerds-MLE3dcA59sJB4FsoUH5MOg==/lib/arm64/libkodi.so
09-13 14:31:50.844 5181 5181 D MapperFramework: Mapper Service Bounded org.xbmc.kodinerds
09-13 14:31:50.845 1612 1612 D ControllerMapper_S: Client: org.xbmc.kodinerds registered
09-13 14:31:50.845 1612 1612 D ControllerMapper_S: notifyAppName org.xbmc.kodinerds old :com.google.android.tvlauncher
