09-13 14:32:35.365 6977 6993 E zygote64: No implementation found for java.lang.String org.xbmc.kodinerds.XBMCJsonRPC._requestJSON(java.lang.String) (tried Java_org_xbmc_kodinerds_XBMCJsonRPC__1requestJSON and Java_org_xbmc_kodinerds_XBMCJsonRPC__1requestJSON__Ljava_lang_String_2)
09-13 14:32:35.366 6977 6993 E Kodijson: _requestJSON: Not available
09-13 14:32:36.065 791 1208 D bt_btm_pm: Sniff Interval For Device MAC a0:02:dc:07:16:90 is 200.000000 msec.
09-13 14:32:36.198 352 352 E hw-IPCThreadState: binder thread pool (1 threads) starved for 110 ms
09-13 14:32:36.467 285 285 W /system/bin/hwservicemanager: getTransportFromManifest: Cannot find entry android.hardware.drm@1.0::IDrmFactory in either framework or device manifest, using default transport.
09-13 14:32:36.469 413 3615 I DrmHal : makeDrmFactories: using default drm instance
09-13 14:32:36.470 413 451 I WVCdm : CdmEngine::QueryStatus
09-13 14:32:36.471 413 3615 I WVCdm : CdmEngine::QueryStatus
09-13 14:32:37.399 413 3336 I WVCdm : CdmEngine::QueryStatus
09-13 14:32:42.768 413 3333 I WVCdm : CdmEngine::QueryStatus
09-13 14:32:43.824 352 352 E hw-IPCThreadState: binder thread pool (1 threads) starved for 111 ms
09-13 14:32:44.906 1451 2493 E ActivityThread: Failed to find provider info for com.nvidia.ibeta
09-13 14:32:44.910 1451 2493 D NetworkSecurityConfig: No Network Security Config specified, using platform default
09-13 14:32:46.001 3140 3595 I chromium: [3140:3595:INFO:ssdp_device.c(101)] SSDP packets sent for 40 seconds = 10
09-13 14:32:47.426 1323 1413 V MediaProvider: pruneThumbnails
09-13 14:32:47.428 1323 1413 V MediaProvider: /pruneDeadThumbnailFiles...
09-13 14:32:47.428 684 702 W BroadcastQueue: Background execution not allowed: receiving Intent { act=android.intent.action.MEDIA_SCANNER_FINISHED dat=file:///storage/emulated/0 flg=0x10 } to com.nvidia.shield.nas/.StateMonitor
09-13 14:32:47.429 684 702 W BroadcastQueue: Background execution not allowed: receiving Intent { act=android.intent.action.MEDIA_SCANNER_FINISHED dat=file:///storage/emulated/0 flg=0x10 } to com.archos.mediacenter.videofree/com.archos.mediaprovider.video.VideoStoreImportReceiver
09-13 14:32:47.431 684 702 W BroadcastQueue: Background execution not allowed: receiving Intent { act=android.intent.action.MEDIA_SCANNER_STARTED dat=file:///storage/emulated/0 flg=0x10 } to com.nvidia.shield.nas/.StateMonitor
09-13 14:32:47.432 684 702 W BroadcastQueue: Background execution not allowed: receiving Intent { act=android.intent.action.MEDIA_SCANNER_STARTED dat=file:///storage/emulated/0 flg=0x10 } to com.archos.mediacenter.videofree/com.archos.mediaprovider.video.VideoStoreImportReceiver
09-13 14:32:50.210 3140 3140 I chromium: [3140:3140:INFO:metrics_recorder.cc(89)] Metrics stat: total=0
09-13 14:32:50.245 352 352 E hw-IPCThreadState: binder thread pool (1 threads) starved for 111 ms
09-13 14:32:50.357 3140 3394 I chromium: [3140:3394:INFO:wifi_proximity.cc(209)] Request scan.
09-13 14:32:51.357 413 451 I WVCdm : CdmEngine::QueryStatus
09-13 14:32:53.107 684 1539 I ActivityManager: Killing 4336:com.accuweather.android/u0a82 (adj 906): empty #17
09-13 14:32:57.858 352 352 E hw-IPCThreadState: binder thread pool (1 threads) starved for 111 ms
09-13 14:33:00.497 1323 1413 V MediaProvider: pruneThumbnails
09-13 14:33:00.499 1323 1413 V MediaProvider: /pruneDeadThumbnailFiles...
09-13 14:33:00.500 684 702 W BroadcastQueue: Background execution not allowed: receiving Intent { act=android.intent.action.MEDIA_SCANNER_FINISHED dat=file:///storage/emulated/0 flg=0x10 } to com.nvidia.shield.nas/.StateMonitor
09-13 14:33:00.500 684 702 W BroadcastQueue: Background execution not allowed: receiving Intent { act=android.intent.action.MEDIA_SCANNER_FINISHED dat=file:///storage/emulated/0 flg=0x10 } to com.archos.mediacenter.videofree/com.archos.mediaprovider.video.VideoStoreImportReceiver
09-13 14:33:00.501 684 833 I ActivityManager: Killing 5295:com.android.providers.calendar/u0a3 (adj 906): empty #17
09-13 14:33:04.293 352 352 E hw-IPCThreadState: binder thread pool (1 threads) starved for 111 ms
09-13 14:33:05.101 413 3615 I WVCdm : CdmEngine::QueryStatus
09-13 14:33:05.636 6977 6977 D RecommendChannelJobSvc: Starting channel creation job
09-13 14:33:05.638 6977 7018 E zygote64: No implementation found for java.lang.String org.xbmc.kodinerds.XBMCJsonRPC._requestJSON(java.lang.String) (tried Java_org_xbmc_kodinerds_XBMCJsonRPC__1requestJSON and Java_org_xbmc_kodinerds_XBMCJsonRPC__1requestJSON__Ljava_lang_String_2)
09-13 14:33:05.638 6977 7018 E Kodijson: _requestJSON: Not available
09-13 14:33:05.766 1292 1292 W ChimeraUtils: Non Chimera context
09-13 14:33:05.766 1292 1292 W ChimeraUtils: Non Chimera context
09-13 14:33:05.774 1472 2010 E AsyncOpDispatcher: Could not get module info from current context.
09-13 14:33:05.774 1472 2010 E AsyncOpDispatcher: java.lang.IllegalStateException: Unable to get current module info in ModuleManager created with non-module Context
09-13 14:33:05.774 1472 2010 E AsyncOpDispatcher: at com.google.android.chimera.config.ModuleManager.getCurrentModule(:com.google.android.gms@13280070@13.2.80 (080406-211705629):2)
09-13 14:33:05.774 1472 2010 E AsyncOpDispatcher: at nkb.b(:com.google.android.gms@13280070@13.2.80 (080406-211705629):1)
09-13 14:33:05.774 1472 2010 E AsyncOpDispatcher: at nkb.(:com.google.android.gms@13280070@13.2.80 (080406-211705629):8)
09-13 14:33:05.774 1472 2010 E AsyncOpDispatcher: at nkb.a(:com.google.android.gms@13280070@13.2.80 (080406-211705629):9)
09-13 14:33:05.774 1472 2010 E AsyncOpDispatcher: at com.google.android.gms.icing.mdd.service.DataDownloadChimeraService.a(:com.google.android.gms@13280070@13.2.80 (080406-211705629):17)
09-13 14:33:05.774 1472 2010 E AsyncOpDispatcher: at njv.a(:com.google.android.gms@13280070@13.2.80 (080406-211705629):8)
09-13 14:33:05.774 1472 2010 E AsyncOpDispatcher: at ixi.a(:com.google.android.gms@13280070@13.2.80 (080406-211705629):45)
09-13 14:33:05.774 1472 2010 E AsyncOpDispatcher: at ixp.a(:com.google.android.gms@13280070@13.2.80 (080406-211705629):82)
09-13 14:33:05.774 1472 2010 E AsyncOpDispatcher: at ilv.run(:com.google.android.gms@13280070@13.2.80 (080406-211705629):8)
09-13 14:33:05.774 1472 2010 E AsyncOpDispatcher: at android.os.Handler.handleCallback(Handler.java:789)
09-13 14:33:05.774 1472 2010 E AsyncOpDispatcher: at android.os.Handler.dispatchMessage(Handler.java:98)
09-13 14:33:05.774 1472 2010 E AsyncOpDispatcher: at android.os.Looper.loop(Looper.java:164)
09-13 14:33:05.774 1472 2010 E AsyncOpDispatcher: at android.os.HandlerThread.run(HandlerThread.java:65)
09-13 14:33:05.909 1292 2047 W GCoreFlp: No location to return for getLastLocation()
09-13 14:33:05.986 1292 2026 E NetworkScheduler: Invalid component specified.
09-13 14:33:06.110 1292 7031 W Conscrypt: Could not set socket write timeout: java.lang.reflect.InvocationTargetException
09-13 14:33:06.111 1292 7031 W Conscrypt: at java.lang.reflect.Method.invoke(Native Method)
09-13 14:33:06.111 1292 7031 W Conscrypt: at com.google.android.gms.org.conscrypt.Platform.setSocketWriteTimeout(:com.google.android.gms@13280070@13.2.80 (080406-211705629):13)
09-13 14:33:06.111 1292 7031 W Conscrypt: Caused by: android.system.ErrnoException: setsockopt failed: EBADF (Bad file descriptor)
09-13 14:33:06.111 1292 7031 W Conscrypt: at libcore.io.Linux.setsockoptTimeval(Native Method)
09-13 14:33:06.111 1292 7031 W Conscrypt: at libcore.io.ForwardingOs.setsockoptTimeval(ForwardingOs.java:173)
09-13 14:33:06.181 1292 7031 W Conscrypt: Could not set socket write timeout: java.lang.reflect.InvocationTargetException
09-13 14:33:06.181 1292 7031 W Conscrypt: at java.lang.reflect.Method.invoke(Native Method)
09-13 14:33:06.181 1292 7031 W Conscrypt: at com.google.android.gms.org.conscrypt.Platform.setSocketWriteTimeout(:com.google.android.gms@13280070@13.2.80 (080406-211705629):13)
09-13 14:33:06.181 1292 7031 W Conscrypt: Caused by: android.system.ErrnoException: setsockopt failed: EBADF (Bad file descriptor)
09-13 14:33:06.181 1292 7031 W Conscrypt: at libcore.io.Linux.setsockoptTimeval(Native Method)
09-13 14:33:06.181 1292 7031 W Conscrypt: at libcore.io.ForwardingOs.setsockoptTimeval(ForwardingOs.java:173)
09-13 14:33:06.458 1292 7031 W Conscrypt: Could not set socket write timeout: java.lang.reflect.InvocationTargetException
09-13 14:33:06.459 1292 7031 W Conscrypt: at java.lang.reflect.Method.invoke(Native Method)
09-13 14:33:06.459 1292 7031 W Conscrypt: at com.google.android.gms.org.conscrypt.Platform.setSocketWriteTimeout(:com.google.android.gms@13280070@13.2.80 (080406-211705629):13)
09-13 14:33:06.459 1292 7031 W Conscrypt: Caused by: android.system.ErrnoException: setsockopt failed: EBADF (Bad file descriptor)
09-13 14:33:06.459 1292 7031 W Conscrypt: at libcore.io.Linux.setsockoptTimeval(Native Method)
09-13 14:33:06.459 1292 7031 W Conscrypt: at libcore.io.ForwardingOs.setsockoptTimeval(ForwardingOs.java:173)
09-13 14:33:06.485 1292 7031 W Conscrypt: Could not set socket write timeout: java.lang.reflect.InvocationTargetException
09-13 14:33:06.485 1292 7031 W Conscrypt: at java.lang.reflect.Method.invoke(Native Method)
09-13 14:33:06.485 1292 7031 W Conscrypt: at com.google.android.gms.org.conscrypt.Platform.setSocketWriteTimeout(:com.google.android.gms@13280070@13.2.80 (080406-211705629):13)
09-13 14:33:06.486 1292 7031 W Conscrypt: Caused by: android.system.ErrnoException: setsockopt failed: EBADF (Bad file descriptor)
09-13 14:33:06.486 1292 7031 W Conscrypt: at libcore.io.Linux.setsockoptTimeval(Native Method)
09-13 14:33:06.486 1292 7031 W Conscrypt: at libcore.io.ForwardingOs.setsockoptTimeval(ForwardingOs.java:173)
09-13 14:33:07.933 1292 3190 W Conscrypt: Could not set socket write timeout: java.lang.reflect.InvocationTargetException
09-13 14:33:07.934 1292 3190 W Conscrypt: at java.lang.reflect.Method.invoke(Native Method)
09-13 14:33:07.934 1292 3190 W Conscrypt: at com.google.android.gms.org.conscrypt.Platform.setSocketWriteTimeout(:com.google.android.gms@13280070@13.2.80 (080406-211705629):13)
09-13 14:33:07.934 1292 3190 W Conscrypt: Caused by: android.system.ErrnoException: setsockopt failed: EBADF (Bad file descriptor)
09-13 14:33:07.934 1292 3190 W Conscrypt: at libcore.io.Linux.setsockoptTimeval(Native Method)
09-13 14:33:07.934 1292 3190 W Conscrypt: at libcore.io.ForwardingOs.setsockoptTimeval(ForwardingOs.java:173)
09-13 14:33:07.960 1292 3190 W Conscrypt: Could not set socket write timeout: java.lang.reflect.InvocationTargetException
09-13 14:33:07.960 1292 3190 W Conscrypt: at java.lang.reflect.Method.invoke(Native Method)
09-13 14:33:07.960 1292 3190 W Conscrypt: at com.google.android.gms.org.conscrypt.Platform.setSocketWriteTimeout(:com.google.android.gms@13280070@13.2.80 (080406-211705629):13)
09-13 14:33:07.960 1292 3190 W Conscrypt: Caused by: android.system.ErrnoException: setsockopt failed: EBADF (Bad file descriptor)
09-13 14:33:07.962 1292 3190 W Conscrypt: at libcore.io.Linux.setsockoptTimeval(Native Method)
09-13 14:33:07.963 1292 3190 W Conscrypt: at libcore.io.ForwardingOs.setsockoptTimeval(ForwardingOs.java:173)
09-13 14:33:12.061 352 352 E hw-IPCThreadState: binder thread pool (1 threads) starved for 111 ms
09-13 14:33:18.341 352 352 E hw-IPCThreadState: binder thread pool (1 threads) starved for 111 ms
09-13 14:33:21.139 3140 3595 I chromium: [3140:3595:INFO:ssdp_device.c(101)] SSDP packets sent for 35 seconds = 6
09-13 14:33:23.463 426 426 I cac_log_dumper: CAC_LOG_DUMPER: START
09-13 14:33:23.644 426 426 I cac_log_dumper: CAC_LOG_DUMPER: END
09-13 14:33:25.969 352 352 E hw-IPCThreadState: binder thread pool (1 threads) starved for 110 ms
09-13 14:33:29.990 6501 6537 I Finsky : [119] com.google.android.finsky.bq.ab.run(5): Stats for Executor: BlockingExecutor com.google.android.finsky.bq.ac@5c4c482[Running, pool size = 0, active threads = 0, queued tasks = 0, completed tasks = 0]
09-13 14:33:29.990 6501 6537 I Finsky : [119] com.google.android.finsky.bq.ab.run(5): Stats for Executor: LightweightExecutor com.google.android.finsky.bq.ac@7337793[Running, pool size = 1, active threads = 0, queued tasks = 0, completed tasks = 1]
09-13 14:33:32.390 352 352 E hw-IPCThreadState: binder thread pool (1 threads) starved for 111 ms
09-13 14:33:40.047 352 352 E hw-IPCThreadState: binder thread pool (1 threads) starved for 110 ms
09-13 14:33:46.439 352 352 E hw-IPCThreadState: binder thread pool (1 threads) starved for 111 ms
09-13 14:33:50.211 3140 3140 I chromium: [3140:3140:INFO:metrics_recorder.cc(89)] Metrics stat: total=0
09-13 14:33:53.658 3140 3595 I chromium: [3140:3595:INFO:ssdp_device.c(101)] SSDP packets sent for 32 seconds = 7
09-13 14:33:54.080 352 352 E hw-IPCThreadState: binder thread pool (1 threads) starved for 111 ms
09-13 14:34:00.728 684 684 I ActivityManager: Start proc 7072:at.nullptr.dlnachannels/u0a41 for service at.nullptr.dlnachannels/.channels.ChannelMaintenanceJob
09-13 14:34:00.887 7072 7072 I CrashlyticsCore: Initializing Crashlytics 2.6.3.25
09-13 14:34:00.901 7072 7072 I CrashlyticsInitProvider: CrashlyticsInitProvider initialization successful
09-13 14:34:00.929 7072 7072 D FirebaseApp: com.google.firebase.auth.FirebaseAuth is not linked. Skipping initialization.
09-13 14:34:00.929 7072 7072 D FirebaseApp: com.google.firebase.crash.FirebaseCrash is not linked. Skipping initialization.
09-13 14:34:00.930 7072 7072 I FirebaseInitProvider: FirebaseApp initialization successful
09-13 14:34:00.943 7072 7099 I FA : App measurement is starting up, version: 12780
09-13 14:34:00.943 7072 7099 I FA : To enable debug logging run: adb shell setprop log.tag.FA VERBOSE
09-13 14:34:00.944 7072 7099 I FA : To enable faster debug mode event logging run:
09-13 14:34:00.944 7072 7099 I FA : adb shell setprop debug.firebase.analytics.app at.nullptr.dlnachannels
09-13 14:34:00.954 7072 7072 I UpnpServiceImpl: >>> Starting UPnP service...
09-13 14:34:00.955 7072 7072 I UpnpServiceImpl: Using configuration: org.fourthline.cling.android.AndroidUpnpServiceConfiguration
09-13 14:34:00.956 7072 7072 I Router : Creating Router: org.fourthline.cling.android.AndroidRouter
09-13 14:34:00.962 7072 7072 I MulticastReceiver: Creating wildcard socket (for receiving multicast datagrams) on port: 1900
09-13 14:34:00.963 7072 7072 I MulticastReceiver: Joining multicast group: /239.255.255.250:1900 on network interface: eth0
09-13 14:34:01.050 7072 7072 I JettyServletContainer: Registering UPnP servlet under context path: /upnp
09-13 14:34:01.051 7072 7072 I DatagramIO: Creating bound socket (for datagram input/output) on: 192.168.1.128/192.168.1.128
09-13 14:34:01.052 7072 7072 I StreamClient: Starting Jetty HttpClient...
09-13 14:34:01.052 7072 7110 I JettyServletContainer: Starting Jetty server...
09-13 14:34:01.056 7072 7072 I UpnpServiceImpl: <<< UPnP service started successfully
09-13 14:34:01.062 7072 7072 D ChannelMaintenanceJob: Starting full channel update
09-13 14:34:01.063 7072 7072 I Router : Connectivity change detected...
09-13 14:34:01.063 7072 7072 I Router : EXTRA_NO_CONNECTIVITY: false
09-13 14:34:01.063 7072 7072 I Router : EXTRA_REASON: null
09-13 14:34:01.063 7072 7072 I Router : EXTRA_IS_FAILOVER: false
09-13 14:34:01.064 7072 7072 I Router : EXTRA_NETWORK_INFO: [type: Ethernet[], state: CONNECTED/CONNECTED, reason: (unspecified), extra: 00:04:4b:aa:03:0d, failover: false, available: true, roaming: false, metered: false]
09-13 14:34:01.064 7072 7072 I Router : EXTRA_OTHER_NETWORK_INFO: none
09-13 14:34:01.064 7072 7072 I Router : EXTRA_EXTRA_INFO: 00:04:4b:aa:03:0d
09-13 14:34:01.064 7072 7072 I Router : No actual network change... ignoring event!
09-13 14:34:01.079 7072 7115 D ChannelMaintenanceJob: Updating channel: letzserien
09-13 14:34:01.118 7072 7128 W trieveRemoteDescriptors: Service descriptor retrieval failed: http://192.168.1.128:8008/ssdp/notfound, 404 Not Found
09-13 14:34:01.118 7072 7128 W trieveRemoteDescriptors: Skipping invalid service '(RemoteService) Descriptor: /ssdp/notfound' of: (RemoteDevice) Identity: (RemoteDeviceIdentity) UDN: uuid:3e562580-40d1-acbd-9db3-4eab477afe66, Descriptor: http://192.168.1.128:8008/ssdp/device-desc.xml, Root: true
09-13 14:34:01.119 7072 7134 D UpnpBackgroundService: Device added: NVIDIA SHIELD Android TV
09-13 14:34:01.173 7072 7135 D UpnpBackgroundService: Device added: ZyXEL o2 HomeBox 6641
09-13 14:34:01.289 7072 7127 I zygote64: Deoptimizing void org.apache.harmony.xml.parsers.DocumentBuilderImpl.parse(org.kxml2.io.KXmlParser, org.apache.harmony.xml.dom.DocumentImpl, org.w3c.dom.Node, int) due to JIT inline cache
09-13 14:34:01.347 7072 7128 D UpnpBackgroundService: Device added: Microsoft Corporation Windows Media Player Sharing 12.0
09-13 14:34:01.597 7072 7131 W iceDescriptorBinderImpl: Regular parsing failed: Unexpected token (position:TEXT status=ok@1:10 in java.io.StringReader@2b52009)
09-13 14:34:01.597 7072 7131 W iceDescriptorBinderImpl: Removing leading garbage didn't work: Unexpected token (position:TEXT status=ok@1:10 in java.io.StringReader@6d7920e)
09-13 14:34:01.598 7072 7131 W iceDescriptorBinderImpl: No closing element in descriptor
09-13 14:34:01.598 7072 7131 W trieveRemoteDescriptors: Could not hydrate device or its services from descriptor: (RemoteDevice) Identity: (RemoteDeviceIdentity) UDN: uuid:NFANDROID2-PRV-SHIELDANDROIDTV-NVIDISHIELD=ANDROID=TV-6563-675EB5A208B72ADBF69D796766909DEED1B337479A9D82E0942B87557B4372E7, Descriptor: http://192.168.1.128:9080, Root: true
09-13 14:34:01.598 7072 7131 W trieveRemoteDescriptors: Cause was: org.xml.sax.SAXParseException: Unexpected token (position:TEXT status=ok@1:10 in java.io.StringReader@2b52009)
09-13 14:34:02.006 7072 7126 W iceDescriptorBinderImpl: Regular parsing failed: Unexpected token (position:TEXT status=ok@1:10 in java.io.StringReader@a76ee28)
09-13 14:34:02.006 7072 7126 W iceDescriptorBinderImpl: Removing leading garbage didn't work: Unexpected token (position:TEXT status=ok@1:10 in java.io.StringReader@c23c741)
09-13 14:34:02.006 7072 7126 W iceDescriptorBinderImpl: No closing element in descriptor
09-13 14:34:02.007 7072 7126 W trieveRemoteDescriptors: Could not hydrate device or its services from descriptor: (RemoteDevice) Identity: (RemoteDeviceIdentity) UDN: uuid:NFANDROID2-PRV-SHIELDANDROIDTV-NVIDISHIELD=ANDROID=TV-6563-675EB5A208B72ADBF69D796766909DEED1B337479A9D82E0942B87557B4372E7, Descriptor: http://192.168.1.128:9080, Root: true
09-13 14:34:02.007 7072 7126 W trieveRemoteDescriptors: Cause was: org.xml.sax.SAXParseException: Unexpected token (position:TEXT status=ok@1:10 in java.io.StringReader@a76ee28)
09-13 14:34:02.083 7072 7118 W iceDescriptorBinderImpl: Regular parsing failed: Unexpected token (position:TEXT status=ok@1:10 in java.io.StringReader@90fda6c)
09-13 14:34:02.084 7072 7118 W iceDescriptorBinderImpl: Removing leading garbage didn't work: Unexpected token (position:TEXT status=ok@1:10 in java.io.StringReader@bd51835)
09-13 14:34:02.084 7072 7118 W iceDescriptorBinderImpl: No closing element in descriptor
09-13 14:34:02.084 7072 7118 W trieveRemoteDescriptors: Could not hydrate device or its services from descriptor: (RemoteDevice) Identity: (RemoteDeviceIdentity) UDN: uuid:NFANDROID2-PRV-SHIELDANDROIDTV-NVIDISHIELD=ANDROID=TV-6563-, Descriptor: http://192.168.1.128:9080, Root: true
09-13 14:34:02.084 7072 7118 W trieveRemoteDescriptors: Cause was: org.xml.sax.SAXParseException: Unexpected token (position:TEXT status=ok@1:10 in java.io.StringReader@90fda6c)
09-13 14:34:02.086 7072 7134 W iceDescriptorBinderImpl: Regular parsing failed: Unexpected token (position:TEXT status=ok@1:10 in java.io.StringReader@519a4ca)
09-13 14:34:02.086 7072 7134 W iceDescriptorBinderImpl: Removing leading garbage didn't work: Unexpected token (position:TEXT status=ok@1:10 in java.io.StringReader@a5ce63b)
09-13 14:34:02.086 7072 7134 W iceDescriptorBinderImpl: No closing element in descriptor
09-13 14:34:02.087 7072 7134 W trieveRemoteDescriptors: Could not hydrate device or its services from descriptor: (RemoteDevice) Identity: (RemoteDeviceIdentity) UDN: uuid:NFANDROID2-PRV-SHIELDANDROIDTV-NVIDISHIELD=ANDROID=TV-6563-675EB5A208B72ADBF69D796766909DEED1B337479A9D82E0942B87557B4372E7, Descriptor: http://192.168.1.128:9080, Root: true
09-13 14:34:02.087 7072 7134 W trieveRemoteDescriptors: Cause was: org.xml.sax.SAXParseException: Unexpected token (position:TEXT status=ok@1:10 in java.io.StringReader@519a4ca)
09-13 14:34:02.589 7072 7134 W iceDescriptorBinderImpl: Regular parsing failed: Unexpected token (position:TEXT status=ok@1:10 in java.io.StringReader@6b92f6e)
09-13 14:34:02.589 7072 7134 W iceDescriptorBinderImpl: Removing leading garbage didn't work: Unexpected token (position:TEXT status=ok@1:10 in java.io.StringReader@660e60f)
09-13 14:34:02.589 7072 7134 W iceDescriptorBinderImpl: No closing element in descriptor
09-13 14:34:02.589 7072 7134 W trieveRemoteDescriptors: Could not hydrate device or its services from descriptor: (RemoteDevice) Identity: (RemoteDeviceIdentity) UDN: uuid:NFANDROID2-PRV-SHIELDANDROIDTV-NVIDISHIELD=ANDROID=TV-6563-675EB5A208B72ADBF69D796766909DEED1B337479A9D82E0942B87557B4372E7, Descriptor: http://192.168.1.128:9080, Root: true
09-13 14:34:02.589 7072 7134 W trieveRemoteDescriptors: Cause was: org.xml.sax.SAXParseException: Unexpected token (position:TEXT status=ok@1:10 in java.io.StringReader@6b92f6e)
09-13 14:34:02.607 7072 7125 W DeviceDescriptorBinder: Unsupported UDA minor version, ignoring: 1
09-13 14:34:02.636 7072 7127 D UpnpBackgroundService: Device added: Plex, Inc. Plex Media Server 1.13.5.5332
09-13 14:34:03.094 7072 7118 W iceDescriptorBinderImpl: Regular parsing failed: Unexpected token (position:TEXT status=ok@1:10 in java.io.StringReader@b673d34)
09-13 14:34:03.095 7072 7118 W iceDescriptorBinderImpl: Removing leading garbage didn't work: Unexpected token (position:TEXT status=ok@1:10 in java.io.StringReader@9d3175d)
09-13 14:34:03.095 7072 7118 W iceDescriptorBinderImpl: No closing element in descriptor
09-13 14:34:03.095 7072 7118 W trieveRemoteDescriptors: Could not hydrate device or its services from descriptor: (RemoteDevice) Identity: (RemoteDeviceIdentity) UDN: uuid:NFANDROID2-PRV-SHIELDANDROIDTV-NVIDISHIELD=ANDROID=TV-6563-, Descriptor: http://192.168.1.128:9080, Root: true
09-13 14:34:03.095 7072 7118 W trieveRemoteDescriptors: Cause was: org.xml.sax.SAXParseException: Unexpected token (position:TEXT status=ok@1:10 in java.io.StringReader@b673d34)
09-13 14:34:05.718 6977 6977 D RecommendChannelJobSvc: Starting channel creation job
09-13 14:34:05.719 6977 7145 E zygote64: No implementation found for java.lang.String org.xbmc.kodinerds.XBMCJsonRPC._requestJSON(java.lang.String) (tried Java_org_xbmc_kodinerds_XBMCJsonRPC__1requestJSON and Java_org_xbmc_kodinerds_XBMCJsonRPC__1requestJSON__Ljava_lang_String_2)
09-13 14:34:05.719 6977 7145 E Kodijson: _requestJSON: Not available
09-13 14:34:06.102 7072 7115 D ChannelMaintenanceJob: Updating channel: Zuletzt hinzugefügt
09-13 14:34:08.115 352 352 E hw-IPCThreadState: binder thread pool (1 threads) starved for 110 ms
09-13 14:34:11.122 7072 7115 D ChannelMaintenanceJob: Updating device channel.
09-13 14:34:11.136 7072 7124 W iceDescriptorBinderImpl: Regular parsing failed: Unexpected token (position:TEXT status=ok@1:10 in java.io.StringReader@f6d515)
09-13 14:34:11.136 7072 7124 W iceDescriptorBinderImpl: Removing leading garbage didn't work: Unexpected token (position:TEXT status=ok@1:10 in java.io.StringReader@143502a)
09-13 14:34:11.136 7072 7124 W iceDescriptorBinderImpl: No closing element in descriptor
09-13 14:34:11.137 7072 7124 W trieveRemoteDescriptors: Could not hydrate device or its services from descriptor: (RemoteDevice) Identity: (RemoteDeviceIdentity) UDN: uuid:NFANDROID2-PRV-SHIELDANDROIDTV-NVIDISHIELD=ANDROID=TV-6563-675EB5A208B72ADBF69D796766909DEED1B337479A9D82E0942B87557B4372E7, Descriptor: http://192.168.1.128:9080, Root: true
09-13 14:34:11.137 7072 7124 W trieveRemoteDescriptors: Cause was: org.xml.sax.SAXParseException: Unexpected token (position:TEXT status=ok@1:10 in java.io.StringReader@f6d515)
09-13 14:34:12.010 7072 7127 W iceDescriptorBinderImpl: Regular parsing failed: Unexpected token (position:TEXT status=ok@1:10 in java.io.StringReader@eee5b64)
09-13 14:34:12.011 7072 7127 W iceDescriptorBinderImpl: Removing leading garbage didn't work: Unexpected token (position:TEXT status=ok@1:10 in java.io.StringReader@ead91cd)
09-13 14:34:12.011 7072 7127 W iceDescriptorBinderImpl: No closing element in descriptor
09-13 14:34:12.011 7072 7127 W trieveRemoteDescriptors: Could not hydrate device or its services from descriptor: (RemoteDevice) Identity: (RemoteDeviceIdentity) UDN: uuid:NFANDROID2-PRV-SHIELDANDROIDTV-NVIDISHIELD=ANDROID=TV-6563-675EB5A208B72ADBF69D796766909DEED1B337479A9D82E0942B87557B4372E7, Descriptor: http://192.168.1.128:9080, Root: true
09-13 14:34:12.011 7072 7127 W trieveRemoteDescriptors: Cause was: org.xml.sax.SAXParseException: Unexpected token (position:TEXT status=ok@1:10 in java.io.StringReader@eee5b64)
09-13 14:34:12.636 7072 7120 W iceDescriptorBinderImpl: Regular parsing failed: Unexpected token (position:TEXT status=ok@1:10 in java.io.StringReader@8aa97ef)
09-13 14:34:12.637 7072 7120 W iceDescriptorBinderImpl: Removing leading garbage didn't work: Unexpected token (position:TEXT status=ok@1:10 in java.io.StringReader@cc7b2fc)
09-13 14:34:12.637 7072 7120 W iceDescriptorBinderImpl: No closing element in descriptor
09-13 14:34:12.637 7072 7120 W trieveRemoteDescriptors: Could not hydrate device or its services from descriptor: (RemoteDevice) Identity: (RemoteDeviceIdentity) UDN: uuid:NFANDROID2-PRV-SHIELDANDROIDTV-NVIDISHIELD=ANDROID=TV-6563-675EB5A208B72ADBF69D796766909DEED1B337479A9D82E0942B87557B4372E7, Descriptor: http://192.168.1.128:9080, Root: true
09-13 14:34:12.637 7072 7120 W trieveRemoteDescriptors: Cause was: org.xml.sax.SAXParseException: Unexpected token (position:TEXT status=ok@1:10 in java.io.StringReader@8aa97ef)
09-13 14:34:12.646 7072 7128 W iceDescriptorBinderImpl: Regular parsing failed: Unexpected token (position:TEXT status=ok@1:10 in java.io.StringReader@301c832)
09-13 14:34:12.647 7072 7128 W iceDescriptorBinderImpl: Removing leading garbage didn't work: Unexpected token (position:TEXT status=ok@1:10 in java.io.StringReader@b6da983)
09-13 14:34:12.647 7072 7128 W iceDescriptorBinderImpl: No closing element in descriptor
09-13 14:34:12.647 7072 7128 W trieveRemoteDescriptors: Could not hydrate device or its services from descriptor: (RemoteDevice) Identity: (RemoteDeviceIdentity) UDN: uuid:NFANDROID2-PRV-SHIELDANDROIDTV-NVIDISHIELD=ANDROID=TV-6563-, Descriptor: http://192.168.1.128:9080, Root: true
09-13 14:34:12.647 7072 7128 W trieveRemoteDescriptors: Cause was: org.xml.sax.SAXParseException: Unexpected token (position:TEXT status=ok@1:10 in java.io.StringReader@301c832)
09-13 14:34:13.006 7072 7120 W iceDescriptorBinderImpl: Regular parsing failed: Unexpected token (position:TEXT status=ok@1:10 in java.io.StringReader@6b56b39)
09-13 14:34:13.007 7072 7120 W iceDescriptorBinderImpl: Removing leading garbage didn't work: Unexpected token (position:TEXT status=ok@1:10 in java.io.StringReader@900357e)
09-13 14:34:13.007 7072 7120 W iceDescriptorBinderImpl: No closing element in descriptor
09-13 14:34:13.007 7072 7120 W trieveRemoteDescriptors: Could not hydrate device or its services from descriptor: (RemoteDevice) Identity: (RemoteDeviceIdentity) UDN: uuid:NFANDROID2-PRV-SHIELDANDROIDTV-NVIDISHIELD=ANDROID=TV-6563-675EB5A208B72ADBF69D796766909DEED1B337479A9D82E0942B87557B4372E7, Descriptor: http://192.168.1.128:9080, Root: true
09-13 14:34:13.007 7072 7120 W trieveRemoteDescriptors: Cause was: org.xml.sax.SAXParseException: Unexpected token (position:TEXT status=ok@1:10 in java.io.StringReader@6b56b39)
09-13 14:34:13.138 7072 7132 W iceDescriptorBinderImpl: Regular parsing failed: Unexpected token (position:TEXT status=ok@1:10 in java.io.StringReader@7c8f618)
09-13 14:34:13.138 7072 7132 W iceDescriptorBinderImpl: Removing leading garbage didn't work: Unexpected token (position:TEXT status=ok@1:10 in java.io.StringReader@a1c4871)
09-13 14:34:13.138 7072 7132 W iceDescriptorBinderImpl: No closing element in descriptor
09-13 14:34:13.140 7072 7132 W trieveRemoteDescriptors: Could not hydrate device or its services from descriptor: (RemoteDevice) Identity: (RemoteDeviceIdentity) UDN: uuid:NFANDROID2-PRV-SHIELDANDROIDTV-NVIDISHIELD=ANDROID=TV-6563-675EB5A208B72ADBF69D796766909DEED1B337479A9D82E0942B87557B4372E7, Descriptor: http://192.168.1.128:9080, Root: true
09-13 14:34:13.140 7072 7132 W trieveRemoteDescriptors: Cause was: org.xml.sax.SAXParseException: Unexpected token (position:TEXT status=ok@1:10 in java.io.StringReader@7c8f618)
09-13 14:34:14.536 352 352 E hw-IPCThreadState: binder thread pool (1 threads) starved for 111 ms
09-13 14:34:16.141 7072 7115 D ChannelMaintenanceJob: Full channel update finished
09-13 14:34:16.150 7072 7155 I UpnpServiceImpl: >>> Shutting down UPnP service...
09-13 14:34:16.151 684 6746 I ActivityManager: Killing 5328:com.android.externalstorage/u0a9 (adj 906): empty #17
09-13 14:34:16.168 7072 7155 I JettyServletContainer: No more connectors, stopping Jetty server
09-13 14:34:16.168 7072 7155 I JettyServletContainer: Stopping Jetty server...
09-13 14:34:17.171 7072 7155 I UpnpServiceImpl: <<< UPnP service shutdown completed
09-13 14:34:22.149 352 352 E hw-IPCThreadState: binder thread pool (1 threads) starved for 111 ms
09-13 14:34:22.882 3140 3595 I chromium: [3140:3595:INFO:ssdp_device.c(101)] SSDP packets sent for 30 seconds = 15
09-13 14:34:28.586 352 352 E hw-IPCThreadState: binder thread pool (1 threads) starved for 111 ms
09-13 14:34:29.990 6501 6537 I Finsky : [119] com.google.android.finsky.bq.ab.run(5): Stats for Executor: BlockingExecutor com.google.android.finsky.bq.ac@5c4c482[Running, pool size = 0, active threads = 0, queued tasks = 0, completed tasks = 0]
09-13 14:34:29.990 6501 6537 I Finsky : [119] com.google.android.finsky.bq.ab.run(5): Stats for Executor: LightweightExecutor com.google.android.finsky.bq.ac@7337793[Running, pool size = 1, active threads = 0, queued tasks = 0, completed tasks = 1]
09-13 14:34:36.225 352 352 E hw-IPCThreadState: binder thread pool (1 threads) starved for 111 ms
09-13 14:34:42.635 352 352 E hw-IPCThreadState: binder thread pool (1 threads) starved for 111 ms
09-13 14:34:50.212 3140 3140 I chromium: [3140:3140:INFO:metrics_recorder.cc(89)] Metrics stat: total=2
09-13 14:34:50.212 3140 3140 I chromium: Dial.SsdpDeviceDesc.Android=1
09-13 14:34:50.212 3140 3140 I chromium: Dial.SsdpDeviceDesc.Android.200=1
09-13 14:34:50.260 352 352 E hw-IPCThreadState: binder thread pool (1 threads) starved for 111 ms
09-13 14:34:50.457 3140 3394 I chromium: [3140:3394:INFO:wifi_proximity.cc(209)] Request scan.
09-13 14:34:53.658 3140 3595 I chromium: [3140:3595:INFO:ssdp_device.c(101)] SSDP packets sent for 30 seconds = 7
09-13 14:34:56.684 352 352 E hw-IPCThreadState: binder thread pool (1 threads) starved for 111 ms