09-13 14:31:05.627 684 684 D PackageManager - AppHiding: appProfile region list for com.amazon.amazonvideo.livingroom is AF,AX,AL,DZ,AS,AD,AO,AI,AQ,AG,AR,AM,AW,AU,AT,AZ,BS,BH,BD,BB,BY,BE,BZ,BJ,BM,BT,BO,BA,BW,BV,BR,IO,VG,BN,BG,BF,BI,KH,CM,CA,CV,KY,CF,TD,CL,CX,CC,CO,KM,CG,CD,CK,CR,CI,HR,CW,CY,CZ,DK,DJ,DM,DO,EC,EG,SV,GQ,ER,EE,ET,FK,FO,FJ,FI,FR,GF,PF,TF,GP,MQ,GA,GM,GE,DE,GH,GI,GR,GL,GD,GU,GT,GG,GN,GW,GY,HT,HM,HN,HK,HU,IS,IN,ID,IQ,IE,IM,IL,IT,JM,JP,JE,JO,KZ,KE,KI,KW,KG,LA,LV,LB,LS,LR,LY,LI,LT,LU,MO,MK,MG,MW,MY,MV,ML,MT,MP,MH,MR,MU,YT,MX,FM,MD,MC,MN,ME,MS,MA,MZ,MM,NA,NR,NP,NL,NC,NZ,NI,NE,NG,NU,NF,NO,OM,PK,PW,PS,PA,PG,PY,PE,PH,PN,PL,PT,PR,QA,RE,RO,RU,RW,SH,KN,LC,PM,VC,WS,SM,ST,SA,SN,RS,SC,SL,SG,SK,SI,SB,SO,ZA,GS,KR,SS,ES,LK,BL,MF,SR,SJ,SZ,SE,CH,TW,TJ,TZ,TH,TL,TG,TK,TO,TT,TN,TR,TM,TC,TV,UG,UA,AE,GB,US,UM,UY,VI,UZ,VU,VA,VE,VN,WF,EH,YE,ZM,ZW
09-13 14:31:05.628 684 684 D PackageManager - AppHiding: appProfile region list for com.zattoo.player is
09-13 14:31:05.629 1292 2024 E NetworkScheduler: Invalid component specified.
09-13 14:31:05.630 1292 2024 E NetworkScheduler: Invalid component specified.
09-13 14:31:05.630 684 684 D PackageManager - AppHiding: appProfile region list for air.ITVMobilePlayer is
09-13 14:31:05.632 684 684 D PackageManager - AppHiding: appProfile region list for com.nvidia.bbciplayer is
09-13 14:31:05.633 684 684 D PackageManager - AppHiding: appProfile region list for com.nvidia.bbciplayer.launch is
09-13 14:31:05.635 684 684 D PackageManager - AppHiding: appProfile region list for com.netflix.ninja is
09-13 14:31:05.635 684 684 I PackageManager - AppHiding: app hiding on DE(LOCALE,SKU=E)
09-13 14:31:05.637 5295 5295 I CalendarProvider2: Created com.android.providers.calendar.CalendarAlarmManager@e48f412(com.android.providers.calendar.CalendarProvider2@75997e3)
09-13 14:31:05.643 1292 2024 E NetworkScheduler: Invalid component specified.
09-13 14:31:05.673 684 1723 I ActivityManager: Killing 4411:com.google.android.tts/u0a53 (adj 906): empty #17
09-13 14:31:05.706 1292 2024 I chatty : uid=10010(u0_a10) lowpool[0] identical 7 lines
09-13 14:31:05.732 1292 2024 E NetworkScheduler: Invalid component specified.
09-13 14:31:05.849 4056 4056 I OTA->OtaEventLogger: [i] Received BOOT_COMPLETED from peer
09-13 14:31:05.861 684 942 I ActivityManager: Start proc 5328:com.android.externalstorage/u0a9 for broadcast com.android.externalstorage/.MountReceiver
09-13 14:31:05.868 1292 2024 E NetworkScheduler: Invalid component specified.
09-13 14:31:05.907 4230 4602 W zygote : No such thread id for suspend: 73
09-13 14:31:06.000 1292 2024 E NetworkScheduler: Invalid component specified.
09-13 14:31:06.006 1292 2024 E NetworkScheduler: Invalid component specified.
09-13 14:31:06.011 3919 5198 E NvCPLUpdater: Issue in getting packages, responseCode:404
09-13 14:31:06.060 1292 2024 E NetworkScheduler: Invalid component specified.
09-13 14:31:06.068 5328 5328 D ExternalStorage: After updating volumes, found 6 active roots
09-13 14:31:06.069 791 1217 V Avrcp : MSG_UPDATE_MEDIA
09-13 14:31:06.073 791 1217 V Avrcp : updatePlaybackState (1): -1➡0(PlaybackState {state=0, position=-1, buffered position=0, speed=0.0, updated=61322, actions=0, custom actions=[], active item id=-1, error=null})
09-13 14:31:06.073 791 1217 V Avrcp : Media update: id -1➡-1? [MediaAttributes: none]
09-13 14:31:06.073 791 1217 D Avrcp : sendPlayPosNotificationRsp: Not registered or requesting.
09-13 14:31:06.084 5328 5328 D ExternalStorage: After updating volumes, found 6 active roots
09-13 14:31:06.085 684 942 I ActivityManager: Killing 4430:com.google.android.ext.services/u0a11 (adj 906): empty #17
09-13 14:31:06.089 957 957 E DiskReceiver: Missing fsUuid, not launching activity.
09-13 14:31:06.094 5328 5328 D ExternalStorage: After updating volumes, found 6 active roots
09-13 14:31:06.103 1292 2024 E NetworkScheduler: Invalid component specified.
09-13 14:31:06.105 957 957 D DiskReceiver: Scanning volume: VolumeInfo{Remote:MEDIANICK-PC:1}:
09-13 14:31:06.105 957 957 D DiskReceiver: type=REMOTE diskId=MEDIANICK-PC
09-13 14:31:06.105 957 957 D DiskReceiver: partGuid=9878d345-2073-d47c-998e-103afde509e7 mountFlags=VISIBLE
09-13 14:31:06.105 957 957 D DiskReceiver: mountUserId=0 state=MOUNTED
09-13 14:31:06.105 957 957 D DiskReceiver: fsType=cifs fsUuid=5648a8f8-399a-3768-9e64-c1ce42d650f1 fsLabel=1
09-13 14:31:06.105 957 957 D DiskReceiver: path=/storage/MEDIANICK-PC/1
09-13 14:31:06.105 957 957 D DiskReceiver: internalPath=/mnt/remote/79a35232-07f9-4230-9df3-4256560ddbd2/MEDIANICK-PC/1
09-13 14:31:06.105 957 957 D DiskReceiver:
09-13 14:31:06.114 1292 2024 E NetworkScheduler: Invalid component specified.
09-13 14:31:06.129 1292 2024 E NetworkScheduler: Invalid component specified.
09-13 14:31:06.162 684 1675 I ActivityManager: Start proc 5348:com.google.android.inputmethod.japanese/u0a51 for service com.google.android.inputmethod.japanese/com.firebase.jobdispatcher.GooglePlayReceiver
09-13 14:31:06.194 1323 1323 D MediaScannerReceiver: action: android.intent.action.MEDIA_MOUNTED path: /storage/MEDIANICK-PC/1
09-13 14:31:06.212 684 1610 I ActivityManager: Start proc 5361:com.nvidia.diagtools/1000 for broadcast com.nvidia.diagtools/.main.MediaEventReceiver
09-13 14:31:06.329 5361 5361 D Variables: Set VERSION_NAME: 18.03.21
09-13 14:31:06.348 5348 5348 I InputContentProvider: Created InputContentProvider: exported=[false]
09-13 14:31:06.353 5361 5361 D Variables: Set RO_BOOT_MODE:
09-13 14:31:06.376 5361 5361 D Variables: Set RO_BUILD_CHARACTERISTICS: tv
09-13 14:31:06.387 684 693 I zygote64: Background concurrent copying GC freed 147730(5MB) AllocSpace objects, 0(0B) LOS objects, 42% free, 13MB/24MB, paused 195us total 132.497ms
09-13 14:31:06.409 4686 5383 I FirebaseCrash: Sending crashes
09-13 14:31:06.429 5361 5361 D Variables: Set RO_PRODUCT_DEVICE: darcy
09-13 14:31:06.442 5361 5361 I MediaEventReceiver: Detected storage connect event.
09-13 14:31:06.494 5348 5348 E AndroidIME: apf: No enum constant aou.TV
09-13 14:31:06.495 5348 5348 I chatty : uid=10051(u0_a51) com.google.android.inputmethod.japanese identical 1 line
09-13 14:31:06.495 5348 5348 E AndroidIME: apf: No enum constant aou.TV
09-13 14:31:06.505 5348 5348 I TransientFileCleaner: Deleting 0 files
09-13 14:31:06.506 5348 5348 I TransientFileCleaner: Deleting 0 files
09-13 14:31:06.516 5348 5348 I ModuleManager: Key 'module:com.google.android.apps.inputmethod.japanese.symbol.ISymbolKeyboardExtension' has value 'res/xml/extension_symbol.xml'
09-13 14:31:06.522 5348 5348 I ModuleManager: Adding [GIMS_UserUnlocked] NotificationListener for module com.google.android.apps.inputmethod.japanese.symbol.SymbolKeyboardExtension
09-13 14:31:06.523 5348 5348 I ModuleManager: Key 'module:com.google.android.apps.inputmethod.libs.mozc.extension.IJapaneseMozcExtension' has value 'res/xml/extension_japanese_mozc.xml'
09-13 14:31:06.523 5348 5348 I ModuleManager: Adding [App_UserUnlocked] NotificationListener for module com.google.android.apps.inputmethod.libs.mozc.extension.JapaneseMozcExtension
09-13 14:31:06.524 5348 5348 I ModuleManager: Key 'module:com.google.android.apps.inputmethod.libs.search.IEmoticonExtension' has value 'res/xml/extension_japanese_emoticon.xml'
09-13 14:31:06.524 5348 5348 I ModuleManager: Adding [GIMS_UserUnlocked] NotificationListener for module com.google.android.apps.inputmethod.libs.search.emoji.EmoticonExtension
09-13 14:31:06.524 5348 5348 I ModuleManager: Unexpected key 'com.google.android.backup.api_key' does not match 'module:'
09-13 14:31:06.524 5348 5348 I ModuleManager: Key 'module:com.google.android.apps.inputmethod.libs.search.IEmojiDataExtension' has value 'res/xml/extension_emoji_data.xml'
09-13 14:31:06.525 5348 5348 I ModuleManager: Adding [GIMS_UserUnlocked] NotificationListener for module com.google.android.apps.inputmethod.libs.search.emojisuggestion.EmptyEmojiDataExtension
09-13 14:31:06.525 5348 5348 I ModuleManager: Key 'module:com.google.android.apps.inputmethod.libs.search.IEmojiOrGifExtension' has value 'res/xml/extension_emoji_or_gif.xml'
09-13 14:31:06.525 5348 5348 I ModuleManager: Adding [GIMS_UserUnlocked] NotificationListener for module com.google.android.apps.inputmethod.libs.search.ArtExtension
09-13 14:31:06.525 5348 5348 I ModuleManager: Key 'module:com.google.android.apps.inputmethod.japanese.symbol.IDigitKeyboardExtension' has value 'res/xml/extension_digit.xml'
09-13 14:31:06.532 5348 5348 I ModuleManager: Adding [GIMS_UserUnlocked] NotificationListener for module com.google.android.apps.inputmethod.japanese.symbol.DigitKeyboardExtension
09-13 14:31:06.532 5348 5348 I ModuleManager: Unexpected key 'com.google.android.gms.version' does not match 'module:'
09-13 14:31:06.532 5348 5348 I ModuleManager: Key 'module:com.google.android.apps.inputmethod.libs.search.IEmojiSearchExtension' has value 'res/xml/extension_japanese_emoji_search.xml'
09-13 14:31:06.537 5348 5348 I ModuleManager: Adding [GIMS_UserUnlocked] NotificationListener for module com.google.android.apps.inputmethod.japanese.symbol.JapaneseEmojiSearchExtension
09-13 14:31:06.537 5348 5348 I ModuleManager: Key 'module:com.google.android.apps.inputmethod.libs.framework.module.IEmojiSuggestionExtension' has value 'res/xml/extension_emoji_suggestion.xml'
09-13 14:31:06.537 5348 5348 I ModuleManager: Adding [GIMS_UserUnlocked] NotificationListener for module com.google.android.apps.inputmethod.libs.search.emojisuggestion.EmojiSuggestionExtension
09-13 14:31:06.545 5348 5348 I TransientFileCleaner: Deleting 0 files
09-13 14:31:06.546 5348 5348 I LauncherIconVisibility: doUpdate() : Visible = false
09-13 14:31:06.564 5348 5348 I PhenotypeExpConfig: refreshConfiguration() : Force = true : UpdateAvailable = false : Age = 36 minutes : MaxAge = 720 minutes
09-13 14:31:06.584 5348 5348 I FirebaseJobDispatcher: Schedule task: fetch_configuration. Success.
09-13 14:31:06.589 5348 5348 I FirebaseJobDispatcher: Schedule task: register. Success.
09-13 14:31:06.601 5348 5348 I FirebaseJobDispatcher: Schedule task: daily_ping_task. Success.
09-13 14:31:06.603 5348 5348 I ModuleManager: Module object of interface com.google.android.apps.inputmethod.libs.mozc.extension.JapaneseMozcExtension loaded.
09-13 14:31:06.612 5361 5361 D MediaEventReceiver: plugin not found.
09-13 14:31:06.613 5348 5348 I ModuleManager: com.google.android.apps.inputmethod.libs.mozc.extension.IJapaneseMozcExtension changed to available
09-13 14:31:06.625 684 1543 I ActivityManager: Start proc 5398:com.archos.mediacenter.videofree/u0a29 for broadcast com.archos.mediacenter.videofree/com.archos.filecorelibrary.ExtStorageReceiver
09-13 14:31:06.628 684 1543 I ActivityManager: Killing 4632:com.haystack.android/u0a120 (adj 906): empty #17
09-13 14:31:06.645 5348 5348 I FirebaseJobDispatcher: onStartJob(): fetch_configuration.
09-13 14:31:06.646 5348 5348 I FirebaseJobDispatcher: onStartJob(): register.
09-13 14:31:06.647 5348 5406 I PhenotypeIme: ExperimentTaskCallable.fetchConfiguration() : com.google.android.inputmethod.japanese
09-13 14:31:06.673 684 1695 I ActivityManager: Killing 3455:com.google.android.gms.unstable/u0a10 (adj 906): empty #17
09-13 14:31:06.740 5398 5398 I MultiDex: VM with version 2.1.0 has multidex support
09-13 14:31:06.740 5398 5398 I MultiDex: Installing application
09-13 14:31:06.740 5398 5398 I MultiDex: VM has multidex support, MultiDex support library is disabled.
09-13 14:31:06.768 5348 5406 I PhenotypeIme: ExperimentTaskCallable.fetchConfiguration() : ConfigurationsResult[0] = Success
09-13 14:31:06.770 5348 5406 I UrgentSignal: getInstance(): Creating UrgentSignalsProcessor instance
09-13 14:31:06.783 4155 4228 D TileAndroidGame: Unable to parse developer
09-13 14:31:06.783 4155 4228 D TileAndroidGame: org.json.JSONException: End of input at character 0 of
09-13 14:31:06.783 4155 4228 D TileAndroidGame: at org.json.JSONTokener.syntaxError(JSONTokener.java:449)
09-13 14:31:06.783 4155 4228 D TileAndroidGame: at org.json.JSONTokener.nextValue(JSONTokener.java:97)
09-13 14:31:06.783 4155 4228 D TileAndroidGame: at org.json.JSONObject.(JSONObject.java:159)
09-13 14:31:06.783 4155 4228 D TileAndroidGame: at org.json.JSONObject.(JSONObject.java:176)
09-13 14:31:06.783 4155 4228 D TileAndroidGame: at com.nvidia.tegrazone.e.b.i.a(GameStream:155)
09-13 14:31:06.783 4155 4228 D TileAndroidGame: at com.nvidia.tegrazone.e.a.a(GameStream:384)
09-13 14:31:06.783 4155 4228 D TileAndroidGame: at com.nvidia.tegrazone.e.a.a(GameStream:80)
09-13 14:31:06.783 4155 4228 D TileAndroidGame: at com.nvidia.tegrazone.channels.ChannelsJobService.a(GameStream:199)
09-13 14:31:06.783 4155 4228 D TileAndroidGame: at com.nvidia.tegrazone.channels.ChannelsJobService.a(GameStream:83)
09-13 14:31:06.783 4155 4228 D TileAndroidGame: at com.nvidia.tegrazone.channels.ChannelsJobService$a.a(GameStream:181)
09-13 14:31:06.783 4155 4228 D TileAndroidGame: at com.nvidia.tegrazone.channels.ChannelsJobService$a.call(GameStream:162)
09-13 14:31:06.783 4155 4228 D TileAndroidGame: at java.util.concurrent.FutureTask.run(FutureTask.java:266)
09-13 14:31:06.783 4155 4228 D TileAndroidGame: at java.util.concurrent.ThreadPoolExecutor.runWorker(ThreadPoolExecutor.java:1162)
09-13 14:31:06.783 4155 4228 D TileAndroidGame: at java.util.concurrent.ThreadPoolExecutor$Worker.run(ThreadPoolExecutor.java:636)
09-13 14:31:06.783 4155 4228 D TileAndroidGame: at java.lang.Thread.run(Thread.java:764)
09-13 14:31:06.799 684 1650 W ActivityManager: Background start not allowed: service Intent { cmp=com.archos.mediacenter.videofree/com.archos.mediaprovider.video.VideoStoreImportService } to com.archos.mediacenter.videofree/com.archos.mediaprovider.video.VideoStoreImportService from pid=5398 uid=10029 pkg=com.archos.mediacenter.videofree
09-13 14:31:06.901 684 833 D VoldConnector: SND -> {44 volume mkdirs /Android/data/com.archos.mediacenter.videofree/files/}
09-13 14:31:06.901 289 293 E Vold : Failed to find mounted volume for /Android/data/com.archos.mediacenter.videofree/files/
09-13 14:31:06.902 684 759 D VoldConnector: RCV <- {400 44 Command failed}
09-13 14:31:06.902 5398 5423 W ContextImpl: Failed to ensure Android/data/com.archos.mediacenter.videofree/files: 400
09-13 14:31:06.903 684 1654 D VoldConnector: SND -> {45 volume mkdirs /Android/data/com.archos.mediacenter.videofree/files/}
09-13 14:31:06.903 289 293 E Vold : Failed to find mounted volume for /Android/data/com.archos.mediacenter.videofree/files/
09-13 14:31:06.903 684 759 D VoldConnector: RCV <- {400 45 Command failed}
09-13 14:31:06.904 5398 5423 I chatty : uid=10029(u0_a29) com.archos.mediacenter.videofree identical 1 line
09-13 14:31:06.906 684 1643 D VoldConnector: SND -> {46 volume mkdirs /Android/data/com.archos.mediacenter.videofree/files/}
09-13 14:31:06.906 289 293 E Vold : Failed to find mounted volume for /Android/data/com.archos.mediacenter.videofree/files/
09-13 14:31:06.906 684 759 D VoldConnector: RCV <- {400 46 Command failed}
09-13 14:31:06.907 5398 5423 W ContextImpl: Failed to ensure Android/data/com.archos.mediacenter.videofree/files: 400
09-13 14:31:06.916 5398 5398 D NetworkSecurityConfig: No Network Security Config specified, using platform default
09-13 14:31:06.924 684 1543 D VoldConnector: SND -> {47 volume mkdirs /Android/data/com.archos.mediacenter.videofree/files/}
09-13 14:31:06.925 289 293 E Vold : Failed to find mounted volume for /Android/data/com.archos.mediacenter.videofree/files/
09-13 14:31:06.925 684 759 D VoldConnector: RCV <- {400 47 Command failed}
09-13 14:31:06.925 5398 5423 W ContextImpl: Failed to ensure Android/data/com.archos.mediacenter.videofree/files: 400
09-13 14:31:06.927 5348 5406 I PhenotypeIme: ExperimentTaskCallable.fetchConfiguration() : ConfigurationsResult[0] = Persisted
09-13 14:31:06.970 5398 5423 V LibAvos : Can't load library: java.lang.UnsatisfiedLinkError: dalvik.system.PathClassLoader[DexPathList[[zip file "/data/app/com.archos.mediacenter.videofree-BW6P-XxwxXO-FsGnn9QPDQ==/base.apk"],nativeLibraryDirectories=[/data/app/com.archos.mediacenter.videofree-BW6P-XxwxXO-FsGnn9QPDQ==/lib/arm, /data/app/com.archos.mediacenter.videofree-BW6P-XxwxXO-FsGnn9QPDQ==/base.apk!/lib/armeabi-v7a, /system/lib, /vendor/lib]]] couldn't find "libcryptocompat.so"
09-13 14:31:06.971 5398 5423 V LibAvos : Can't load library: java.lang.UnsatisfiedLinkError: dalvik.system.PathClassLoader[DexPathList[[zip file "/data/app/com.archos.mediacenter.videofree-BW6P-XxwxXO-FsGnn9QPDQ==/base.apk"],nativeLibraryDirectories=[/data/app/com.archos.mediacenter.videofree-BW6P-XxwxXO-FsGnn9QPDQ==/lib/arm, /data/app/com.archos.mediacenter.videofree-BW6P-XxwxXO-FsGnn9QPDQ==/base.apk!/lib/armeabi-v7a, /system/lib, /vendor/lib]]] couldn't find "libsslcompat.so"
09-13 14:31:06.977 5398 5423 E linker : library "/system/lib/libcurl.so" ("/system/lib/libcurl.so") needed or dlopened by "/system/lib/libnativeloader.so" is not accessible for the namespace: [name="classloader-namespace", ld_library_paths="", default_library_paths="/data/app/com.archos.mediacenter.videofree-BW6P-XxwxXO-FsGnn9QPDQ==/lib/arm:/data/app/com.archos.mediacenter.videofree-BW6P-XxwxXO-FsGnn9QPDQ==/base.apk!/lib/armeabi-v7a", permitted_paths="/data:/mnt/expand:/data/data/com.archos.mediacenter.videofree"]
09-13 14:31:06.977 5398 5423 V LibAvos : Can't load library: java.lang.UnsatisfiedLinkError: dlopen failed: library "/system/lib/libcurl.so" needed or dlopened by "/system/lib/libnativeloader.so" is not accessible for the namespace "classloader-namespace"
09-13 14:31:06.978 5348 5406 I PhenotypeIme: ExperimentTaskCallable.fetchConfiguration() : ConfigurationsResult[0] = Committed
09-13 14:31:06.978 5348 5406 I PhenotypeIme: ExperimentTaskCallable.fetchConfiguration() : Updating SharedPreferences
09-13 14:31:06.980 5348 5406 I PhenotypeIme: ExperimentTaskCallable.fetchConfiguration() : Success after 334 ms
09-13 14:31:06.981 5348 5406 I PhenotypeIme: ExperimentTaskCallable.registerWithPhenotype() : com.google.android.inputmethod.japanese : 6329010
09-13 14:31:06.981 5348 5348 I FirebaseJobDispatcher: Task: fetch_configuration successes.
09-13 14:31:06.997 5398 5398 D SambaConfiguration: Updating credentials cache
09-13 14:31:07.007 5348 5406 I PhenotypeIme: ExperimentTaskCallable.registerWithPhenotype() : Success after 26 ms
09-13 14:31:07.008 5348 5348 I FirebaseJobDispatcher: Task: register successes.
09-13 14:31:07.048 684 1544 I ActivityManager: Killing 4776:com.sec.android.app.sbrowser/u0a128 (adj 906): empty #17
09-13 14:31:07.058 5398 5423 V libavos : libavos_acquire
09-13 14:31:07.071 5398 5423 V libavos : libavos_debug_acquire: first init
09-13 14:31:07.072 5398 5429 D avos_player: libavos_init
09-13 14:31:07.072 5398 5429 D avos_player: device_config.has_hdd 0
09-13 14:31:07.072 5398 5429 D avos_player: device_config.has_dsp 1
09-13 14:31:07.072 5398 5429 D avos_player: device_config.has_dsp_od 1
09-13 14:31:07.072 5398 5429 D avos_player: device_config.zone 0
09-13 14:31:07.072 5398 5429 D avos_player: device_config.has_archos_enhancement 0
09-13 14:31:07.072 5398 5429 D avos_player: device_config.hw_type tegra2
09-13 14:31:07.072 5398 5429 D avos_player: device_config.cpu_count 4
09-13 14:31:07.072 5398 5429 D avos_player: dlhelper_dlsym: dlhelper_dlsym failed: undefined symbol: _ZN7android11AudioSystem16getOutputLatencyEPj19audio_stream_type_t
09-13 14:31:07.072 5398 5429 D avos_player: dlhelper_as_init: sym_init: dlsym failed: getOutputLatency
09-13 14:31:07.072 5398 5429 D avos_player:
09-13 14:31:07.072 5398 5429 D avos_player: audio_interface_init: opensles success
09-13 14:31:07.072 5398 5429 D avos_player: creating mainloop (for debug only)
09-13 14:31:07.092 5398 5398 E Ads : This app is using a lightweight version of the Google Mobile Ads SDK that requires the latest Google Play services to be installed, but Google Play services is either missing or out of date.
09-13 14:31:07.115 5398 5398 D ccl_BaseCastManager: [v2.9.1] BaseCastManager is instantiated
09-13 14:31:07.115 5398 5398 D ccl_BaseCastManager: Version: 2.9.1
09-13 14:31:07.115 5398 5398 D ccl_BaseCastManager: Application ID: 08FEA4DD
09-13 14:31:07.131 5398 5398 V MediaRouter: Adding route: RouteInfo{ name=TV, description=null, status=null, category=RouteCategory{ name=System types=ROUTE_TYPE_LIVE_AUDIO ROUTE_TYPE_LIVE_VIDEO groupable=false }, supportedTypes=ROUTE_TYPE_LIVE_AUDIO ROUTE_TYPE_LIVE_VIDEO , presentationDisplay=null }
09-13 14:31:07.135 5398 5398 V MediaRouter: Dispatching route change: RouteInfo{ name=HDMI, description=null, status=null, category=RouteCategory{ name=System types=ROUTE_TYPE_LIVE_AUDIO ROUTE_TYPE_LIVE_VIDEO groupable=false }, supportedTypes=ROUTE_TYPE_LIVE_AUDIO ROUTE_TYPE_LIVE_VIDEO , presentationDisplay=null }
09-13 14:31:07.135 5398 5398 V MediaRouter: Audio routes updated: AudioRoutesInfo{ type=HDMI }, a2dp=false
09-13 14:31:07.137 5398 5398 V MediaRouter: Selecting route: RouteInfo{ name=HDMI, description=null, status=null, category=RouteCategory{ name=System types=ROUTE_TYPE_LIVE_AUDIO ROUTE_TYPE_LIVE_VIDEO groupable=false }, supportedTypes=ROUTE_TYPE_LIVE_AUDIO ROUTE_TYPE_LIVE_VIDEO , presentationDisplay=null }
09-13 14:31:07.147 5398 5398 I MediaRouter: Found default route: MediaRouter.RouteInfo{ uniqueId=android/.support.v7.media.SystemMediaRouteProvider:DEFAULT_ROUTE, name=HDMI, description=null, iconUri=null, enabled=true, connecting=false, connectionState=0, canDisconnect=false, playbackType=0, playbackStream=3, deviceType=0, volumeHandling=1, volume=15, volumeMax=15, presentationDisplayId=-1, extras=null, settingsIntent=null, providerPackageName=android }
09-13 14:31:07.150 5398 5398 D ccl_VideoCastManager: [v2.9.1] VideoCastManager is instantiated
09-13 14:31:07.192 5398 5398 D ccl_VideoCastManager: [v2.9.1] Successfully added the new MiniController com.archos.mediacenter.video.player.cast.ArchosVideoCastManager@9845e59
09-13 14:31:07.192 5398 5398 D ccl_VideoCastManager: [v2.9.1] Stopped TrickPlay Timer
09-13 14:31:07.197 5398 5398 D ccl_VideoCastManager: [v2.9.1] Restarted Progress Timer
09-13 14:31:07.197 5398 5398 D ccl_BaseCastManager: [v2.9.1] Successfully added the new BaseCastConsumer listener com.archos.mediacenter.video.player.cast.ArchosVideoCastManager$1@23a52ff
09-13 14:31:07.197 5398 5398 D ccl_VideoCastManager: [v2.9.1] Successfully added the new CastConsumer listener com.archos.mediacenter.video.player.cast.ArchosVideoCastManager$1@23a52ff
09-13 14:31:07.258 5398 5398 W zygote : Skipping duplicate class check due to unrecognized classloader
09-13 14:31:07.273 5398 5398 D ExtStorageManager: /storage/MEDIANICK-PC/kodidata OTHER
09-13 14:31:07.273 5398 5398 D ExtStorageManager: /storage/MEDIANICK-PC/1 OTHER
09-13 14:31:07.273 5398 5398 D ExtStorageManager: /storage/MEDIANICK-PC/H OTHER
09-13 14:31:07.273 5398 5398 D ExtStorageManager: /storage/MEDIANICK-PC/Users OTHER
09-13 14:31:07.277 684 951 I ActivityManager: Killing 4842:de.prosiebensat1digital.seventv/u0a85 (adj 906): empty #17
09-13 14:31:07.278 2094 2094 I k9 : storage path "/storage/MEDIANICK-PC/1" mounted readOnly=true
09-13 14:31:07.282 5398 5398 V MediaRouter: Selecting route: RouteInfo{ name=HDMI, description=null, status=null, category=RouteCategory{ name=System types=ROUTE_TYPE_LIVE_AUDIO ROUTE_TYPE_LIVE_VIDEO groupable=false }, supportedTypes=ROUTE_TYPE_LIVE_AUDIO ROUTE_TYPE_LIVE_VIDEO , presentationDisplay=null }
09-13 14:31:07.291 5328 5328 D ExternalStorage: After updating volumes, found 6 active roots
09-13 14:31:07.295 957 957 E DiskReceiver: Missing fsUuid, not launching activity.
09-13 14:31:07.317 5328 5328 D ExternalStorage: After updating volumes, found 6 active roots
09-13 14:31:07.331 957 957 D DiskReceiver: Scanning volume: VolumeInfo{Remote:MEDIANICK-PC:H}:
09-13 14:31:07.331 957 957 D DiskReceiver: type=REMOTE diskId=MEDIANICK-PC
09-13 14:31:07.331 957 957 D DiskReceiver: partGuid=9878d345-2073-d47c-8c5a-73b3d93dde68 mountFlags=VISIBLE
09-13 14:31:07.331 957 957 D DiskReceiver: mountUserId=0 state=MOUNTED
09-13 14:31:07.331 957 957 D DiskReceiver: fsType=cifs fsUuid=5648a8f8-399a-3768-d09e-7303ca8f8735 fsLabel=H
09-13 14:31:07.331 957 957 D DiskReceiver: path=/storage/MEDIANICK-PC/H
09-13 14:31:07.331 957 957 D DiskReceiver: internalPath=/mnt/remote/79a35232-07f9-4230-9df3-4256560ddbd2/MEDIANICK-PC/H
09-13 14:31:07.331 957 957 D DiskReceiver:
09-13 14:31:07.346 1323 1323 D MediaScannerReceiver: action: android.intent.action.MEDIA_MOUNTED path: /storage/MEDIANICK-PC/H
09-13 14:31:07.348 5361 5361 I MediaEventReceiver: Detected storage connect event.
09-13 14:31:07.350 5361 5361 D MediaEventReceiver: plugin not found.
09-13 14:31:07.353 5398 5398 D ExtStorageManager: /storage/MEDIANICK-PC/kodidata OTHER
09-13 14:31:07.353 5398 5398 D ExtStorageManager: /storage/MEDIANICK-PC/1 OTHER
09-13 14:31:07.353 5398 5398 D ExtStorageManager: /storage/MEDIANICK-PC/H OTHER
09-13 14:31:07.353 5398 5398 D ExtStorageManager: /storage/MEDIANICK-PC/Users OTHER
09-13 14:31:07.358 2094 2094 I k9 : storage path "/storage/MEDIANICK-PC/H" mounted readOnly=true
09-13 14:31:07.362 5328 5328 D ExternalStorage: After updating volumes, found 6 active roots
09-13 14:31:07.364 957 957 E DiskReceiver: Missing fsUuid, not launching activity.
09-13 14:31:07.366 5328 5328 D ExternalStorage: After updating volumes, found 6 active roots
09-13 14:31:07.369 957 957 D DiskReceiver: Scanning volume: VolumeInfo{Remote:MEDIANICK-PC:Users}:
09-13 14:31:07.369 957 957 D DiskReceiver: type=REMOTE diskId=MEDIANICK-PC
09-13 14:31:07.369 957 957 D DiskReceiver: partGuid=9878d345-2073-d47c-ad75-0fd0e2be962c mountFlags=VISIBLE
09-13 14:31:07.369 957 957 D DiskReceiver: mountUserId=0 state=MOUNTED
09-13 14:31:07.369 957 957 D DiskReceiver: fsType=cifs fsUuid=5648a8f8-399a-3768-db34-8ccea0cce7b1 fsLabel=Users
09-13 14:31:07.369 957 957 D DiskReceiver: path=/storage/MEDIANICK-PC/Users
09-13 14:31:07.369 957 957 D DiskReceiver: internalPath=/mnt/remote/79a35232-07f9-4230-9df3-4256560ddbd2/MEDIANICK-PC/U
09-13 14:31:07.369 957 957 D DiskReceiver: sers
09-13 14:31:07.377 1323 1323 D MediaScannerReceiver: action: android.intent.action.MEDIA_MOUNTED path: /storage/MEDIANICK-PC/Users
09-13 14:31:07.378 5361 5361 I MediaEventReceiver: Detected storage connect event.
09-13 14:31:07.381 5361 5361 D MediaEventReceiver: plugin not found.
09-13 14:31:07.383 5398 5398 D ExtStorageManager: /storage/MEDIANICK-PC/kodidata OTHER
09-13 14:31:07.383 5398 5398 D ExtStorageManager: /storage/MEDIANICK-PC/1 OTHER
09-13 14:31:07.383 5398 5398 D ExtStorageManager: /storage/MEDIANICK-PC/H OTHER
09-13 14:31:07.383 5398 5398 D ExtStorageManager: /storage/MEDIANICK-PC/Users OTHER
09-13 14:31:07.386 2094 2094 I k9 : storage path "/storage/MEDIANICK-PC/Users" mounted readOnly=true
09-13 14:31:07.388 5328 5328 D ExternalStorage: After updating volumes, found 6 active roots
09-13 14:31:07.390 957 957 E DiskReceiver: Missing fsUuid, not launching activity.
09-13 14:31:07.393 5328 5328 D ExternalStorage: After updating volumes, found 6 active roots
09-13 14:31:07.395 957 957 D DiskReceiver: Scanning volume: VolumeInfo{Remote:MEDIANICK-PC:kodidata}:
09-13 14:31:07.395 957 957 D DiskReceiver: type=REMOTE diskId=MEDIANICK-PC
09-13 14:31:07.395 957 957 D DiskReceiver: partGuid=9878d345-2073-d47c-c4fb-1160183db3db mountFlags=VISIBLE
09-13 14:31:07.395 957 957 D DiskReceiver: mountUserId=0 state=MOUNTED
09-13 14:31:07.395 957 957 D DiskReceiver: fsType=cifs fsUuid=5648a8f8-399a-3768-1464-d4dc95260a86 fsLabel=kodidata
09-13 14:31:07.395 957 957 D DiskReceiver: path=/storage/MEDIANICK-PC/kodidata
09-13 14:31:07.395 957 957 D DiskReceiver: internalPath=/mnt/remote/79a35232-07f9-4230-9df3-4256560ddbd2/MEDIANICK-PC/k
09-13 14:31:07.395 957 957 D DiskReceiver: odidata
09-13 14:31:07.406 1323 1323 D MediaScannerReceiver: action: android.intent.action.MEDIA_MOUNTED path: /storage/MEDIANICK-PC/kodidata
09-13 14:31:07.409 5361 5361 I MediaEventReceiver: Detected storage connect event.
09-13 14:31:07.410 5361 5361 D MediaEventReceiver: plugin not found.
09-13 14:31:07.412 5398 5398 D ExtStorageManager: /storage/MEDIANICK-PC/kodidata OTHER
09-13 14:31:07.412 5398 5398 D ExtStorageManager: /storage/MEDIANICK-PC/1 OTHER
09-13 14:31:07.412 5398 5398 D ExtStorageManager: /storage/MEDIANICK-PC/H OTHER
09-13 14:31:07.412 5398 5398 D ExtStorageManager: /storage/MEDIANICK-PC/Users OTHER
09-13 14:31:07.420 2094 2094 I k9 : storage path "/storage/MEDIANICK-PC/kodidata" mounted readOnly=true
09-13 14:31:07.503 1740 1740 D NotifInteractonRcvr: Show unseen default level notification toasts
09-13 14:31:07.529 1292 2024 E NetworkScheduler: Invalid component specified.
09-13 14:31:07.624 3140 3140 D cr_RecommendationsService: [RecommendationsService.java:108] onReceive: Intent { act=com.google.android.apps.mediashell.ACTION_RECOMMEND flg=0x14 (has extras) }
09-13 14:31:07.691 1292 2056 E NetworkScheduler: Invalid component specified.
09-13 14:31:07.703 1292 2056 I chatty : uid=10010(u0_a10) lowpool[3] identical 1 line
09-13 14:31:07.709 1292 2056 E NetworkScheduler: Invalid component specified.
09-13 14:31:07.788 1292 1292 W SystemServiceRegistry: No service published for: persistent_data_block
09-13 14:31:07.839 1292 2056 E NetworkScheduler: Invalid component specified.
09-13 14:31:07.846 1292 5441 I VacuumService: Vacuum at: now=1536841867846 tag=VacuumService
09-13 14:31:08.027 5348 5348 I FirebaseJobDispatcher: onStartJob(): fetch_configuration.
09-13 14:31:08.028 5348 5406 I PhenotypeIme: ExperimentTaskCallable.fetchConfiguration() : com.google.android.inputmethod.japanese
09-13 14:31:08.059 5348 5348 I FirebaseJobDispatcher: onStartJob(): register.
09-13 14:31:08.074 5348 5406 I PhenotypeIme: ExperimentTaskCallable.fetchConfiguration() : ConfigurationsResult[0] = Success
09-13 14:31:08.081 5348 5406 I PhenotypeIme: ExperimentTaskCallable.fetchConfiguration() : ConfigurationsResult[0] = Persisted
09-13 14:31:08.153 5348 5406 I PhenotypeIme: ExperimentTaskCallable.fetchConfiguration() : ConfigurationsResult[0] = Committed
09-13 14:31:08.153 5348 5406 I PhenotypeIme: ExperimentTaskCallable.fetchConfiguration() : Updating SharedPreferences
09-13 14:31:08.154 5348 5406 I PhenotypeIme: ExperimentTaskCallable.fetchConfiguration() : Success after 125 ms
09-13 14:31:08.154 5348 5348 I FirebaseJobDispatcher: Task: fetch_configuration successes.
09-13 14:31:08.154 5348 5406 I PhenotypeIme: ExperimentTaskCallable.registerWithPhenotype() : com.google.android.inputmethod.japanese : 6329010
09-13 14:31:08.173 5348 5406 I PhenotypeIme: ExperimentTaskCallable.registerWithPhenotype() : Success after 19 ms
09-13 14:31:08.173 5348 5348 I FirebaseJobDispatcher: Task: register successes.
09-13 14:31:08.257 1292 3487 E NetworkScheduler.ATC: Provided calling package not found: com.google.android.apps.photos
09-13 14:31:08.290 4230 4584 D PersonalGridServiceDBAdapter: Batch insert on Order. Result: 3088
09-13 14:31:08.299 4230 4584 D LayoutJob: Successful downloads: Layouts - 2, Sections - 28, Tiles - 1257
09-13 14:31:08.303 4230 4584 D JobDownloadManager: Job finished: LAYOUT_JOB_ID_IMMEDIATE, reschedule: false
09-13 14:31:08.303 4230 4584 D JobDownloadManager: Starting Pending Job
09-13 14:31:08.303 4230 4584 D JobDownloadManager: job DOWNLOAD_JOB_ID_IMMEDIATE is put in the pending list
09-13 14:31:08.310 4176 5450 D TelemetryService: event FunctionalEvent not sent because of consent:NONE , event gdpr level:FUNCTIONAL , event client id:91452636138522988
09-13 14:31:08.328 684 684 I ActivityManager: Start proc 5451:tunein.service/u0a90 for service tunein.player/tunein.analytics.metrics.MetricConsolidationService
09-13 14:31:08.358 684 1543 I ActivityManager: Start proc 5462:com.google.android.gms.unstable/u0a10 for service com.google.android.gms/.droidguard.DroidGuardService
09-13 14:31:08.439 5451 5451 I MultiDex: VM with version 2.1.0 has multidex support
09-13 14:31:08.439 5451 5451 I MultiDex: Installing application
09-13 14:31:08.439 5451 5451 I MultiDex: VM has multidex support, MultiDex support library is disabled.
09-13 14:31:08.574 4336 5484 I FirebaseCrash: Sending crashes
09-13 14:31:08.620 5451 5489 D NetworkSecurityConfig: Using Network Security Config from resource network_security_config debugBuild: false
09-13 14:31:08.622 5462 5462 V NativeCrypto: Registering com/google/android/gms/org/conscrypt/NativeCrypto's 284 native methods...
09-13 14:31:08.668 5462 5462 D NetworkSecurityConfig: Using Network Security Config from resource network_security_config debugBuild: false
09-13 14:31:08.670 5462 5462 I ProviderInstaller: Installed default security provider GmsCore_OpenSSL
09-13 14:31:08.753 5451 5451 I CameraManagerGlobal: Connecting to camera service
09-13 14:31:08.816 1292 1302 I zygote64: Background concurrent copying GC freed 108914(4MB) AllocSpace objects, 0(0B) LOS objects, 49% free, 5MB/10MB, paused 135us total 120.795ms
09-13 14:31:08.834 5462 5462 E zygote64: The String#value field is not present on Android versions >= 6.0
09-13 14:31:08.897 5462 5462 W Primes : Primes not initialized, returning default (no-op) Primes instance which will ignore all calls. Please call Primes.initialize(...) before using any Primes API.
09-13 14:31:09.031 1292 2047 W GCoreFlp: No location to return for getLastLocation()
09-13 14:31:09.041 1292 2047 I chatty : uid=10010(u0_a10) FlpThread identical 2 lines
09-13 14:31:09.042 1292 2047 W GCoreFlp: No location to return for getLastLocation()
09-13 14:31:09.052 5451 5451 D MoPub : Initializing MoPub
09-13 14:31:09.054 1292 2047 W GCoreFlp: No location to return for getLastLocation()
09-13 14:31:09.059 1292 2047 I chatty : uid=10010(u0_a10) FlpThread identical 1 line
09-13 14:31:09.064 1292 2047 W GCoreFlp: No location to return for getLastLocation()
09-13 14:31:09.089 5451 5451 I MoPub : ManifestUtils running without interstitial module
09-13 14:31:09.104 5451 5451 D MoPub : Changing consent status from EXPLICIT_NOto EXPLICIT_NO because Consent was explicitly denied by the publisher
09-13 14:31:09.119 5451 5451 I WebViewFactory: Loading com.google.android.webview version 69.0.3497.91 (code 349709150)
09-13 14:31:09.166 5451 5451 I zygote : Rejecting re-init on previously-failed class java.lang.Class: java.lang.NoClassDefFoundError: Failed resolution of: Landroid/webkit/TracingController;
09-13 14:31:09.166 5451 5451 I zygote : at java.lang.Class java.lang.Class.classForName(java.lang.String, boolean, java.lang.ClassLoader) (Class.java:-2)
09-13 14:31:09.166 5451 5451 I zygote : at java.lang.Class java.lang.Class.forName(java.lang.String, boolean, java.lang.ClassLoader) (Class.java:453)
09-13 14:31:09.166 5451 5451 I zygote : at java.lang.Class android.webkit.WebViewFactory.getWebViewProviderClass(java.lang.ClassLoader) (WebViewFactory.java:150)
09-13 14:31:09.166 5451 5451 I zygote : at java.lang.Class android.webkit.WebViewFactory.getProviderClass() (WebViewFactory.java:417)
09-13 14:31:09.166 5451 5451 I zygote : at android.webkit.WebViewFactoryProvider android.webkit.WebViewFactory.getProvider() (WebViewFactory.java:211)
09-13 14:31:09.166 5451 5451 I zygote : at java.lang.String android.webkit.WebSettings.getDefaultUserAgent(android.content.Context) (WebSettings.java:1259)
09-13 14:31:09.166 5451 5451 I zygote : at java.lang.String com.mopub.network.Networking.getUserAgent(android.content.Context) (Networking.java:145)
09-13 14:31:09.166 5451 5451 I zygote : at com.mopub.network.MoPubRequestQueue com.mopub.network.Networking.getRequestQueue(android.content.Context) (Networking.java:71)
09-13 14:31:09.166 5451 5451 I zygote : at void com.mopub.common.privacy.PersonalInfoManager.requestSync(boolean) (PersonalInfoManager.java:408)
09-13 14:31:09.166 5451 5451 I zygote : at void com.mopub.common.privacy.PersonalInfoManager.revokeConsent() (PersonalInfoManager.java:296)
09-13 14:31:09.166 5451 5451 I zygote : at void com.tunein.tuneinadsdkv2.adapter.mopub.MoPubSdkWrapper.update(boolean) (MoPubSdkWrapper.java:64)
09-13 14:31:09.166 5451 5451 I zygote : at void tunein.library.common.TuneIn.init(android.content.Context) (TuneIn.java:272)
09-13 14:31:09.166 5451 5451 I zygote : at void tunein.library.common.TuneIn.onCreate() (TuneIn.java:180)
09-13 14:31:09.166 5451 5451 I zygote : at void android.app.Instrumentation.callApplicationOnCreate(android.app.Application) (Instrumentation.java:1118)
09-13 14:31:09.166 5451 5451 I zygote : at void android.app.ActivityThread.handleBindApplication(android.app.ActivityThread$AppBindData) (ActivityThread.java:5842)
09-13 14:31:09.166 5451 5451 I zygote : at void android.app.ActivityThread.-wrap1(android.app.ActivityThread, android.app.ActivityThread$AppBindData) (ActivityThread.java:-1)
09-13 14:31:09.166 5451 5451 I zygote : at void android.app.ActivityThread$H.handleMessage(android.os.Message) (ActivityThread.java:1662)
09-13 14:31:09.166 5451 5451 I zygote : at void android.os.Handler.dispatchMessage(android.os.Message) (Handler.java:105)
09-13 14:31:09.166 5451 5451 I zygote : at void android.os.Looper.loop() (Looper.java:164)
09-13 14:31:09.166 5451 5451 I zygote : at void android.app.ActivityThread.main(java.lang.String[]) (ActivityThread.java:6592)
09-13 14:31:09.166 5451 5451 I zygote : at java.lang.Object java.lang.reflect.Method.invoke(java.lang.Object, java.lang.Object[]) (Method.java:-2)
09-13 14:31:09.166 5451 5451 I zygote : at void com.android.internal.os.Zygote$MethodAndArgsCaller.run() (Zygote.java:240)
09-13 14:31:09.166 5451 5451 I zygote : at void com.android.internal.os.ZygoteInit.main(java.lang.String[]) (ZygoteInit.java:767)
09-13 14:31:09.166 5451 5451 I zygote : Caused by: java.lang.ClassNotFoundException: Didn't find class "android.webkit.TracingController" on path: DexPathList[[zip file "/data/app/com.google.android.webview-XbDhvMWFSYKBShjBE5Xrag==/base.apk"],nativeLibraryDirectories=[/data/app/com.google.android.webview-XbDhvMWFSYKBShjBE5Xrag==/lib/arm, /data/app/com.google.android.webview-XbDhvMWFSYKBShjBE5Xrag==/base.apk!/lib/armeabi-v7a, /system/lib, /vendor/lib]]
09-13 14:31:09.166 5451 5451 I zygote : at java.lang.Class dalvik.system.BaseDexClassLoader.findClass(java.lang.String) (BaseDexClassLoader.java:93)
09-13 14:31:09.166 5451 5451 I zygote : at java.lang.Class java.lang.ClassLoader.loadClass(java.lang.String, boolean) (ClassLoader.java:379)
09-13 14:31:09.166 5451 5451 I zygote : at java.lang.Class java.lang.ClassLoader.loadClass(java.lang.String) (ClassLoader.java:312)
09-13 14:31:09.166 5451 5451 I zygote : at java.lang.Class java.lang.Class.classForName(java.lang.String, boolean, java.lang.ClassLoader) (Class.java:-2)
09-13 14:31:09.166 5451 5451 I zygote : at java.lang.Class java.lang.Class.forName(java.lang.String, boolean, java.lang.ClassLoader) (Class.java:453)
09-13 14:31:09.166 5451 5451 I zygote : at java.lang.Class android.webkit.WebViewFactory.getWebViewProviderClass(java.lang.ClassLoader) (WebViewFactory.java:150)
09-13 14:31:09.166 5451 5451 I zygote : at java.lang.Class android.webkit.WebViewFactory.getProviderClass() (WebViewFactory.java:417)
09-13 14:31:09.166 5451 5451 I zygote : at android.webkit.WebViewFactoryProvider android.webkit.WebViewFactory.getProvider() (WebViewFactory.java:211)
09-13 14:31:09.166 5451 5451 I zygote : at java.lang.String android.webkit.WebSettings.getDefaultUserAgent(android.content.Context) (WebSettings.java:1259)
09-13 14:31:09.166 5451 5451 I zygote : at java.lang.String com.mopub.network.Networking.getUserAgent(android.content.Context) (Networking.java:145)
09-13 14:31:09.166 5451 5451 I zygote : at com.mopub.network.MoPubRequestQueue com.mopub.network.Networking.getRequestQueue(android.content.Context) (Networking.java:71)
09-13 14:31:09.166 5451 5451 I zygote : at void com.mopub.common.privacy.PersonalInfoManager.requestSync(boolean) (PersonalInfoManager.java:408)
09-13 14:31:09.166 5451 5451 I zygote : at void com.mopub.common.privacy.PersonalInfoManager.revokeConsent() (PersonalInfoManager.java:296)
09-13 14:31:09.166 5451 5451 I zygote : at void com.tunein.tuneinadsdkv2.adapter.mopub.MoPubSdkWrapper.update(boolean) (MoPubSdkWrapper.java:64)
09-13 14:31:09.166 5451 5451 I zygote : at void tunein.library.common.TuneIn.init(android.content.Context) (TuneIn.java:272)
09-13 14:31:09.166 5451 5451 I zygote : at void tunein.library.common.TuneIn.onCreate() (TuneIn.java:180)
09-13 14:31:09.167 5451 5451 I zygote : at void android.app.Instrumentation.callApplicationOnCreate(android.app.Application) (Instrumentation.java:1118)
09-13 14:31:09.167 5451 5451 I zygote : at void android.app.ActivityThread.handleBindApplication(android.app.ActivityThread$AppBindData) (ActivityThread.java:5842)
09-13 14:31:09.167 5451 5451 I zygote : at void android.app.ActivityThread.-wrap1(android.app.ActivityThread, android.app.ActivityThread$AppBindData) (ActivityThread.java:-1)
09-13 14:31:09.167 5451 5451 I zygote : at void android.app.ActivityThread$H.handleMessage(android.os.Message) (ActivityThread.java:1662)
09-13 14:31:09.167 5451 5451 I zygote : at void android.os.Handler.dispatchMessage(android.os.Message) (Handler.java:105)
09-13 14:31:09.167 5451 5451 I zygote : at void android.os.Looper.loop() (Looper.java:164)
09-13 14:31:09.167 5451 5451 I zygote : at void android.app.ActivityThread.main(java.lang.String[]) (ActivityThread.java:6592)
09-13 14:31:09.167 5451 5451 I zygote : at java.lang.Object java.lang.reflect.Method.invoke(java.lang.Object, java.lang.Object[]) (Method.java:-2)
09-13 14:31:09.167 5451 5451 I zygote : at void com.android.internal.os.Zygote$MethodAndArgsCaller.run() (Zygote.java:240)
09-13 14:31:09.167 5451 5451 I zygote : at void com.android.internal.os.ZygoteInit.main(java.lang.String[]) (ZygoteInit.java:767)
09-13 14:31:09.167 5451 5451 I zygote :
09-13 14:31:09.167 5451 5451 I zygote : Rejecting re-init on previously-failed class java.lang.Class: java.lang.NoClassDefFoundError: Failed resolution of: Landroid/webkit/TracingController;
09-13 14:31:09.167 5451 5451 I zygote : at java.lang.Class java.lang.Class.classForName(java.lang.String, boolean, java.lang.ClassLoader) (Class.java:-2)
09-13 14:31:09.167 5451 5451 I zygote : at java.lang.Class java.lang.Class.forName(java.lang.String, boolean, java.lang.ClassLoader) (Class.java:453)
09-13 14:31:09.167 5451 5451 I zygote : at java.lang.Class android.webkit.WebViewFactory.getWebViewProviderClass(java.lang.ClassLoader) (WebViewFactory.java:150)
09-13 14:31:09.167 5451 5451 I zygote : at java.lang.Class android.webkit.WebViewFactory.getProviderClass() (WebViewFactory.java:417)
09-13 14:31:09.167 5451 5451 I zygote : at android.webkit.WebViewFactoryProvider android.webkit.WebViewFactory.getProvider() (WebViewFactory.java:211)
09-13 14:31:09.167 5451 5451 I zygote : at java.lang.String android.webkit.WebSettings.getDefaultUserAgent(android.content.Context) (WebSettings.java:1259)
09-13 14:31:09.167 5451 5451 I zygote : at java.lang.String com.mopub.network.Networking.getUserAgent(android.content.Context) (Networking.java:145)
09-13 14:31:09.167 5451 5451 I zygote : at com.mopub.network.MoPubRequestQueue com.mopub.network.Networking.getRequestQueue(android.content.Context) (Networking.java:71)
09-13 14:31:09.167 5451 5451 I zygote : at void com.mopub.common.privacy.PersonalInfoManager.requestSync(boolean) (PersonalInfoManager.java:408)
09-13 14:31:09.167 5451 5451 I zygote : at void com.mopub.common.privacy.PersonalInfoManager.revokeConsent() (PersonalInfoManager.java:296)
09-13 14:31:09.167 5451 5451 I zygote : at void com.tunein.tuneinadsdkv2.adapter.mopub.MoPubSdkWrapper.update(boolean) (MoPubSdkWrapper.java:64)
09-13 14:31:09.167 5451 5451 I zygote : at void tunein.library.common.TuneIn.init(android.content.Context) (TuneIn.java:272)
09-13 14:31:09.167 5451 5451 I zygote : at void tunein.library.common.TuneIn.onCreate() (TuneIn.java:180)
09-13 14:31:09.167 5451 5451 I zygote : at void android.app.Instrumentation.callApplicationOnCreate(android.app.Application) (Instrumentation.java:1118)
09-13 14:31:09.167 5451 5451 I zygote : at void android.app.ActivityThread.handleBindApplication(android.app.ActivityThread$AppBindData) (ActivityThread.java:5842)
09-13 14:31:09.167 5451 5451 I zygote : at void android.app.ActivityThread.-wrap1(android.app.ActivityThread, android.app.ActivityThread$AppBindData) (ActivityThread.java:-1)
09-13 14:31:09.167 5451 5451 I zygote : at void android.app.ActivityThread$H.handleMessage(android.os.Message) (ActivityThread.java:1662)
09-13 14:31:09.168 5451 5451 I zygote : at void android.os.Handler.dispatchMessage(android.os.Message) (Handler.java:105)
09-13 14:31:09.168 5451 5451 I zygote : at void android.os.Looper.loop() (Looper.java:164)
09-13 14:31:09.168 5451 5451 I zygote : at void android.app.ActivityThread.main(java.lang.String[]) (ActivityThread.java:6592)
09-13 14:31:09.168 5451 5451 I zygote : at java.lang.Object java.lang.reflect.Method.invoke(java.lang.Object, java.lang.Object[]) (Method.java:-2)
09-13 14:31:09.168 5451 5451 I zygote : at void com.android.internal.os.Zygote$MethodAndArgsCaller.run() (Zygote.java:240)
09-13 14:31:09.168 5451 5451 I zygote : at void com.android.internal.os.ZygoteInit.main(java.lang.String[]) (ZygoteInit.java:767)
09-13 14:31:09.168 5451 5451 I zygote : Caused by: java.lang.ClassNotFoundException: Didn't find class "android.webkit.TracingController" on path: DexPathList[[zip file "/data/app/com.google.android.webview-XbDhvMWFSYKBShjBE5Xrag==/base.apk"],nativeLibraryDirectories=[/data/app/com.google.android.webview-XbDhvMWFSYKBShjBE5Xrag==/lib/arm, /data/app/com.google.android.webview-XbDhvMWFSYKBShjBE5Xrag==/base.apk!/lib/armeabi-v7a, /system/lib, /vendor/lib]]
09-13 14:31:09.168 5451 5451 I zygote : at java.lang.Class dalvik.system.BaseDexClassLoader.findClass(java.lang.String) (BaseDexClassLoader.java:93)
09-13 14:31:09.168 5451 5451 I zygote : at java.lang.Class java.lang.ClassLoader.loadClass(java.lang.String, boolean) (ClassLoader.java:379)
09-13 14:31:09.168 5451 5451 I zygote : at java.lang.Class java.lang.ClassLoader.loadClass(java.lang.String) (ClassLoader.java:312)
09-13 14:31:09.168 5451 5451 I zygote : at java.lang.Class java.lang.Class.classForName(java.lang.String, boolean, java.lang.ClassLoader) (Class.java:-2)
09-13 14:31:09.168 5451 5451 I zygote : at java.lang.Class java.lang.Class.forName(java.lang.String, boolean, java.lang.ClassLoader) (Class.java:453)
09-13 14:31:09.168 5451 5451 I zygote : at java.lang.Class android.webkit.WebViewFactory.getWebViewProviderClass(java.lang.ClassLoader) (WebViewFactory.java:150)
09-13 14:31:09.168 5451 5451 I zygote : at java.lang.Class android.webkit.WebViewFactory.getProviderClass() (WebViewFactory.java:417)
09-13 14:31:09.168 5451 5451 I zygote : at android.webkit.WebViewFactoryProvider android.webkit.WebViewFactory.getProvider() (WebViewFactory.java:211)
09-13 14:31:09.168 5451 5451 I zygote : at java.lang.String android.webkit.WebSettings.getDefaultUserAgent(android.content.Context) (WebSettings.java:1259)
09-13 14:31:09.168 5451 5451 I zygote : at java.lang.String com.mopub.network.Networking.getUserAgent(android.content.Context) (Networking.java:145)
09-13 14:31:09.168 5451 5451 I zygote : at com.mopub.network.MoPubRequestQueue com.mopub.network.Networking.getRequestQueue(android.content.Context) (Networking.java:71)
09-13 14:31:09.168 5451 5451 I zygote : at void com.mopub.common.privacy.PersonalInfoManager.requestSync(boolean) (PersonalInfoManager.java:408)
09-13 14:31:09.168 5451 5451 I zygote : at void com.mopub.common.privacy.PersonalInfoManager.revokeConsent() (PersonalInfoManager.java:296)
09-13 14:31:09.168 5451 5451 I zygote : at void com.tunein.tuneinadsdkv2.adapter.mopub.MoPubSdkWrapper.update(boolean) (MoPubSdkWrapper.java:64)
09-13 14:31:09.168 5451 5451 I zygote : at void tunein.library.common.TuneIn.init(android.content.Context) (TuneIn.java:272)
09-13 14:31:09.168 5451 5451 I zygote : at void tunein.library.common.TuneIn.onCreate() (TuneIn.java:180)
09-13 14:31:09.168 5451 5451 I zygote : at void android.app.Instrumentation.callApplicationOnCreate(android.app.Application) (Instrumentation.java:1118)
09-13 14:31:09.168 5451 5451 I zygote : at void android.app.ActivityThread.handleBindApplication(android.app.ActivityThread$AppBindData) (ActivityThread.java:5842)
09-13 14:31:09.168 5451 5451 I zygote : at void android.app.ActivityThread.-wrap1(android.app.ActivityThread, android.app.ActivityThread$AppBindData) (ActivityThread.java:-1)
09-13 14:31:09.168 5451 5451 I zygote : at void android.app.ActivityThread$H.handleMessage(android.os.Message) (ActivityThread.java:1662)
09-13 14:31:09.168 5451 5451 I zygote : at void android.os.Handler.dispatchMessage(android.os.Message) (Handler.java:105)
09-13 14:31:09.168 5451 5451 I zygote : at void android.os.Looper.loop() (Looper.java:164)
09-13 14:31:09.168 5451 5451 I zygote : at void android.app.ActivityThread.main(java.lang.String[]) (ActivityThread.java:6592)
09-13 14:31:09.168 5451 5451 I zygote : at java.lang.Object java.lang.reflect.Method.invoke(java.lang.Object, java.lang.Object[]) (Method.java:-2)
09-13 14:31:09.168 5451 5451 I zygote : at void com.android.internal.os.Zygote$MethodAndArgsCaller.run() (Zygote.java:240)
09-13 14:31:09.168 5451 5451 I zygote : at void com.android.internal.os.ZygoteInit.main(java.lang.String[]) (ZygoteInit.java:767)
09-13 14:31:09.168 5451 5451 I zygote :
09-13 14:31:09.168 5451 5451 I zygote : Rejecting re-init on previously-failed class java.lang.Class: java.lang.NoClassDefFoundError: Failed resolution of: Landroid/webkit/TracingController;
09-13 14:31:09.168 5451 5451 I zygote : at java.lang.Class java.lang.Class.classForName(java.lang.String, boolean, java.lang.ClassLoader) (Class.java:-2)
09-13 14:31:09.168 5451 5451 I zygote : at java.lang.Class java.lang.Class.forName(java.lang.String, boolean, java.lang.ClassLoader) (Class.java:453)
09-13 14:31:09.168 5451 5451 I zygote : at java.lang.Class android.webkit.WebViewFactory.getWebViewProviderClass(java.lang.ClassLoader) (WebViewFactory.java:150)
