09-13 14:30:54.202 684 775 D NsdService: registerService: 3 name: SHIELD, type: _nv_shield_remote._tcp., host: null, port: 8987, txtRecord: SERVER=23956e4fd4473d5e
09-13 14:30:54.203 684 775 D NsdService: Register 1 3
09-13 14:30:54.333 684 1643 I ActivityManager: Start proc 3986:com.nvidia.factorysyschecker/1000 for broadcast com.nvidia.factorysyschecker/.BootReceiver
09-13 14:30:54.334 684 1643 I ActivityManager: Killing 2885:com.android.providers.calendar/u0a3 (adj 906): empty #17
09-13 14:30:54.409 684 1650 I ActivityManager: Killing 3019:com.google.android.apps.inputmethod.hindi/u0a50 (adj 906): empty #17
09-13 14:30:54.426 684 1695 I ActivityManager: Start proc 4001:com.nvidia.feedback/1000 for broadcast com.nvidia.feedback/.BootReceiver
09-13 14:30:54.490 1527 1527 W ContextImpl: Calling a method in the system process without a qualified user: android.app.ContextImpl.startService:1479 android.content.ContextWrapper.startService:644 android.content.ContextWrapper.startService:644 com.nvidia.hdmimonitorservice.BootReceiver.onReceive:31 android.app.ActivityThread.handleReceiver:3294
09-13 14:30:54.494 4001 4001 W ContextImpl: Calling a method in the system process without a qualified user: android.app.ContextImpl.startService:1479 android.content.ContextWrapper.startService:644 com.nvidia.feedback.FeedbackUploadJobService.onStartJob:28 android.app.job.JobService$1.onStartJob:71 android.app.job.JobServiceEngine$JobHandler.handleMessage:108
09-13 14:30:54.505 684 940 I ActivityManager: Start proc 4019:com.nvidia.idsmonitor/1000 for broadcast com.nvidia.idsmonitor/.IDSBroadcastReceiver
09-13 14:30:54.514 684 1627 I ActivityManager: Killing 3045:com.google.android.apps.inputmethod.zhuyin/u0a54 (adj 906): empty #17
09-13 14:30:54.587 684 1572 I ActivityManager: Start proc 4038:com.nvidia.irtuner/1000 for broadcast com.nvidia.irtuner/.service.NvIRTunerReceiver
09-13 14:30:54.627 684 1544 I ActivityManager: Killing 3253:com.google.android.inputmethod.japanese/u0a51 (adj 906): empty #17
09-13 14:30:54.666 684 942 I ActivityManager: Start proc 4056:com.nvidia.ota/u0a33 for broadcast com.nvidia.ota/.BootCompletedService$BootCompletedReceiver
09-13 14:30:54.722 684 775 D NsdService: Native daemon message SERVICE_REGISTERED: 606 3 "SHIELD"
09-13 14:30:54.723 684 775 D NsdService: Native daemon message SERVICE_REGISTERED: 606 2 "SHIELD"
09-13 14:30:54.835 1510 1510 W ContextImpl: Calling a method in the system process without a qualified user: android.app.ContextImpl.startService:1479 android.content.ContextWrapper.startService:644 android.content.ContextWrapper.startService:644 com.nvidia.peripheralservice.NvThermalStats.startThermalService:133 com.nvidia.peripheralservice.BootReceiver.onReceive:33
09-13 14:30:54.905 684 942 I ActivityManager: Start proc 4092:com.nvidia.shield.nas/u0a23 for broadcast com.nvidia.shield.nas/.StateMonitor
09-13 14:30:54.978 4056 4112 E ActivityThread: Failed to find provider info for com.nvidia.ibeta
09-13 14:30:55.032 1587 1587 W ContextImpl: Calling a method in the system process without a qualified user: android.app.ContextImpl.startService:1479 android.content.ContextWrapper.startService:644 android.content.ContextWrapper.startService:644 com.nvidia.shieldservice.NvShieldLEDServiceReceiver.onReceive:36 android.app.ActivityThread.handleReceiver:3294
09-13 14:30:55.052 1659 1659 W ContextImpl: Calling a method in the system process without a qualified user: android.app.ContextImpl.startService:1479 android.content.ContextWrapper.startService:644 android.content.ContextWrapper.startService:644 com.nvidia.stats.BootCompletedReceiver.onReceive:13 android.app.ActivityThread.handleReceiver:3294
09-13 14:30:55.071 684 1572 I ActivityManager: Start proc 4130:com.nvidia.tegrazone3:updateChecker/u0a79 for broadcast com.nvidia.tegrazone3/com.nvidia.tegrazone.updatechecker.AtvScreenReceiver
09-13 14:30:55.076 1659 1659 E ActivityThread: Failed to find provider info for com.nvidia.ibeta
09-13 14:30:55.168 1659 1659 W ContextImpl: Calling a method in the system process without a qualified user: android.app.ContextImpl.startService:1479 android.content.ContextWrapper.startService:644 com.nvidia.app.messagingsdk.c.jz:139 com.nvidia.app.messagingsdk.c.kg:130 com.nvidia.app.messagingsdk.c.ka:58
09-13 14:30:55.169 1659 1659 W ContextImpl: Calling a method in the system process without a qualified user: android.app.ContextImpl.sendBroadcast:952 android.content.ContextWrapper.sendBroadcast:431 com.nvidia.stats.StatsService.onStartCommand:79 android.app.ActivityThread.handleServiceArgs:3581 android.app.ActivityThread.-wrap20:0
09-13 14:30:55.226 684 1628 I ActivityManager: Start proc 4155:com.nvidia.tegrazone3/u0a79 for broadcast com.nvidia.tegrazone3/com.nvidia.tegrazone.location.RegionReceiver
09-13 14:30:55.308 684 1571 I ActivityManager: Start proc 4176:com.nvidia.tegrazone3:telemetry/u0a79 for service com.nvidia.tegrazone3/com.nvidia.gxtelemetry.TransmissionService
09-13 14:30:55.373 684 694 I ActivityManager: Killing 3401:com.google.android.inputmethod.korean/u0a57 (adj 906): empty #17
09-13 14:30:55.464 684 1571 I ActivityManager: Killing 813:com.google.android.inputmethod.latin/u0a113 (adj 906): empty #17
09-13 14:30:55.469 3919 3919 W ContextImpl: Calling a method in the system process without a qualified user: android.app.ContextImpl.startService:1479 android.content.ContextWrapper.startService:644 com.nvidia.app.messagingsdk.a.fm:122 com.nvidia.app.messagingsdk.a.fs:0 com.nvidia.app.messagingsdk.c.handleMessage:97
09-13 14:30:55.645 684 1610 I ActivityManager: Start proc 4230:com.nvidia.tegrazone3:PersonalGridService/u0a79 for content provider com.nvidia.tegrazone3/com.nvidia.pgcontentprovider.PGContentProvider
09-13 14:30:55.678 684 1540 I ActivityManager: Start proc 4244:com.plexapp.android/u0a64 for broadcast com.plexapp.android/com.plexapp.plex.services.updaterecommendations.BootCompletedReceiver
09-13 14:30:55.791 684 1540 I ActivityManager: Killing 2692:com.google.android.tts/u0a53 (adj 906): empty #17
09-13 14:30:55.838 684 1643 W ActivityManager: Scheduling restart of crashed service com.google.android.tts/.service.GoogleTTSService in 1000ms
09-13 14:30:55.974 684 1643 D VoldConnector: SND -> {7 nstorage create_disk 79a35232-07f9-4230-9df3-4256560ddbd2 192.168.1.2 MEDIANICK-PC}
09-13 14:30:56.017 684 940 I ActivityManager: Start proc 4299:com.plexapp.mediaserver.smb:sambaserver/u0a65 for broadcast com.plexapp.mediaserver.smb/com.nvidia.shieldsmb.ShieldSMBBroadcastReceiver
09-13 14:30:56.025 684 759 D VoldConnector: RCV <- {640 "MEDIANICK-PC" 32}
09-13 14:30:56.026 684 759 D VoldConnector: RCV <- {641 "MEDIANICK-PC" -1}
09-13 14:30:56.026 684 759 D VoldConnector: RCV <- {642 "MEDIANICK-PC" "MEDIANICK-PC"}
09-13 14:30:56.026 684 759 D VoldConnector: RCV <- {200 7 nstorage operation succeeded}
09-13 14:30:56.028 684 1592 D VoldConnector: SND -> {8 nstorage password disk MEDIANICK-PC Guest [scrubbed]}
09-13 14:30:56.029 684 759 D VoldConnector: RCV <- {200 8 nstorage operation succeeded}
09-13 14:30:56.031 684 1695 D VoldConnector: SND -> {9 nstorage create_volume MEDIANICK-PC 1}
09-13 14:30:56.032 684 759 D VoldConnector: RCV <- {650 "Remote:MEDIANICK-PC:1" 5 "MEDIANICK-PC" "9878d345-2073-d47c-998e-103afde509e7"}
09-13 14:30:56.032 684 759 D VoldConnector: RCV <- {651 "Remote:MEDIANICK-PC:1" 0}
09-13 14:30:56.033 684 759 D VoldConnector: RCV <- {643 "MEDIANICK-PC"}
09-13 14:30:56.033 684 759 D VoldConnector: RCV <- {200 9 nstorage operation succeeded}
09-13 14:30:56.035 684 758 D VoldConnector: SND -> {10 volume mount Remote:MEDIANICK-PC:1 0 0}
09-13 14:30:56.035 684 759 D VoldConnector: RCV <- {651 "Remote:MEDIANICK-PC:1" 1}
09-13 14:30:56.042 684 759 D VoldConnector: RCV <- {652 "Remote:MEDIANICK-PC:1" cifs}
09-13 14:30:56.042 684 759 D VoldConnector: RCV <- {653 "Remote:MEDIANICK-PC:1" 5648a8f8-399a-3768-9e64-c1ce42d650f1}
09-13 14:30:56.042 684 759 D VoldConnector: RCV <- {654 "Remote:MEDIANICK-PC:1" "1"}
09-13 14:30:56.042 684 759 D VoldConnector: RCV <- {656 "Remote:MEDIANICK-PC:1" "/mnt/remote/79a35232-07f9-4230-9df3-4256560ddbd2/MEDIANICK-PC/1"}
09-13 14:30:56.043 684 759 D VoldConnector: RCV <- {655 "Remote:MEDIANICK-PC:1" "/storage/MEDIANICK-PC/1"}
09-13 14:30:56.050 289 292 E NetlinkEvent: NetlinkEvent::FindParam(): Parameter 'MESSAGE' not found
09-13 14:30:56.065 684 759 D VoldConnector: RCV <- {651 "Remote:MEDIANICK-PC:1" 2}
09-13 14:30:56.066 684 759 D VoldConnector: RCV <- {200 10 Command succeeded}
09-13 14:30:56.071 684 758 D StorageManagerService: Volume Remote:MEDIANICK-PC:1 broadcasting mounted to UserHandle{0} --------- beginning of main
09-13 14:30:56.125 4244 4288 W AudioCapabilities: Unsupported mime audio/x-ms-wma
09-13 14:30:56.126 3756 3756 I Kepler Server: [MediaServerServiceBase] onStartCommand, action: enable
09-13 14:30:56.127 4244 4288 W VideoCapabilities: Unsupported mime video/wvc1
09-13 14:30:56.127 3756 3756 I Kepler Server: Not starting server because it's already starting.
09-13 14:30:56.130 4244 4288 W VideoCapabilities: Unsupported mime video/x-ms-wmv
09-13 14:30:56.131 1740 1740 D TVNotifService: skipped notification StatusBarNotification(pkg=com.plexapp.mediaserver.smb user=UserHandle{0} id=1 tag=null key=0|com.plexapp.mediaserver.smb|1|null|10065: Notification(channel=media pri=0 contentView=null vibrate=null sound=null tick defaults=0x0 flags=0x62 color=0x00000000 vis=PRIVATE)) userId: 0
09-13 14:30:56.133 4244 4288 W VideoCapabilities: Unsupported mime video/mjpeg
09-13 14:30:56.147 684 942 I ActivityManager: Start proc 4336:com.accuweather.android/u0a82 for broadcast com.accuweather.android/com.accuweather.accutv.recommendation.RecommendationReceiver
09-13 14:30:56.149 4092 4137 D NetworkStorageService: onTaskStateChanged :STATE_DEVICE_MOUNTING_FINISHED
09-13 14:30:56.149 4092 4137 D NetworkStorageService: onTaskStateChanged :STATE_DEVICE_MOUNTING_STARTED
09-13 14:30:56.149 4092 4137 D NetworkStorageProvider: addStorage: NetworkStorage { address=192.168.1.2, domain=WORKGROUP, name=MEDIANICK-PC, username=Guest, diskId=MEDIANICK-PC, state=CONNECTING }
09-13 14:30:56.150 4092 4092 D RemountJobService: onNetworkStorageStateChanged : state=STATE_DEVICE_MOUNTING_FINISHED
09-13 14:30:56.150 4092 4092 D RemountJobService: 3 task(s) still pending
09-13 14:30:56.150 4092 4092 D RemountJobService: onNetworkStorageStateChanged : state=STATE_DEVICE_MOUNTING_STARTED
09-13 14:30:56.151 684 702 E NotificationService: Suppressing notification from package by user request.
09-13 14:30:56.162 4244 4306 D Fabric : Using AdvertisingInfo from Preference Store
09-13 14:30:56.178 4092 4137 D NetworkStorageProvider: getSharesByDiskIdAndState: MEDIANICK-PC/CONNECTED:1
09-13 14:30:56.184 412 412 D keystore: Unable to read cached characteristics for key
09-13 14:30:56.202 4092 4137 D NetworkStorageProvider: countShareByDiskIdAndState: MEDIANICK-PC/CONNECTED:1
09-13 14:30:56.202 4244 4288 I VideoCapabilities: Unsupported profile 4 for video/mp4v-es
09-13 14:30:56.203 4092 4137 D NetworkStorageProvider: getSharesByDiskIdAndState: MEDIANICK-PC/NOT_REACHABLE:0
09-13 14:30:56.203 4092 4137 D NetworkStorageProvider: countShareByDiskIdAndState: MEDIANICK-PC/NOT_REACHABLE:0
09-13 14:30:56.203 4092 4137 D libdsm : netbios_ns_send_name_query, name query sent for '*'.
09-13 14:30:56.204 4092 4137 D libdsm : netbios_ns_resolve, received a reply for 'MEDIANICK-PC', ip: 0x201A8C0!
09-13 14:30:56.207 4092 4137 D libdsm : Server is supporting extended security
09-13 14:30:56.207 4092 4137 D libdsm : init_asn1: ASN.1 parser initialized
09-13 14:30:56.207 4092 4137 D libdsm : Server challenge is 0x3b548e90d3be53a1
09-13 14:30:56.209 4092 4137 D DsmClient-JNI: smb_login_session: Successfully logged in as Guest
09-13 14:30:56.209 4092 4137 D f : Login status: DSM_SUCCESS
09-13 14:30:56.225 4244 4350 D Fabric : Using AdvertisingInfo from Reflection Provider
09-13 14:30:56.280 4299 4299 W zygote64: Skipping duplicate class check due to unrecognized classloader
09-13 14:30:56.323 1629 3947 I MessagingService: HTTP response code: 400
09-13 14:30:56.324 427 502 D MosSigner: Enter sign ...
09-13 14:30:56.328 684 702 E NotificationService: Suppressing notification from package by user request.
09-13 14:30:56.350 4092 4137 D DsmClient-JNI: connect_share: file count in 1 = 578
09-13 14:30:56.351 4092 4137 D libdsm : parse_entries: iter = 0xd34d8ef4 and eod = 0xd34d8ed3
09-13 14:30:56.351 4092 4137 D libdsm : Error during FIND_FIRST answer parsing
09-13 14:30:56.351 4092 4137 D DsmClient-JNI: connect_share: file count in Brother HL-2130 series = 0
09-13 14:30:56.352 4092 4137 D libdsm : parse_entries: iter = 0xd34d8f24 and eod = 0xd34d8f03
09-13 14:30:56.352 4092 4137 D libdsm : Error during FIND_FIRST answer parsing
09-13 14:30:56.352 4092 4137 D DsmClient-JNI: connect_share: file count in Brother HL-2130 series (Kopie 1) = 0
09-13 14:30:56.354 4092 4137 D DsmClient-JNI: connect_share: file count in H = 30
09-13 14:30:56.356 4092 4137 D DsmClient-JNI: connect_share: file count in kodidata = 11
09-13 14:30:56.409 4092 4137 D DsmClient-JNI: connect_share: file count in qerey = 192
09-13 14:30:56.412 4092 4137 D DsmClient-JNI: connect_share: file count in Users = 5
09-13 14:30:56.413 684 1650 D VoldConnector: SND -> {11 nstorage password disk MEDIANICK-PC Guest [scrubbed]}
09-13 14:30:56.413 684 759 D VoldConnector: RCV <- {200 11 nstorage operation succeeded}
09-13 14:30:56.414 684 1571 D VoldConnector: SND -> {12 nstorage create_volume MEDIANICK-PC H}
09-13 14:30:56.414 684 759 D VoldConnector: RCV <- {650 "Remote:MEDIANICK-PC:H" 5 "MEDIANICK-PC" "9878d345-2073-d47c-8c5a-73b3d93dde68"}
09-13 14:30:56.414 684 759 D VoldConnector: RCV <- {651 "Remote:MEDIANICK-PC:H" 0}
09-13 14:30:56.414 684 758 D VoldConnector: SND -> {13 volume mount Remote:MEDIANICK-PC:H 0 0}
09-13 14:30:56.414 684 759 D VoldConnector: RCV <- {643 "MEDIANICK-PC"}
09-13 14:30:56.414 684 759 D VoldConnector: RCV <- {200 12 nstorage operation succeeded}
09-13 14:30:56.414 684 759 D VoldConnector: RCV <- {651 "Remote:MEDIANICK-PC:H" 1}
09-13 14:30:56.415 684 759 D VoldConnector: RCV <- {652 "Remote:MEDIANICK-PC:H" cifs}
09-13 14:30:56.415 684 759 D VoldConnector: RCV <- {653 "Remote:MEDIANICK-PC:H" 5648a8f8-399a-3768-d09e-7303ca8f8735}
09-13 14:30:56.415 684 759 D VoldConnector: RCV <- {654 "Remote:MEDIANICK-PC:H" "H"}
09-13 14:30:56.415 684 759 D VoldConnector: RCV <- {656 "Remote:MEDIANICK-PC:H" "/mnt/remote/79a35232-07f9-4230-9df3-4256560ddbd2/MEDIANICK-PC/H"}
09-13 14:30:56.415 4092 4092 D b : onVolumeStateChanged: vol=Remote:MEDIANICK-PC:H/MEDIANICK-PC/null oldState=0 newState=0
09-13 14:30:56.415 684 759 D VoldConnector: RCV <- {655 "Remote:MEDIANICK-PC:H" "/storage/MEDIANICK-PC/H"}
09-13 14:30:56.415 4092 4092 D b : onVolumeStateChanged: vol=Remote:MEDIANICK-PC:H/MEDIANICK-PC/null oldState=0 newState=1
09-13 14:30:56.415 684 684 D PackageManager: Volume state changed: old state=0, new state=0, volume: VolumeInfo{Remote:MEDIANICK-PC:H}:
09-13 14:30:56.415 684 684 D PackageManager: type=REMOTE diskId=MEDIANICK-PC
09-13 14:30:56.415 684 684 D PackageManager: partGuid=9878d345-2073-d47c-8c5a-73b3d93dde68 mountFlags=0 mountUserId=0
09-13 14:30:56.415 684 684 D PackageManager: state=UNMOUNTED
09-13 14:30:56.415 684 684 D PackageManager: fsType=null fsUuid=null fsLabel=null
09-13 14:30:56.415 684 684 D PackageManager: path=null internalPath=null
09-13 14:30:56.416 684 684 D PackageManager: Volume state changed: old state=0, new state=1, volume: VolumeInfo{Remote:MEDIANICK-PC:H}:
09-13 14:30:56.416 684 684 D PackageManager: type=REMOTE diskId=MEDIANICK-PC
09-13 14:30:56.416 684 684 D PackageManager: partGuid=9878d345-2073-d47c-8c5a-73b3d93dde68 mountFlags=0 mountUserId=0
09-13 14:30:56.416 684 684 D PackageManager: state=CHECKING
09-13 14:30:56.416 684 684 D PackageManager: fsType=null fsUuid=null fsLabel=null
09-13 14:30:56.416 684 684 D PackageManager: path=null internalPath=null
09-13 14:30:56.416 289 292 E NetlinkEvent: NetlinkEvent::FindParam(): Parameter 'MESSAGE' not found
09-13 14:30:56.428 684 759 D VoldConnector: RCV <- {651 "Remote:MEDIANICK-PC:H" 2}
09-13 14:30:56.428 684 759 D VoldConnector: RCV <- {200 13 Command succeeded}
09-13 14:30:56.428 684 684 D PackageManager: Volume state changed: old state=1, new state=2, volume: VolumeInfo{Remote:MEDIANICK-PC:H}:
09-13 14:30:56.428 684 684 D PackageManager: type=REMOTE diskId=MEDIANICK-PC
09-13 14:30:56.428 684 684 D PackageManager: partGuid=9878d345-2073-d47c-8c5a-73b3d93dde68 mountFlags=0 mountUserId=0
09-13 14:30:56.428 684 684 D PackageManager: state=MOUNTED
09-13 14:30:56.428 684 684 D PackageManager: fsType=cifs fsUuid=5648a8f8-399a-3768-d09e-7303ca8f8735 fsLabel=H
09-13 14:30:56.428 684 684 D PackageManager: path=/storage/MEDIANICK-PC/H
09-13 14:30:56.428 684 684 D PackageManager: internalPath=/mnt/remote/79a35232-07f9-4230-9df3-4256560ddbd2/MEDIANICK-PC/H
09-13 14:30:56.428 684 684 D PackageManager:
09-13 14:30:56.429 4092 4092 D b : onVolumeStateChanged: vol=Remote:MEDIANICK-PC:H/MEDIANICK-PC/H oldState=1 newState=2
09-13 14:30:56.429 684 758 D StorageManagerService: Volume Remote:MEDIANICK-PC:H broadcasting mounted to UserHandle{0}
09-13 14:30:56.429 4092 4137 D NetworkStorageProvider: addShare: NetworkShare { name=H, hostname=MEDIANICK-PC, username=Guest, state=CONNECTED, diskId=MEDIANICK-PC, volumeId=Remote:MEDIANICK-PC:H, path=/storage/MEDIANICK-PC/H}
09-13 14:30:56.444 4092 4137 D NetworkStorageProvider: updateStorage: NetworkStorage { address=192.168.1.2, domain=WORKGROUP, name=MEDIANICK-PC, username=Guest, diskId=MEDIANICK-PC, state=CONNECTED }
09-13 14:30:56.452 4092 4137 D NetworkStorageService: onTaskStateChanged :STATE_DEVICE_MOUNTING_FINISHED
09-13 14:30:56.452 4092 4137 D NetworkStorageService: onTaskStateChanged :STATE_DEVICE_MOUNTING_STARTED
09-13 14:30:56.452 4092 4092 D RemountJobService: onNetworkStorageStateChanged : state=STATE_DEVICE_MOUNTING_FINISHED
09-13 14:30:56.452 4092 4137 D NetworkStorageProvider: addStorage: NetworkStorage { address=192.168.1.2, domain=WORKGROUP, name=MEDIANICK-PC, username=Guest, diskId=MEDIANICK-PC, state=CONNECTING }
09-13 14:30:56.452 4092 4092 D RemountJobService: 2 task(s) still pending
09-13 14:30:56.452 4092 4092 D RemountJobService: onNetworkStorageStateChanged : state=STATE_DEVICE_MOUNTING_STARTED
09-13 14:30:56.475 4092 4137 D NetworkStorageProvider: getSharesByDiskIdAndState: MEDIANICK-PC/CONNECTED:2
09-13 14:30:56.479 412 412 D keystore: Unable to read cached characteristics for key
09-13 14:30:56.498 287 287 D TLKKeymaster: TLK returned 109
09-13 14:30:56.498 287 287 I TOSKeymaster: Received 109 byte response
09-13 14:30:56.498 287 287 I TOSKeymaster: Sending 1354 byte request
09-13 14:30:56.498 287 287 D TLKKeymaster: Received tlk_keymaster_call, cmd: 30, in_buf 0x7ffce55768, in_size: 1354, out_buf: 0x7ffce54778, out_size: 4080
09-13 14:30:56.499 287 287 D TLKKeymaster: TLK returned 109
09-13 14:30:56.499 287 287 I TOSKeymaster: Received 109 byte response
09-13 14:30:56.499 412 412 D keystore: Unable to read cached characteristics for key
09-13 14:30:56.499 287 287 I TOSKeymaster: Sending 1354 byte request
09-13 14:30:56.499 287 287 D TLKKeymaster: Received tlk_keymaster_call, cmd: 30, in_buf 0x7ffce557b8, in_size: 1354, out_buf: 0x7ffce547c8, out_size: 4080
09-13 14:30:56.499 287 287 D TLKKeymaster: TLK returned 109
09-13 14:30:56.499 287 287 I TOSKeymaster: Received 109 byte response
09-13 14:30:56.499 287 287 I TOSKeymaster: Sending 1382 byte request
09-13 14:30:56.499 287 287 D TLKKeymaster: Received tlk_keymaster_call, cmd: 2, in_buf 0x7ffce559a8, in_size: 1382, out_buf: 0x7ffce549b8, out_size: 4080
09-13 14:30:56.500 287 287 D TLKKeymaster: TLK returned 24
09-13 14:30:56.500 287 287 I TOSKeymaster: Received 24 byte response
09-13 14:30:56.500 287 287 I TOSKeymaster: Sending 280 byte request
09-13 14:30:56.500 287 287 D TLKKeymaster: Received tlk_keymaster_call, cmd: 4, in_buf 0x7ffce55968, in_size: 280, out_buf: 0x7ffce54978, out_size: 4080
09-13 14:30:56.500 287 287 D TLKKeymaster: TLK returned 24
09-13 14:30:56.500 287 287 I TOSKeymaster: Received 24 byte response
09-13 14:30:56.500 287 287 I TOSKeymaster: Sending 28 byte request
09-13 14:30:56.500 287 287 D TLKKeymaster: Received tlk_keymaster_call, cmd: 6, in_buf 0x7ffce558b8, in_size: 28, out_buf: 0x7ffce548c8, out_size: 4080
09-13 14:30:56.519 287 287 D TLKKeymaster: TLK returned 25
09-13 14:30:56.519 287 287 I TOSKeymaster: Received 25 byte response
09-13 14:30:56.520 4092 4137 D NetworkStorageProvider: countShareByDiskIdAndState: MEDIANICK-PC/CONNECTED:2
09-13 14:30:56.520 4092 4137 D NetworkStorageProvider: getSharesByDiskIdAndState: MEDIANICK-PC/NOT_REACHABLE:0
09-13 14:30:56.520 4092 4137 D NetworkStorageProvider: countShareByDiskIdAndState: MEDIANICK-PC/NOT_REACHABLE:0
09-13 14:30:56.521 4092 4137 D libdsm : netbios_ns_send_name_query, name query sent for '*'.
09-13 14:30:56.521 4092 4137 D libdsm : netbios_ns_resolve, received a reply for 'MEDIANICK-PC', ip: 0x201A8C0!
09-13 14:30:56.523 4092 4137 D libdsm : Server is supporting extended security
09-13 14:30:56.523 4092 4137 D libdsm : init_asn1: ASN.1 parser initialized
09-13 14:30:56.524 4092 4137 D libdsm : Server challenge is 0xe3904fcae492b7fe
09-13 14:30:56.525 4092 4137 D DsmClient-JNI: smb_login_session: Successfully logged in as Guest
09-13 14:30:56.525 4092 4137 D f : Login status: DSM_SUCCESS
09-13 14:30:56.534 4244 4271 I zygote64: Deoptimizing void org.apache.harmony.xml.parsers.DocumentBuilderImpl.parse(org.kxml2.io.KXmlParser, org.apache.harmony.xml.dom.DocumentImpl, org.w3c.dom.Node, int) due to JIT inline cache
09-13 14:30:56.564 4244 4328 D Fabric : Build ID is: 86713034-82a7-4ea7-9757-036c8654e5ed
09-13 14:30:56.564 4244 4306 D Fabric : Build ID is: 86713034-82a7-4ea7-9757-036c8654e5ed
09-13 14:30:56.568 4244 4306 D Fabric : Requesting settings from https://settings.crashlytics.com/spi/v2/platforms/android/apps/com.plexapp.android/settings
09-13 14:30:56.568 4244 4306 D Fabric : Settings query params were: {instance=55e046cf72dfe13540ffa000664d6812cdb3dbd2, build_version=709992225, display_version=7.5.0.6642, source=4, icon_hash=32222d2409a5aa81bd503632daa2ceaa79a01e3f}
09-13 14:30:56.573 4244 4290 D libcrashlytics: Initializing libcrashlytics version 2.0.2
09-13 14:30:56.573 4244 4290 D libcrashlytics: Initializing native crash handling successful.
09-13 14:30:56.573 4244 4290 D CrashlyticsNdk: Crashlytics NDK initialization successful
09-13 14:30:56.573 4244 4291 W linker : "/data/app/com.plexapp.android--lNbFpOOeU6e0_wTEZKwxg==/lib/arm64/libffplex.so" unused DT entry: type 0xf arg 0x1fd3
09-13 14:30:56.575 4244 4290 D Fabric : Build ID is: 86713034-82a7-4ea7-9757-036c8654e5ed
09-13 14:30:56.575 4244 4290 I CrashlyticsCore: Initializing Crashlytics 2.6.1.23
09-13 14:30:56.578 4244 4290 D CrashlyticsCore: Installer package name is: com.android.vending
09-13 14:30:56.578 4244 4291 E CrashlyticsCore: Crashlytics must be initialized by calling Fabric.with(Context) prior to logging messages.
09-13 14:30:56.578 4244 4291 I ff-native: [FF] Scanning '/data/user/0/com.plexapp.android/Plex\ Media\ Server/Codecs/3.3-8c220a2dd-0-android-aarch64/' for codecs.
09-13 14:30:56.578 4244 4291 V ff-native: Rescanning for external libs: '/data/user/0/com.plexapp.android/Plex\ Media\ Server/Codecs/3.3-8c220a2dd-0-android-aarch64/'
09-13 14:30:56.579 4244 4291 I ff-native: [FF] Initialised AV functions.
09-13 14:30:56.579 4244 4291 V ff-native: Rescanning for external libs: '/data/user/0/com.plexapp.android/Plex\ Media\ Server/Codecs/3.3-8c220a2dd-0-android-aarch64/'
09-13 14:30:56.579 4244 4291 I ff-native: [FF] Decoder: apng.
09-13 14:30:56.579 4244 4291 I ff-native: [FF] Decoder: bmp.
09-13 14:30:56.579 4244 4291 I ff-native: [FF] Decoder: dirac.
09-13 14:30:56.579 4244 4291 I ff-native: [FF] Decoder: ffv1.
09-13 14:30:56.579 4244 4291 I ff-native: [FF] Decoder: ffvhuff.
09-13 14:30:56.579 4244 4291 I ff-native: [FF] Decoder: gif.
09-13 14:30:56.579 4244 4291 I ff-native: [FF] Decoder: huffyuv.
09-13 14:30:56.579 4244 4291 I ff-native: [FF] Encoder: mjpeg.
09-13 14:30:56.579 4244 4291 I ff-native: [FF] Decoder: mjpeg.
09-13 14:30:56.579 4244 4291 I ff-native: [FF] Decoder: png.
09-13 14:30:56.579 4244 4291 I ff-native: [FF] Decoder: thp.
09-13 14:30:56.579 4244 4291 I ff-native: [FF] Encoder: wrapped_avframe.
09-13 14:30:56.579 4244 4291 I ff-native: [FF] Encoder: alac.
09-13 14:30:56.579 4244 4291 I ff-native: [FF] Decoder: alac.
09-13 14:30:56.579 4244 4291 I ff-native: [FF] Encoder: flac.
09-13 14:30:56.579 4244 4291 I ff-native: [FF] Decoder: flac.
09-13 14:30:56.579 4244 4291 I ff-native: [FF] Decoder: opus.
09-13 14:30:56.579 4244 4291 I ff-native: [FF] Decoder: vorbis.
09-13 14:30:56.579 4244 4291 I ff-native: [FF] Encoder: pcm_f32be.
09-13 14:30:56.579 4244 4291 I ff-native: [FF] Encoder: pcm_f32le.
09-13 14:30:56.579 4244 4291 I ff-native: [FF] Encoder: pcm_f64be.
09-13 14:30:56.579 4244 4291 I ff-native: [FF] Encoder: pcm_f64le.
09-13 14:30:56.579 4244 4291 I ff-native: [FF] Encoder: pcm_s8.
09-13 14:30:56.579 4244 4291 I ff-native: [FF] Encoder: pcm_s8_planar.
09-13 14:30:56.579 4244 4291 I ff-native: [FF] Encoder: pcm_s16be.
09-13 14:30:56.579 4244 4291 I ff-native: [FF] Encoder: pcm_s16be_planar.
09-13 14:30:56.579 4244 4291 I ff-native: [FF] Encoder: pcm_s16le.
09-13 14:30:56.579 4244 4291 I ff-native: [FF] Encoder: pcm_s16le_planar.
09-13 14:30:56.579 4244 4291 I ff-native: [FF] Encoder: pcm_s24be.
09-13 14:30:56.579 4244 4291 I ff-native: [FF] Encoder: pcm_s24le.
09-13 14:30:56.579 4244 4291 I ff-native: [FF] Encoder: pcm_s24le_planar.
09-13 14:30:56.579 4244 4291 I ff-native: [FF] Encoder: pcm_s32be.
09-13 14:30:56.579 4244 4291 I ff-native: [FF] Encoder: pcm_s32le.
09-13 14:30:56.579 4244 4291 I ff-native: [FF] Encoder: pcm_s32le_planar.
09-13 14:30:56.579 4244 4291 I ff-native: [FF] Encoder: pcm_u8.
09-13 14:30:56.579 4244 4291 I ff-native: [FF] Encoder: pcm_u16be.
09-13 14:30:56.579 4244 4291 I ff-native: [FF] Encoder: pcm_u16le.
09-13 14:30:56.579 4244 4291 I ff-native: [FF] Encoder: pcm_u24be.
09-13 14:30:56.579 4244 4291 I ff-native: [FF] Encoder: pcm_u24le.
09-13 14:30:56.579 4244 4291 I ff-native: [FF] Encoder: pcm_u32be.
09-13 14:30:56.579 4244 4291 I ff-native: [FF] Encoder: pcm_u32le.
09-13 14:30:56.579 4244 4291 I ff-native: [FF] Encoder: ssa.
09-13 14:30:56.579 4244 4291 I ff-native: [FF] Encoder: ass.
09-13 14:30:56.579 4244 4291 I ff-native: [FF] Encoder: dvbsub.
09-13 14:30:56.579 4244 4291 I ff-native: [FF] Encoder: dvdsub.
09-13 14:30:56.579 4244 4291 I ff-native: [FF] Encoder: mov_text.
09-13 14:30:56.579 4244 4291 I ff-native: [FF] Encoder: subrip.
09-13 14:30:56.579 4244 4291 I ff-native: [FF] Encoder: text.
09-13 14:30:56.579 4244 4291 I ff-native: [FF] Encoder: webvtt.
09-13 14:30:56.579 4244 4291 I ff-native: [FF] Encoder: xsub.
09-13 14:30:56.579 4244 4291 I ff-native: [FF] Encoder: eac3_eae.
09-13 14:30:56.579 4244 4291 I ff-native: [FF] Decoder: eac3_eae.
09-13 14:30:56.579 4244 4291 I ff-native: [FF] Decoder: truehd_eae.
09-13 14:30:56.579 4244 4291 I ff-native: [FF] Decoder: mlp_eae.
09-13 14:30:56.579 4244 4291 I ff-native: [FF] Encoder: libopus.
09-13 14:30:56.583 4244 4385 D CrashlyticsCore: Opening a new session with ID 5B9A58800247-0001-1094-46CEC6744E4D
09-13 14:30:56.586 4244 4290 D CrashlyticsCore: Crashlytics did not finish previous background initialization. Initializing synchronously.
09-13 14:30:56.587 4244 4290 D CrashlyticsCore: Crashlytics detected incomplete initialization on previous app launch. Will initialize synchronously.
09-13 14:30:56.588 4244 4291 V ff-native: Rescanning for external libs: '/data/user/0/com.plexapp.android/Plex\ Media\ Server/Codecs/3.3-8c220a2dd-0-android-aarch64/'
09-13 14:30:56.656 3756 3756 I Kepler Server: Message 6 received
09-13 14:30:56.667 4092 4137 D DsmClient-JNI: connect_share: file count in 1 = 578
09-13 14:30:56.669 4092 4137 D libdsm : parse_entries: iter = 0xd34f5be4 and eod = 0xd34f5bc3
09-13 14:30:56.669 4092 4137 D libdsm : Error during FIND_FIRST answer parsing
09-13 14:30:56.669 4092 4137 D DsmClient-JNI: connect_share: file count in Brother HL-2130 series = 0
09-13 14:30:56.670 4092 4137 D libdsm : parse_entries: iter = 0xd34f5c14 and eod = 0xd34f5bf3
09-13 14:30:56.670 4092 4137 D libdsm : Error during FIND_FIRST answer parsing
09-13 14:30:56.670 4092 4137 D DsmClient-JNI: connect_share: file count in Brother HL-2130 series (Kopie 1) = 0
09-13 14:30:56.672 4092 4137 D DsmClient-JNI: connect_share: file count in H = 30
09-13 14:30:56.674 4092 4137 D DsmClient-JNI: connect_share: file count in kodidata = 11
09-13 14:30:56.705 4244 4386 I Plex Media Server: [4386] Plex Media Server v1.11.2.235-b5e7e8f09 - NVIDIA SHIELD Android TV darcy - build: android-aarch64 unknown - GMT 02:00
09-13 14:30:56.705 4244 4386 I Plex Media Server: [4386] Android version: , language: en-US
09-13 14:30:56.705 4244 4386 I Plex Media Server: [4386] Processor Unknown architecture
09-13 14:30:56.709 3756 3756 I Kepler Server: Message of type 1000 sent responding to message of type 6
09-13 14:30:56.712 4244 4386 D Plex Media Server: [4381] Opening 6 database sessions to library (com.plexapp.plugins.library), SQLite 3.23.1, threadsafe=1
09-13 14:30:56.712 4244 4381 E SQLiteLog: (21) misuse at line 145437 of [4bb2294022]
09-13 14:30:56.712 4244 4381 E SQLiteLog: (21) misuse at line 145437 of [4bb2294022]
09-13 14:30:56.712 4244 4386 I Plex Media Server: [4381] Error setting multithreaded mode for SQLite3 (21)
09-13 14:30:56.712 4244 4381 E SQLiteLog: (21) misuse at line 145437 of [4bb2294022]
09-13 14:30:56.712 4244 4386 I Plex Media Server: [4381] Error disabling memory status mode for SQLite3 (21)
09-13 14:30:56.728 4244 4288 W AudioCapabilities: Unsupported mime audio/mpeg-L2
09-13 14:30:56.732 4092 4137 D DsmClient-JNI: connect_share: file count in qerey = 192
09-13 14:30:56.735 4092 4137 D DsmClient-JNI: connect_share: file count in Users = 5
09-13 14:30:56.740 1629 3947 I MessagingService: HTTP response code: 400
09-13 14:30:56.740 4244 4288 W VideoCapabilities: Unsupported mime video/wvc1
09-13 14:30:56.740 1629 3947 I MessagingService: Start after 470 seconds!
09-13 14:30:56.740 1629 3947 I MessagingService: Run command ...
09-13 14:30:56.740 1629 3947 I MessagingService: Failed to subscribe: Messaging service is NOT ready !
09-13 14:30:56.741 1629 1629 I MessagingService: Handling message ...
09-13 14:30:56.745 684 833 D VoldConnector: SND -> {14 nstorage password disk MEDIANICK-PC Guest [scrubbed]}
09-13 14:30:56.745 1659 1659 W ContextImpl: Calling a method in the system process without a qualified user: android.app.ContextImpl.startService:1479 android.content.ContextWrapper.startService:644 com.nvidia.app.messagingsdk.c.jy:122 com.nvidia.app.messagingsdk.c.ke:0 com.nvidia.app.messagingsdk.d.handleMessage:97
09-13 14:30:56.745 684 759 D VoldConnector: RCV <- {200 14 nstorage operation succeeded}
09-13 14:30:56.748 684 1643 D VoldConnector: SND -> {15 nstorage create_volume MEDIANICK-PC Users}
09-13 14:30:56.749 684 759 D VoldConnector: RCV <- {650 "Remote:MEDIANICK-PC:Users" 5 "MEDIANICK-PC" "9878d345-2073-d47c-ad75-0fd0e2be962c"}
09-13 14:30:56.749 684 759 D VoldConnector: RCV <- {651 "Remote:MEDIANICK-PC:Users" 0}
09-13 14:30:56.749 684 759 D VoldConnector: RCV <- {643 "MEDIANICK-PC"}
09-13 14:30:56.749 684 759 D VoldConnector: RCV <- {200 15 nstorage operation succeeded}
09-13 14:30:56.749 684 758 D VoldConnector: SND -> {16 volume mount Remote:MEDIANICK-PC:Users 0 0}
09-13 14:30:56.749 4092 4092 D b : onVolumeStateChanged: vol=Remote:MEDIANICK-PC:Users/MEDIANICK-PC/null oldState=0 newState=0
09-13 14:30:56.750 684 684 D PackageManager: Volume state changed: old state=0, new state=0, volume: VolumeInfo{Remote:MEDIANICK-PC:Users}:
09-13 14:30:56.750 684 684 D PackageManager: type=REMOTE diskId=MEDIANICK-PC
09-13 14:30:56.750 684 684 D PackageManager: partGuid=9878d345-2073-d47c-ad75-0fd0e2be962c mountFlags=0 mountUserId=0
09-13 14:30:56.750 684 684 D PackageManager: state=UNMOUNTED
09-13 14:30:56.750 684 684 D PackageManager: fsType=null fsUuid=null fsLabel=null
09-13 14:30:56.750 684 684 D PackageManager: path=null internalPath=null
09-13 14:30:56.750 684 759 D VoldConnector: RCV <- {651 "Remote:MEDIANICK-PC:Users" 1}
09-13 14:30:56.750 684 759 D VoldConnector: RCV <- {652 "Remote:MEDIANICK-PC:Users" cifs}
09-13 14:30:56.750 684 759 D VoldConnector: RCV <- {653 "Remote:MEDIANICK-PC:Users" 5648a8f8-399a-3768-db34-8ccea0cce7b1}
09-13 14:30:56.751 684 759 D VoldConnector: RCV <- {654 "Remote:MEDIANICK-PC:Users" "Users"}
09-13 14:30:56.751 684 759 D VoldConnector: RCV <- {656 "Remote:MEDIANICK-PC:Users" "/mnt/remote/79a35232-07f9-4230-9df3-4256560ddbd2/MEDIANICK-PC/Users"}
09-13 14:30:56.751 684 759 D VoldConnector: RCV <- {655 "Remote:MEDIANICK-PC:Users" "/storage/MEDIANICK-PC/Users"}
09-13 14:30:56.751 684 684 D PackageManager: Volume state changed: old state=0, new state=1, volume: VolumeInfo{Remote:MEDIANICK-PC:Users}:
09-13 14:30:56.751 684 684 D PackageManager: type=REMOTE diskId=MEDIANICK-PC
09-13 14:30:56.751 684 684 D PackageManager: partGuid=9878d345-2073-d47c-ad75-0fd0e2be962c mountFlags=0 mountUserId=0
09-13 14:30:56.751 684 684 D PackageManager: state=CHECKING
09-13 14:30:56.751 684 684 D PackageManager: fsType=null fsUuid=null fsLabel=null
09-13 14:30:56.751 684 684 D PackageManager: path=null internalPath=null
09-13 14:30:56.751 4092 4092 D b : onVolumeStateChanged: vol=Remote:MEDIANICK-PC:Users/MEDIANICK-PC/null oldState=0 newState=1
09-13 14:30:56.751 289 292 E NetlinkEvent: NetlinkEvent::FindParam(): Parameter 'MESSAGE' not found
09-13 14:30:56.763 684 759 D VoldConnector: RCV <- {651 "Remote:MEDIANICK-PC:Users" 2}
09-13 14:30:56.763 684 759 D VoldConnector: RCV <- {200 16 Command succeeded}
09-13 14:30:56.764 684 684 D PackageManager: Volume state changed: old state=1, new state=2, volume: VolumeInfo{Remote:MEDIANICK-PC:Users}:
09-13 14:30:56.764 684 684 D PackageManager: type=REMOTE diskId=MEDIANICK-PC
09-13 14:30:56.764 684 684 D PackageManager: partGuid=9878d345-2073-d47c-ad75-0fd0e2be962c mountFlags=0 mountUserId=0
09-13 14:30:56.764 684 684 D PackageManager: state=MOUNTED
09-13 14:30:56.764 684 684 D PackageManager: fsType=cifs fsUuid=5648a8f8-399a-3768-db34-8ccea0cce7b1 fsLabel=Users
09-13 14:30:56.764 684 684 D PackageManager: path=/storage/MEDIANICK-PC/Users
09-13 14:30:56.764 684 684 D PackageManager: internalPath=/mnt/remote/79a35232-07f9-4230-9df3-4256560ddbd2/MEDIANICK-PC/U
09-13 14:30:56.764 684 684 D PackageManager: sers
09-13 14:30:56.764 4092 4092 D b : onVolumeStateChanged: vol=Remote:MEDIANICK-PC:Users/MEDIANICK-PC/Users oldState=1 newState=2
09-13 14:30:56.765 684 758 D StorageManagerService: Volume Remote:MEDIANICK-PC:Users broadcasting mounted to UserHandle{0}
09-13 14:30:56.765 4092 4137 D NetworkStorageProvider: addShare: NetworkShare { name=Users, hostname=MEDIANICK-PC, username=Guest, state=CONNECTED, diskId=MEDIANICK-PC, volumeId=Remote:MEDIANICK-PC:Users, path=/storage/MEDIANICK-PC/Users}
09-13 14:30:56.774 4092 4137 D NetworkStorageProvider: updateStorage: NetworkStorage { address=192.168.1.2, domain=WORKGROUP, name=MEDIANICK-PC, username=Guest, diskId=MEDIANICK-PC, state=CONNECTED }
09-13 14:30:56.780 4092 4137 D NetworkStorageService: onTaskStateChanged :STATE_DEVICE_MOUNTING_FINISHED
09-13 14:30:56.780 4092 4137 D NetworkStorageService: onTaskStateChanged :STATE_DEVICE_MOUNTING_STARTED
09-13 14:30:56.780 4092 4092 D RemountJobService: onNetworkStorageStateChanged : state=STATE_DEVICE_MOUNTING_FINISHED
09-13 14:30:56.781 4092 4137 D NetworkStorageProvider: addStorage: NetworkStorage { address=192.168.1.2, domain=WORKGROUP, name=MEDIANICK-PC, username=Guest, diskId=MEDIANICK-PC, state=CONNECTING }
09-13 14:30:56.781 4092 4092 D RemountJobService: 1 task(s) still pending
09-13 14:30:56.781 4092 4092 D RemountJobService: onNetworkStorageStateChanged : state=STATE_DEVICE_MOUNTING_STARTED
09-13 14:30:56.798 4092 4137 D NetworkStorageProvider: getSharesByDiskIdAndState: MEDIANICK-PC/CONNECTED:3
09-13 14:30:56.799 287 287 I TOSKeymaster: Sending 1354 byte request
09-13 14:30:56.799 287 287 D TLKKeymaster: Received tlk_keymaster_call, cmd: 30, in_buf 0x7ffce55768, in_size: 1354, out_buf: 0x7ffce54778, out_size: 4080
09-13 14:30:56.799 287 287 D TLKKeymaster: TLK returned 109
09-13 14:30:56.799 287 287 I TOSKeymaster: Received 109 byte response
09-13 14:30:56.799 287 287 I TOSKeymaster: Sending 1358 byte request
09-13 14:30:56.799 287 287 D TLKKeymaster: Received tlk_keymaster_call, cmd: 12, in_buf 0x7ffce55ad8, in_size: 1358, out_buf: 0x7ffce54ae8, out_size: 4080
09-13 14:30:56.800 287 287 D TLKKeymaster: TLK returned 302
09-13 14:30:56.800 287 287 I TOSKeymaster: Received 302 byte response
09-13 14:30:56.802 287 287 I TOSKeymaster: Sending 1354 byte request
09-13 14:30:56.802 287 287 D TLKKeymaster: Received tlk_keymaster_call, cmd: 30, in_buf 0x7ffce55768, in_size: 1354, out_buf: 0x7ffce54778, out_size: 4080
09-13 14:30:56.802 287 287 D TLKKeymaster: TLK returned 109
09-13 14:30:56.802 287 287 I TOSKeymaster: Received 109 byte response
09-13 14:30:56.803 287 287 I TOSKeymaster: Sending 1354 byte request
09-13 14:30:56.803 287 287 D TLKKeymaster: Received tlk_keymaster_call, cmd: 30, in_buf 0x7ffce55768, in_size: 1354, out_buf: 0x7ffce54778, out_size: 4080
09-13 14:30:56.803 287 287 D TLKKeymaster: TLK returned 109
09-13 14:30:56.803 287 287 I TOSKeymaster: Received 109 byte response
09-13 14:30:56.804 412 412 D keystore: Unable to read cached characteristics for key
09-13 14:30:56.804 287 287 I TOSKeymaster: Sending 1354 byte request
09-13 14:30:56.804 287 287 D TLKKeymaster: Received tlk_keymaster_call, cmd: 30, in_buf 0x7ffce557b8, in_size: 1354, out_buf: 0x7ffce547c8, out_size: 4080
09-13 14:30:56.804 287 287 D TLKKeymaster: TLK returned 109
09-13 14:30:56.804 287 287 I TOSKeymaster: Received 109 byte response
09-13 14:30:56.804 287 287 I TOSKeymaster: Sending 1382 byte request
09-13 14:30:56.804 287 287 D TLKKeymaster: Received tlk_keymaster_call, cmd: 2, in_buf 0x7ffce559a8, in_size: 1382, out_buf: 0x7ffce549b8, out_size: 4080
09-13 14:30:56.805 287 287 D TLKKeymaster: TLK returned 24
09-13 14:30:56.805 287 287 I TOSKeymaster: Received 24 byte response
09-13 14:30:56.805 287 287 I TOSKeymaster: Sending 280 byte request
09-13 14:30:56.805 287 287 D TLKKeymaster: Received tlk_keymaster_call, cmd: 4, in_buf 0x7ffce55968, in_size: 280, out_buf: 0x7ffce54978, out_size: 4080
09-13 14:30:56.805 287 287 D TLKKeymaster: TLK returned 24
09-13 14:30:56.805 287 287 I TOSKeymaster: Received 24 byte response
09-13 14:30:56.805 287 287 I TOSKeymaster: Sending 28 byte request
09-13 14:30:56.805 287 287 D TLKKeymaster: Received tlk_keymaster_call, cmd: 6, in_buf 0x7ffce558b8, in_size: 28, out_buf: 0x7ffce548c8, out_size: 4080
09-13 14:30:56.831 287 287 D TLKKeymaster: TLK returned 25
09-13 14:30:56.831 287 287 I TOSKeymaster: Received 25 byte response
09-13 14:30:56.833 287 287 I TOSKeymaster: Sending 1354 byte request
09-13 14:30:56.833 287 287 D TLKKeymaster: Received tlk_keymaster_call, cmd: 30, in_buf 0x7ffce55768, in_size: 1354, out_buf: 0x7ffce54778, out_size: 4080
09-13 14:30:56.834 287 287 D TLKKeymaster: TLK returned 109
09-13 14:30:56.834 287 287 I TOSKeymaster: Received 109 byte response
09-13 14:30:56.834 287 287 I TOSKeymaster: Sending 1358 byte request
09-13 14:30:56.834 287 287 D TLKKeymaster: Received tlk_keymaster_call, cmd: 12, in_buf 0x7ffce55ad8, in_size: 1358, out_buf: 0x7ffce54ae8, out_size: 4080
09-13 14:30:56.835 287 287 D TLKKeymaster: TLK returned 302
09-13 14:30:56.836 287 287 I TOSKeymaster: Received 302 byte response
09-13 14:30:56.837 287 287 I TOSKeymaster: Sending 1354 byte request
09-13 14:30:56.837 287 287 D TLKKeymaster: Received tlk_keymaster_call, cmd: 30, in_buf 0x7ffce55768, in_size: 1354, out_buf: 0x7ffce54778, out_size: 4080
09-13 14:30:56.838 287 287 D TLKKeymaster: TLK returned 109
09-13 14:30:56.838 287 287 I TOSKeymaster: Received 109 byte response
09-13 14:30:56.838 4244 4288 W [WARNING][Leanplum]: [com.leanplum.internal.ActionManager::getLocationManager::82]: Geofencing support requires leanplum-location module and Google Play Services v8.1 and higher.
09-13 14:30:56.838 4244 4288 W [WARNING][Leanplum]: Add this to your build.gradle file:
09-13 14:30:56.838 4244 4288 W [WARNING][Leanplum]: implementation 'com.google.android.gms:play-services-location:8.3.0+'
09-13 14:30:56.838 4244 4288 W [WARNING][Leanplum]: implementation 'com.leanplum:leanplum-location:+'
09-13 14:30:56.841 287 287 I TOSKeymaster: Sending 1354 byte request
09-13 14:30:56.841 287 287 D TLKKeymaster: Received tlk_keymaster_call, cmd: 30, in_buf 0x7ffce55768, in_size: 1354, out_buf: 0x7ffce54778, out_size: 4080
09-13 14:30:56.841 287 287 D TLKKeymaster: TLK returned 109
09-13 14:30:56.841 287 287 I TOSKeymaster: Received 109 byte response
09-13 14:30:56.842 412 412 D keystore: Unable to read cached characteristics for key
09-13 14:30:56.842 287 287 I TOSKeymaster: Sending 1354 byte request
09-13 14:30:56.842 287 287 D TLKKeymaster: Received tlk_keymaster_call, cmd: 30, in_buf 0x7ffce557b8, in_size: 1354, out_buf: 0x7ffce547c8, out_size: 4080
09-13 14:30:56.843 287 287 D TLKKeymaster: TLK returned 109
09-13 14:30:56.843 287 287 I TOSKeymaster: Received 109 byte response
09-13 14:30:56.843 287 287 I TOSKeymaster: Sending 1382 byte request
09-13 14:30:56.843 287 287 D TLKKeymaster: Received tlk_keymaster_call, cmd: 2, in_buf 0x7ffce559a8, in_size: 1382, out_buf: 0x7ffce549b8, out_size: 4080
09-13 14:30:56.844 287 287 D TLKKeymaster: TLK returned 24
09-13 14:30:56.844 287 287 I TOSKeymaster: Received 24 byte response
09-13 14:30:56.845 287 287 I TOSKeymaster: Sending 280 byte request
09-13 14:30:56.845 287 287 D TLKKeymaster: Received tlk_keymaster_call, cmd: 4, in_buf 0x7ffce55968, in_size: 280, out_buf: 0x7ffce54978, out_size: 4080
09-13 14:30:56.845 287 287 D TLKKeymaster: TLK returned 24
09-13 14:30:56.845 287 287 I TOSKeymaster: Received 24 byte response
09-13 14:30:56.845 287 287 I TOSKeymaster: Sending 28 byte request
09-13 14:30:56.845 287 287 D TLKKeymaster: Received tlk_keymaster_call, cmd: 6, in_buf 0x7ffce558b8, in_size: 28, out_buf: 0x7ffce548c8, out_size: 4080
09-13 14:30:56.859 4244 4386 D Plex Media Server: [4381] Running migrations.
09-13 14:30:56.860 684 702 I ActivityManager: Start proc 4411:com.google.android.tts/u0a53 for service com.google.android.tts/.service.GoogleTTSService
09-13 14:30:56.867 4244 4386 D Plex Media Server: [4381] ChangestampAllocator: initialized to 0
09-13 14:30:56.867 4244 4386 D Plex Media Server: [4381] Opening 2 database sessions to library (com.plexapp.plugins.library.blobs), SQLite 3.23.1, threadsafe=1
09-13 14:30:56.879 4244 4386 D Plex Media Server: [4381] Running migrations.
09-13 14:30:56.885 287 287 D TLKKeymaster: TLK returned 25
09-13 14:30:56.885 287 287 I TOSKeymaster: Received 25 byte response
09-13 14:30:56.888 287 287 I TOSKeymaster: Sending 1354 byte request
09-13 14:30:56.888 287 287 D TLKKeymaster: Received tlk_keymaster_call, cmd: 30, in_buf 0x7ffce55768, in_size: 1354, out_buf: 0x7ffce54778, out_size: 4080
09-13 14:30:56.888 287 287 D TLKKeymaster: TLK returned 109
09-13 14:30:56.888 287 287 I TOSKeymaster: Received 109 byte response
09-13 14:30:56.889 4336 4336 D FirebaseApp: com.google.firebase.auth.FirebaseAuth is not linked. Skipping initialization.
09-13 14:30:56.889 287 287 I TOSKeymaster: Sending 1358 byte request
09-13 14:30:56.889 287 287 D TLKKeymaster: Received tlk_keymaster_call, cmd: 12, in_buf 0x7ffce55ad8, in_size: 1358, out_buf: 0x7ffce54ae8, out_size: 4080
09-13 14:30:56.889 4244 4386 D Plex Media Server: [4288] Relay: read 0 cached entries from hosts file
09-13 14:30:56.890 287 287 D TLKKeymaster: TLK returned 302
09-13 14:30:56.890 287 287 I TOSKeymaster: Received 302 byte response
09-13 14:30:56.893 287 287 I TOSKeymaster: Sending 1354 byte request
09-13 14:30:56.893 287 287 D TLKKeymaster: Received tlk_keymaster_call, cmd: 30, in_buf 0x7ffce55768, in_size: 1354, out_buf: 0x7ffce54778, out_size: 4080
09-13 14:30:56.893 287 287 D TLKKeymaster: TLK returned 109
09-13 14:30:56.893 287 287 I TOSKeymaster: Received 109 byte response
09-13 14:30:56.894 287 287 I TOSKeymaster: Sending 1354 byte request
09-13 14:30:56.894 287 287 D TLKKeymaster: Received tlk_keymaster_call, cmd: 30, in_buf 0x7ffce55768, in_size: 1354, out_buf: 0x7ffce54778, out_size: 4080
09-13 14:30:56.894 287 287 D TLKKeymaster: TLK returned 109
09-13 14:30:56.894 287 287 I TOSKeymaster: Received 109 byte response
09-13 14:30:56.894 412 412 D keystore: Unable to read cached characteristics for key
09-13 14:30:56.894 287 287 I TOSKeymaster: Sending 1354 byte request
09-13 14:30:56.894 287 287 D TLKKeymaster: Received tlk_keymaster_call, cmd: 30, in_buf 0x7ffce557b8, in_size: 1354, out_buf: 0x7ffce547c8, out_size: 4080
09-13 14:30:56.894 287 287 D TLKKeymaster: TLK returned 109
09-13 14:30:56.894 287 287 I TOSKeymaster: Received 109 byte response
09-13 14:30:56.894 287 287 I TOSKeymaster: Sending 1382 byte request
09-13 14:30:56.894 287 287 D TLKKeymaster: Received tlk_keymaster_call, cmd: 2, in_buf 0x7ffce559a8, in_size: 1382, out_buf: 0x7ffce549b8, out_size: 4080
09-13 14:30:56.895 287 287 D TLKKeymaster: TLK returned 24
09-13 14:30:56.895 287 287 I TOSKeymaster: Received 24 byte response
09-13 14:30:56.896 287 287 I TOSKeymaster: Sending 280 byte request
09-13 14:30:56.896 287 287 D TLKKeymaster: Received tlk_keymaster_call, cmd: 4, in_buf 0x7ffce55968, in_size: 280, out_buf: 0x7ffce54978, out_size: 4080
09-13 14:30:56.896 287 287 D TLKKeymaster: TLK returned 24
09-13 14:30:56.896 287 287 I TOSKeymaster: Received 24 byte response
09-13 14:30:56.896 287 287 I TOSKeymaster: Sending 28 byte request
09-13 14:30:56.896 287 287 D TLKKeymaster: Received tlk_keymaster_call, cmd: 6, in_buf 0x7ffce558b8, in_size: 28, out_buf: 0x7ffce548c8, out_size: 4080
09-13 14:30:56.897 684 710 I ActivityManager: Start proc 4430:com.google.android.ext.services/u0a11 for service com.google.android.ext.services/android.ext.services.storage.CacheQuotaServiceImpl
09-13 14:30:56.901 4230 4230 D QueryHelper: Running raw query: UPDATE PGServerInfo SET ServerStatus = ServerStatus & ~512
09-13 14:30:56.912 287 287 D TLKKeymaster: TLK returned 25
09-13 14:30:56.912 287 287 I TOSKeymaster: Received 25 byte response
09-13 14:30:56.919 4092 4137 D NetworkStorageProvider: countShareByDiskIdAndState: MEDIANICK-PC/CONNECTED:3
09-13 14:30:56.920 4092 4137 D NetworkStorageProvider: getSharesByDiskIdAndState: MEDIANICK-PC/NOT_REACHABLE:0
09-13 14:30:56.920 4092 4137 D NetworkStorageProvider: countShareByDiskIdAndState: MEDIANICK-PC/NOT_REACHABLE:0
09-13 14:30:56.920 4092 4137 D libdsm : netbios_ns_send_name_query, name query sent for '*'.
09-13 14:30:56.921 4092 4137 D libdsm : netbios_ns_resolve, received a reply for 'MEDIANICK-PC', ip: 0x201A8C0!
09-13 14:30:56.923 4092 4137 D libdsm : Server is supporting extended security
09-13 14:30:56.923 4092 4137 D libdsm : init_asn1: ASN.1 parser initialized
09-13 14:30:56.923 4092 4137 D libdsm : Server challenge is 0xbcfe7e0d808fe05b
09-13 14:30:56.925 4092 4137 D DsmClient-JNI: smb_login_session: Successfully logged in as Guest
09-13 14:30:56.925 4092 4137 D f : Login status: DSM_SUCCESS
09-13 14:30:56.929 4244 4385 D Beta : Beta device token present: false
09-13 14:30:56.932 4336 4336 I DynamiteModule: Considering local module com.google.android.gms.flags:0 and remote module com.google.android.gms.flags:3
09-13 14:30:56.932 4336 4336 I DynamiteModule: Selected remote version of com.google.android.gms.flags, version >= 3
09-13 14:30:56.940 4244 4386 D Plex Media Server: [4381] HttpServer: Listening on port 43443 with queue of 128 connections.
09-13 14:30:56.940 4244 4386 D Plex Media Server: [4381] Opening 5 database sessions to library (com.plexapp.plugins.library.sync), SQLite 3.23.1, threadsafe=1
09-13 14:30:56.941 4244 4386 D Plex Media Server: [4443] DVR:Grabber: Cleaning up orphaned grabs.
09-13 14:30:56.943 4244 4386 D Plex Media Server: [4443] DVR:Grabber: Cleaned up 0 decrepit directories in 0.0 sec.
09-13 14:30:56.953 4230 4230 D GridServer: Grid Server already exists.
09-13 14:30:56.962 4336 4336 W zygote64: Skipping duplicate class check due to unrecognized classloader
09-13 14:30:56.973 4411 4411 I MultiDex: VM with version 2.1.0 has multidex support
09-13 14:30:56.973 4411 4411 I MultiDex: install
09-13 14:30:56.973 4411 4411 I MultiDex: VM has multidex support, MultiDex support library is disabled.
09-13 14:30:56.978 4244 4407 D tylerjroach.com.eventsource_android.a.a.a: line1: HTTP/1.1 200 OK
09-13 14:30:56.978 4244 4407 D tylerjroach.com.eventsource_android.a.a.a: --- HTTP CONNECTED
09-13 14:30:56.978 4244 4407 D tylerjroach.com.eventsource_android.a.a.a: line2: Server: nginx
09-13 14:30:56.978 4244 4407 D tylerjroach.com.eventsource_android.a.a.a: line3: Date: Thu, 13 Sep 2018 12:30:56 GMT
09-13 14:30:56.978 4244 4407 D tylerjroach.com.eventsource_android.a.a.a: line4: Content-Type: text/event-stream; charset=utf-8
09-13 14:30:56.978 4244 4407 D tylerjroach.com.eventsource_android.a.a.a: --- SSE DETECTED
09-13 14:30:56.978 4244 4407 D tylerjroach.com.eventsource_android.a.a.a: line5: Connection: close
09-13 14:30:56.978 4244 4407 D tylerjroach.com.eventsource_android.a.a.a: line6: Expires: Thu, 01 Jan 1970 00:00:01 GMT
09-13 14:30:56.978 4244 4407 D tylerjroach.com.eventsource_android.a.a.a: line7: Cache-Control: no-cache, no-store, must-revalidate
09-13 14:30:56.978 4244 4407 D tylerjroach.com.eventsource_android.a.a.a: line8: Access-Control-Allow-Origin: https://pubsub.plex.tv
09-13 14:30:56.978 4244 4407 D tylerjroach.com.eventsource_android.a.a.a: line9: Access-Control-Allow-Methods: GET
09-13 14:30:56.978 4244 4407 D tylerjroach.com.eventsource_android.a.a.a: line10:
