09-13 14:32:03.071 285 285 W /system/bin/hwservicemanager: getTransportFromManifest: Cannot find entry android.hardware.drm@1.0::IDrmFactory in either framework or device manifest, using default transport.
09-13 14:32:03.073 413 3433 I DrmHal : makeDrmFactories: using default drm instance
09-13 14:32:03.074 413 413 I WVCdm : CdmEngine::QueryStatus
09-13 14:32:03.074 413 3433 I WVCdm : CdmEngine::QueryStatus
09-13 14:32:03.789 684 757 D WindowManager: handleComboKeys keyCode: 22, keyAction: 0
09-13 14:32:03.796 5181 6714 V Kodi : CAndroidKey: key down (dev:2; src:769; code: 22; repeat: 0; flags: 0x8; alt: no; shift: no; sym: no)
09-13 14:32:03.809 5181 6716 V Kodi : Debug Print: Keyboard: scancode: 0x16, sym: 0x0113, unicode: 0x0000, modifier: 0x0
09-13 14:32:03.810 5181 6716 V Kodi : Debug Print: HandleKey: right (0xf083) pressed, action is Right
09-13 14:32:03.820 5181 6716 V Kodi : Debug Print: GLES: Extension Support Test - GL_EXT_texture_format_BGRA8888 YES
09-13 14:32:03.947 684 757 D WindowManager: handleComboKeys keyCode: 22, keyAction: 1
09-13 14:32:03.950 5181 6714 V Kodi : CAndroidKey: key up (dev:2; src:769; code: 22; repeat: 0; flags: 0x8; alt: no; shift: no; sym: no)
09-13 14:32:03.975 5181 6716 V Kodi : Debug Print: Keyboard: scancode: 0x16, sym: 0x0113, unicode: 0x0000, modifier: 0x0
09-13 14:32:04.667 684 757 D WindowManager: handleComboKeys keyCode: 20, keyAction: 0
09-13 14:32:04.674 5181 6714 V Kodi : CAndroidKey: key down (dev:2; src:769; code: 20; repeat: 0; flags: 0x8; alt: no; shift: no; sym: no)
09-13 14:32:04.706 5181 6716 V Kodi : Debug Print: Keyboard: scancode: 0x14, sym: 0x0112, unicode: 0x0000, modifier: 0x0
09-13 14:32:04.707 5181 6716 V Kodi : Debug Print: HandleKey: down (0xf081) pressed, action is Down
09-13 14:32:04.722 5181 6716 V Kodi : Debug Print: GLES: Extension Support Test - GL_EXT_texture_format_BGRA8888 YES
09-13 14:32:04.757 684 757 D WindowManager: handleComboKeys keyCode: 20, keyAction: 1
09-13 14:32:04.760 5181 6714 V Kodi : CAndroidKey: key up (dev:2; src:769; code: 20; repeat: 0; flags: 0x8; alt: no; shift: no; sym: no)
09-13 14:32:04.777 5181 6716 V Kodi : Debug Print: Keyboard: scancode: 0x14, sym: 0x0112, unicode: 0x0000, modifier: 0x0
09-13 14:32:05.254 684 757 D WindowManager: handleComboKeys keyCode: 22, keyAction: 0
09-13 14:32:05.259 5181 6714 V Kodi : CAndroidKey: key down (dev:2; src:769; code: 22; repeat: 0; flags: 0x8; alt: no; shift: no; sym: no)
09-13 14:32:05.274 5181 6716 V Kodi : Debug Print: Keyboard: scancode: 0x16, sym: 0x0113, unicode: 0x0000, modifier: 0x0
09-13 14:32:05.275 5181 6716 V Kodi : Debug Print: HandleKey: right (0xf083) pressed, action is Right
09-13 14:32:05.387 684 757 D WindowManager: handleComboKeys keyCode: 22, keyAction: 1
09-13 14:32:05.394 5181 6714 V Kodi : CAndroidKey: key up (dev:2; src:769; code: 22; repeat: 0; flags: 0x8; alt: no; shift: no; sym: no)
09-13 14:32:05.407 5181 6716 V Kodi : Debug Print: Keyboard: scancode: 0x16, sym: 0x0113, unicode: 0x0000, modifier: 0x0
09-13 14:32:06.000 3140 3595 I chromium: [3140:3595:INFO:ssdp_device.c(101)] SSDP packets sent for 32 seconds = 3
09-13 14:32:06.331 1323 1413 V MediaProvider: pruneThumbnails
09-13 14:32:06.332 1323 1413 V MediaProvider: /pruneDeadThumbnailFiles...
09-13 14:32:06.332 684 702 W BroadcastQueue: Background execution not allowed: receiving Intent { act=android.intent.action.MEDIA_SCANNER_FINISHED dat=file:///storage/emulated/0 flg=0x10 } to com.nvidia.shield.nas/.StateMonitor
09-13 14:32:06.333 684 702 W BroadcastQueue: Background execution not allowed: receiving Intent { act=android.intent.action.MEDIA_SCANNER_FINISHED dat=file:///storage/emulated/0 flg=0x10 } to com.archos.mediacenter.videofree/com.archos.mediaprovider.video.VideoStoreImportReceiver
09-13 14:32:06.337 684 702 W BroadcastQueue: Background execution not allowed: receiving Intent { act=android.intent.action.MEDIA_SCANNER_STARTED dat=file:///storage/emulated/0 flg=0x10 } to com.nvidia.shield.nas/.StateMonitor
09-13 14:32:06.337 684 702 W BroadcastQueue: Background execution not allowed: receiving Intent { act=android.intent.action.MEDIA_SCANNER_STARTED dat=file:///storage/emulated/0 flg=0x10 } to com.archos.mediacenter.videofree/com.archos.mediaprovider.video.VideoStoreImportReceiver
09-13 14:32:06.441 413 3336 I WVCdm : CdmEngine::QueryStatus
09-13 14:32:07.749 684 757 D WindowManager: handleComboKeys keyCode: 23, keyAction: 0
09-13 14:32:07.761 5181 6714 V Kodi : CAndroidKey: key down (dev:2; src:769; code: 23; repeat: 0; flags: 0x8; alt: no; shift: no; sym: no)
09-13 14:32:07.774 5181 6716 V Kodi : Debug Print: Keyboard: scancode: 0x17, sym: 0x000d, unicode: 0x0000, modifier: 0x0
09-13 14:32:07.929 684 757 D WindowManager: handleComboKeys keyCode: 23, keyAction: 1
09-13 14:32:07.932 5181 6714 V Kodi : CAndroidKey: key up (dev:2; src:769; code: 23; repeat: 0; flags: 0x8; alt: no; shift: no; sym: no)
09-13 14:32:07.958 5181 6716 V Kodi : Debug Print: Previous line repeats 1 times.
09-13 14:32:07.959 5181 6716 V Kodi : Debug Print: HandleKey: return (0xf00d) pressed, action is Select
09-13 14:32:07.960 5181 6716 V Kodi : Debug Print: AddOnLog: Zattoo PVR Client: Get live url for channel rtl-2
09-13 14:32:07.960 5181 6716 V Kodi : Debug Print: AddOnLog: Zattoo PVR Client: Http-Request: POST https://zattoo.com/zapi/watch.
09-13 14:32:07.963 5181 6716 V Kodi : Debug Print: CurlFile::Open(0x21e1cc4b80) https://zattoo.com/zapi/watch
09-13 14:32:07.963 5181 6716 V Kodi : Debug Print: Curl::Debug - TEXT: Found bundle for host zattoo.com: 0x21fb4a6230 [can pipeline]
09-13 14:32:07.964 5181 6716 V Kodi : Debug Print: Curl::Debug - TEXT: Re-using existing connection! (#0) with host zattoo.com
09-13 14:32:07.964 5181 6716 V Kodi : Debug Print: Curl::Debug - TEXT: Connected to zattoo.com (104.223.17.41) port 443 (#0)
09-13 14:32:07.964 5181 6716 V Kodi : Debug Print: Curl::Debug - SSL_DATA_OUT: 
09-13 14:32:07.964 5181 6716 V Kodi : Debug Print: Curl::Debug - SSL_DATA_OUT: (
09-13 14:32:07.965 5181 6716 V Kodi : Debug Print: Curl::Debug - HEADER_OUT: POST /zapi/watch HTTP/1.1
09-13 14:32:07.965 5181 6716 V Kodi : Debug Print: Curl::Debug - HEADER_OUT: Host: zattoo.com
09-13 14:32:07.965 5181 6716 V Kodi : Debug Print: Curl::Debug - HEADER_OUT: Content-Range: bytes 0-/38
09-13 14:32:07.965 5181 6716 V Kodi : Debug Print: Curl::Debug - HEADER_OUT: User-Agent: Kodi/18.0-BETA2 (Linux; Android 8.0; SHIELD Android TV Build/OPR6.170623.010) Android/8.0.0 Sys_CPU/aarch64 App_Bitness/64 Version/18.0-BETA2-Git:20180828-702c2eb-dirty
09-13 14:32:07.965 5181 6716 V Kodi : Debug Print: Curl::Debug - HEADER_OUT: Accept: */*
09-13 14:32:07.966 5181 6716 V Kodi : Debug Print: Curl::Debug - HEADER_OUT: Accept-Encoding: gzip,deflate
09-13 14:32:07.966 5181 6716 V Kodi : Debug Print: Curl::Debug - HEADER_OUT: Cookie: beaker.session.id=819f158d21f36174c3f805c2a69a3a5640069041gAJ9cQEoVQZmb3JtYXRxAlUEanNvbnEDVQZhcHBfaWRxBEsDVQthZHNfYWxsb3dlZHEFiFUMY291bnRyeV9jb2RlcQZ9cQcoVQpnZW9ibG9ja2VkiVUMaXByYW5nZV9uYW1lTlUJcmVnaW9uX2lkTdwnVQJpcFUNNDYuMjguMjA2LjEzNWgGVQJDSHEIVQNleHBOVQRnYWlkcQlVCjFfMjQxMDE1MjFxCnVVBGlwdW9xC1UAVQZkZXZpY2VxDFgDAAAAd2VicQ1VB3BhcnRuZXJxDlUMcGFydG5lcl96YXBpcQ9VDl9hY2Nlc3NlZF90aW1lcRBHQdbmli9fT3tVCWxpbmV1cF9pZHERTcMwaAloClUEdXVpZHESVSQ0YzNiYTAzZi01YzJiLTRiZWUtYjM2OS00Nzk2NGZmYTYyMTFxE1UIbGFuZ3VhZ2VxFFgCAAAAZGVxFVUHYWJfdGVzdHEWfXEXKGgUaBVVBHp1aWRKkcJvAVUHY291bnRyeWgIVQlyZWNhbGxfb26JaARLA1UIdXNlcnR5cGVVBGZyZWVVBXN0YXRlfVUPZXhwaXJhdGlvbl91bml4Sjuqm1tVCmV4cGlyYXRpb25jZGF0ZXRpbWUKZGF0ZXRpbWUKcRhVCgfiCQ4MHzcAAACFUnEZdVUKc2Vzc2lvbl9pZHEaVUBjY2NiYzU2Nzc2OGNiNWYxZTliNzhmNTVlZDNlNjc5NDlkNGYyNGE4ZmQyNTljM2Q3NmFmMWQ0MWEzYjNlMzJmcRtVDl9jcmVhdGlvbl90aW1lcRxHQdbmli7pFZhVA19pZHEdVSA3OTZiZDRlNGZhNmI0NTFkOTdhZmI4ZjMzM2VhNjViOHEeVQ9zZXNzaW9uX3ZlcnNpb25xH0sCdS4=; pzuid=0f83e1f7f36c8f
09-13 14:32:07.966 5181 6716 V Kodi : Debug Print: Curl::Debug - HEADER_OUT: Accept-Charset: UTF-8,*;q=0.8
09-13 14:32:07.966 5181 6716 V Kodi : Debug Print: Curl::Debug - HEADER_OUT: Content-Length: 38
09-13 14:32:07.966 5181 6716 V Kodi : Debug Print: Curl::Debug - HEADER_OUT: Content-Type: application/x-www-form-urlencoded
09-13 14:32:07.966 5181 6716 V Kodi : Debug Print: Curl::Debug - TEXT: upload completely sent off: 38 out of 38 bytes
09-13 14:32:08.097 352 352 E hw-IPCThreadState: binder thread pool (1 threads) starved for 111 ms
09-13 14:32:08.366 5181 6716 V Kodi : Debug Print: Curl::Debug - SSL_DATA_IN: 
09-13 14:32:08.366 5181 6716 V Kodi : Debug Print: Curl::Debug - HEADER_IN: HTTP/1.1 200 OK
09-13 14:32:08.366 5181 6716 V Kodi : Debug Print: Curl::Debug - HEADER_IN: Server: nginx/1.13.10
09-13 14:32:08.367 5181 6716 V Kodi : Debug Print: Curl::Debug - HEADER_IN: Date: Thu, 13 Sep 2018 12:32:08 GMT
09-13 14:32:08.367 5181 6716 V Kodi : Debug Print: Curl::Debug - HEADER_IN: Content-Type: application/json;charset=utf-8
09-13 14:32:08.367 5181 6716 V Kodi : Debug Print: Curl::Debug - HEADER_IN: Content-Length: 1106
09-13 14:32:08.367 5181 6716 V Kodi : Debug Print: Curl::Debug - HEADER_IN: Connection: keep-alive
09-13 14:32:08.367 5181 6716 V Kodi : Debug Print: Curl::Debug - TEXT: cookie size: name/val 5 + 64 bytes
09-13 14:32:08.368 5181 6716 V Kodi : Debug Print: Curl::Debug - TEXT: cookie size: name/val 7 + 29 bytes
09-13 14:32:08.368 5181 6716 V Kodi : Debug Print: Curl::Debug - TEXT: cookie size: name/val 7 + 7 bytes
09-13 14:32:08.368 5181 6716 V Kodi : Debug Print: Curl::Debug - TEXT: cookie size: name/val 4 + 1 bytes
09-13 14:32:08.368 5181 6716 V Kodi : Debug Print: Curl::Debug - TEXT: Replaced cookie pzuid="0f83e1f7f36c8fdd9ab6244dd69e428c7c32ab43e7dfd8a4787c5f065e871577" for domain zattoo.com, path /, expire 1544617928
09-13 14:32:08.368 5181 6716 V Kodi : Debug Print: Curl::Debug - HEADER_IN: Set-Cookie: pzuid=0f83e1f7f36c8fdd9ab6244dd69e428c7c32ab43e7dfd8a4787c5f065e871577; expires=Wed, 12-Dec-2018 12:32:08 GMT; Max-Age=7776000; Path=/
09-13 14:32:08.369 5181 6716 V Kodi : Debug Print: Curl::Debug - TEXT: cookie size: name/val 17 + 988 bytes
09-13 14:32:08.369 5181 6716 V Kodi : Debug Print: Curl::Debug - TEXT: cookie size: name/val 4 + 1 bytes
09-13 14:32:08.369 5181 6716 V Kodi : Debug Print: Curl::Debug - TEXT: Replaced cookie beaker.session.id="bb2b145316f14eefca0f0bb016e8467ca3da01bagAJ9cQEoVQhfZXhwaXJlc3ECiFUGZm9ybWF0cQNVBGpzb25xBFUHYWJfdGVzdHEFfXEGKFUIbGFuZ3VhZ2VxB1gCAAAAZGVxCFUEenVpZEqRwm8BVQdjb3VudHJ5VQJDSHEJVQlyZWNhbGxfb26JVQZhcHBfaWRxCksDVQh1c2VydHlwZVUEZnJlZVUFc3RhdGV9VQ9leHBpcmF0aW9uX3VuaXhKO6qbW1UKZXhwaXJhdGlvbmNkYXRldGltZQpkYXRldGltZQpxC1UKB+IJDgwfNwAAAIVScQx1aApLA1ULYWRzX2FsbG93ZWRxDYhVDGNvdW50cnlfY29kZXEOfXEPKFUKZ2VvYmxvY2tlZIlVDGlwcmFuZ2VfbmFtZU5VCXJlZ2lvbl9pZE3cJ1UCaXBVDTQ2LjI4LjIwNi4xMzVVA2V4cE5oDmgJVQRnYWlkcRBVCjFfMjQxMDE1MjFxEXVVBGlwdW9xElUAVQZkZXZpY2VxE1gDAAAAd2VicRRVB3BhcnRuZXJxFVUMcGFydG5lcl96YXBpcRZVDl9hY2Nlc3NlZF90aW1lcRdHQdbmljIN9ndVCWxpbmV1cF9pZHEYTcMwaBBoEVUEdXVpZHEZVSQ0YzNiYTAzZi01YzJiLTRiZWUtYjM2OS00Nzk2NGZmYTYyMTFxGmgHaAhVCWFkX2NvdW50c3EbfXEcVQJjc3EdSwFzVQpzZXNzaW9uX2lkcR5VQGNjY2JjNTY3NzY4Y2I1ZjFlOWI3OGY1NWVkM2U2Nzk0OWQ0ZjI0YThmZDI1OWMzZDc2YWYxZDQxYTNiM2UzMmZxH1UOX2NyZWF0aW9uX3RpbWVxIEdB1uaWLukVmFUDX2lkcSFVIDc5NmJkNGU0ZmE2YjQ1MWQ5N2FmYjhmMzMzZWE2NWI4cSJ
09-13 14:32:08.369 5181 6716 V Kodi : Debug Print: Curl::Debug - HEADER_IN: Set-cookie: beaker.session.id=bb2b145316f14eefca0f0bb016e8467ca3da01bagAJ9cQEoVQhfZXhwaXJlc3ECiFUGZm9ybWF0cQNVBGpzb25xBFUHYWJfdGVzdHEFfXEGKFUIbGFuZ3VhZ2VxB1gCAAAAZGVxCFUEenVpZEqRwm8BVQdjb3VudHJ5VQJDSHEJVQlyZWNhbGxfb26JVQZhcHBfaWRxCksDVQh1c2VydHlwZVUEZnJlZVUFc3RhdGV9VQ9leHBpcmF0aW9uX3VuaXhKO6qbW1UKZXhwaXJhdGlvbmNkYXRldGltZQpkYXRldGltZQpxC1UKB+IJDgwfNwAAAIVScQx1aApLA1ULYWRzX2FsbG93ZWRxDYhVDGNvdW50cnlfY29kZXEOfXEPKFUKZ2VvYmxvY2tlZIlVDGlwcmFuZ2VfbmFtZU5VCXJlZ2lvbl9pZE3cJ1UCaXBVDTQ2LjI4LjIwNi4xMzVVA2V4cE5oDmgJVQRnYWlkcRBVCjFfMjQxMDE1MjFxEXVVBGlwdW9xElUAVQZkZXZpY2VxE1gDAAAAd2VicRRVB3BhcnRuZXJxFVUMcGFydG5lcl96YXBpcRZVDl9hY2Nlc3NlZF90aW1lcRdHQdbmljIN9ndVCWxpbmV1cF9pZHEYTcMwaBBoEVUEdXVpZHEZVSQ0YzNiYTAzZi01YzJiLTRiZWUtYjM2OS00Nzk2NGZmYTYyMTFxGmgHaAhVCWFkX2NvdW50c3EbfXEcVQJjc3EdSwFzVQpzZXNzaW9uX2lkcR5VQGNjY2JjNTY3NzY4Y2I1ZjFlOWI3OGY1NWVkM2U2Nzk0OWQ0ZjI0YThmZDI1OWMzZDc2YWYxZDQxYTNiM2UzMmZxH1UOX2NyZWF0aW9uX3RpbWVxIEdB1uaWLukVmFUDX2lkcSFVIDc5NmJkNGU0ZmE2YjQ1MWQ5N2FmYjhmMzMzZWE2NWI4cSJ
09-13 14:32:08.370 5181 6716 V Kodi : Debug Print: Curl::Debug - HEADER_IN: Vary: Accept-Encoding
09-13 14:32:08.370 5181 6716 V Kodi : Debug Print: Curl::Debug - HEADER_IN: Content-Encoding: gzip
09-13 14:32:08.370 5181 6716 V Kodi : Debug Print: Curl::Debug - TEXT: Connection #0 to host zattoo.com left intact
09-13 14:32:08.370 5181 6716 V Kodi : Debug Print: AddOnLog: Zattoo PVR Client: Got cookie: pzuid.
09-13 14:32:08.371 5181 6716 V Kodi : Debug Print: AddOnLog: Zattoo PVR Client: Got cookie: beaker.session.id.
09-13 14:32:08.371 5181 6716 V Kodi : Debug Print: AddOnLog: Zattoo PVR Client: Got new beaker.session.id: bb2b1..
09-13 14:32:08.371 5181 6716 V Kodi : Debug Print: AddOnLog: Zattoo PVR Client: Got url: http://zh2-1-dash-live.zahs.tv/RTL2/manifest.mpd?z32=OVZWK4S7NFSD2MRUGEYDCNJSGETG22LOOJQXIZJ5GYYDAJTNMF4HEYLUMU6TCNJQGATHG2LHHUZTOMBVGNQTCOBRGA4GMNLDGE3GIOLBMM4DSMJQGEZDSZLCGY4WGJTDONUWIPJRGU2TGRRVHE3TKNSCGJDEMRRZFUZDMOJYIJBUKMRZIRBUCRBSIVBCM2LONF2GSYLMOJQXIZJ5GA
09-13 14:32:08.390 5181 6716 V Kodi : Debug Print: CPlayerCoreFactory::GetPlayers(pvr://channels/tv/All channels/pvr.zattoo_139482833.pvr)
09-13 14:32:08.390 5181 6716 V Kodi : Debug Print: CPlayerSelectionRule::GetPlayers: considering rule: system rules
09-13 14:32:08.390 5181 6716 V Kodi : Debug Print: CPlayerSelectionRule::GetPlayers: matches rule: system rules
09-13 14:32:08.390 5181 6716 V Kodi : Debug Print: CPlayerSelectionRule::GetPlayers: considering rule: mms/udp
09-13 14:32:08.391 5181 6716 V Kodi : Debug Print: CPlayerSelectionRule::GetPlayers: considering rule: lastfm/shout
09-13 14:32:08.391 5181 6716 V Kodi : Debug Print: CPlayerSelectionRule::GetPlayers: considering rule: rtmp
09-13 14:32:08.391 5181 6716 V Kodi : Debug Print: CPlayerSelectionRule::GetPlayers: considering rule: rtsp
09-13 14:32:08.391 5181 6716 V Kodi : Debug Print: CPlayerSelectionRule::GetPlayers: considering rule: streams
09-13 14:32:08.394 5181 6716 V Kodi : Debug Print: CPlayerSelectionRule::GetPlayers: matches rule: streams
09-13 14:32:08.394 5181 6716 V Kodi : Debug Print: CPlayerSelectionRule::GetPlayers: considering rule: aacp/sdp
09-13 14:32:08.394 5181 6716 V Kodi : Debug Print: CPlayerSelectionRule::GetPlayers: considering rule: mp2
09-13 14:32:08.395 5181 6716 V Kodi : Debug Print: CPlayerSelectionRule::GetPlayers: considering rule: dvd
09-13 14:32:08.395 5181 6716 V Kodi : Debug Print: CPlayerSelectionRule::GetPlayers: considering rule: dvdimage
09-13 14:32:08.395 5181 6716 V Kodi : Debug Print: CPlayerSelectionRule::GetPlayers: considering rule: sdp/asf
09-13 14:32:08.396 5181 6716 V Kodi : Debug Print: CPlayerSelectionRule::GetPlayers: considering rule: nsv
09-13 14:32:08.396 5181 6716 V Kodi : Debug Print: CPlayerSelectionRule::GetPlayers: considering rule: radio
09-13 14:32:08.396 5181 6716 V Kodi : Debug Print: CPlayerCoreFactory::GetPlayers: matched 0 rules with players
09-13 14:32:08.396 5181 6716 V Kodi : Debug Print: CPlayerCoreFactory::GetPlayers: adding videodefaultplayer (VideoPlayer)
09-13 14:32:08.397 5181 6716 V Kodi : Debug Print: CPlayerCoreFactory::GetPlayers: for video=1, audio=0
09-13 14:32:08.398 5181 6716 V Kodi : Debug Print: CPlayerCoreFactory::GetPlayers: for video=1, audio=1
09-13 14:32:08.398 5181 6716 V Kodi : Debug Print: CPlayerCoreFactory::GetPlayers: added 1 players
09-13 14:32:08.404 5181 6716 V Kodi : Debug Print: Radio UECP (RDS) Processor - new CDVDRadioRDSData
09-13 14:32:08.404 5181 6716 V Kodi : Debug Print: VideoPlayer::OpenFile: pvr://channels/tv/All channels/pvr.zattoo_139482833.pvr
09-13 14:32:08.405 5181 6716 V Kodi : Debug Print: Constructing CLinuxRendererGLES
09-13 14:32:08.405 5181 6716 V Kodi : Debug Print: OnPlayBackStarted: CApplication::OnPlayBackStarted
09-13 14:32:08.405 5181 6879 V Kodi : Debug Print: Thread VideoPlayer start, auto delete: false
09-13 14:32:08.407 5181 6879 V Kodi : Debug Print: Creating InputStream
09-13 14:32:08.408 5181 6879 V Kodi : Debug Print: ADDON: Dll Initializing - InputStream Adaptive
09-13 14:32:08.413 5181 6879 V Kodi : Debug Print: SECTION:LoadDLL(/data/app/org.xbmc.kodinerds-MLE3dcA59sJB4FsoUH5MOg==/lib/arm64/libinputstream.adaptive.so)
09-13 14:32:08.415 5181 6879 V Kodi : Debug Print: Loading: /data/app/org.xbmc.kodinerds-MLE3dcA59sJB4FsoUH5MOg==/lib/arm64/libinputstream.adaptive.so
09-13 14:32:08.441 5181 6716 V Kodi : Debug Print: CPlayerGUIInfo::InitCurrentItem(pvr://channels/tv/All channels/pvr.zattoo_139482833.pvr)
09-13 14:32:08.442 5181 6788 V Kodi : Debug Print: Loading settings for pvr://channels/tv/All channels/pvr.zattoo_139482833.pvr
09-13 14:32:08.442 5181 6720 V Kodi : Debug Print: CAnnouncementManager - Announcement: OnChanged from xbmc
09-13 14:32:08.444 5181 6879 V Kodi : Debug Print: AddOnLog: InputStream Adaptive: SetVideoResolution (1920 x 1080)
09-13 14:32:08.445 5181 6879 V Kodi : Debug Print: AddOnLog: InputStream Adaptive: Open()
09-13 14:32:08.445 5181 6720 V Kodi : Debug Print: GOT ANNOUNCEMENT, type: 1024, from xbmc, message OnChanged
09-13 14:32:08.445 5181 6879 V Kodi : Debug Print: AddOnLog: InputStream Adaptive: found inputstream.adaptive.manifest_type: mpd
09-13 14:32:08.445 5181 6879 V Kodi : Debug Print: AddOnLog: InputStream Adaptive: found inputstream.adaptive.manifest_update_parameter: full
09-13 14:32:08.446 5181 6879 V Kodi : Debug Print: AddOnLog: InputStream Adaptive: Initial bandwidth: 4000000
09-13 14:32:08.452 791 1217 V Avrcp : onMetadataChanged
09-13 14:32:08.454 5181 6879 V Kodi : Debug Print: CAddonSettings[inputstream.adaptive]: loading setting definitions
09-13 14:32:08.456 5181 6879 V Kodi : Debug Print: AddOnLog: InputStream Adaptive: MAXRESOLUTION selected: 0
09-13 14:32:08.456 5181 6879 V Kodi : Debug Print: CAddonSettings[inputstream.adaptive]: loading setting definitions
09-13 14:32:08.458 5181 6879 V Kodi : Debug Print: AddOnLog: InputStream Adaptive: MAXRESOLUTIONSECURE selected: 0
09-13 14:32:08.458 5181 6879 V Kodi : Debug Print: CAddonSettings[inputstream.adaptive]: loading setting definitions
09-13 14:32:08.459 5181 6879 V Kodi : Debug Print: AddOnLog: InputStream Adaptive: STREAMSELECTION selected: 0
09-13 14:32:08.460 5181 6879 V Kodi : Debug Print: CAddonSettings[inputstream.adaptive]: loading setting definitions
09-13 14:32:08.464 5181 6716 V Kodi : Debug Print: Previous line repeats 1 times.
09-13 14:32:08.465 5181 6716 V Kodi : Debug Print: GLES: Extension Support Test - GL_EXT_texture_format_BGRA8888 YES
09-13 14:32:08.465 5181 6879 V Kodi : Debug Print: CurlFile::Open(0x21f66b5380) http://zh2-1-dash-live.zahs.tv/RTL2/manifest.mpd?z32=OVZWK4S7NFSD2MRUGEYDCNJSGETG22LOOJQXIZJ5GYYDAJTNMF4HEYLUMU6TCNJQGATHG2LHHUZTOMBVGNQTCOBRGA4GMNLDGE3GIOLBMM4DSMJQGEZDSZLCGY4WGJTDONUWIPJRGU2TGRRVHE3TKNSCGJDEMRRZFUZDMOJYIJBUKMRZIRBUCRBSIVBCM2LONF2GSYLMOJQXIZJ5GA
09-13 14:32:08.466 5181 6716 V Kodi : Debug Print: GLES: Extension Support Test - GL_EXT_texture_format_BGRA8888 YES
09-13 14:32:08.466 5181 6879 V Kodi : Debug Print: easy_acquire - Created session to http://zh2-1-dash-live.zahs.tv
09-13 14:32:08.469 5181 6716 V Kodi : Debug Print: CPlayerGUIInfo::InitCurrentItem(pvr://channels/tv/All channels/pvr.zattoo_139482833.pvr)
09-13 14:32:08.470 5181 6720 V Kodi : Debug Print: CAnnouncementManager - Announcement: OnChanged from xbmc
09-13 14:32:08.471 5181 6720 V Kodi : Debug Print: GOT ANNOUNCEMENT, type: 1024, from xbmc, message OnChanged
09-13 14:32:08.471 791 1217 V Avrcp : onMetadataChanged
09-13 14:32:08.471 5181 6720 V Kodi : Debug Print: CAnnouncementManager - Announcement: OnPlay from xbmc
09-13 14:32:08.472 5181 6720 V Kodi : Debug Print: void CXBMCApp::OnPlayBackStarted()
09-13 14:32:08.475 2198 2198 D DeviceControlManagerService: active session:com.appgeneration.itunerfree
09-13 14:32:08.475 1740 1740 D NowPlayingManager: onClientChanged() called with: clearing = [false]
09-13 14:32:08.476 791 1217 V Avrcp : isBrowseSupported for com.appgeneration.itunerfree: true
09-13 14:32:08.479 791 1217 D Avrcp : update #4:MediaPlayerInfo com.appgeneration.itunerfree (as 'myTuner Free') Type = 1, SubType = 0, Status = 0 Feature Bits [40 41 42 44 45 47 48 58 59 62 65 67] Controller: MediaController (com.appgeneration.itunerfree@23a52ff) Willkommen bei myTuner, null, null
09-13 14:32:08.481 791 1217 W Avrcp : playState object null, sending STOPPED
09-13 14:32:08.481 791 1217 V Avrcp : isBrowseSupported for org.xbmc.kodinerds: false
09-13 14:32:08.483 791 1217 D Avrcp : update #8:MediaPlayerInfo org.xbmc.kodinerds (as 'Kodi') Type = 1, SubType = 0, Status = 0 Feature Bits [40 41 42 44 45 47 48 58] Controller: MediaController (org.xbmc.kodinerds@85938cc) Köln 50667, null, null
09-13 14:32:08.483 791 1217 V Avrcp : updateNewIds: Addressed:8 to 8, Browse:0 to 0
09-13 14:32:08.489 1740 1740 D NowPlayingManager: onMediaDataUpdated() called with: mediaData = [com.google.android.tvrecommendations.NowPlayingData@e746f53]
09-13 14:32:08.490 1740 1740 D NowPlayingManager: onClientPlaybackStateUpdate() called with: state = [1], stateChangeTimeMs = [40466], currentPosMs = [-1]
09-13 14:32:08.490 1740 1740 D NowPlayingManager: onClientPlaybackStateUpdate: Skipped update, state: 1 was unchanged
09-13 14:32:08.491 791 1217 D Avrcp : updateCurrentController: MediaController (org.xbmc.kodinerds@3f17a1e) Köln 50667, null, null to MediaController (org.xbmc.kodinerds@85938cc) Köln 50667, null, null
09-13 14:32:08.491 5181 6720 W AudioManager: Use of stream types is deprecated for operations other than volume control
09-13 14:32:08.491 5181 6720 W AudioManager: See the documentation of requestAudioFocus() for what to use instead with android.media.AudioAttributes to qualify your playback use case
09-13 14:32:08.494 791 1217 I AddressedMediaPlayer: null queue from org.xbmc.kodinerds, constructing single-item list
09-13 14:32:08.495 791 1217 E bt_btif : register_notification_rsp: Avrcp device is not connected, handle: 0x0
09-13 14:32:08.495 791 1217 E bt_btif : register_notification_rsp: Avrcp device is not connected, handle: 0x0
09-13 14:32:08.532 684 694 I MediaFocusControl: AudioFocus requestAudioFocus() from uid/pid 10107/5181 clientId=android.media.AudioManager@1db5fa3org.xbmc.kodinerds.interfaces.XBMCAudioManagerOnAudioFocusChangeListener@c9d92a0 req=1 flags=0x0
09-13 14:32:08.533 5181 6720 V Kodi : Debug Print: Visible Behind request: false
09-13 14:32:08.533 5181 6720 V Kodi : Debug Print: GOT ANNOUNCEMENT, type: 1, from xbmc, message OnPlay
09-13 14:32:08.550 5181 6716 V Kodi : Debug Print: CDirectoryProvider[pvr://channels/tv/*?view=lastplayed]: refreshing..
09-13 14:32:08.551 5181 6789 V Kodi : Debug Print: CPVRDirectory::GetDirectory(pvr://channels/tv/*?view=lastplayed)
09-13 14:32:08.567 5181 6879 V Kodi : Debug Print: Curl::Debug - TEXT: Trying 46.28.206.191...
09-13 14:32:08.567 5181 6879 V Kodi : Debug Print: Curl::Debug - TEXT: TCP_NODELAY set
09-13 14:32:08.575 5181 6716 V Kodi : Debug Print: GLES: Extension Support Test - GL_EXT_texture_format_BGRA8888 YES
09-13 14:32:08.605 5181 6879 V Kodi : Debug Print: Curl::Debug - TEXT: Connected to zh2-1-dash-live.zahs.tv (46.28.206.191) port 80 (#0)
09-13 14:32:08.606 5181 6879 V Kodi : Debug Print: Curl::Debug - HEADER_OUT: GET /RTL2/manifest.mpd?z32=OVZWK4S7NFSD2MRUGEYDCNJSGETG22LOOJQXIZJ5GYYDAJTNMF4HEYLUMU6TCNJQGATHG2LHHUZTOMBVGNQTCOBRGA4GMNLDGE3GIOLBMM4DSMJQGEZDSZLCGY4WGJTDONUWIPJRGU2TGRRVHE3TKNSCGJDEMRRZFUZDMOJYIJBUKMRZIRBUCRBSIVBCM2LONF2GSYLMOJQXIZJ5GA HTTP/1.1
09-13 14:32:08.606 5181 6879 V Kodi : Debug Print: Curl::Debug - HEADER_OUT: Host: zh2-1-dash-live.zahs.tv
09-13 14:32:08.606 5181 6879 V Kodi : Debug Print: Curl::Debug - HEADER_OUT: User-Agent: Kodi/18.0-BETA2 (Linux; Android 8.0; SHIELD Android TV Build/OPR6.170623.010) Android/8.0.0 Sys_CPU/aarch64 App_Bitness/64 Version/18.0-BETA2-Git:20180828-702c2eb-dirty
09-13 14:32:08.606 5181 6879 V Kodi : Debug Print: Curl::Debug - HEADER_OUT: Accept: */*
09-13 14:32:08.606 5181 6879 V Kodi : Debug Print: Curl::Debug - HEADER_OUT: Accept-Encoding: gzip
09-13 14:32:08.606 5181 6879 V Kodi : Debug Print: Curl::Debug - HEADER_OUT: Accept-Charset: UTF-8,*;q=0.8
09-13 14:32:08.648 5181 6879 V Kodi : Debug Print: Curl::Debug - HEADER_IN: HTTP/1.1 200 OK
09-13 14:32:08.648 5181 6879 V Kodi : Debug Print: Curl::Debug - HEADER_IN: Server: Zattoo/20180828.144145~f74c4b9
09-13 14:32:08.648 5181 6879 V Kodi : Debug Print: Curl::Debug - HEADER_IN: Date: Thu, 13 Sep 2018 12:32:08 GMT
09-13 14:32:08.649 5181 6879 V Kodi : Debug Print: Curl::Debug - HEADER_IN: Content-Type: application/dash+xml
09-13 14:32:08.649 5181 6879 V Kodi : Debug Print: Curl::Debug - HEADER_IN: Content-Length: 1050
09-13 14:32:08.649 5181 6879 V Kodi : Debug Print: Curl::Debug - HEADER_IN: Content-Encoding: gzip
09-13 14:32:08.649 5181 6879 V Kodi : Debug Print: Curl::Debug - HEADER_IN: Access-Control-Allow-Origin: *
09-13 14:32:08.649 5181 6879 V Kodi : Debug Print: Curl::Debug - HEADER_IN: Cache-Control: no-cache, no-store
09-13 14:32:08.686 5181 6879 V Kodi : Debug Print: Curl::Debug - TEXT: Connection #0 to host zh2-1-dash-live.zahs.tv left intact
09-13 14:32:08.687 5181 6879 V Kodi : Debug Print: AddOnLog: InputStream Adaptive: Effective URL http://zh2-1-dash-live.zahs.tv/RTL2/manifest.mpd?z32=OVZWK4S7NFSD2MRUGEYDCNJSGETG22LOOJQXIZJ5GYYDAJTNMF4HEYLUMU6TCNJQGATHG2LHHUZTOMBVGNQTCOBRGA4GMNLDGE3GIOLBMM4DSMJQGEZDSZLCGY4WGJTDONUWIPJRGU2TGRRVHE3TKNSCGJDEMRRZFUZDMOJYIJBUKMRZIRBUCRBSIVBCM2LONF2GSYLMOJQXIZJ5GA
09-13 14:32:08.687 5181 6879 V Kodi : Debug Print: AddOnLog: InputStream Adaptive: Download http://zh2-1-dash-live.zahs.tv/RTL2/manifest.mpd?z32=OVZWK4S7NFSD2MRUGEYDCNJSGETG22LOOJQXIZJ5GYYDAJTNMF4HEYLUMU6TCNJQGATHG2LHHUZTOMBVGNQTCOBRGA4GMNLDGE3GIOLBMM4DSMJQGEZDSZLCGY4WGJTDONUWIPJRGU2TGRRVHE3TKNSCGJDEMRRZFUZDMOJYIJBUKMRZIRBUCRBSIVBCM2LONF2GSYLMOJQXIZJ5GA finished
09-13 14:32:08.688 5181 6879 V Kodi : Debug Print: AddOnLog: InputStream Adaptive: Successfully parsed .mpd file. #Streams: 2 Type: live, Download speed: 0.0000 Bytes/s
09-13 14:32:08.689 5181 6879 V Kodi : Debug Print: CAddonSettings[inputstream.adaptive]: loading setting definitions
09-13 14:32:08.693 5181 6879 V Kodi : Debug Print: Previous line repeats 2 times.
09-13 14:32:08.693 5181 6879 V Kodi : Debug Print: AddOnLog: InputStream Adaptive: GetCapabilities()
09-13 14:32:08.693 5181 6879 V Kodi : Debug Print: Creating Demuxer
09-13 14:32:08.694 5181 6879 V Kodi : Debug Print: AddOnLog: InputStream Adaptive: GetStreamIds()
09-13 14:32:08.694 5181 6879 V Kodi : Debug Print: AddOnLog: InputStream Adaptive: GetStream(1)
09-13 14:32:08.694 5181 6879 V Kodi : Debug Print: AddOnLog: InputStream Adaptive: GetStream(2)
09-13 14:32:08.699 5181 6879 V Kodi : Debug Print: CDVDDemuxClient::RequestStream(): added/updated stream 1 with codec_id 27
09-13 14:32:08.700 5181 6879 V Kodi : Debug Print: CDVDDemuxClient::RequestStream(): added/updated stream 2 with codec_id 86018
09-13 14:32:08.700 5181 6879 V Kodi : Debug Print: Opening stream: 1 source: 256
09-13 14:32:08.701 5181 6879 V Kodi : Debug Print: AddOnLog: InputStream Adaptive: OpenStream(1)
09-13 14:32:08.702 5181 6879 V Kodi : Debug Print: AddOnLog: InputStream Adaptive: Selecting stream with conditions: w: 1920, h: 1080, bw: 3600000
09-13 14:32:08.705 5181 6879 V Kodi : Debug Print: CurlFile::ParseAndCorrectUrl() adding custom header option 'connection: keep-alive'
09-13 14:32:08.705 5181 6879 V Kodi : Debug Print: CurlFile::Open(0x21f66b5380) http://zh2-1-dash-live.zahs.tv/RTL2/video-1300000-0.mp4?z32=MNZWSZB5GE2TKM2GGU4TONJWIIZEMRSGHEWTENRZHBBEGRJSHFCEGQKEGJCUEJTNMF4HEYLUMU6TCNJQGATHK43FOJPWSZB5GI2DCMBRGUZDCJTTNFTT2NS7GNSTQOJTMRRTOMBQGJSGGMRQGJSDEYJRGMZDEMZUGVQWGYZTMI3Q
09-13 14:32:08.706 5181 6879 V Kodi : Debug Print: Curl::Debug - TEXT: Found bundle for host zh2-1-dash-live.zahs.tv: 0x21f6546d30 [can pipeline]
09-13 14:32:08.706 5181 6879 V Kodi : Debug Print: Curl::Debug - TEXT: Re-using existing connection! (#0) with host zh2-1-dash-live.zahs.tv
09-13 14:32:08.706 5181 6879 V Kodi : Debug Print: Curl::Debug - TEXT: Connected to zh2-1-dash-live.zahs.tv (46.28.206.191) port 80 (#0)
09-13 14:32:08.707 5181 6879 V Kodi : Debug Print: Curl::Debug - HEADER_OUT: GET /RTL2/video-1300000-0.mp4?z32=MNZWSZB5GE2TKM2GGU4TONJWIIZEMRSGHEWTENRZHBBEGRJSHFCEGQKEGJCUEJTNMF4HEYLUMU6TCNJQGATHK43FOJPWSZB5GI2DCMBRGUZDCJTTNFTT2NS7GNSTQOJTMRRTOMBQGJSGGMRQGJSDEYJRGMZDEMZUGVQWGYZTMI3Q HTTP/1.1
09-13 14:32:08.707 5181 6879 V Kodi : Debug Print: Curl::Debug - HEADER_OUT: Host: zh2-1-dash-live.zahs.tv
09-13 14:32:08.707 5181 6879 V Kodi : Debug Print: Curl::Debug - HEADER_OUT: User-Agent: Kodi/18.0-BETA2 (Linux; Android 8.0; SHIELD Android TV Build/OPR6.170623.010) Android/8.0.0 Sys_CPU/aarch64 App_Bitness/64 Version/18.0-BETA2-Git:20180828-702c2eb-dirty
09-13 14:32:08.707 5181 6879 V Kodi : Debug Print: Curl::Debug - HEADER_OUT: Accept: */*
09-13 14:32:08.708 5181 6879 V Kodi : Debug Print: Curl::Debug - HEADER_OUT: Accept-Encoding: gzip, deflate
09-13 14:32:08.708 5181 6879 V Kodi : Debug Print: Curl::Debug - HEADER_OUT: Accept-Charset: UTF-8,*;q=0.8
09-13 14:32:08.708 5181 6879 V Kodi : Debug Print: Curl::Debug - HEADER_OUT: connection: keep-alive
09-13 14:32:08.757 5181 6879 V Kodi : Debug Print: Curl::Debug - HEADER_IN: HTTP/1.1 200 OK
09-13 14:32:08.757 5181 6879 V Kodi : Debug Print: Curl::Debug - HEADER_IN: Server: Zattoo/20180828.144145~f74c4b9
09-13 14:32:08.758 5181 6879 V Kodi : Debug Print: Curl::Debug - HEADER_IN: Date: Thu, 13 Sep 2018 12:32:08 GMT
09-13 14:32:08.758 5181 6879 V Kodi : Debug Print: Curl::Debug - HEADER_IN: Content-Type: video/mp4
09-13 14:32:08.758 5181 6879 V Kodi : Debug Print: Curl::Debug - HEADER_IN: Content-Length: 662
09-13 14:32:08.758 5181 6879 V Kodi : Debug Print: Curl::Debug - HEADER_IN: Access-Control-Allow-Origin: *
09-13 14:32:08.758 5181 6879 V Kodi : Debug Print: Curl::Debug - HEADER_IN: Cache-Control: no-cache, no-store
09-13 14:32:08.835 5181 6879 V Kodi : Debug Print: Curl::Debug - TEXT: Connection #0 to host zh2-1-dash-live.zahs.tv left intact
09-13 14:32:08.835 5181 6879 V Kodi : Debug Print: AddOnLog: InputStream Adaptive: Download http://zh2-1-dash-live.zahs.tv/RTL2/video-1300000-0.mp4?z32=MNZWSZB5GE2TKM2GGU4TONJWIIZEMRSGHEWTENRZHBBEGRJSHFCEGQKEGJCUEJTNMF4HEYLUMU6TCNJQGATHK43FOJPWSZB5GI2DCMBRGUZDCJTTNFTT2NS7GNSTQOJTMRRTOMBQGJSGGMRQGJSDEYJRGMZDEMZUGVQWGYZTMI3Q finished, average download speed: 0.4179
09-13 14:32:08.836 5181 6879 V Kodi : Debug Print: AddOnLog: InputStream Adaptive: UpdateSampleDescription: codec 1635148593
09-13 14:32:08.836 5181 6879 V Kodi : Debug Print: AddOnLog: InputStream Adaptive: GetStream(1)
09-13 14:32:08.837 5181 6879 V Kodi : Debug Print: CDVDDemuxClient::RequestStream(): added/updated stream 1 with codec_id 27
09-13 14:32:08.837 5181 6879 V Kodi : Debug Print: Creating video codec with codec id: 27
09-13 14:32:08.837 5181 6879 V Kodi : Debug Print: CBitstreamConverter::Open bitstream to annexb init
09-13 14:32:08.856 360 360 D SurfaceFlinger: duplicate layer name: changing SurfaceView - org.xbmc.kodinerds/org.xbmc.kodinerds.Main to SurfaceView - org.xbmc.kodinerds/org.xbmc.kodinerds.Main#1
09-13 14:32:08.856 360 360 D SurfaceFlinger: duplicate layer name: changing Background for - SurfaceView - org.xbmc.kodinerds/org.xbmc.kodinerds.Main to Background for - SurfaceView - org.xbmc.kodinerds/org.xbmc.kodinerds.Main#1
09-13 14:32:08.870 5181 5181 D XBMCVideoPlayView: Created
09-13 14:32:08.870 5181 5181 D XBMCVideoPlayView: Changed, format:-3, width:1920, height:1080
09-13 14:32:08.870 5181 6879 V Kodi : Debug Print: CDVDVideoCodecAndroidMediaCodec::Open Testing codec:OMX.Nvidia.mp4.decode
09-13 14:32:08.871 5181 6879 V Kodi : Debug Print: CDVDVideoCodecAndroidMediaCodec::Open Testing codec:OMX.Nvidia.h263.decode
09-13 14:32:08.871 5181 6879 V Kodi : Debug Print: CDVDVideoCodecAndroidMediaCodec::Open Testing codec:OMX.Nvidia.h264.decode
09-13 14:32:08.909 425 1177 I OMXMaster: makeComponentInstance(OMX.Nvidia.h264.decode) in android.hardwar process
09-13 14:32:08.917 5181 6879 V Kodi : Debug Print: CDVDVideoCodecAndroidMediaCodec::Open m_codecname(OMX.Nvidia.h264.decode), colorFormat(2135033992)
09-13 14:32:08.917 5181 6879 V Kodi : Debug Print: CDVDVideoCodecAndroidMediaCodec::Open m_codecname(OMX.Nvidia.h264.decode), colorFormat(21)
09-13 14:32:08.918 5181 6879 D XBMCVideoPlayView: getSurface() = Surface(name=null)/@0x9845e59
09-13 14:32:08.920 5181 6885 D SurfaceUtils: connecting to surface 0x21e1e7d010, reason connectToSurface
09-13 14:32:08.920 5181 6885 I MediaCodec: [OMX.Nvidia.h264.decode] setting surface generation to 5305345
09-13 14:32:08.921 5181 6885 D SurfaceUtils: disconnecting from surface 0x21e1e7d010, reason connectToSurface(reconnect)
09-13 14:32:08.921 5181 6885 D SurfaceUtils: connecting to surface 0x21e1e7d010, reason connectToSurface(reconnect)
09-13 14:32:08.937 425 1192 D NvOsDebugPrintf: NVX_IndexParamAllocateNativeHandle : Using Native Handles
09-13 14:32:08.938 5181 6886 W ACodec : Over-riding the width: 768 with max-width: 1920
09-13 14:32:08.938 5181 6886 W ACodec : Over-riding the height: 432 with max-height: 1080
09-13 14:32:08.939 425 6887 D NvOsDebugPrintf: NvMMLiteOpen : Block : BlockType = 261
09-13 14:32:08.939 425 6887 D NvOsDebugPrintf: NVMEDIA: NvMMLiteTVMRDecBlockOpen: 3216: NvMMLiteBlockOpen
09-13 14:32:08.944 425 6887 D NvOsDebugPrintf: NVMEDIA: RefreshRate = 60.000000
09-13 14:32:08.945 425 6887 D NvOsDebugPrintf: NVMEDIA: RefreshRate = 60.000000
09-13 14:32:08.945 425 6887 D NvOsDebugPrintf: NvMMLiteBlockCreate : Block : BlockType = 261
09-13 14:32:08.946 425 6887 D NvOsDebugPrintf: WARNING! HDRStatic info being set, even for non SMPTE 2084 case
09-13 14:32:08.946 425 6887 D NvOsDebugPrintf: WARNING! This media may play as non HDR
09-13 14:32:08.946 5181 6886 I ACodec : Enable timestamp filtering for Video Decoder
09-13 14:32:08.948 425 1184 E OMXNodeInstance: getConfig(0x4a1a3680:Nvidia.h264.decode, ConfigAndroidVendorExtension(0x6f100004)) ERROR: UnsupportedIndex(0x8000101a)
09-13 14:32:08.948 5181 6886 I ACodec : Get OMX_IndexConfigScale: 0x10000/0x10000
09-13 14:32:08.948 5181 6886 I ACodec : Scaled Width is 768, height is 432
09-13 14:32:08.954 5181 6886 D SurfaceUtils: set up nativeWindow 0x21e1e7d010 for 768x432, color 0x106, rotation 0, usage 0x2900
09-13 14:32:08.956 5181 6879 V Kodi : Debug Print: CDVDVideoCodecAndroidMediaCodec:: width(768), height(432), stride(0), slice-height(0), color-format(0)
09-13 14:32:08.956 5181 6879 V Kodi : Debug Print: CDVDVideoCodecAndroidMediaCodec:: crop-left(0), crop-top(0), crop-right(767), crop-bottom(431)
09-13 14:32:08.956 5181 6879 V Kodi : Debug Print: CDVDVideoCodecAndroidMediaCodec:: Multi-Surface Rendering
09-13 14:32:08.956 5181 6879 V Kodi : Debug Print: CDVDVideoCodecAndroidMediaCodec:: Open Android MediaCodec OMX.Nvidia.h264.decode
09-13 14:32:08.956 360 973 W GrallocMapperPassthrough: buffer descriptor with invalid usage bits 0x2000
09-13 14:32:08.956 5181 6879 V Kodi : Debug Print: CDVDVideoCodecAndroidMediaCodec::UpdateFpsDuration fpsRate:50 fpsscale:2, fpsDur:40000
09-13 14:32:08.956 5181 6879 V Kodi : Debug Print: CVideoPlayerVideo::OpenStream - open stream with codec id: 27
09-13 14:32:08.957 5181 6879 V Kodi : Debug Print: Creating video thread
09-13 14:32:08.957 5181 6893 V Kodi : Debug Print: Thread VideoPlayerVideo start, auto delete: false
09-13 14:32:08.957 5181 6893 V Kodi : Debug Print: running thread: video_thread
09-13 14:32:08.973 425 1176 I vndksupport: sphal namespace is not configured for this process. Loading /vendor/lib/hw/gralloc.tegra.so from the current namespace instead.
09-13 14:32:08.977 791 1217 V Avrcp : onPlaybackStateChanged: state PlaybackState {state=3, position=0, buffered position=0, speed=1.0, updated=124229, actions=-1, custom actions=[], active item id=-1, error=null}
09-13 14:32:08.977 425 1176 D NvOsDebugPrintf: 16BlockH264Dec: NvxNvMMLiteTransformFillThisBuffer[5242] calling CleanANBLite
09-13 14:32:08.990 5181 6715 D Kodi : sh: nmblookup: not found
09-13 14:32:08.994 5181 6879 V Kodi : Debug Print: Opening stream: 2 source: 256
09-13 14:32:08.994 5181 6879 V Kodi : Debug Print: AddOnLog: InputStream Adaptive: OpenStream(2)
09-13 14:32:08.994 5181 6879 V Kodi : Debug Print: AddOnLog: InputStream Adaptive: Selecting stream with conditions: w: 0, h: 0, bw: 400000
09-13 14:32:08.996 5181 6879 V Kodi : Debug Print: CurlFile::ParseAndCorrectUrl() adding custom header option 'connection: keep-alive'
09-13 14:32:08.997 5181 6879 V Kodi : Debug Print: CurlFile::Open(0x21f66b5b00) http://zh2-1-dash-live.zahs.tv/RTL2/audio-128000-0.mp4?z32=MNZWSZB5GE2TKM2GGU4TONJWIIZEMRSGHEWTENRZHBBEGRJSHFCEGQKEGJCUEJTOMF2GS5TFHUYTKMBQEZ2XGZLSL5UWIPJSGQYTAMJVGIYSM43JM46TMXZYMMZGGOBWGRRTAMZTGFSTANJSGJTDCODEMNSDMNBWMM3GEZTEME
09-13 14:32:08.997 5181 6879 V Kodi : Debug Print: Curl::Debug - TEXT: Found bundle for host zh2-1-dash-live.zahs.tv: 0x21f6546d30 [can pipeline]
09-13 14:32:08.997 5181 6879 V Kodi : Debug Print: Curl::Debug - TEXT: Re-using existing connection! (#0) with host zh2-1-dash-live.zahs.tv
09-13 14:32:08.997 5181 6879 V Kodi : Debug Print: Curl::Debug - TEXT: Connected to zh2-1-dash-live.zahs.tv (46.28.206.191) port 80 (#0)
09-13 14:32:08.997 5181 6879 V Kodi : Debug Print: Curl::Debug - HEADER_OUT: GET /RTL2/audio-128000-0.mp4?z32=MNZWSZB5GE2TKM2GGU4TONJWIIZEMRSGHEWTENRZHBBEGRJSHFCEGQKEGJCUEJTOMF2GS5TFHUYTKMBQEZ2XGZLSL5UWIPJSGQYTAMJVGIYSM43JM46TMXZYMMZGGOBWGRRTAMZTGFSTANJSGJTDCODEMNSDMNBWMM3GEZTEME HTTP/1.1
09-13 14:32:08.998 5181 6879 V Kodi : Debug Print: Curl::Debug - HEADER_OUT: Host: zh2-1-dash-live.zahs.tv
09-13 14:32:08.998 5181 6879 V Kodi : Debug Print: Curl::Debug - HEADER_OUT: User-Agent: Kodi/18.0-BETA2 (Linux; Android 8.0; SHIELD Android TV Build/OPR6.170623.010) Android/8.0.0 Sys_CPU/aarch64 App_Bitness/64 Version/18.0-BETA2-Git:20180828-702c2eb-dirty
09-13 14:32:08.998 5181 6879 V Kodi : Debug Print: Curl::Debug - HEADER_OUT: Accept: */*
09-13 14:32:08.998 5181 6879 V Kodi : Debug Print: Curl::Debug - HEADER_OUT: Accept-Encoding: gzip, deflate
09-13 14:32:08.998 5181 6879 V Kodi : Debug Print: Curl::Debug - HEADER_OUT: Accept-Charset: UTF-8,*;q=0.8
09-13 14:32:08.999 5181 6879 V Kodi : Debug Print: Curl::Debug - HEADER_OUT: connection: keep-alive
09-13 14:32:09.039 5181 6879 V Kodi : Debug Print: Curl::Debug - HEADER_IN: HTTP/1.1 200 OK
09-13 14:32:09.040 5181 6879 V Kodi : Debug Print: Curl::Debug - HEADER_IN: Server: Zattoo/20180828.144145~f74c4b9
09-13 14:32:09.040 5181 6879 V Kodi : Debug Print: Curl::Debug - HEADER_IN: Date: Thu, 13 Sep 2018 12:32:09 GMT
09-13 14:32:09.040 5181 6879 V Kodi : Debug Print: Curl::Debug - HEADER_IN: Content-Type: audio/mp4
09-13 14:32:09.040 5181 6879 V Kodi : Debug Print: Curl::Debug - HEADER_IN: Content-Length: 612
09-13 14:32:09.040 5181 6879 V Kodi : Debug Print: Curl::Debug - HEADER_IN: Access-Control-Allow-Origin: *
09-13 14:32:09.040 5181 6879 V Kodi : Debug Print: Curl::Debug - HEADER_IN: Cache-Control: no-cache, no-store
09-13 14:32:09.077 5181 6879 V Kodi : Debug Print: Curl::Debug - TEXT: Connection #0 to host zh2-1-dash-live.zahs.tv left intact
09-13 14:32:09.077 5181 6879 V Kodi : Debug Print: AddOnLog: InputStream Adaptive: Download http://zh2-1-dash-live.zahs.tv/RTL2/audio-128000-0.mp4?z32=MNZWSZB5GE2TKM2GGU4TONJWIIZEMRSGHEWTENRZHBBEGRJSHFCEGQKEGJCUEJTOMF2GS5TFHUYTKMBQEZ2XGZLSL5UWIPJSGQYTAMJVGIYSM43JM46TMXZYMMZGGOBWGRRTAMZTGFSTANJSGJTDCODEMNSDMNBWMM3GEZTEME finished, average download speed: 0.7749
09-13 14:32:09.078 5181 6879 V Kodi : Debug Print: AddOnLog: InputStream Adaptive: UpdateSampleDescription: codec 1836069985
09-13 14:32:09.078 5181 6879 V Kodi : Debug Print: AddOnLog: InputStream Adaptive: GetStream(2)
09-13 14:32:09.078 5181 6879 V Kodi : Debug Print: CDVDDemuxClient::RequestStream(): added/updated stream 2 with codec_id 86018
09-13 14:32:09.078 5181 6879 V Kodi : Debug Print: Finding audio codec for: 86018
09-13 14:32:09.079 5181 6879 V Kodi : Debug Print: CDVDAudioCodecAndroidMediaCodec::Open codec(86018), profile(-99), tag(0), extrasize(2)
09-13 14:32:09.080 5181 6879 V Kodi : Debug Print: CDVDAudioCodecAndroidMediaCodec::Open() Use default handling for non encrypted stream
09-13 14:32:09.086 5181 6879 V Kodi : Debug Print: CDVDAudioCodecFFmpeg::Open() Successful opened audio decoder aac
09-13 14:32:09.086 5181 6879 V Kodi : Debug Print: Creating audio thread
09-13 14:32:09.086 5181 6879 V Kodi : Debug Print: CVideoPlayer::SetCaching - caching state 2
09-13 14:32:09.087 5181 6879 V Kodi : Debug Print: CDVDClock::SetSpeedAdjust - adjusted:0.000000
09-13 14:32:09.087 5181 6879 V Kodi : Debug Print: CVideoPlayer::HandleMessages - player 2 reported state: 0
09-13 14:32:09.087 5181 6898 V Kodi : Debug Print: Thread VideoPlayerAudio start, auto delete: false
09-13 14:32:09.087 5181 6788 V Kodi : Debug Print: OnAVChange: CApplication::OnAVChange
09-13 14:32:09.087 5181 6879 V Kodi : Debug Print: CDVDClock::SetSpeedAdjust - adjusted:-0.050000
09-13 14:32:09.088 5181 6720 V Kodi : Debug Print: CAnnouncementManager - Announcement: OnAVChange from xbmc
09-13 14:32:09.088 5181 6720 V Kodi : Debug Print: GOT ANNOUNCEMENT, type: 1, from xbmc, message OnAVChange
09-13 14:32:09.089 5181 6898 V Kodi : Debug Print: running thread: CVideoPlayerAudio::Process()
09-13 14:32:09.090 5181 6898 V Kodi : Debug Print: CDVDAudio::Pause - pausing audio stream
09-13 14:32:09.091 5181 6883 V Kodi : Debug Print: CurlFile::ParseAndCorrectUrl() adding custom header option 'connection: keep-alive'
09-13 14:32:09.091 5181 6883 V Kodi : Debug Print: CurlFile::Open(0x21f678bf00) http://zh2-1-dash-live.zahs.tv/RTL2/video-time=1536841904000-1300000-0.m4s?z32=MNZWSZB5GE2TKM2GGU4TONJWIIZEMRSGHEWTENRZHBBEGRJSHFCEGQKEGJCUEJTNMF4HEYLUMU6TCNJQGATHK43FOJPWSZB5GI2DCMBRGUZDCJTTNFTT2NS7GNSTQOJTMRRTOMBQGJSGGMRQGJSDEYJRGMZDEMZUGVQWGYZTMI3Q
09-13 14:32:09.091 5181 6883 V Kodi : Debug Print: Curl::Debug - TEXT: Found bundle for host zh2-1-dash-live.zahs.tv: 0x21f6546d30 [can pipeline]
09-13 14:32:09.091 5181 6883 V Kodi : Debug Print: Curl::Debug - TEXT: Re-using existing connection! (#0) with host zh2-1-dash-live.zahs.tv
09-13 14:32:09.091 5181 6883 V Kodi : Debug Print: Curl::Debug - TEXT: Connected to zh2-1-dash-live.zahs.tv (46.28.206.191) port 80 (#0)
09-13 14:32:09.092 5181 6883 V Kodi : Debug Print: Curl::Debug - HEADER_OUT: GET /RTL2/video-time=1536841904000-1300000-0.m4s?z32=MNZWSZB5GE2TKM2GGU4TONJWIIZEMRSGHEWTENRZHBBEGRJSHFCEGQKEGJCUEJTNMF4HEYLUMU6TCNJQGATHK43FOJPWSZB5GI2DCMBRGUZDCJTTNFTT2NS7GNSTQOJTMRRTOMBQGJSGGMRQGJSDEYJRGMZDEMZUGVQWGYZTMI3Q HTTP/1.1
09-13 14:32:09.092 5181 6883 V Kodi : Debug Print: Curl::Debug - HEADER_OUT: Host: zh2-1-dash-live.zahs.tv
09-13 14:32:09.092 5181 6883 V Kodi : Debug Print: Curl::Debug - HEADER_OUT: User-Agent: Kodi/18.0-BETA2 (Linux; Android 8.0; SHIELD Android TV Build/OPR6.170623.010) Android/8.0.0 Sys_CPU/aarch64 App_Bitness/64 Version/18.0-BETA2-Git:20180828-702c2eb-dirty
09-13 14:32:09.092 5181 6883 V Kodi : Debug Print: Curl::Debug - HEADER_OUT: Accept: */*
09-13 14:32:09.092 5181 6883 V Kodi : Debug Print: Curl::Debug - HEADER_OUT: Accept-Encoding: gzip, deflate
09-13 14:32:09.093 5181 6883 V Kodi : Debug Print: Curl::Debug - HEADER_OUT: Accept-Charset: UTF-8,*;q=0.8
09-13 14:32:09.093 5181 6883 V Kodi : Debug Print: Curl::Debug - HEADER_OUT: connection: keep-alive
09-13 14:32:09.133 5181 6883 V Kodi : Debug Print: Curl::Debug - HEADER_IN: HTTP/1.1 200 OK
09-13 14:32:09.133 5181 6883 V Kodi : Debug Print: Curl::Debug - HEADER_IN: Server: Zattoo/20180828.144145~f74c4b9
09-13 14:32:09.133 5181 6883 V Kodi : Debug Print: Curl::Debug - HEADER_IN: Date: Thu, 13 Sep 2018 12:32:09 GMT
09-13 14:32:09.133 5181 6883 V Kodi : Debug Print: Curl::Debug - HEADER_IN: Content-Type: video/mp4
09-13 14:32:09.133 5181 6883 V Kodi : Debug Print: Curl::Debug - HEADER_IN: Content-Length: 659923
09-13 14:32:09.134 5181 6883 V Kodi : Debug Print: Curl::Debug - HEADER_IN: Access-Control-Allow-Origin: *
09-13 14:32:09.134 5181 6883 V Kodi : Debug Print: Curl::Debug - HEADER_IN: Cache-Control: no-cache, no-store
09-13 14:32:09.227 5181 6897 V Kodi : Debug Print: CurlFile::ParseAndCorrectUrl() adding custom header option 'connection: keep-alive'
09-13 14:32:09.227 5181 6897 V Kodi : Debug Print: CurlFile::Open(0x21fe6f8f00) http://zh2-1-dash-live.zahs.tv/RTL2/audio-time=1536841904000-128000-0.m4s?z32=MNZWSZB5GE2TKM2GGU4TONJWIIZEMRSGHEWTENRZHBBEGRJSHFCEGQKEGJCUEJTOMF2GS5TFHUYTKMBQEZ2XGZLSL5UWIPJSGQYTAMJVGIYSM43JM46TMXZYMMZGGOBWGRRTAMZTGFSTANJSGJTDCODEMNSDMNBWMM3GEZTEME
09-13 14:32:09.228 5181 6897 V Kodi : Debug Print: easy_acquire - Created session to http://zh2-1-dash-live.zahs.tv
09-13 14:32:09.329 5181 6897 V Kodi : Debug Print: Curl::Debug - TEXT: Trying 46.28.206.191...
09-13 14:32:09.329 5181 6897 V Kodi : Debug Print: Curl::Debug - TEXT: TCP_NODELAY set
09-13 14:32:09.406 5181 6897 V Kodi : Debug Print: Curl::Debug - TEXT: Connected to zh2-1-dash-live.zahs.tv (46.28.206.191) port 80 (#0)
09-13 14:32:09.407 5181 6897 V Kodi : Debug Print: Curl::Debug - HEADER_OUT: GET /RTL2/audio-time=1536841904000-128000-0.m4s?z32=MNZWSZB5GE2TKM2GGU4TONJWIIZEMRSGHEWTENRZHBBEGRJSHFCEGQKEGJCUEJTOMF2GS5TFHUYTKMBQEZ2XGZLSL5UWIPJSGQYTAMJVGIYSM43JM46TMXZYMMZGGOBWGRRTAMZTGFSTANJSGJTDCODEMNSDMNBWMM3GEZTEME HTTP/1.1
09-13 14:32:09.407 5181 6897 V Kodi : Debug Print: Curl::Debug - HEADER_OUT: Host: zh2-1-dash-live.zahs.tv
09-13 14:32:09.407 5181 6897 V Kodi : Debug Print: Curl::Debug - HEADER_OUT: User-Agent: Kodi/18.0-BETA2 (Linux; Android 8.0; SHIELD Android TV Build/OPR6.170623.010) Android/8.0.0 Sys_CPU/aarch64 App_Bitness/64 Version/18.0-BETA2-Git:20180828-702c2eb-dirty
09-13 14:32:09.407 5181 6897 V Kodi : Debug Print: Curl::Debug - HEADER_OUT: Accept: */*
09-13 14:32:09.407 5181 6897 V Kodi : Debug Print: Curl::Debug - HEADER_OUT: Accept-Encoding: gzip, deflate
09-13 14:32:09.407 5181 6897 V Kodi : Debug Print: Curl::Debug - HEADER_OUT: Accept-Charset: UTF-8,*;q=0.8
09-13 14:32:09.407 5181 6897 V Kodi : Debug Print: Curl::Debug - HEADER_OUT: connection: keep-alive
09-13 14:32:09.453 791 1217 V Avrcp : MSG_UPDATE_MEDIA
09-13 14:32:09.454 791 1217 V Avrcp : updatePlaybackState (1): -1➡1(PlaybackState {state=3, position=0, buffered position=0, speed=1.0, updated=124706, actions=-1, custom actions=[], active item id=-1, error=null})
09-13 14:32:09.456 791 1217 V Avrcp : Media update: id -1➡-1? [MediaAttributes: K⋯7 - by (0 0/0) ]
09-13 14:32:09.462 791 1217 D Avrcp : sendTrackChangedRsp: Not registered or registering.
09-13 14:32:09.462 791 1217 D Avrcp : sendPlayPosNotificationRsp: Not registered or requesting.
09-13 14:32:09.488 5181 6897 V Kodi : Debug Print: Curl::Debug - HEADER_IN: HTTP/1.1 200 OK
09-13 14:32:09.489 5181 6897 V Kodi : Debug Print: Curl::Debug - HEADER_IN: Server: Zattoo/20180828.144145~f74c4b9
09-13 14:32:09.489 5181 6897 V Kodi : Debug Print: Curl::Debug - HEADER_IN: Date: Thu, 13 Sep 2018 12:32:09 GMT
09-13 14:32:09.489 5181 6897 V Kodi : Debug Print: Curl::Debug - HEADER_IN: Content-Type: audio/mp4
09-13 14:32:09.489 5181 6897 V Kodi : Debug Print: Curl::Debug - HEADER_IN: Content-Length: 53291
09-13 14:32:09.489 5181 6897 V Kodi : Debug Print: Curl::Debug - HEADER_IN: Access-Control-Allow-Origin: *
09-13 14:32:09.489 5181 6897 V Kodi : Debug Print: Curl::Debug - HEADER_IN: Cache-Control: no-cache, no-store
09-13 14:32:09.495 5181 6716 V Kodi : Debug Print: Inhibiting OS screen saver
09-13 14:32:09.495 5181 6716 V Kodi : static bool CXBMCApp::EnableWakeLock(bool): true
09-13 14:32:09.497 684 1695 D PowerManagerNotifier: onWakeLockAcquired: flags=536870922, tag="org.xbmc.kodinerds", packageName=org.xbmc.kodinerds, ownerUid=10107, ownerPid=5181, workSource=null
09-13 14:32:09.498 791 1217 V Avrcp : onPlaybackStateChanged: state PlaybackState {state=3, position=0, buffered position=0, speed=1.0, updated=124750, actions=-1, custom actions=[], active item id=-1, error=null}
09-13 14:32:09.555 5181 6883 V Kodi : Debug Print: Curl::Debug - TEXT: Connection #0 to host zh2-1-dash-live.zahs.tv left intact
09-13 14:32:09.556 5181 6883 V Kodi : Debug Print: AddOnLog: InputStream Adaptive: Download http://zh2-1-dash-live.zahs.tv/RTL2/video-time=1536841904000-1300000-0.m4s?z32=MNZWSZB5GE2TKM2GGU4TONJWIIZEMRSGHEWTENRZHBBEGRJSHFCEGQKEGJCUEJTNMF4HEYLUMU6TCNJQGATHK43FOJPWSZB5GI2DCMBRGUZDCJTTNFTT2NS7GNSTQOJTMRRTOMBQGJSGGMRQGJSDEYJRGMZDEMZUGVQWGYZTMI3Q finished, average download speed: 415323.8936
09-13 14:32:09.568 5181 6893 V Kodi : Debug Print: CVideoPlayerVideo - Stillframe left, switching to normal playback
09-13 14:32:09.569 5181 6879 V Kodi : Debug Print: CVideoPlayer::HandleMessages - player 1 reported state: 0
09-13 14:32:09.570 5181 6893 V Kodi : Debug Print: CDVDVideoCodecAndroidMediaCodec::AddData current state (2)
09-13 14:32:09.570 360 436 W GrallocMapperPassthrough: buffer descriptor with invalid usage bits 0x2000
09-13 14:32:09.573 425 1177 D NvOsDebugPrintf: 16BlockH264Dec: NvxNvMMLiteTransformFillThisBuffer[5242] calling CleanANBLite
09-13 14:32:09.575 5181 6898 V Kodi : Debug Print: CVideoPlayerAudio: stream props changed, checking for passthrough
09-13 14:32:09.575 5181 6898 V Kodi : Debug Print: CDVDAudioCodecAndroidMediaCodec::Open codec(86018), profile(-99), tag(0), extrasize(2)
09-13 14:32:09.575 425 6889 D NvOsDebugPrintf: NVMEDIA: RefreshRate = 60.000000
09-13 14:32:09.575 425 6889 D NvOsDebugPrintf: NVMEDIA: bEnableVideoSmootheningbEnable = 0
09-13 14:32:09.577 5181 6898 V Kodi : Debug Print: CDVDAudioCodecAndroidMediaCodec::Open() Use default handling for non encrypted stream
09-13 14:32:09.578 425 6889 D NvOsDebugPrintf: NVMEDIA: cbBeginSequence: 129: BeginSequence 768x432, bVPR = 0
09-13 14:32:09.578 425 6889 D NvOsDebugPrintf: NVMEDIA: NVDEC LowCorner Freq = (100000 * 1024)
