09-13 14:32:09.578 425 6889 D NvOsDebugPrintf: NVMEDIA: LowCorner Frequency = 100000
09-13 14:32:09.578 425 6889 D NvOsDebugPrintf: NVMEDIA: cbBeginSequence: 437: DecodeBuffers = 3, pnvsi->eCodec = 0
09-13 14:32:09.578 5181 6898 V Kodi : Debug Print: CDVDAudioCodecFFmpeg::Open() Successful opened audio decoder aac
09-13 14:32:09.578 5181 6898 V Kodi : Debug Print: Creating audio stream (codec id: 86018, channels: 2, sample rate: 48000, no pass-through)
09-13 14:32:09.578 425 6889 D NvOsDebugPrintf: NVMEDIA: cbBeginSequence: 522: Display Resolution : (768x432)
09-13 14:32:09.578 425 6889 D NvOsDebugPrintf: NVMEDIA: cbBeginSequence: 523: Display Aspect Ratio : (768x432)
09-13 14:32:09.578 425 6889 D NvOsDebugPrintf: NVMEDIA: cbBeginSequence: 591: ColorFormat : 5
09-13 14:32:09.578 425 6889 D NvOsDebugPrintf: NVMEDIA: cbBeginSequence:605 ColorSpace = NvColorSpace_YCbCr601
09-13 14:32:09.578 425 6889 D NvOsDebugPrintf: NVMEDIA: cbBeginSequence: 720: SurfaceLayout = 3
09-13 14:32:09.578 425 6889 D NvOsDebugPrintf: NVMEDIA: cbBeginSequence: 815: NumOfSurfaces = 10, InteraceStream = 0, InterlaceEnabled = 0, bSecure = 0, MVC = 0 Semiplanar = 1, bReinit = 1, BitDepthForSurface = 8 LumaBitDepth = 8, ChromaBitDepth = 8, ChromaFormat = 5
09-13 14:32:09.578 425 6889 D NvOsDebugPrintf: NVMEDIA: cbBeginSequence: 817: BeginSequence ColorPrimaries = 2, TransferCharacteristics = 2, MatrixCoefficients = 2
09-13 14:32:09.578 425 6889 D NvOsDebugPrintf: Allocating new output: 768x432 (x 10), ThumbnailMode = 0
09-13 14:32:09.578 425 6889 D NvOsDebugPrintf: WARNING Bad Color Primaries in stream!
09-13 14:32:09.578 425 6889 D NvOsDebugPrintf: WARNING Bad TransferCharacterstics in stream!
09-13 14:32:09.578 425 6889 D NvOsDebugPrintf: bitDepth is 8 and NewStreamInfo->bValidMasteringDispData is 0 bAllowClientValues is 0
09-13 14:32:09.578 425 6889 D NvOsDebugPrintf: OPENMAX: HandleNewStreamFormat: 3528: Send OMX_EventPortSettingsChanged : nFrameWidth = 768, nFrameHeight = 432
09-13 14:32:09.579 5181 6898 V Kodi : Debug Print: CVideoPlayerAudio:: synctype set to 1: resample
09-13 14:32:09.579 5181 6886 I ACodec : Get OMX_IndexConfigScale: 0x10000/0x10000
09-13 14:32:09.579 5181 6886 I ACodec : Scaled Width is 768, height is 432
09-13 14:32:09.581 5181 6886 D SurfaceUtils: set up nativeWindow 0x21e1e7d010 for 768x432, color 0x106, rotation 0, usage 0x2900
09-13 14:32:09.584 425 477 I vndksupport: sphal namespace is not configured for this process. Loading /vendor/lib/hw/gralloc.tegra.so from the current namespace instead.
09-13 14:32:09.591 360 973 W GrallocMapperPassthrough: buffer descriptor with invalid usage bits 0x2000
09-13 14:32:09.592 360 433 W GrallocMapperPassthrough: buffer descriptor with invalid usage bits 0x2000
09-13 14:32:09.594 5181 6897 V Kodi : Debug Print: Curl::Debug - TEXT: Connection #0 to host zh2-1-dash-live.zahs.tv left intact
09-13 14:32:09.594 5181 6897 V Kodi : Debug Print: AddOnLog: InputStream Adaptive: Download http://zh2-1-dash-live.zahs.tv/RTL2/audio-time=1536841904000-128000-0.m4s?z32=MNZWSZB5GE2TKM2GGU4TONJWIIZEMRSGHEWTENRZHBBEGRJSHFCEGQKEGJCUEJTOMF2GS5TFHUYTKMBQEZ2XGZLSL5UWIPJSGQYTAMJVGIYSM43JM46TMXZYMMZGGOBWGRRTAMZTGFSTANJSGJTDCODEMNSDMNBWMM3GEZTEME finished, average download speed: 396924.5645
09-13 14:32:09.595 5181 6886 I ACodec : Get OMX_IndexConfigScale: 0x10000/0x10000
09-13 14:32:09.595 5181 6886 I ACodec : Scaled Width is 768, height is 432
09-13 14:32:09.596 5181 6893 V Kodi : Debug Print: CDVDVideoCodecAndroidMediaCodec:: width(768), height(432), stride(768), slice-height(432), color-format(262)
09-13 14:32:09.597 5181 6893 V Kodi : Debug Print: CDVDVideoCodecAndroidMediaCodec:: crop-left(0), crop-top(0), crop-right(767), crop-bottom(431)
09-13 14:32:09.597 5181 6893 V Kodi : Debug Print: CDVDVideoCodecAndroidMediaCodec:: Multi-Surface Rendering
09-13 14:32:09.597 360 436 W GrallocMapperPassthrough: buffer descriptor with invalid usage bits 0x2000
09-13 14:32:09.598 5181 6893 V Kodi : Debug Print: CRenderManager::Configure - change configuration. 768x432. display: 768x432. framerate: 25.00.
09-13 14:32:09.599 5181 6897 V Kodi : Debug Print: CurlFile::ParseAndCorrectUrl() adding custom header option 'connection: keep-alive'
09-13 14:32:09.600 5181 6897 V Kodi : Debug Print: CurlFile::Open(0x21fe6f8f00) http://zh2-1-dash-live.zahs.tv/RTL2/audio-time=1536841907200-128000-0.m4s?z32=MNZWSZB5GE2TKM2GGU4TONJWIIZEMRSGHEWTENRZHBBEGRJSHFCEGQKEGJCUEJTOMF2GS5TFHUYTKMBQEZ2XGZLSL5UWIPJSGQYTAMJVGIYSM43JM46TMXZYMMZGGOBWGRRTAMZTGFSTANJSGJTDCODEMNSDMNBWMM3GEZTEME
09-13 14:32:09.600 5181 6897 V Kodi : Debug Print: Curl::Debug - TEXT: Found bundle for host zh2-1-dash-live.zahs.tv: 0x21f6546d30 [can pipeline]
09-13 14:32:09.601 5181 6897 V Kodi : Debug Print: Curl::Debug - TEXT: Re-using existing connection! (#0) with host zh2-1-dash-live.zahs.tv
09-13 14:32:09.601 5181 6897 V Kodi : Debug Print: Curl::Debug - TEXT: Connected to zh2-1-dash-live.zahs.tv (46.28.206.191) port 80 (#0)
09-13 14:32:09.602 5181 6897 V Kodi : Debug Print: Curl::Debug - HEADER_OUT: GET /RTL2/audio-time=1536841907200-128000-0.m4s?z32=MNZWSZB5GE2TKM2GGU4TONJWIIZEMRSGHEWTENRZHBBEGRJSHFCEGQKEGJCUEJTOMF2GS5TFHUYTKMBQEZ2XGZLSL5UWIPJSGQYTAMJVGIYSM43JM46TMXZYMMZGGOBWGRRTAMZTGFSTANJSGJTDCODEMNSDMNBWMM3GEZTEME HTTP/1.1
09-13 14:32:09.602 5181 6897 V Kodi : Debug Print: Curl::Debug - HEADER_OUT: Host: zh2-1-dash-live.zahs.tv
09-13 14:32:09.602 5181 6897 V Kodi : Debug Print: Curl::Debug - HEADER_OUT: User-Agent: Kodi/18.0-BETA2 (Linux; Android 8.0; SHIELD Android TV Build/OPR6.170623.010) Android/8.0.0 Sys_CPU/aarch64 App_Bitness/64 Version/18.0-BETA2-Git:20180828-702c2eb-dirty
09-13 14:32:09.602 5181 6897 V Kodi : Debug Print: Curl::Debug - HEADER_OUT: Accept: */*
09-13 14:32:09.602 5181 6897 V Kodi : Debug Print: Curl::Debug - HEADER_OUT: Accept-Encoding: gzip, deflate
09-13 14:32:09.603 5181 6897 V Kodi : Debug Print: Curl::Debug - HEADER_OUT: Accept-Charset: UTF-8,*;q=0.8
09-13 14:32:09.603 5181 6897 V Kodi : Debug Print: Curl::Debug - HEADER_OUT: connection: keep-alive
09-13 14:32:09.603 5181 6716 V Kodi : Debug Print: DeleteRenderer - deleting renderer
09-13 14:32:09.604 5181 6716 V Kodi : Debug Print: LinuxRendererGL: Cleaning up GL resources
09-13 14:32:09.605 5181 6716 V Kodi : Debug Print: Instancing CRendererMediaCodecSurface
09-13 14:32:09.605 5181 6716 V Kodi : Debug Print: CRendererMediaCodecSurface::Configure
09-13 14:32:09.605 5181 6716 V Kodi : Debug Print: CRenderManager::Configure - 4
09-13 14:32:09.617 5181 6731 V Kodi : Debug Print: CActiveAESink::OpenSink - initialize sink
09-13 14:32:09.619 5181 6731 V Kodi : Debug Print: Draining Audio
09-13 14:32:09.619 5181 6731 D AudioTrack: stop() called with 730270 frames delivered
09-13 14:32:09.620 5181 6731 V Kodi : Debug Print: CAESinkAUDIOTRACK::Deinitialize
09-13 14:32:09.621 5181 6731 V Kodi : Debug Print: Previous line repeats 1 times.
09-13 14:32:09.621 5181 6731 V Kodi : Debug Print: CActiveAESink::OpenSink - trying to open device AUDIOTRACK:AudioTrack
09-13 14:32:09.621 5181 6731 V Kodi : Debug Print: CAESinkAUDIOTRACK::Initialize requested: sampleRate 48000; format: AE_FMT_FLOATP; channels: 2
09-13 14:32:09.622 5181 6731 V Kodi : Debug Print: Updated SampleRate: 32000 Distance: 144000
09-13 14:32:09.622 5181 6731 V Kodi : Debug Print: Updated SampleRate: 44100 Distance: 35100
09-13 14:32:09.622 5181 6731 V Kodi : Debug Print: Updated SampleRate: 48000 Distance: 0
09-13 14:32:09.622 5181 6731 V Kodi : Debug Print: Trying to open: samplerate: 48000, channelMask: 12, encoding: 4
09-13 14:32:09.623 5181 6731 V Kodi : Debug Print: Minimum size we need for stream: 12320
09-13 14:32:09.623 5181 6731 V Kodi : Debug Print: Created Audiotrackbuffer with playing time of 64.166667 ms min buffer size: 24640 bytes
09-13 14:32:09.624 408 472 I NvAudioPolicyManager: getOutputForAttr() device 0x400, samplingRate 48000, format 5, channelMask 3, flags 0 strategy 0x0
09-13 14:32:09.624 5181 6731 D AudioTrack: Client defaulted notificationFrames to 1540 for frameCount 3080
09-13 14:32:09.626 5181 6731 V Kodi : Debug Print: CAESinkAUDIOTRACK::Initializing with: m_sampleRate: 48000 format: AE_FMT_FLOAT (AE) method: PCM stream-type: PCM-STREAM min_buffer_size: 24640 m_frames: 1540 m_frameSize: 8 channels: 2
09-13 14:32:09.626 5181 6731 V Kodi : Debug Print: CActiveAESink::OpenSink - AUDIOTRACK Initialized:
09-13 14:32:09.627 5181 6731 V Kodi : Debug Print: Output Device : android
09-13 14:32:09.627 5181 6731 V Kodi : Debug Print: Sample Rate : 48000
09-13 14:32:09.627 5181 6731 V Kodi : Debug Print: Sample Format : AE_FMT_FLOAT
09-13 14:32:09.628 5181 6731 V Kodi : Debug Print: Channel Count : 2
09-13 14:32:09.628 5181 6731 V Kodi : Debug Print: Channel Layout: FL, FR
09-13 14:32:09.628 5181 6731 V Kodi : Debug Print: Frames : 1540
09-13 14:32:09.628 5181 6731 V Kodi : Debug Print: Frame Size : 8
09-13 14:32:09.630 5181 6730 V Kodi : Debug Print: CActiveAE::ClearDiscardedBuffers - buffer pool deleted
09-13 14:32:09.642 5181 6897 V Kodi : Debug Print: Previous line repeats 1 times.
09-13 14:32:09.642 5181 6897 V Kodi : Debug Print: Curl::Debug - HEADER_IN: HTTP/1.1 200 OK
09-13 14:32:09.642 5181 6897 V Kodi : Debug Print: Curl::Debug - HEADER_IN: Server: Zattoo/20180828.144145~f74c4b9
09-13 14:32:09.642 5181 6897 V Kodi : Debug Print: Curl::Debug - HEADER_IN: Date: Thu, 13 Sep 2018 12:32:09 GMT
09-13 14:32:09.642 5181 6897 V Kodi : Debug Print: Curl::Debug - HEADER_IN: Content-Type: audio/mp4
09-13 14:32:09.642 5181 6897 V Kodi : Debug Print: Curl::Debug - HEADER_IN: Content-Length: 52396
09-13 14:32:09.642 5181 6897 V Kodi : Debug Print: Curl::Debug - HEADER_IN: Access-Control-Allow-Origin: *
09-13 14:32:09.643 5181 6897 V Kodi : Debug Print: Curl::Debug - HEADER_IN: Cache-Control: no-cache, no-store
09-13 14:32:09.660 5181 6789 V Kodi : Debug Print: OnAVChange: CApplication::OnAVChange
09-13 14:32:09.660 5181 6879 V Kodi : Debug Print: CVideoPlayer::HandleMessages - player started 2
09-13 14:32:09.661 5181 6720 V Kodi : Debug Print: CAnnouncementManager - Announcement: OnAVChange from xbmc
09-13 14:32:09.661 5181 6879 V Kodi : Debug Print: CVideoPlayer::HandleMessages - player started 1
09-13 14:32:09.661 5181 6789 V Kodi : Debug Print: OnAVChange: CApplication::OnAVChange
09-13 14:32:09.661 5181 6879 V Kodi : Debug Print: CDVDClock::SetSpeedAdjust - adjusted:0.000000
09-13 14:32:09.661 5181 6879 V Kodi : Debug Print: VideoPlayer::Sync - Audio - pts: 1536841904298666.000000, cache: 320000.022650, totalcache: 664166.688919
09-13 14:32:09.661 5181 6720 V Kodi : Debug Print: GOT ANNOUNCEMENT, type: 1, from xbmc, message OnAVChange
09-13 14:32:09.661 5181 6879 V Kodi : Debug Print: VideoPlayer::Sync - Video - pts: 1536841904080000.000000, cache: 50000.000000, totalcache: 100000.000000
09-13 14:32:09.662 5181 6720 V Kodi : Debug Print: CAnnouncementManager - Announcement: OnAVChange from xbmc
09-13 14:32:09.662 5181 6720 V Kodi : Debug Print: GOT ANNOUNCEMENT, type: 1, from xbmc, message OnAVChange
09-13 14:32:09.663 5181 6898 V Kodi : Debug Print: CVideoPlayerAudio - CDVDMsg::GENERAL_RESYNC(1536841903234499.250000), level: 36, cache: 357738.183872
09-13 14:32:09.663 5181 6898 V Kodi : Debug Print: CDVDAudio::Resume - resume audio stream
09-13 14:32:09.664 5181 6893 V Kodi : Debug Print: CVideoPlayerVideo - CDVDMsg::GENERAL_RESYNC(1536841903234499.250000)
09-13 14:32:09.664 5181 6730 V Kodi : Debug Print: ActiveAE - start sync of audio stream
09-13 14:32:09.664 360 973 W GrallocMapperPassthrough: buffer descriptor with invalid usage bits 0x2000
09-13 14:32:09.666 5181 6788 V Kodi : Debug Print: OnAVStarted: CApplication::OnAVStarted
09-13 14:32:09.667 360 433 W GrallocMapperPassthrough: buffer descriptor with invalid usage bits 0x2000
09-13 14:32:09.668 5181 6883 V Kodi : Debug Print: CurlFile::ParseAndCorrectUrl() adding custom header option 'connection: keep-alive'
09-13 14:32:09.668 5181 6883 V Kodi : Debug Print: CurlFile::Open(0x21f678bf00) http://zh2-1-dash-live.zahs.tv/RTL2/video-time=1536841908000-1300000-0.m4s?z32=MNZWSZB5GE2TKM2GGU4TONJWIIZEMRSGHEWTENRZHBBEGRJSHFCEGQKEGJCUEJTNMF4HEYLUMU6TCNJQGATHK43FOJPWSZB5GI2DCMBRGUZDCJTTNFTT2NS7GNSTQOJTMRRTOMBQGJSGGMRQGJSDEYJRGMZDEMZUGVQWGYZTMI3Q
09-13 14:32:09.669 5181 6883 V Kodi : Debug Print: Curl::Debug - TEXT: Found bundle for host zh2-1-dash-live.zahs.tv: 0x21fe662b00 [can pipeline]
09-13 14:32:09.669 5181 6883 V Kodi : Debug Print: Curl::Debug - TEXT: Re-using existing connection! (#0) with host zh2-1-dash-live.zahs.tv
09-13 14:32:09.669 5181 6883 V Kodi : Debug Print: Curl::Debug - TEXT: Connected to zh2-1-dash-live.zahs.tv (46.28.206.191) port 80 (#0)
09-13 14:32:09.669 5181 6883 V Kodi : Debug Print: Curl::Debug - HEADER_OUT: GET /RTL2/video-time=1536841908000-1300000-0.m4s?z32=MNZWSZB5GE2TKM2GGU4TONJWIIZEMRSGHEWTENRZHBBEGRJSHFCEGQKEGJCUEJTNMF4HEYLUMU6TCNJQGATHK43FOJPWSZB5GI2DCMBRGUZDCJTTNFTT2NS7GNSTQOJTMRRTOMBQGJSGGMRQGJSDEYJRGMZDEMZUGVQWGYZTMI3Q HTTP/1.1
09-13 14:32:09.670 5181 6883 V Kodi : Debug Print: Curl::Debug - HEADER_OUT: Host: zh2-1-dash-live.zahs.tv
09-13 14:32:09.670 5181 6883 V Kodi : Debug Print: Curl::Debug - HEADER_OUT: User-Agent: Kodi/18.0-BETA2 (Linux; Android 8.0; SHIELD Android TV Build/OPR6.170623.010) Android/8.0.0 Sys_CPU/aarch64 App_Bitness/64 Version/18.0-BETA2-Git:20180828-702c2eb-dirty
09-13 14:32:09.670 5181 6883 V Kodi : Debug Print: Curl::Debug - HEADER_OUT: Accept: */*
09-13 14:32:09.670 5181 6883 V Kodi : Debug Print: Curl::Debug - HEADER_OUT: Accept-Encoding: gzip, deflate
09-13 14:32:09.670 5181 6883 V Kodi : Debug Print: Curl::Debug - HEADER_OUT: Accept-Charset: UTF-8,*;q=0.8
09-13 14:32:09.670 5181 6883 V Kodi : Debug Print: Curl::Debug - HEADER_OUT: connection: keep-alive
09-13 14:32:09.670 5181 6720 V Kodi : Debug Print: CAnnouncementManager - Announcement: OnAVStart from xbmc
09-13 14:32:09.671 5181 6720 V Kodi : Debug Print: GOT ANNOUNCEMENT, type: 1, from xbmc, message OnAVStart
09-13 14:32:09.671 360 719 W GrallocMapperPassthrough: buffer descriptor with invalid usage bits 0x2000
09-13 14:32:09.672 360 436 W GrallocMapperPassthrough: buffer descriptor with invalid usage bits 0x2000
09-13 14:32:09.673 5181 6716 V Kodi : Debug Print: Activating window ID: 12005
09-13 14:32:09.673 5181 6716 V Kodi : Debug Print: ------ Window Deinit (Home.xml) ------
09-13 14:32:09.673 5181 6716 V Kodi : Debug Print: FreeVisualisation() done
09-13 14:32:09.675 5181 6716 V Kodi : Debug Print: ------ Window Init (VideoFullScreen.xml) ------
09-13 14:32:09.675 5181 6716 V Kodi : Debug Print: Loading skin file: VideoFullScreen.xml, load type: KEEP_IN_MEMORY
09-13 14:32:09.678 5181 6716 V Kodi : Debug Print: Skin file /data/user/0/org.xbmc.kodinerds/cache/apk/assets/addons/skin.estuary/xml/VideoFullScreen.xml loaded in 3.68ms
09-13 14:32:09.679 5181 6716 V Kodi : Debug Print: Alloc resources: 3.93ms (3.92 ms skin load)
09-13 14:32:09.679 5181 6897 V Kodi : Debug Print: Curl::Debug - TEXT: Connection #0 to host zh2-1-dash-live.zahs.tv left intact
09-13 14:32:09.679 5181 6897 V Kodi : Debug Print: AddOnLog: InputStream Adaptive: Download http://zh2-1-dash-live.zahs.tv/RTL2/audio-time=1536841907200-128000-0.m4s?z32=MNZWSZB5GE2TKM2GGU4TONJWIIZEMRSGHEWTENRZHBBEGRJSHFCEGQKEGJCUEJTOMF2GS5TFHUYTKMBQEZ2XGZLSL5UWIPJSGQYTAMJVGIYSM43JM46TMXZYMMZGGOBWGRRTAMZTGFSTANJSGJTDCODEMNSDMNBWMM3GEZTEME finished, average download speed: 379708.9133
09-13 14:32:09.704 5181 6883 V Kodi : Debug Print: Curl::Debug - HEADER_IN: HTTP/1.1 200 OK
09-13 14:32:09.705 5181 6883 V Kodi : Debug Print: Curl::Debug - HEADER_IN: Server: Zattoo/20180828.144145~f74c4b9
09-13 14:32:09.705 5181 6883 V Kodi : Debug Print: Curl::Debug - HEADER_IN: Date: Thu, 13 Sep 2018 12:32:09 GMT
09-13 14:32:09.705 5181 6883 V Kodi : Debug Print: Curl::Debug - HEADER_IN: Content-Type: video/mp4
09-13 14:32:09.705 5181 6883 V Kodi : Debug Print: Curl::Debug - HEADER_IN: Content-Length: 656381
09-13 14:32:09.705 5181 6883 V Kodi : Debug Print: Curl::Debug - HEADER_IN: Access-Control-Allow-Origin: *
09-13 14:32:09.705 5181 6883 V Kodi : Debug Print: Curl::Debug - HEADER_IN: Cache-Control: no-cache, no-store
09-13 14:32:09.723 5181 6789 V Kodi : Debug Print: OnAVChange: CApplication::OnAVChange
09-13 14:32:09.723 5181 6720 V Kodi : Debug Print: CAnnouncementManager - Announcement: OnAVChange from xbmc
09-13 14:32:09.723 5181 6720 V Kodi : Debug Print: GOT ANNOUNCEMENT, type: 1, from xbmc, message OnAVChange
09-13 14:32:09.770 5181 6730 V Kodi : Debug Print: ActiveAE::SyncStream - average error of 701.874359, start adjusting
09-13 14:32:09.942 5181 6897 V Kodi : Debug Print: CurlFile::ParseAndCorrectUrl() adding custom header option 'connection: keep-alive'
09-13 14:32:09.942 5181 6897 V Kodi : Debug Print: CurlFile::Open(0x21fe6f8f00) http://zh2-1-dash-live.zahs.tv/RTL2/audio-time=1536841910400-128000-0.m4s?z32=MNZWSZB5GE2TKM2GGU4TONJWIIZEMRSGHEWTENRZHBBEGRJSHFCEGQKEGJCUEJTOMF2GS5TFHUYTKMBQEZ2XGZLSL5UWIPJSGQYTAMJVGIYSM43JM46TMXZYMMZGGOBWGRRTAMZTGFSTANJSGJTDCODEMNSDMNBWMM3GEZTEME
09-13 14:32:09.942 5181 6897 V Kodi : Debug Print: Curl::Debug - TEXT: Found bundle for host zh2-1-dash-live.zahs.tv: 0x21f6546d30 [can pipeline]
09-13 14:32:09.943 5181 6897 V Kodi : Debug Print: Curl::Debug - TEXT: Re-using existing connection! (#0) with host zh2-1-dash-live.zahs.tv
09-13 14:32:09.943 5181 6897 V Kodi : Debug Print: Curl::Debug - TEXT: Connected to zh2-1-dash-live.zahs.tv (46.28.206.191) port 80 (#0)
09-13 14:32:09.943 5181 6897 V Kodi : Debug Print: Curl::Debug - HEADER_OUT: GET /RTL2/audio-time=1536841910400-128000-0.m4s?z32=MNZWSZB5GE2TKM2GGU4TONJWIIZEMRSGHEWTENRZHBBEGRJSHFCEGQKEGJCUEJTOMF2GS5TFHUYTKMBQEZ2XGZLSL5UWIPJSGQYTAMJVGIYSM43JM46TMXZYMMZGGOBWGRRTAMZTGFSTANJSGJTDCODEMNSDMNBWMM3GEZTEME HTTP/1.1
09-13 14:32:09.943 5181 6897 V Kodi : Debug Print: Curl::Debug - HEADER_OUT: Host: zh2-1-dash-live.zahs.tv
09-13 14:32:09.944 5181 6897 V Kodi : Debug Print: Curl::Debug - HEADER_OUT: User-Agent: Kodi/18.0-BETA2 (Linux; Android 8.0; SHIELD Android TV Build/OPR6.170623.010) Android/8.0.0 Sys_CPU/aarch64 App_Bitness/64 Version/18.0-BETA2-Git:20180828-702c2eb-dirty
09-13 14:32:09.944 5181 6897 V Kodi : Debug Print: Curl::Debug - HEADER_OUT: Accept: */*
09-13 14:32:09.944 5181 6897 V Kodi : Debug Print: Curl::Debug - HEADER_OUT: Accept-Encoding: gzip, deflate
09-13 14:32:09.944 5181 6897 V Kodi : Debug Print: Curl::Debug - HEADER_OUT: Accept-Charset: UTF-8,*;q=0.8
09-13 14:32:09.944 5181 6897 V Kodi : Debug Print: Curl::Debug - HEADER_OUT: connection: keep-alive
09-13 14:32:09.993 5181 6897 V Kodi : Debug Print: Curl::Debug - HEADER_IN: HTTP/1.1 200 OK
09-13 14:32:09.993 5181 6897 V Kodi : Debug Print: Curl::Debug - HEADER_IN: Server: Zattoo/20180828.144145~f74c4b9
09-13 14:32:09.994 5181 6897 V Kodi : Debug Print: Curl::Debug - HEADER_IN: Date: Thu, 13 Sep 2018 12:32:09 GMT
09-13 14:32:09.994 5181 6897 V Kodi : Debug Print: Curl::Debug - HEADER_IN: Content-Type: audio/mp4
09-13 14:32:09.994 5181 6897 V Kodi : Debug Print: Curl::Debug - HEADER_IN: Content-Length: 52239
09-13 14:32:09.994 5181 6897 V Kodi : Debug Print: Curl::Debug - HEADER_IN: Access-Control-Allow-Origin: *
09-13 14:32:09.994 5181 6897 V Kodi : Debug Print: Curl::Debug - HEADER_IN: Cache-Control: no-cache, no-store
09-13 14:32:10.002 791 1217 V Avrcp : onPlaybackStateChanged: state PlaybackState {state=3, position=3398, buffered position=0, speed=1.0, updated=125255, actions=-1, custom actions=[], active item id=-1, error=null}
09-13 14:32:10.067 5181 6897 V Kodi : Debug Print: Curl::Debug - TEXT: Connection #0 to host zh2-1-dash-live.zahs.tv left intact
09-13 14:32:10.069 5181 6897 V Kodi : Debug Print: AddOnLog: InputStream Adaptive: Download http://zh2-1-dash-live.zahs.tv/RTL2/audio-time=1536841910400-128000-0.m4s?z32=MNZWSZB5GE2TKM2GGU4TONJWIIZEMRSGHEWTENRZHBBEGRJSHFCEGQKEGJCUEJTOMF2GS5TFHUYTKMBQEZ2XGZLSL5UWIPJSGQYTAMJVGIYSM43JM46TMXZYMMZGGOBWGRRTAMZTGFSTANJSGJTDCODEMNSDMNBWMM3GEZTEME finished, average download speed: 363394.6921
09-13 14:32:10.088 5181 6883 V Kodi : Debug Print: Curl::Debug - TEXT: Connection #0 to host zh2-1-dash-live.zahs.tv left intact
09-13 14:32:10.088 5181 6883 V Kodi : Debug Print: AddOnLog: InputStream Adaptive: Download http://zh2-1-dash-live.zahs.tv/RTL2/video-time=1536841908000-1300000-0.m4s?z32=MNZWSZB5GE2TKM2GGU4TONJWIIZEMRSGHEWTENRZHBBEGRJSHFCEGQKEGJCUEJTNMF4HEYLUMU6TCNJQGATHK43FOJPWSZB5GI2DCMBRGUZDCJTTNFTT2NS7GNSTQOJTMRRTOMBQGJSGGMRQGJSDEYJRGMZDEMZUGVQWGYZTMI3Q finished, average download speed: 546796.4157
09-13 14:32:10.092 5181 6883 V Kodi : Debug Print: CurlFile::ParseAndCorrectUrl() adding custom header option 'connection: keep-alive'
09-13 14:32:10.093 5181 6883 V Kodi : Debug Print: CurlFile::Open(0x21f678bf00) http://zh2-1-dash-live.zahs.tv/RTL2/video-time=1536841912000-1300000-0.m4s?z32=MNZWSZB5GE2TKM2GGU4TONJWIIZEMRSGHEWTENRZHBBEGRJSHFCEGQKEGJCUEJTNMF4HEYLUMU6TCNJQGATHK43FOJPWSZB5GI2DCMBRGUZDCJTTNFTT2NS7GNSTQOJTMRRTOMBQGJSGGMRQGJSDEYJRGMZDEMZUGVQWGYZTMI3Q
09-13 14:32:10.093 5181 6883 V Kodi : Debug Print: Curl::Debug - TEXT: Found bundle for host zh2-1-dash-live.zahs.tv: 0x21f6546d30 [can pipeline]
09-13 14:32:10.093 5181 6883 V Kodi : Debug Print: Curl::Debug - TEXT: Re-using existing connection! (#0) with host zh2-1-dash-live.zahs.tv
09-13 14:32:10.093 5181 6883 V Kodi : Debug Print: Curl::Debug - TEXT: Connected to zh2-1-dash-live.zahs.tv (46.28.206.191) port 80 (#0)
09-13 14:32:10.093 5181 6883 V Kodi : Debug Print: Curl::Debug - HEADER_OUT: GET /RTL2/video-time=1536841912000-1300000-0.m4s?z32=MNZWSZB5GE2TKM2GGU4TONJWIIZEMRSGHEWTENRZHBBEGRJSHFCEGQKEGJCUEJTNMF4HEYLUMU6TCNJQGATHK43FOJPWSZB5GI2DCMBRGUZDCJTTNFTT2NS7GNSTQOJTMRRTOMBQGJSGGMRQGJSDEYJRGMZDEMZUGVQWGYZTMI3Q HTTP/1.1
09-13 14:32:10.094 5181 6883 V Kodi : Debug Print: Curl::Debug - HEADER_OUT: Host: zh2-1-dash-live.zahs.tv
09-13 14:32:10.094 5181 6883 V Kodi : Debug Print: Curl::Debug - HEADER_OUT: User-Agent: Kodi/18.0-BETA2 (Linux; Android 8.0; SHIELD Android TV Build/OPR6.170623.010) Android/8.0.0 Sys_CPU/aarch64 App_Bitness/64 Version/18.0-BETA2-Git:20180828-702c2eb-dirty
09-13 14:32:10.094 5181 6883 V Kodi : Debug Print: Curl::Debug - HEADER_OUT: Accept: */*
09-13 14:32:10.094 5181 6883 V Kodi : Debug Print: Curl::Debug - HEADER_OUT: Accept-Encoding: gzip, deflate
09-13 14:32:10.094 5181 6883 V Kodi : Debug Print: Curl::Debug - HEADER_OUT: Accept-Charset: UTF-8,*;q=0.8
09-13 14:32:10.094 5181 6883 V Kodi : Debug Print: Curl::Debug - HEADER_OUT: connection: keep-alive
09-13 14:32:10.134 5181 6883 V Kodi : Debug Print: Curl::Debug - HEADER_IN: HTTP/1.1 200 OK
09-13 14:32:10.134 5181 6883 V Kodi : Debug Print: Curl::Debug - HEADER_IN: Server: Zattoo/20180828.144145~f74c4b9
09-13 14:32:10.134 5181 6883 V Kodi : Debug Print: Curl::Debug - HEADER_IN: Date: Thu, 13 Sep 2018 12:32:10 GMT
09-13 14:32:10.135 5181 6883 V Kodi : Debug Print: Curl::Debug - HEADER_IN: Content-Type: video/mp4
09-13 14:32:10.135 5181 6883 V Kodi : Debug Print: Curl::Debug - HEADER_IN: Content-Length: 636810
09-13 14:32:10.135 5181 6883 V Kodi : Debug Print: Curl::Debug - HEADER_IN: Access-Control-Allow-Origin: *
09-13 14:32:10.135 5181 6883 V Kodi : Debug Print: Curl::Debug - HEADER_IN: Cache-Control: no-cache, no-store
09-13 14:32:10.187 5181 6893 V Kodi : Debug Print: CRenderManager::WaitForBuffer - timeout waiting for buffer
09-13 14:32:10.441 5181 6730 V Kodi : Debug Print: ActiveAE::SyncStream - average error 19.231079, last average error: 701.874359
09-13 14:32:10.455 360 975 W GrallocMapperPassthrough: buffer descriptor with invalid usage bits 0x2000
09-13 14:32:10.457 360 719 W GrallocMapperPassthrough: buffer descriptor with invalid usage bits 0x2000
09-13 14:32:10.477 5181 6883 V Kodi : Debug Print: Curl::Debug - TEXT: Connection #0 to host zh2-1-dash-live.zahs.tv left intact
09-13 14:32:10.478 5181 6883 V Kodi : Debug Print: AddOnLog: InputStream Adaptive: Download http://zh2-1-dash-live.zahs.tv/RTL2/video-time=1536841912000-1300000-0.m4s?z32=MNZWSZB5GE2TKM2GGU4TONJWIIZEMRSGHEWTENRZHBBEGRJSHFCEGQKEGJCUEJTNMF4HEYLUMU6TCNJQGATHK43FOJPWSZB5GI2DCMBRGUZDCJTTNFTT2NS7GNSTQOJTMRRTOMBQGJSGGMRQGJSDEYJRGMZDEMZUGVQWGYZTMI3Q finished, average download speed: 601462.5063
09-13 14:32:10.490 360 436 W GrallocMapperPassthrough: buffer descriptor with invalid usage bits 0x2000
09-13 14:32:10.491 360 975 W GrallocMapperPassthrough: buffer descriptor with invalid usage bits 0x2000
09-13 14:32:10.499 791 1217 V Avrcp : MSG_UPDATE_MEDIA
09-13 14:32:10.499 791 1217 V Avrcp : updatePlaybackState (1): -1➡1(PlaybackState {state=3, position=0, buffered position=0, speed=1.0, updated=125752, actions=-1, custom actions=[], active item id=-1, error=null})
09-13 14:32:10.499 791 1217 V Avrcp : Media update: id -1➡-1? [MediaAttributes: K⋯7 - by (0 0/0) ]
09-13 14:32:10.499 791 1217 D Avrcp : sendPlayPosNotificationRsp: Not registered or requesting.
09-13 14:32:10.504 791 1217 V Avrcp : onPlaybackStateChanged: state PlaybackState {state=3, position=4014, buffered position=0, speed=1.0, updated=125757, actions=-1, custom actions=[], active item id=-1, error=null}
09-13 14:32:10.521 684 752 W ActivityManager: Unable to start service Intent { act=com.google.android.gms.drive.ApiService.RESET_AFTER_BOOT flg=0x4 cmp=com.google.android.gms/.drive.api.ApiService (has extras) } U=0: not found
09-13 14:32:10.523 360 433 W GrallocMapperPassthrough: buffer descriptor with invalid usage bits 0x2000
09-13 14:32:10.577 5181 6730 V Kodi : Debug Print: ActiveAE::SyncStream - average error of -26.750244, start adjusting
09-13 14:32:10.577 5181 6730 V Kodi : Debug Print: ActiveAE::SyncStream - average error -0.000244 below threshold of 30.000000
09-13 14:32:10.735 425 6889 D NvOsDebugPrintf: NVMEDIA: FrameRate = 25
09-13 14:32:10.735 425 6889 D NvOsDebugPrintf: NVMEDIA: NVDEC LowCorner Freq = (83333 * 1024)
09-13 14:32:11.005 791 1217 V Avrcp : onPlaybackStateChanged: state PlaybackState {state=3, position=4506, buffered position=0, speed=1.0, updated=126257, actions=-1, custom actions=[], active item id=-1, error=null}
09-13 14:32:11.505 791 1217 V Avrcp : MSG_UPDATE_MEDIA
09-13 14:32:11.505 791 1217 V Avrcp : updatePlaybackState (1): -1➡1(PlaybackState {state=3, position=0, buffered position=0, speed=1.0, updated=126758, actions=-1, custom actions=[], active item id=-1, error=null})
09-13 14:32:11.505 791 1217 V Avrcp : Media update: id -1➡-1? [MediaAttributes: K⋯7 - by (0 0/0) ]
09-13 14:32:11.505 791 1217 D Avrcp : sendPlayPosNotificationRsp: Not registered or requesting.
09-13 14:32:11.520 791 1217 V Avrcp : onPlaybackStateChanged: state PlaybackState {state=3, position=5125, buffered position=0, speed=1.0, updated=126773, actions=-1, custom actions=[], active item id=-1, error=null}
09-13 14:32:11.546 5181 6879 V Kodi : Debug Print: CurlFile::Open(0x21f678bc80) http://zh2-1-dash-live.zahs.tv/RTL2/manifest.mpd?z32=OVZWK4S7NFSD2MRUGEYDCNJSGETG22LOOJQXIZJ5GYYDAJTNMF4HEYLUMU6TCNJQGATHG2LHHUZTOMBVGNQTCOBRGA4GMNLDGE3GIOLBMM4DSMJQGEZDSZLCGY4WGJTDONUWIPJRGU2TGRRVHE3TKNSCGJDEMRRZFUZDMOJYIJBUKMRZIRBUCRBSIVBCM2LONF2GSYLMOJQXIZJ5GA
09-13 14:32:11.546 5181 6879 V Kodi : Debug Print: Curl::Debug - TEXT: Found bundle for host zh2-1-dash-live.zahs.tv: 0x21f6546d30 [can pipeline]
09-13 14:32:11.546 5181 6879 V Kodi : Debug Print: Curl::Debug - TEXT: Re-using existing connection! (#0) with host zh2-1-dash-live.zahs.tv
09-13 14:32:11.546 5181 6879 V Kodi : Debug Print: Curl::Debug - TEXT: Connected to zh2-1-dash-live.zahs.tv (46.28.206.191) port 80 (#0)
09-13 14:32:11.547 5181 6879 V Kodi : Debug Print: Curl::Debug - HEADER_OUT: GET /RTL2/manifest.mpd?z32=OVZWK4S7NFSD2MRUGEYDCNJSGETG22LOOJQXIZJ5GYYDAJTNMF4HEYLUMU6TCNJQGATHG2LHHUZTOMBVGNQTCOBRGA4GMNLDGE3GIOLBMM4DSMJQGEZDSZLCGY4WGJTDONUWIPJRGU2TGRRVHE3TKNSCGJDEMRRZFUZDMOJYIJBUKMRZIRBUCRBSIVBCM2LONF2GSYLMOJQXIZJ5GA HTTP/1.1
09-13 14:32:11.547 5181 6879 V Kodi : Debug Print: Curl::Debug - HEADER_OUT: Host: zh2-1-dash-live.zahs.tv
09-13 14:32:11.547 5181 6879 V Kodi : Debug Print: Curl::Debug - HEADER_OUT: User-Agent: Kodi/18.0-BETA2 (Linux; Android 8.0; SHIELD Android TV Build/OPR6.170623.010) Android/8.0.0 Sys_CPU/aarch64 App_Bitness/64 Version/18.0-BETA2-Git:20180828-702c2eb-dirty
09-13 14:32:11.547 5181 6879 V Kodi : Debug Print: Curl::Debug - HEADER_OUT: Accept: */*
09-13 14:32:11.547 5181 6879 V Kodi : Debug Print: Curl::Debug - HEADER_OUT: Accept-Encoding: gzip
09-13 14:32:11.547 5181 6879 V Kodi : Debug Print: Curl::Debug - HEADER_OUT: Accept-Charset: UTF-8,*;q=0.8
09-13 14:32:11.588 5181 6879 V Kodi : Debug Print: Curl::Debug - HEADER_IN: HTTP/1.1 200 OK
09-13 14:32:11.588 5181 6879 V Kodi : Debug Print: Curl::Debug - HEADER_IN: Server: Zattoo/20180828.144145~f74c4b9
09-13 14:32:11.588 5181 6879 V Kodi : Debug Print: Curl::Debug - HEADER_IN: Date: Thu, 13 Sep 2018 12:32:11 GMT
09-13 14:32:11.588 5181 6879 V Kodi : Debug Print: Curl::Debug - HEADER_IN: Content-Type: application/dash+xml
09-13 14:32:11.589 5181 6879 V Kodi : Debug Print: Curl::Debug - HEADER_IN: Content-Length: 1052
09-13 14:32:11.589 5181 6879 V Kodi : Debug Print: Curl::Debug - HEADER_IN: Content-Encoding: gzip
09-13 14:32:11.589 5181 6879 V Kodi : Debug Print: Curl::Debug - HEADER_IN: Access-Control-Allow-Origin: *
09-13 14:32:11.589 5181 6879 V Kodi : Debug Print: Curl::Debug - HEADER_IN: Cache-Control: no-cache, no-store
09-13 14:32:11.664 5181 6879 V Kodi : Debug Print: Curl::Debug - TEXT: Connection #0 to host zh2-1-dash-live.zahs.tv left intact
09-13 14:32:11.664 5181 6879 V Kodi : Debug Print: AddOnLog: InputStream Adaptive: Effective URL http://zh2-1-dash-live.zahs.tv/RTL2/manifest.mpd?z32=OVZWK4S7NFSD2MRUGEYDCNJSGETG22LOOJQXIZJ5GYYDAJTNMF4HEYLUMU6TCNJQGATHG2LHHUZTOMBVGNQTCOBRGA4GMNLDGE3GIOLBMM4DSMJQGEZDSZLCGY4WGJTDONUWIPJRGU2TGRRVHE3TKNSCGJDEMRRZFUZDMOJYIJBUKMRZIRBUCRBSIVBCM2LONF2GSYLMOJQXIZJ5GA
09-13 14:32:11.665 5181 6879 V Kodi : Debug Print: AddOnLog: InputStream Adaptive: Download http://zh2-1-dash-live.zahs.tv/RTL2/manifest.mpd?z32=OVZWK4S7NFSD2MRUGEYDCNJSGETG22LOOJQXIZJ5GYYDAJTNMF4HEYLUMU6TCNJQGATHG2LHHUZTOMBVGNQTCOBRGA4GMNLDGE3GIOLBMM4DSMJQGEZDSZLCGY4WGJTDONUWIPJRGU2TGRRVHE3TKNSCGJDEMRRZFUZDMOJYIJBUKMRZIRBUCRBSIVBCM2LONF2GSYLMOJQXIZJ5GA finished
09-13 14:32:11.665 5181 6879 V Kodi : Debug Print: AddOnLog: InputStream Adaptive: DASH Full update (w/ startnum): repid: 2 current_start:384210477
09-13 14:32:11.665 5181 6879 V Kodi : Debug Print: AddOnLog: InputStream Adaptive: DASH Full update (w/ startnum): repid: 1 current_start:384210477
09-13 14:32:11.665 5181 6879 V Kodi : Debug Print: AddOnLog: InputStream Adaptive: DASH Full update (w/ startnum): repid: 0 current_start:384210477
09-13 14:32:11.666 5181 6879 V Kodi : Debug Print: AddOnLog: InputStream Adaptive: DASH Full update (w/ startnum): repid: 3 current_start:480263096
09-13 14:32:11.668 5181 6897 V Kodi : Debug Print: CurlFile::ParseAndCorrectUrl() adding custom header option 'connection: keep-alive'
09-13 14:32:11.670 5181 6897 V Kodi : Debug Print: CurlFile::Open(0x21fe6f8f00) http://zh2-1-dash-live.zahs.tv/RTL2/audio-time=1536841913600-128000-0.m4s?z32=MNZWSZB5GE2TKM2GGU4TONJWIIZEMRSGHEWTENRZHBBEGRJSHFCEGQKEGJCUEJTOMF2GS5TFHUYTKMBQEZ2XGZLSL5UWIPJSGQYTAMJVGIYSM43JM46TMXZYMMZGGOBWGRRTAMZTGFSTANJSGJTDCODEMNSDMNBWMM3GEZTEME
09-13 14:32:11.670 5181 6897 V Kodi : Debug Print: Curl::Debug - TEXT: Found bundle for host zh2-1-dash-live.zahs.tv: 0x21f6546d30 [can pipeline]
09-13 14:32:11.671 5181 6897 V Kodi : Debug Print: Curl::Debug - TEXT: Re-using existing connection! (#0) with host zh2-1-dash-live.zahs.tv
09-13 14:32:11.671 5181 6897 V Kodi : Debug Print: Curl::Debug - TEXT: Connected to zh2-1-dash-live.zahs.tv (46.28.206.191) port 80 (#0)
09-13 14:32:11.671 5181 6897 V Kodi : Debug Print: Curl::Debug - HEADER_OUT: GET /RTL2/audio-time=1536841913600-128000-0.m4s?z32=MNZWSZB5GE2TKM2GGU4TONJWIIZEMRSGHEWTENRZHBBEGRJSHFCEGQKEGJCUEJTOMF2GS5TFHUYTKMBQEZ2XGZLSL5UWIPJSGQYTAMJVGIYSM43JM46TMXZYMMZGGOBWGRRTAMZTGFSTANJSGJTDCODEMNSDMNBWMM3GEZTEME HTTP/1.1
09-13 14:32:11.671 5181 6897 V Kodi : Debug Print: Curl::Debug - HEADER_OUT: Host: zh2-1-dash-live.zahs.tv
09-13 14:32:11.671 5181 6897 V Kodi : Debug Print: Curl::Debug - HEADER_OUT: User-Agent: Kodi/18.0-BETA2 (Linux; Android 8.0; SHIELD Android TV Build/OPR6.170623.010) Android/8.0.0 Sys_CPU/aarch64 App_Bitness/64 Version/18.0-BETA2-Git:20180828-702c2eb-dirty
09-13 14:32:11.671 5181 6897 V Kodi : Debug Print: Curl::Debug - HEADER_OUT: Accept: */*
09-13 14:32:11.672 5181 6897 V Kodi : Debug Print: Curl::Debug - HEADER_OUT: Accept-Encoding: gzip, deflate
09-13 14:32:11.672 5181 6897 V Kodi : Debug Print: Curl::Debug - HEADER_OUT: Accept-Charset: UTF-8,*;q=0.8
09-13 14:32:11.672 5181 6897 V Kodi : Debug Print: Curl::Debug - HEADER_OUT: connection: keep-alive
09-13 14:32:11.711 5181 6897 V Kodi : Debug Print: Curl::Debug - HEADER_IN: HTTP/1.1 200 OK
09-13 14:32:11.711 5181 6897 V Kodi : Debug Print: Curl::Debug - HEADER_IN: Server: Zattoo/20180828.144145~f74c4b9
09-13 14:32:11.711 5181 6897 V Kodi : Debug Print: Curl::Debug - HEADER_IN: Date: Thu, 13 Sep 2018 12:32:11 GMT
09-13 14:32:11.712 5181 6897 V Kodi : Debug Print: Curl::Debug - HEADER_IN: Content-Type: audio/mp4
09-13 14:32:11.712 5181 6897 V Kodi : Debug Print: Curl::Debug - HEADER_IN: Content-Length: 53277
09-13 14:32:11.712 5181 6897 V Kodi : Debug Print: Curl::Debug - HEADER_IN: Access-Control-Allow-Origin: *
09-13 14:32:11.712 5181 6897 V Kodi : Debug Print: Curl::Debug - HEADER_IN: Cache-Control: no-cache, no-store
09-13 14:32:11.766 5181 6897 V Kodi : Debug Print: Curl::Debug - TEXT: Connection #0 to host zh2-1-dash-live.zahs.tv left intact
09-13 14:32:11.766 5181 6897 V Kodi : Debug Print: AddOnLog: InputStream Adaptive: Download http://zh2-1-dash-live.zahs.tv/RTL2/audio-time=1536841913600-128000-0.m4s?z32=MNZWSZB5GE2TKM2GGU4TONJWIIZEMRSGHEWTENRZHBBEGRJSHFCEGQKEGJCUEJTOMF2GS5TFHUYTKMBQEZ2XGZLSL5UWIPJSGQYTAMJVGIYSM43JM46TMXZYMMZGGOBWGRRTAMZTGFSTANJSGJTDCODEMNSDMNBWMM3GEZTEME finished, average download speed: 573609.8002
09-13 14:32:12.022 791 1217 V Avrcp : onPlaybackStateChanged: state PlaybackState {state=3, position=5574, buffered position=0, speed=1.0, updated=127275, actions=-1, custom actions=[], active item id=-1, error=null}
09-13 14:32:12.101 425 6889 D NvOsDebugPrintf: ---> NVMEDIA: Video-conferencing detected !!!!!!!!!
09-13 14:32:12.226 684 757 D WindowManager: handleComboKeys keyCode: 23, keyAction: 0
09-13 14:32:12.231 5181 6714 V Kodi : CAndroidKey: key down (dev:2; src:769; code: 23; repeat: 0; flags: 0x8; alt: no; shift: no; sym: no)
09-13 14:32:12.253 5181 6716 V Kodi : Debug Print: Keyboard: scancode: 0x17, sym: 0x000d, unicode: 0x0000, modifier: 0x0
09-13 14:32:12.361 684 757 D WindowManager: handleComboKeys keyCode: 23, keyAction: 1
09-13 14:32:12.366 5181 6714 V Kodi : CAndroidKey: key up (dev:2; src:769; code: 23; repeat: 0; flags: 0x8; alt: no; shift: no; sym: no)
09-13 14:32:12.387 5181 6716 V Kodi : Debug Print: Previous line repeats 1 times.
09-13 14:32:12.387 5181 6716 V Kodi : Debug Print: HandleKey: return (0xf00d) pressed, action is OSD
09-13 14:32:12.387 5181 6716 V Kodi : Debug Print: ------ Window Init (VideoOSD.xml) ------
09-13 14:32:12.388 5181 6716 V Kodi : Debug Print: Loading skin file: VideoOSD.xml, load type: KEEP_IN_MEMORY
09-13 14:32:12.409 5181 6716 V Kodi : Debug Print: Skin file /data/user/0/org.xbmc.kodinerds/cache/apk/assets/addons/skin.estuary/xml/VideoOSD.xml loaded in 20.82ms
09-13 14:32:12.414 5181 6716 V Kodi : Debug Print: Alloc resources: 26.08ms (21.11 ms skin load)
09-13 14:32:12.417 5181 6716 V Kodi : Debug Print: ------ Window Init (DialogSeekBar.xml) ------
09-13 14:32:12.418 5181 6716 V Kodi : Debug Print: Window DialogSeekBar.xml was already loaded
09-13 14:32:12.418 5181 6716 V Kodi : Debug Print: Alloc resources: 0.11ms
09-13 14:32:12.436 5181 6716 V Kodi : Debug Print: ------ Window Init (Custom_1109_TopBarOverlay.xml) ------
09-13 14:32:12.436 5181 6716 V Kodi : Debug Print: Window Custom_1109_TopBarOverlay.xml was already loaded
09-13 14:32:12.437 5181 6716 V Kodi : Debug Print: Alloc resources: 0.01ms
09-13 14:32:12.454 5181 6716 V Kodi : Debug Print: GLES: Extension Support Test - GL_EXT_texture_format_BGRA8888 YES
09-13 14:32:12.521 791 1217 V Avrcp : MSG_UPDATE_MEDIA
09-13 14:32:12.521 791 1217 V Avrcp : updatePlaybackState (1): -1➡1(PlaybackState {state=3, position=0, buffered position=0, speed=1.0, updated=127774, actions=-1, custom actions=[], active item id=-1, error=null})
09-13 14:32:12.522 791 1217 V Avrcp : Media update: id -1➡-1? [MediaAttributes: K⋯7 - by (0 0/0) ]
09-13 14:32:12.522 791 1217 D Avrcp : sendPlayPosNotificationRsp: Not registered or requesting.
09-13 14:32:12.544 791 1217 V Avrcp : onPlaybackStateChanged: state PlaybackState {state=3, position=5984, buffered position=0, speed=1.0, updated=127796, actions=-1, custom actions=[], active item id=-1, error=null}
09-13 14:32:13.053 791 1217 V Avrcp : onPlaybackStateChanged: state PlaybackState {state=3, position=6599, buffered position=0, speed=1.0, updated=128303, actions=-1, custom actions=[], active item id=-1, error=null}
09-13 14:32:13.545 791 1217 V Avrcp : MSG_UPDATE_MEDIA
09-13 14:32:13.545 791 1217 V Avrcp : updatePlaybackState (1): -1➡1(PlaybackState {state=3, position=0, buffered position=0, speed=1.0, updated=128798, actions=-1, custom actions=[], active item id=-1, error=null})
09-13 14:32:13.545 791 1217 V Avrcp : Media update: id -1➡-1? [MediaAttributes: K⋯7 - by (0 0/0) ]
09-13 14:32:13.545 791 1217 D Avrcp : sendPlayPosNotificationRsp: Not registered or requesting.
09-13 14:32:13.561 791 1217 V Avrcp : onPlaybackStateChanged: state PlaybackState {state=3, position=7006, buffered position=0, speed=1.0, updated=128814, actions=-1, custom actions=[], active item id=-1, error=null}
09-13 14:32:13.621 684 757 D WindowManager: handleComboKeys keyCode: 22, keyAction: 0
09-13 14:32:13.626 5181 6714 V Kodi : CAndroidKey: key down (dev:2; src:769; code: 22; repeat: 0; flags: 0x8; alt: no; shift: no; sym: no)
09-13 14:32:13.641 5181 6716 V Kodi : Debug Print: Previous line repeats 10 times.
09-13 14:32:13.641 5181 6716 V Kodi : Debug Print: Keyboard: scancode: 0x16, sym: 0x0113, unicode: 0x0000, modifier: 0x0
09-13 14:32:13.641 5181 6716 V Kodi : Debug Print: HandleKey: right (0xf083) pressed, action is Right
09-13 14:32:13.779 684 757 D WindowManager: handleComboKeys keyCode: 22, keyAction: 1
09-13 14:32:13.782 5181 6714 V Kodi : CAndroidKey: key up (dev:2; src:769; code: 22; repeat: 0; flags: 0x8; alt: no; shift: no; sym: no)
09-13 14:32:13.807 5181 6716 V Kodi : Debug Print: Keyboard: scancode: 0x16, sym: 0x0113, unicode: 0x0000, modifier: 0x0
09-13 14:32:13.896 5181 6879 V Kodi : Debug Print: CurlFile::Open(0x21f678d580) http://zh2-1-dash-live.zahs.tv/RTL2/manifest.mpd?z32=OVZWK4S7NFSD2MRUGEYDCNJSGETG22LOOJQXIZJ5GYYDAJTNMF4HEYLUMU6TCNJQGATHG2LHHUZTOMBVGNQTCOBRGA4GMNLDGE3GIOLBMM4DSMJQGEZDSZLCGY4WGJTDONUWIPJRGU2TGRRVHE3TKNSCGJDEMRRZFUZDMOJYIJBUKMRZIRBUCRBSIVBCM2LONF2GSYLMOJQXIZJ5GA
09-13 14:32:13.897 5181 6879 V Kodi : Debug Print: Curl::Debug - TEXT: Found bundle for host zh2-1-dash-live.zahs.tv: 0x21f6546d30 [can pipeline]
09-13 14:32:13.897 5181 6879 V Kodi : Debug Print: Curl::Debug - TEXT: Re-using existing connection! (#0) with host zh2-1-dash-live.zahs.tv
09-13 14:32:13.897 5181 6879 V Kodi : Debug Print: Curl::Debug - TEXT: Connected to zh2-1-dash-live.zahs.tv (46.28.206.191) port 80 (#0)
09-13 14:32:13.897 5181 6879 V Kodi : Debug Print: Curl::Debug - HEADER_OUT: GET /RTL2/manifest.mpd?z32=OVZWK4S7NFSD2MRUGEYDCNJSGETG22LOOJQXIZJ5GYYDAJTNMF4HEYLUMU6TCNJQGATHG2LHHUZTOMBVGNQTCOBRGA4GMNLDGE3GIOLBMM4DSMJQGEZDSZLCGY4WGJTDONUWIPJRGU2TGRRVHE3TKNSCGJDEMRRZFUZDMOJYIJBUKMRZIRBUCRBSIVBCM2LONF2GSYLMOJQXIZJ5GA HTTP/1.1
09-13 14:32:13.898 5181 6879 V Kodi : Debug Print: Curl::Debug - HEADER_OUT: Host: zh2-1-dash-live.zahs.tv
09-13 14:32:13.898 5181 6879 V Kodi : Debug Print: Curl::Debug - HEADER_OUT: User-Agent: Kodi/18.0-BETA2 (Linux; Android 8.0; SHIELD Android TV Build/OPR6.170623.010) Android/8.0.0 Sys_CPU/aarch64 App_Bitness/64 Version/18.0-BETA2-Git:20180828-702c2eb-dirty
09-13 14:32:13.898 5181 6879 V Kodi : Debug Print: Curl::Debug - HEADER_OUT: Accept: */*
09-13 14:32:13.898 5181 6879 V Kodi : Debug Print: Curl::Debug - HEADER_OUT: Accept-Encoding: gzip
09-13 14:32:13.899 5181 6879 V Kodi : Debug Print: Curl::Debug - HEADER_OUT: Accept-Charset: UTF-8,*;q=0.8
09-13 14:32:13.939 5181 6879 V Kodi : Debug Print: Curl::Debug - HEADER_IN: HTTP/1.1 200 OK
09-13 14:32:13.939 5181 6879 V Kodi : Debug Print: Curl::Debug - HEADER_IN: Server: Zattoo/20180828.144145~f74c4b9
09-13 14:32:13.939 5181 6879 V Kodi : Debug Print: Curl::Debug - HEADER_IN: Date: Thu, 13 Sep 2018 12:32:13 GMT
09-13 14:32:13.939 5181 6879 V Kodi : Debug Print: Curl::Debug - HEADER_IN: Content-Type: application/dash+xml
09-13 14:32:13.940 5181 6879 V Kodi : Debug Print: Curl::Debug - HEADER_IN: Content-Length: 1053
09-13 14:32:13.940 5181 6879 V Kodi : Debug Print: Curl::Debug - HEADER_IN: Content-Encoding: gzip
09-13 14:32:13.940 5181 6879 V Kodi : Debug Print: Curl::Debug - HEADER_IN: Access-Control-Allow-Origin: *
09-13 14:32:13.940 5181 6879 V Kodi : Debug Print: Curl::Debug - HEADER_IN: Cache-Control: no-cache, no-store
09-13 14:32:14.014 5181 6879 V Kodi : Debug Print: Curl::Debug - TEXT: Connection #0 to host zh2-1-dash-live.zahs.tv left intact
09-13 14:32:14.014 5181 6879 V Kodi : Debug Print: AddOnLog: InputStream Adaptive: Effective URL http://zh2-1-dash-live.zahs.tv/RTL2/manifest.mpd?z32=OVZWK4S7NFSD2MRUGEYDCNJSGETG22LOOJQXIZJ5GYYDAJTNMF4HEYLUMU6TCNJQGATHG2LHHUZTOMBVGNQTCOBRGA4GMNLDGE3GIOLBMM4DSMJQGEZDSZLCGY4WGJTDONUWIPJRGU2TGRRVHE3TKNSCGJDEMRRZFUZDMOJYIJBUKMRZIRBUCRBSIVBCM2LONF2GSYLMOJQXIZJ5GA
09-13 14:32:14.015 5181 6879 V Kodi : Debug Print: AddOnLog: InputStream Adaptive: Download http://zh2-1-dash-live.zahs.tv/RTL2/manifest.mpd?z32=OVZWK4S7NFSD2MRUGEYDCNJSGETG22LOOJQXIZJ5GYYDAJTNMF4HEYLUMU6TCNJQGATHG2LHHUZTOMBVGNQTCOBRGA4GMNLDGE3GIOLBMM4DSMJQGEZDSZLCGY4WGJTDONUWIPJRGU2TGRRVHE3TKNSCGJDEMRRZFUZDMOJYIJBUKMRZIRBUCRBSIVBCM2LONF2GSYLMOJQXIZJ5GA finished
09-13 14:32:14.015 5181 6879 V Kodi : Debug Print: AddOnLog: InputStream Adaptive: DASH Full update (w/ startnum): repid: 2 current_start:384210478
09-13 14:32:14.015 5181 6879 V Kodi : Debug Print: AddOnLog: InputStream Adaptive: DASH Full update (w/ startnum): repid: 1 current_start:384210478
09-13 14:32:14.016 5181 6879 V Kodi : Debug Print: AddOnLog: InputStream Adaptive: DASH Full update (w/ startnum): repid: 0 current_start:384210478
09-13 14:32:14.016 5181 6879 V Kodi : Debug Print: AddOnLog: InputStream Adaptive: DASH Full update (w/ startnum): repid: 3 current_start:480263098
09-13 14:32:14.019 5181 6883 V Kodi : Debug Print: CurlFile::ParseAndCorrectUrl() adding custom header option 'connection: keep-alive'
09-13 14:32:14.019 5181 6883 V Kodi : Debug Print: CurlFile::Open(0x21f678bf00) http://zh2-1-dash-live.zahs.tv/RTL2/video-time=1536841916000-1300000-0.m4s?z32=MNZWSZB5GE2TKM2GGU4TONJWIIZEMRSGHEWTENRZHBBEGRJSHFCEGQKEGJCUEJTNMF4HEYLUMU6TCNJQGATHK43FOJPWSZB5GI2DCMBRGUZDCJTTNFTT2NS7GNSTQOJTMRRTOMBQGJSGGMRQGJSDEYJRGMZDEMZUGVQWGYZTMI3Q
09-13 14:32:14.020 5181 6883 V Kodi : Debug Print: Curl::Debug - TEXT: Found bundle for host zh2-1-dash-live.zahs.tv: 0x21f6546d30 [can pipeline]
09-13 14:32:14.020 5181 6883 V Kodi : Debug Print: Curl::Debug - TEXT: Re-using existing connection! (#0) with host zh2-1-dash-live.zahs.tv
09-13 14:32:14.020 5181 6883 V Kodi : Debug Print: Curl::Debug - TEXT: Connected to zh2-1-dash-live.zahs.tv (46.28.206.191) port 80 (#0)
09-13 14:32:14.020 5181 6883 V Kodi : Debug Print: Curl::Debug - HEADER_OUT: GET /RTL2/video-time=1536841916000-1300000-0.m4s?z32=MNZWSZB5GE2TKM2GGU4TONJWIIZEMRSGHEWTENRZHBBEGRJSHFCEGQKEGJCUEJTNMF4HEYLUMU6TCNJQGATHK43FOJPWSZB5GI2DCMBRGUZDCJTTNFTT2NS7GNSTQOJTMRRTOMBQGJSGGMRQGJSDEYJRGMZDEMZUGVQWGYZTMI3Q HTTP/1.1
09-13 14:32:14.021 5181 6883 V Kodi : Debug Print: Curl::Debug - HEADER_OUT: Host: zh2-1-dash-live.zahs.tv
09-13 14:32:14.021 5181 6883 V Kodi : Debug Print: Curl::Debug - HEADER_OUT: User-Agent: Kodi/18.0-BETA2 (Linux; Android 8.0; SHIELD Android TV Build/OPR6.170623.010) Android/8.0.0 Sys_CPU/aarch64 App_Bitness/64 Version/18.0-BETA2-Git:20180828-702c2eb-dirty
09-13 14:32:14.021 5181 6883 V Kodi : Debug Print: Curl::Debug - HEADER_OUT: Accept: */*
09-13 14:32:14.021 5181 6883 V Kodi : Debug Print: Curl::Debug - HEADER_OUT: Accept-Encoding: gzip, deflate
09-13 14:32:14.021 5181 6883 V Kodi : Debug Print: Curl::Debug - HEADER_OUT: Accept-Charset: UTF-8,*;q=0.8
09-13 14:32:14.022 5181 6883 V Kodi : Debug Print: Curl::Debug - HEADER_OUT: connection: keep-alive
09-13 14:32:14.061 5181 6883 V Kodi : Debug Print: Curl::Debug - HEADER_IN: HTTP/1.1 200 OK
09-13 14:32:14.061 5181 6883 V Kodi : Debug Print: Curl::Debug - HEADER_IN: Server: Zattoo/20180828.144145~f74c4b9
09-13 14:32:14.062 5181 6883 V Kodi : Debug Print: Curl::Debug - HEADER_IN: Date: Thu, 13 Sep 2018 12:32:14 GMT
09-13 14:32:14.062 5181 6883 V Kodi : Debug Print: Curl::Debug - HEADER_IN: Content-Type: video/mp4
09-13 14:32:14.062 5181 6883 V Kodi : Debug Print: Curl::Debug - HEADER_IN: Content-Length: 647465
09-13 14:32:14.062 5181 6883 V Kodi : Debug Print: Curl::Debug - HEADER_IN: Access-Control-Allow-Origin: *
09-13 14:32:14.062 5181 6883 V Kodi : Debug Print: Curl::Debug - HEADER_IN: Cache-Control: no-cache, no-store
09-13 14:32:14.078 791 1217 V Avrcp : onPlaybackStateChanged: state PlaybackState {state=3, position=7414, buffered position=0, speed=1.0, updated=129330, actions=-1, custom actions=[], active item id=-1, error=null}
09-13 14:32:14.469 5181 6883 V Kodi : Debug Print: Curl::Debug - TEXT: Connection #0 to host zh2-1-dash-live.zahs.tv left intact
09-13 14:32:14.469 5181 6883 V Kodi : Debug Print: AddOnLog: InputStream Adaptive: Download http://zh2-1-dash-live.zahs.tv/RTL2/video-time=1536841916000-1300000-0.m4s?z32=MNZWSZB5GE2TKM2GGU4TONJWIIZEMRSGHEWTENRZHBBEGRJSHFCEGQKEGJCUEJTNMF4HEYLUMU6TCNJQGATHK43FOJPWSZB5GI2DCMBRGUZDCJTTNFTT2NS7GNSTQOJTMRRTOMBQGJSGGMRQGJSDEYJRGMZDEMZUGVQWGYZTMI3Q finished, average download speed: 619213.2251
09-13 14:32:14.544 684 757 D WindowManager: handleComboKeys keyCode: 23, keyAction: 0
09-13 14:32:14.548 5181 6714 V Kodi : CAndroidKey: key down (dev:2; src:769; code: 23; repeat: 0; flags: 0x8; alt: no; shift: no; sym: no)
09-13 14:32:14.559 5181 6716 V Kodi : Debug Print: Keyboard: scancode: 0x17, sym: 0x000d, unicode: 0x0000, modifier: 0x0
09-13 14:32:14.561 791 1217 V Avrcp : MSG_UPDATE_MEDIA
09-13 14:32:14.562 791 1217 V Avrcp : updatePlaybackState (1): -1➡1(PlaybackState {state=3, position=0, buffered position=0, speed=1.0, updated=129814, actions=-1, custom actions=[], active item id=-1, error=null})
09-13 14:32:14.562 791 1217 V Avrcp : Media update: id -1➡-1? [MediaAttributes: K⋯7 - by (0 0/0) ]
09-13 14:32:14.562 791 1217 D Avrcp : sendPlayPosNotificationRsp: Not registered or requesting.
09-13 14:32:14.586 791 1217 V Avrcp : onPlaybackStateChanged: state PlaybackState {state=3, position=167, buffered position=0, speed=1.0, updated=129837, actions=-1, custom actions=[], active item id=-1, error=null}
09-13 14:32:14.746 684 757 D WindowManager: handleComboKeys keyCode: 23, keyAction: 1
09-13 14:32:14.754 5181 6897 V Kodi : Debug Print: CurlFile::ParseAndCorrectUrl() adding custom header option 'connection: keep-alive'
09-13 14:32:14.754 5181 6897 V Kodi : Debug Print: CurlFile::Open(0x21fe6f8f00) http://zh2-1-dash-live.zahs.tv/RTL2/audio-time=1536841916800-128000-0.m4s?z32=MNZWSZB5GE2TKM2GGU4TONJWIIZEMRSGHEWTENRZHBBEGRJSHFCEGQKEGJCUEJTOMF2GS5TFHUYTKMBQEZ2XGZLSL5UWIPJSGQYTAMJVGIYSM43JM46TMXZYMMZGGOBWGRRTAMZTGFSTANJSGJTDCODEMNSDMNBWMM3GEZTEME
09-13 14:32:14.754 5181 6897 V Kodi : Debug Print: Curl::Debug - TEXT: Found bundle for host zh2-1-dash-live.zahs.tv: 0x21f6546d30 [can pipeline]
09-13 14:32:14.755 5181 6897 V Kodi : Debug Print: Curl::Debug - TEXT: Re-using existing connection! (#0) with host zh2-1-dash-live.zahs.tv
09-13 14:32:14.755 5181 6897 V Kodi : Debug Print: Curl::Debug - TEXT: Connected to zh2-1-dash-live.zahs.tv (46.28.206.191) port 80 (#0)
09-13 14:32:14.755 5181 6897 V Kodi : Debug Print: Curl::Debug - HEADER_OUT: GET /RTL2/audio-time=1536841916800-128000-0.m4s?z32=MNZWSZB5GE2TKM2GGU4TONJWIIZEMRSGHEWTENRZHBBEGRJSHFCEGQKEGJCUEJTOMF2GS5TFHUYTKMBQEZ2XGZLSL5UWIPJSGQYTAMJVGIYSM43JM46TMXZYMMZGGOBWGRRTAMZTGFSTANJSGJTDCODEMNSDMNBWMM3GEZTEME HTTP/1.1
09-13 14:32:14.755 5181 6897 V Kodi : Debug Print: Curl::Debug - HEADER_OUT: Host: zh2-1-dash-live.zahs.tv
09-13 14:32:14.755 5181 6897 V Kodi : Debug Print: Curl::Debug - HEADER_OUT: User-Agent: Kodi/18.0-BETA2 (Linux; Android 8.0; SHIELD Android TV Build/OPR6.170623.010) Android/8.0.0 Sys_CPU/aarch64 App_Bitness/64 Version/18.0-BETA2-Git:20180828-702c2eb-dirty
09-13 14:32:14.756 5181 6897 V Kodi : Debug Print: Curl::Debug - HEADER_OUT: Accept: */*
09-13 14:32:14.756 5181 6897 V Kodi : Debug Print: Curl::Debug - HEADER_OUT: Accept-Encoding: gzip, deflate
09-13 14:32:14.756 5181 6897 V Kodi : Debug Print: Curl::Debug - HEADER_OUT: Accept-Charset: UTF-8,*;q=0.8
09-13 14:32:14.756 5181 6714 V Kodi : CAndroidKey: key up (dev:2; src:769; code: 23; repeat: 0; flags: 0x8; alt: no; shift: no; sym: no)
09-13 14:32:14.756 5181 6897 V Kodi : Debug Print: Curl::Debug - HEADER_OUT: connection: keep-alive
09-13 14:32:14.773 5181 6716 V Kodi : Debug Print: Keyboard: scancode: 0x17, sym: 0x000d, unicode: 0x0000, modifier: 0x0
09-13 14:32:14.773 5181 6716 V Kodi : Debug Print: HandleKey: return (0xf00d) pressed, action is Select
09-13 14:32:14.780 5181 6716 V Kodi : Debug Print: CVideoPlayer::CloseFile()
09-13 14:32:14.781 5181 6716 V Kodi : Debug Print: VideoPlayer: waiting for threads to exit
09-13 14:32:14.795 5181 6897 V Kodi : Debug Print: Curl::Debug - HEADER_IN: HTTP/1.1 200 OK
09-13 14:32:14.795 5181 6897 V Kodi : Debug Print: Curl::Debug - HEADER_IN: Server: Zattoo/20180828.144145~f74c4b9
