09-13 14:31:52.029 413 3333 I WVCdm : CdmEngine::QueryStatus
09-13 14:31:52.116 360 360 V hwcomposer: setting property sys.display-size to 1920x1080
09-13 14:31:52.125 929 929 I SearchHelper: HDMI Plugged changed to true
09-13 14:31:52.125 684 755 V WiredAccessoryManager: Headset UEVENT: {SUBSYSTEM=switch, SEQNUM=2217, ACTION=change, SWITCH_NAME=hdmi_audio, DEVPATH=/devices/virtual/switch/hdmi_audio, SWITCH_STATE=1}
09-13 14:31:52.125 684 755 V WiredAccessoryManager: newName=hdmi_audio newState=16 headsetState=16 prev headsetState=0
09-13 14:31:52.126 684 755 I WiredAccessoryManager: MSG_NEW_DEVICE_STATE
09-13 14:31:52.126 1451 1451 D BlakeWifiIntentManager: HDMI_PLUGGED_ACTION
09-13 14:31:52.126 684 684 V WiredAccessoryManager: headsetName: connected
09-13 14:31:52.126 4230 4230 D PersonalGridService: HDMI is connected
09-13 14:31:52.129 4230 4230 I PersonalGridService: Display mode is: {id=3, width=1920, height=1080, fps=60.0}
09-13 14:31:52.129 285 285 W /system/bin/hwservicemanager: getTransportFromManifest: Cannot find entry android.hardware.drm@1.0::IDrmFactory in either framework or device manifest, using default transport.
09-13 14:31:52.131 1307 1346 I ShieldBluetoothScanPolicy: Scan Poll enabled due to HDMI
09-13 14:31:52.132 413 3336 I DrmHal : makeDrmFactories: using default drm instance
09-13 14:31:52.133 1307 1346 I ShieldBluetoothScanPolicy: scan optmizations poll trigger due to HDMI
09-13 14:31:52.135 1307 1346 I ShieldBluetoothHandler: HDMI plug state change true
09-13 14:31:52.166 5181 6716 V Kodi : Debug Print: GLES: Extension Support Test - GL_EXT_texture_format_BGRA8888 YES
09-13 14:31:52.174 5181 6716 V Kodi : Debug Print: GLES: Enabling VSYNC
09-13 14:31:52.175 5181 6716 V Kodi : Debug Print: GLES: Selected vsync mode 10
09-13 14:31:52.175 5181 6716 V Kodi : Debug Print: load keymapping
09-13 14:31:52.181 5181 6716 V Kodi : Debug Print: Loading special://xbmc/system/keymaps/appcommand.xml
09-13 14:31:52.182 5181 6716 V Kodi : Debug Print: Loading special://xbmc/system/keymaps/customcontroller.AppleRemote.xml
09-13 14:31:52.184 5181 6716 V Kodi : Debug Print: Loading special://xbmc/system/keymaps/customcontroller.Harmony.xml
09-13 14:31:52.187 5181 6716 V Kodi : Debug Print: Loading special://xbmc/system/keymaps/gamepad.xml
09-13 14:31:52.189 5181 6716 V Kodi : Debug Print: Loading special://xbmc/system/keymaps/joystick.xml
09-13 14:31:52.199 5181 6716 V Kodi : Debug Print: Loading special://xbmc/system/keymaps/keyboard.xml
09-13 14:31:52.205 5181 6716 V Kodi : Debug Print: Loading special://xbmc/system/keymaps/mouse.xml
09-13 14:31:52.206 5181 6716 V Kodi : Debug Print: Loading special://xbmc/system/keymaps/remote.xml
09-13 14:31:52.211 5181 6716 V Kodi : Debug Print: Loading special://xbmc/system/keymaps/touchscreen.xml
09-13 14:31:52.214 5181 6716 V Kodi : Debug Print: GUI format 1920x1080, Display 1920x1080 @ 60.000000 - Full Screen
09-13 14:31:52.215 5181 6716 V Kodi : Debug Print: CLangInfo: loading resource.language.en_gb language information...
09-13 14:31:52.217 5181 6716 V Kodi : Debug Print: trying to set locale to en_US.UTF-8
09-13 14:31:52.218 5181 6716 V Kodi : Debug Print: global locale set to en_US.UTF-8
09-13 14:31:52.219 5181 6716 V Kodi : Debug Print: CLangInfo: loading resource.language.en_gb language strings...
09-13 14:31:52.239 5181 6716 V Kodi : Debug Print: LocalizeStrings: loaded 3986 strings from file resource://resource.language.en_gb/strings.po
09-13 14:31:52.307 5181 6716 V Kodi : Debug Print: LocalizeStrings: loaded 1 strings from file /data/user/0/org.xbmc.kodinerds/cache/apk/assets/addons/audiodecoder.timidity/resources/language/English/strings.po
09-13 14:31:52.318 5181 6716 V Kodi : Debug Print: LocalizeStrings: loaded 1 strings from file /data/user/0/org.xbmc.kodinerds/cache/apk/assets/addons/audioencoder.flac/resources/language/English/strings.po
09-13 14:31:52.334 5181 6716 V Kodi : Debug Print: LocalizeStrings: loaded 7 strings from file /data/user/0/org.xbmc.kodinerds/cache/apk/assets/addons/audioencoder.lame/resources/language/English/strings.po
09-13 14:31:52.337 5181 6716 V Kodi : Debug Print: LocalizeStrings: loaded 7 strings from file /data/user/0/org.xbmc.kodinerds/cache/apk/assets/addons/audioencoder.vorbis/resources/language/English/strings.po
09-13 14:31:52.339 5181 6716 V Kodi : Debug Print: LocalizeStrings: loaded 18 strings from file /storage/emulated/0/Android/data/org.xbmc.kodinerds/files/.kodi/addons/game.controller.default/resources/language/resource.language.en_gb/strings.po
09-13 14:31:52.345 5181 6716 V Kodi : Debug Print: LocalizeStrings: loaded 1 strings from file /data/user/0/org.xbmc.kodinerds/cache/apk/assets/addons/game.libretro/resources/language/English/strings.po
09-13 14:31:52.431 5181 6716 V Kodi : Debug Print: LocalizeStrings: loaded 4 strings from file /data/user/0/org.xbmc.kodinerds/cache/apk/assets/addons/game.libretro.mrboom/resources/language/English/strings.po
09-13 14:31:52.435 5181 6716 V Kodi : Debug Print: LocalizeStrings: loaded 20 strings from file /data/user/0/org.xbmc.kodinerds/cache/apk/assets/addons/inputstream.adaptive/resources/language/resource.language.en_gb/strings.po
09-13 14:31:52.440 5181 6716 V Kodi : Debug Print: LocalizeStrings: loaded 17 strings from file /storage/emulated/0/Android/data/org.xbmc.kodinerds/files/.kodi/addons/metadata.album.universal/resources/language/English/strings.po
09-13 14:31:52.447 5181 6716 V Kodi : Debug Print: LocalizeStrings: loaded 32 strings from file /storage/emulated/0/Android/data/org.xbmc.kodinerds/files/.kodi/addons/metadata.artists.universal/resources/language/English/strings.po
09-13 14:31:52.475 5181 6716 V Kodi : Debug Print: POParser: PO file has Win Style Line Endings. Converted in memory to Linux LF for file: /storage/emulated/0/Android/data/org.xbmc.kodinerds/files/.kodi/addons/metadata.themoviedb.org/resources/language/English/strings.po
09-13 14:31:52.475 5181 6716 V Kodi : Debug Print: LocalizeStrings: loaded 8 strings from file /storage/emulated/0/Android/data/org.xbmc.kodinerds/files/.kodi/addons/metadata.themoviedb.org/resources/language/English/strings.po
09-13 14:31:52.481 5181 6716 V Kodi : Debug Print: LocalizeStrings: loaded 10 strings from file /storage/emulated/0/Android/data/org.xbmc.kodinerds/files/.kodi/addons/metadata.tvdb.com/resources/language/English/strings.po
09-13 14:31:52.484 5181 6716 V Kodi : Debug Print: LocalizeStrings: loaded 9 strings from file /data/user/0/org.xbmc.kodinerds/cache/apk/assets/addons/peripheral.joystick/resources/language/English/strings.po
09-13 14:31:52.486 5181 6716 V Kodi : Debug Print: LocalizeStrings: loaded 8 strings from file /data/user/0/org.xbmc.kodinerds/cache/apk/assets/addons/pvr.argustv/resources/language/resource.language.en_gb/strings.po
09-13 14:31:52.488 5181 6716 V Kodi : Debug Print: LocalizeStrings: loaded 6 strings from file /data/user/0/org.xbmc.kodinerds/cache/apk/assets/addons/pvr.demo/resources/language/resource.language.en_gb/strings.po
09-13 14:31:52.493 5181 6716 V Kodi : Debug Print: LocalizeStrings: loaded 67 strings from file /data/user/0/org.xbmc.kodinerds/cache/apk/assets/addons/pvr.dvblink/resources/language/resource.language.en_gb/strings.po
09-13 14:31:52.497 5181 6716 V Kodi : Debug Print: LocalizeStrings: loaded 74 strings from file /data/user/0/org.xbmc.kodinerds/cache/apk/assets/addons/pvr.dvbviewer/resources/language/resource.language.en_gb/strings.po
09-13 14:31:52.499 5181 6716 V Kodi : Debug Print: LocalizeStrings: loaded 3 strings from file /data/user/0/org.xbmc.kodinerds/cache/apk/assets/addons/pvr.filmon/resources/language/resource.language.en_gb/strings.po
09-13 14:31:52.502 5181 6716 V Kodi : Debug Print: LocalizeStrings: loaded 5 strings from file /data/user/0/org.xbmc.kodinerds/cache/apk/assets/addons/pvr.hdhomerun/resources/language/resource.language.en_gb/strings.po
09-13 14:31:52.504 5181 6716 V Kodi : Debug Print: LocalizeStrings: loaded 85 strings from file /data/user/0/org.xbmc.kodinerds/cache/apk/assets/addons/pvr.hts/resources/language/resource.language.en_gb/strings.po
09-13 14:31:52.507 5181 6716 V Kodi : Debug Print: LocalizeStrings: loaded 22 strings from file /data/user/0/org.xbmc.kodinerds/cache/apk/assets/addons/pvr.iptvsimple/resources/language/resource.language.en_gb/strings.po
09-13 14:31:52.510 5181 6716 V Kodi : Debug Print: LocalizeStrings: loaded 72 strings from file /data/user/0/org.xbmc.kodinerds/cache/apk/assets/addons/pvr.mediaportal.tvserver/resources/language/resource.language.en_gb/strings.po
09-13 14:31:52.512 5181 6716 V Kodi : Debug Print: LocalizeStrings: loaded 103 strings from file /data/user/0/org.xbmc.kodinerds/cache/apk/assets/addons/pvr.mythtv/resources/language/resource.language.en_gb/strings.po
09-13 14:31:52.519 5181 6716 V Kodi : Debug Print: LocalizeStrings: loaded 28 strings from file /data/user/0/org.xbmc.kodinerds/cache/apk/assets/addons/pvr.nextpvr/resources/language/resource.language.en_gb/strings.po
09-13 14:31:52.521 5181 6716 V Kodi : Debug Print: LocalizeStrings: loaded 2 strings from file /data/user/0/org.xbmc.kodinerds/cache/apk/assets/addons/pvr.njoy/resources/language/resource.language.en_gb/strings.po
09-13 14:31:52.524 5181 6716 V Kodi : Debug Print: LocalizeStrings: loaded 2 strings from file /data/user/0/org.xbmc.kodinerds/cache/apk/assets/addons/pvr.octonet/resources/language/resource.language.en_gb/strings.po
09-13 14:31:52.526 5181 6716 V Kodi : Debug Print: LocalizeStrings: loaded 8 strings from file /data/user/0/org.xbmc.kodinerds/cache/apk/assets/addons/pvr.pctv/resources/language/resource.language.en_gb/strings.po
09-13 14:31:52.528 5181 6716 V Kodi : Debug Print: LocalizeStrings: loaded 43 strings from file /data/user/0/org.xbmc.kodinerds/cache/apk/assets/addons/pvr.stalker/resources/language/resource.language.en_gb/strings.po
09-13 14:31:52.530 5181 6716 V Kodi : Debug Print: LocalizeStrings: loaded 4 strings from file /data/user/0/org.xbmc.kodinerds/cache/apk/assets/addons/pvr.teleboy/resources/language/resource.language.en_gb/strings.po
09-13 14:31:52.533 5181 6716 V Kodi : Debug Print: LocalizeStrings: loaded 25 strings from file /data/user/0/org.xbmc.kodinerds/cache/apk/assets/addons/pvr.vbox/resources/language/resource.language.en_gb/strings.po
09-13 14:31:52.536 5181 6716 V Kodi : Debug Print: LocalizeStrings: loaded 71 strings from file /data/user/0/org.xbmc.kodinerds/cache/apk/assets/addons/pvr.vdr.vnsi/resources/language/resource.language.en_gb/strings.po
09-13 14:31:52.538 5181 6716 V Kodi : Debug Print: LocalizeStrings: loaded 29 strings from file /data/user/0/org.xbmc.kodinerds/cache/apk/assets/addons/pvr.vuplus/resources/language/resource.language.en_gb/strings.po
09-13 14:31:52.541 5181 6716 V Kodi : Debug Print: LocalizeStrings: loaded 70 strings from file /data/user/0/org.xbmc.kodinerds/cache/apk/assets/addons/pvr.wmc/resources/language/resource.language.en_gb/strings.po
09-13 14:31:52.543 5181 6716 V Kodi : Debug Print: LocalizeStrings: loaded 7 strings from file /data/user/0/org.xbmc.kodinerds/cache/apk/assets/addons/pvr.zattoo/resources/language/resource.language.en_gb/strings.po
09-13 14:31:52.551 5181 6716 V Kodi : Debug Print: LocalizeStrings: loaded 1 strings from file /data/user/0/org.xbmc.kodinerds/cache/apk/assets/addons/screensaver.xbmc.builtin.dim/resources/language/resource.language.en_gb/strings.po
09-13 14:31:52.557 5181 6716 V Kodi : Debug Print: LocalizeStrings: loaded 21 strings from file /data/user/0/org.xbmc.kodinerds/cache/apk/assets/addons/service.xbmc.versioncheck/resources/language/English/strings.po
09-13 14:31:52.566 5181 6716 V Kodi : Debug Print: LocalizeStrings: loaded 15 strings from file /data/user/0/org.xbmc.kodinerds/cache/apk/assets/addons/visualization.spectrum/resources/language/English/strings.po
09-13 14:31:52.589 5181 6716 V Kodi : Debug Print: LocalizeStrings: loaded 41 strings from file /storage/emulated/0/Android/data/org.xbmc.kodinerds/files/.kodi/addons/script.module.inputstreamhelper/resources/language/resource.language.en_gb/strings.po
09-13 14:31:52.591 5181 6716 V Kodi : Debug Print: LocalizeStrings: loaded 81 strings from file /storage/emulated/0/Android/data/org.xbmc.kodinerds/files/.kodi/addons/plugin.video.netflix/resources/language/resource.language.en_gb/strings.po
09-13 14:31:52.601 5181 6716 V Kodi : Debug Print: LocalizeStrings: loaded 16 strings from file /data/user/0/org.xbmc.kodinerds/cache/apk/assets/addons/pvr.sledovanitv.cz/resources/language/resource.language.en_gb/strings.po
09-13 14:31:52.605 5181 6760 V Kodi : Debug Print: Thread JobWorker start, auto delete: true
09-13 14:31:52.605 5181 6760 V Kodi : Debug Print: Initialize, updating databases...
09-13 14:31:52.608 5181 6760 V Kodi : Debug Print: Running database version Addons27
09-13 14:31:52.611 5181 6760 V Kodi : Debug Print: Running database version ViewModes6
09-13 14:31:52.615 5181 6760 V Kodi : Debug Print: Running database version Textures13
09-13 14:31:52.625 5181 6760 V Kodi : Debug Print: Running database version MyMusic72
09-13 14:31:52.634 5181 6760 V Kodi : Debug Print: Running database version MyVideos112
09-13 14:31:52.638 5181 6760 V Kodi : Debug Print: Running database version TV32
09-13 14:31:52.641 5181 6760 V Kodi : Debug Print: Running database version Epg12
09-13 14:31:52.642 5181 6760 V Kodi : Debug Print: Initialize, updating databases... DONE
09-13 14:31:52.643 413 3336 I WVCdm : CdmEngine::QueryStatus
09-13 14:31:52.647 5181 6716 V Kodi : Debug Print: DPMS: not supported on this platform
09-13 14:31:52.698 5181 6720 V Kodi : Debug Print: CAnnouncementManager - Announcement: OnClear from xbmc
09-13 14:31:52.698 5181 6720 V Kodi : Debug Print: GOT ANNOUNCEMENT, type: 2, from xbmc, message OnClear
09-13 14:31:52.731 5181 6716 V Kodi : Debug Print: Unloading old skin ...
09-13 14:31:52.735 5181 6716 V Kodi : Debug Print: load skin from: /data/user/0/org.xbmc.kodinerds/cache/apk/assets/addons/skin.estuary (version: 2.0.12)
09-13 14:31:52.736 5181 6716 V Kodi : Debug Print: load fonts for skin...
09-13 14:31:52.739 5181 6716 V Kodi : Debug Print: Loading skin includes from /data/user/0/org.xbmc.kodinerds/cache/apk/assets/addons/skin.estuary/xml/Includes.xml
09-13 14:31:52.774 408 974 I NvAudioPolicyManager: setDeviceConnectionStateInt() device: 0x400, state 0, address name
09-13 14:31:52.804 5181 6716 V Kodi : Debug Print: Loading fonts from /data/user/0/org.xbmc.kodinerds/cache/apk/assets/addons/skin.estuary/xml/Font.xml
09-13 14:31:52.854 5181 6716 V Kodi : Debug Print: LocalizeStrings: loaded 139 strings from file /data/user/0/org.xbmc.kodinerds/cache/apk/assets/addons/skin.estuary/language/resource.language.en_gb/strings.po
09-13 14:31:52.854 5181 6716 V Kodi : Debug Print: load new skin...
09-13 14:31:52.855 5181 6716 V Kodi : Debug Print: Loading custom window XMLs from skin path /data/user/0/org.xbmc.kodinerds/cache/apk/assets/addons/skin.estuary/xml
09-13 14:31:52.871 5181 6716 V Kodi : Debug Print: Load Skin XML: 16.54ms
09-13 14:31:52.871 5181 6716 V Kodi : Debug Print: initialize new skin...
09-13 14:31:52.871 5181 6716 V Kodi : Debug Print: guilib: Fill viewport on change for solving rendering passes
09-13 14:31:52.871 5181 6716 V Kodi : Debug Print: Alloc resources: 0.01ms (0.01 ms skin load)
09-13 14:31:52.872 5181 6716 V Kodi : Debug Print: Loading skin file: DialogBusy.xml, load type: LOAD_ON_GUI_INIT
09-13 14:31:52.874 5181 6716 V Kodi : Debug Print: Skin file /data/user/0/org.xbmc.kodinerds/cache/apk/assets/addons/skin.estuary/xml/DialogBusy.xml loaded in 2.40ms
09-13 14:31:52.879 5181 6716 V Kodi : Debug Print: OpenBundle - Opened bundle /data/user/0/org.xbmc.kodinerds/cache/apk/assets/addons/skin.estuary/media/Textures.xbt
09-13 14:31:52.880 5181 6716 V Kodi : Debug Print: Alloc resources: 8.40ms (2.66 ms skin load)
09-13 14:31:52.880 5181 6716 V Kodi : Debug Print: Loading skin file: DialogBusy.xml, load type: LOAD_ON_GUI_INIT
09-13 14:31:52.881 408 505 E nvaudio_route: unable to find path 'speaker'
09-13 14:31:52.881 408 505 E nvaudio_route: Failed to apply path speaker.
09-13 14:31:52.883 5181 6716 V Kodi : Debug Print: Skin file /data/user/0/org.xbmc.kodinerds/cache/apk/assets/addons/skin.estuary/xml/DialogBusy.xml loaded in 2.44ms
09-13 14:31:52.883 5181 6716 V Kodi : Debug Print: Alloc resources: 3.00ms (2.95 ms skin load)
09-13 14:31:52.884 408 1095 I NvAudioPolicyManager: setDeviceConnectionStateInt() device: 0x400, state 1, address name
09-13 14:31:52.884 5181 5181 V Kodi : Debug Print: CXBMCApp::onReceive - Got intent. Action: android.media.action.HDMI_AUDIO_PLUG
09-13 14:31:52.885 408 1095 I hash_map_utils: key: 'nv_param_passthrough_support' value: ''
09-13 14:31:52.885 408 1095 I AudioFlinger: openOutput() this 0x48ebd000, module 10 Device 400, SamplingRate 0, Format 00000000, Channels 0, flags 1
09-13 14:31:52.885 408 1095 I AudioFlinger: HAL output buffer size 256 frames, normal sink buffer size 256 frames
09-13 14:31:52.885 5181 6716 V Kodi : Debug Print: Loading skin file: DialogNotification.xml, load type: LOAD_ON_GUI_INIT
09-13 14:31:52.885 5181 5181 V Kodi : Debug Print: -- HDMI state: off
09-13 14:31:52.885 408 6762 I AudioFlinger: AudioFlinger's thread 0x4c568000 tid=6762 ready to run
09-13 14:31:52.885 5181 6730 V Kodi : Debug Print: CActiveAE - device change event
09-13 14:31:52.886 408 1095 W APM_AudioPolicyManager: checkOutputsForDevice() missing param
09-13 14:31:52.887 408 1095 W APM_AudioPolicyManager: checkOutputsForDevice() could not open output for device 400
09-13 14:31:52.887 408 1095 I hash_map_utils: key: 'nv_param_passthrough_support' value: ''
09-13 14:31:52.887 408 1095 I AudioFlinger: openOutput() this 0x48ebd000, module 10 Device 400, SamplingRate 0, Format 00000000, Channels 0, flags 1
09-13 14:31:52.887 408 1095 I AudioFlinger: HAL output buffer size 256 frames, normal sink buffer size 256 frames
09-13 14:31:52.887 408 6763 I AudioFlinger: AudioFlinger's thread 0x4c568000 tid=6763 ready to run
09-13 14:31:52.888 408 1095 D APM_AudioPolicyManager: filterSurroundFormats: forced use = 0
09-13 14:31:52.889 5181 6731 V Kodi : Debug Print: Draining Audio
09-13 14:31:52.889 5181 6731 D AudioTrack: stop() called with 45376 frames delivered
09-13 14:31:52.889 408 1095 I AudioFlinger: openOutput() this 0x48ebd000, module 10 Device 400, SamplingRate 32000, Format 0x9000000, Channels 1, flags 1
09-13 14:31:52.889 408 1095 I AudioHwDevice: openOutputStream(), HAL returned sampleRate 32000, Format 0x9000000, channelMask 0x1, status 22
09-13 14:31:52.889 408 1095 I AudioSPDIF: SPDIFEncoder: mBurstBufferSizeBytes = 24576, littleEndian = 1
09-13 14:31:52.889 5181 6731 V Kodi : Debug Print: CAESinkAUDIOTRACK::Deinitialize
09-13 14:31:52.889 408 1095 I AudioFlinger: SpdifStreamOut::open() AudioFlinger requested sampleRate 32000, format 0x9000000, channelMask 0x1
09-13 14:31:52.889 408 1095 I AudioFlinger: SpdifStreamOut::open() HAL configured for sampleRate 32000, format 0x1, channelMask 0x3
09-13 14:31:52.890 408 1095 I AudioFlinger: SpdifStreamOut::open() status = 0
09-13 14:31:52.890 408 1095 I AudioFlinger: HAL output buffer size 4096 frames, normal sink buffer size 4096 frames
09-13 14:31:52.890 408 6764 I AudioFlinger: AudioFlinger's thread 0x4c568000 tid=6764 ready to run
09-13 14:31:52.891 408 1095 I hash_map_utils: key: 'nv_param_passthrough_support' value: ''
09-13 14:31:52.891 408 1095 I hash_map_utils: key: 'nv_param_passthrough_support' value: ''
09-13 14:31:52.891 408 1095 I AudioFlinger: openOutput() this 0x48ebd000, module 10 Device 400, SamplingRate 88200, Format 0x000005, Channels 3, flags 1
09-13 14:31:52.892 408 1095 W nvaudio_hw: sink doesn't support hra
09-13 14:31:52.892 408 1095 I AudioHwDevice: openOutputStream(), HAL returned sampleRate 88200, Format 0x5, channelMask 0x3, status -22
09-13 14:31:52.892 408 1095 W APM_AudioPolicyManager: checkOutputsForDevice() could not open output for device 400
09-13 14:31:52.898 5181 6716 V Kodi : Debug Print: Previous line repeats 1 times.
09-13 14:31:52.898 5181 6716 V Kodi : Debug Print: Skin file /data/user/0/org.xbmc.kodinerds/cache/apk/assets/addons/skin.estuary/xml/DialogNotification.xml loaded in 13.52ms
09-13 14:31:52.899 5181 6716 V Kodi : Debug Print: Alloc resources: 14.02ms (14.01 ms skin load)
09-13 14:31:52.899 5181 6716 V Kodi : Debug Print: Loading skin file: DialogVolumeBar.xml, load type: LOAD_ON_GUI_INIT
09-13 14:31:52.904 408 512 W nvaudio_hw: UNDERRUN DETECTED for music-playback ret -1 avail 0
09-13 14:31:52.907 5181 6716 V Kodi : Debug Print: Skin file /data/user/0/org.xbmc.kodinerds/cache/apk/assets/addons/skin.estuary/xml/DialogVolumeBar.xml loaded in 8.22ms
09-13 14:31:52.907 5181 6716 V Kodi : Debug Print: Alloc resources: 8.56ms (8.52 ms skin load)
09-13 14:31:52.908 5181 6716 V Kodi : Debug Print: Loading skin file: DialogExtendedProgressBar.xml, load type: LOAD_ON_GUI_INIT
09-13 14:31:52.909 3140 3140 D cr_AvSettingsAndroid: [AvSettingsAndroid.java:147] HDMI plug update: action=android.media.action.HDMI_AUDIO_PLUG, plug=0
09-13 14:31:52.909 3140 3140 D cr_AvSettingsAndroid: [AvSettingsAndroid.java:155] Max channel count = 2
09-13 14:31:52.916 5181 6716 V Kodi : Debug Print: Skin file /data/user/0/org.xbmc.kodinerds/cache/apk/assets/addons/skin.estuary/xml/DialogExtendedProgressBar.xml loaded in 8.27ms
09-13 14:31:52.916 5181 6716 V Kodi : Debug Print: Alloc resources: 8.53ms (8.49 ms skin load)
09-13 14:31:52.916 5181 6716 V Kodi : Debug Print: Loading skin file: Pointer.xml, load type: LOAD_ON_GUI_INIT
09-13 14:31:52.918 5181 6716 V Kodi : Debug Print: Skin file /data/user/0/org.xbmc.kodinerds/cache/apk/assets/addons/skin.estuary/xml/Pointer.xml loaded in 1.39ms
09-13 14:31:52.919 5181 6716 V Kodi : Debug Print: Alloc resources: 2.30ms (1.62 ms skin load)
09-13 14:31:52.919 5181 6716 V Kodi : Debug Print: Loading skin file: DialogSeekBar.xml, load type: LOAD_ON_GUI_INIT
09-13 14:31:52.939 5181 6716 V Kodi : Debug Print: Skin file /data/user/0/org.xbmc.kodinerds/cache/apk/assets/addons/skin.estuary/xml/DialogSeekBar.xml loaded in 20.43ms
09-13 14:31:52.940 5181 6716 V Kodi : Debug Print: Alloc resources: 21.63ms (20.69 ms skin load)
09-13 14:31:52.941 5181 6716 V Kodi : Debug Print: Loading skin file: Custom_1109_TopBarOverlay.xml, load type: LOAD_ON_GUI_INIT
09-13 14:31:52.945 5181 6716 V Kodi : Debug Print: Skin file /data/user/0/org.xbmc.kodinerds/cache/apk/assets/addons/skin.estuary/xml/Custom_1109_TopBarOverlay.xml loaded in 4.59ms
09-13 14:31:52.946 5181 6716 V Kodi : Debug Print: Alloc resources: 4.84ms (4.83 ms skin load)
09-13 14:31:52.948 5181 6716 V Kodi : Debug Print: Loading resource://resource.uisounds.kodi/sounds.xml
09-13 14:31:52.964 413 3615 I WVCdm : CdmEngine::QueryStatus
09-13 14:31:52.979 408 513 E nvaudio_route: unable to find path 'speaker'
09-13 14:31:52.979 408 513 E nvaudio_route: Failed to reset path speaker.
09-13 14:31:52.980 408 512 W nvaudio_hw: UNDERRUN DETECTED for hdmi-playback ret 0 avail 3905
09-13 14:31:52.981 3140 3140 D cr_AvSettingsAndroid: [AvSettingsAndroid.java:138] Supported audio codecs:17
09-13 14:31:52.981 5181 6716 V Kodi : Debug Print: skin loaded...
09-13 14:31:52.982 3140 3389 I chromium: [3140:3389:INFO:media_manager_impl.cc(1017)] New audio codecs supported: new_codecs=1, old_codecs=17
09-13 14:31:52.982 5181 6716 V Kodi : Debug Print: Activating window ID: 12997
09-13 14:31:52.982 5181 6716 V Kodi : Debug Print: ------ Window Init () ------
09-13 14:31:52.982 5181 6716 V Kodi : Debug Print: Alloc resources: 0.01ms (0.00 ms skin load)
09-13 14:31:52.983 408 473 I NvAudioPolicyManager: getOutputForAttr() device 0x400, samplingRate 48000, format 5, channelMask 3, flags 0 strategy 0x0
09-13 14:31:52.984 4230 4230 I pgService/AudioEndPointBroadcastReceiver: HDMI Audio receiver channels = 8
09-13 14:31:52.984 4230 4230 I pgService/AudioEndPointBroadcastReceiver:
09-13 14:31:52.984 4230 4230 I pgService/AudioEndPointBroadcastReceiver: 2
09-13 14:31:52.984 4230 4230 I pgService/AudioEndPointBroadcastReceiver: 5
09-13 14:31:52.984 4230 4230 I pgService/AudioEndPointBroadcastReceiver: 13
09-13 14:31:52.984 4230 4230 I pgService/AudioEndPointBroadcastReceiver:
09-13 14:31:52.984 5181 6716 V Kodi : Debug Print: Activating window ID: 12999
09-13 14:31:52.984 5181 5181 V Kodi : Debug Print: CXBMCApp::onReceive - Got intent. Action: android.media.action.HDMI_AUDIO_PLUG
09-13 14:31:52.984 3140 3140 D cr_AvSettingsAndroid: [AvSettingsAndroid.java:147] HDMI plug update: action=android.media.action.HDMI_AUDIO_PLUG, plug=1
09-13 14:31:52.984 3140 3140 D cr_AvSettingsAndroid: [AvSettingsAndroid.java:155] Max channel count = 8
09-13 14:31:52.984 5181 6716 V Kodi : Debug Print: ------ Window Init (Startup.xml) ------
09-13 14:31:52.985 5181 5181 V Kodi : Debug Print: -- HDMI state: on
09-13 14:31:52.985 5181 6716 V Kodi : Debug Print: Loading skin file: Startup.xml, load type: LOAD_EVERY_TIME
09-13 14:31:52.986 5181 6716 V Kodi : Debug Print: Skin file /data/user/0/org.xbmc.kodinerds/cache/apk/assets/addons/skin.estuary/xml/Startup.xml loaded in 1.51ms
09-13 14:31:52.987 5181 6716 V Kodi : Debug Print: Alloc resources: 1.87ms (1.87 ms skin load)
09-13 14:31:52.987 5181 6716 V Kodi : Debug Print: Activating window ID: 10000
09-13 14:31:52.987 5181 6730 D AudioTrack: Client defaulted notificationFrames to 770 for frameCount 1540
09-13 14:31:52.988 5181 6716 V Kodi : Debug Print: ------ Window Deinit (Startup.xml) ------
09-13 14:31:52.988 3140 3389 W cr_AvSettingsAndroid: getDolbyVisionFlags() not supported, returning 0
09-13 14:31:52.988 3140 3140 D cr_AvSettingsAndroid: [AvSettingsAndroid.java:138] Supported audio codecs:17
09-13 14:31:52.988 5181 6716 V Kodi : Debug Print: ------ Window Init (Home.xml) ------
09-13 14:31:52.988 5181 6716 V Kodi : Debug Print: Loading skin file: Home.xml, load type: KEEP_IN_MEMORY
09-13 14:31:52.999 5181 6730 V Kodi : Debug Print: Float is supported
09-13 14:31:53.000 3140 3389 D cr_EstimateResolution: [MaxAnticipatedResolutionEstimator.java:41] Assuming 4K display capabilities because we can decode VP9 4K video.
09-13 14:31:53.000 3140 3389 I chromium: [3140:3389:INFO:media_manager_impl.cc(1017)] New audio codecs supported: new_codecs=17, old_codecs=1
09-13 14:31:53.002 5181 6730 V Kodi : Debug Print: AESinkAUDIOTRACK - 32000 supported
09-13 14:31:53.003 5181 6730 V Kodi : Debug Print: AESinkAUDIOTRACK - 44100 supported
09-13 14:31:53.004 3140 3389 W cr_AvSettingsAndroid: getDolbyVisionFlags() not supported, returning 0
09-13 14:31:53.005 5181 6730 V Kodi : Debug Print: AESinkAUDIOTRACK - 48000 supported
09-13 14:31:53.006 5181 6730 V Kodi : Debug Print: AESinkAUDIOTRACK - 88200 supported
09-13 14:31:53.009 3140 3389 D cr_EstimateResolution: [MaxAnticipatedResolutionEstimator.java:41] Assuming 4K display capabilities because we can decode VP9 4K video.
09-13 14:31:53.012 5181 6730 V Kodi : Debug Print: AESinkAUDIOTRACK - 96000 supported
09-13 14:31:53.012 5181 6730 V Kodi : Debug Print: AESinkAUDIOTRACK - 176400 supported
09-13 14:31:53.013 5181 6730 V Kodi : Debug Print: AESinkAUDIOTRACK - 192000 supported
09-13 14:31:53.014 408 1094 I NvAudioPolicyManager: getOutputForAttr() device 0x400, samplingRate 48000, format 9000000, channelMask 3, flags 1 strategy 0x0
09-13 14:31:53.014 408 1094 I AudioFlinger: openOutput() this 0x48ebd000, module 10 Device 400, SamplingRate 48000, Format 0x9000000, Channels 3, flags 1
09-13 14:31:53.014 408 1094 I AudioHwDevice: openOutputStream(), HAL returned sampleRate 48000, Format 0x9000000, channelMask 0x3, status 22
09-13 14:31:53.014 408 1094 I AudioSPDIF: SPDIFEncoder: mBurstBufferSizeBytes = 24576, littleEndian = 1
09-13 14:31:53.014 408 1094 I AudioFlinger: SpdifStreamOut::open() AudioFlinger requested sampleRate 48000, format 0x9000000, channelMask 0x3
09-13 14:31:53.014 408 1094 I AudioFlinger: SpdifStreamOut::open() HAL configured for sampleRate 48000, format 0x1, channelMask 0x3
09-13 14:31:53.015 408 1094 I AudioFlinger: SpdifStreamOut::open() status = 0
09-13 14:31:53.015 408 1094 I AudioFlinger: HAL output buffer size 4096 frames, normal sink buffer size 4096 frames
09-13 14:31:53.016 408 6768 I AudioFlinger: AudioFlinger's thread 0x4c5e2000 tid=6768 ready to run
09-13 14:31:53.020 5181 6730 V Kodi : Debug Print: Firmware implements AC3 RAW
09-13 14:31:53.022 408 472 I NvAudioPolicyManager: getOutputForAttr() device 0x400, samplingRate 48000, format a000000, channelMask 3, flags 1 strategy 0x0
09-13 14:31:53.022 408 472 W APM_AudioPolicyManager: getOutput() could not find output for stream 3, samplingRate 48000,format 167772160, channels 3, flags 1
09-13 14:31:53.022 5181 6730 E AudioTrack: Could not get audio output for session 137, stream type -1, usage 1, sample rate 48000, format 0xa000000, channel mask 0x3, flags 0x1
09-13 14:31:53.023 5181 6730 E AudioTrack-JNI: Error -22 initializing AudioTrack
09-13 14:31:53.023 5181 6730 E android.media.AudioTrack: Error code -20 when initializing AudioTrack.
09-13 14:31:53.024 5181 6730 W System.err: java.lang.IllegalStateException: stop() called on uninitialized AudioTrack.
09-13 14:31:53.024 5181 6730 W System.err: at android.media.AudioTrack.stop(AudioTrack.java:2012)
09-13 14:31:53.026 408 1095 I NvAudioPolicyManager: getOutputForAttr() device 0x400, samplingRate 48000, format b000000, channelMask 3, flags 1 strategy 0x0
09-13 14:31:53.026 408 1095 W APM_AudioPolicyManager: getOutput() could not find output for stream 3, samplingRate 48000,format 184549376, channels 3, flags 1
09-13 14:31:53.026 5181 6730 E AudioTrack: Could not get audio output for session 145, stream type -1, usage 1, sample rate 48000, format 0xb000000, channel mask 0x3, flags 0x1
09-13 14:31:53.026 5181 6730 E AudioTrack-JNI: Error -22 initializing AudioTrack
09-13 14:31:53.026 5181 6730 E android.media.AudioTrack: Error code -20 when initializing AudioTrack.
09-13 14:31:53.027 5181 6730 W System.err: java.lang.IllegalStateException: stop() called on uninitialized AudioTrack.
09-13 14:31:53.027 5181 6730 W System.err: at android.media.AudioTrack.stop(AudioTrack.java:2012)
09-13 14:31:53.029 408 473 I NvAudioPolicyManager: getOutputForAttr() device 0x400, samplingRate 48000, format c000000, channelMask 63f, flags 1 strategy 0x0
09-13 14:31:53.029 408 473 W APM_AudioPolicyManager: try with DTS for DTS-HD format = 0xc000000
09-13 14:31:53.029 408 473 W APM_AudioPolicyManager: getOutput() could not find output for stream 3, samplingRate 48000,format 201326592, channels 63f, flags 1
09-13 14:31:53.029 5181 6730 E AudioTrack: Could not get audio output for session 153, stream type -1, usage 1, sample rate 48000, format 0xc000000, channel mask 0x63f, flags 0x1
09-13 14:31:53.029 5181 6730 E AudioTrack-JNI: Error -22 initializing AudioTrack
09-13 14:31:53.029 5181 6730 E android.media.AudioTrack: Error code -20 when initializing AudioTrack.
09-13 14:31:53.029 5181 6730 W System.err: java.lang.IllegalStateException: stop() called on uninitialized AudioTrack.
09-13 14:31:53.029 5181 6730 W System.err: at android.media.AudioTrack.stop(AudioTrack.java:2012)
09-13 14:31:53.030 408 408 I NvAudioPolicyManager: getOutputForAttr() device 0x400, samplingRate 48000, format e000000, channelMask 63f, flags 1 strategy 0x0
09-13 14:31:53.031 408 408 W APM_AudioPolicyManager: getOutput() could not find output for stream 3, samplingRate 48000,format 234881024, channels 63f, flags 1
09-13 14:31:53.031 5181 6730 E AudioTrack: Could not get audio output for session 161, stream type -1, usage 1, sample rate 48000, format 0xe000000, channel mask 0x63f, flags 0x1
09-13 14:31:53.031 5181 6730 E AudioTrack-JNI: Error -22 initializing AudioTrack
09-13 14:31:53.031 5181 6730 E android.media.AudioTrack: Error code -20 when initializing AudioTrack.
09-13 14:31:53.031 5181 6730 W System.err: java.lang.IllegalStateException: stop() called on uninitialized AudioTrack.
09-13 14:31:53.031 5181 6730 W System.err: at android.media.AudioTrack.stop(AudioTrack.java:2012)
09-13 14:31:53.033 408 1094 I NvAudioPolicyManager: getOutputForAttr() device 0x400, samplingRate 48000, format d000000, channelMask 3, flags 1 strategy 0x0
09-13 14:31:53.033 408 1094 I AudioFlinger: openOutput() this 0x48ebd000, module 10 Device 400, SamplingRate 48000, Format 0xd000000, Channels 3, flags 1
09-13 14:31:53.033 408 1094 I AudioFlinger: HAL output buffer size 1024 frames, normal sink buffer size 1024 frames
09-13 14:31:53.035 408 6774 I AudioFlinger: AudioFlinger's thread 0x4c5e4000 tid=6774 ready to run
09-13 14:31:53.039 5181 6730 V Kodi : Debug Print: AESinkAUDIOTrack: Using IEC PT mode: 13
09-13 14:31:53.042 408 473 I NvAudioPolicyManager: getOutputForAttr() device 0x400, samplingRate 192000, format d000000, channelMask 63f, flags 1 strategy 0x0
09-13 14:31:53.042 408 473 W APM_AudioPolicyManager: getOutput() could not find output for stream 3, samplingRate 192000,format 218103808, channels 63f, flags 1
09-13 14:31:53.042 5181 6730 E AudioTrack: Could not get audio output for session 177, stream type -1, usage 1, sample rate 192000, format 0xd000000, channel mask 0x63f, flags 0x1
09-13 14:31:53.042 5181 6730 E AudioTrack-JNI: Error -22 initializing AudioTrack
09-13 14:31:53.042 5181 6730 E android.media.AudioTrack: Error code -20 when initializing AudioTrack.
09-13 14:31:53.042 5181 6730 W System.err: java.lang.IllegalStateException: stop() called on uninitialized AudioTrack.
09-13 14:31:53.043 5181 6730 W System.err: at android.media.AudioTrack.stop(AudioTrack.java:2012)
09-13 14:31:53.043 5181 6730 V Kodi : Debug Print: Found 1 Lists of Devices
09-13 14:31:53.043 5181 6730 V Kodi : Debug Print: Enumerated AUDIOTRACK devices:
09-13 14:31:53.043 5181 6730 V Kodi : Debug Print: Device 1
09-13 14:31:53.043 5181 6730 V Kodi : Debug Print: m_deviceName : AudioTrack
09-13 14:31:53.043 5181 6730 V Kodi : Debug Print: m_displayName : android
09-13 14:31:53.044 5181 6730 V Kodi : Debug Print: m_displayNameExtra: audiotrack
09-13 14:31:53.044 5181 6730 V Kodi : Debug Print: m_deviceType : AE_DEVTYPE_HDMI
09-13 14:31:53.044 5181 6730 V Kodi : Debug Print: m_channels : FL, FR, FC, LFE, SL, SR, BL, BR, BC, BLOC, BROC
09-13 14:31:53.044 5181 6730 V Kodi : Debug Print: m_sampleRates : 32000,44100,48000,88200,96000,176400,192000
09-13 14:31:53.045 5181 6730 V Kodi : Debug Print: m_dataFormats : AE_FMT_S16LE,AE_FMT_FLOAT,AE_FMT_RAW,AE_FMT_RAW
09-13 14:31:53.045 5181 6730 V Kodi : Debug Print: m_streamTypes : STREAM_TYPE_AC3,STREAM_TYPE_DTSHD_CORE,STREAM_TYPE_DTS_1024,STREAM_TYPE_DTS_2048,STREAM_TYPE_DTS_512,STREAM_TYPE_EAC3
09-13 14:31:53.045 5181 6731 V Kodi : Debug Print: CActiveAESink::OpenSink - initialize sink
09-13 14:31:53.045 5181 6731 V Kodi : Debug Print: CActiveAESink::OpenSink - trying to open device AUDIOTRACK:AudioTrack
09-13 14:31:53.045 5181 6731 V Kodi : Debug Print: CAESinkAUDIOTRACK::Initialize requested: sampleRate 44100; format: AE_FMT_FLOAT; channels: 2
09-13 14:31:53.046 5181 6731 V Kodi : Debug Print: Updated SampleRate: 32000 Distance: 108900
09-13 14:31:53.046 5181 6731 V Kodi : Debug Print: Updated SampleRate: 44100 Distance: 0
09-13 14:31:53.046 5181 6731 V Kodi : Debug Print: Trying to open: samplerate: 44100, channelMask: 12, encoding: 4
09-13 14:31:53.047 5181 6731 V Kodi : Debug Print: Minimum size we need for stream: 11344
09-13 14:31:53.047 5181 6731 V Kodi : Debug Print: Created Audiotrackbuffer with playing time of 64.308390 ms min buffer size: 22688 bytes
09-13 14:31:53.050 408 974 I NvAudioPolicyManager: getOutputForAttr() device 0x400, samplingRate 44100, format 5, channelMask 3, flags 0 strategy 0x0
09-13 14:31:53.052 5181 6731 D AudioTrack: Client defaulted notificationFrames to 945 for frameCount 2836
09-13 14:31:53.055 5181 6731 V Kodi : Debug Print: CAESinkAUDIOTRACK::Initializing with: m_sampleRate: 44100 format: AE_FMT_FLOAT (AE) method: PCM stream-type: PCM-STREAM min_buffer_size: 22688 m_frames: 1418 m_frameSize: 8 channels: 2
09-13 14:31:53.056 5181 6731 V Kodi : Debug Print: CActiveAESink::OpenSink - AUDIOTRACK Initialized:
09-13 14:31:53.056 5181 6731 V Kodi : Debug Print: Output Device : android
09-13 14:31:53.056 5181 6731 V Kodi : Debug Print: Sample Rate : 44100
09-13 14:31:53.056 5181 6731 V Kodi : Debug Print: Sample Format : AE_FMT_FLOAT
09-13 14:31:53.057 5181 6731 V Kodi : Debug Print: Channel Count : 2
09-13 14:31:53.057 5181 6731 V Kodi : Debug Print: Channel Layout: FL, FR
09-13 14:31:53.058 5181 6731 V Kodi : Debug Print: Frames : 1418
09-13 14:31:53.058 5181 6731 V Kodi : Debug Print: Frame Size : 8
09-13 14:31:53.059 5181 6730 V Kodi : Debug Print: CActiveAE::ClearDiscardedBuffers - buffer pool deleted
09-13 14:31:53.059 5181 6730 V Kodi : Debug Print: CActiveAE - device change event
09-13 14:31:53.068 5181 6731 V Kodi : Debug Print: Draining Audio
09-13 14:31:53.068 5181 6731 D AudioTrack: stop() called with 1418 frames delivered
09-13 14:31:53.069 5181 6731 V Kodi : Debug Print: CAESinkAUDIOTRACK::Deinitialize
09-13 14:31:53.071 408 1095 I NvAudioPolicyManager: getOutputForAttr() device 0x400, samplingRate 48000, format 5, channelMask 3, flags 0 strategy 0x0
09-13 14:31:53.072 5181 6730 D AudioTrack: Client defaulted notificationFrames to 770 for frameCount 1540
09-13 14:31:53.075 5181 6730 V Kodi : Debug Print: Previous line repeats 1 times.
09-13 14:31:53.075 5181 6730 V Kodi : Debug Print: Float is supported
09-13 14:31:53.076 5181 6730 V Kodi : Debug Print: AESinkAUDIOTRACK - 32000 supported
09-13 14:31:53.076 5181 6730 V Kodi : Debug Print: AESinkAUDIOTRACK - 44100 supported
09-13 14:31:53.077 5181 6730 V Kodi : Debug Print: AESinkAUDIOTRACK - 48000 supported
09-13 14:31:53.080 5181 6730 V Kodi : Debug Print: AESinkAUDIOTRACK - 88200 supported
09-13 14:31:53.080 5181 6730 V Kodi : Debug Print: AESinkAUDIOTRACK - 96000 supported
09-13 14:31:53.081 5181 6730 V Kodi : Debug Print: AESinkAUDIOTRACK - 176400 supported
09-13 14:31:53.082 5181 6730 V Kodi : Debug Print: AESinkAUDIOTRACK - 192000 supported
09-13 14:31:53.083 408 1095 I NvAudioPolicyManager: getOutputForAttr() device 0x400, samplingRate 48000, format 9000000, channelMask 3, flags 1 strategy 0x0
09-13 14:31:53.083 408 1095 I AudioFlinger: openOutput() this 0x48ebd000, module 10 Device 400, SamplingRate 48000, Format 0x9000000, Channels 3, flags 1
09-13 14:31:53.083 408 1095 I AudioHwDevice: openOutputStream(), HAL returned sampleRate 48000, Format 0x9000000, channelMask 0x3, status 22
09-13 14:31:53.083 408 1095 I AudioSPDIF: SPDIFEncoder: mBurstBufferSizeBytes = 24576, littleEndian = 1
09-13 14:31:53.083 408 1095 I AudioFlinger: SpdifStreamOut::open() AudioFlinger requested sampleRate 48000, format 0x9000000, channelMask 0x3
09-13 14:31:53.083 408 1095 I AudioFlinger: SpdifStreamOut::open() HAL configured for sampleRate 48000, format 0x1, channelMask 0x3
09-13 14:31:53.083 408 1095 I AudioFlinger: SpdifStreamOut::open() status = 0
09-13 14:31:53.083 408 1095 I AudioFlinger: HAL output buffer size 4096 frames, normal sink buffer size 4096 frames
09-13 14:31:53.083 408 6779 I AudioFlinger: AudioFlinger's thread 0x4c568000 tid=6779 ready to run
09-13 14:31:53.088 5181 6730 V Kodi : Debug Print: Firmware implements AC3 RAW
09-13 14:31:53.090 408 1096 I NvAudioPolicyManager: getOutputForAttr() device 0x400, samplingRate 48000, format a000000, channelMask 3, flags 1 strategy 0x0
09-13 14:31:53.090 408 1096 W APM_AudioPolicyManager: getOutput() could not find output for stream 3, samplingRate 48000,format 167772160, channels 3, flags 1
09-13 14:31:53.090 5181 6730 E AudioTrack: Could not get audio output for session 209, stream type -1, usage 1, sample rate 48000, format 0xa000000, channel mask 0x3, flags 0x1
09-13 14:31:53.090 5181 6730 E AudioTrack-JNI: Error -22 initializing AudioTrack
09-13 14:31:53.091 5181 6730 E android.media.AudioTrack: Error code -20 when initializing AudioTrack.
09-13 14:31:53.091 5181 6730 W System.err: java.lang.IllegalStateException: stop() called on uninitialized AudioTrack.
09-13 14:31:53.091 5181 6730 W System.err: at android.media.AudioTrack.stop(AudioTrack.java:2012)
09-13 14:31:53.092 408 1095 I NvAudioPolicyManager: getOutputForAttr() device 0x400, samplingRate 48000, format b000000, channelMask 3, flags 1 strategy 0x0
09-13 14:31:53.093 408 1095 W APM_AudioPolicyManager: getOutput() could not find output for stream 3, samplingRate 48000,format 184549376, channels 3, flags 1
09-13 14:31:53.093 5181 6730 E AudioTrack: Could not get audio output for session 217, stream type -1, usage 1, sample rate 48000, format 0xb000000, channel mask 0x3, flags 0x1
09-13 14:31:53.093 5181 6730 E AudioTrack-JNI: Error -22 initializing AudioTrack
09-13 14:31:53.093 5181 6730 E android.media.AudioTrack: Error code -20 when initializing AudioTrack.
09-13 14:31:53.093 5181 6730 W System.err: java.lang.IllegalStateException: stop() called on uninitialized AudioTrack.
09-13 14:31:53.094 5181 6730 W System.err: at android.media.AudioTrack.stop(AudioTrack.java:2012)
09-13 14:31:53.095 408 472 I NvAudioPolicyManager: getOutputForAttr() device 0x400, samplingRate 48000, format c000000, channelMask 63f, flags 1 strategy 0x0
09-13 14:31:53.095 408 472 W APM_AudioPolicyManager: try with DTS for DTS-HD format = 0xc000000
09-13 14:31:53.095 408 472 W APM_AudioPolicyManager: getOutput() could not find output for stream 3, samplingRate 48000,format 201326592, channels 63f, flags 1
09-13 14:31:53.095 5181 6730 E AudioTrack: Could not get audio output for session 225, stream type -1, usage 1, sample rate 48000, format 0xc000000, channel mask 0x63f, flags 0x1
09-13 14:31:53.095 5181 6730 E AudioTrack-JNI: Error -22 initializing AudioTrack
09-13 14:31:53.095 5181 6730 E android.media.AudioTrack: Error code -20 when initializing AudioTrack.
09-13 14:31:53.096 5181 6730 W System.err: java.lang.IllegalStateException: stop() called on uninitialized AudioTrack.
09-13 14:31:53.096 5181 6730 W System.err: at android.media.AudioTrack.stop(AudioTrack.java:2012)
09-13 14:31:53.097 408 6765 I NvAudioPolicyManager: getOutputForAttr() device 0x400, samplingRate 48000, format e000000, channelMask 63f, flags 1 strategy 0x0
09-13 14:31:53.097 408 6765 W APM_AudioPolicyManager: getOutput() could not find output for stream 3, samplingRate 48000,format 234881024, channels 63f, flags 1
09-13 14:31:53.097 5181 6730 E AudioTrack: Could not get audio output for session 233, stream type -1, usage 1, sample rate 48000, format 0xe000000, channel mask 0x63f, flags 0x1
09-13 14:31:53.098 5181 6730 E AudioTrack-JNI: Error -22 initializing AudioTrack
09-13 14:31:53.098 5181 6730 E android.media.AudioTrack: Error code -20 when initializing AudioTrack.
09-13 14:31:53.098 5181 6730 W System.err: java.lang.IllegalStateException: stop() called on uninitialized AudioTrack.
09-13 14:31:53.098 5181 6730 W System.err: at android.media.AudioTrack.stop(AudioTrack.java:2012)
09-13 14:31:53.099 408 408 I NvAudioPolicyManager: getOutputForAttr() device 0x400, samplingRate 48000, format d000000, channelMask 3, flags 1 strategy 0x0
09-13 14:31:53.100 408 408 I AudioFlinger: openOutput() this 0x48ebd000, module 10 Device 400, SamplingRate 48000, Format 0xd000000, Channels 3, flags 1
09-13 14:31:53.100 408 408 I AudioFlinger: HAL output buffer size 1024 frames, normal sink buffer size 1024 frames
09-13 14:31:53.100 408 6785 I AudioFlinger: AudioFlinger's thread 0x48ed5000 tid=6785 ready to run
09-13 14:31:53.104 5181 6730 V Kodi : Debug Print: AESinkAUDIOTrack: Using IEC PT mode: 13
09-13 14:31:53.107 408 6765 I NvAudioPolicyManager: getOutputForAttr() device 0x400, samplingRate 192000, format d000000, channelMask 63f, flags 1 strategy 0x0
09-13 14:31:53.107 408 6765 W APM_AudioPolicyManager: getOutput() could not find output for stream 3, samplingRate 192000,format 218103808, channels 63f, flags 1
09-13 14:31:53.107 5181 6730 E AudioTrack: Could not get audio output for session 249, stream type -1, usage 1, sample rate 192000, format 0xd000000, channel mask 0x63f, flags 0x1
09-13 14:31:53.107 5181 6730 E AudioTrack-JNI: Error -22 initializing AudioTrack
09-13 14:31:53.107 5181 6730 E android.media.AudioTrack: Error code -20 when initializing AudioTrack.
09-13 14:31:53.107 5181 6730 W System.err: java.lang.IllegalStateException: stop() called on uninitialized AudioTrack.
09-13 14:31:53.107 5181 6730 W System.err: at android.media.AudioTrack.stop(AudioTrack.java:2012)
09-13 14:31:53.108 5181 6730 V Kodi : Debug Print: Found 1 Lists of Devices
09-13 14:31:53.108 5181 6730 V Kodi : Debug Print: Enumerated AUDIOTRACK devices:
09-13 14:31:53.108 5181 6730 V Kodi : Debug Print: Device 1
09-13 14:31:53.108 5181 6730 V Kodi : Debug Print: m_deviceName : AudioTrack
09-13 14:31:53.108 5181 6730 V Kodi : Debug Print: m_displayName : android
09-13 14:31:53.108 5181 6730 V Kodi : Debug Print: m_displayNameExtra: audiotrack
09-13 14:31:53.109 5181 6730 V Kodi : Debug Print: m_deviceType : AE_DEVTYPE_HDMI
09-13 14:31:53.109 5181 6730 V Kodi : Debug Print: m_channels : FL, FR, FC, LFE, SL, SR, BL, BR, BC, BLOC, BROC
09-13 14:31:53.109 5181 6730 V Kodi : Debug Print: m_sampleRates : 32000,44100,48000,88200,96000,176400,192000
09-13 14:31:53.109 5181 6730 V Kodi : Debug Print: m_dataFormats : AE_FMT_S16LE,AE_FMT_FLOAT,AE_FMT_RAW,AE_FMT_RAW
09-13 14:31:53.109 5181 6730 V Kodi : Debug Print: m_streamTypes : STREAM_TYPE_AC3,STREAM_TYPE_DTSHD_CORE,STREAM_TYPE_DTS_1024,STREAM_TYPE_DTS_2048,STREAM_TYPE_DTS_512,STREAM_TYPE_EAC3
09-13 14:31:53.110 5181 6731 V Kodi : Debug Print: CActiveAESink::OpenSink - initialize sink
09-13 14:31:53.110 5181 6731 V Kodi : Debug Print: CActiveAESink::OpenSink - trying to open device AUDIOTRACK:AudioTrack
09-13 14:31:53.110 5181 6731 V Kodi : Debug Print: CAESinkAUDIOTRACK::Initialize requested: sampleRate 44100; format: AE_FMT_FLOAT; channels: 2
09-13 14:31:53.111 5181 6731 V Kodi : Debug Print: Updated SampleRate: 32000 Distance: 108900
09-13 14:31:53.111 5181 6731 V Kodi : Debug Print: Updated SampleRate: 44100 Distance: 0
09-13 14:31:53.111 5181 6731 V Kodi : Debug Print: Trying to open: samplerate: 44100, channelMask: 12, encoding: 4
09-13 14:31:53.112 5181 6731 V Kodi : Debug Print: Minimum size we need for stream: 11344
09-13 14:31:53.112 5181 6731 V Kodi : Debug Print: Created Audiotrackbuffer with playing time of 64.308390 ms min buffer size: 22688 bytes
09-13 14:31:53.113 408 974 I NvAudioPolicyManager: getOutputForAttr() device 0x400, samplingRate 44100, format 5, channelMask 3, flags 0 strategy 0x0
09-13 14:31:53.114 5181 6731 D AudioTrack: Client defaulted notificationFrames to 945 for frameCount 2836
09-13 14:31:53.116 5181 6731 V Kodi : Debug Print: CAESinkAUDIOTRACK::Initializing with: m_sampleRate: 44100 format: AE_FMT_FLOAT (AE) method: PCM stream-type: PCM-STREAM min_buffer_size: 22688 m_frames: 1418 m_frameSize: 8 channels: 2
09-13 14:31:53.117 5181 6731 V Kodi : Debug Print: CActiveAESink::OpenSink - AUDIOTRACK Initialized:
09-13 14:31:53.117 5181 6731 V Kodi : Debug Print: Output Device : android
09-13 14:31:53.117 5181 6731 V Kodi : Debug Print: Sample Rate : 44100
09-13 14:31:53.117 5181 6731 V Kodi : Debug Print: Sample Format : AE_FMT_FLOAT
09-13 14:31:53.117 5181 6731 V Kodi : Debug Print: Channel Count : 2
09-13 14:31:53.117 5181 6731 V Kodi : Debug Print: Channel Layout: FL, FR
09-13 14:31:53.118 5181 6731 V Kodi : Debug Print: Frames : 1418
09-13 14:31:53.118 5181 6731 V Kodi : Debug Print: Frame Size : 8
09-13 14:31:53.118 5181 6730 V Kodi : Debug Print: CActiveAE::ClearDiscardedBuffers - buffer pool deleted
09-13 14:31:53.180 5181 6716 V Kodi : Debug Print: Skin file /data/user/0/org.xbmc.kodinerds/cache/apk/assets/addons/skin.estuary/xml/Home.xml loaded in 192.01ms
09-13 14:31:53.181 5181 6716 V Kodi : Debug Print: CDirectoryProvider[addons://]: refreshing..
09-13 14:31:53.181 5181 6716 V Kodi : Debug Print: CDirectoryProvider[addons://sources/video/]: refreshing..
09-13 14:31:53.182 5181 6788 V Kodi : Debug Print: Thread JobWorker start, auto delete: true
09-13 14:31:53.182 5181 6716 V Kodi : Debug Print: CDirectoryProvider[addons://sources/audio/]: refreshing..
09-13 14:31:53.182 5181 6716 V Kodi : Debug Print: CDirectoryProvider[addons://sources/game/]: refreshing..
09-13 14:31:53.187 5181 6789 V Kodi : Debug Print: Thread JobWorker start, auto delete: true
09-13 14:31:53.187 5181 6716 V Kodi : Debug Print: CDirectoryProvider[addons://sources/executable/]: refreshing..
09-13 14:31:53.187 5181 6716 V Kodi : Debug Print: CDirectoryProvider[androidapp://sources/apps/]: refreshing..
09-13 14:31:53.188 5181 6716 V Kodi : Debug Print: CDirectoryProvider[addons://sources/image/]: refreshing..
09-13 14:31:53.188 5181 6716 V Kodi : Debug Print: CDirectoryProvider[library://video/]: refreshing..
09-13 14:31:53.188 5181 6716 V Kodi : Debug Print: CDirectoryProvider[sources://video/]: refreshing..
09-13 14:31:53.188 5181 6716 V Kodi : Debug Print: CDirectoryProvider[special://videoplaylists/]: refreshing..
09-13 14:31:53.188 5181 6716 V Kodi : Debug Print: CDirectoryProvider[pvr://channels/tv/*?view=lastplayed]: refreshing..
09-13 14:31:53.189 5181 6716 V Kodi : Debug Print: CDirectoryProvider[pvr://recordings/tv/active?view=flat]: refreshing..
09-13 14:31:53.189 5181 6716 V Kodi : Debug Print: CDirectoryProvider[pvr://channels/radio/*?view=lastplayed]: refreshing..
09-13 14:31:53.189 5181 6716 V Kodi : Debug Print: CDirectoryProvider[pvr://recordings/radio/active?view=flat]: refreshing..
09-13 14:31:53.189 5181 6716 V Kodi : Debug Print: CDirectoryProvider[favourites://]: refreshing..
09-13 14:31:53.189 5181 6716 V Kodi : Debug Print: CDirectoryProvider[sources://pictures/]: refreshing..
09-13 14:31:53.189 5181 6716 V Kodi : Debug Print: CDirectoryProvider[addons://sources/game/]: refreshing..
09-13 14:31:53.193 5181 6716 V Kodi : Debug Print: Alloc resources: 205.00ms (192.32 ms skin load)
09-13 14:31:53.223 5181 6716 V Kodi : Debug Print: JSONRPC: JSON schema type definition references an unknown type Setting.Details.Setting
