09-13 14:30:57.983 4230 4578 D JobDownloadManager: Starting Pending Job
09-13 14:30:57.987 4230 4230 D JobDownloadManager: job DOWNLOAD_JOB_ID_SHIELD_APPS_PERIODIC abort
09-13 14:30:57.990 2913 3012 I Finsky : [101] com.google.android.finsky.ds.a.l.a(13): Finished reading experiment flags from file [v6B-2IolLQRBwrwPhscSaeg04As].
09-13 14:30:57.990 4230 4230 D JobDownloadManager: job LAYOUT_JOB_ID_IMMEDIATE run
09-13 14:30:57.990 4230 4230 D JobDownloadManager: start job LAYOUT_JOB_ID_IMMEDIATE
09-13 14:30:57.990 2913 3012 I Finsky : [101] com.google.android.finsky.ds.a.a.a.b(60): Already at the latest configurations for experiment package com.google.android.finsky.regular.
09-13 14:30:57.992 2913 4466 I Finsky : [122] com.google.android.finsky.splitinstallservice.SplitInstallCleanerHygieneJob.a(161): Finished completion of 0 out of 0 sessions. Successful: 0. Failed: 0.
09-13 14:30:57.995 4176 4581 D TelemetryService: event FunctionalEvent not sent because of consent:NONE , event gdpr level:FUNCTIONAL , event client id:91452636138522988
09-13 14:30:57.997 2913 2913 I Finsky : [2] com.google.android.finsky.scheduler.x.a(132): Job 16-16161616 finished
09-13 14:30:57.998 2913 2913 I Finsky : [2] com.google.android.finsky.scheduler.x.a(99): RunningQueue size: 1, PendingQueue size: 0
09-13 14:30:57.998 2913 2913 I Finsky : [2] com.google.android.finsky.scheduler.x.a(108): Running queue: 10-11
09-13 14:30:58.000 4244 4386 D Plex Media Server: [4461] HTTP 200 response from GET https://news.provider.plex.tv?X-Plex-Token=xxxxxxxxxxxxxxxxxxxx
09-13 14:30:58.008 4544 4544 D NetworkSecurityConfig: No Network Security Config specified, using platform default
09-13 14:30:58.010 4230 4585 D Retrofit: --> GET https://gfnpc.api.entitlement-prod.nvidiagrid.net/v2/layouts?deviceId=darcy&languageCode=de_DE&countryCode=DE&clientName=gfn_shield_tv http/1.1
09-13 14:30:58.012 4230 4580 D Retrofit: --> GET https://services.tegrazone.com/api/v3/apps/us/en_US/shield_hub/4.3.1?device=darcy http/1.1
09-13 14:30:58.027 4155 4228 D TileAndroidGame: Unable to parse developer
09-13 14:30:58.027 4155 4228 D TileAndroidGame: org.json.JSONException: End of input at character 0 of
09-13 14:30:58.027 4155 4228 D TileAndroidGame: at org.json.JSONTokener.syntaxError(JSONTokener.java:449)
09-13 14:30:58.027 4155 4228 D TileAndroidGame: at org.json.JSONTokener.nextValue(JSONTokener.java:97)
09-13 14:30:58.027 4155 4228 D TileAndroidGame: at org.json.JSONObject.(JSONObject.java:159)
09-13 14:30:58.027 4155 4228 D TileAndroidGame: at org.json.JSONObject.(JSONObject.java:176)
09-13 14:30:58.027 4155 4228 D TileAndroidGame: at com.nvidia.tegrazone.e.b.i.a(GameStream:155)
09-13 14:30:58.027 4155 4228 D TileAndroidGame: at com.nvidia.tegrazone.e.a.a(GameStream:384)
09-13 14:30:58.027 4155 4228 D TileAndroidGame: at com.nvidia.tegrazone.e.a.a(GameStream:80)
09-13 14:30:58.027 4155 4228 D TileAndroidGame: at com.nvidia.tegrazone.channels.ChannelsJobService.a(GameStream:199)
09-13 14:30:58.027 4155 4228 D TileAndroidGame: at com.nvidia.tegrazone.channels.ChannelsJobService.a(GameStream:83)
09-13 14:30:58.027 4155 4228 D TileAndroidGame: at com.nvidia.tegrazone.channels.ChannelsJobService$a.a(GameStream:181)
09-13 14:30:58.027 4155 4228 D TileAndroidGame: at com.nvidia.tegrazone.channels.ChannelsJobService$a.call(GameStream:162)
09-13 14:30:58.027 4155 4228 D TileAndroidGame: at java.util.concurrent.FutureTask.run(FutureTask.java:266)
09-13 14:30:58.027 4155 4228 D TileAndroidGame: at java.util.concurrent.ThreadPoolExecutor.runWorker(ThreadPoolExecutor.java:1162)
09-13 14:30:58.027 4155 4228 D TileAndroidGame: at java.util.concurrent.ThreadPoolExecutor$Worker.run(ThreadPoolExecutor.java:636)
09-13 14:30:58.027 4155 4228 D TileAndroidGame: at java.lang.Thread.run(Thread.java:764)
09-13 14:30:58.033 4244 4386 D Plex Media Server: [4443] HTTP 200 response from GET https://news.provider.plex.tv?X-Plex-Token=xxxxxxxxxxxxxxxxxxxx
09-13 14:30:58.033 4244 4386 D Plex Media Server: [4443] HTTP requesting GET https://podcasts.provider.plex.tv?X-Plex-Token=xxxxxxxxxxxxxxxxxxxx
09-13 14:30:58.033 4244 4386 D Plex Media Server: [4424] HTTP requesting GET https://podcasts.provider.plex.tv?X-Plex-Token=xxxxxxxxxxxxxxxxxxxx
09-13 14:30:58.034 2913 4466 E Finsky : [122] com.google.android.finsky.splitinstallservice.s.a(3): Can't schedule deferred install. No modules found.
09-13 14:30:58.047 684 1627 D VoldConnector: SND -> {20 volume mkdirs /Android/data/com.archos.mediacenter.videofree/files/}
09-13 14:30:58.047 289 293 E Vold : Failed to find mounted volume for /Android/data/com.archos.mediacenter.videofree/files/
09-13 14:30:58.047 684 759 D VoldConnector: RCV <- {400 20 Command failed}
09-13 14:30:58.048 4544 4583 W ContextImpl: Failed to ensure Android/data/com.archos.mediacenter.videofree/files: 400
09-13 14:30:58.049 684 1654 D VoldConnector: SND -> {21 volume mkdirs /Android/data/com.archos.mediacenter.videofree/files/}
09-13 14:30:58.050 289 293 E Vold : Failed to find mounted volume for /Android/data/com.archos.mediacenter.videofree/files/
09-13 14:30:58.050 684 759 D VoldConnector: RCV <- {400 21 Command failed}
09-13 14:30:58.053 684 1610 D VoldConnector: SND -> {22 volume mkdirs /Android/data/com.archos.mediacenter.videofree/files/}
09-13 14:30:58.053 289 293 E Vold : Failed to find mounted volume for /Android/data/com.archos.mediacenter.videofree/files/
09-13 14:30:58.053 684 759 D VoldConnector: RCV <- {400 22 Command failed}
09-13 14:30:58.054 4544 4583 I chatty : uid=10029(u0_a29) identical 2 lines
09-13 14:30:58.056 684 1611 D VoldConnector: SND -> {23 volume mkdirs /Android/data/com.archos.mediacenter.videofree/files/}
09-13 14:30:58.056 289 293 E Vold : Failed to find mounted volume for /Android/data/com.archos.mediacenter.videofree/files/
09-13 14:30:58.056 684 759 D VoldConnector: RCV <- {400 23 Command failed}
09-13 14:30:58.057 4544 4583 W ContextImpl: Failed to ensure Android/data/com.archos.mediacenter.videofree/files: 400
09-13 14:30:58.059 2913 4466 I Finsky : [122] com.google.android.finsky.scheduler.ax.b(8): jobFinished: 10-11. TimeElapsed: 954ms
09-13 14:30:58.073 2913 3009 I Finsky : [98] com.google.android.finsky.verifier.impl.ay.a(5): Restoring notifications
09-13 14:30:58.074 4411 4497 I TTS : Done initializing de-de-x-nfh-lstm-embedded
09-13 14:30:58.110 4244 4385 D CrashlyticsCore: Closed all previously open sessions
09-13 14:30:58.112 4244 4599 D CrashlyticsCore: Starting report processing in 1.0 second(s)...
09-13 14:30:58.112 4244 4290 D Fabric : Initializing io.fabric.sdk.android:fabric [Version: 1.4.2.22], with the following kits:
09-13 14:30:58.112 4244 4290 D Fabric : com.crashlytics.sdk.android:answers [Version: 1.4.1.19]
09-13 14:30:58.112 4244 4290 D Fabric : com.crashlytics.sdk.android.crashlytics-ndk [Version: 2.0.2.22]
09-13 14:30:58.112 4244 4290 D Fabric : com.crashlytics.sdk.android:crashlytics [Version: 2.9.1.23]
09-13 14:30:58.112 4244 4290 D Fabric : com.crashlytics.sdk.android:beta [Version: 1.2.7.19]
09-13 14:30:58.112 4244 4290 D Fabric : com.crashlytics.sdk.android.crashlytics-core [Version: 2.6.1.23]
09-13 14:30:58.112 4244 4290 D Fabric :
09-13 14:30:58.114 2913 2913 I Finsky : [2] com.google.android.finsky.scheduler.x.a(132): Job 10-11 finished
09-13 14:30:58.114 2913 2913 I Finsky : [2] com.google.android.finsky.scheduler.x.a(99): RunningQueue size: 0, PendingQueue size: 0
09-13 14:30:58.115 2913 2913 I Finsky : [2] com.google.android.finsky.scheduler.ac.handleMessage(41): Executor finished
09-13 14:30:58.116 4544 4544 D SambaConfiguration: Updating credentials cache
09-13 14:30:58.127 4244 4385 D CrashlyticsCore: Initialization marker file removed: true
09-13 14:30:58.145 2913 2913 I Finsky : [2] com.google.android.finsky.scheduler.ba.a(64): Jobs in database: 1-1337 12-1
09-13 14:30:58.146 4230 4585 D Retrofit: <-- 200 https://gfnpc.api.entitlement-prod.nvidiagrid.net/v2/layouts?deviceId=darcy&languageCode=de_DE&countryCode=DE&clientName=gfn_shield_tv (135ms, 197-byte body)
09-13 14:30:58.147 2913 2913 I Finsky : [2] com.google.android.finsky.scheduler.g.a(68): ConstraintMapping: 1-1337, 12-1, -> L: 7844ms, D: 86392844ms, C: false, I: false, N: 1
09-13 14:30:58.147 2913 2913 I Finsky : [2] com.google.android.finsky.scheduler.JobSchedulerEngine.a(52): Throttling wakeup for job 9001 (expected to run in 7844 ms) due to recent wakeup
09-13 14:30:58.147 2913 2913 I Finsky : [2] com.google.android.finsky.scheduler.JobSchedulerEngine.a(93): Scheduling job Id: 9001, L: 30000, D: 86392844, C: false, I: false, N: 1
09-13 14:30:58.155 4176 4603 D TelemetryService: event FunctionalEvent not sent because of consent:NONE , event gdpr level:FUNCTIONAL , event client id:91452636138522988
09-13 14:30:58.161 3796 3804 E AtvRemote.UIBridge: provider is not set.
09-13 14:30:58.164 3796 3804 E AtvRemote.UIBridge: provider is not set.
09-13 14:30:58.166 4230 4523 D Retrofit: <-- 200 https://gfnpc.api.entitlement-prod.nvidiagrid.net/v2/apps?languageCode=de_DE&countryCode=DE&vpcId=NP-FRK-01&serviceName=gfn_pc (374ms, 266223-byte body)
09-13 14:30:58.166 3796 3804 E AtvRemote.UIBridge: provider is not set.
09-13 14:30:58.197 4230 4580 D Retrofit: <-- 200 https://services.tegrazone.com/api/v3/apps/us/en_US/shield_hub/4.3.1?device=darcy (185ms, unknown-length body)
09-13 14:30:58.278 4544 4583 V LibAvos : Can't load library: java.lang.UnsatisfiedLinkError: dalvik.system.PathClassLoader[DexPathList[[zip file "/data/app/com.archos.mediacenter.videofree-BW6P-XxwxXO-FsGnn9QPDQ==/base.apk"],nativeLibraryDirectories=[/data/app/com.archos.mediacenter.videofree-BW6P-XxwxXO-FsGnn9QPDQ==/lib/arm, /data/app/com.archos.mediacenter.videofree-BW6P-XxwxXO-FsGnn9QPDQ==/base.apk!/lib/armeabi-v7a, /system/lib, /vendor/lib]]] couldn't find "libcryptocompat.so"
09-13 14:30:58.279 4544 4583 V LibAvos : Can't load library: java.lang.UnsatisfiedLinkError: dalvik.system.PathClassLoader[DexPathList[[zip file "/data/app/com.archos.mediacenter.videofree-BW6P-XxwxXO-FsGnn9QPDQ==/base.apk"],nativeLibraryDirectories=[/data/app/com.archos.mediacenter.videofree-BW6P-XxwxXO-FsGnn9QPDQ==/lib/arm, /data/app/com.archos.mediacenter.videofree-BW6P-XxwxXO-FsGnn9QPDQ==/base.apk!/lib/armeabi-v7a, /system/lib, /vendor/lib]]] couldn't find "libsslcompat.so"
09-13 14:30:58.279 4544 4583 E linker : library "/system/lib/libcurl.so" ("/system/lib/libcurl.so") needed or dlopened by "/system/lib/libnativeloader.so" is not accessible for the namespace: [name="classloader-namespace", ld_library_paths="", default_library_paths="/data/app/com.archos.mediacenter.videofree-BW6P-XxwxXO-FsGnn9QPDQ==/lib/arm:/data/app/com.archos.mediacenter.videofree-BW6P-XxwxXO-FsGnn9QPDQ==/base.apk!/lib/armeabi-v7a", permitted_paths="/data:/mnt/expand:/data/data/com.archos.mediacenter.videofree"]
09-13 14:30:58.280 4544 4583 V LibAvos : Can't load library: java.lang.UnsatisfiedLinkError: dlopen failed: library "/system/lib/libcurl.so" needed or dlopened by "/system/lib/libnativeloader.so" is not accessible for the namespace "classloader-namespace"
09-13 14:30:58.302 4544 4544 E Ads : This app is using a lightweight version of the Google Mobile Ads SDK that requires the latest Google Play services to be installed, but Google Play services is either missing or out of date.
09-13 14:30:58.307 4230 4580 I zygote : IncrementDisableThreadFlip blocked for 5.552ms
09-13 14:30:58.323 4230 4452 I BoxArtWebService: Asset URI successfully downlaoded
09-13 14:30:58.365 1740 1740 D TVNotifService: skipped notification StatusBarNotification(pkg=com.android.vending user=UserHandle{0} id=1429623742 tag=null key=0|com.android.vending|1429623742|null|10034: Notification(channel=1.high-priority-notifications pri=2 contentView=null vibrate=null sound=null tick defaults=0x0 flags=0x102 color=0xfff4511e category=status actions=1 vis=PRIVATE)) userId: 0
09-13 14:30:58.371 2913 2913 I Finsky : [2] com.google.android.finsky.setup.az.run(7): Detected restoreservicev2://recovery not needed, will not run
09-13 14:30:58.372 4244 4386 D Plex Media Server: [4443] HTTP 200 response from GET https://podcasts.provider.plex.tv?X-Plex-Token=xxxxxxxxxxxxxxxxxxxx
09-13 14:30:58.374 4244 4386 D Plex Media Server: [4619] HTTP requesting GET https://podcasts.provider.plex.tv?X-Plex-Token=xxxxxxxxxxxxxxxxxxxx
09-13 14:30:58.378 4244 4386 D Plex Media Server: [4443] Activity: registered new activity 17413ced-9fd0-4e89-93e0-82c1b0ff86d3 - Processing subscriptions
09-13 14:30:58.388 4244 4386 D Plex Media Server: [4621] Activity: registered new activity 1707a1f9-b19c-4cac-89bf-8f540b325633 - Processing subscriptions
09-13 14:30:58.388 4244 4386 D Plex Media Server: [4621] DVR:Subscription: Scheduling subscriptions.
09-13 14:30:58.389 4244 4386 D Plex Media Server: [4621] DVR:Subscription: Initialized 0 schedulers.
09-13 14:30:58.389 4244 4386 D Plex Media Server: [4621] DVR:Subscription: Starting with 0 grabs, scheduled 0 active ones preemptively.
09-13 14:30:58.389 4244 4386 D Plex Media Server: [4621] DVR:Subscription: Scheduled all subscriptions in 0 ms.
09-13 14:30:58.389 4244 4386 D Plex Media Server: [4621] Activity: Ended activity 1707a1f9-b19c-4cac-89bf-8f540b325633.
09-13 14:30:58.389 4244 4386 D Plex Media Server: [4621] ExternalGrabber: Subscriptions have been processed; starting external download
09-13 14:30:58.390 4244 4386 D Plex Media Server: [4621] DVR:Subscription: There are 0 grabs at the end.
09-13 14:30:58.390 4244 4386 D Plex Media Server: [4621] Activity: Ended activity 17413ced-9fd0-4e89-93e0-82c1b0ff86d3.
09-13 14:30:58.390 4244 4386 D Plex Media Server: [4621] DVR:Subscription: Refreshed all content in 10 ms.
09-13 14:30:58.398 2913 2913 I Finsky : [2] com.google.android.finsky.verifier.impl.ay.c(32): Done restoring notifications
09-13 14:30:58.401 684 1543 I ActivityManager: Killing 3507:com.google.android.leanbacklauncher/u0a21 (adj 906): empty #17
09-13 14:30:58.402 4544 4544 D ccl_BaseCastManager: [v2.9.1] BaseCastManager is instantiated
09-13 14:30:58.402 4544 4544 D ccl_BaseCastManager: Version: 2.9.1
09-13 14:30:58.402 4544 4544 D ccl_BaseCastManager: Application ID: 08FEA4DD
09-13 14:30:58.406 4244 4386 D Plex Media Server: [4424] HTTP 200 response from GET https://podcasts.provider.plex.tv?X-Plex-Token=xxxxxxxxxxxxxxxxxxxx
09-13 14:30:58.433 4544 4544 V MediaRouter: Adding route: RouteInfo{ name=TV, description=null, status=null, category=RouteCategory{ name=System types=ROUTE_TYPE_LIVE_AUDIO ROUTE_TYPE_LIVE_VIDEO groupable=false }, supportedTypes=ROUTE_TYPE_LIVE_AUDIO ROUTE_TYPE_LIVE_VIDEO , presentationDisplay=null }
09-13 14:30:58.437 4544 4544 V MediaRouter: Dispatching route change: RouteInfo{ name=HDMI, description=null, status=null, category=RouteCategory{ name=System types=ROUTE_TYPE_LIVE_AUDIO ROUTE_TYPE_LIVE_VIDEO groupable=false }, supportedTypes=ROUTE_TYPE_LIVE_AUDIO ROUTE_TYPE_LIVE_VIDEO , presentationDisplay=null }
09-13 14:30:58.437 4544 4544 V MediaRouter: Audio routes updated: AudioRoutesInfo{ type=HDMI }, a2dp=false
09-13 14:30:58.440 4544 4544 V MediaRouter: Selecting route: RouteInfo{ name=HDMI, description=null, status=null, category=RouteCategory{ name=System types=ROUTE_TYPE_LIVE_AUDIO ROUTE_TYPE_LIVE_VIDEO groupable=false }, supportedTypes=ROUTE_TYPE_LIVE_AUDIO ROUTE_TYPE_LIVE_VIDEO , presentationDisplay=null }
09-13 14:30:58.456 4230 4523 D BifrostClient: request statusCode : SUCCESS_STATUS
09-13 14:30:58.458 4544 4544 I MediaRouter: Found default route: MediaRouter.RouteInfo{ uniqueId=android/.support.v7.media.SystemMediaRouteProvider:DEFAULT_ROUTE, name=HDMI, description=null, iconUri=null, enabled=true, connecting=false, connectionState=0, canDisconnect=false, playbackType=0, playbackStream=3, deviceType=0, volumeHandling=1, volume=15, volumeMax=15, presentationDisplayId=-1, extras=null, settingsIntent=null, providerPackageName=android }
09-13 14:30:58.466 4544 4544 D ccl_VideoCastManager: [v2.9.1] VideoCastManager is instantiated
09-13 14:30:58.495 4176 4627 D TelemetryService: event FunctionalEvent not sent because of consent:NONE , event gdpr level:FUNCTIONAL , event client id:91452636138522988
09-13 14:30:58.506 4544 4544 D ccl_VideoCastManager: [v2.9.1] Successfully added the new MiniController com.archos.mediacenter.video.player.cast.ArchosVideoCastManager@9845e59
09-13 14:30:58.506 4544 4544 D ccl_VideoCastManager: [v2.9.1] Stopped TrickPlay Timer
09-13 14:30:58.506 4544 4544 D ccl_VideoCastManager: [v2.9.1] Restarted Progress Timer
09-13 14:30:58.506 4544 4544 D ccl_BaseCastManager: [v2.9.1] Successfully added the new BaseCastConsumer listener com.archos.mediacenter.video.player.cast.ArchosVideoCastManager$1@23a52ff
09-13 14:30:58.506 4544 4544 D ccl_VideoCastManager: [v2.9.1] Successfully added the new CastConsumer listener com.archos.mediacenter.video.player.cast.ArchosVideoCastManager$1@23a52ff
09-13 14:30:58.508 4544 4544 D BootupActivity: BootupActivity initiated
09-13 14:30:58.510 684 942 W ActivityManager: Background start not allowed: service Intent { cmp=com.archos.mediacenter.videofree/com.archos.mediacenter.video.browser.UpdateRecommendationsService } to com.archos.mediacenter.videofree/com.archos.mediacenter.video.browser.UpdateRecommendationsService from pid=4544 uid=10029 pkg=com.archos.mediacenter.videofree
09-13 14:30:58.511 4544 4544 D AndroidRuntime: Shutting down VM --------- beginning of crash
09-13 14:30:58.511 4544 4544 E AndroidRuntime: FATAL EXCEPTION: main
09-13 14:30:58.511 4544 4544 E AndroidRuntime: Process: com.archos.mediacenter.videofree, PID: 4544
09-13 14:30:58.511 4544 4544 E AndroidRuntime: java.lang.RuntimeException: Unable to start receiver com.archos.mediacenter.video.browser.BootupRecommandationService: java.lang.IllegalStateException: Not allowed to start service Intent { cmp=com.archos.mediacenter.videofree/com.archos.mediacenter.video.browser.UpdateRecommendationsService }: app is in background uid UidRecord{422b27b u0a29 RCVR idle procs:1 seq(0,0,0)}
09-13 14:30:58.511 4544 4544 E AndroidRuntime: at android.app.ActivityThread.handleReceiver(ActivityThread.java:3301)
09-13 14:30:58.511 4544 4544 E AndroidRuntime: at android.app.ActivityThread.-wrap17(Unknown Source:0)
09-13 14:30:58.511 4544 4544 E AndroidRuntime: at android.app.ActivityThread$H.handleMessage(ActivityThread.java:1678)
09-13 14:30:58.511 4544 4544 E AndroidRuntime: at android.os.Handler.dispatchMessage(Handler.java:105)
09-13 14:30:58.511 4544 4544 E AndroidRuntime: at android.os.Looper.loop(Looper.java:164)
09-13 14:30:58.511 4544 4544 E AndroidRuntime: at android.app.ActivityThread.main(ActivityThread.java:6592)
09-13 14:30:58.511 4544 4544 E AndroidRuntime: at java.lang.reflect.Method.invoke(Native Method)
09-13 14:30:58.511 4544 4544 E AndroidRuntime: at com.android.internal.os.Zygote$MethodAndArgsCaller.run(Zygote.java:240)
09-13 14:30:58.511 4544 4544 E AndroidRuntime: at com.android.internal.os.ZygoteInit.main(ZygoteInit.java:767)
09-13 14:30:58.511 4544 4544 E AndroidRuntime: Caused by: java.lang.IllegalStateException: Not allowed to start service Intent { cmp=com.archos.mediacenter.videofree/com.archos.mediacenter.video.browser.UpdateRecommendationsService }: app is in background uid UidRecord{422b27b u0a29 RCVR idle procs:1 seq(0,0,0)}
09-13 14:30:58.511 4544 4544 E AndroidRuntime: at android.app.ContextImpl.startServiceCommon(ContextImpl.java:1524)
09-13 14:30:58.511 4544 4544 E AndroidRuntime: at android.app.ContextImpl.startService(ContextImpl.java:1480)
09-13 14:30:58.511 4544 4544 E AndroidRuntime: at android.content.ContextWrapper.startService(ContextWrapper.java:644)
09-13 14:30:58.511 4544 4544 E AndroidRuntime: at android.content.ContextWrapper.startService(ContextWrapper.java:644)
09-13 14:30:58.511 4544 4544 E AndroidRuntime: at com.archos.mediacenter.video.browser.BootupRecommandationService.scheduleRecommendationUpdate(BootupRecommandationService.java:54)
09-13 14:30:58.511 4544 4544 E AndroidRuntime: at com.archos.mediacenter.video.browser.BootupRecommandationService.onReceive(BootupRecommandationService.java:47)
09-13 14:30:58.511 4544 4544 E AndroidRuntime: at android.app.ActivityThread.handleReceiver(ActivityThread.java:3294)
09-13 14:30:58.511 4544 4544 E AndroidRuntime: ... 8 more
09-13 14:30:58.545 4544 4583 V libavos : libavos_acquire
09-13 14:30:58.567 684 702 I ActivityManager: Start proc 4632:com.haystack.android/u0a120 for broadcast com.haystack.android/.tv.recommendationcards.BootupReceiver
09-13 14:30:58.570 4176 4637 D TelemetryService: event FunctionalEvent not sent because of consent:NONE , event gdpr level:FUNCTIONAL , event client id:91452636138522988
09-13 14:30:58.576 4544 4544 I Process : Sending signal. PID: 4544 SIG: 9
09-13 14:30:58.591 684 1654 I ActivityManager: Killing 3580:com.google.android.packageinstaller/u0a14 (adj 906): empty #17
09-13 14:30:58.668 684 1723 I ActivityManager: Process com.archos.mediacenter.videofree (pid 4544) has died: cch CEM
09-13 14:30:58.700 4244 4386 D Plex Media Server: [4619] HTTP 200 response from GET https://podcasts.provider.plex.tv?X-Plex-Token=xxxxxxxxxxxxxxxxxxxx
09-13 14:30:58.701 4244 4386 I Plex Media Server: [4619] Unknown metadata type:
09-13 14:30:58.730 4632 4632 D VideoContentProvider: suggest_uri_path_query: search_suggest_query
09-13 14:30:58.730 4632 4632 D VideoContentProvider: onCreate
09-13 14:30:58.753 4632 4632 I HaystackTVApplication: Haystack TV Application onCreate
09-13 14:30:58.753 4632 4632 D HaystackApplication: Haystack Application onCreate
09-13 14:30:58.759 4632 4662 D NetworkSecurityConfig: No Network Security Config specified, using platform default
09-13 14:30:58.820 4632 4632 E FlurryAgent: Listener cannot be null
09-13 14:30:58.856 4632 4632 I GAv4 : Google Analytics 12.4.51 is starting up. To enable debug logging on a device run:
09-13 14:30:58.856 4632 4632 I GAv4 : adb shell setprop log.tag.GAv4 DEBUG
09-13 14:30:58.856 4632 4632 I GAv4 : adb logcat -s GAv4
09-13 14:30:58.857 4632 4632 W Bundle : Key com.google.android.gms.analytics.globalConfigResource expected Integer but value was a java.lang.String. The default value 0 was returned.
09-13 14:30:58.857 4632 4632 W Bundle : Attempt to cast generated internal exception:
09-13 14:30:58.857 4632 4632 W Bundle : java.lang.ClassCastException: java.lang.String cannot be cast to java.lang.Integer
09-13 14:30:58.857 4632 4632 W Bundle : at android.os.BaseBundle.getInt(BaseBundle.java:967)
09-13 14:30:58.857 4632 4632 W Bundle : at android.os.BaseBundle.getInt(BaseBundle.java:949)
09-13 14:30:58.857 4632 4632 W Bundle : at com.google.android.gms.internal.measurement.zzde.zzac(Unknown Source:40)
09-13 14:30:58.857 4632 4632 W Bundle : at com.google.android.gms.internal.measurement.zzar.zzm(Unknown Source:0)
09-13 14:30:58.857 4632 4632 W Bundle : at com.google.android.gms.internal.measurement.zzat.(Unknown Source:103)
09-13 14:30:58.857 4632 4632 W Bundle : at com.google.android.gms.internal.measurement.zzat.zzc(Unknown Source:29)
09-13 14:30:58.857 4632 4632 W Bundle : at com.google.android.gms.analytics.GoogleAnalytics.getInstance(Unknown Source:0)
09-13 14:30:58.857 4632 4632 W Bundle : at com.haystack.android.common.analytics.Analytics.setupGoogleTracker(Analytics.java:353)
09-13 14:30:58.857 4632 4632 W Bundle : at com.haystack.android.tv.ui.HaystackTVApplication.onCreate(HaystackTVApplication.java:35)
09-13 14:30:58.857 4632 4632 W Bundle : at android.app.Instrumentation.callApplicationOnCreate(Instrumentation.java:1118)
09-13 14:30:58.857 4632 4632 W Bundle : at android.app.ActivityThread.handleBindApplication(ActivityThread.java:5842)
09-13 14:30:58.857 4632 4632 W Bundle : at android.app.ActivityThread.-wrap1(Unknown Source:0)
09-13 14:30:58.857 4632 4632 W Bundle : at android.app.ActivityThread$H.handleMessage(ActivityThread.java:1662)
09-13 14:30:58.857 4632 4632 W Bundle : at android.os.Handler.dispatchMessage(Handler.java:105)
09-13 14:30:58.857 4632 4632 W Bundle : at android.os.Looper.loop(Looper.java:164)
09-13 14:30:58.857 4632 4632 W Bundle : at android.app.ActivityThread.main(ActivityThread.java:6592)
09-13 14:30:58.857 4632 4632 W Bundle : at java.lang.reflect.Method.invoke(Native Method)
09-13 14:30:58.857 4632 4632 W Bundle : at com.android.internal.os.Zygote$MethodAndArgsCaller.run(Zygote.java:240)
09-13 14:30:58.857 4632 4632 W Bundle : at com.android.internal.os.ZygoteInit.main(ZygoteInit.java:767)
09-13 14:30:58.878 4244 4386 D Plex Media Server: [4489] Request: [127.0.0.1:53484 (Loopback)] GET /:/eventsource/notifications (2 live) Token ()
09-13 14:30:58.890 4244 4675 D tylerjroach.com.eventsource_android.a.a.a: line1: HTTP/1.1 200 OK
09-13 14:30:58.890 4244 4675 D tylerjroach.com.eventsource_android.a.a.a: --- HTTP CONNECTED
09-13 14:30:58.890 4244 4675 D tylerjroach.com.eventsource_android.a.a.a: line2: Content-Type: text/event-stream
09-13 14:30:58.890 4244 4675 D tylerjroach.com.eventsource_android.a.a.a: --- SSE DETECTED
09-13 14:30:58.890 4244 4675 D tylerjroach.com.eventsource_android.a.a.a: line3: Connection: close
09-13 14:30:58.890 4244 4675 D tylerjroach.com.eventsource_android.a.a.a: line4: X-Plex-Protocol: 1.0
09-13 14:30:58.890 4244 4675 D tylerjroach.com.eventsource_android.a.a.a: line5: Cache-Control: no-cache
09-13 14:30:58.890 4244 4675 D tylerjroach.com.eventsource_android.a.a.a: line6: Access-Control-Expose-Headers: Location
09-13 14:30:58.890 4244 4675 D tylerjroach.com.eventsource_android.a.a.a: line7: Access-Control-Allow-Origin: app.plex.tv
09-13 14:30:58.890 4244 4675 D tylerjroach.com.eventsource_android.a.a.a: line8: Vary: Origin
09-13 14:30:58.890 4244 4675 D tylerjroach.com.eventsource_android.a.a.a: line9: Date: Thu, 13 Sep 2018 12:30:58 GMT
09-13 14:30:58.890 4244 4675 D tylerjroach.com.eventsource_android.a.a.a: line10:
09-13 14:30:59.039 4632 4679 W GAv4 : CampaignTrackingReceiver is not registered, not exported or is disabled. Installation campaign tracking is not possible. See http://goo.gl/8Rd3yj for instructions.
09-13 14:30:59.040 4632 4632 D YTSrcFetcher: Fetch js
09-13 14:30:59.113 4244 4599 D CrashlyticsCore: Checking for crash reports...
09-13 14:30:59.161 4244 4599 D CrashlyticsCore: No reports found.
09-13 14:30:59.163 4632 4632 D BootupReceiver: HaystackTV BootupReceiver initiated android.intent.action.BOOT_COMPLETED
09-13 14:30:59.165 4632 4632 D ChannelsProgramsBootReceiver: Trying to schedule ChannelsPrograms update on broadcast received
09-13 14:30:59.165 4632 4632 D mem : scheduleChannelPrograms CardsUpdate with: 18000
09-13 14:30:59.169 4632 4632 D ChannelsProgramsBootReceiver: Trying to schedule Watch Next update on broadcast received
09-13 14:30:59.171 4632 4632 D ChannelsProgramsBootReceiver: Registering channels for browsable update job on broadcast received
09-13 14:30:59.238 4632 4632 D ChannelsProgramsBootReceiver: Registering channelId: 262
09-13 14:30:59.240 4632 4632 D ChannelsProgramsBootReceiver: Registering channelId: 263
09-13 14:30:59.240 4632 4632 D ChannelsProgramsBootReceiver: Registering channelId: 264
09-13 14:30:59.241 4632 4632 D ChannelsProgramsBootReceiver: Registering channelId: 265
09-13 14:30:59.242 4632 4632 D ChannelsProgramsBootReceiver: Registering channelId: 266
09-13 14:30:59.243 4632 4632 D ChannelsProgramsBootReceiver: Registering channelId: 267
09-13 14:30:59.245 4632 4632 D ChannelsProgramsBootReceiver: Registering channelId: 268
09-13 14:30:59.246 4632 4632 D ChannelsProgramsBootReceiver: Registering channelId: 269
09-13 14:30:59.247 4632 4632 D ChannelsProgramsBootReceiver: Registering channelId: 270
09-13 14:30:59.262 684 694 I ActivityManager: Start proc 4686:com.piriform.ccleaner/u0a102 for broadcast com.piriform.ccleaner/.alarm.BootTimeAlarmRestorer
09-13 14:30:59.263 684 694 I ActivityManager: Killing 3625:com.google.android.partnersetup/u0a15 (adj 906): empty #17
09-13 14:30:59.380 4686 4686 I MultiDex: VM with version 2.1.0 has multidex support
09-13 14:30:59.380 4686 4686 I MultiDex: install
09-13 14:30:59.380 4686 4686 I MultiDex: VM has multidex support, MultiDex support library is disabled.
09-13 14:30:59.429 4686 4703 W DynamiteModule: Local module descriptor class for com.google.firebase.auth not found.
09-13 14:30:59.436 4686 4703 W DynamiteModule: Local module descriptor class for com.google.firebase.auth not found.
09-13 14:30:59.436 4686 4686 I FA : App measurement is starting up, version: 11400
09-13 14:30:59.436 4686 4686 I FA : To enable debug logging run: adb shell setprop log.tag.FA VERBOSE
09-13 14:30:59.445 4686 4706 W zygote64: Skipping duplicate class check due to unrecognized classloader
09-13 14:30:59.448 4686 4706 I DynamiteModule: Considering local module com.google.android.gms.flags:2 and remote module com.google.android.gms.flags:3
09-13 14:30:59.448 4686 4706 I DynamiteModule: Selected remote version of com.google.android.gms.flags, version >= 3
09-13 14:30:59.454 4686 4686 I FA : To enable faster debug mode event logging run:
09-13 14:30:59.454 4686 4686 I FA : adb shell setprop debug.firebase.analytics.app com.piriform.ccleaner
09-13 14:30:59.488 4686 4686 I FirebaseInitProvider: FirebaseApp initialization successful
09-13 14:30:59.490 4686 4686 I SQLiteProvider-Mig: current migration file version is: 3
09-13 14:30:59.508 4686 4706 W zygote64: Skipping duplicate class check due to unrecognized classloader
09-13 14:30:59.545 684 942 D VoldConnector: SND -> {24 volume mkdirs /Android/data/com.piriform.ccleaner/files/}
09-13 14:30:59.545 289 293 E Vold : Failed to find mounted volume for /Android/data/com.piriform.ccleaner/files/
09-13 14:30:59.545 684 759 D VoldConnector: RCV <- {400 24 Command failed}
09-13 14:30:59.546 4686 4686 W ContextImpl: Failed to ensure Android/data/com.piriform.ccleaner/files: 400
09-13 14:30:59.547 684 1650 D VoldConnector: SND -> {25 volume mkdirs /Android/data/com.piriform.ccleaner/files/}
09-13 14:30:59.547 289 293 E Vold : Failed to find mounted volume for /Android/data/com.piriform.ccleaner/files/
09-13 14:30:59.547 684 759 D VoldConnector: RCV <- {400 25 Command failed}
09-13 14:30:59.549 684 1723 D VoldConnector: SND -> {26 volume mkdirs /Android/data/com.piriform.ccleaner/files/}
09-13 14:30:59.549 289 293 E Vold : Failed to find mounted volume for /Android/data/com.piriform.ccleaner/files/
09-13 14:30:59.549 684 759 D VoldConnector: RCV <- {400 26 Command failed}
09-13 14:30:59.550 4686 4686 I chatty : uid=10102(u0_a102) identical 4 lines
09-13 14:30:59.551 684 1539 D VoldConnector: SND -> {27 volume mkdirs /Android/data/com.piriform.ccleaner/files/}
09-13 14:30:59.551 289 293 E Vold : Failed to find mounted volume for /Android/data/com.piriform.ccleaner/files/
09-13 14:30:59.552 684 759 D VoldConnector: RCV <- {400 27 Command failed}
09-13 14:30:59.552 4686 4686 W ContextImpl: Failed to ensure Android/data/com.piriform.ccleaner/files: 400
09-13 14:30:59.557 4686 4706 W DynamiteModule: Local module descriptor class for com.google.android.gms.crash not found.
09-13 14:30:59.560 4686 4706 I DynamiteModule: Considering local module com.google.android.gms.crash:0 and remote module com.google.android.gms.crash:215
09-13 14:30:59.560 4686 4706 I DynamiteModule: Selected remote version of com.google.android.gms.crash, version >= 215
09-13 14:30:59.563 4686 4706 I FirebaseCrashApiImpl: FirebaseCrashApiImpl created by ClassLoader ad[DexPathList[[zip file "/data/user_de/0/com.google.android.gms/app_chimera/m/0000002a/DynamiteModulesC.apk"],nativeLibraryDirectories=[/data/user_de/0/com.google.android.gms/app_chimera/m/0000002a/n/arm64-v8a, /system/lib64, /vendor/lib64]]]
09-13 14:30:59.563 4686 4706 I FirebaseCrash: FirebaseCrash reporting loaded - com.google.android.gms.internal.abc@bb94828
09-13 14:30:59.569 4686 4707 I DynamiteModule: Considering local module com.google.android.gms.flags:2 and remote module com.google.android.gms.flags:3
09-13 14:30:59.569 4686 4707 I DynamiteModule: Selected remote version of com.google.android.gms.flags, version >= 3
09-13 14:30:59.581 4686 4707 W DynamiteModule: Local module descriptor class for com.google.android.gms.crash not found.
09-13 14:30:59.613 684 693 I zygote64: Background concurrent copying GC freed 155109(5MB) AllocSpace objects, 9(180KB) LOS objects, 42% free, 12MB/22MB, paused 198us total 124.862ms
09-13 14:30:59.629 4686 4707 I FirebaseCrashApiImpl: FirebaseCrash reporting API initialized
09-13 14:30:59.630 4686 4707 I FirebaseCrash: FirebaseCrash reporting initialized com.google.android.gms.internal.abc@bb94828
09-13 14:30:59.630 4686 4707 D FirebaseCrash: Firebase Analytics Listener for Firebase Crash is initialized
09-13 14:30:59.656 684 1611 D VoldConnector: SND -> {28 volume mkdirs /Android/data/com.piriform.ccleaner/files/}
09-13 14:30:59.656 289 293 E Vold : Failed to find mounted volume for /Android/data/com.piriform.ccleaner/files/
09-13 14:30:59.656 684 759 D VoldConnector: RCV <- {400 28 Command failed}
09-13 14:30:59.657 4686 4686 W ContextImpl: Failed to ensure Android/data/com.piriform.ccleaner/files: 400
09-13 14:30:59.658 684 1610 D VoldConnector: SND -> {29 volume mkdirs /Android/data/com.piriform.ccleaner/files/}
09-13 14:30:59.658 289 293 E Vold : Failed to find mounted volume for /Android/data/com.piriform.ccleaner/files/
09-13 14:30:59.658 684 759 D VoldConnector: RCV <- {400 29 Command failed}
09-13 14:30:59.659 684 1677 D VoldConnector: SND -> {30 volume mkdirs /Android/data/com.piriform.ccleaner/files/}
09-13 14:30:59.659 289 293 E Vold : Failed to find mounted volume for /Android/data/com.piriform.ccleaner/files/
09-13 14:30:59.660 684 759 D VoldConnector: RCV <- {400 30 Command failed}
09-13 14:30:59.661 684 1627 D VoldConnector: SND -> {31 volume mkdirs /Android/data/com.piriform.ccleaner/files/}
09-13 14:30:59.661 289 293 E Vold : Failed to find mounted volume for /Android/data/com.piriform.ccleaner/files/
09-13 14:30:59.661 684 759 D VoldConnector: RCV <- {400 31 Command failed}
09-13 14:30:59.661 4686 4686 W ContextImpl: Failed to ensure Android/data/com.piriform.ccleaner/files: 400
09-13 14:30:59.722 4632 4681 D YTSrcFetcher: response
09-13 14:30:59.805 4686 4686 I CrashlyticsCore: Initializing Crashlytics 2.4.1.19
09-13 14:30:59.900 4686 4713 I FA : Tag Manager is not found and thus will not be used
09-13 14:30:59.966 2913 2926 I Finsky : [59] com.google.android.finsky.billing.iab.aj.b(40): com.piriform.ccleaner: Account from first account - [S6_eMojXQ1OMox6Cv7QGvoSjCTM]
09-13 14:30:59.981 2913 3435 I Finsky : [112] com.google.android.finsky.billing.iab.aj.b(40): com.piriform.ccleaner: Account from first account - [S6_eMojXQ1OMox6Cv7QGvoSjCTM]
09-13 14:30:59.989 4686 4768 D JobRescheduleService: Reschedule service started
09-13 14:30:59.991 2913 2925 I Finsky : [58] com.google.android.finsky.billing.iab.aj.b(40): com.piriform.ccleaner: Account from first account - [S6_eMojXQ1OMox6Cv7QGvoSjCTM]
09-13 14:31:00.001 2913 2926 I Finsky : [59] com.google.android.finsky.billing.iab.aj.b(40): com.piriform.ccleaner: Account from first account - [S6_eMojXQ1OMox6Cv7QGvoSjCTM]
09-13 14:31:00.024 684 1611 I ActivityManager: Start proc 4776:com.sec.android.app.sbrowser/u0a128 for broadcast com.sec.android.app.sbrowser/.net.BootCompletedReceiver
09-13 14:31:00.200 4776 4776 I MultiDex: VM with version 2.1.0 has multidex support
09-13 14:31:00.200 4776 4776 I MultiDex: install
09-13 14:31:00.200 4776 4776 I MultiDex: VM has multidex support, MultiDex support library is disabled.
09-13 14:31:00.200 4776 4776 I cr_base_multidex: Completed multidex installation.
09-13 14:31:00.208 4776 4776 D AppBannerProvider: onCreate()
09-13 14:31:00.232 4776 4776 D [MM]MHDataBaseProvider: onCreate()
09-13 14:31:00.234 4776 4776 D ReflectField: Cannot load field: SDL_INT
09-13 14:31:00.234 4776 4776 E ReflectField: Incorrect type : Fallback exception
09-13 14:31:00.234 4776 4776 D ReflectField: Cannot load field: KEYCODE_EMAIL
09-13 14:31:00.234 4776 4776 E ReflectField: Incorrect type : Fallback exception
09-13 14:31:00.234 4776 4776 D ReflectField: Cannot load field: SEM_INT
09-13 14:31:00.235 4776 4776 E ReflectField: Incorrect type : Fallback exception
09-13 14:31:00.236 4776 4776 D SBrowserFlags: isSdpSupported : RuntimeException!
09-13 14:31:00.236 4776 4776 D ReflectBase: Failed to load com.sec.android.app.CscFeature : com.sec.android.app.CscFeature
09-13 14:31:00.237 4776 4776 E CscFeatureWrapper: Cannot create sInstance: Fallback exception
09-13 14:31:00.238 4776 4776 D ReflectBase: Failed to load com.samsung.android.feature.FloatingFeature : com.samsung.android.feature.FloatingFeature
09-13 14:31:00.238 4776 4776 E FloatingFeatureWrapper: Cannot create FloatingFeature instatnce: Fallback exception
09-13 14:31:00.238 4776 4776 D SBrowserFlags: initialize : loadCscFeatureValue() succeed!
09-13 14:31:00.244 4776 4776 E BrowserUtil: com.sec.sbrowser.spl.util.FallbackException: Fallback exception
09-13 14:31:00.246 4776 4803 D SBrowserProxyHandler: ProxyReader::doInBackground
09-13 14:31:00.250 4776 4803 D ReflectBase: Failed to load android.sec.enterprise.content.SecContentProviderURI : android.sec.enterprise.content.SecContentProviderURI
09-13 14:31:00.259 4776 4776 I SBrowserProvider: deActivated
09-13 14:31:00.267 4776 4776 D SProviderUtility :SBrowserSync: enableSyncClientProivder
09-13 14:31:00.268 4776 4776 D Authenticator: Enable Samsung Mobile Web Account.
09-13 14:31:00.271 4776 4776 D MostVisitedSitesProvider: onCreate
09-13 14:31:00.283 4776 4776 I cr_ApplicationStatus: initialize application (com.sec.android.app.sbrowser.SBrowserApplication@8273c0e)
09-13 14:31:00.302 4776 4776 D SBrowserProxyHandler: ProxyReader::onPostExecute start
09-13 14:31:00.305 4776 4776 E NetDeviceUtils: isNetworkConnected() can't get network info: type[0]
09-13 14:31:00.305 4776 4776 D SBrowserProxyHandler: ProxyReader::onPostExecute end
09-13 14:31:00.316 684 1572 I ActivityManager: Start proc 4810:de.cyberdream.androidtv.notifications.google/u0a94 for broadcast de.cyberdream.androidtv.notifications.google/de.cyberdream.androidtv.notifications.StartReceiver
09-13 14:31:00.316 684 1572 I ActivityManager: Killing 3743:com.google.android.gms.ui/u0a10 (adj 906): empty #17
09-13 14:31:00.430 4810 4810 I chatty : uid=10094(u0_a94) de.cyberdream.androidtv.notifications.google expire 135 lines
09-13 14:31:00.435 684 695 I ActivityManager: START u0 {flg=0x10000000 cmp=de.cyberdream.androidtv.notifications.google/de.cyberdream.smarttv.leanback.MainActivityLeanBack (has extras)} from uid 10094
09-13 14:31:00.443 684 695 I stats : Service Connected
09-13 14:31:00.445 355 355 E powerHAL::common: Unknown power hint: 0x8
09-13 14:31:00.447 684 695 I stats : Service Connected
09-13 14:31:00.577 1774 1774 I AppLifecycleTracker: onActivityPaused:
09-13 14:31:00.585 919 941 D RSMouse : mFeatureEnabled=true mPackageEnabled=false
09-13 14:31:00.619 1774 1786 D ViewRootImpl: windowFocusChanged false com.google.android.tvlauncher
09-13 14:31:00.620 684 982 W NvAppProfileService: App Profiles: Enabled
09-13 14:31:00.637 1740 1740 D TVNotifService: skipped notification StatusBarNotification(pkg=android user=UserHandle{0} id=40 tag=null key=0|android|40|null|1000: Notification(channel=FOREGROUND_SERVICE pri=0 contentView=null vibrate=null sound=null defaults=0x0 flags=0x2 color=0xff607d8b vis=PRIVATE)) userId: 0
09-13 14:31:00.640 1558 2241 I zygote64: Looking for service vendor.nvidia.hardware.power@1.0::IPower/default
09-13 14:31:00.641 684 1592 I ActivityManager: Start proc 4842:de.prosiebensat1digital.seventv/u0a85 for broadcast de.prosiebensat1digital.seventv/.recommendation.BootupBroadcastReceiver
09-13 14:31:00.641 285 285 W /system/bin/hwservicemanager: getTransportFromManifest: Cannot find entry vendor.nvidia.hardware.power@1.0::IPower in either framework or device manifest, using default transport.
09-13 14:31:00.645 1740 1740 D TVNotifService: skipped notification StatusBarNotification(pkg=de.cyberdream.androidtv.notifications.google user=UserHandle{0} id=123 tag=null key=0|de.cyberdream.androidtv.notifications.google|123|null|10094: Notification(channel=default pri=0 contentView=de.cyberdream.androidtv.notifications.google/0x109008e vibrate=null sound=null defaults=0x0 flags=0x62 color=0x00000000 vis=PRIVATE)) userId: 0
09-13 14:31:00.655 1558 2241 I zygote64: Starting thread pool.
09-13 14:31:00.704 4230 4257 I zygote : Waiting for a blocking GC ProfileSaver
09-13 14:31:00.716 2460 2617 D ChannelMaintenanceJob: Full channel update finished
09-13 14:31:00.720 4155 4155 D ChannelsJobService: onStartJob: 1767487
09-13 14:31:00.720 4155 4155 D ChannelsJobService: uris changed[content://com.nvidia.pgcontentprovider.PGContentProvider//minimal/games/all, content://com.nvidia.pgcontentprovider.PGContentProvider//minimal/gameinfo, content://com.nvidia.pgcontentprovider.PGContentProvider//minimal/layout, content://com.nvidia.pgcontentprovider.PGContentProvider//minimal/serverinfo, content://com.nvidia.pgcontentprovider.PGContentProvider//minimal/layoutsectionview]
09-13 14:31:00.728 4230 4257 I zygote : WaitForGcToComplete blocked for 24.504ms for cause ProfileSaver
09-13 14:31:00.736 1472 2379 I CheckinCompat: No service .checkin.CheckinService to disable
09-13 14:31:00.737 1472 2379 I CheckinCompat: No service .update.SystemUpdateActivity to disable
09-13 14:31:00.738 1472 2379 I CheckinCompat: No service .update.SystemUpdateService$SecretCodeReceiver to disable
09-13 14:31:00.739 1472 2379 I CheckinCompat: No service .update.SystemUpdateService$Receiver to disable
09-13 14:31:00.760 4244 4260 I zygote64: Waiting for a blocking GC ProfileSaver
09-13 14:31:00.770 4244 4260 I zygote64: WaitForGcToComplete blocked for 10.416ms for cause ProfileSaver
09-13 14:31:00.821 2460 4857 I UpnpServiceImpl: >>> Shutting down UPnP service...
09-13 14:31:00.821 684 833 I ActivityManager: Killing 3728:com.google.process.gapps/u0a48 (adj 906): empty #17
09-13 14:31:00.836 2460 4857 I JettyServletContainer: No more connectors, stopping Jetty server
09-13 14:31:00.836 2460 4857 I JettyServletContainer: Stopping Jetty server...
09-13 14:31:01.009 3756 4295 I Kepler Server: Resources already in place.
09-13 14:31:01.049 684 693 I zygote64: Background concurrent copying GC freed 268321(9MB) AllocSpace objects, 1(20KB) LOS objects, 42% free, 13MB/23MB, paused 176us total 120.029ms
09-13 14:31:01.061 3756 4295 I Kepler Server: Deferring load: /data/user/0/com.plexapp.mediaserver.smb/Resources/libargtable2.so.0
09-13 14:31:01.129 3756 4295 I Kepler Server: Deferring load: /data/user/0/com.plexapp.mediaserver.smb/Resources/libavcodec.so
09-13 14:31:01.150 3756 4295 I Kepler Server: Deferring load: /data/user/0/com.plexapp.mediaserver.smb/Resources/libavformat.so
09-13 14:31:01.153 684 833 I ActivityManager: Start proc 4874:de.swr.avp.ard.tv/u0a116 for broadcast de.swr.avp.ard.tv/de.ard.plugin.RecommenderReceiver
09-13 14:31:01.153 684 833 I ActivityManager: Killing 3648:com.android.vending:instant_app_installer/u0a34 (adj 906): empty #17
09-13 14:31:01.159 4810 4810 I zygote64: at java.lang.Class android.webkit.WebViewFactory.getProviderClass() (WebViewFactory.java:417)
09-13 14:31:01.159 4810 4810 I zygote64: at android.webkit.WebViewFactoryProvider android.webkit.WebViewFactory.getProvider() (WebViewFactory.java:211)
09-13 14:31:01.159 4810 4810 I zygote64: at android.webkit.WebViewFactoryProvider android.webkit.WebView.getFactory() (WebView.java:2467)
09-13 14:31:01.159 4810 4810 I zygote64: at void android.webkit.WebView.ensureProviderCreated() (WebView.java:2462)
09-13 14:31:01.159 4810 4810 I zygote64: at void android.webkit.WebView.setOverScrollMode(int) (WebView.java:2527)
09-13 14:31:01.159 4810 4810 I zygote64: at void android.view.View.(android.content.Context) (View.java:4536)
09-13 14:31:01.159 4810 4810 I zygote64: at void android.view.View.(android.content.Context, android.util.AttributeSet, int, int) (View.java:4668)
09-13 14:31:01.159 4810 4810 I zygote64: at void android.view.ViewGroup.(android.content.Context, android.util.AttributeSet, int, int) (ViewGroup.java:597)
09-13 14:31:01.159 4810 4810 I zygote64: at void android.widget.AbsoluteLayout.(android.content.Context, android.util.AttributeSet, int, int) (AbsoluteLayout.java:55)
09-13 14:31:01.159 4810 4810 I zygote64: at void android.webkit.WebView.(android.content.Context, android.util.AttributeSet, int, int, java.util.Map, boolean) (WebView.java:636)
09-13 14:31:01.159 4810 4810 I zygote64: at void android.webkit.WebView.(android.content.Context, android.util.AttributeSet, int, int) (WebView.java:581)
09-13 14:31:01.159 4810 4810 I zygote64: at void android.webkit.WebView.(android.content.Context, android.util.AttributeSet, int) (WebView.java:564)
09-13 14:31:01.159 4810 4810 I zygote64: at void android.webkit.WebView.(android.content.Context, android.util.AttributeSet) (WebView.java:551)
09-13 14:31:01.159 4810 4810 I zygote64: at java.lang.Object java.lang.reflect.Constructor.newInstance0(java.lang.Object[]) (Constructor.java:-2)
09-13 14:31:01.159 4810 4810 I zygote64: at java.lang.Object java.lang.reflect.Constructor.newInstance(java.lang.Object[]) (Constructor.java:334)
09-13 14:31:01.159 4810 4810 I zygote64: at android.view.View android.view.LayoutInflater.createView(java.lang.String, java.lang.String, android.util.AttributeSet) (LayoutInflater.java:647)
09-13 14:31:01.159 4810 4810 I zygote64: at android.view.View com.android.internal.policy.PhoneLayoutInflater.onCreateView(java.lang.String, android.util.AttributeSet) (PhoneLayoutInflater.java:58)
09-13 14:31:01.159 4810 4810 I zygote64: at android.view.View android.view.LayoutInflater.onCreateView(android.view.View, java.lang.String, android.util.AttributeSet) (LayoutInflater.java:720)
09-13 14:31:01.159 4810 4810 I zygote64: at android.view.View android.view.LayoutInflater.createViewFromTag(android.view.View, java.lang.String, android.content.Context, android.util.AttributeSet, boolean) (LayoutInflater.java:788)
09-13 14:31:01.159 4810 4810 I zygote64: at android.view.View android.view.LayoutInflater.createViewFromTag(android.view.View, java.lang.String, android.content.Context, android.util.AttributeSet) (LayoutInflater.java:730)
09-13 14:31:01.159 4810 4810 I zygote64: at void android.view.LayoutInflater.rInflate(org.xmlpull.v1.XmlPullParser, android.view.View, android.content.Context, android.util.AttributeSet, boolean) (LayoutInflater.java:863)
09-13 14:31:01.159 4810 4810 I zygote64: at void android.view.LayoutInflater.rInflateChildren(org.xmlpull.v1.XmlPullParser, android.view.View, android.util.AttributeSet, boolean) (LayoutInflater.java:824)
09-13 14:31:01.159 4810 4810 I zygote64: at android.view.View android.view.LayoutInflater.inflate(org.xmlpull.v1.XmlPullParser, android.view.ViewGroup, boolean) (LayoutInflater.java:515)
09-13 14:31:01.159 4810 4810 I zygote64: at android.view.View android.view.LayoutInflater.inflate(int, android.view.ViewGroup, boolean) (LayoutInflater.java:423)
09-13 14:31:01.159 4810 4810 I zygote64: at android.view.View android.view.LayoutInflater.inflate(int, android.view.ViewGroup) (LayoutInflater.java:374)
09-13 14:31:01.159 4810 4810 I zygote64: at android.app.Dialog de.cyberdream.smarttv.leanback.c.onCreateDialog(android.os.Bundle) (SourceFile:28)
09-13 14:31:01.159 4810 4810 I zygote64: at android.view.LayoutInflater android.app.DialogFragment.onGetLayoutInflater(android.os.Bundle) (DialogFragment.java:406)
09-13 14:31:01.159 4810 4810 I zygote64: at android.view.LayoutInflater android.app.Fragment.performGetLayoutInflater(android.os.Bundle) (Fragment.java:1429)
09-13 14:31:01.159 4810 4810 I zygote64: at void android.app.FragmentManagerImpl.moveToState(android.app.Fragment, int, int, int, boolean) (FragmentManager.java:1276)
09-13 14:31:01.159 4810 4810 I zygote64: at void android.app.FragmentManagerImpl.moveFragmentToExpectedState(android.app.Fragment) (FragmentManager.java:1549)
09-13 14:31:01.159 4810 4810 I zygote64: at void android.app.FragmentManagerImpl.moveToState(int, boolean) (FragmentManager.java:1611)
09-13 14:31:01.159 4810 4810 I zygote64: at void android.app.BackStackRecord.executeOps() (BackStackRecord.java:807)
09-13 14:31:01.159 4810 4810 I zygote64: at void android.app.FragmentManagerImpl.executeOps(java.util.ArrayList, java.util.ArrayList, int, int) (FragmentManager.java:2394)
09-13 14:31:01.159 4810 4810 I zygote64: at void android.app.FragmentManagerImpl.executeOpsTogether(java.util.ArrayList, java.util.ArrayList, int, int) (FragmentManager.java:2189)
09-13 14:31:01.159 4810 4810 I zygote64: at void android.app.FragmentManagerImpl.removeRedundantOperationsAndExecute(java.util.ArrayList, java.util.ArrayList) (FragmentManager.java:2142)
09-13 14:31:01.159 4810 4810 I zygote64: at boolean android.app.FragmentManagerImpl.execPendingActions() (FragmentManager.java:2049)
09-13 14:31:01.159 4810 4810 I zygote64: at void android.app.FragmentManagerImpl.dispatchMoveToState(int) (FragmentManager.java:3044)
09-13 14:31:01.159 4810 4810 I zygote64: at void android.app.FragmentManagerImpl.dispatchActivityCreated() (FragmentManager.java:2991)
09-13 14:31:01.159 4810 4810 I zygote64: at void android.app.FragmentController.dispatchActivityCreated() (FragmentController.java:178)
09-13 14:31:01.159 4810 4810 I zygote64: at void android.app.Activity.performCreateCommon() (Activity.java:6969)
09-13 14:31:01.159 4810 4810 I zygote64: at void android.app.Activity.performCreate(android.os.Bundle) (Activity.java:6977)
09-13 14:31:01.159 4810 4810 I zygote64: at void android.app.Instrumentation.callActivityOnCreate(android.app.Activity, android.os.Bundle) (Instrumentation.java:1213)
09-13 14:31:01.159 4810 4810 I zygote64: at android.app.Activity android.app.ActivityThread.performLaunchActivity(android.app.ActivityThread$ActivityClientRecord, android.content.Intent) (ActivityThread.java:2812)
