09-13 14:31:50.845 1612 1612 D ControllerMapper_S: GameGuide org.xbmc.kodinerds is not in whitelist, ----> hide
09-13 14:31:50.846 1612 1612 D ControllerMapper_S: GameGuide org.xbmc.kodinerds is not in whitelist, ----> hide
09-13 14:31:50.858 5181 6719 I vndksupport: sphal namespace is not configured for this process. Loading /vendor/lib64/hw/gralloc.tegra.so from the current namespace instead.
09-13 14:31:50.859 5181 6719 I vndksupport: sphal namespace is not configured for this process. Loading /vendor/lib64/hw/gralloc.tegra.so from the current namespace instead.
09-13 14:31:50.859 5181 6716 V Kodi : Debug Print: Local hostname: 192.168.1.128
09-13 14:31:50.860 5181 6716 V Kodi : Debug Print: Log File is located: /storage/emulated/0/Android/data/org.xbmc.kodinerds/files/.kodi/temp//kodi.log
09-13 14:31:50.860 5181 6716 V Kodi : Debug Print: -----------------------------------------------------------------------
09-13 14:31:50.868 5181 6716 V Kodi : Debug Print: load settings...
09-13 14:31:50.871 5181 6719 D phs:ipc-binder-client: phs: RegisterClient(): transact returned 0, NO_ERROR=0
09-13 14:31:50.871 5181 6719 D phs:ipc-binder-client: phs: RegisterClient() timeout is 5000
09-13 14:31:50.873 1612 1612 D ControllerMapper_S: same binder for org.xbmc.kodinerds skipping
09-13 14:31:50.873 1612 1612 D ControllerMapper_S: notifyAppName org.xbmc.kodinerds old :org.xbmc.kodinerds
09-13 14:31:50.874 5181 5181 V threaded_app: WindowFocusChanged: 0x21e1cbec80 -- 1
09-13 14:31:50.874 5181 6714 V Kodi : virtual void CXBMCApp::onGainFocus():
09-13 14:31:50.875 684 711 I ActivityManager: Displayed org.xbmc.kodinerds/.Main: +823ms (total +1s62ms)
09-13 14:31:50.888 355 355 E powerHAL::common: Unknown power hint: 0x8
09-13 14:31:50.907 5181 6716 V Kodi : Debug Print: CSettings: loaded settings definition from special://xbmc/system/settings/settings.xml
09-13 14:31:50.961 5181 6716 V Kodi : Debug Print: CSettings: loaded settings definition from special://xbmc/system/settings/android.xml
09-13 14:31:50.966 1363 1373 W zygote : Suspending all threads took: 55.272ms
09-13 14:31:50.993 1774 1774 I AppLifecycleTracker: onActivitySaveInstanceState:
09-13 14:31:51.017 1774 1774 I AppLifecycleTracker: onActivityStopped:
09-13 14:31:51.043 5181 6716 V Kodi : Debug Print: CSkinSettings: no tag found
09-13 14:31:51.045 5181 6716 V Kodi : Debug Print: No settings file to load (special://xbmc/system/advancedsettings.xml)
09-13 14:31:51.046 5181 6716 V Kodi : Debug Print: No settings file to load (special://masterprofile/advancedsettings.xml)
09-13 14:31:51.046 5181 6716 V Kodi : Debug Print: Default Video Player: VideoPlayer
09-13 14:31:51.046 5181 6716 V Kodi : Debug Print: Default Audio Player: paplayer
09-13 14:31:51.046 5181 6716 V Kodi : Debug Print: Enabled debug logging due to GUI setting (2)
09-13 14:31:51.046 5181 6716 V Kodi : Debug Print: Log level changed to "LOG_LEVEL_DEBUG_FREEMEM"
09-13 14:31:51.049 5181 6716 V Kodi : Debug Print: creating subdirectories
09-13 14:31:51.049 5181 6716 V Kodi : Debug Print: userdata folder: special://masterprofile/
09-13 14:31:51.049 5181 6716 V Kodi : Debug Print: recording folder:
09-13 14:31:51.050 5181 6716 V Kodi : Debug Print: screenshots folder:
09-13 14:31:51.057 5181 6716 V Kodi : Debug Print: CWinEventsAndroid::CWinEventsAndroid
09-13 14:31:51.058 5181 6729 V Kodi : Debug Print: Thread CWinEventsAndroid start, auto delete: false
09-13 14:31:51.061 5181 6716 V Kodi : Debug Print: Running database version Addons27
09-13 14:31:51.267 5181 6716 V Kodi : Debug Print: ADDON: cpluff: 'Not all directories were successfully scanned.'
09-13 14:31:51.267 5181 6716 V Kodi : Debug Print: ADDON: audiodecoder.qsf v2.0.0 installed
09-13 14:31:51.267 5181 6716 V Kodi : Debug Print: ADDON: xbmc.json v9.6.0 installed
09-13 14:31:51.268 5181 6716 V Kodi : Debug Print: ADDON: metadata.common.fanart.tv v3.5.0 installed
09-13 14:31:51.268 5181 6716 V Kodi : Debug Print: ADDON: audiodecoder.nosefart v2.0.0 installed
09-13 14:31:51.268 5181 6716 V Kodi : Debug Print: ADDON: resource.images.weathericons.default v1.1.8 installed
09-13 14:31:51.268 5181 6716 V Kodi : Debug Print: ADDON: audiodecoder.openmpt v2.0.0 installed
09-13 14:31:51.268 5181 6716 V Kodi : Debug Print: ADDON: audiodecoder.timidity v2.0.1 installed
09-13 14:31:51.268 5181 6716 V Kodi : Debug Print: ADDON: pvr.octonet v0.7.0 installed
09-13 14:31:51.268 5181 6716 V Kodi : Debug Print: ADDON: pvr.vbox v4.4.5 installed
09-13 14:31:51.269 5181 6716 V Kodi : Debug Print: ADDON: imagedecoder.raw v2.0.0 installed
09-13 14:31:51.269 5181 6716 V Kodi : Debug Print: ADDON: repository.xbmc.org v3.1.1 installed
09-13 14:31:51.269 5181 6716 V Kodi : Debug Print: ADDON: webinterface.default v2.4.5 installed
09-13 14:31:51.269 5181 6716 V Kodi : Debug Print: ADDON: audiodecoder.modplug v2.0.0 installed
09-13 14:31:51.269 5181 6716 V Kodi : Debug Print: ADDON: kodi.binary.instance.screensaver v2.0.0 installed
09-13 14:31:51.269 5181 6716 V Kodi : Debug Print: ADDON: kodi.binary.instance.videocodec v1.0.1 installed
09-13 14:31:51.269 5181 6716 V Kodi : Debug Print: ADDON: pvr.argustv v3.5.2 installed
09-13 14:31:51.270 5181 6716 V Kodi : Debug Print: ADDON: pvr.vdr.vnsi v3.6.0 installed
09-13 14:31:51.270 5181 6716 V Kodi : Debug Print: ADDON: screensaver.xbmc.builtin.black v1.0.32 installed
09-13 14:31:51.270 5181 6716 V Kodi : Debug Print: ADDON: script.module.chardet v3.0.4 installed
09-13 14:31:51.270 5181 6716 V Kodi : Debug Print: ADDON: audioencoder.vorbis v2.0.0 installed
09-13 14:31:51.270 5181 6716 V Kodi : Debug Print: ADDON: imagedecoder.mpo v1.0.1 installed
09-13 14:31:51.270 5181 6716 V Kodi : Debug Print: ADDON: peripheral.joystick v1.4.6 installed
09-13 14:31:51.271 5181 6716 V Kodi : Debug Print: ADDON: pvr.mediaportal.tvserver v3.5.6 installed
09-13 14:31:51.271 5181 6716 V Kodi : Debug Print: ADDON: kodi.binary.global.main v1.0.13 installed
09-13 14:31:51.271 5181 6716 V Kodi : Debug Print: ADDON: game.controller.default v1.0.6 installed
09-13 14:31:51.271 5181 6716 V Kodi : Debug Print: ADDON: plugin.video.netflix v0.13.12 installed
09-13 14:31:51.271 5181 6716 V Kodi : Debug Print: ADDON: audioencoder.wav v2.0.0 installed
09-13 14:31:51.271 5181 6716 V Kodi : Debug Print: ADDON: kodi.binary.global.gui v5.12.0 installed
09-13 14:31:51.271 5181 6716 V Kodi : Debug Print: ADDON: audiodecoder.organya v1.1.3 installed
09-13 14:31:51.271 5181 6716 V Kodi : Debug Print: ADDON: script.module.idna v2.6 installed
09-13 14:31:51.272 5181 6716 V Kodi : Debug Print: ADDON: screensaver.xbmc.builtin.dim v1.0.44 installed
09-13 14:31:51.272 5181 6716 V Kodi : Debug Print: ADDON: metadata.themoviedb.org v5.1.3 installed
09-13 14:31:51.272 5181 6716 V Kodi : Debug Print: ADDON: script.module.urllib3 v1.22 installed
09-13 14:31:51.272 5181 6716 V Kodi : Debug Print: ADDON: vfs.libarchive v1.0.0 installed
09-13 14:31:51.272 5181 6716 V Kodi : Debug Print: ADDON: audiodecoder.gme v2.0.0 installed
09-13 14:31:51.272 5181 6716 V Kodi : Debug Print: ADDON: game.libretro.2048 v1.0.0 installed
09-13 14:31:51.272 5181 6716 V Kodi : Debug Print: ADDON: kodi.binary.global.general v1.0.3 installed
09-13 14:31:51.272 5181 6716 V Kodi : Debug Print: ADDON: kodi.binary.instance.audioencoder v2.0.0 installed
09-13 14:31:51.273 5181 6716 V Kodi : Debug Print: ADDON: pvr.wmc v2.3.3 installed
09-13 14:31:51.273 5181 6716 V Kodi : Debug Print: ADDON: service.xbmc.versioncheck v0.3.26 installed
09-13 14:31:51.273 5181 6716 V Kodi : Debug Print: ADDON: visualization.shadertoy v1.1.8 installed
09-13 14:31:51.273 5181 6716 V Kodi : Debug Print: ADDON: xbmc.metadata v2.1.0 installed
09-13 14:31:51.273 5181 6716 V Kodi : Debug Print: ADDON: audioencoder.flac v2.0.0 installed
09-13 14:31:51.273 5181 6716 V Kodi : Debug Print: ADDON: inputstream.rtmp v2.0.3 installed
09-13 14:31:51.273 5181 6716 V Kodi : Debug Print: ADDON: pvr.dvblink v4.6.2 installed
09-13 14:31:51.273 5181 6716 V Kodi : Debug Print: ADDON: audiodecoder.gsf v2.0.0 installed
09-13 14:31:51.273 5181 6716 V Kodi : Debug Print: ADDON: pvr.hdhomerun v3.4.3 installed
09-13 14:31:51.274 5181 6716 V Kodi : Debug Print: ADDON: kodi.binary.instance.peripheral v1.3.7 installed
09-13 14:31:51.274 5181 6716 V Kodi : Debug Print: ADDON: kodi.resource v1.0.0 installed
09-13 14:31:51.274 5181 6716 V Kodi : Debug Print: ADDON: repository.netflix v1.0.1 installed
09-13 14:31:51.274 5181 6716 V Kodi : Debug Print: ADDON: audiodecoder.dumb v2.0.0 installed
09-13 14:31:51.274 5181 6716 V Kodi : Debug Print: ADDON: script.module.pil v1.1.7 installed
09-13 14:31:51.274 5181 6716 V Kodi : Debug Print: ADDON: xbmc.gui v5.13.0 installed
09-13 14:31:51.274 5181 6716 V Kodi : Debug Print: ADDON: inputstream.adaptive v2.2.25 installed
09-13 14:31:51.274 5181 6716 V Kodi : Debug Print: ADDON: pvr.mythtv v5.8.4 installed
09-13 14:31:51.275 5181 6716 V Kodi : Debug Print: ADDON: pvr.vuplus v3.7.3 installed
09-13 14:31:51.275 5181 6716 V Kodi : Debug Print: ADDON: audiodecoder.ssf v2.0.0 installed
09-13 14:31:51.275 5181 6716 V Kodi : Debug Print: ADDON: xbmc.core v0.1.0 installed
09-13 14:31:51.275 5181 6716 V Kodi : Debug Print: ADDON: audiodecoder.ncsf v2.0.0 installed
09-13 14:31:51.275 5181 6716 V Kodi : Debug Print: ADDON: skin.estouchy v2.0.16 installed
09-13 14:31:51.275 5181 6716 V Kodi : Debug Print: ADDON: script.module.requests v2.19.1 installed
09-13 14:31:51.275 5181 6716 V Kodi : Debug Print: ADDON: audiodecoder.sidplay v1.1.3 installed
09-13 14:31:51.276 5181 6716 V Kodi : Debug Print: ADDON: pvr.demo v3.6.1 installed
09-13 14:31:51.276 5181 6716 V Kodi : Debug Print: ADDON: audioencoder.kodi.builtin.aac v1.0.0 installed
09-13 14:31:51.276 5181 6716 V Kodi : Debug Print: ADDON: audioencoder.kodi.builtin.wma v1.0.0 installed
09-13 14:31:51.276 5181 6716 V Kodi : Debug Print: ADDON: pvr.pctv v2.4.3 installed
09-13 14:31:51.276 5181 6716 V Kodi : Debug Print: ADDON: pvr.sledovanitv.cz v1.3.2 installed
09-13 14:31:51.276 5181 6716 V Kodi : Debug Print: ADDON: script.module.certifi v2017.07.27.1 installed
09-13 14:31:51.277 5181 6716 V Kodi : Debug Print: ADDON: kodi.binary.instance.imagedecoder v2.0.0 installed
09-13 14:31:51.277 5181 6716 V Kodi : Debug Print: ADDON: kodi.binary.instance.vfs v2.0.0 installed
09-13 14:31:51.280 5181 6716 V Kodi : Debug Print: ADDON: pvr.iptvsimple v3.5.3 installed
09-13 14:31:51.280 5181 6716 V Kodi : Debug Print: ADDON: script.module.inputstreamhelper v0.3.3 installed
09-13 14:31:51.280 5181 6716 V Kodi : Debug Print: ADDON: pvr.njoy v3.4.2 installed
09-13 14:31:51.280 5181 6716 V Kodi : Debug Print: ADDON: pvr.nextpvr v3.3.4 installed
09-13 14:31:51.281 5181 6716 V Kodi : Debug Print: ADDON: script.module.pycryptodome v3.4.3 installed
09-13 14:31:51.281 5181 6716 V Kodi : Debug Print: ADDON: metadata.album.universal v3.1.1 installed
09-13 14:31:51.281 5181 6716 V Kodi : Debug Print: ADDON: audiodecoder.vgmstream v1.1.3 installed
09-13 14:31:51.281 5181 6716 V Kodi : Debug Print: ADDON: kodi.binary.instance.game v1.0.38 installed
09-13 14:31:51.281 5181 6716 V Kodi : Debug Print: ADDON: vfs.rar v2.0.3 installed
09-13 14:31:51.281 5181 6716 V Kodi : Debug Print: ADDON: audiodecoder.stsound v2.0.0 installed
09-13 14:31:51.281 5181 6716 V Kodi : Debug Print: ADDON: kodi.binary.global.audioengine v1.0.1 installed
09-13 14:31:51.281 5181 6716 V Kodi : Debug Print: ADDON: vfs.sftp v1.0.0 installed
09-13 14:31:51.282 5181 6716 V Kodi : Debug Print: ADDON: audiodecoder.2sf v2.0.0 installed
09-13 14:31:51.282 5181 6716 V Kodi : Debug Print: ADDON: game.libretro.mrboom v4.5.0 installed
09-13 14:31:51.282 5181 6716 V Kodi : Debug Print: ADDON: pvr.dvbviewer v3.6.6 installed
09-13 14:31:51.282 5181 6716 V Kodi : Debug Print: ADDON: resource.language.en_gb v2.0.1 installed
09-13 14:31:51.282 5181 6716 V Kodi : Debug Print: ADDON: visualization.spectrum v2.0.2 installed
09-13 14:31:51.282 5181 6716 V Kodi : Debug Print: ADDON: kodi.binary.instance.pvr v5.10.1 installed
09-13 14:31:51.282 5181 6716 V Kodi : Debug Print: ADDON: pvr.stalker v3.4.5 installed
09-13 14:31:51.283 5181 6716 V Kodi : Debug Print: ADDON: pvr.teleboy v18.0.20 installed
09-13 14:31:51.283 5181 6716 V Kodi : Debug Print: ADDON: audiodecoder.snesapu v2.0.0 installed
09-13 14:31:51.283 5181 6716 V Kodi : Debug Print: ADDON: kodi.binary.instance.audiodecoder v2.0.0 installed
09-13 14:31:51.283 5181 6716 V Kodi : Debug Print: ADDON: vfs.nfs v1.0.1 installed
09-13 14:31:51.283 5181 6716 V Kodi : Debug Print: ADDON: metadata.common.allmusic.com v3.2.0 installed
09-13 14:31:51.283 5181 6716 V Kodi : Debug Print: ADDON: metadata.tvdb.com v3.0.9 installed
09-13 14:31:51.283 5181 6716 V Kodi : Debug Print: ADDON: metadata.common.musicbrainz.org v2.2.0 installed
09-13 14:31:51.283 5181 6716 V Kodi : Debug Print: ADDON: game.libretro v1.0.38 installed
09-13 14:31:51.284 5181 6716 V Kodi : Debug Print: ADDON: kodi.binary.global.network v1.0.0 installed
09-13 14:31:51.284 5181 6716 V Kodi : Debug Print: ADDON: metadata.local v1.0.0 installed
09-13 14:31:51.284 5181 6716 V Kodi : Debug Print: ADDON: audioencoder.lame v2.0.0 installed
09-13 14:31:51.284 5181 6716 V Kodi : Debug Print: ADDON: kodi.binary.instance.inputstream v2.0.7 installed
09-13 14:31:51.284 5181 6716 V Kodi : Debug Print: ADDON: xbmc.webinterface v1.0.0 installed
09-13 14:31:51.284 5181 6716 V Kodi : Debug Print: ADDON: pvr.zattoo v18.0.53 installed
09-13 14:31:51.284 5181 6716 V Kodi : Debug Print: ADDON: metadata.common.themoviedb.org v3.1.7 installed
09-13 14:31:51.284 5181 6716 V Kodi : Debug Print: ADDON: kodi.binary.global.filesystem v1.0.2 installed
09-13 14:31:51.285 5181 6716 V Kodi : Debug Print: ADDON: resource.uisounds.kodi v1.0.0 installed
09-13 14:31:51.285 5181 6716 V Kodi : Debug Print: ADDON: metadata.artists.universal v4.2.1 installed
09-13 14:31:51.285 5181 6716 V Kodi : Debug Print: ADDON: metadata.common.theaudiodb.com v2.0.0 installed
09-13 14:31:51.285 5181 6716 V Kodi : Debug Print: ADDON: metadata.common.imdb.com v3.1.1 installed
09-13 14:31:51.285 5181 6716 V Kodi : Debug Print: ADDON: xbmc.python v2.25.0 installed
09-13 14:31:51.285 5181 6716 V Kodi : Debug Print: ADDON: pvr.filmon v2.4.2 installed
09-13 14:31:51.285 5181 6716 V Kodi : Debug Print: ADDON: kodi.binary.instance.visualization v2.0.1 installed
09-13 14:31:51.285 5181 6716 V Kodi : Debug Print: ADDON: pvr.hts v4.3.6 installed
09-13 14:31:51.286 5181 6716 V Kodi : Debug Print: ADDON: xbmc.addon v17.9.802 installed
09-13 14:31:51.286 5181 6716 V Kodi : Debug Print: ADDON: script.module.addon.signals v0.0.3 installed
09-13 14:31:51.286 5181 6716 V Kodi : Debug Print: ADDON: skin.estuary v2.0.12 installed
09-13 14:31:51.399 5181 6716 V Kodi : Debug Print: CFavourites::Load - no system favourites found, skipping
09-13 14:31:51.399 5181 6716 V Kodi : Debug Print: CFavourites::Load - no userdata favourites found, skipping
09-13 14:31:51.400 5181 6730 V Kodi : Debug Print: Thread ActiveAE start, auto delete: false
09-13 14:31:51.401 5181 6731 V Kodi : Debug Print: Thread AESink start, auto delete: false
09-13 14:31:51.418 408 1095 I NvAudioPolicyManager: getOutputForAttr() device 0x400, samplingRate 48000, format 5, channelMask 3, flags 0 strategy 0x0
09-13 14:31:51.419 5181 6730 D AudioTrack: Client defaulted notificationFrames to 770 for frameCount 1540
09-13 14:31:51.455 5181 6730 V Kodi : Debug Print: Float is supported
09-13 14:31:51.457 5181 6730 V Kodi : Debug Print: AESinkAUDIOTRACK - 32000 supported
09-13 14:31:51.458 5181 6730 V Kodi : Debug Print: AESinkAUDIOTRACK - 44100 supported
09-13 14:31:51.458 5181 6730 V Kodi : Debug Print: AESinkAUDIOTRACK - 48000 supported
09-13 14:31:51.459 5181 6730 V Kodi : Debug Print: AESinkAUDIOTRACK - 88200 supported
09-13 14:31:51.459 5181 6730 V Kodi : Debug Print: AESinkAUDIOTRACK - 96000 supported
09-13 14:31:51.460 5181 6730 V Kodi : Debug Print: AESinkAUDIOTRACK - 176400 supported
09-13 14:31:51.460 5181 6730 V Kodi : Debug Print: AESinkAUDIOTRACK - 192000 supported
09-13 14:31:51.461 408 473 I NvAudioPolicyManager: getOutputForAttr() device 0x400, samplingRate 48000, format 9000000, channelMask 3, flags 1 strategy 0x0
09-13 14:31:51.463 408 473 I AudioFlinger: openOutput() this 0x48ebd000, module 10 Device 400, SamplingRate 48000, Format 0x9000000, Channels 3, flags 1
09-13 14:31:51.465 408 473 I AudioHwDevice: openOutputStream(), HAL returned sampleRate 48000, Format 0x9000000, channelMask 0x3, status 22
09-13 14:31:51.467 408 473 I AudioSPDIF: SPDIFEncoder: mBurstBufferSizeBytes = 24576, littleEndian = 1
09-13 14:31:51.467 408 473 I AudioFlinger: SpdifStreamOut::open() AudioFlinger requested sampleRate 48000, format 0x9000000, channelMask 0x3
09-13 14:31:51.467 408 473 I AudioFlinger: SpdifStreamOut::open() HAL configured for sampleRate 48000, format 0x1, channelMask 0x3
09-13 14:31:51.467 408 473 I AudioFlinger: SpdifStreamOut::open() status = 0
09-13 14:31:51.467 408 473 I AudioFlinger: HAL output buffer size 4096 frames, normal sink buffer size 4096 frames
09-13 14:31:51.468 408 6734 I AudioFlinger: AudioFlinger's thread 0x4b9f0000 tid=6734 ready to run
09-13 14:31:51.473 5181 6730 V Kodi : Debug Print: Firmware implements AC3 RAW
09-13 14:31:51.476 408 1095 I NvAudioPolicyManager: getOutputForAttr() device 0x400, samplingRate 48000, format a000000, channelMask 3, flags 1 strategy 0x0
09-13 14:31:51.476 408 1095 W APM_AudioPolicyManager: getOutput() could not find output for stream 3, samplingRate 48000,format 167772160, channels 3, flags 1
09-13 14:31:51.476 5181 6730 E AudioTrack: Could not get audio output for session 49, stream type -1, usage 1, sample rate 48000, format 0xa000000, channel mask 0x3, flags 0x1
09-13 14:31:51.476 5181 6730 E AudioTrack-JNI: Error -22 initializing AudioTrack
09-13 14:31:51.476 5181 6730 E android.media.AudioTrack: Error code -20 when initializing AudioTrack.
09-13 14:31:51.476 5181 6730 W System.err: java.lang.IllegalStateException: stop() called on uninitialized AudioTrack.
09-13 14:31:51.477 5181 6730 W System.err: at android.media.AudioTrack.stop(AudioTrack.java:2012)
09-13 14:31:51.478 408 1096 I NvAudioPolicyManager: getOutputForAttr() device 0x400, samplingRate 48000, format b000000, channelMask 3, flags 1 strategy 0x0
09-13 14:31:51.478 408 1096 W APM_AudioPolicyManager: getOutput() could not find output for stream 3, samplingRate 48000,format 184549376, channels 3, flags 1
09-13 14:31:51.478 5181 6730 E AudioTrack: Could not get audio output for session 57, stream type -1, usage 1, sample rate 48000, format 0xb000000, channel mask 0x3, flags 0x1
09-13 14:31:51.478 5181 6730 E AudioTrack-JNI: Error -22 initializing AudioTrack
09-13 14:31:51.478 5181 6730 E android.media.AudioTrack: Error code -20 when initializing AudioTrack.
09-13 14:31:51.479 5181 6730 W System.err: java.lang.IllegalStateException: stop() called on uninitialized AudioTrack.
09-13 14:31:51.479 5181 6730 W System.err: at android.media.AudioTrack.stop(AudioTrack.java:2012)
09-13 14:31:51.480 408 408 I NvAudioPolicyManager: getOutputForAttr() device 0x400, samplingRate 48000, format c000000, channelMask 63f, flags 1 strategy 0x0
09-13 14:31:51.480 408 408 W APM_AudioPolicyManager: try with DTS for DTS-HD format = 0xc000000
09-13 14:31:51.480 408 408 W APM_AudioPolicyManager: getOutput() could not find output for stream 3, samplingRate 48000,format 201326592, channels 63f, flags 1
09-13 14:31:51.480 5181 6730 E AudioTrack: Could not get audio output for session 65, stream type -1, usage 1, sample rate 48000, format 0xc000000, channel mask 0x63f, flags 0x1
09-13 14:31:51.480 5181 6730 E AudioTrack-JNI: Error -22 initializing AudioTrack
09-13 14:31:51.480 5181 6730 E android.media.AudioTrack: Error code -20 when initializing AudioTrack.
09-13 14:31:51.481 5181 6730 W System.err: java.lang.IllegalStateException: stop() called on uninitialized AudioTrack.
09-13 14:31:51.481 5181 6730 W System.err: at android.media.AudioTrack.stop(AudioTrack.java:2012)
09-13 14:31:51.482 408 974 I NvAudioPolicyManager: getOutputForAttr() device 0x400, samplingRate 48000, format e000000, channelMask 63f, flags 1 strategy 0x0
09-13 14:31:51.482 408 974 W APM_AudioPolicyManager: getOutput() could not find output for stream 3, samplingRate 48000,format 234881024, channels 63f, flags 1
09-13 14:31:51.482 5181 6730 E AudioTrack: Could not get audio output for session 73, stream type -1, usage 1, sample rate 48000, format 0xe000000, channel mask 0x63f, flags 0x1
09-13 14:31:51.482 5181 6730 E AudioTrack-JNI: Error -22 initializing AudioTrack
09-13 14:31:51.482 5181 6730 E android.media.AudioTrack: Error code -20 when initializing AudioTrack.
09-13 14:31:51.483 5181 6730 W System.err: java.lang.IllegalStateException: stop() called on uninitialized AudioTrack.
09-13 14:31:51.483 5181 6730 W System.err: at android.media.AudioTrack.stop(AudioTrack.java:2012)
09-13 14:31:51.484 408 473 I NvAudioPolicyManager: getOutputForAttr() device 0x400, samplingRate 48000, format d000000, channelMask 3, flags 1 strategy 0x0
09-13 14:31:51.484 408 473 I AudioFlinger: openOutput() this 0x48ebd000, module 10 Device 400, SamplingRate 48000, Format 0xd000000, Channels 3, flags 1
09-13 14:31:51.484 408 473 I AudioFlinger: HAL output buffer size 1024 frames, normal sink buffer size 1024 frames
09-13 14:31:51.485 408 6740 I AudioFlinger: AudioFlinger's thread 0x4b9f2000 tid=6740 ready to run
09-13 14:31:51.489 5181 6730 V Kodi : Debug Print: AESinkAUDIOTrack: Using IEC PT mode: 13
09-13 14:31:51.491 408 472 I NvAudioPolicyManager: getOutputForAttr() device 0x400, samplingRate 192000, format d000000, channelMask 63f, flags 1 strategy 0x0
09-13 14:31:51.491 408 472 W APM_AudioPolicyManager: getOutput() could not find output for stream 3, samplingRate 192000,format 218103808, channels 63f, flags 1
09-13 14:31:51.491 5181 6730 E AudioTrack: Could not get audio output for session 89, stream type -1, usage 1, sample rate 192000, format 0xd000000, channel mask 0x63f, flags 0x1
09-13 14:31:51.491 5181 6730 E AudioTrack-JNI: Error -22 initializing AudioTrack
09-13 14:31:51.491 5181 6730 E android.media.AudioTrack: Error code -20 when initializing AudioTrack.
09-13 14:31:51.491 5181 6730 W System.err: java.lang.IllegalStateException: stop() called on uninitialized AudioTrack.
09-13 14:31:51.491 5181 6730 W System.err: at android.media.AudioTrack.stop(AudioTrack.java:2012)
09-13 14:31:51.492 5181 6730 V Kodi : Debug Print: Found 1 Lists of Devices
09-13 14:31:51.492 5181 6730 V Kodi : Debug Print: Enumerated AUDIOTRACK devices:
09-13 14:31:51.492 5181 6730 V Kodi : Debug Print: Device 1
09-13 14:31:51.492 5181 6730 V Kodi : Debug Print: m_deviceName : AudioTrack
09-13 14:31:51.492 5181 6730 V Kodi : Debug Print: m_displayName : android
09-13 14:31:51.493 5181 6730 V Kodi : Debug Print: m_displayNameExtra: audiotrack
09-13 14:31:51.493 5181 6730 V Kodi : Debug Print: m_deviceType : AE_DEVTYPE_HDMI
09-13 14:31:51.493 5181 6730 V Kodi : Debug Print: m_channels : FL, FR, FC, LFE, SL, SR, BL, BR, BC, BLOC, BROC
09-13 14:31:51.493 5181 6730 V Kodi : Debug Print: m_sampleRates : 32000,44100,48000,88200,96000,176400,192000
09-13 14:31:51.493 5181 6730 V Kodi : Debug Print: m_dataFormats : AE_FMT_S16LE,AE_FMT_FLOAT,AE_FMT_RAW,AE_FMT_RAW
09-13 14:31:51.494 5181 6730 V Kodi : Debug Print: m_streamTypes : STREAM_TYPE_AC3,STREAM_TYPE_DTSHD_CORE,STREAM_TYPE_DTS_1024,STREAM_TYPE_DTS_2048,STREAM_TYPE_DTS_512,STREAM_TYPE_EAC3
09-13 14:31:51.494 5181 6731 V Kodi : Debug Print: CActiveAESink::OpenSink - initialize sink
09-13 14:31:51.494 5181 6731 V Kodi : Debug Print: CActiveAESink::OpenSink - trying to open device AUDIOTRACK:AudioTrack
09-13 14:31:51.495 5181 6731 V Kodi : Debug Print: CAESinkAUDIOTRACK::Initialize requested: sampleRate 44100; format: AE_FMT_FLOAT; channels: 2
09-13 14:31:51.495 5181 6731 V Kodi : Debug Print: Updated SampleRate: 32000 Distance: 108900
09-13 14:31:51.495 5181 6731 V Kodi : Debug Print: Updated SampleRate: 44100 Distance: 0
09-13 14:31:51.495 5181 6731 V Kodi : Debug Print: Trying to open: samplerate: 44100, channelMask: 12, encoding: 4
09-13 14:31:51.496 5181 6731 V Kodi : Debug Print: Minimum size we need for stream: 11344
09-13 14:31:51.497 5181 6731 V Kodi : Debug Print: Created Audiotrackbuffer with playing time of 64.308390 ms min buffer size: 22688 bytes
09-13 14:31:51.498 408 408 I NvAudioPolicyManager: getOutputForAttr() device 0x400, samplingRate 44100, format 5, channelMask 3, flags 0 strategy 0x0
09-13 14:31:51.498 5181 6731 D AudioTrack: Client defaulted notificationFrames to 945 for frameCount 2836
09-13 14:31:51.500 5181 6731 V Kodi : Debug Print: CAESinkAUDIOTRACK::Initializing with: m_sampleRate: 44100 format: AE_FMT_FLOAT (AE) method: PCM stream-type: PCM-STREAM min_buffer_size: 22688 m_frames: 1418 m_frameSize: 8 channels: 2
09-13 14:31:51.500 5181 6731 V Kodi : Debug Print: CActiveAESink::OpenSink - AUDIOTRACK Initialized:
09-13 14:31:51.500 5181 6731 V Kodi : Debug Print: Output Device : android
09-13 14:31:51.500 5181 6731 V Kodi : Debug Print: Sample Rate : 44100
09-13 14:31:51.501 5181 6731 V Kodi : Debug Print: Sample Format : AE_FMT_FLOAT
09-13 14:31:51.501 5181 6731 V Kodi : Debug Print: Channel Count : 2
09-13 14:31:51.501 5181 6731 V Kodi : Debug Print: Channel Layout: FL, FR
09-13 14:31:51.501 5181 6731 V Kodi : Debug Print: Frames : 1418
09-13 14:31:51.501 5181 6731 V Kodi : Debug Print: Frame Size : 8
09-13 14:31:51.513 408 513 D AudioResampler: forcing AudioResampler quality to 7
09-13 14:31:51.520 5181 6716 V Kodi : Debug Print: CKeyboardLayoutManager: loading keyboard layouts from special://xbmc/system/keyboardlayouts...
09-13 14:31:51.528 684 1675 D MediaSessionService: Media button session is changed to org.xbmc.kodinerds/XBMC_session (userId=0)
09-13 14:31:51.530 5181 6716 V Kodi : Debug Print: CKeyboardLayoutManager: keyboard layout "Arabic QWERTY" successfully loaded
09-13 14:31:51.530 2198 2198 D DeviceControlManagerService: active session:com.appgeneration.itunerfree
09-13 14:31:51.531 1740 1740 D NowPlayingManager: onClientChanged() called with: clearing = [false]
09-13 14:31:51.531 791 1217 V Avrcp : isBrowseSupported for com.appgeneration.itunerfree: true
09-13 14:31:51.532 791 1217 D Avrcp : update #4:MediaPlayerInfo com.appgeneration.itunerfree (as 'myTuner Free') Type = 1, SubType = 0, Status = 0 Feature Bits [40 41 42 44 45 47 48 58 59 62 65 67] Controller: MediaController (com.appgeneration.itunerfree@9845e59) Willkommen bei myTuner, null, null
09-13 14:31:51.535 1740 1740 D NowPlayingManager: onMediaDataUpdated() called with: mediaData = [com.google.android.tvrecommendations.NowPlayingData@f93c342]
09-13 14:31:51.535 1740 1740 D NowPlayingManager: onClientPlaybackStateUpdate() called with: state = [1], stateChangeTimeMs = [40466], currentPosMs = [-1]
09-13 14:31:51.535 1740 1740 D NowPlayingManager: onClientPlaybackStateUpdate: Skipped update, state: 1 was unchanged
09-13 14:31:51.535 791 791 V Avrcp : Set active media session org.xbmc.kodinerds
09-13 14:31:51.536 791 791 W Avrcp : playState object null, sending STOPPED
09-13 14:31:51.536 791 791 V Avrcp : isBrowseSupported for org.xbmc.kodinerds: false
09-13 14:31:51.538 5181 6716 V Kodi : Debug Print: CKeyboardLayoutManager: keyboard layout "Bulgarian ЯВЕРТЪ" successfully loaded
09-13 14:31:51.539 5181 6716 V Kodi : Debug Print: CKeyboardLayoutManager: keyboard layout "Bulgarian АБВ" successfully loaded
09-13 14:31:51.541 5181 6716 V Kodi : Debug Print: CKeyboardLayoutManager: keyboard layout "Chinese BasePY" successfully loaded
09-13 14:31:51.541 791 791 D Avrcp : add #8:MediaPlayerInfo org.xbmc.kodinerds (as 'Kodi') Type = 1, SubType = 0, Status = 0 Feature Bits [40 41 42 44 45 47 48 58] Controller: MediaController (org.xbmc.kodinerds@3f17a1e) null
09-13 14:31:51.541 791 791 V Avrcp : Player 2 package: com.plexapp.android
09-13 14:31:51.541 791 791 V Avrcp : Changing addressed media session to org.xbmc.kodinerds
09-13 14:31:51.541 791 791 V Avrcp : getMediaPlayerInfo: Found org.xbmc.kodinerds
09-13 14:31:51.541 5181 6716 V Kodi : Debug Print: CKeyboardLayoutManager: keyboard layout "Chinese BaiduPY" successfully loaded
09-13 14:31:51.541 791 791 V Avrcp : Set addressed #8 MediaPlayerInfo org.xbmc.kodinerds (as 'Kodi') Type = 1, SubType = 0, Status = 0 Feature Bits [40 41 42 44 45 47 48 58] Controller: MediaController (org.xbmc.kodinerds@3f17a1e) null
09-13 14:31:51.541 791 791 V Avrcp : updateNewIds: Addressed:2 to 8, Browse:0 to 0
09-13 14:31:51.542 791 791 D Avrcp : updateCurrentController: null to MediaController (org.xbmc.kodinerds@3f17a1e) null
09-13 14:31:51.542 791 791 I AddressedMediaPlayer: null queue from org.xbmc.kodinerds, constructing single-item list
09-13 14:31:51.543 5181 6716 V Kodi : Debug Print: CKeyboardLayoutManager: keyboard layout "Croatian QWERTY" successfully loaded
09-13 14:31:51.543 791 791 W AddressedMediaPlayer: Controller has no metadata!? Making an empty one
09-13 14:31:51.543 791 791 E bt_btif : register_notification_rsp: Avrcp device is not connected, handle: 0x0
09-13 14:31:51.543 791 791 E bt_btif : register_notification_rsp: Avrcp device is not connected, handle: 0x0
09-13 14:31:51.544 5181 6716 V Kodi : Debug Print: CKeyboardLayoutManager: keyboard layout "Czech QWERTZ" successfully loaded
09-13 14:31:51.545 5181 6716 V Kodi : Debug Print: CKeyboardLayoutManager: keyboard layout "Danish QWERTY" successfully loaded
09-13 14:31:51.546 5181 6716 V Kodi : Debug Print: CKeyboardLayoutManager: keyboard layout "English QWERTY" successfully loaded
09-13 14:31:51.547 5181 6716 V Kodi : Debug Print: CKeyboardLayoutManager: keyboard layout "English AZERTY" successfully loaded
09-13 14:31:51.547 5181 6716 V Kodi : Debug Print: CKeyboardLayoutManager: keyboard layout "English ABC" successfully loaded
09-13 14:31:51.548 5181 6716 V Kodi : Debug Print: CKeyboardLayoutManager: keyboard layout "French AZERTY" successfully loaded
09-13 14:31:51.549 5181 6716 V Kodi : Debug Print: CKeyboardLayoutManager: keyboard layout "German QWERTZ" successfully loaded
09-13 14:31:51.550 5181 6716 V Kodi : Debug Print: CKeyboardLayoutManager: keyboard layout "German ABC" successfully loaded
09-13 14:31:51.551 5181 6716 V Kodi : Debug Print: CKeyboardLayoutManager: keyboard layout "Greek QWERTY" successfully loaded
09-13 14:31:51.552 5181 6716 V Kodi : Debug Print: CKeyboardLayoutManager: keyboard layout "Hebrew QWERTY" successfully loaded
09-13 14:31:51.553 5181 6716 V Kodi : Debug Print: CKeyboardLayoutManager: keyboard layout "Hebrew ABC" successfully loaded
09-13 14:31:51.554 5181 6716 V Kodi : Debug Print: CKeyboardLayoutManager: keyboard layout "Hungarian QWERTZ" successfully loaded
09-13 14:31:51.555 5181 6716 V Kodi : Debug Print: CKeyboardLayoutManager: keyboard layout "Icelandic QWERTY" successfully loaded
09-13 14:31:51.556 5181 6716 V Kodi : Debug Print: CKeyboardLayoutManager: keyboard layout "Italian QWERTY" successfully loaded
09-13 14:31:51.557 5181 6716 V Kodi : Debug Print: CKeyboardLayoutManager: keyboard layout "Korean ㄱㄴㄷ" successfully loaded
09-13 14:31:51.558 5181 6716 V Kodi : Debug Print: CKeyboardLayoutManager: keyboard layout "Lithuanian AZERTY" successfully loaded
09-13 14:31:51.559 5181 6716 V Kodi : Debug Print: CKeyboardLayoutManager: keyboard layout "Lithuanian QWERTY" successfully loaded
09-13 14:31:51.560 5181 6716 V Kodi : Debug Print: CKeyboardLayoutManager: keyboard layout "Norwegian QWERTY" successfully loaded
09-13 14:31:51.561 5181 6716 V Kodi : Debug Print: CKeyboardLayoutManager: keyboard layout "Polish QWERTY" successfully loaded
09-13 14:31:51.562 5181 6716 V Kodi : Debug Print: CKeyboardLayoutManager: keyboard layout "Portuguese (Portugal) QWERTY" successfully loaded
09-13 14:31:51.563 5181 6716 V Kodi : Debug Print: CKeyboardLayoutManager: keyboard layout "Romanian QWERTY" successfully loaded
09-13 14:31:51.564 5181 6716 V Kodi : Debug Print: CKeyboardLayoutManager: keyboard layout "Russian ЙЦУКЕН" successfully loaded
09-13 14:31:51.564 5181 6716 V Kodi : Debug Print: CKeyboardLayoutManager: keyboard layout "Russian АБВ" successfully loaded
09-13 14:31:51.565 5181 6716 V Kodi : Debug Print: CKeyboardLayoutManager: keyboard layout "Silesian QWERTY" successfully loaded
09-13 14:31:51.566 5181 6716 V Kodi : Debug Print: CKeyboardLayoutManager: keyboard layout "Slovak QWERTZ" successfully loaded
09-13 14:31:51.567 5181 6716 V Kodi : Debug Print: CKeyboardLayoutManager: keyboard layout "Slovak QWERTY" successfully loaded
09-13 14:31:51.567 5181 6716 V Kodi : Debug Print: CKeyboardLayoutManager: keyboard layout "Slovak ABC" successfully loaded
09-13 14:31:51.568 5181 6716 V Kodi : Debug Print: CKeyboardLayoutManager: keyboard layout "Slovenian QWERTZ" successfully loaded
09-13 14:31:51.569 5181 6716 V Kodi : Debug Print: CKeyboardLayoutManager: keyboard layout "Spanish QWERTY" successfully loaded
09-13 14:31:51.570 5181 6716 V Kodi : Debug Print: CKeyboardLayoutManager: keyboard layout "Swedish QWERTY" successfully loaded
09-13 14:31:51.571 5181 6716 V Kodi : Debug Print: CKeyboardLayoutManager: keyboard layout "Thai Kedmanee" successfully loaded
09-13 14:31:51.572 5181 6716 V Kodi : Debug Print: CKeyboardLayoutManager: keyboard layout "Turkish QWERTY" successfully loaded
09-13 14:31:51.573 5181 6716 V Kodi : Debug Print: CKeyboardLayoutManager: keyboard layout "Ukrainian ЙЦУКЕН" successfully loaded
09-13 14:31:51.574 5181 6716 V Kodi : Debug Print: CKeyboardLayoutManager: keyboard layout "Ukrainian АБВ" successfully loaded
09-13 14:31:51.576 5181 6716 V Kodi : Debug Print: CAndroidUtils: current mode: 1: 1920x1080@59.940060
09-13 14:31:51.577 5181 6716 V Kodi : Debug Print: CAndroidUtils: available mode: 1: 1920x1080@59.940060
09-13 14:31:51.578 5181 6716 V Kodi : Debug Print: CAndroidUtils: available mode: 2: 1280x720@60.000000
09-13 14:31:51.578 5181 6716 V Kodi : Debug Print: CAndroidUtils: available mode: 3: 1920x1080@60.000000
09-13 14:31:51.578 5181 6716 V Kodi : Debug Print: CAndroidUtils: available mode: 4: 1920x1080@50.000000
09-13 14:31:51.579 5181 6716 V Kodi : Debug Print: CAndroidUtils: available mode: 5: 1280x720@50.000000
09-13 14:31:51.579 5181 6716 V Kodi : Debug Print: CAndroidUtils: available mode: 6: 1920x1080@24.000000
09-13 14:31:51.579 5181 6716 V Kodi : Debug Print: CAndroidUtils: available mode: 7: 1920x1080@25.000000
09-13 14:31:51.579 5181 6716 V Kodi : Debug Print: CAndroidUtils: available mode: 8: 1920x1080@30.000000
09-13 14:31:51.580 5181 6716 V Kodi : Debug Print: CAndroidUtils: available mode: 9: 1280x720@59.940060
09-13 14:31:51.580 5181 6716 V Kodi : Debug Print: CAndroidUtils: available mode: 10: 1920x1080@23.976025
09-13 14:31:51.580 5181 6716 V Kodi : Debug Print: CAndroidUtils: available mode: 11: 1920x1080@29.970030
09-13 14:31:51.581 5181 6716 V Kodi : Debug Print: CAndroidUtils: maximum/current resolution: 1920x1080
09-13 14:31:51.581 5181 6716 V Kodi : Debug Print: CAndroidUtils: selected resolution: 0x0
09-13 14:31:51.581 5181 6716 V Kodi : Debug Print: RetroPlayer[PROCESS]: Registering process control for Android
09-13 14:31:51.581 5181 6716 V Kodi : Debug Print: RetroPlayer[RENDER]: Registering renderer factory for OpenGLES
09-13 14:31:51.582 5181 6716 V Kodi : Debug Print: CAndroidUtils: window resolution: 1920x1080
09-13 14:31:51.582 5181 6716 V Kodi : Debug Print: CAndroidUtils: Current resolution: 1920x1080 1920x1080 @ 59.940060 - Full Screen
09-13 14:31:51.582 5181 6716 V Kodi : Debug Print: CAndroidUtils: ProbeResolutions: 1920x1080
09-13 14:31:51.582 5181 6716 V Kodi : Debug Print: CAndroidUtils: Current resolution: 1920x1080 1920x1080 @ 59.940060 - Full Screen
09-13 14:31:51.608 5181 6716 W AudioCapabilities: Unsupported mime audio/mpeg-L2
09-13 14:31:51.609 5181 6716 W AudioCapabilities: Unsupported mime audio/x-ms-wma
09-13 14:31:51.611 5181 6716 W VideoCapabilities: Unsupported mime video/wvc1
09-13 14:31:51.612 5181 6716 W VideoCapabilities: Unsupported mime video/x-ms-wmv
09-13 14:31:51.613 5181 6716 W VideoCapabilities: Unsupported mime video/mjpeg
09-13 14:31:51.655 5181 6716 I VideoCapabilities: Unsupported profile 4 for video/mp4v-es
09-13 14:31:51.662 5181 6716 V Kodi : Debug Print: Mediacodec: OMX.Nvidia.mp4.decode
09-13 14:31:51.663 5181 6716 V Kodi : Debug Print: Mediacodec: OMX.Nvidia.h263.decode
09-13 14:31:51.663 5181 6716 V Kodi : Debug Print: Mediacodec: OMX.Nvidia.h264.decode
09-13 14:31:51.663 5181 6716 V Kodi : Debug Print: Mediacodec: OMX.Nvidia.vp8.decode
09-13 14:31:51.663 5181 6716 V Kodi : Debug Print: Mediacodec: OMX.Nvidia.vp9.decode
09-13 14:31:51.663 5181 6716 V Kodi : Debug Print: Mediacodec: OMX.Nvidia.h265.decode
09-13 14:31:51.664 5181 6716 V Kodi : Debug Print: Mediacodec: OMX.Nvidia.mpeg2v.decode
09-13 14:31:51.664 5181 6716 V Kodi : Debug Print: Mediacodec: OMX.Nvidia.mp3.decoder
09-13 14:31:51.664 5181 6716 V Kodi : Debug Print: Mediacodec: OMX.Nvidia.mp2.decoder
09-13 14:31:51.664 5181 6716 V Kodi : Debug Print: Mediacodec: OMX.Nvidia.wma.decoder
09-13 14:31:51.665 5181 6716 V Kodi : Debug Print: Mediacodec: OMX.Nvidia.vc1.decode
09-13 14:31:51.665 5181 6716 V Kodi : Debug Print: Mediacodec: OMX.Nvidia.mjpeg.decoder
09-13 14:31:51.665 5181 6716 V Kodi : Debug Print: Mediacodec: OMX.google.mp3.decoder
09-13 14:31:51.666 5181 6716 V Kodi : Debug Print: Mediacodec: OMX.google.amrnb.decoder
09-13 14:31:51.666 5181 6716 V Kodi : Debug Print: Mediacodec: OMX.google.amrwb.decoder
09-13 14:31:51.666 5181 6716 V Kodi : Debug Print: Mediacodec: OMX.google.aac.decoder
09-13 14:31:51.667 5181 6716 V Kodi : Debug Print: Mediacodec: OMX.google.g711.alaw.decoder
09-13 14:31:51.667 5181 6716 V Kodi : Debug Print: Mediacodec: OMX.google.g711.mlaw.decoder
09-13 14:31:51.667 5181 6716 V Kodi : Debug Print: Mediacodec: OMX.google.vorbis.decoder
09-13 14:31:51.667 5181 6716 V Kodi : Debug Print: Mediacodec: OMX.google.opus.decoder
09-13 14:31:51.668 5181 6716 V Kodi : Debug Print: Mediacodec: OMX.google.raw.decoder
09-13 14:31:51.668 5181 6716 V Kodi : Debug Print: Mediacodec: OMX.Nvidia.eaacp.decoder
09-13 14:31:51.668 5181 6716 V Kodi : Debug Print: Mediacodec: OMX.google.mpeg4.decoder
09-13 14:31:51.668 5181 6716 V Kodi : Debug Print: Mediacodec: OMX.google.h263.decoder
09-13 14:31:51.668 5181 6716 V Kodi : Debug Print: Mediacodec: OMX.google.h264.decoder
09-13 14:31:51.669 5181 6716 V Kodi : Debug Print: Mediacodec: OMX.google.hevc.decoder
09-13 14:31:51.669 5181 6716 V Kodi : Debug Print: Mediacodec: OMX.google.vp8.decoder
09-13 14:31:51.669 5181 6716 V Kodi : Debug Print: Mediacodec: OMX.google.vp9.decoder
09-13 14:31:51.669 5181 6716 V Kodi : Debug Print: EGL v1.4
09-13 14:31:51.671 5181 6716 V Kodi : Debug Print: Checking resolution 19
09-13 14:31:51.672 5181 6731 V Kodi : Debug Print: Draining Audio
09-13 14:31:51.672 5181 6731 D AudioTrack: stop() called with 9926 frames delivered
09-13 14:31:51.672 5181 6731 V Kodi : Debug Print: CAESinkAUDIOTRACK::Deinitialize
09-13 14:31:51.673 5181 6716 V Kodi : Debug Print: Previous line repeats 1 times.
09-13 14:31:51.674 5181 6716 V Kodi : Debug Print: CAndroidUtils: SetNativeResolution: 3: 1920x1080 1920x1080@60.000000
09-13 14:31:51.674 5181 6730 V Kodi : Debug Print: CActiveAE - display reset event
09-13 14:31:51.676 5181 6731 V Kodi : Debug Print: CActiveAESink::OpenSink - initialize sink
09-13 14:31:51.676 5181 6731 V Kodi : Debug Print: CActiveAESink::OpenSink - trying to open device AUDIOTRACK:AudioTrack
09-13 14:31:51.677 5181 6731 V Kodi : Debug Print: CAESinkAUDIOTRACK::Initialize requested: sampleRate 44100; format: AE_FMT_FLOAT; channels: 2
09-13 14:31:51.677 5181 6731 V Kodi : Debug Print: Updated SampleRate: 32000 Distance: 108900
09-13 14:31:51.678 5181 6731 V Kodi : Debug Print: Updated SampleRate: 44100 Distance: 0
09-13 14:31:51.678 5181 6731 V Kodi : Debug Print: Trying to open: samplerate: 44100, channelMask: 12, encoding: 4
09-13 14:31:51.679 5181 6731 V Kodi : Debug Print: Minimum size we need for stream: 11344
09-13 14:31:51.679 5181 6731 V Kodi : Debug Print: Created Audiotrackbuffer with playing time of 64.308390 ms min buffer size: 22688 bytes
09-13 14:31:51.680 408 1096 I NvAudioPolicyManager: getOutputForAttr() device 0x400, samplingRate 44100, format 5, channelMask 3, flags 0 strategy 0x0
09-13 14:31:51.681 5181 6731 D AudioTrack: Client defaulted notificationFrames to 945 for frameCount 2836
09-13 14:31:51.684 5181 6731 V Kodi : Debug Print: CAESinkAUDIOTRACK::Initializing with: m_sampleRate: 44100 format: AE_FMT_FLOAT (AE) method: PCM stream-type: PCM-STREAM min_buffer_size: 22688 m_frames: 1418 m_frameSize: 8 channels: 2
09-13 14:31:51.684 5181 6731 V Kodi : Debug Print: CActiveAESink::OpenSink - AUDIOTRACK Initialized:
09-13 14:31:51.684 5181 6731 V Kodi : Debug Print: Output Device : android
09-13 14:31:51.684 5181 6731 V Kodi : Debug Print: Sample Rate : 44100
09-13 14:31:51.684 5181 6731 V Kodi : Debug Print: Sample Format : AE_FMT_FLOAT
09-13 14:31:51.685 5181 6731 V Kodi : Debug Print: Channel Count : 2
09-13 14:31:51.685 5181 6731 V Kodi : Debug Print: Channel Layout: FL, FR
09-13 14:31:51.685 5181 6731 V Kodi : Debug Print: Frames : 1418
09-13 14:31:51.685 5181 6731 V Kodi : Debug Print: Frame Size : 8
09-13 14:31:51.686 5181 6730 V Kodi : Debug Print: CActiveAE::ClearDiscardedBuffers - buffer pool deleted
09-13 14:31:51.690 5181 6716 V Kodi : Debug Print: GL_VENDOR = NVIDIA Corporation
09-13 14:31:51.690 5181 6716 V Kodi : Debug Print: GL_RENDERER = NVIDIA Tegra
09-13 14:31:51.690 5181 6716 V Kodi : Debug Print: GL_VERSION = OpenGL ES 3.2 NVIDIA 390.00
09-13 14:31:51.690 5181 6716 V Kodi : Debug Print: GL_SHADING_LANGUAGE_VERSION = OpenGL ES GLSL ES 3.20
09-13 14:31:51.691 5181 6716 V Kodi : Debug Print: GLES: Extension Support Test - GL_NVX_gpu_memory_info NO
09-13 14:31:51.691 5181 6716 V Kodi : Debug Print: GL_EXTENSIONS = GL_EXT_debug_marker GL_EXT_base_instance GL_EXT_blend_func_extended GL_EXT_blend_minmax GL_EXT_buffer_storage GL_EXT_clear_texture GL_EXT_clip_control GL_EXT_clip_cull_distance GL_EXT_color_buffer_float GL_EXT_color_buffer_half_float GL_EXT_conservative_depth GL_EXT_copy_image GL_EXT_debug_label GL_EXT_discard_framebuffer GL_EXT_disjoint_timer_query GL_EXT_draw_buffers_indexed GL_EXT_draw_elements_base_vertex GL_EXT_external_buffer GL_EXT_float_blend GL_EXT_frag_depth GL_EXT_geometry_point_size GL_EXT_geometry_shader GL_EXT_gpu_shader5 GL_EXT_map_buffer_range GL_EXT_multi_draw_indirect GL_EXT_multisample_compatibility GL_EXT_occlusion_query_boolean GL_EXT_polygon_offset_clamp GL_EXT_post_depth_coverage GL_EXT_primitive_bounding_box GL_EXT_protected_textures GL_EXT_raster_multisample GL_EXT_render_snorm GL_EXT_robustness GL_EXT_separate_shader_objects GL_EXT_shader_group_vote GL_EXT_shader_implicit_conversions GL_EXT_shader_integer_mix GL_EXT_shader_io_blocks GL_EXT_shader_non_con
09-13 14:31:51.694 360 360 D SurfaceFlinger: Set active config mode=2, type=0 flinger=0x22b8821c00
09-13 14:31:51.695 360 360 V hwcomposer: hwc_setActiveConfig: set config 2
09-13 14:31:51.695 360 360 D hwcomposer: nvfb_lookup_mode: external: request: 2, real: 45
09-13 14:31:51.697 791 1217 V Avrcp : MSG_UPDATE_MEDIA
09-13 14:31:51.697 791 1217 E bt_btif : register_notification_rsp: Avrcp device is not connected, handle: 0x0
09-13 14:31:51.697 791 1217 V Avrcp : updatePlaybackState (1): -1➡2(PlaybackState {state=2, position=-1, buffered position=0, speed=0.0, updated=106950, actions=0, custom actions=[], active item id=-1, error=null})
09-13 14:31:51.697 791 1217 V Avrcp : Media update: id -1➡-1? [MediaAttributes: none]
09-13 14:31:51.697 791 1217 D Avrcp : sendPlayPosNotificationRsp: Not registered or requesting.
09-13 14:31:51.698 360 360 V hwcomposer: display 0: vblank period = 16666667 ns
09-13 14:31:51.698 360 360 V hwcomposer: Display 0 device size is 1920 x 1080
09-13 14:31:51.698 360 360 V hwcomposer: Display 0 device clip is (0.0, 0.0, 1920.0, 1080.0)
09-13 14:31:51.700 684 711 I DisplayManagerService: Display device changed: DisplayDeviceInfo{"Integrierter Bildschirm": uniqueId="local:0", 1920 x 1080, modeId 3, defaultModeId 1, supportedModes [{id=1, width=1920, height=1080, fps=59.94006}, {id=2, width=1280, height=720, fps=60.0}, {id=3, width=1920, height=1080, fps=60.0}, {id=4, width=1920, height=1080, fps=50.0}, {id=5, width=1280, height=720, fps=50.0}, {id=6, width=1920, height=1080, fps=24.0}, {id=7, width=1920, height=1080, fps=25.0}, {id=8, width=1920, height=1080, fps=30.0}, {id=9, width=1280, height=720, fps=59.94006}, {id=10, width=1920, height=1080, fps=23.976025}, {id=11, width=1920, height=1080, fps=29.97003}], colorMode 0, supportedColorModes [0], HdrCapabilities android.view.Display$HdrCapabilities@a69d6308, density 320, 213.0 x 213.0 dpi, appVsyncOff 1000000, presDeadline 16666667, touch INTERNAL, rotation 0, type BUILT_IN, state ON, FLAG_DEFAULT_DISPLAY, FLAG_ROTATES_WITH_CONTENT, FLAG_SECURE, FLAG_SUPPORTS_PROTECTED_BUFFERS}
09-13 14:31:51.700 684 757 I InputReader: Reconfiguring input devices. changes=0x00000004
09-13 14:31:51.705 5181 6716 V Kodi : Debug Print: GL: Pixel Shader compilation log:
09-13 14:31:51.718 684 757 I InputReader: Reconfiguring input devices. changes=0x00000004
09-13 14:31:51.745 684 757 I InputReader: Reconfiguring input devices. changes=0x00000004
09-13 14:31:51.757 1451 1451 D BlakeWifiIntentManager: HDMI_PLUGGED_ACTION
09-13 14:31:51.762 684 755 V WiredAccessoryManager: Headset UEVENT: {SUBSYSTEM=switch, SEQNUM=2214, ACTION=change, SWITCH_NAME=hdmi_audio, DEVPATH=/devices/virtual/switch/hdmi_audio, SWITCH_STATE=0}
09-13 14:31:51.766 4230 4230 D PersonalGridService: HDMI is disconnected
09-13 14:31:51.768 684 755 V WiredAccessoryManager: newName=hdmi_audio newState=0 headsetState=0 prev headsetState=16
09-13 14:31:51.768 684 755 I WiredAccessoryManager: MSG_NEW_DEVICE_STATE
09-13 14:31:51.768 1307 1346 I ShieldBluetoothScanPolicy: Scan Poll enabled due to HDMI
09-13 14:31:51.769 1307 1346 I ShieldBluetoothScanPolicy: scan optmizations poll trigger due to HDMI
09-13 14:31:51.770 1307 1346 I ShieldBluetoothHandler: HDMI plug state change false
09-13 14:31:51.772 684 684 V WiredAccessoryManager: headsetName: disconnected
09-13 14:31:51.808 929 929 I SearchHelper: HDMI Plugged changed to false
09-13 14:31:51.822 285 285 W /system/bin/hwservicemanager: getTransportFromManifest: Cannot find entry android.hardware.drm@1.0::IDrmFactory in either framework or device manifest, using default transport.
09-13 14:31:51.824 413 3336 I DrmHal : makeDrmFactories: using default drm instance
09-13 14:31:51.842 5181 6716 V Kodi : Debug Print: Previous line repeats 8 times.
09-13 14:31:51.847 5181 6716 V Kodi : Debug Print: GLES: Extension Support Test - GL_OES_EGL_image_external YES
09-13 14:31:51.867 5181 6716 V Kodi : Debug Print: GL: Pixel Shader compilation log:
09-13 14:31:51.896 5181 6731 V Kodi : Debug Print: Previous line repeats 1 times.
09-13 14:31:51.896 5181 6731 V Kodi : Debug Print: Draining Audio
09-13 14:31:51.897 5181 6731 D AudioTrack: stop() called with 11344 frames delivered
09-13 14:31:51.897 5181 6731 V Kodi : Debug Print: CAESinkAUDIOTRACK::Deinitialize
09-13 14:31:51.899 5181 6716 V Kodi : Debug Print: Previous line repeats 1 times.
09-13 14:31:51.899 5181 6716 V Kodi : Debug Print: CAndroidUtils: SetNativeResolution: 3: 1920x1080 1920x1080@60.000000
09-13 14:31:51.899 5181 6730 V Kodi : Debug Print: CActiveAE - display reset event
09-13 14:31:51.900 5181 6731 V Kodi : Debug Print: CActiveAESink::OpenSink - initialize sink
09-13 14:31:51.900 5181 6731 V Kodi : Debug Print: CActiveAESink::OpenSink - trying to open device AUDIOTRACK:AudioTrack
09-13 14:31:51.900 5181 6731 V Kodi : Debug Print: CAESinkAUDIOTRACK::Initialize requested: sampleRate 44100; format: AE_FMT_FLOAT; channels: 2
09-13 14:31:51.900 5181 6731 V Kodi : Debug Print: Updated SampleRate: 32000 Distance: 108900
09-13 14:31:51.901 5181 6731 V Kodi : Debug Print: Updated SampleRate: 44100 Distance: 0
09-13 14:31:51.901 5181 6731 V Kodi : Debug Print: Trying to open: samplerate: 44100, channelMask: 12, encoding: 4
09-13 14:31:51.901 5181 6731 V Kodi : Debug Print: Minimum size we need for stream: 11344
09-13 14:31:51.903 5181 6716 V Kodi : Debug Print: GLES: Maximum texture width: 16384
09-13 14:31:51.903 5181 6731 V Kodi : Debug Print: Created Audiotrackbuffer with playing time of 64.308390 ms min buffer size: 22688 bytes
09-13 14:31:51.903 5181 6716 V Kodi : Debug Print: guilib: Fill viewport on change for solving rendering passes
09-13 14:31:51.904 408 1096 I NvAudioPolicyManager: getOutputForAttr() device 0x400, samplingRate 44100, format 5, channelMask 3, flags 0 strategy 0x0
09-13 14:31:51.904 5181 6731 D AudioTrack: Client defaulted notificationFrames to 945 for frameCount 2836
09-13 14:31:51.906 5181 6731 V Kodi : Debug Print: CAESinkAUDIOTRACK::Initializing with: m_sampleRate: 44100 format: AE_FMT_FLOAT (AE) method: PCM stream-type: PCM-STREAM min_buffer_size: 22688 m_frames: 1418 m_frameSize: 8 channels: 2
09-13 14:31:51.906 5181 6731 V Kodi : Debug Print: CActiveAESink::OpenSink - AUDIOTRACK Initialized:
09-13 14:31:51.907 5181 6731 V Kodi : Debug Print: Output Device : android
09-13 14:31:51.907 5181 6731 V Kodi : Debug Print: Sample Rate : 44100
09-13 14:31:51.907 5181 6731 V Kodi : Debug Print: Sample Format : AE_FMT_FLOAT
09-13 14:31:51.907 5181 6731 V Kodi : Debug Print: Channel Count : 2
09-13 14:31:51.907 5181 6731 V Kodi : Debug Print: Channel Layout: FL, FR
09-13 14:31:51.907 5181 6731 V Kodi : Debug Print: Frames : 1418
09-13 14:31:51.907 5181 6731 V Kodi : Debug Print: Frame Size : 8
09-13 14:31:51.908 5181 6730 V Kodi : Debug Print: CActiveAE::ClearDiscardedBuffers - buffer pool deleted
09-13 14:31:51.974 1855 1855 W SessionLifecycleManager: Client : AttachedClient[8159913119939987, ClientConfig[mFlags=[40000088001] mSuggestFlags=[0] mClientId=HOTWORD_SERVICE mSessionType=search publicSearchServiceCallerUid=-1]] has no associated SessionController
