09-13 14:32:25.239 1774 1774 E PrtnrWidgetInfoLdr: at android.os.Looper.loop(Looper.java:164)
09-13 14:32:25.239 1774 1774 E PrtnrWidgetInfoLdr: at android.app.ActivityThread.main(ActivityThread.java:6592)
09-13 14:32:25.239 1774 1774 E PrtnrWidgetInfoLdr: at java.lang.reflect.Method.invoke(Native Method)
09-13 14:32:25.239 1774 1774 E PrtnrWidgetInfoLdr: at com.android.internal.os.Zygote$MethodAndArgsCaller.run(Zygote.java:240)
09-13 14:32:25.239 1774 1774 E PrtnrWidgetInfoLdr: at com.android.internal.os.ZygoteInit.main(ZygoteInit.java:767)
09-13 14:32:25.240 1774 6938 E ActivityThread: Failed to find provider info for tvlauncher.widget
09-13 14:32:25.242 1774 1774 I AppLifecycleTracker: onActivityResumed:
09-13 14:32:25.246 1740 1740 D NotifInteractonRcvr: Show unseen default level notification toasts
09-13 14:32:25.247 2771 6939 E zygote64: No implementation found for boolean org.xbmc.kodi.XBMCFile._open(java.lang.String) (tried Java_org_xbmc_kodi_XBMCFile__1open and Java_org_xbmc_kodi_XBMCFile__1open__Ljava_lang_String_2)
09-13 14:32:25.250 2771 6940 E zygote64: No implementation found for boolean org.xbmc.kodi.XBMCFile._open(java.lang.String) (tried Java_org_xbmc_kodi_XBMCFile__1open and Java_org_xbmc_kodi_XBMCFile__1open__Ljava_lang_String_2)
09-13 14:32:25.251 919 941 D RSMouse : mFeatureEnabled=true mPackageEnabled=false
09-13 14:32:25.254 1774 4699 D ViewRootImpl: windowFocusChanged true com.google.android.tvlauncher
09-13 14:32:25.257 2771 6941 E zygote64: No implementation found for boolean org.xbmc.kodi.XBMCFile._open(java.lang.String) (tried Java_org_xbmc_kodi_XBMCFile__1open and Java_org_xbmc_kodi_XBMCFile__1open__Ljava_lang_String_2)
09-13 14:32:25.266 2771 6941 E Kodifile: Open: Not available
09-13 14:32:25.266 2771 6940 E Kodifile: Open: Not available
09-13 14:32:25.266 2771 6939 E Kodifile: Open: Not available
09-13 14:32:25.266 1774 2294 D skia : --- SkAndroidCodec::NewFromStream returned null
09-13 14:32:25.266 1774 2313 D skia : --- SkAndroidCodec::NewFromStream returned null
09-13 14:32:25.266 1774 2293 D skia : --- SkAndroidCodec::NewFromStream returned null
09-13 14:32:25.267 1774 2294 D skia : --- SkAndroidCodec::NewFromStream returned null
09-13 14:32:25.267 1774 2313 D skia : --- SkAndroidCodec::NewFromStream returned null
09-13 14:32:25.267 1774 2293 D skia : --- SkAndroidCodec::NewFromStream returned null
09-13 14:32:25.270 2771 6943 E zygote64: No implementation found for boolean org.xbmc.kodi.XBMCFile._open(java.lang.String) (tried Java_org_xbmc_kodi_XBMCFile__1open and Java_org_xbmc_kodi_XBMCFile__1open__Ljava_lang_String_2)
09-13 14:32:25.270 2771 6943 E Kodifile: Open: Not available
09-13 14:32:25.272 419 419 E MetadataRetrieverClient: offset (0) bigger than file size (0)
09-13 14:32:25.272 2771 6942 E zygote64: No implementation found for boolean org.xbmc.kodi.XBMCFile._open(java.lang.String) (tried Java_org_xbmc_kodi_XBMCFile__1open and Java_org_xbmc_kodi_XBMCFile__1open__Ljava_lang_String_2)
09-13 14:32:25.273 2771 6942 E Kodifile: Open: Not available
09-13 14:32:25.273 2771 6945 E zygote64: No implementation found for boolean org.xbmc.kodi.XBMCFile._open(java.lang.String) (tried Java_org_xbmc_kodi_XBMCFile__1open and Java_org_xbmc_kodi_XBMCFile__1open__Ljava_lang_String_2)
09-13 14:32:25.273 2771 6945 E Kodifile: Open: Not available
09-13 14:32:25.273 419 1046 E MetadataRetrieverClient: offset (0) bigger than file size (0)
09-13 14:32:25.274 419 496 E MetadataRetrieverClient: offset (0) bigger than file size (0)
09-13 14:32:25.309 1612 1612 D ControllerMapper_S: same binder for com.google.android.tvlauncher skipping
09-13 14:32:25.309 1612 1612 D ControllerMapper_S: notifyAppName com.google.android.tvlauncher old :org.xbmc.kodinerds
09-13 14:32:25.309 1612 1612 D ControllerMapper_S: GameGuide com.google.android.tvlauncher is not in whitelist, ----> hide
09-13 14:32:25.318 5181 5181 D XBMCMainView: Surface Destroyed
09-13 14:32:25.318 5181 5181 W zygote64: Attempt to remove non-JNI local reference, dumping thread
09-13 14:32:25.332 1774 1774 W Glide : Load failed for content://org.xbmc.kodi.file#image%3A%2F%2Fhttp%253a%252f%252fimage.tmdb.org%252ft%252fp%252fw500%252foIOzNshRATOn6LiD4GEhznVHYd9.jpg%2F with size [564x306]
09-13 14:32:25.332 1774 1774 W Glide : class com.bumptech.glide.load.engine.GlideException: Failed to load resource
09-13 14:32:25.332 1774 1774 W Glide : Cause (1 of 2): class com.bumptech.glide.load.engine.GlideException: Failed LoadPath{AutoCloseInputStream->Object->PaletteBitmapContainer}, LOCAL
09-13 14:32:25.332 1774 1774 W Glide : Cause (1 of 1): class com.bumptech.glide.load.engine.GlideException: Failed DecodePath{AutoCloseInputStream->Bitmap->PaletteBitmapContainer}
09-13 14:32:25.332 1774 1774 W Glide : Cause (2 of 2): class com.bumptech.glide.load.engine.GlideException: Failed LoadPath{ParcelFileDescriptorInner->Object->PaletteBitmapContainer}, LOCAL
09-13 14:32:25.332 1774 1774 W Glide : Cause (1 of 1): class com.bumptech.glide.load.engine.GlideException: Failed DecodePath{ParcelFileDescriptorInner->Bitmap->PaletteBitmapContainer}
09-13 14:32:25.332 1774 1774 E Glide : class com.bumptech.glide.load.engine.GlideException: Failed to load resource
09-13 14:32:25.332 1774 1774 W Glide : Load failed for content://org.xbmc.kodi.file#image%3A%2F%2Fsmb%253a%252f%252f192.168.1.2%252fH%252ffilm%252fserienzeitweise3385%252fRiverdale%2520(2017)%252fthumb.jpg%2F with size [564x306]
09-13 14:32:25.332 1774 1774 W Glide : class com.bumptech.glide.load.engine.GlideException: Failed to load resource
09-13 14:32:25.332 1774 1774 W Glide : Cause (1 of 2): class com.bumptech.glide.load.engine.GlideException: Failed LoadPath{AutoCloseInputStream->Object->PaletteBitmapContainer}, LOCAL
09-13 14:32:25.332 1774 1774 W Glide : Cause (1 of 1): class com.bumptech.glide.load.engine.GlideException: Failed DecodePath{AutoCloseInputStream->Bitmap->PaletteBitmapContainer}
09-13 14:32:25.332 1774 1774 W Glide : Cause (2 of 2): class com.bumptech.glide.load.engine.GlideException: Failed LoadPath{ParcelFileDescriptorInner->Object->PaletteBitmapContainer}, LOCAL
09-13 14:32:25.332 1774 1774 W Glide : Cause (1 of 1): class com.bumptech.glide.load.engine.GlideException: Failed DecodePath{ParcelFileDescriptorInner->Bitmap->PaletteBitmapContainer}
09-13 14:32:25.332 1774 1774 E Glide : class com.bumptech.glide.load.engine.GlideException: Failed to load resource
09-13 14:32:25.337 1774 1774 W Glide : Load failed for content://org.xbmc.kodi.file#image%3A%2F%2Fhttp%253a%252f%252fimage.tmdb.org%252ft%252fp%252fw342%252fcex9Tml8m8E0QZOUlnIDvuFHBpT.jpg%2F with size [564x306]
09-13 14:32:25.337 1774 1774 W Glide : class com.bumptech.glide.load.engine.GlideException: Failed to load resource
09-13 14:32:25.337 1774 1774 W Glide : Cause (1 of 2): class com.bumptech.glide.load.engine.GlideException: Failed LoadPath{AutoCloseInputStream->Object->PaletteBitmapContainer}, LOCAL
09-13 14:32:25.337 1774 1774 W Glide : Cause (1 of 1): class com.bumptech.glide.load.engine.GlideException: Failed DecodePath{AutoCloseInputStream->Bitmap->PaletteBitmapContainer}
09-13 14:32:25.337 1774 1774 W Glide : Cause (2 of 2): class com.bumptech.glide.load.engine.GlideException: Failed LoadPath{ParcelFileDescriptorInner->Object->PaletteBitmapContainer}, LOCAL
09-13 14:32:25.337 1774 1774 W Glide : Cause (1 of 1): class com.bumptech.glide.load.engine.GlideException: Failed DecodePath{ParcelFileDescriptorInner->Bitmap->PaletteBitmapContainer}
09-13 14:32:25.337 1774 1774 E Glide : class com.bumptech.glide.load.engine.GlideException: Failed to load resource
09-13 14:32:25.340 360 360 D SurfaceFlinger: Set active config mode=0, type=0 flinger=0x22b8821c00
09-13 14:32:25.340 360 360 V hwcomposer: hwc_setActiveConfig: set config 0
09-13 14:32:25.340 360 360 D hwcomposer: nvfb_lookup_mode: external: request: 0, real: 75
09-13 14:32:25.340 360 360 V hwcomposer: display 0: vblank period = 16683333 ns
09-13 14:32:25.340 360 360 V hwcomposer: Display 0 device size is 1920 x 1080
09-13 14:32:25.340 360 360 V hwcomposer: Display 0 device clip is (0.0, 0.0, 1920.0, 1080.0)
09-13 14:32:25.340 684 711 I DisplayManagerService: Display device changed: DisplayDeviceInfo{"Integrierter Bildschirm": uniqueId="local:0", 1920 x 1080, modeId 1, defaultModeId 1, supportedModes [{id=1, width=1920, height=1080, fps=59.94006}, {id=2, width=1280, height=720, fps=60.0}, {id=3, width=1920, height=1080, fps=60.0}, {id=4, width=1920, height=1080, fps=50.0}, {id=5, width=1280, height=720, fps=50.0}, {id=6, width=1920, height=1080, fps=24.0}, {id=7, width=1920, height=1080, fps=25.0}, {id=8, width=1920, height=1080, fps=30.0}, {id=9, width=1280, height=720, fps=59.94006}, {id=10, width=1920, height=1080, fps=23.976025}, {id=11, width=1920, height=1080, fps=29.97003}], colorMode 0, supportedColorModes [0], HdrCapabilities android.view.Display$HdrCapabilities@a69d6308, density 320, 213.0 x 213.0 dpi, appVsyncOff 1000000, presDeadline 16683333, touch INTERNAL, rotation 0, type BUILT_IN, state ON, FLAG_DEFAULT_DISPLAY, FLAG_ROTATES_WITH_CONTENT, FLAG_SECURE, FLAG_SUPPORTS_PROTECTED_BUFFERS}
09-13 14:32:25.341 684 757 I InputReader: Reconfiguring input devices. changes=0x00000004
09-13 14:32:25.349 684 1982 I vndksupport: sphal namespace is not configured for this process. Loading /vendor/lib64/hw/gralloc.tegra.so from the current namespace instead.
09-13 14:32:25.370 684 757 I InputReader: Reconfiguring input devices. changes=0x00000004
09-13 14:32:25.375 5181 5181 V Kodi : Input device changed: -3
09-13 14:32:25.385 684 1982 I OpenGLRenderer: Initialized EGL, version 1.4
09-13 14:32:25.385 684 1982 D OpenGLRenderer: Swap behavior 2
09-13 14:32:25.390 684 757 I InputReader: Reconfiguring input devices. changes=0x00000004
09-13 14:32:25.405 684 755 V WiredAccessoryManager: Headset UEVENT: {SUBSYSTEM=switch, SEQNUM=2218, ACTION=change, SWITCH_NAME=hdmi_audio, DEVPATH=/devices/virtual/switch/hdmi_audio, SWITCH_STATE=0}
09-13 14:32:25.405 684 755 V WiredAccessoryManager: newName=hdmi_audio newState=0 headsetState=0 prev headsetState=16
09-13 14:32:25.405 684 755 I WiredAccessoryManager: MSG_NEW_DEVICE_STATE
09-13 14:32:25.406 684 684 V WiredAccessoryManager: headsetName: disconnected
09-13 14:32:25.408 929 929 I SearchHelper: HDMI Plugged changed to false
09-13 14:32:25.409 1451 1451 D BlakeWifiIntentManager: HDMI_PLUGGED_ACTION
09-13 14:32:25.410 4230 4230 D PersonalGridService: HDMI is disconnected
09-13 14:32:25.425 285 285 W /system/bin/hwservicemanager: getTransportFromManifest: Cannot find entry android.hardware.drm@1.0::IDrmFactory in either framework or device manifest, using default transport.
09-13 14:32:25.431 413 3336 I DrmHal : makeDrmFactories: using default drm instance
09-13 14:32:25.452 5181 5181 V threaded_app: Stop: 0x21e1cbec80
09-13 14:32:25.452 5181 6714 V threaded_app: activityState=14
09-13 14:32:25.452 5181 6714 V Kodi : virtual void CXBMCApp::onStop():
09-13 14:32:25.455 5181 5181 V threaded_app: InputQueueDestroyed: 0x21e1cbec80 -- 0x21e1cbfe00
09-13 14:32:25.455 5181 6714 V threaded_app: APP_CMD_INPUT_CHANGED
09-13 14:32:25.456 5181 5181 V threaded_app: Destroy: 0x21e1cbec80
09-13 14:32:25.456 5181 6714 V threaded_app: APP_CMD_DESTROY
09-13 14:32:25.456 5181 6714 V Kodi : virtual void CXBMCApp::onDestroy()
09-13 14:32:25.457 5181 6714 V Kodi : CEventLoop: we are being destroyed
09-13 14:32:25.457 5181 6714 V Kodi : android_main: Exiting
09-13 14:32:25.458 1307 1346 I ShieldBluetoothScanPolicy: Scan Poll enabled due to HDMI
09-13 14:32:25.463 1307 1346 I ShieldBluetoothScanPolicy: scan optmizations poll trigger due to HDMI
09-13 14:32:25.465 1307 1346 I ShieldBluetoothHandler: HDMI plug state change false
09-13 14:32:25.471 5181 6720 V Kodi : Debug Print: Thread Announce 145696031984 terminating
09-13 14:32:25.471 5181 6720 V XBMC : detaching thread
09-13 14:32:25.494 360 975 E BufferQueueProducer: [SurfaceView - org.xbmc.kodinerds/org.xbmc.kodinerds.Main#0] disconnect: not connected (req=1)
09-13 14:32:25.494 5181 6714 W libEGL : EGLNativeWindowType 0x21e1e7c010 disconnect failed
09-13 14:32:25.501 1855 1855 W SearchServiceCore: Abort, client detached.
09-13 14:32:25.503 1855 1855 W SessionLifecycleManager: Client : AttachedClient[8159913119939988, ClientConfig[mFlags=[40000088001] mSuggestFlags=[0] mClientId=HOTWORD_SERVICE mSessionType=search publicSearchServiceCallerUid=-1]] has no associated SessionController
09-13 14:32:25.775 360 360 V hwcomposer: setting property sys.display-size to 1920x1080
09-13 14:32:25.782 684 755 V WiredAccessoryManager: Headset UEVENT: {SUBSYSTEM=switch, SEQNUM=2221, ACTION=change, SWITCH_NAME=hdmi_audio, DEVPATH=/devices/virtual/switch/hdmi_audio, SWITCH_STATE=1}
09-13 14:32:25.782 684 755 V WiredAccessoryManager: newName=hdmi_audio newState=16 headsetState=16 prev headsetState=0
09-13 14:32:25.782 929 929 I SearchHelper: HDMI Plugged changed to true
09-13 14:32:25.783 1451 1451 D BlakeWifiIntentManager: HDMI_PLUGGED_ACTION
09-13 14:32:25.783 4230 4230 D PersonalGridService: HDMI is connected
09-13 14:32:25.783 684 755 I WiredAccessoryManager: MSG_NEW_DEVICE_STATE
09-13 14:32:25.783 684 684 V WiredAccessoryManager: headsetName: connected
09-13 14:32:25.787 285 285 W /system/bin/hwservicemanager: getTransportFromManifest: Cannot find entry android.hardware.drm@1.0::IDrmFactory in either framework or device manifest, using default transport.
09-13 14:32:25.788 4230 4230 I PersonalGridService: Display mode is: {id=1, width=1920, height=1080, fps=59.94006}
09-13 14:32:25.789 413 413 I DrmHal : makeDrmFactories: using default drm instance
09-13 14:32:25.791 1307 1346 I ShieldBluetoothScanPolicy: Scan Poll enabled due to HDMI
09-13 14:32:25.792 1307 1346 I ShieldBluetoothScanPolicy: scan optmizations poll trigger due to HDMI
09-13 14:32:25.793 1307 1346 I ShieldBluetoothHandler: HDMI plug state change true
09-13 14:32:25.795 1307 1346 I ShieldBluetoothScanPolicy: Scans allowed due to PACKAGE POLL
09-13 14:32:25.795 1307 1346 D BluetoothAdapter: isLeEnabled(): ON
09-13 14:32:25.797 1307 1322 D BluetoothLeScanner: onScannerRegistered() - status=0 scannerId=5 mScannerId=0
09-13 14:32:25.810 791 812 D BluetoothAdapterProperties: Discoverable Timeout:-1
09-13 14:32:25.812 791 812 D BluetoothAdapterProperties: Scan Mode:23
09-13 14:32:25.813 791 801 I zygote64: Background concurrent copying GC freed 3877(1547KB) AllocSpace objects, 0(0B) LOS objects, 71% free, 604KB/2MB, paused 7.492ms total 12.729ms
09-13 14:32:25.951 684 756 W InputDispatcher: channel '32d43f2 org.xbmc.kodinerds/org.xbmc.kodinerds.Main (server)' ~ Consumer closed input channel or an error occurred. events=0x9
09-13 14:32:25.951 684 756 E InputDispatcher: channel '32d43f2 org.xbmc.kodinerds/org.xbmc.kodinerds.Main (server)' ~ Channel is unrecoverably broken and will be disposed!
09-13 14:32:25.952 1612 1634 D ControllerMapper_S: Client: org.xbmc.kodinerds died and unregistered
09-13 14:32:25.953 684 940 D MediaSessionService: Media button session is changed to null
09-13 14:32:25.953 684 1572 I ActivityManager: Process org.xbmc.kodinerds (pid 5181) has died: cch CEM
09-13 14:32:25.953 684 1592 I WindowManager: WIN DEATH: Window{32d43f2 u0 org.xbmc.kodinerds/org.xbmc.kodinerds.Main}
09-13 14:32:25.953 684 1592 W InputDispatcher: Attempted to unregister already unregistered input channel '32d43f2 org.xbmc.kodinerds/org.xbmc.kodinerds.Main (server)'
09-13 14:32:25.954 684 775 D NsdService: Client disconnected
09-13 14:32:25.955 1612 1612 D ControllerMapper_S: org.xbmc.kodinerds binder died, Current App:Request App [com.google.android.tvlauncher 0X0]
09-13 14:32:25.955 791 1217 V Avrcp : MediaController session destroyed
09-13 14:32:25.955 791 1217 V Avrcp : updateNewIds: Addressed:8 to 8, Browse:0 to 0
09-13 14:32:25.955 1740 1740 D NowPlayingManager: onClientChanged() called with: clearing = [true]
09-13 14:32:25.956 2198 2198 D DeviceControlManagerService: no active session
09-13 14:32:25.959 791 1217 D Avrcp : updateCurrentController: MediaController (org.xbmc.kodinerds@85938cc) Köln 50667, null, null to null
09-13 14:32:25.987 684 711 W ActivityManager: setHasOverlayUi called on unknown pid: 5181
09-13 14:32:26.410 408 473 I NvAudioPolicyManager: setDeviceConnectionStateInt() device: 0x400, state 0, address name
09-13 14:32:26.413 684 684 V MediaRouter: Dispatching route change: RouteInfo{ name=TV, description=null, status=null, category=RouteCategory{ name=System types=ROUTE_TYPE_LIVE_AUDIO ROUTE_TYPE_LIVE_VIDEO groupable=false }, supportedTypes=ROUTE_TYPE_LIVE_AUDIO ROUTE_TYPE_LIVE_VIDEO , presentationDisplay=null }
09-13 14:32:26.413 684 684 V MediaRouter: Audio routes updated: AudioRoutesInfo{ type=SPEAKER }, a2dp=false
09-13 14:32:26.413 835 835 V MediaRouter: Dispatching route change: RouteInfo{ name=TV, description=null, status=null, category=RouteCategory{ name=System types=ROUTE_TYPE_LIVE_AUDIO ROUTE_TYPE_LIVE_VIDEO groupable=false }, supportedTypes=ROUTE_TYPE_LIVE_AUDIO ROUTE_TYPE_LIVE_VIDEO , presentationDisplay=null }
09-13 14:32:26.413 684 684 V MediaRouter: Audio routes updated: AudioRoutesInfo{ type=SPEAKER }, a2dp=false
09-13 14:32:26.414 3140 3140 D cr_AvSettingsAndroid: [AvSettingsAndroid.java:147] HDMI plug update: action=android.media.action.HDMI_AUDIO_PLUG, plug=0
09-13 14:32:26.414 3140 3140 D cr_AvSettingsAndroid: [AvSettingsAndroid.java:155] Max channel count = 2
09-13 14:32:26.416 835 835 V MediaRouter: Audio routes updated: AudioRoutesInfo{ type=SPEAKER }, a2dp=false
09-13 14:32:26.416 3140 3140 D cr_AvSettingsAndroid: [AvSettingsAndroid.java:138] Supported audio codecs:0
09-13 14:32:26.416 3140 3389 I chromium: [3140:3389:INFO:media_manager_impl.cc(1017)] New audio codecs supported: new_codecs=0, old_codecs=17
09-13 14:32:26.419 3140 3389 W cr_AvSettingsAndroid: getDolbyVisionFlags() not supported, returning 0
09-13 14:32:26.424 835 1123 I vol.Events: writeEvent level_changed STREAM_VOICE_CALL 4
09-13 14:32:26.426 835 1123 I vol.Events: writeEvent level_changed STREAM_SYSTEM 6
09-13 14:32:26.427 835 1123 I vol.Events: writeEvent level_changed STREAM_MUSIC 12
09-13 14:32:26.429 835 1123 I vol.Events: writeEvent level_changed STREAM_BLUETOOTH_SCO 12
09-13 14:32:26.436 5398 5398 V MediaRouter: Dispatching route change: RouteInfo{ name=TV, description=null, status=null, category=RouteCategory{ name=System types=ROUTE_TYPE_LIVE_AUDIO ROUTE_TYPE_LIVE_VIDEO groupable=false }, supportedTypes=ROUTE_TYPE_LIVE_AUDIO ROUTE_TYPE_LIVE_VIDEO , presentationDisplay=null }
09-13 14:32:26.440 408 1095 I NvAudioPolicyManager: setDeviceConnectionStateInt() device: 0x400, state 1, address name
09-13 14:32:26.440 408 1095 I hash_map_utils: key: 'nv_param_passthrough_support' value: ''
09-13 14:32:26.440 408 1095 I AudioFlinger: openOutput() this 0x48ebd000, module 10 Device 400, SamplingRate 0, Format 00000000, Channels 0, flags 1
09-13 14:32:26.440 408 1095 I AudioFlinger: HAL output buffer size 256 frames, normal sink buffer size 256 frames
09-13 14:32:26.441 408 6953 I AudioFlinger: AudioFlinger's thread 0x4c56a000 tid=6953 ready to run
09-13 14:32:26.441 408 1095 W APM_AudioPolicyManager: checkOutputsForDevice() missing param
09-13 14:32:26.442 408 1095 W APM_AudioPolicyManager: checkOutputsForDevice() could not open output for device 400
09-13 14:32:26.442 408 1095 I hash_map_utils: key: 'nv_param_passthrough_support' value: ''
09-13 14:32:26.442 408 1095 I AudioFlinger: openOutput() this 0x48ebd000, module 10 Device 400, SamplingRate 0, Format 00000000, Channels 0, flags 1
09-13 14:32:26.442 408 1095 I AudioFlinger: HAL output buffer size 256 frames, normal sink buffer size 256 frames
09-13 14:32:26.442 408 1095 D APM_AudioPolicyManager: filterSurroundFormats: forced use = 0
09-13 14:32:26.442 408 6954 I AudioFlinger: AudioFlinger's thread 0x4c56a000 tid=6954 ready to run
09-13 14:32:26.443 408 1095 I AudioFlinger: openOutput() this 0x48ebd000, module 10 Device 400, SamplingRate 32000, Format 0x9000000, Channels 1, flags 1
09-13 14:32:26.443 408 1095 I AudioHwDevice: openOutputStream(), HAL returned sampleRate 32000, Format 0x9000000, channelMask 0x1, status 22
09-13 14:32:26.443 408 1095 I AudioSPDIF: SPDIFEncoder: mBurstBufferSizeBytes = 24576, littleEndian = 1
09-13 14:32:26.443 408 1095 I AudioFlinger: SpdifStreamOut::open() AudioFlinger requested sampleRate 32000, format 0x9000000, channelMask 0x1
09-13 14:32:26.443 408 1095 I AudioFlinger: SpdifStreamOut::open() HAL configured for sampleRate 32000, format 0x1, channelMask 0x3
09-13 14:32:26.443 408 1095 I AudioFlinger: SpdifStreamOut::open() status = 0
09-13 14:32:26.443 408 1095 I AudioFlinger: HAL output buffer size 4096 frames, normal sink buffer size 4096 frames
09-13 14:32:26.443 408 6955 I AudioFlinger: AudioFlinger's thread 0x4c56a000 tid=6955 ready to run
09-13 14:32:26.444 408 1095 I hash_map_utils: key: 'nv_param_passthrough_support' value: ''
09-13 14:32:26.444 408 1095 I hash_map_utils: key: 'nv_param_passthrough_support' value: ''
09-13 14:32:26.444 408 1095 I AudioFlinger: openOutput() this 0x48ebd000, module 10 Device 400, SamplingRate 88200, Format 0x000005, Channels 3, flags 1
09-13 14:32:26.444 408 1095 W nvaudio_hw: sink doesn't support hra
09-13 14:32:26.444 408 1095 I AudioHwDevice: openOutputStream(), HAL returned sampleRate 88200, Format 0x5, channelMask 0x3, status -22
09-13 14:32:26.444 408 1095 W APM_AudioPolicyManager: checkOutputsForDevice() could not open output for device 400
09-13 14:32:26.457 684 684 V MediaRouter: Dispatching route change: RouteInfo{ name=HDMI, description=null, status=null, category=RouteCategory{ name=System types=ROUTE_TYPE_LIVE_AUDIO ROUTE_TYPE_LIVE_VIDEO groupable=false }, supportedTypes=ROUTE_TYPE_LIVE_AUDIO ROUTE_TYPE_LIVE_VIDEO , presentationDisplay=null }
09-13 14:32:26.457 684 684 V MediaRouter: Audio routes updated: AudioRoutesInfo{ type=HDMI }, a2dp=false
09-13 14:32:26.457 4230 4230 I pgService/AudioEndPointBroadcastReceiver: HDMI Audio receiver channels = 8
09-13 14:32:26.457 4230 4230 I pgService/AudioEndPointBroadcastReceiver:
09-13 14:32:26.457 4230 4230 I pgService/AudioEndPointBroadcastReceiver: 2
09-13 14:32:26.457 4230 4230 I pgService/AudioEndPointBroadcastReceiver: 5
09-13 14:32:26.457 4230 4230 I pgService/AudioEndPointBroadcastReceiver: 13
09-13 14:32:26.457 4230 4230 I pgService/AudioEndPointBroadcastReceiver:
09-13 14:32:26.457 3140 3140 D cr_AvSettingsAndroid: [AvSettingsAndroid.java:147] HDMI plug update: action=android.media.action.HDMI_AUDIO_PLUG, plug=1
09-13 14:32:26.457 3140 3140 D cr_AvSettingsAndroid: [AvSettingsAndroid.java:155] Max channel count = 8
09-13 14:32:26.459 3140 3140 D cr_AvSettingsAndroid: [AvSettingsAndroid.java:138] Supported audio codecs:17
09-13 14:32:26.464 835 1123 I vol.Events: writeEvent level_changed STREAM_VOICE_CALL 5
09-13 14:32:26.464 835 1123 I vol.Events: writeEvent level_changed STREAM_SYSTEM 7
09-13 14:32:26.465 835 1123 I vol.Events: writeEvent level_changed STREAM_MUSIC 15
09-13 14:32:26.467 835 1123 I vol.Events: writeEvent level_changed STREAM_BLUETOOTH_SCO 15
09-13 14:32:26.488 835 835 V MediaRouter: Dispatching route change: RouteInfo{ name=HDMI, description=null, status=null, category=RouteCategory{ name=System types=ROUTE_TYPE_LIVE_AUDIO ROUTE_TYPE_LIVE_VIDEO groupable=false }, supportedTypes=ROUTE_TYPE_LIVE_AUDIO ROUTE_TYPE_LIVE_VIDEO , presentationDisplay=null }
09-13 14:32:26.488 835 835 V MediaRouter: Audio routes updated: AudioRoutesInfo{ type=HDMI }, a2dp=false
09-13 14:32:26.505 5398 5398 V MediaRouter: Audio routes updated: AudioRoutesInfo{ type=SPEAKER }, a2dp=false
09-13 14:32:26.505 5398 5398 V MediaRouter: Dispatching route change: RouteInfo{ name=HDMI, description=null, status=null, category=RouteCategory{ name=System types=ROUTE_TYPE_LIVE_AUDIO ROUTE_TYPE_LIVE_VIDEO groupable=false }, supportedTypes=ROUTE_TYPE_LIVE_AUDIO ROUTE_TYPE_LIVE_VIDEO , presentationDisplay=null }
09-13 14:32:26.506 3140 3389 D cr_EstimateResolution: [MaxAnticipatedResolutionEstimator.java:41] Assuming 4K display capabilities because we can decode VP9 4K video.
09-13 14:32:26.506 3140 3389 I chromium: [3140:3389:INFO:media_manager_impl.cc(1017)] New audio codecs supported: new_codecs=17, old_codecs=0
09-13 14:32:26.506 5398 5398 V MediaRouter: Audio routes updated: AudioRoutesInfo{ type=HDMI }, a2dp=false
09-13 14:32:26.506 3140 3389 W cr_AvSettingsAndroid: getDolbyVisionFlags() not supported, returning 0
09-13 14:32:26.508 3140 3389 D cr_EstimateResolution: [MaxAnticipatedResolutionEstimator.java:41] Assuming 4K display capabilities because we can decode VP9 4K video.
09-13 14:32:26.549 835 842 I zygote64: Do partial code cache collection, code=26KB, data=19KB
09-13 14:32:26.549 835 842 I zygote64: After code cache collection, code=26KB, data=19KB
09-13 14:32:26.549 835 842 I zygote64: Increasing code cache capacity to 128KB
09-13 14:32:26.961 791 1217 V Avrcp : MSG_UPDATE_MEDIA
09-13 14:32:26.961 791 1217 V Avrcp : updatePlaybackState (1): -1➡0(PlaybackState {state=0, position=-1, buffered position=0, speed=0.0, updated=142213, actions=0, custom actions=[], active item id=-1, error=null})
09-13 14:32:26.961 791 1217 V Avrcp : Media update: id -1➡-1? [MediaAttributes: none]
09-13 14:32:26.961 791 1217 D Avrcp : sendTrackChangedRsp: Not registered or registering.
09-13 14:32:26.961 791 1217 D Avrcp : sendPlayPosNotificationRsp: Not registered or requesting.
09-13 14:32:27.256 684 757 D WindowManager: handleComboKeys keyCode: 3, keyAction: 0
09-13 14:32:27.256 684 757 D WindowManager: isOnHomeScreen mLastTopComponent: null, componentName: ComponentInfo{com.google.android.tvlauncher/com.google.android.tvlauncher.HomeScreen}
09-13 14:32:27.256 684 757 D WindowManager: isOnHomeScreen activity.name: com.google.android.tvlauncher.HomeScreen
09-13 14:32:27.257 684 757 D WindowManager: handleComboKeys isOnHomeScreen: true
09-13 14:32:27.369 684 757 D WindowManager: handleComboKeys keyCode: 3, keyAction: 1
09-13 14:32:27.369 684 757 D WindowManager: isOnHomeScreen mLastTopComponent: ComponentInfo{com.google.android.tvlauncher/com.google.android.tvlauncher.HomeScreen}, componentName: ComponentInfo{com.google.android.tvlauncher/com.google.android.tvlauncher.HomeScreen}
09-13 14:32:27.369 684 757 D WindowManager: isOnHomeScreen activity.name: com.google.android.tvlauncher.HomeScreen
09-13 14:32:27.369 684 757 D WindowManager: handleComboKeys isOnHomeScreen: true
09-13 14:32:27.413 684 757 D WindowManager: handleComboKeys keyCode: 3, keyAction: 0
09-13 14:32:27.413 684 757 D WindowManager: isOnHomeScreen mLastTopComponent: null, componentName: ComponentInfo{com.google.android.tvlauncher/com.google.android.tvlauncher.HomeScreen}
09-13 14:32:27.414 684 757 D WindowManager: isOnHomeScreen activity.name: com.google.android.tvlauncher.HomeScreen
09-13 14:32:27.414 684 757 D WindowManager: handleComboKeys isOnHomeScreen: true
09-13 14:32:27.423 684 952 I ActivityManager: START u0 {flg=0x10804000 cmp=com.android.systemui/.recents.tv.RecentsTvActivity} from uid 10031
09-13 14:32:27.450 684 952 I stats : Service Connected
09-13 14:32:27.451 355 355 E powerHAL::common: Unknown power hint: 0x8
09-13 14:32:27.454 1774 1774 I AppLifecycleTracker: onActivityPaused:
09-13 14:32:27.466 919 941 D RSMouse : mFeatureEnabled=true mPackageEnabled=false
09-13 14:32:27.469 1774 1786 D ViewRootImpl: windowFocusChanged false com.google.android.tvlauncher
09-13 14:32:27.469 684 6956 W NvAppProfileService: App Profiles: Enabled
09-13 14:32:27.482 1558 2225 I zygote64: Looking for service vendor.nvidia.hardware.power@1.0::IPower/default
09-13 14:32:27.482 285 285 W /system/bin/hwservicemanager: getTransportFromManifest: Cannot find entry vendor.nvidia.hardware.power@1.0::IPower in either framework or device manifest, using default transport.
09-13 14:32:27.482 1558 2225 I zygote64: Starting thread pool.
09-13 14:32:27.509 835 851 I zygote64: Background concurrent copying GC freed 13051(1021KB) AllocSpace objects, 0(0B) LOS objects, 49% free, 1628KB/3MB, paused 5.026ms total 16.507ms
09-13 14:32:27.526 684 757 D WindowManager: handleComboKeys keyCode: 3, keyAction: 1
09-13 14:32:27.526 684 757 D WindowManager: isOnHomeScreen mLastTopComponent: ComponentInfo{com.google.android.tvlauncher/com.google.android.tvlauncher.HomeScreen}, componentName: ComponentInfo{com.android.systemui/com.android.systemui.recents.tv.RecentsTvActivity}
09-13 14:32:27.526 684 757 D WindowManager: isOnHomeScreen activity.name: com.google.android.tvlauncher.HomeScreen
09-13 14:32:27.526 684 757 D WindowManager: isOnHomeScreen activity.name: dxidev.sideloadchannel.HomeActivity
09-13 14:32:27.526 684 757 D WindowManager: isOnHomeScreen activity.name: com.android.tv.settings.system.FallbackHome
09-13 14:32:27.527 684 757 D WindowManager: handleComboKeys isOnHomeScreen: false
09-13 14:32:27.599 919 939 D RSMouse : mFeatureEnabled=true mPackageEnabled=false
09-13 14:32:27.600 835 852 D ViewRootImpl: windowFocusChanged true com.android.systemui
09-13 14:32:27.618 835 835 W View : requestLayout() improperly called by com.android.systemui.recents.tv.views.TaskCardView{5037f74 VFE...C.. .F....ID 704,0-1216,476} during layout: running second layout pass
09-13 14:32:27.636 684 711 I ActivityManager: Displayed com.android.systemui/.recents.tv.RecentsTvActivity: +183ms
09-13 14:32:27.641 355 355 E powerHAL::common: Unknown power hint: 0x8
09-13 14:32:27.669 1774 1774 I AppLifecycleTracker: onActivitySaveInstanceState:
09-13 14:32:27.671 1774 1774 I AppLifecycleTracker: onActivityStopped:
09-13 14:32:27.818 1307 1346 I ShieldBluetoothScanPolicy: Scans disallowed due to PACKAGE POLL
09-13 14:32:27.819 1307 1346 D BluetoothAdapter: isLeEnabled(): ON
09-13 14:32:27.822 791 812 D BluetoothAdapterProperties: Discoverable Timeout:-1
09-13 14:32:27.823 791 812 D BluetoothAdapterProperties: Scan Mode:21
09-13 14:32:28.471 684 757 D WindowManager: handleComboKeys keyCode: 20, keyAction: 0
09-13 14:32:28.561 684 757 D WindowManager: handleComboKeys keyCode: 20, keyAction: 1
09-13 14:32:28.899 684 757 D WindowManager: handleComboKeys keyCode: 23, keyAction: 0
09-13 14:32:28.982 413 3336 I WVCdm : CdmEngine::QueryStatus
09-13 14:32:29.011 684 757 D WindowManager: handleComboKeys keyCode: 23, keyAction: 1
09-13 14:32:29.013 684 780 W AudioTrack: dead IAudioTrack, PCM, creating a new one from getTimestampExtended()
09-13 14:32:29.019 408 6765 I NvAudioPolicyManager: getOutputForAttr() device 0x400, samplingRate 48000, format 1, channelMask 3, flags 4 strategy 0x0
09-13 14:32:29.020 684 780 I AudioTrack: AUDIO_OUTPUT_FLAG_FAST successful; frameCount 4512 -> 4512
09-13 14:32:29.047 684 1650 I ActivityManager: START u0 {act=android.intent.action.MAIN cat=[android.intent.category.HOME] flg=0x10200000 cmp=com.google.android.tvlauncher/.HomeScreen (has extras)} from uid 10031
09-13 14:32:29.049 355 355 E powerHAL::common: Unknown power hint: 0x8
09-13 14:32:29.057 919 3468 D RSMouse : mFeatureEnabled=true mPackageEnabled=false
09-13 14:32:29.057 835 1185 D ViewRootImpl: windowFocusChanged false com.android.systemui
09-13 14:32:29.072 1774 1774 I AppLifecycleTracker: onActivityStarted:
09-13 14:32:29.073 1774 1774 E DataLoader: Exception in onStartLoading() on registering content observer for content uri: content://tvlauncher.mic/farfield_mic_status
09-13 14:32:29.073 1774 1774 E DataLoader: java.lang.SecurityException: Failed to find provider tvlauncher.mic for user 0; expected to find a valid ContentProvider for this authority
09-13 14:32:29.073 1774 1774 E DataLoader: at android.os.Parcel.readException(Parcel.java:1943)
09-13 14:32:29.073 1774 1774 E DataLoader: at android.os.Parcel.readException(Parcel.java:1889)
09-13 14:32:29.073 1774 1774 E DataLoader: at android.content.IContentService$Stub$Proxy.registerContentObserver(IContentService.java:768)
09-13 14:32:29.073 1774 1774 E DataLoader: at android.content.ContentResolver.registerContentObserver(ContentResolver.java:1924)
09-13 14:32:29.073 1774 1774 E DataLoader: at android.content.ContentResolver.registerContentObserver(ContentResolver.java:1913)
09-13 14:32:29.073 1774 1774 E DataLoader: at com.google.android.tvlauncher.data.DataLoader.onStartLoading(DataLoader.java:75)
09-13 14:32:29.073 1774 1774 E DataLoader: at android.content.Loader.startLoading(Loader.java:290)
09-13 14:32:29.073 1774 1774 E DataLoader: at android.app.LoaderManagerImpl$LoaderInfo.start(LoaderManager.java:283)
09-13 14:32:29.073 1774 1774 E DataLoader: at android.app.LoaderManagerImpl.doStart(LoaderManager.java:783)
09-13 14:32:29.073 1774 1774 E DataLoader: at android.app.Fragment.onStart(Fragment.java:1735)
09-13 14:32:29.073 1774 1774 E DataLoader: at com.google.android.tvlauncher.home.HomeFragment.onStart(HomeFragment.java:310)
09-13 14:32:29.073 1774 1774 E DataLoader: at android.app.Fragment.performStart(Fragment.java:2637)
09-13 14:32:29.073 1774 1774 E DataLoader: at android.app.FragmentManagerImpl.moveToState(FragmentManager.java:1312)
09-13 14:32:29.073 1774 1774 E DataLoader: at android.app.FragmentManagerImpl.moveFragmentToExpectedState(FragmentManager.java:1549)
09-13 14:32:29.073 1774 1774 E DataLoader: at android.app.FragmentManagerImpl.moveToState(FragmentManager.java:1611)
09-13 14:32:29.073 1774 1774 E DataLoader: at android.app.FragmentManagerImpl.dispatchMoveToState(FragmentManager.java:3039)
09-13 14:32:29.073 1774 1774 E DataLoader: at android.app.FragmentManagerImpl.dispatchStart(FragmentManager.java:2996)
09-13 14:32:29.073 1774 1774 E DataLoader: at android.app.FragmentController.dispatchStart(FragmentController.java:189)
09-13 14:32:29.073 1774 1774 E DataLoader: at android.app.Activity.performStart(Activity.java:6998)
09-13 14:32:29.073 1774 1774 E DataLoader: at android.app.Activity.performRestart(Activity.java:7066)
09-13 14:32:29.073 1774 1774 E DataLoader: at android.app.Activity.performResume(Activity.java:7071)
09-13 14:32:29.073 1774 1774 E DataLoader: at android.app.ActivityThread.performResumeActivity(ActivityThread.java:3671)
09-13 14:32:29.073 1774 1774 E DataLoader: at android.app.ActivityThread.handleResumeActivity(ActivityThread.java:3736)
09-13 14:32:29.073 1774 1774 E DataLoader: at android.app.ActivityThread$H.handleMessage(ActivityThread.java:1644)
09-13 14:32:29.073 1774 1774 E DataLoader: at android.os.Handler.dispatchMessage(Handler.java:105)
09-13 14:32:29.073 1774 1774 E DataLoader: at android.os.Looper.loop(Looper.java:164)
09-13 14:32:29.073 1774 1774 E DataLoader: at android.app.ActivityThread.main(ActivityThread.java:6592)
09-13 14:32:29.073 1774 1774 E DataLoader: at java.lang.reflect.Method.invoke(Native Method)
09-13 14:32:29.073 1774 1774 E DataLoader: at com.android.internal.os.Zygote$MethodAndArgsCaller.run(Zygote.java:240)
09-13 14:32:29.073 1774 1774 E DataLoader: at com.android.internal.os.ZygoteInit.main(ZygoteInit.java:767)
09-13 14:32:29.074 1774 1774 E PrtnrWidgetInfoLdr: Exception in onStartLoading() on registering content observer
09-13 14:32:29.074 1774 1774 E PrtnrWidgetInfoLdr: java.lang.SecurityException: Failed to find provider tvlauncher.widget for user 0; expected to find a valid ContentProvider for this authority
09-13 14:32:29.074 1774 1774 E PrtnrWidgetInfoLdr: at android.os.Parcel.readException(Parcel.java:1943)
09-13 14:32:29.074 1774 1774 E PrtnrWidgetInfoLdr: at android.os.Parcel.readException(Parcel.java:1889)
09-13 14:32:29.074 1774 1774 E PrtnrWidgetInfoLdr: at android.content.IContentService$Stub$Proxy.registerContentObserver(IContentService.java:768)
09-13 14:32:29.074 1774 1774 E PrtnrWidgetInfoLdr: at android.content.ContentResolver.registerContentObserver(ContentResolver.java:1924)
09-13 14:32:29.074 1774 1774 E PrtnrWidgetInfoLdr: at android.content.ContentResolver.registerContentObserver(ContentResolver.java:1913)
09-13 14:32:29.074 1774 1774 E PrtnrWidgetInfoLdr: at com.google.android.tvlauncher.data.PartnerWidgetInfoLoader.onStartLoading(PartnerWidgetInfoLoader.java:66)
09-13 14:32:29.074 1774 1774 E PrtnrWidgetInfoLdr: at android.content.Loader.startLoading(Loader.java:290)
09-13 14:32:29.074 1774 1774 E PrtnrWidgetInfoLdr: at android.app.LoaderManagerImpl$LoaderInfo.start(LoaderManager.java:283)
09-13 14:32:29.074 1774 1774 E PrtnrWidgetInfoLdr: at android.app.LoaderManagerImpl.doStart(LoaderManager.java:783)
09-13 14:32:29.074 1774 1774 E PrtnrWidgetInfoLdr: at android.app.Fragment.onStart(Fragment.java:1735)
09-13 14:32:29.074 1774 1774 E PrtnrWidgetInfoLdr: at com.google.android.tvlauncher.home.HomeFragment.onStart(HomeFragment.java:310)
09-13 14:32:29.074 1774 1774 E PrtnrWidgetInfoLdr: at android.app.Fragment.performStart(Fragment.java:2637)
09-13 14:32:29.074 1774 1774 E PrtnrWidgetInfoLdr: at android.app.FragmentManagerImpl.moveToState(FragmentManager.java:1312)
09-13 14:32:29.074 1774 1774 E PrtnrWidgetInfoLdr: at android.app.FragmentManagerImpl.moveFragmentToExpectedState(FragmentManager.java:1549)
09-13 14:32:29.074 1774 1774 E PrtnrWidgetInfoLdr: at android.app.FragmentManagerImpl.moveToState(FragmentManager.java:1611)
09-13 14:32:29.074 1774 1774 E PrtnrWidgetInfoLdr: at android.app.FragmentManagerImpl.dispatchMoveToState(FragmentManager.java:3039)
09-13 14:32:29.074 1774 1774 E PrtnrWidgetInfoLdr: at android.app.FragmentManagerImpl.dispatchStart(FragmentManager.java:2996)
09-13 14:32:29.074 1774 1774 E PrtnrWidgetInfoLdr: at android.app.FragmentController.dispatchStart(FragmentController.java:189)
09-13 14:32:29.074 1774 1774 E PrtnrWidgetInfoLdr: at android.app.Activity.performStart(Activity.java:6998)
09-13 14:32:29.074 1774 1774 E PrtnrWidgetInfoLdr: at android.app.Activity.performRestart(Activity.java:7066)
09-13 14:32:29.074 1774 1774 E PrtnrWidgetInfoLdr: at android.app.Activity.performResume(Activity.java:7071)
09-13 14:32:29.074 1774 1774 E PrtnrWidgetInfoLdr: at android.app.ActivityThread.performResumeActivity(ActivityThread.java:3671)
09-13 14:32:29.074 1774 1774 E PrtnrWidgetInfoLdr: at android.app.ActivityThread.handleResumeActivity(ActivityThread.java:3736)
09-13 14:32:29.074 1774 1774 E PrtnrWidgetInfoLdr: at android.app.ActivityThread$H.handleMessage(ActivityThread.java:1644)
09-13 14:32:29.074 1774 1774 E PrtnrWidgetInfoLdr: at android.os.Handler.dispatchMessage(Handler.java:105)
09-13 14:32:29.074 1774 1774 E PrtnrWidgetInfoLdr: at android.os.Looper.loop(Looper.java:164)
09-13 14:32:29.074 1774 1774 E PrtnrWidgetInfoLdr: at android.app.ActivityThread.main(ActivityThread.java:6592)
09-13 14:32:29.074 1774 1774 E PrtnrWidgetInfoLdr: at java.lang.reflect.Method.invoke(Native Method)
09-13 14:32:29.074 1774 1774 E PrtnrWidgetInfoLdr: at com.android.internal.os.Zygote$MethodAndArgsCaller.run(Zygote.java:240)
09-13 14:32:29.074 1774 1774 E PrtnrWidgetInfoLdr: at com.android.internal.os.ZygoteInit.main(ZygoteInit.java:767)
09-13 14:32:29.074 1774 6936 E ActivityThread: Failed to find provider info for tvlauncher.mic
09-13 14:32:29.076 1774 6938 E ActivityThread: Failed to find provider info for tvlauncher.widget
09-13 14:32:29.076 1558 2240 I zygote64: Looking for service vendor.nvidia.hardware.power@1.0::IPower/default
09-13 14:32:29.077 1774 1774 I AppLifecycleTracker: onActivityResumed:
09-13 14:32:29.079 285 285 W /system/bin/hwservicemanager: getTransportFromManifest: Cannot find entry vendor.nvidia.hardware.power@1.0::IPower in either framework or device manifest, using default transport.
09-13 14:32:29.081 1740 1740 D NotifInteractonRcvr: Show unseen default level notification toasts
09-13 14:32:29.085 2771 6964 E zygote64: No implementation found for boolean org.xbmc.kodi.XBMCFile._open(java.lang.String) (tried Java_org_xbmc_kodi_XBMCFile__1open and Java_org_xbmc_kodi_XBMCFile__1open__Ljava_lang_String_2)
09-13 14:32:29.085 2771 6964 E Kodifile: Open: Not available
09-13 14:32:29.088 919 939 D RSMouse : mFeatureEnabled=true mPackageEnabled=false
09-13 14:32:29.090 1774 1787 D ViewRootImpl: windowFocusChanged true com.google.android.tvlauncher
09-13 14:32:29.091 1774 2313 D skia : --- SkAndroidCodec::NewFromStream returned null
09-13 14:32:29.091 2771 6965 E zygote64: No implementation found for boolean org.xbmc.kodi.XBMCFile._open(java.lang.String) (tried Java_org_xbmc_kodi_XBMCFile__1open and Java_org_xbmc_kodi_XBMCFile__1open__Ljava_lang_String_2)
09-13 14:32:29.091 1774 2313 D skia : --- SkAndroidCodec::NewFromStream returned null
09-13 14:32:29.091 2771 6965 E Kodifile: Open: Not available
09-13 14:32:29.093 1612 1612 D ControllerMapper_S: same binder for com.google.android.tvlauncher skipping
09-13 14:32:29.093 1612 1612 D ControllerMapper_S: notifyAppName com.google.android.tvlauncher old :com.google.android.tvlauncher
09-13 14:32:29.094 1774 2293 D skia : --- SkAndroidCodec::NewFromStream returned null
09-13 14:32:29.094 1774 2293 D skia : --- SkAndroidCodec::NewFromStream returned null
09-13 14:32:29.101 1558 2240 I zygote64: Starting thread pool.
09-13 14:32:29.105 2771 6967 E zygote64: No implementation found for boolean org.xbmc.kodi.XBMCFile._open(java.lang.String) (tried Java_org_xbmc_kodi_XBMCFile__1open and Java_org_xbmc_kodi_XBMCFile__1open__Ljava_lang_String_2)
09-13 14:32:29.105 2771 6966 E zygote64: No implementation found for boolean org.xbmc.kodi.XBMCFile._open(java.lang.String) (tried Java_org_xbmc_kodi_XBMCFile__1open and Java_org_xbmc_kodi_XBMCFile__1open__Ljava_lang_String_2)
09-13 14:32:29.105 2771 6967 E Kodifile: Open: Not available
09-13 14:32:29.105 2771 6966 E Kodifile: Open: Not available
09-13 14:32:29.106 1774 2317 D skia : --- SkAndroidCodec::NewFromStream returned null
09-13 14:32:29.106 1774 2317 D skia : --- SkAndroidCodec::NewFromStream returned null
09-13 14:32:29.107 2771 6968 E zygote64: No implementation found for boolean org.xbmc.kodi.XBMCFile._open(java.lang.String) (tried Java_org_xbmc_kodi_XBMCFile__1open and Java_org_xbmc_kodi_XBMCFile__1open__Ljava_lang_String_2)
09-13 14:32:29.107 2771 6968 E Kodifile: Open: Not available
09-13 14:32:29.108 419 1171 E MetadataRetrieverClient: offset (0) bigger than file size (0)
09-13 14:32:29.108 2771 6969 E zygote64: No implementation found for boolean org.xbmc.kodi.XBMCFile._open(java.lang.String) (tried Java_org_xbmc_kodi_XBMCFile__1open and Java_org_xbmc_kodi_XBMCFile__1open__Ljava_lang_String_2)
09-13 14:32:29.108 2771 6969 E Kodifile: Open: Not available
09-13 14:32:29.108 419 1046 E MetadataRetrieverClient: offset (0) bigger than file size (0)
09-13 14:32:29.110 419 1046 E MetadataRetrieverClient: offset (0) bigger than file size (0)
09-13 14:32:29.114 1774 1774 W Glide : Load failed for content://org.xbmc.kodi.file#image%3A%2F%2Fsmb%253a%252f%252f192.168.1.2%252fH%252ffilm%252fserienzeitweise3385%252fRiverdale%2520(2017)%252fthumb.jpg%2F with size [564x306]
09-13 14:32:29.114 1774 1774 W Glide : class com.bumptech.glide.load.engine.GlideException: Failed to load resource
09-13 14:32:29.114 1774 1774 W Glide : Cause (1 of 2): class com.bumptech.glide.load.engine.GlideException: Failed LoadPath{AutoCloseInputStream->Object->PaletteBitmapContainer}, LOCAL
09-13 14:32:29.114 1774 1774 W Glide : Cause (1 of 1): class com.bumptech.glide.load.engine.GlideException: Failed DecodePath{AutoCloseInputStream->Bitmap->PaletteBitmapContainer}
09-13 14:32:29.114 1774 1774 W Glide : Cause (2 of 2): class com.bumptech.glide.load.engine.GlideException: Failed LoadPath{ParcelFileDescriptorInner->Object->PaletteBitmapContainer}, LOCAL
09-13 14:32:29.114 1774 1774 W Glide : Cause (1 of 1): class com.bumptech.glide.load.engine.GlideException: Failed DecodePath{ParcelFileDescriptorInner->Bitmap->PaletteBitmapContainer}
09-13 14:32:29.114 1774 1774 E Glide : class com.bumptech.glide.load.engine.GlideException: Failed to load resource
09-13 14:32:29.114 1774 1774 W Glide : Load failed for content://org.xbmc.kodi.file#image%3A%2F%2Fhttp%253a%252f%252fimage.tmdb.org%252ft%252fp%252fw342%252fcex9Tml8m8E0QZOUlnIDvuFHBpT.jpg%2F with size [564x306]
09-13 14:32:29.114 1774 1774 W Glide : class com.bumptech.glide.load.engine.GlideException: Failed to load resource
09-13 14:32:29.114 1774 1774 W Glide : Cause (1 of 2): class com.bumptech.glide.load.engine.GlideException: Failed LoadPath{AutoCloseInputStream->Object->PaletteBitmapContainer}, LOCAL
09-13 14:32:29.114 1774 1774 W Glide : Cause (1 of 1): class com.bumptech.glide.load.engine.GlideException: Failed DecodePath{AutoCloseInputStream->Bitmap->PaletteBitmapContainer}
09-13 14:32:29.114 1774 1774 W Glide : Cause (2 of 2): class com.bumptech.glide.load.engine.GlideException: Failed LoadPath{ParcelFileDescriptorInner->Object->PaletteBitmapContainer}, LOCAL
09-13 14:32:29.114 1774 1774 W Glide : Cause (1 of 1): class com.bumptech.glide.load.engine.GlideException: Failed DecodePath{ParcelFileDescriptorInner->Bitmap->PaletteBitmapContainer}
09-13 14:32:29.114 1774 1774 E Glide : class com.bumptech.glide.load.engine.GlideException: Failed to load resource
09-13 14:32:29.116 1774 1774 W Glide : Load failed for content://org.xbmc.kodi.file#image%3A%2F%2Fhttp%253a%252f%252fimage.tmdb.org%252ft%252fp%252fw500%252foIOzNshRATOn6LiD4GEhznVHYd9.jpg%2F with size [564x306]
09-13 14:32:29.116 1774 1774 W Glide : class com.bumptech.glide.load.engine.GlideException: Failed to load resource
09-13 14:32:29.116 1774 1774 W Glide : Cause (1 of 2): class com.bumptech.glide.load.engine.GlideException: Failed LoadPath{AutoCloseInputStream->Object->PaletteBitmapContainer}, LOCAL
09-13 14:32:29.116 1774 1774 W Glide : Cause (1 of 1): class com.bumptech.glide.load.engine.GlideException: Failed DecodePath{AutoCloseInputStream->Bitmap->PaletteBitmapContainer}
09-13 14:32:29.116 1774 1774 W Glide : Cause (2 of 2): class com.bumptech.glide.load.engine.GlideException: Failed LoadPath{ParcelFileDescriptorInner->Object->PaletteBitmapContainer}, LOCAL
09-13 14:32:29.116 1774 1774 W Glide : Cause (1 of 1): class com.bumptech.glide.load.engine.GlideException: Failed DecodePath{ParcelFileDescriptorInner->Bitmap->PaletteBitmapContainer}
09-13 14:32:29.116 1774 1774 E Glide : class com.bumptech.glide.load.engine.GlideException: Failed to load resource
09-13 14:32:29.118 355 355 E powerHAL::common: Unknown power hint: 0x8
09-13 14:32:29.167 835 6970 I zygote64: Explicit concurrent copying GC freed 7628(571KB) AllocSpace objects, 0(0B) LOS objects, 50% free, 1482KB/2MB, paused 325us total 25.118ms
09-13 14:32:29.302 413 3333 I WVCdm : CdmEngine::QueryStatus
09-13 14:32:29.459 285 285 W /system/bin/hwservicemanager: getTransportFromManifest: Cannot find entry android.hardware.drm@1.0::IDrmFactory in either framework or device manifest, using default transport.
09-13 14:32:29.461 413 451 I DrmHal : makeDrmFactories: using default drm instance
09-13 14:32:29.462 413 3333 I WVCdm : CdmEngine::QueryStatus
09-13 14:32:29.462 413 451 I WVCdm : CdmEngine::QueryStatus
09-13 14:32:29.790 352 352 E hw-IPCThreadState: binder thread pool (1 threads) starved for 111 ms
09-13 14:32:29.815 413 3433 I WVCdm : CdmEngine::QueryStatus
09-13 14:32:29.828 1307 1346 I ShieldBluetoothScanPolicy: Scans allowed due to PACKAGE POLL
09-13 14:32:29.829 1307 1346 D BluetoothAdapter: isLeEnabled(): ON
09-13 14:32:29.830 1307 1321 D BluetoothLeScanner: onScannerRegistered() - status=0 scannerId=5 mScannerId=0
09-13 14:32:29.834 791 812 D BluetoothAdapterProperties: Discoverable Timeout:-1
09-13 14:32:29.835 791 812 D BluetoothAdapterProperties: Scan Mode:23
09-13 14:32:29.989 6501 6537 I Finsky : [119] com.google.android.finsky.bq.ab.run(5): Stats for Executor: BlockingExecutor com.google.android.finsky.bq.ac@5c4c482[Running, pool size = 0, active threads = 0, queued tasks = 0, completed tasks = 0]
09-13 14:32:29.989 6501 6537 I Finsky : [119] com.google.android.finsky.bq.ab.run(5): Stats for Executor: LightweightExecutor com.google.android.finsky.bq.ac@7337793[Running, pool size = 1, active threads = 0, queued tasks = 0, completed tasks = 1]
09-13 14:32:30.635 413 3336 I WVCdm : CdmEngine::QueryStatus
09-13 14:32:31.945 413 3333 I WVCdm : CdmEngine::QueryStatus
09-13 14:32:32.078 1740 1752 D TVNotifService: getConnectedInstanceBlocking - block
09-13 14:32:32.083 1740 1752 D TVNotifService: getConnectedInstanceBlockingWithTimeout - done
09-13 14:32:32.108 1774 1774 E Clearcut-EventLogger: Unexpected log parameter tray_notification_count
09-13 14:32:33.873 1323 1413 V MediaProvider: pruneThumbnails
09-13 14:32:33.875 1323 1413 V MediaProvider: /pruneDeadThumbnailFiles...
09-13 14:32:33.876 684 702 W BroadcastQueue: Background execution not allowed: receiving Intent { act=android.intent.action.MEDIA_SCANNER_FINISHED dat=file:///storage/emulated/0 flg=0x10 } to com.nvidia.shield.nas/.StateMonitor
09-13 14:32:33.876 684 702 W BroadcastQueue: Background execution not allowed: receiving Intent { act=android.intent.action.MEDIA_SCANNER_FINISHED dat=file:///storage/emulated/0 flg=0x10 } to com.archos.mediacenter.videofree/com.archos.mediaprovider.video.VideoStoreImportReceiver
09-13 14:32:33.879 684 702 W BroadcastQueue: Background execution not allowed: receiving Intent { act=android.intent.action.MEDIA_SCANNER_STARTED dat=file:///storage/emulated/0 flg=0x10 } to com.nvidia.shield.nas/.StateMonitor
09-13 14:32:33.879 684 702 W BroadcastQueue: Background execution not allowed: receiving Intent { act=android.intent.action.MEDIA_SCANNER_STARTED dat=file:///storage/emulated/0 flg=0x10 } to com.archos.mediacenter.videofree/com.archos.mediaprovider.video.VideoStoreImportReceiver
09-13 14:32:34.043 413 451 I WVCdm : CdmEngine::QueryStatus
09-13 14:32:35.208 684 684 I ActivityManager: Start proc 6977:org.xbmc.kodinerds/u0a107 for service org.xbmc.kodinerds/.channels.SyncChannelJobService
09-13 14:32:35.210 6977 6977 I zygote64: Late-enabling -Xcheck:jni
09-13 14:32:35.304 6977 6977 W ActivityThread: Application org.xbmc.kodinerds can be debugged on port 8100...
09-13 14:32:35.363 6977 6977 D RecommendChannelJobSvc: Starting channel creation job
