09-13 14:31:53.223 5181 6716 V Kodi : Debug Print: JSONRPC: Could not parse type "Setting.Details.SettingList"
09-13 14:31:53.224 5181 6716 V Kodi : Debug Print: JSONRPC: Adding type "Setting.Details.SettingList" to list of incomplete definitions (waiting for "Setting.Details.Setting")
09-13 14:31:53.224 5181 6716 V Kodi : Debug Print: JSONRPC: Resolving incomplete types/methods referencing Setting.Details.Setting
09-13 14:31:53.225 5181 6760 V Kodi : Debug Print: CAddonMgr::GetAvailableUpdates took 44 ms
09-13 14:31:53.269 5181 6716 V Kodi : Debug Print: JSONRPC v9.6.0: Successfully initialized
09-13 14:31:53.272 5181 6716 V Kodi : Debug Print: LoadMappings - loaded node "Motorola Nyxboard Hybrid"
09-13 14:31:53.276 5181 6716 V Kodi : Debug Print: LoadMappings - loaded node "CEC Adapter"
09-13 14:31:53.276 5181 6716 V Kodi : Debug Print: LoadMappings - loaded node "Pulse-Eight CEC Adapter"
09-13 14:31:53.277 5181 6716 V Kodi : Debug Print: LoadMappings - loaded node "iMON HID device"
09-13 14:31:53.277 5181 6716 V Kodi : Debug Print: LoadMappings - loaded node "WETEK Play remote"
09-13 14:31:53.277 5181 6716 V Kodi : Debug Print: LoadMappings - loaded node ""
09-13 14:31:53.278 5181 6716 V Kodi : Debug Print: Add-on bus: Registering add-on peripheral.joystick
09-13 14:31:53.279 5181 6716 V Kodi : Debug Print: PERIPHERAL - CreateAddon - creating peripheral add-on instance 'Joystick Support'
09-13 14:31:53.281 5181 6716 V Kodi : Debug Print: ADDON: Dll Initializing - Joystick Support
09-13 14:31:53.282 5181 6716 V Kodi : Debug Print: SECTION:LoadDLL(/data/app/org.xbmc.kodinerds-MLE3dcA59sJB4FsoUH5MOg==/lib/arm64/libperipheral.joystick.so)
09-13 14:31:53.282 5181 6716 V Kodi : Debug Print: Loading: /data/app/org.xbmc.kodinerds-MLE3dcA59sJB4FsoUH5MOg==/lib/arm64/libperipheral.joystick.so
09-13 14:31:53.288 5181 6716 V Kodi : Debug Print: AddOnLog: Joystick Support: No joystick APIs in use
09-13 14:31:53.291 5181 6716 V Kodi : Debug Print: AddOnLog: Joystick Support: Loaded 14 joystick families with 97 total joysticks
09-13 14:31:53.291 5181 6716 V Kodi : Debug Print: Calling TransferSettings for: Joystick Support
09-13 14:31:53.292 5181 6716 V Kodi : Debug Print: CAddonSettings[peripheral.joystick]: loading setting definitions
09-13 14:31:53.293 5181 6716 V Kodi : Debug Print: CPeripheralBusAndroid: scanning for input devices...
09-13 14:31:53.295 5181 6716 V Kodi : Debug Print: CPeripheralBusAndroid: Device discovered:
09-13 14:31:53.295 5181 6716 V Kodi : Debug Print: Name: "NVIDIA Virtual Mouse"
09-13 14:31:53.296 5181 6716 V Kodi : Debug Print: ID: -3
09-13 14:31:53.296 5181 6716 V Kodi : Debug Print: Controller number: 0
09-13 14:31:53.296 5181 6716 V Kodi : Debug Print: Descriptor: "5345c6da1d26dd..."
09-13 14:31:53.296 5181 6716 V Kodi : Debug Print: Product ID: 0000
09-13 14:31:53.296 5181 6716 V Kodi : Debug Print: Vendor ID: 0000
09-13 14:31:53.297 5181 6716 V Kodi : Debug Print: Has microphone: false
09-13 14:31:53.297 5181 6716 V Kodi : Debug Print: Is virtual: true
09-13 14:31:53.297 5181 6716 V Kodi : Debug Print: Source flags: 0x00002103
09-13 14:31:53.297 5181 6716 V Kodi : Debug Print: Has source: SOURCE_KEYBOARD (0x00000101)
09-13 14:31:53.297 5181 6716 V Kodi : Debug Print: Has source: SOURCE_MOUSE (0x00002002)
09-13 14:31:53.299 5181 6716 V Kodi : Debug Print: Has key: AKEYCODE_HOME (3)
09-13 14:31:53.299 5181 6716 V Kodi : Debug Print: Has key: AKEYCODE_BACK (4)
09-13 14:31:53.307 5181 6760 V Kodi : Debug Print: CAndroidAppDirectory::GetDirectory: apps
09-13 14:31:53.307 5181 6716 V Kodi : Debug Print: Has key: AKEYCODE_0 (7)
09-13 14:31:53.307 5181 6716 V Kodi : Debug Print: Has key: AKEYCODE_1 (8)
09-13 14:31:53.307 5181 6716 V Kodi : Debug Print: Has key: AKEYCODE_2 (9)
09-13 14:31:53.308 5181 6716 V Kodi : Debug Print: Has key: AKEYCODE_3 (10)
09-13 14:31:53.308 5181 6716 V Kodi : Debug Print: Has key: AKEYCODE_4 (11)
09-13 14:31:53.308 5181 6716 V Kodi : Debug Print: Has key: AKEYCODE_5 (12)
09-13 14:31:53.308 5181 6716 V Kodi : Debug Print: Has key: AKEYCODE_6 (13)
09-13 14:31:53.309 5181 6716 V Kodi : Debug Print: Has key: AKEYCODE_7 (14)
09-13 14:31:53.309 5181 6716 V Kodi : Debug Print: Has key: AKEYCODE_8 (15)
09-13 14:31:53.309 5181 6716 V Kodi : Debug Print: Has key: AKEYCODE_9 (16)
09-13 14:31:53.309 5181 6716 V Kodi : Debug Print: Has key: AKEYCODE_DPAD_UP (19)
09-13 14:31:53.309 5181 6716 V Kodi : Debug Print: Has key: AKEYCODE_DPAD_DOWN (20)
09-13 14:31:53.310 5181 6716 V Kodi : Debug Print: Has key: AKEYCODE_DPAD_LEFT (21)
09-13 14:31:53.310 5181 6716 V Kodi : Debug Print: Has key: AKEYCODE_DPAD_RIGHT (22)
09-13 14:31:53.310 5181 6716 V Kodi : Debug Print: Has key: AKEYCODE_DPAD_CENTER (23)
09-13 14:31:53.310 5181 6716 V Kodi : Debug Print: Has key: AKEYCODE_VOLUME_UP (24)
09-13 14:31:53.311 5181 6716 V Kodi : Debug Print: Has key: AKEYCODE_VOLUME_DOWN (25)
09-13 14:31:53.311 5181 6716 V Kodi : Debug Print: Has key: AKEYCODE_POWER (26)
09-13 14:31:53.311 5181 6716 V Kodi : Debug Print: Has key: AKEYCODE_A (29)
09-13 14:31:53.312 5181 6716 V Kodi : Debug Print: Has key: AKEYCODE_B (30)
09-13 14:31:53.312 5181 6716 V Kodi : Debug Print: Has key: AKEYCODE_D (32)
09-13 14:31:53.312 5181 6716 V Kodi : Debug Print: Has key: AKEYCODE_E (33)
09-13 14:31:53.312 5181 6716 V Kodi : Debug Print: Has key: AKEYCODE_F (34)
09-13 14:31:53.312 5181 6716 V Kodi : Debug Print: Has key: AKEYCODE_G (35)
09-13 14:31:53.312 5181 6716 V Kodi : Debug Print: Has key: AKEYCODE_H (36)
09-13 14:31:53.312 5181 6716 V Kodi : Debug Print: Has key: AKEYCODE_I (37)
09-13 14:31:53.312 5181 6716 V Kodi : Debug Print: Has key: AKEYCODE_J (38)
09-13 14:31:53.312 5181 6716 V Kodi : Debug Print: Has key: AKEYCODE_K (39)
09-13 14:31:53.312 5181 6716 V Kodi : Debug Print: Has key: AKEYCODE_L (40)
09-13 14:31:53.312 5181 6716 V Kodi : Debug Print: Has key: AKEYCODE_O (43)
09-13 14:31:53.312 5181 6716 V Kodi : Debug Print: Has key: AKEYCODE_S (47)
09-13 14:31:53.313 5181 6716 V Kodi : Debug Print: Has key: AKEYCODE_U (49)
09-13 14:31:53.313 5181 6716 V Kodi : Debug Print: Has key: AKEYCODE_EXPLORER (64)
09-13 14:31:53.313 5181 6716 V Kodi : Debug Print: Has key: AKEYCODE_ENVELOPE (65)
09-13 14:31:53.313 5181 6716 V Kodi : Debug Print: Has key: AKEYCODE_ENTER (66)
09-13 14:31:53.313 5181 6716 V Kodi : Debug Print: Has key: AKEYCODE_DEL (67)
09-13 14:31:53.313 5181 6716 V Kodi : Debug Print: Has key: AKEYCODE_EQUALS (70)
09-13 14:31:53.313 5181 6716 V Kodi : Debug Print: Has key: AKEYCODE_LEFT_BRACKET (71)
09-13 14:31:53.313 5181 6716 V Kodi : Debug Print: Has key: AKEYCODE_BACKSLASH (73)
09-13 14:31:53.313 5181 6716 V Kodi : Debug Print: Has key: AKEYCODE_HEADSETHOOK (79)
09-13 14:31:53.313 5181 6716 V Kodi : Debug Print: Has key: AKEYCODE_MENU (82)
09-13 14:31:53.313 5181 6716 V Kodi : Debug Print: Has key: AKEYCODE_MEDIA_PLAY_PAUSE (85)
09-13 14:31:53.313 5181 6716 V Kodi : Debug Print: Has key: AKEYCODE_MEDIA_STOP (86)
09-13 14:31:53.314 5181 6716 V Kodi : Debug Print: Has key: AKEYCODE_MEDIA_NEXT (87)
09-13 14:31:53.314 5181 6716 V Kodi : Debug Print: Has key: AKEYCODE_MEDIA_PREVIOUS (88)
09-13 14:31:53.314 5181 6716 V Kodi : Debug Print: Has key: AKEYCODE_MEDIA_REWIND (89)
09-13 14:31:53.314 5181 6716 V Kodi : Debug Print: Has key: AKEYCODE_MEDIA_FAST_FORWARD (90)
09-13 14:31:53.314 5181 6716 V Kodi : Debug Print: Has key: AKEYCODE_BUTTON_A (96)
09-13 14:31:53.314 5181 6716 V Kodi : Debug Print: Has key: AKEYCODE_BUTTON_B (97)
09-13 14:31:53.314 5181 6716 V Kodi : Debug Print: Has key: AKEYCODE_BUTTON_X (99)
09-13 14:31:53.314 5181 6716 V Kodi : Debug Print: Has key: AKEYCODE_BUTTON_Y (100)
09-13 14:31:53.314 5181 6716 V Kodi : Debug Print: Has key: AKEYCODE_CTRL_LEFT (113)
09-13 14:31:53.314 5181 6716 V Kodi : Debug Print: Has key: AKEYCODE_FUNCTION (119)
09-13 14:31:53.315 5181 6716 V Kodi : Debug Print: Has key: AKEYCODE_SYSRQ (120)
09-13 14:31:53.315 5181 6716 V Kodi : Debug Print: Has key: AKEYCODE_BREAK (121)
09-13 14:31:53.316 5181 6716 V Kodi : Debug Print: Has key: AKEYCODE_FORWARD (125)
09-13 14:31:53.317 5181 6716 V Kodi : Debug Print: Has key: AKEYCODE_MEDIA_PLAY (126)
09-13 14:31:53.317 5181 6716 V Kodi : Debug Print: Has key: AKEYCODE_MEDIA_PAUSE (127)
09-13 14:31:53.317 5181 6716 V Kodi : Debug Print: Has key: AKEYCODE_MEDIA_EJECT (129)
09-13 14:31:53.317 5181 6716 V Kodi : Debug Print: Has key: AKEYCODE_MEDIA_RECORD (130)
09-13 14:31:53.318 5181 6716 V Kodi : Debug Print: Has key: AKEYCODE_F1 (131)
09-13 14:31:53.318 5181 6716 V Kodi : Debug Print: Has key: AKEYCODE_F2 (132)
09-13 14:31:53.318 5181 6716 V Kodi : Debug Print: Has key: AKEYCODE_F3 (133)
09-13 14:31:53.318 5181 6716 V Kodi : Debug Print: Has key: AKEYCODE_F4 (134)
09-13 14:31:53.318 5181 6716 V Kodi : Debug Print: Has key: AKEYCODE_F5 (135)
09-13 14:31:53.319 5181 6716 V Kodi : Debug Print: Has key: AKEYCODE_F6 (136)
09-13 14:31:53.319 5181 6716 V Kodi : Debug Print: Has key: AKEYCODE_F7 (137)
09-13 14:31:53.319 5181 6716 V Kodi : Debug Print: Has key: AKEYCODE_F8 (138)
09-13 14:31:53.327 5181 6716 V Kodi : Debug Print: Has key: AKEYCODE_F9 (139)
09-13 14:31:53.327 5181 6716 V Kodi : Debug Print: Has key: AKEYCODE_F10 (140)
09-13 14:31:53.327 5181 6716 V Kodi : Debug Print: Has key: AKEYCODE_F11 (141)
09-13 14:31:53.327 5181 6716 V Kodi : Debug Print: Has key: AKEYCODE_F12 (142)
09-13 14:31:53.327 5181 6716 V Kodi : Debug Print: Has key: AKEYCODE_NUMPAD_2 (146)
09-13 14:31:53.328 5181 6716 V Kodi : Debug Print: Has key: AKEYCODE_NUMPAD_3 (147)
09-13 14:31:53.330 5181 6716 V Kodi : Debug Print: Has key: AKEYCODE_NUMPAD_9 (153)
09-13 14:31:53.331 5181 6716 V Kodi : Debug Print: Has key: AKEYCODE_NUMPAD_DIVIDE (154)
09-13 14:31:53.331 5181 6716 V Kodi : Debug Print: Has key: AKEYCODE_NUMPAD_ADD (157)
09-13 14:31:53.332 5181 6716 V Kodi : Debug Print: Has key: AKEYCODE_NUMPAD_COMMA (159)
09-13 14:31:53.332 5181 6716 V Kodi : Debug Print: Has key: AKEYCODE_NUMPAD_EQUALS (161)
09-13 14:31:53.332 5181 6716 V Kodi : Debug Print: Has key: AKEYCODE_VOLUME_MUTE (164)
09-13 14:31:53.332 5181 6716 V Kodi : Debug Print: Has key: AKEYCODE_CHANNEL_UP (166)
09-13 14:31:53.332 5181 6716 V Kodi : Debug Print: Has key: AKEYCODE_CHANNEL_DOWN (167)
09-13 14:31:53.332 5181 6716 V Kodi : Debug Print: Has key: AKEYCODE_TV (170)
09-13 14:31:53.333 5181 6716 V Kodi : Debug Print: Has key: AKEYCODE_DVR (173)
09-13 14:31:53.333 5181 6716 V Kodi : Debug Print: Has key: AKEYCODE_STB_POWER (179)
09-13 14:31:53.333 5181 6716 V Kodi : Debug Print: Has key: AKEYCODE_BUTTON_1 (188)
09-13 14:31:53.333 5181 6716 V Kodi : Debug Print: Has key: AKEYCODE_BUTTON_2 (189)
09-13 14:31:53.333 5181 6716 V Kodi : Debug Print: Has key: AKEYCODE_BUTTON_3 (190)
09-13 14:31:53.334 5181 6716 V Kodi : Debug Print: Has key: AKEYCODE_BUTTON_4 (191)
09-13 14:31:53.334 5181 6716 V Kodi : Debug Print: Has key: AKEYCODE_BUTTON_5 (192)
09-13 14:31:53.334 5181 6716 V Kodi : Debug Print: Has key: AKEYCODE_BUTTON_6 (193)
09-13 14:31:53.334 5181 6716 V Kodi : Debug Print: Has key: AKEYCODE_BUTTON_7 (194)
09-13 14:31:53.334 5181 6716 V Kodi : Debug Print: Has key: AKEYCODE_BUTTON_8 (195)
09-13 14:31:53.335 5181 6716 V Kodi : Debug Print: Has key: AKEYCODE_BUTTON_12 (199)
09-13 14:31:53.335 5181 6716 V Kodi : Debug Print: Has key: AKEYCODE_BUTTON_14 (201)
09-13 14:31:53.335 5181 6716 V Kodi : Debug Print: Has key: AKEYCODE_BUTTON_15 (202)
09-13 14:31:53.335 5181 6716 V Kodi : Debug Print: Has key: AKEYCODE_KATAKANA_HIRAGANA (215)
09-13 14:31:53.335 5181 6716 V Kodi : Debug Print: Has key: AKEYCODE_RO (217)
09-13 14:31:53.335 5181 6716 V Kodi : Debug Print: Has key: AKEYCODE_ASSIST (219)
09-13 14:31:53.335 5181 6716 V Kodi : Debug Print: Has key: AKEYCODE_SLEEP (223)
09-13 14:31:53.336 5181 6716 V Kodi : Debug Print: Has axis: AMOTION_EVENT_AXIS_X (0)
09-13 14:31:53.336 5181 6716 V Kodi : Debug Print: Endpoints: [0.000000, 1919.000000]
09-13 14:31:53.336 5181 6716 V Kodi : Debug Print: Center: 0.000000
09-13 14:31:53.336 5181 6716 V Kodi : Debug Print: Fuzz: 0.000000
09-13 14:31:53.337 5181 6716 V Kodi : Debug Print: Has axis: AMOTION_EVENT_AXIS_Y (1)
09-13 14:31:53.337 5181 6716 V Kodi : Debug Print: Endpoints: [0.000000, 1079.000000]
09-13 14:31:53.337 5181 6716 V Kodi : Debug Print: Center: 0.000000
09-13 14:31:53.337 5181 6716 V Kodi : Debug Print: Fuzz: 0.000000
09-13 14:31:53.338 5181 6716 V Kodi : Debug Print: Has axis: AMOTION_EVENT_AXIS_PRESSURE (2)
09-13 14:31:53.338 5181 6716 V Kodi : Debug Print: Endpoints: [0.000000, 1.000000]
09-13 14:31:53.338 5181 6716 V Kodi : Debug Print: Center: 0.000000
09-13 14:31:53.338 5181 6716 V Kodi : Debug Print: Fuzz: 0.000000
09-13 14:31:53.338 5181 6716 V Kodi : Debug Print: Has axis: AMOTION_EVENT_AXIS_VSCROLL (9)
09-13 14:31:53.339 5181 6716 V Kodi : Debug Print: Endpoints: [-1.000000, 1.000000]
09-13 14:31:53.339 5181 6716 V Kodi : Debug Print: Center: 0.000000
09-13 14:31:53.339 5181 6716 V Kodi : Debug Print: Fuzz: 0.000000
09-13 14:31:53.339 5181 6716 V Kodi : Debug Print: Has axis: AMOTION_EVENT_AXIS_HSCROLL (10)
09-13 14:31:53.339 5181 6716 V Kodi : Debug Print: Endpoints: [-1.000000, 1.000000]
09-13 14:31:53.340 5181 6716 V Kodi : Debug Print: Center: 0.000000
09-13 14:31:53.340 5181 6716 V Kodi : Debug Print: Fuzz: 0.000000
09-13 14:31:53.340 5181 6716 V Kodi : Debug Print: CPeripheralBusAndroid: ignoring virtual input device
09-13 14:31:53.347 5181 6716 V Kodi : Debug Print: CPeripheralBusAndroid: Device discovered:
09-13 14:31:53.348 5181 6716 V Kodi : Debug Print: Name: "Virtual"
09-13 14:31:53.348 5181 6716 V Kodi : Debug Print: ID: -1
09-13 14:31:53.348 5181 6716 V Kodi : Debug Print: Controller number: 0
09-13 14:31:53.349 5181 6716 V Kodi : Debug Print: Descriptor: "a718a782d34bc7..."
09-13 14:31:53.349 5181 6716 V Kodi : Debug Print: Product ID: 0000
09-13 14:31:53.349 5181 6716 V Kodi : Debug Print: Vendor ID: 0000
09-13 14:31:53.350 5181 6716 V Kodi : Debug Print: Has microphone: false
09-13 14:31:53.350 5181 6716 V Kodi : Debug Print: Is virtual: true
09-13 14:31:53.350 5181 6716 V Kodi : Debug Print: Source flags: 0x00000301
09-13 14:31:53.351 5181 6716 V Kodi : Debug Print: Has source: SOURCE_DPAD (0x00000201)
09-13 14:31:53.351 5181 6716 V Kodi : Debug Print: Has source: SOURCE_KEYBOARD (0x00000101)
09-13 14:31:53.353 5181 6716 V Kodi : Debug Print: Has key: AKEYCODE_HOME (3)
09-13 14:31:53.353 5181 6716 V Kodi : Debug Print: Has key: AKEYCODE_BACK (4)
09-13 14:31:53.358 5181 6716 V Kodi : Debug Print: Has key: AKEYCODE_0 (7)
09-13 14:31:53.358 5181 6716 V Kodi : Debug Print: Has key: AKEYCODE_1 (8)
09-13 14:31:53.358 5181 6716 V Kodi : Debug Print: Has key: AKEYCODE_2 (9)
09-13 14:31:53.359 5181 6716 V Kodi : Debug Print: Has key: AKEYCODE_3 (10)
09-13 14:31:53.359 5181 6716 V Kodi : Debug Print: Has key: AKEYCODE_4 (11)
09-13 14:31:53.360 5181 6716 V Kodi : Debug Print: Has key: AKEYCODE_5 (12)
09-13 14:31:53.360 5181 6716 V Kodi : Debug Print: Has key: AKEYCODE_6 (13)
09-13 14:31:53.361 5181 6716 V Kodi : Debug Print: Has key: AKEYCODE_7 (14)
09-13 14:31:53.361 5181 6716 V Kodi : Debug Print: Has key: AKEYCODE_8 (15)
09-13 14:31:53.361 5181 6716 V Kodi : Debug Print: Has key: AKEYCODE_9 (16)
09-13 14:31:53.361 5181 6716 V Kodi : Debug Print: Has key: AKEYCODE_DPAD_UP (19)
09-13 14:31:53.361 5181 6716 V Kodi : Debug Print: Has key: AKEYCODE_DPAD_DOWN (20)
09-13 14:31:53.361 5181 6716 V Kodi : Debug Print: Has key: AKEYCODE_DPAD_LEFT (21)
09-13 14:31:53.361 5181 6716 V Kodi : Debug Print: Has key: AKEYCODE_DPAD_RIGHT (22)
09-13 14:31:53.362 5181 6716 V Kodi : Debug Print: Has key: AKEYCODE_DPAD_CENTER (23)
09-13 14:31:53.362 5181 6716 V Kodi : Debug Print: Has key: AKEYCODE_VOLUME_UP (24)
09-13 14:31:53.362 5181 6716 V Kodi : Debug Print: Has key: AKEYCODE_VOLUME_DOWN (25)
09-13 14:31:53.362 5181 6716 V Kodi : Debug Print: Has key: AKEYCODE_POWER (26)
09-13 14:31:53.362 5181 6716 V Kodi : Debug Print: Has key: AKEYCODE_A (29)
09-13 14:31:53.362 5181 6716 V Kodi : Debug Print: Has key: AKEYCODE_B (30)
09-13 14:31:53.362 5181 6716 V Kodi : Debug Print: Has key: AKEYCODE_D (32)
09-13 14:31:53.362 5181 6716 V Kodi : Debug Print: Has key: AKEYCODE_E (33)
09-13 14:31:53.362 5181 6716 V Kodi : Debug Print: Has key: AKEYCODE_F (34)
09-13 14:31:53.362 5181 6716 V Kodi : Debug Print: Has key: AKEYCODE_G (35)
09-13 14:31:53.362 5181 6716 V Kodi : Debug Print: Has key: AKEYCODE_H (36)
09-13 14:31:53.363 5181 6716 V Kodi : Debug Print: Has key: AKEYCODE_I (37)
09-13 14:31:53.363 5181 6716 V Kodi : Debug Print: Has key: AKEYCODE_J (38)
09-13 14:31:53.363 5181 6716 V Kodi : Debug Print: Has key: AKEYCODE_K (39)
09-13 14:31:53.363 5181 6716 V Kodi : Debug Print: Has key: AKEYCODE_L (40)
09-13 14:31:53.363 5181 6716 V Kodi : Debug Print: Has key: AKEYCODE_O (43)
09-13 14:31:53.363 5181 6716 V Kodi : Debug Print: Has key: AKEYCODE_S (47)
09-13 14:31:53.363 5181 6716 V Kodi : Debug Print: Has key: AKEYCODE_U (49)
09-13 14:31:53.363 5181 6716 V Kodi : Debug Print: Has key: AKEYCODE_EXPLORER (64)
09-13 14:31:53.363 5181 6716 V Kodi : Debug Print: Has key: AKEYCODE_ENVELOPE (65)
09-13 14:31:53.363 5181 6716 V Kodi : Debug Print: Has key: AKEYCODE_ENTER (66)
09-13 14:31:53.363 5181 6716 V Kodi : Debug Print: Has key: AKEYCODE_DEL (67)
09-13 14:31:53.364 5181 6716 V Kodi : Debug Print: Has key: AKEYCODE_EQUALS (70)
09-13 14:31:53.364 5181 6716 V Kodi : Debug Print: Has key: AKEYCODE_LEFT_BRACKET (71)
09-13 14:31:53.364 5181 6716 V Kodi : Debug Print: Has key: AKEYCODE_BACKSLASH (73)
09-13 14:31:53.364 5181 6716 V Kodi : Debug Print: Has key: AKEYCODE_HEADSETHOOK (79)
09-13 14:31:53.364 5181 6716 V Kodi : Debug Print: Has key: AKEYCODE_MENU (82)
09-13 14:31:53.364 5181 6716 V Kodi : Debug Print: Has key: AKEYCODE_MEDIA_PLAY_PAUSE (85)
09-13 14:31:53.364 5181 6716 V Kodi : Debug Print: Has key: AKEYCODE_MEDIA_STOP (86)
09-13 14:31:53.364 5181 6716 V Kodi : Debug Print: Has key: AKEYCODE_MEDIA_NEXT (87)
09-13 14:31:53.364 5181 6716 V Kodi : Debug Print: Has key: AKEYCODE_MEDIA_PREVIOUS (88)
09-13 14:31:53.365 5181 6716 V Kodi : Debug Print: Has key: AKEYCODE_MEDIA_REWIND (89)
09-13 14:31:53.365 5181 6716 V Kodi : Debug Print: Has key: AKEYCODE_MEDIA_FAST_FORWARD (90)
09-13 14:31:53.365 5181 6716 V Kodi : Debug Print: Has key: AKEYCODE_BUTTON_A (96)
09-13 14:31:53.376 5181 6716 V Kodi : Debug Print: Has key: AKEYCODE_BUTTON_B (97)
09-13 14:31:53.377 5181 6716 V Kodi : Debug Print: Has key: AKEYCODE_BUTTON_X (99)
09-13 14:31:53.377 5181 6716 V Kodi : Debug Print: Has key: AKEYCODE_BUTTON_Y (100)
09-13 14:31:53.377 5181 6716 V Kodi : Debug Print: Has key: AKEYCODE_CTRL_LEFT (113)
09-13 14:31:53.378 5181 6716 V Kodi : Debug Print: Has key: AKEYCODE_FUNCTION (119)
09-13 14:31:53.378 5181 6716 V Kodi : Debug Print: Has key: AKEYCODE_SYSRQ (120)
09-13 14:31:53.378 5181 6716 V Kodi : Debug Print: Has key: AKEYCODE_BREAK (121)
09-13 14:31:53.379 5181 6716 V Kodi : Debug Print: Has key: AKEYCODE_FORWARD (125)
09-13 14:31:53.379 5181 6716 V Kodi : Debug Print: Has key: AKEYCODE_MEDIA_PLAY (126)
09-13 14:31:53.379 5181 6716 V Kodi : Debug Print: Has key: AKEYCODE_MEDIA_PAUSE (127)
09-13 14:31:53.379 5181 6716 V Kodi : Debug Print: Has key: AKEYCODE_MEDIA_EJECT (129)
09-13 14:31:53.380 5181 6716 V Kodi : Debug Print: Has key: AKEYCODE_MEDIA_RECORD (130)
09-13 14:31:53.380 5181 6716 V Kodi : Debug Print: Has key: AKEYCODE_F1 (131)
09-13 14:31:53.381 5181 6716 V Kodi : Debug Print: Has key: AKEYCODE_F2 (132)
09-13 14:31:53.381 5181 6716 V Kodi : Debug Print: Has key: AKEYCODE_F3 (133)
09-13 14:31:53.381 5181 6716 V Kodi : Debug Print: Has key: AKEYCODE_F4 (134)
09-13 14:31:53.382 5181 6716 V Kodi : Debug Print: Has key: AKEYCODE_F5 (135)
09-13 14:31:53.382 5181 6716 V Kodi : Debug Print: Has key: AKEYCODE_F6 (136)
09-13 14:31:53.382 5181 6716 V Kodi : Debug Print: Has key: AKEYCODE_F7 (137)
09-13 14:31:53.382 5181 6716 V Kodi : Debug Print: Has key: AKEYCODE_F8 (138)
09-13 14:31:53.383 5181 6716 V Kodi : Debug Print: Has key: AKEYCODE_F9 (139)
09-13 14:31:53.383 5181 6716 V Kodi : Debug Print: Has key: AKEYCODE_F10 (140)
09-13 14:31:53.383 5181 6716 V Kodi : Debug Print: Has key: AKEYCODE_F11 (141)
09-13 14:31:53.383 5181 6716 V Kodi : Debug Print: Has key: AKEYCODE_F12 (142)
09-13 14:31:53.383 5181 6716 V Kodi : Debug Print: Has key: AKEYCODE_NUMPAD_2 (146)
09-13 14:31:53.383 5181 6716 V Kodi : Debug Print: Has key: AKEYCODE_NUMPAD_3 (147)
09-13 14:31:53.383 5181 6716 V Kodi : Debug Print: Has key: AKEYCODE_NUMPAD_9 (153)
09-13 14:31:53.384 5181 6716 V Kodi : Debug Print: Has key: AKEYCODE_NUMPAD_DIVIDE (154)
09-13 14:31:53.384 5181 6716 V Kodi : Debug Print: Has key: AKEYCODE_NUMPAD_ADD (157)
09-13 14:31:53.384 5181 6716 V Kodi : Debug Print: Has key: AKEYCODE_NUMPAD_COMMA (159)
09-13 14:31:53.384 5181 6716 V Kodi : Debug Print: Has key: AKEYCODE_NUMPAD_EQUALS (161)
09-13 14:31:53.384 5181 6716 V Kodi : Debug Print: Has key: AKEYCODE_VOLUME_MUTE (164)
09-13 14:31:53.384 5181 6716 V Kodi : Debug Print: Has key: AKEYCODE_CHANNEL_UP (166)
09-13 14:31:53.385 5181 6716 V Kodi : Debug Print: Has key: AKEYCODE_CHANNEL_DOWN (167)
09-13 14:31:53.385 5181 6716 V Kodi : Debug Print: Has key: AKEYCODE_TV (170)
09-13 14:31:53.385 5181 6716 V Kodi : Debug Print: Has key: AKEYCODE_DVR (173)
09-13 14:31:53.385 5181 6716 V Kodi : Debug Print: Has key: AKEYCODE_STB_POWER (179)
09-13 14:31:53.385 5181 6716 V Kodi : Debug Print: Has key: AKEYCODE_BUTTON_1 (188)
09-13 14:31:53.385 5181 6716 V Kodi : Debug Print: Has key: AKEYCODE_BUTTON_2 (189)
09-13 14:31:53.385 5181 6716 V Kodi : Debug Print: Has key: AKEYCODE_BUTTON_3 (190)
09-13 14:31:53.386 5181 6788 V Kodi : Debug Print: CMultiPathDirectory::GetDirectory(multipath://special%3a%2f%2fprofile%2fplaylists%2fvideo/special%3a%2f%2fprofile%2fplaylists%2fmixed/)
09-13 14:31:53.386 5181 6716 V Kodi : Debug Print: Has key: AKEYCODE_BUTTON_4 (191)
09-13 14:31:53.387 5181 6788 V Kodi : Debug Print: Getting Directory (special://profile/playlists/video)
09-13 14:31:53.387 5181 6716 V Kodi : Debug Print: Has key: AKEYCODE_BUTTON_5 (192)
09-13 14:31:53.387 5181 6716 V Kodi : Debug Print: Has key: AKEYCODE_BUTTON_6 (193)
09-13 14:31:53.388 5181 6788 V Kodi : Debug Print: Getting Directory (special://profile/playlists/mixed)
09-13 14:31:53.388 5181 6716 V Kodi : Debug Print: Has key: AKEYCODE_BUTTON_7 (194)
09-13 14:31:53.389 5181 6716 V Kodi : Debug Print: Has key: AKEYCODE_BUTTON_8 (195)
09-13 14:31:53.389 5181 6716 V Kodi : Debug Print: Has key: AKEYCODE_BUTTON_12 (199)
09-13 14:31:53.389 5181 6716 V Kodi : Debug Print: Has key: AKEYCODE_BUTTON_14 (201)
09-13 14:31:53.389 5181 6788 V Kodi : Debug Print: CMultiPathDirectory::MergeItems, items = 0
09-13 14:31:53.390 5181 6716 V Kodi : Debug Print: Has key: AKEYCODE_BUTTON_15 (202)
09-13 14:31:53.390 5181 6716 V Kodi : Debug Print: Has key: AKEYCODE_KATAKANA_HIRAGANA (215)
09-13 14:31:53.391 5181 6788 V Kodi : Debug Print: CPVRDirectory::GetDirectory(pvr://channels/tv/*?view=lastplayed)
09-13 14:31:53.391 5181 6716 V Kodi : Debug Print: Has key: AKEYCODE_RO (217)
09-13 14:31:53.392 5181 6788 V Kodi : Debug Print: CPVRDirectory::GetDirectory(pvr://recordings/tv/active?view=flat)
09-13 14:31:53.392 5181 6716 V Kodi : Debug Print: Has key: AKEYCODE_ASSIST (219)
09-13 14:31:53.394 5181 6788 V Kodi : Debug Print: CPVRDirectory::GetDirectory(pvr://channels/radio/*?view=lastplayed)
09-13 14:31:53.394 5181 6716 V Kodi : Debug Print: Has key: AKEYCODE_SLEEP (223)
09-13 14:31:53.394 5181 6716 V Kodi : Debug Print: CPeripheralBusAndroid: ignoring virtual input device
09-13 14:31:53.395 5181 6788 V Kodi : Debug Print: CPVRDirectory::GetDirectory(pvr://recordings/radio/active?view=flat)
09-13 14:31:53.395 5181 6716 V Kodi : Debug Print: CPeripheralBusAndroid: Device discovered:
09-13 14:31:53.396 5181 6716 V Kodi : Debug Print: Name: "gpio-keys"
09-13 14:31:53.397 5181 6716 V Kodi : Debug Print: ID: 1
09-13 14:31:53.397 5181 6716 V Kodi : Debug Print: Controller number: 0
09-13 14:31:53.397 5181 6716 V Kodi : Debug Print: Descriptor: "485d69228e24f5..."
09-13 14:31:53.397 5181 6716 V Kodi : Debug Print: Product ID: 0001
09-13 14:31:53.397 5181 6716 V Kodi : Debug Print: Vendor ID: 0001
09-13 14:31:53.397 5181 6716 V Kodi : Debug Print: Has microphone: false
09-13 14:31:53.398 5181 6716 V Kodi : Debug Print: Is virtual: false
09-13 14:31:53.398 5181 6716 V Kodi : Debug Print: Source flags: 0x00000101
09-13 14:31:53.398 5181 6716 V Kodi : Debug Print: Has source: SOURCE_KEYBOARD (0x00000101)
09-13 14:31:53.399 5181 6716 V Kodi : Debug Print: Has key: AKEYCODE_STB_POWER (179)
09-13 14:31:53.399 5181 6716 V Kodi : Debug Print: CPeripheralBusAndroid: ignoring non-joystick device
09-13 14:31:53.400 5181 6716 V Kodi : Debug Print: CPeripheralBusAndroid: Device discovered:
09-13 14:31:53.400 5181 6716 V Kodi : Debug Print: Name: "Amazon Fire TV Remote"
09-13 14:31:53.400 5181 6716 V Kodi : Debug Print: ID: 2
09-13 14:31:53.401 5181 6716 V Kodi : Debug Print: Controller number: 0
09-13 14:31:53.401 5181 6716 V Kodi : Debug Print: Descriptor: "a92ac8ad3dd561..."
09-13 14:31:53.401 5181 6716 V Kodi : Debug Print: Product ID: 0404
09-13 14:31:53.401 5181 6716 V Kodi : Debug Print: Vendor ID: 1949
09-13 14:31:53.401 5181 6716 V Kodi : Debug Print: Has microphone: false
09-13 14:31:53.401 5181 6716 V Kodi : Debug Print: Is virtual: false
09-13 14:31:53.401 5181 6716 V Kodi : Debug Print: Source flags: 0x00000301
09-13 14:31:53.401 5181 6716 V Kodi : Debug Print: Has source: SOURCE_DPAD (0x00000201)
09-13 14:31:53.402 5181 6716 V Kodi : Debug Print: Has source: SOURCE_KEYBOARD (0x00000101)
09-13 14:31:53.404 5181 6716 V Kodi : Debug Print: Has key: AKEYCODE_HOME (3)
09-13 14:31:53.404 5181 6716 V Kodi : Debug Print: Has key: AKEYCODE_BACK (4)
09-13 14:31:53.404 5181 6716 V Kodi : Debug Print: Has key: AKEYCODE_DPAD_UP (19)
09-13 14:31:53.405 5181 6716 V Kodi : Debug Print: Has key: AKEYCODE_DPAD_DOWN (20)
09-13 14:31:53.405 5181 6716 V Kodi : Debug Print: Has key: AKEYCODE_DPAD_LEFT (21)
09-13 14:31:53.405 5181 6716 V Kodi : Debug Print: Has key: AKEYCODE_DPAD_RIGHT (22)
09-13 14:31:53.406 5181 6716 V Kodi : Debug Print: Has key: AKEYCODE_DPAD_CENTER (23)
09-13 14:31:53.406 5181 6716 V Kodi : Debug Print: Has key: AKEYCODE_MENU (82)
09-13 14:31:53.407 5181 6716 V Kodi : Debug Print: Has key: AKEYCODE_MEDIA_PLAY_PAUSE (85)
09-13 14:31:53.407 5181 6716 V Kodi : Debug Print: Has key: AKEYCODE_MEDIA_REWIND (89)
09-13 14:31:53.407 5181 6716 V Kodi : Debug Print: Has key: AKEYCODE_MEDIA_FAST_FORWARD (90)
09-13 14:31:53.408 5181 6716 V Kodi : Debug Print: CPeripheralBusAndroid: ignoring non-joystick device
09-13 14:31:53.409 5181 6716 V Kodi : Debug Print: CPeripheralBusAndroid: Device discovered:
09-13 14:31:53.410 5181 6716 V Kodi : Debug Print: Name: "shield-ask-remote"
09-13 14:31:53.410 5181 6716 V Kodi : Debug Print: ID: 3
09-13 14:31:53.410 5181 6788 V Kodi : Debug Print: CRecentlyAddedJob::UpdateMusic() - Running RecentlyAdded home screen update
09-13 14:31:53.410 5181 6716 V Kodi : Debug Print: Controller number: 1
09-13 14:31:53.411 5181 6716 V Kodi : Debug Print: Descriptor: "137ed351dc29bd..."
09-13 14:31:53.411 5181 6716 V Kodi : Debug Print: Product ID: 0000
09-13 14:31:53.411 5181 6716 V Kodi : Debug Print: Vendor ID: 0000
09-13 14:31:53.411 5181 6716 V Kodi : Debug Print: Has microphone: false
09-13 14:31:53.412 5181 6716 V Kodi : Debug Print: Is virtual: false
09-13 14:31:53.412 5181 6716 V Kodi : Debug Print: Source flags: 0x00000701
09-13 14:31:53.412 5181 6716 V Kodi : Debug Print: Has source: SOURCE_DPAD (0x00000201)
09-13 14:31:53.413 5181 6716 V Kodi : Debug Print: Has source: SOURCE_GAMEPAD (0x00000401)
09-13 14:31:53.413 5181 6716 V Kodi : Debug Print: Has source: SOURCE_KEYBOARD (0x00000101)
09-13 14:31:53.414 5181 6716 V Kodi : Debug Print: Has key: AKEYCODE_HOME (3)
09-13 14:31:53.415 5181 6716 V Kodi : Debug Print: Has key: AKEYCODE_BACK (4)
09-13 14:31:53.415 5181 6716 V Kodi : Debug Print: Has key: AKEYCODE_0 (7)
09-13 14:31:53.415 5181 6716 V Kodi : Debug Print: Has key: AKEYCODE_1 (8)
09-13 14:31:53.416 5181 6716 V Kodi : Debug Print: Has key: AKEYCODE_2 (9)
09-13 14:31:53.416 5181 6716 V Kodi : Debug Print: Has key: AKEYCODE_3 (10)
09-13 14:31:53.416 5181 6716 V Kodi : Debug Print: Has key: AKEYCODE_4 (11)
09-13 14:31:53.417 5181 6716 V Kodi : Debug Print: Has key: AKEYCODE_5 (12)
09-13 14:31:53.417 5181 6716 V Kodi : Debug Print: Has key: AKEYCODE_6 (13)
09-13 14:31:53.418 5181 6716 V Kodi : Debug Print: Has key: AKEYCODE_7 (14)
09-13 14:31:53.418 5181 6716 V Kodi : Debug Print: Has key: AKEYCODE_8 (15)
09-13 14:31:53.418 5181 6716 V Kodi : Debug Print: Has key: AKEYCODE_9 (16)
09-13 14:31:53.419 5181 6716 V Kodi : Debug Print: Has key: AKEYCODE_DPAD_UP (19)
09-13 14:31:53.419 5181 6716 V Kodi : Debug Print: Has key: AKEYCODE_DPAD_DOWN (20)
09-13 14:31:53.419 5181 6716 V Kodi : Debug Print: Has key: AKEYCODE_DPAD_LEFT (21)
09-13 14:31:53.419 5181 6716 V Kodi : Debug Print: Has key: AKEYCODE_DPAD_RIGHT (22)
09-13 14:31:53.419 5181 6716 V Kodi : Debug Print: Has key: AKEYCODE_DPAD_CENTER (23)
09-13 14:31:53.420 5181 6716 V Kodi : Debug Print: Has key: AKEYCODE_VOLUME_UP (24)
09-13 14:31:53.420 5181 6716 V Kodi : Debug Print: Has key: AKEYCODE_VOLUME_DOWN (25)
09-13 14:31:53.420 5181 6716 V Kodi : Debug Print: Has key: AKEYCODE_POWER (26)
09-13 14:31:53.420 5181 6716 V Kodi : Debug Print: Has key: AKEYCODE_EXPLORER (64)
09-13 14:31:53.420 5181 6716 V Kodi : Debug Print: Has key: AKEYCODE_ENTER (66)
09-13 14:31:53.420 5181 6716 V Kodi : Debug Print: Has key: AKEYCODE_DEL (67)
09-13 14:31:53.421 5181 6716 V Kodi : Debug Print: Has key: AKEYCODE_MENU (82)
09-13 14:31:53.421 5181 6716 V Kodi : Debug Print: Has key: AKEYCODE_MEDIA_PLAY_PAUSE (85)
09-13 14:31:53.421 5181 6716 V Kodi : Debug Print: Has key: AKEYCODE_MEDIA_STOP (86)
09-13 14:31:53.421 5181 6716 V Kodi : Debug Print: Has key: AKEYCODE_MEDIA_NEXT (87)
09-13 14:31:53.421 5181 6716 V Kodi : Debug Print: Has key: AKEYCODE_MEDIA_PREVIOUS (88)
09-13 14:31:53.421 5181 6716 V Kodi : Debug Print: Has key: AKEYCODE_MEDIA_REWIND (89)
09-13 14:31:53.421 5181 6716 V Kodi : Debug Print: Has key: AKEYCODE_MEDIA_FAST_FORWARD (90)
09-13 14:31:53.421 5181 6716 V Kodi : Debug Print: Has key: AKEYCODE_BUTTON_A (96)
09-13 14:31:53.421 5181 6716 V Kodi : Debug Print: Has key: AKEYCODE_BUTTON_B (97)
09-13 14:31:53.422 5181 6716 V Kodi : Debug Print: Has key: AKEYCODE_BUTTON_X (99)
09-13 14:31:53.423 5181 6716 V Kodi : Debug Print: Has key: AKEYCODE_BUTTON_Y (100)
09-13 14:31:53.423 5181 6716 V Kodi : Debug Print: Has key: AKEYCODE_MEDIA_PLAY (126)
09-13 14:31:53.423 5181 6716 V Kodi : Debug Print: Has key: AKEYCODE_MEDIA_PAUSE (127)
09-13 14:31:53.423 5181 6716 V Kodi : Debug Print: Has key: AKEYCODE_MEDIA_RECORD (130)
09-13 14:31:53.423 5181 6716 V Kodi : Debug Print: Has key: AKEYCODE_F1 (131)
09-13 14:31:53.423 5181 6788 V Kodi : Debug Print: GetRecentlyAddedAlbumSongs() query: SELECT songview.*, songartistview.* FROM (SELECT idAlbum FROM album ORDER BY idAlbum DESC LIMIT 10) AS recentalbums JOIN songview ON songview.idAlbum = recentalbums.idAlbum JOIN songartistview ON songview.idSong = songartistview.idSong ORDER BY songview.idAlbum DESC, songview.idSong, songartistview.idRole, songartistview.iOrder
09-13 14:31:53.424 5181 6716 V Kodi : Debug Print: Has key: AKEYCODE_F2 (132)
09-13 14:31:53.424 5181 6716 V Kodi : Debug Print: Has key: AKEYCODE_F3 (133)
09-13 14:31:53.424 5181 6716 V Kodi : Debug Print: Has key: AKEYCODE_F4 (134)
09-13 14:31:53.424 5181 6716 V Kodi : Debug Print: Has key: AKEYCODE_F5 (135)
09-13 14:31:53.424 5181 6716 V Kodi : Debug Print: Has key: AKEYCODE_F6 (136)
09-13 14:31:53.424 5181 6716 V Kodi : Debug Print: Has key: AKEYCODE_F7 (137)
09-13 14:31:53.424 5181 6716 V Kodi : Debug Print: Has key: AKEYCODE_F8 (138)
09-13 14:31:53.425 5181 6716 V Kodi : Debug Print: Has key: AKEYCODE_F9 (139)
09-13 14:31:53.425 5181 6716 V Kodi : Debug Print: Has key: AKEYCODE_F10 (140)
09-13 14:31:53.425 5181 6716 V Kodi : Debug Print: Has key: AKEYCODE_F11 (141)
09-13 14:31:53.425 5181 6788 V Kodi : Debug Print: GetRecentlyAddedAlbums query: SELECT albumview.*, albumartistview.* FROM (SELECT idAlbum FROM album WHERE strAlbum != '' ORDER BY idAlbum DESC LIMIT 10) AS recentalbums JOIN albumview ON albumview.idAlbum = recentalbums.idAlbum JOIN albumartistview ON albumview.idAlbum = albumartistview.idAlbum ORDER BY albumview.idAlbum desc, albumartistview.iOrder
09-13 14:31:53.426 5181 6716 V Kodi : Debug Print: Has key: AKEYCODE_F12 (142)
09-13 14:31:53.426 5181 6716 V Kodi : Debug Print: Has key: AKEYCODE_VOLUME_MUTE (164)
09-13 14:31:53.426 5181 6716 V Kodi : Debug Print: Has key: AKEYCODE_CHANNEL_UP (166)
09-13 14:31:53.426 5181 6716 V Kodi : Debug Print: Has key: AKEYCODE_CHANNEL_DOWN (167)
09-13 14:31:53.426 5181 6716 V Kodi : Debug Print: Has key: AKEYCODE_TV (170)
09-13 14:31:53.426 5181 6716 V Kodi : Debug Print: Has key: AKEYCODE_DVR (173)
09-13 14:31:53.426 5181 6716 V Kodi : Debug Print: Has key: AKEYCODE_ASSIST (219)
09-13 14:31:53.427 5181 6716 V Kodi : Debug Print: CPeripheralBusAndroid: added input device
09-13 14:31:53.427 5181 6790 V Kodi : Debug Print: Thread PeripBusAddon start, auto delete: false
09-13 14:31:53.427 5181 6716 V Kodi : Debug Print: GetMappingForDevice - device (0000:0000) mapped to (type = joystick)
09-13 14:31:53.429 5181 6788 V Kodi : Debug Print: CRecentlyAddedJob::UpdateVideos() - Running RecentlyAdded home screen update
09-13 14:31:53.438 5181 6716 V Kodi : Debug Print: Loading controller layout: /storage/emulated/0/Android/data/org.xbmc.kodinerds/files/.kodi/addons/game.controller.default/resources/layout.xml
09-13 14:31:53.441 5181 6716 V Kodi : Debug Print: tag has no "label" attribute
09-13 14:31:53.443 5181 6716 V Kodi : Debug Print: Previous line repeats 1 times.
09-13 14:31:53.443 5181 6716 V Kodi : Debug Print: CPeripheralBusAndroid: Initializing device 3 "shield-ask-remote"
09-13 14:31:53.444 5181 6716 V Kodi : Debug Print: CPeripheralBusAndroid: Device has 18 buttons and 0 axes
09-13 14:31:53.452 5181 6716 V Kodi : Debug Print: AddOnLog: Joystick Support: Loaded device "8Bitdo Zero GamePad" with 2 controller profiles and 24 total features
09-13 14:31:53.453 5181 6716 V Kodi : Debug Print: AddOnLog: Joystick Support: Loaded device "Gamepad" with 1 controller profiles and 18 total features
09-13 14:31:53.455 5181 6716 V Kodi : Debug Print: AddOnLog: Joystick Support: Loaded device "Generic USB Joystick " with 1 controller profiles and 11 total features
09-13 14:31:53.456 5181 6716 V Kodi : Debug Print: AddOnLog: Joystick Support: game.controller.n64: Removing analogstick from button map
09-13 14:31:53.457 5181 6788 V Kodi : Debug Print: CRecentlyAddedJob::UpdateTotal() - Running RecentlyAdded home screen update
09-13 14:31:53.457 5181 6716 V Kodi : Debug Print: AddOnLog: Joystick Support: Loaded device "Generic X-Box pad" with 1 controller profiles and 18 total features
09-13 14:31:53.458 5181 6716 V Kodi : Debug Print: AddOnLog: Joystick Support: Loaded device "Logitech Gamepad F310" with 1 controller profiles and 18 total features
09-13 14:31:53.460 5181 6716 V Kodi : Debug Print: AddOnLog: Joystick Support: Loaded device "NVIDIA Corporation NVIDIA Controller v01.03" with 8 controller profiles and 105 total features
09-13 14:31:53.460 5181 6716 V Kodi : Debug Print: AddOnLog: Joystick Support: game.controller.dreamcast: Removing analogstick from button map
09-13 14:31:53.461 5181 6716 V Kodi : Debug Print: AddOnLog: Joystick Support: game.controller.n64: Removing analogstick from button map
09-13 14:31:53.461 5181 6716 V Kodi : Debug Print: AddOnLog: Joystick Support: game.controller.ps: Removing leftstick from button map
09-13 14:31:53.462 5181 6716 V Kodi : Debug Print: AddOnLog: Joystick Support: game.controller.ps: Removing rightstick from button map
09-13 14:31:53.462 5181 6788 V Kodi : Debug Print: GetArtistsByWhere query: SELECT COUNT(DISTINCT artistview.idArtist) FROM artistview WHERE ((EXISTS (SELECT 1 FROM song_artist WHERE song_artist.idArtist = artistview.idArtist AND song_artist.idRole = 1) OR EXISTS (SELECT 1 FROM album_artist WHERE album_artist.idArtist = artistview.idArtist)) AND (artistview.strArtist != '')) AND (artistview.strArtist <> 'Various artists')
09-13 14:31:53.463 5181 6716 V Kodi : Debug Print: AddOnLog: Joystick Support: Loaded device "NVIDIA Corporation NVIDIA Controller v01.04" with 1 controller profiles and 18 total features
09-13 14:31:53.463 5181 6716 V Kodi : Debug Print: AddOnLog: Joystick Support: Loaded device "Sony Interactive Entertainment Wireless Controller" with 1 controller profiles and 15 total features
09-13 14:31:53.464 5181 6716 V Kodi : Debug Print: AddOnLog: Joystick Support: Loaded device "USB Gamepad " with 1 controller profiles and 10 total features
09-13 14:31:53.465 5181 6716 V Kodi : Debug Print: AddOnLog: Joystick Support: Loaded device "Xbox 360 Wireless Receiver (XBOX)" with 1 controller profiles and 14 total features
09-13 14:31:53.466 5181 6716 V Kodi : Debug Print: AddOnLog: Joystick Support: Loaded device "Xbox Wireless Controller" with 1 controller profiles and 18 total features
09-13 14:31:53.467 5181 6716 V Kodi : Debug Print: AddOnLog: Joystick Support: Loaded device "usb gamepad " with 1 controller profiles and 4 total features
09-13 14:31:53.468 5181 6716 V Kodi : Debug Print: AddOnLog: Joystick Support: Loaded device "virtual-remote" with 2 controller profiles and 2 total features
09-13 14:31:53.473 5181 6716 V Kodi : Debug Print: AddOnLog: Joystick Support: Loaded device "Keyboard" with 1 controller profiles and 139 total features
09-13 14:31:53.474 5181 6716 V Kodi : Debug Print: AddOnLog: Joystick Support: Loaded device "Mouse" with 1 controller profiles and 10 total features
09-13 14:31:53.474 5181 6716 V Kodi : Debug Print: AddOnLog: Joystick Support: game.controller.mouse: Removing pointer from button map
09-13 14:31:53.476 413 413 I WVCdm : CdmEngine::QueryStatus
09-13 14:31:53.478 5181 6716 V Kodi : Debug Print: AddOnLog: Joystick Support: Loaded device "8Bitdo Zero GamePad" with 2 controller profiles and 24 total features
09-13 14:31:53.479 5181 6716 V Kodi : Debug Print: AddOnLog: Joystick Support: Loaded device "GamePad Pro USB" with 8 controller profiles and 93 total features
09-13 14:31:53.481 5181 6716 V Kodi : Debug Print: AddOnLog: Joystick Support: Loaded device "Gamepad F310" with 8 controller profiles and 106 total features
09-13 14:31:53.482 5181 6716 V Kodi : Debug Print: AddOnLog: Joystick Support: game.controller.dreamcast: Removing analogstick from button map
09-13 14:31:53.482 5181 6716 V Kodi : Debug Print: AddOnLog: Joystick Support: game.controller.n64: Removing analogstick from button map
09-13 14:31:53.482 5181 6716 V Kodi : Debug Print: AddOnLog: Joystick Support: game.controller.ps: Removing leftstick from button map
09-13 14:31:53.482 5181 6716 V Kodi : Debug Print: AddOnLog: Joystick Support: game.controller.ps: Removing rightstick from button map
09-13 14:31:53.484 5181 6716 V Kodi : Debug Print: AddOnLog: Joystick Support: Loaded device "Generic USB Joystick" with 2 controller profiles and 18 total features
09-13 14:31:53.484 5181 6716 V Kodi : Debug Print: AddOnLog: Joystick Support: game.controller.n64: Removing analogstick from button map
09-13 14:31:53.485 5181 6716 V Kodi : Debug Print: AddOnLog: Joystick Support: Loaded device "Logitech Dual Action" with 8 controller profiles and 86 total features
09-13 14:31:53.485 5181 6716 V Kodi : Debug Print: AddOnLog: Joystick Support: game.controller.dreamcast: Removing analogstick from button map
09-13 14:31:53.486 5181 6716 V Kodi : Debug Print: AddOnLog: Joystick Support: game.controller.n64: Removing analogstick from button map
09-13 14:31:53.486 5181 6716 V Kodi : Debug Print: AddOnLog: Joystick Support: game.controller.ps: Removing leftstick from button map
09-13 14:31:53.486 5181 6716 V Kodi : Debug Print: AddOnLog: Joystick Support: game.controller.ps: Removing rightstick from button map
09-13 14:31:53.487 5181 6716 V Kodi : Debug Print: AddOnLog: Joystick Support: Loaded device "PC USB Wired Stick 8838" with 8 controller profiles and 98 total features
09-13 14:31:53.488 5181 6716 V Kodi : Debug Print: AddOnLog: Joystick Support: game.controller.n64: Removing analogstick from button map
09-13 14:31:53.488 5181 6716 V Kodi : Debug Print: AddOnLog: Joystick Support: game.controller.ps: Removing leftstick from button map
09-13 14:31:53.490 5181 6716 V Kodi : Debug Print: AddOnLog: Joystick Support: Loaded device "PLAYSTATION(R)3 Controller" with 8 controller profiles and 106 total features
09-13 14:31:53.490 5181 6716 V Kodi : Debug Print: AddOnLog: Joystick Support: game.controller.dreamcast: Removing analogstick from button map
09-13 14:31:53.490 5181 6716 V Kodi : Debug Print: AddOnLog: Joystick Support: game.controller.n64: Removing analogstick from button map
09-13 14:31:53.490 5181 6716 V Kodi : Debug Print: AddOnLog: Joystick Support: game.controller.ps: Removing leftstick from button map
09-13 14:31:53.491 5181 6716 V Kodi : Debug Print: AddOnLog: Joystick Support: game.controller.ps: Removing rightstick from button map
09-13 14:31:53.492 5181 6716 V Kodi : Debug Print: AddOnLog: Joystick Support: Loaded device "PS(R) Ga`epad" with 1 controller profiles and 19 total features
09-13 14:31:53.493 5181 6716 V Kodi : Debug Print: AddOnLog: Joystick Support: Loaded device "USB GamePad" with 2 controller profiles and 24 total features
09-13 14:31:53.494 5181 6716 V Kodi : Debug Print: AddOnLog: Joystick Support: Loaded device "USB Gamepad" with 2 controller profiles and 24 total features
09-13 14:31:53.495 5181 6716 V Kodi : Debug Print: AddOnLog: Joystick Support: Loaded device "USB Joystick" with 8 controller profiles and 96 total features
09-13 14:31:53.495 5181 6716 V Kodi : Debug Print: AddOnLog: Joystick Support: game.controller.dreamcast: Removing analogstick from button map
09-13 14:31:53.496 5181 6716 V Kodi : Debug Print: AddOnLog: Joystick Support: game.controller.n64: Removing analogstick from button map
09-13 14:31:53.496 5181 6716 V Kodi : Debug Print: AddOnLog: Joystick Support: game.controller.ps: Removing rightstick from button map
09-13 14:31:53.500 5181 6716 V Kodi : Debug Print: AddOnLog: Joystick Support: Loaded device "Wireless 360 Controller" with 58 controller profiles and 534 total features
09-13 14:31:53.501 5181 6716 V Kodi : Debug Print: AddOnLog: Joystick Support: game.controller.3do.gamegun: Removing crosshair from button map
09-13 14:31:53.501 5181 6716 V Kodi : Debug Print: AddOnLog: Joystick Support: game.controller.atari.xges.xg1: Removing crosshair from button map
09-13 14:31:53.501 5181 6716 V Kodi : Debug Print: AddOnLog: Joystick Support: game.controller.dreamcast: Removing analogstick from button map
09-13 14:31:53.501 5181 6716 V Kodi : Debug Print: AddOnLog: Joystick Support: game.controller.genesis.mouse: Removing pointer from button map
09-13 14:31:53.502 5181 6716 V Kodi : Debug Print: AddOnLog: Joystick Support: game.controller.joystick.2button: Removing analogstick from button map
09-13 14:31:53.502 5181 6716 V Kodi : Debug Print: AddOnLog: Joystick Support: game.controller.joystick.4button: Removing leftstick from button map
09-13 14:31:53.502 5181 6716 V Kodi : Debug Print: AddOnLog: Joystick Support: game.controller.joystick.4button: Removing rightstick from button map
09-13 14:31:53.502 5181 6716 V Kodi : Debug Print: AddOnLog: Joystick Support: game.controller.konami.justifier.player2: Removing crosshair from button map
09-13 14:31:53.502 5181 6716 V Kodi : Debug Print: AddOnLog: Joystick Support: game.controller.konami.justifier.ps: Removing crosshair from button map
09-13 14:31:53.503 5181 6716 V Kodi : Debug Print: AddOnLog: Joystick Support: game.controller.konami.justifier.snes: Removing crosshair from button map
09-13 14:31:53.503 5181 6716 V Kodi : Debug Print: AddOnLog: Joystick Support: game.controller.mouse: Removing pointer from button map
09-13 14:31:53.503 5181 6716 V Kodi : Debug Print: AddOnLog: Joystick Support: game.controller.n64: Removing analogstick from button map
09-13 14:31:53.503 5181 6716 V Kodi : Debug Print: AddOnLog: Joystick Support: game.controller.pcfx.mouse: Removing pointer from button map
09-13 14:31:53.504 5181 6716 V Kodi : Debug Print: AddOnLog: Joystick Support: game.controller.ps.dualanalog: Removing leftstick from button map
09-13 14:31:53.504 5181 6716 V Kodi : Debug Print: AddOnLog: Joystick Support: game.controller.ps.dualanalog: Removing rightstick from button map
09-13 14:31:53.504 5181 6716 V Kodi : Debug Print: AddOnLog: Joystick Support: game.controller.ps.dualshock: Removing leftstick from button map
09-13 14:31:53.504 5181 6716 V Kodi : Debug Print: AddOnLog: Joystick Support: game.controller.ps.dualshock: Removing rightstick from button map
09-13 14:31:53.505 5181 6716 V Kodi : Debug Print: AddOnLog: Joystick Support: game.controller.ps.guncon.japan: Removing crosshair from button map
09-13 14:31:53.505 5181 6716 V Kodi : Debug Print: AddOnLog: Joystick Support: game.controller.ps.guncon.western: Removing crosshair from button map
09-13 14:31:53.505 5181 6716 V Kodi : Debug Print: AddOnLog: Joystick Support: game.controller.ps.mouse: Removing pointer from button map
09-13 14:31:53.505 5181 6716 V Kodi : Debug Print: AddOnLog: Joystick Support: game.controller.psp: Removing analogstick from button map
09-13 14:31:53.505 5181 6716 V Kodi : Debug Print: AddOnLog: Joystick Support: game.controller.saturn.3d.japan: Removing analogstick from button map
09-13 14:31:53.506 5181 6716 V Kodi : Debug Print: AddOnLog: Joystick Support: game.controller.saturn.3d.western: Removing analogstick from button map
09-13 14:31:53.506 5181 6716 V Kodi : Debug Print: AddOnLog: Joystick Support: game.controller.saturn.arcade.racer: Removing wheel from button map
09-13 14:31:53.506 5181 6716 V Kodi : Debug Print: AddOnLog: Joystick Support: game.controller.saturn.mission.stick: Removing joystick from button map
09-13 14:31:53.506 5181 6716 V Kodi : Debug Print: AddOnLog: Joystick Support: game.controller.saturn.mission.stick: Removing throttle from button map
09-13 14:31:53.507 5181 6716 V Kodi : Debug Print: AddOnLog: Joystick Support: game.controller.saturn.mission.sticks: Removing leftjoystick from button map
09-13 14:31:53.507 5181 6716 V Kodi : Debug Print: AddOnLog: Joystick Support: game.controller.saturn.mission.sticks: Removing rightjoystick from button map
09-13 14:31:53.507 5181 6716 V Kodi : Debug Print: AddOnLog: Joystick Support: game.controller.saturn.mouse: Removing pointer from button map
09-13 14:31:53.508 5181 6716 V Kodi : Debug Print: AddOnLog: Joystick Support: game.controller.saturn.twin.stick: Removing leftstick from button map
09-13 14:31:53.508 5181 6716 V Kodi : Debug Print: AddOnLog: Joystick Support: game.controller.saturn.twin.stick: Removing rightstick from button map
09-13 14:31:53.508 5181 6716 V Kodi : Debug Print: AddOnLog: Joystick Support: game.controller.saturn.virtua.gun.eu: Removing crosshair from button map
09-13 14:31:53.508 5181 6716 V Kodi : Debug Print: AddOnLog: Joystick Support: game.controller.saturn.virtua.gun.japan: Removing crosshair from button map
09-13 14:31:53.509 5181 6716 V Kodi : Debug Print: AddOnLog: Joystick Support: game.controller.saturn.virtua.gun.us: Removing crosshair from button map
09-13 14:31:53.509 5181 6716 V Kodi : Debug Print: AddOnLog: Joystick Support: game.controller.snes.mouse: Removing pointer from button map
09-13 14:31:53.510 5181 6716 V Kodi : Debug Print: AddOnLog: Joystick Support: game.controller.snes.super.scope: Removing crosshair from button map
09-13 14:31:53.526 5181 6716 V Kodi : Debug Print: AddOnLog: Joystick Support: Loaded device "Wireless Controller" with 1 controller profiles and 15 total features
09-13 14:31:53.527 5181 6716 V Kodi : Debug Print: AddOnLog: Joystick Support: Loaded device "Xbox 360 Wired Controller" with 1 controller profiles and 19 total features
09-13 14:31:53.528 5181 6716 V Kodi : Debug Print: AddOnLog: Joystick Support: Loaded device "Xbox One Wired Controller" with 1 controller profiles and 19 total features
09-13 14:31:53.528 5181 6716 V Kodi : Debug Print: AddOnLog: Joystick Support: Loaded device "usb gamepad " with 1 controller profiles and 12 total features
09-13 14:31:53.529 5181 6716 V Kodi : Debug Print: AddOnLog: Joystick Support: Loaded device "usb gamepad" with 2 controller profiles and 24 total features
09-13 14:31:53.533 5181 6716 V Kodi : Debug Print: AddOnLog: Joystick Support: Loaded device "Adaptoid" with 8 controller profiles and 98 total features
09-13 14:31:53.533 5181 6716 V Kodi : Debug Print: AddOnLog: Joystick Support: game.controller.dreamcast: Removing analogstick from button map
09-13 14:31:53.533 5181 6716 V Kodi : Debug Print: AddOnLog: Joystick Support: game.controller.n64: Removing analogstick from button map
09-13 14:31:53.535 5181 6716 V Kodi : Debug Print: AddOnLog: Joystick Support: Loaded device "Bluetooth HID Port" with 2 controller profiles and 24 total features
09-13 14:31:53.536 5181 6716 V Kodi : Debug Print: AddOnLog: Joystick Support: Loaded device "GamePad Pro USB" with 8 controller profiles and 91 total features
09-13 14:31:53.538 5181 6716 V Kodi : Debug Print: AddOnLog: Joystick Support: Loaded device "Generic USB Joystick" with 8 controller profiles and 105 total features
09-13 14:31:53.539 5181 6716 V Kodi : Debug Print: AddOnLog: Joystick Support: game.controller.dreamcast: Removing analogstick from button map
09-13 14:31:53.539 5181 6716 V Kodi : Debug Print: AddOnLog: Joystick Support: game.controller.n64: Removing analogstick from button map
09-13 14:31:53.539 5181 6716 V Kodi : Debug Print: AddOnLog: Joystick Support: game.controller.ps: Removing leftstick from button map
09-13 14:31:53.539 5181 6716 V Kodi : Debug Print: AddOnLog: Joystick Support: game.controller.ps: Removing rightstick from button map
