09-13 14:30:28.435 684 684 W NotificationListeners: Skipping notification listener service ComponentInfo{com.google.android.leanbacklauncher/com.google.android.leanbacklauncher.recommendations.NotificationsService}: it does not require the permission android.permission.BIND_NOTIFICATION_LISTENER_SERVICE
09-13 14:30:28.435 684 684 W NotificationListeners: Skipping notification listener service ComponentInfo{com.google.android.leanbacklauncher.recommendations/com.google.android.leanbacklauncher.recommendations.UbNotificationsService}: it does not require the permission android.permission.BIND_NOTIFICATION_LISTENER_SERVICE
09-13 14:30:28.436 684 684 V WallpaperManagerService: bindWallpaperComponentLocked: componentName=ComponentInfo{com.android.systemui/com.android.systemui.ImageWallpaper}
09-13 14:30:28.446 684 684 I SystemServer: MakeLocationServiceReady
09-13 14:30:28.455 684 684 W LocationProviderProxy-network: Odd, no component found for service com.android.location.service.v3.NetworkLocationProvider
09-13 14:30:28.460 684 684 W GeocoderProxy: Odd, no component found for service com.android.location.service.GeocodeProvider
09-13 14:30:28.460 684 684 D LocationManagerService: FLP HAL not supported
09-13 14:30:28.461 684 684 W GeofenceProxy: Odd, no component found for service com.android.location.service.GeofenceProvider
09-13 14:30:28.462 684 684 D LocationManagerService: Hardware Activity-Recognition not supported.
09-13 14:30:28.462 684 684 W ActivityRecognitionProxy: Odd, no component found for service com.android.location.service.ActivityRecognitionProvider
09-13 14:30:28.468 684 684 I SystemServer: MakeCountryDetectionServiceReady
09-13 14:30:28.468 684 684 I SystemServer: MakeNetworkTimeUpdateReady
09-13 14:30:28.469 684 684 I SystemServer: MakeCommonTimeManagementServiceReady
09-13 14:30:28.469 684 890 D NetworkTimeUpdateService: mLastNtpFetchTime:-1 refTime:23347 event:2 getCacheAge:9223372036854775807 isNtpRefreshed:false mTryAgainCounter:0 currentTime:1536841828469 cachedNtp:1536839666010
09-13 14:30:28.469 684 684 I SystemServer: MakeInputManagerServiceReady
09-13 14:30:28.502 684 684 I ActivityManager: Start proc 892:com.nvidia.NvAccSt/1000 for service com.nvidia.NvAccSt/.NvAccStService
09-13 14:30:28.519 684 684 I ActivityManager: Start proc 901:com.nvidia.shieldtech.hooks/1000 for service com.nvidia.shieldtech.hooks/.HookService
09-13 14:30:28.519 684 684 I SystemServer: MakeTelephonyRegistryReady
09-13 14:30:28.520 684 684 I SystemServer: MakeMediaRouterServiceReady
09-13 14:30:28.520 684 684 I SystemServer: MakeMmsServiceReady
09-13 14:30:28.520 684 684 I MmsServiceBroker: Delay connecting to MmsService until an API is called
09-13 14:30:28.520 684 684 I SystemServer: MakeNetworkScoreServiceReady
09-13 14:30:28.520 684 684 I SystemServer: IncidentDaemonReady
09-13 14:30:28.521 684 684 I SystemServiceManager: Calling onStartUser u0
09-13 14:30:28.549 684 684 I ActivityManager: Start proc 919:com.nvidia.shieldtech.hooks/1000 for added application com.nvidia.shieldtech.hooks
09-13 14:30:28.564 684 684 I ActivityManager: Start proc 929:com.nvidia.nvaudiosvc/1000 for added application com.nvidia.nvaudiosvc
09-13 14:30:28.566 684 684 I ActivityManager: START u0 {act=android.intent.action.MAIN cat=[android.intent.category.HOME] flg=0x10000100 cmp=com.android.tv.settings/.system.FallbackHome} from uid 0
09-13 14:30:28.599 684 684 I ActivityManager: Loaded persisted task ids for user 0
09-13 14:30:28.660 684 684 I ActivityManager: Start proc 957:com.android.tv.settings/1000 for activity com.android.tv.settings/.system.FallbackHome
09-13 14:30:28.662 684 684 D SystemServerInitThreadPool: Shutdown successful
09-13 14:30:28.665 684 694 W ActivityManager: No pending application record for pid 901 (IApplicationThread android.app.IApplicationThread$Stub$Proxy@a5a38d8); dropping process
09-13 14:30:28.673 684 684 D ConditionProviders.SCP: onConnected
09-13 14:30:28.674 684 684 D ConditionProviders: Subscribing to condition://android/schedule?days=6.7&start=23.30&end=10.0&exitAtAlarm=false with ComponentInfo{android/com.android.server.notification.ScheduleConditionProvider}
09-13 14:30:28.675 684 684 D ConditionProviders: Subscribing to condition://android/schedule?days=1.2.3.4.5&start=22.0&end=7.0&exitAtAlarm=false with ComponentInfo{android/com.android.server.notification.ScheduleConditionProvider}
09-13 14:30:28.675 684 701 W LocationProviderProxy-network: Odd, no component found for service com.android.location.service.v3.NetworkLocationProvider
09-13 14:30:28.675 684 684 D ConditionProviders: Subscribing to condition://android/event?userId=-10000&calendar=&reply=1 with ComponentInfo{android/com.android.server.notification.EventConditionProvider}
09-13 14:30:28.675 684 701 W GeocoderProxy: Odd, no component found for service com.android.location.service.GeocodeProvider
09-13 14:30:28.675 684 701 W GeofenceProxy: Odd, no component found for service com.android.location.service.GeofenceProvider
09-13 14:30:28.675 684 701 W ActivityRecognitionProxy: Odd, no component found for service com.android.location.service.ActivityRecognitionProvider
09-13 14:30:28.721 684 684 W ContextImpl: Calling a method in the system process without a qualified user: android.app.ContextImpl.startService:1479 com.android.server.content.SyncManager$13.run:659 android.os.Handler.handleCallback:789 android.os.Handler.dispatchMessage:98 android.os.Looper.loop:164
09-13 14:30:28.722 684 684 D BluetoothManagerService: BluetoothServiceConnection: com.android.bluetooth.btservice.AdapterService
09-13 14:30:28.722 684 710 D BluetoothManagerService: MESSAGE_BLUETOOTH_SERVICE_CONNECTED: 1
09-13 14:30:28.725 684 710 D BluetoothManagerService: Broadcasting onBluetoothServiceUp() to 2 receivers.
09-13 14:30:28.726 353 353 E android.hardware.wifi@1.0-service: Failed to set DFS flag; DFS channels may be unavailable.
09-13 14:30:28.734 684 710 D BluetoothManagerService: MESSAGE_BLUETOOTH_STATE_CHANGE: OFF > BLE_TURNING_ON
09-13 14:30:28.734 684 710 D BluetoothManagerService: Sending BLE State Change: OFF > BLE_TURNING_ON
09-13 14:30:28.760 684 951 W ActivityManager: Unable to start service Intent { cmp=com.nvidia.blakepairing/.AccessoryService } U=0: not found
09-13 14:30:28.763 424 424 I wificond: create scanner for interface with index: 6
09-13 14:30:28.763 424 424 I wificond: subscribe scan result for interface with index: 6
09-13 14:30:28.821 684 684 V WiredAccessoryManager: init()
09-13 14:30:28.821 684 684 V WiredAccessoryManager: newName=hdmi_audio newState=16 headsetState=16 prev headsetState=0
09-13 14:30:29.077 684 783 W HDMI : [1]:Failed to send a polling message(8->14) with return code 3
09-13 14:30:29.272 684 684 D AccessibilityManagerService: Ignoring non-encryption-aware service ComponentInfo{com.fluxii.androidtv.mousetoggle/com.fluxii.androidtv.mousetoggle.AccessService}
09-13 14:30:29.272 684 684 D AccessibilityManagerService: Ignoring non-encryption-aware service ComponentInfo{com.irishin.buttonsremapper/com.irishin.buttonsremapper.remapper.ButtonsAccessibilityService}
09-13 14:30:29.272 684 684 D AccessibilityManagerService: Ignoring non-encryption-aware service ComponentInfo{com.piriform.ccleaner/com.piriform.ccleaner.cleaning.advanced.AdvancedCacheCleaningService}
09-13 14:30:29.272 684 684 D AccessibilityManagerService: Ignoring non-encryption-aware service ComponentInfo{flar2.homebutton/flar2.homebutton.ButtonAccessibilityService}
09-13 14:30:29.312 957 957 W ContextImpl: Calling a method in the system process without a qualified user: android.app.ContextImpl.bindService:1559 android.content.ContextWrapper.bindService:678 com.nvidia.ControllerMapper.MapperManager.bindService:390 com.nvidia.ControllerMapper.MapperManager.:185 com.nvidia.ControllerMapper.MapperManager.getInstance:147
09-13 14:30:29.314 684 942 W ActivityManager: Unable to start service Intent { act=com.nvidia.ControllerMapper.START_SERVICE cmp=com.nvidia.ControllerMapper/.MapperService } U=0: not found
09-13 14:30:29.314 684 694 W ActivityManager: Unbind failed: could not find connection for android.os.BinderProxy@ec180da
09-13 14:30:29.329 684 707 E BatteryStatsService: no controller energy info supplied
09-13 14:30:29.329 684 707 E BatteryStatsService: no controller energy info supplied
09-13 14:30:29.330 684 707 E BatteryStatsImpl: All kernel wakelocks had time of zero
09-13 14:30:29.330 684 707 E BatteryStatsImpl: All kernel wakelocks were set stale. new version=1
09-13 14:30:29.330 684 707 W KernelMemoryBandwidthStats: No kernel memory bandwidth stats available
09-13 14:30:29.352 684 684 D ConditionProviders.SCP: onSubscribe condition://android/schedule?days=6.7&start=23.30&end=10.0&exitAtAlarm=false
09-13 14:30:29.353 684 684 D ConditionProviders.SCP: setRegistered true
09-13 14:30:29.353 684 684 D ConditionProviders.SCP: notifyCondition condition://android/schedule?days=6.7&start=23.30&end=10.0&exitAtAlarm=false STATE_FALSE reason=!meetsSchedule
09-13 14:30:29.358 684 684 D ConditionProviders.SCP: Scheduling evaluate for Thu Sep 13 23:30:00 GMT+02:00 2018 (1536874200000), in +8h59m30s648ms, now=Thu Sep 13 14:30:29 GMT+02:00 2018 (1536841829352)
09-13 14:30:29.359 684 684 D ConditionProviders.SCP: onSubscribe condition://android/schedule?days=1.2.3.4.5&start=22.0&end=7.0&exitAtAlarm=false
09-13 14:30:29.359 684 684 D ConditionProviders.SCP: notifyCondition condition://android/schedule?days=6.7&start=23.30&end=10.0&exitAtAlarm=false STATE_FALSE reason=!meetsSchedule
09-13 14:30:29.359 684 684 D ConditionProviders.SCP: notifyCondition condition://android/schedule?days=1.2.3.4.5&start=22.0&end=7.0&exitAtAlarm=false STATE_FALSE reason=!meetsSchedule
09-13 14:30:29.360 684 684 D ConditionProviders.SCP: Scheduling evaluate for Thu Sep 13 22:00:00 GMT+02:00 2018 (1536868800000), in +7h29m30s641ms, now=Thu Sep 13 14:30:29 GMT+02:00 2018 (1536841829359)
09-13 14:30:29.368 353 353 E android.hardware.wifi@1.0-service: Failed to get driver version: SUCCESS
09-13 14:30:29.369 353 353 E android.hardware.wifi@1.0-service: Failed to get driver version: SUCCESS
09-13 14:30:29.387 684 779 E ActivityThread: Failed to find provider info for com.android.calendar
09-13 14:30:29.388 684 701 I SyncManager: Got SyncJobService instance.
09-13 14:30:29.390 684 779 E ActivityThread: Failed to find provider info for com.android.calendar
09-13 14:30:29.394 684 684 V WiredAccessoryManager: headsetName: connected
09-13 14:30:29.411 684 684 D CountryDetector: The first listener is added
09-13 14:30:29.427 424 424 I wificond: New interface event callback registered
09-13 14:30:29.440 684 707 E BatteryStatsService: no controller energy info supplied
09-13 14:30:29.440 684 707 E BatteryStatsImpl: All kernel wakelocks had time of zero
09-13 14:30:29.441 684 702 W KeyguardServiceDelegate: onScreenTurningOn(): no keyguard service!
09-13 14:30:29.441 684 707 E BatteryStatsImpl: All kernel wakelocks were set stale. new version=2
09-13 14:30:29.447 684 707 E BatteryStatsService: no controller energy info supplied
09-13 14:30:29.447 684 707 E BatteryStatsImpl: All kernel wakelocks had time of zero
09-13 14:30:29.448 684 707 E BatteryStatsImpl: All kernel wakelocks were set stale. new version=3
09-13 14:30:29.451 684 746 I WindowManager: Screen frozen for +749ms due to Window{51d9ae7 u0 com.android.tv.settings/com.android.tv.settings.system.FallbackHome}
09-13 14:30:29.549 684 833 W ActivityManager: Unable to start service Intent { act=com.nvidia.ControllerMapper.START_SERVICE cmp=com.nvidia.ControllerMapper/.MapperService } U=0: not found
09-13 14:30:29.550 684 952 W ActivityManager: Unbind failed: could not find connection for android.os.BinderProxy@9e5e3de
09-13 14:30:29.558 684 695 I StatusBarManagerService: registerStatusBar bar=com.android.internal.statusbar.IStatusBar$Stub$Proxy@a2652db
09-13 14:30:29.945 684 783 W HDMI : [1]:Failed to send a polling message(8->13) with return code 3
09-13 14:30:30.007 684 710 D BluetoothManagerService: MESSAGE_BLUETOOTH_STATE_CHANGE: BLE_TURNING_ON > BLE_ON
09-13 14:30:30.007 684 710 D BluetoothManagerService: Bluetooth is in LE only mode
09-13 14:30:30.007 684 710 D BluetoothManagerService: Binding Bluetooth GATT service
09-13 14:30:30.008 684 710 D BluetoothManagerService: Sending BLE State Change: BLE_TURNING_ON > BLE_ON
09-13 14:30:30.442 684 684 D BluetoothManagerService: Bluetooth Adapter address changed to 00:04:4B:AA:03:0C
09-13 14:30:30.442 684 684 D BluetoothManagerService: Stored Bluetoothaddress: 00:04:4B:AA:03:0C
09-13 14:30:30.442 684 684 D BluetoothManagerService: Bluetooth Adapter name changed to SHIELD
09-13 14:30:30.442 684 684 D BluetoothManagerService: Stored Bluetooth name: SHIELD
09-13 14:30:30.442 684 684 D BluetoothManagerService: BluetoothServiceConnection: com.android.bluetooth.gatt.GattService
09-13 14:30:30.442 684 710 D BluetoothManagerService: MESSAGE_BLUETOOTH_SERVICE_CONNECTED: 2
09-13 14:30:30.442 684 710 D BluetoothManagerService: BluetoothGatt Service is Up
09-13 14:30:30.443 684 710 D BluetoothManagerService: Persisting Bluetooth Setting: 1
09-13 14:30:30.443 684 710 D BluetoothManagerService: MESSAGE_BLUETOOTH_STATE_CHANGE: BLE_ON > TURNING_ON
09-13 14:30:30.443 684 710 D BluetoothManagerService: Sending BLE State Change: BLE_ON > TURNING_ON
09-13 14:30:30.466 684 710 D BluetoothManagerService: MESSAGE_BLUETOOTH_STATE_CHANGE: TURNING_ON > ON
09-13 14:30:30.466 684 710 D BluetoothManagerService: Broadcasting onBluetoothStateChange(true) to 2 receivers.
09-13 14:30:30.466 684 710 D BluetoothManagerService: Creating new ProfileServiceConnections object for profile: 1
09-13 14:30:30.466 684 710 E BluetoothManagerService: Fail to bind to: Intent { act=android.bluetooth.IBluetoothHeadset }
09-13 14:30:30.466 684 710 W BluetoothManagerService: Unable to bind with intent: Intent { act=android.bluetooth.IBluetoothHeadset }
09-13 14:30:30.466 684 710 D BluetoothManagerService: Sending BLE State Change: TURNING_ON > ON
09-13 14:30:30.994 684 783 W HDMI : [1]:Failed to send a polling message(8->12) with return code 3
09-13 14:30:31.237 684 783 W HDMI : [1]:Failed to send a polling message(8->11) with return code 3
09-13 14:30:31.277 684 783 W HDMI : [1]:Failed to send a polling message(8->10) with return code 3
09-13 14:30:31.318 684 783 W HDMI : [1]:Failed to send a polling message(8->9) with return code 3
09-13 14:30:31.359 684 783 W HDMI : [1]:Failed to send a polling message(8->7) with return code 3
09-13 14:30:31.399 684 783 W HDMI : [1]:Failed to send a polling message(8->6) with return code 3
09-13 14:30:31.440 684 783 W HDMI : [1]:Failed to send a polling message(8->5) with return code 3
09-13 14:30:31.480 684 783 W HDMI : [1]:Failed to send a polling message(8->4) with return code 3
09-13 14:30:31.521 684 783 W HDMI : [1]:Failed to send a polling message(8->3) with return code 3
09-13 14:30:31.561 684 783 W HDMI : [1]:Failed to send a polling message(8->2) with return code 3
09-13 14:30:31.602 684 783 W HDMI : [1]:Failed to send a polling message(8->1) with return code 3
09-13 14:30:31.642 684 684 V DeviceDiscoveryAction: Device detected: [0]
09-13 14:30:31.643 684 684 V DeviceDiscoveryAction: Start [Physical Address Stage]:1
09-13 14:30:31.730 684 786 D ConnectivityService: registerNetworkAgent NetworkAgentInfo{ ni{[type: Ethernet[], state: CONNECTED/CONNECTED, reason: (unspecified), extra: 00:04:4b:aa:03:0d, failover: false, available: true, roaming: false, metered: false]} network{100} nethandle{429513165534} lp{{InterfaceName: eth0 LinkAddresses: [fe80::204:4bff:feaa:30d/64,192.168.1.128/24,] Routes: [fe80::/64 -> :: eth0,192.168.1.0/24 -> 0.0.0.0 eth0,0.0.0.0/0 -> 192.168.1.1 eth0,] DnsAddresses: [54.93.173.153,23.21.43.50,] Domains: null MTU: 0 TcpBufferSizes: 524288,1048576,3145728,524288,1048576,2097152}} nc{[ Transports: ETHERNET Capabilities: INTERNET&NOT_RESTRICTED&TRUSTED&NOT_VPN LinkUpBandwidth>=100000Kbps LinkDnBandwidth>=100000Kbps]} Score{110} everValidated{false} lastValidated{false} created{false} lingering{false} explicitlySelected{false} acceptUnvalidated{false} everCaptivePortalDetected{false} lastCaptivePortalDetected{false} }
09-13 14:30:31.731 684 773 D ConnectivityService: NetworkAgentInfo [Ethernet () - 100] EVENT_NETWORK_INFO_CHANGED, going from null to CONNECTED
09-13 14:30:31.731 684 773 D ConnectivityService: Adding iface eth0 to network 100
09-13 14:30:31.734 684 773 D ConnectivityService: Setting DNS servers for network 100 to [/54.93.173.153, /23.21.43.50]
09-13 14:30:31.741 684 773 D ConnectivityService: Switching to new default network: NetworkAgentInfo{ ni{[type: Ethernet[], state: CONNECTED/CONNECTED, reason: (unspecified), extra: 00:04:4b:aa:03:0d, failover: false, available: true, roaming: false, metered: false]} network{100} nethandle{429513165534} lp{{InterfaceName: eth0 LinkAddresses: [fe80::204:4bff:feaa:30d/64,192.168.1.128/24,] Routes: [fe80::/64 -> :: eth0,192.168.1.0/24 -> 0.0.0.0 eth0,0.0.0.0/0 -> 192.168.1.1 eth0,] DnsAddresses: [54.93.173.153,23.21.43.50,] Domains: null MTU: 0 TcpBufferSizes: 524288,1048576,3145728,524288,1048576,2097152}} nc{[ Transports: ETHERNET Capabilities: INTERNET&NOT_RESTRICTED&TRUSTED&NOT_VPN&FOREGROUND LinkUpBandwidth>=100000Kbps LinkDnBandwidth>=100000Kbps]} Score{110} everValidated{false} lastValidated{false} created{true} lingering{false} explicitlySelected{false} acceptUnvalidated{false} everCaptivePortalDetected{false} lastCaptivePortalDetected{false} }
09-13 14:30:31.743 684 773 D ConnectivityService: Sending CONNECTED broadcast for type 9 NetworkAgentInfo [Ethernet () - 100] isDefaultNetwork=true
09-13 14:30:31.750 684 773 E ConnectivityService: Exception in removeRoute: java.lang.IllegalStateException: command '46 network route remove 100 eth0 fe80::/64' failed with '400 46 removeRoute() failed (No such process)'
09-13 14:30:31.865 684 684 V DeviceDiscoveryAction: Start [Osd Name Stage]:1
09-13 14:30:32.446 684 684 D ConditionProviders.SCP: onReceive android.intent.action.TIME_SET
09-13 14:30:32.446 684 684 D ConditionProviders.SCP: notifyCondition condition://android/schedule?days=6.7&start=23.30&end=10.0&exitAtAlarm=false STATE_FALSE reason=!meetsSchedule
09-13 14:30:32.446 684 684 D ConditionProviders.SCP: notifyCondition condition://android/schedule?days=1.2.3.4.5&start=22.0&end=7.0&exitAtAlarm=false STATE_FALSE reason=!meetsSchedule
09-13 14:30:32.446 684 684 D ConditionProviders.SCP: Scheduling evaluate for Thu Sep 13 22:00:00 GMT+02:00 2018 (1536868800000), in +7h29m27s554ms, now=Thu Sep 13 14:30:32 GMT+02:00 2018 (1536841832446)
09-13 14:30:32.447 684 779 E ActivityThread: Failed to find provider info for com.android.calendar
09-13 14:30:32.447 684 779 E ActivityThread: Failed to find provider info for com.android.calendar
09-13 14:30:32.517 684 773 D ConnectivityService: NetworkAgentInfo [Ethernet () - 100] validation passed
09-13 14:30:32.600 684 684 W HDMI : [1]:Unhandled cec command: src: 0, dst: 8, params: 46 04
09-13 14:30:32.802 684 890 D NetworkTimeUpdateService: mLastNtpFetchTime:-1 refTime:27624 event:3 getCacheAge:1 isNtpRefreshed:true mTryAgainCounter:1 currentTime:1536841832747 cachedNtp:1536839666010
09-13 14:30:32.802 684 890 D NetworkTimeUpdateService: Ntp time to be set = 1536841832428
09-13 14:30:34.067 684 703 W WindowManager: Keyguard drawn timeout. Setting mKeyguardDrawComplete
09-13 14:30:34.084 684 711 I WindowManager: ******* TELLING SURFACE FLINGER WE ARE BOOTED!
09-13 14:30:35.493 684 684 V DeviceDiscoveryAction: Ignoring timeout
09-13 14:30:35.493 684 684 V DeviceDiscoveryAction: Timeout[State=3, Processed=1]
09-13 14:30:35.493 684 684 V DeviceDiscoveryAction: Start [Vendor Id Stage]:1
09-13 14:30:35.493 684 684 V DeviceDiscoveryAction: Start [CEC Version Stage]:1
09-13 14:30:35.658 684 684 V DeviceDiscoveryAction: ---------Wrap up Device Discovery:[1]---------
09-13 14:30:35.658 684 684 V DeviceDiscoveryAction: DeviceInfo: CEC: logical_address: 0x00 device_type: 0 vendor_id: 57489 display_name: power_status: -1 cec_version: 5 physical_address: 0x0000 port_id: -1
09-13 14:30:35.658 684 684 V DeviceDiscoveryAction: --------------------------------------------
09-13 14:30:38.909 684 711 I SystemServiceManager: Starting phase 1000
09-13 14:30:38.912 684 684 I OneTouchPlayAction: Query display power state 1 time(s) before send OneTouchPlay.
09-13 14:30:38.927 684 711 I ActivityManager: Start proc 1242:com.nvidia.irtuner:irtuner_service/1000 for on-hold
09-13 14:30:38.928 684 711 D ActivityManager: Finishing user boot 0
09-13 14:30:38.928 684 711 I ActivityManager: User 0 state changed from BOOTING to RUNNING_LOCKED
09-13 14:30:38.930 684 711 I ActivityManager: User 0 state changed from RUNNING_LOCKED to RUNNING_UNLOCKING
09-13 14:30:38.930 684 711 D CryptdConnector: SND -> {3 cryptfs prepare_user_storage ! 0 0 2}
09-13 14:30:38.931 289 294 D vold : e4crypt_prepare_user_storage for volume null, user 0, serial 0, flags 2
09-13 14:30:38.931 289 294 D vold : Preparing: /data/system_ce/0
09-13 14:30:38.931 289 294 D vold : Preparing: /data/misc_ce/0
09-13 14:30:38.931 289 294 D vold : Preparing: /data/media/0
09-13 14:30:38.931 289 294 D vold : Preparing: /data/data
09-13 14:30:38.931 684 760 D CryptdConnector: RCV <- {200 3 Command succeeded}
09-13 14:30:38.932 684 711 V UserDataPreparer: Found /data/user/0 with serial number 0
09-13 14:30:38.932 684 711 V UserDataPreparer: Found /data/system_ce/0 with serial number 0
09-13 14:30:38.932 684 711 V PackageManager: reconcileAppsData for null u0 0x2 migrateAppData=false
09-13 14:30:39.048 684 711 V PackageManager: reconcileAppsData finished 172 packages
09-13 14:30:39.051 684 702 I SystemServiceManager: Calling onUnlockUser u0
09-13 14:30:39.051 684 702 D BluetoothManagerService: User 0 unlocked
09-13 14:30:39.051 684 702 D StorageManagerService: onUnlockUser 0
09-13 14:30:39.051 684 702 D VoldConnector: SND -> {6 volume user_started 0}
09-13 14:30:39.051 684 710 D BluetoothManagerService: MESSAGE_USER_UNLOCKED
09-13 14:30:39.053 289 293 D vold : Linking /storage/emulated/0 to /mnt/user/0/primary
09-13 14:30:39.054 684 759 D VoldConnector: RCV <- {200 6 Command succeeded}
09-13 14:30:39.054 684 758 D StorageManagerService: Volume emulated broadcasting mounted to UserHandle{0}
09-13 14:30:39.064 684 684 I ActivityManager: Start proc 1268:com.google.android.marvin.talkback/u0a72 for broadcast com.google.android.marvin.talkback/com.google.android.accessibility.talkback.BootReceiver
09-13 14:30:39.074 684 773 D ConnectivityService: Got NetworkFactory Messenger for WIFI
09-13 14:30:39.074 684 773 D ConnectivityService: Got NetworkFactory Messenger for WIFI_UT
09-13 14:30:39.080 684 684 W InputMethodInfo: Duplicated subtype definition found: en_US, keyboard
09-13 14:30:39.081 684 772 E WifiP2pService: Unable to change interface settings: java.lang.IllegalStateException: command '52 interface setcfg p2p0 0.0.0.0 0 up' failed with '400 52 Failed to clear address (No such device)'
09-13 14:30:39.089 684 702 V BackupManagerService: No ancestral data
09-13 14:30:39.102 684 702 V BackupManagerService: Starting with transport com.google.android.gms/.backup.BackupTransportService
09-13 14:30:39.102 684 702 D BackupTransportManager: Binding to transport: android/com.android.internal.backup.LocalTransportService
09-13 14:30:39.103 684 702 D BackupTransportManager: Binding to transport: com.google.android.gms/.backup.component.D2dTransportService
09-13 14:30:39.113 684 702 I ActivityManager: Start proc 1292:com.google.android.gms.persistent/u0a10 for service com.google.android.gms/.backup.component.D2dTransportService
09-13 14:30:39.114 684 702 D BackupTransportManager: Binding to transport: com.google.android.gms/.backup.BackupTransportService
09-13 14:30:39.120 684 702 I BackupManagerService: Backup enabled => false
09-13 14:30:39.134 1242 1242 W ContextImpl: Calling a method in the system process without a qualified user: android.app.ContextImpl.bindService:1559 android.content.ContextWrapper.bindService:678 com.nvidia.irtuner.service.NvIRTunerService.bindToShieldBTManagerService:2725 com.nvidia.irtuner.service.NvIRTunerService.onCreate:502 android.app.ActivityThread.handleCreateService:3446
09-13 14:30:39.145 684 951 I ActivityManager: Start proc 1307:com.nvidia.bluetooth.ShieldBluetoothManager/1000 for service com.nvidia.bluetooth.ShieldBluetoothManager/.ShieldBluetoothService
09-13 14:30:39.164 684 834 I ActivityManager: Start proc 1323:android.process.media/u0a8 for broadcast com.android.providers.downloads/.DownloadReceiver
09-13 14:30:39.183 684 702 W SystemServiceManager: Service com.android.server.backup.BackupManagerService$Lifecycle took 101 ms in onUnlockUser
09-13 14:30:39.183 684 1291 V KeyValueBackupJob: Scheduling k/v pass in 248 minutes
09-13 14:30:39.307 684 695 I ActivityManager: Start proc 1339:com.google.process.gapps/u0a10 for content provider com.google.android.gsf/.gservices.GservicesProvider
09-13 14:30:39.474 684 684 I OneTouchPlayAction: Display power state: 0 before OneTouchPlay.
09-13 14:30:39.485 684 694 I ActivityManager: Start proc 1363:innerlife.keyboard.multilanguagekeymapredefiner/u0a99 for service innerlife.keyboard.multilanguagekeymapredefiner/innerlife.keyboard.inputmanager.KeyboardInput
09-13 14:30:39.498 684 684 I ActivityManager: Start proc 1375:com.google.android.tv/u0a32 for service com.google.android.tv/com.android.tv.recommendation.ChannelPreviewUpdater$ChannelPreviewUpdateService
09-13 14:30:39.579 684 684 D BackupTransportManager: Bound to transport: android/com.android.internal.backup.LocalTransportService
09-13 14:30:39.601 684 1291 I BackupManagerService: Found stale backup journal, scheduling
09-13 14:30:39.613 1363 1395 E ActivityThread: Failed to find provider info for com.android.inputmethod.latin.dictionarypack
09-13 14:30:39.625 684 951 I ActivityManager: Start proc 1397:android.process.acore/u0a4 for content provider com.android.providers.userdictionary/.UserDictionaryProvider
09-13 14:30:39.688 684 783 W HdmiCecController: Failed to send src: 8, dst: 5, params: 30 00 with errorCode=3
09-13 14:30:39.939 684 684 D HdmiCecLocalDevicePlayback: src: 8, dst: 15, params: 30 00 received, laddr=8 phyaddr=0x3000 actions empty=false timeSinceLastOtp=958
09-13 14:30:40.030 684 684 W HDMI : [1]:No validation information for the message: src: 0, dst: 8, params: 03
09-13 14:30:40.030 684 684 W HDMI : [1]:Unhandled cec command: src: 0, dst: 8, params: 03
09-13 14:30:40.053 684 833 I ActivityManager: Start proc 1415:com.nvidia.diagtools/1000 for broadcast com.nvidia.diagtools/.main.MediaEventReceiver
09-13 14:30:40.155 684 702 W SystemServiceManager: Service com.android.server.appwidget.AppWidgetService took 972 ms in onUnlockUser
09-13 14:30:40.168 684 702 I ActivityManager: Start proc 1435:com.google.android.katniss:interactor/u0a19 for service com.google.android.katniss/.search.serviceapi.KatnissVoiceInteractionService
09-13 14:30:40.169 684 695 W ActivityManager: Background start not allowed: service Intent { act=com.google.firebase.INSTANCE_ID_EVENT pkg=com.google.android.tv cmp=com.google.android.tv/com.google.firebase.iid.FirebaseInstanceIdService } to com.google.android.tv/com.google.firebase.iid.FirebaseInstanceIdService from pid=1375 uid=10032 pkg=com.google.android.tv
09-13 14:30:40.187 684 695 I ActivityManager: Start proc 1451:com.nvidia.blakepairing/1000 for service com.nvidia.blakepairing/.AccessoryService
09-13 14:30:40.233 684 940 I ActivityManager: Start proc 1472:com.google.android.gms/u0a10 for service com.google.android.gms/.measurement.service.MeasurementBrokerService
09-13 14:30:40.234 684 684 I WindowManager: OneTouchPlay success
09-13 14:30:40.283 684 702 W SystemServiceManager: Service com.android.server.tv.TvInputManagerService took 115 ms in onUnlockUser
09-13 14:30:40.283 684 702 I ActivityManager: Loading recents for user 0 into memory.
09-13 14:30:40.325 684 702 I ActivityManager: Start proc 1500:com.nvidia.factorybundling/1000 for added application com.nvidia.factorybundling
09-13 14:30:40.339 684 702 I ActivityManager: Start proc 1510:com.nvidia.peripheralservice/1000 for added application com.nvidia.peripheralservice
09-13 14:30:40.354 684 702 I ActivityManager: Start proc 1527:com.nvidia.hdmimonitorservice/1000 for added application com.nvidia.hdmimonitorservice
09-13 14:30:40.368 684 702 I ActivityManager: Start proc 1545:com.nvidia.shieldtech.accessoryui/u0a114 for added application com.nvidia.shieldtech.accessoryui
09-13 14:30:40.378 684 702 I ActivityManager: Start proc 1558:com.nvidia.NvCPLSvc/1000 for added application com.nvidia.NvCPLSvc
09-13 14:30:40.389 684 702 I ActivityManager: Start proc 1573:com.android.gallery3d/u0a46 for added application com.android.gallery3d
09-13 14:30:40.403 684 702 I ActivityManager: Start proc 1587:com.nvidia.shieldservice/1000 for added application com.nvidia.shieldservice
09-13 14:30:40.413 684 702 I ActivityManager: Start proc 1597:com.nvidia.osc/u0a97 for added application com.nvidia.osc
09-13 14:30:40.428 684 702 I ActivityManager: Start proc 1612:com.nvidia.ControllerMapper/1000 for added application com.nvidia.ControllerMapper
09-13 14:30:40.438 684 684 D HdmiCecLocalDevicePlayback: src: 8, dst: 15, params: 30 00 received, laddr=8 phyaddr=0x3000 actions empty=true timeSinceLastOtp=1433
09-13 14:30:40.440 684 702 I ActivityManager: Start proc 1629:com.nvidia.app.messaging/u0a77 for added application com.nvidia.app.messaging
09-13 14:30:40.451 684 702 I ActivityManager: Start proc 1644:com.nvidia.beyonder.services.input/u0a117 for added application com.nvidia.beyonder.services.input
09-13 14:30:40.469 684 702 I ActivityManager: Start proc 1659:com.nvidia.stats/1000 for added application com.nvidia.stats
09-13 14:30:40.483 684 702 I ActivityManager: Start proc 1676:com.nvidia.nvgamecast/1000 for added application com.nvidia.nvgamecast
09-13 14:30:40.494 684 702 I ActivityManager: Start proc 1688:com.nvidia.beyonder.server/u0a95 for added application com.nvidia.beyonder.server
09-13 14:30:40.511 684 702 I ActivityManager: Start proc 1701:com.nvidia.developerwidget/1000 for added application com.nvidia.developerwidget
09-13 14:30:40.532 684 940 I ActivityManager: Start proc 1718:com.archos.mediacenter.videofree/u0a29 for broadcast com.archos.mediacenter.videofree/com.archos.filecorelibrary.ExtStorageReceiver
09-13 14:30:40.585 684 703 W Looper : Dispatch took 230ms on android.ui, h=Handler (com.android.server.am.ActivityManagerService$UiHandler) {308e123} cb=null msg=53
09-13 14:30:40.594 684 702 I ActivityManager: User 0 state changed from RUNNING_UNLOCKING to RUNNING_UNLOCKED
09-13 14:30:40.594 684 702 I ActivityManager: Sending BOOT_COMPLETE user #0
09-13 14:30:40.618 684 684 V NotificationListeners: enabling notification listener for 0: ComponentInfo{com.google.android.tvrecommendations/com.google.android.tvrecommendations.NotificationsService}
09-13 14:30:40.632 684 684 I ActivityManager: Start proc 1740:com.google.android.tvrecommendations/u0a101 for service com.google.android.tvrecommendations/.NotificationsService
09-13 14:30:40.632 684 684 W NotificationListeners: Skipping notification listener service ComponentInfo{com.google.android.leanbacklauncher/com.google.android.leanbacklauncher.recommendations.NotificationsService}: it does not require the permission android.permission.BIND_NOTIFICATION_LISTENER_SERVICE
09-13 14:30:40.632 684 684 W NotificationListeners: Skipping notification listener service ComponentInfo{com.google.android.leanbacklauncher.recommendations/com.google.android.leanbacklauncher.recommendations.UbNotificationsService}: it does not require the permission android.permission.BIND_NOTIFICATION_LISTENER_SERVICE
09-13 14:30:40.636 684 1723 I ActivityManager: START u0 {act=android.intent.action.MAIN cat=[android.intent.category.HOME] flg=0x10000100 cmp=com.google.android.tvlauncher/.HomeScreen} from uid 0
09-13 14:30:40.856 684 1723 I ActivityManager: Resume of home activity is skipped, reschedule one later
09-13 14:30:40.873 684 1723 I ActivityManager: Start proc 1774:com.google.android.tvlauncher/u0a103 for activity com.google.android.tvlauncher/.HomeScreen
09-13 14:30:40.874 684 703 W Looper : Dispatch took 254ms on android.ui, h=Handler (com.android.server.am.ActivityManagerService$UiHandler) {308e123} cb=null msg=53
09-13 14:30:40.903 684 701 I ActivityManager: Start proc 1789:com.android.keychain/1000 for service com.android.keychain/.KeyChainService
09-13 14:30:40.952 684 1543 I ActivityManager: Start proc 1812:com.android.tv.common/u0a32 for content provider com.google.android.tv/com.android.tv.common.CommonPreferenceProvider
09-13 14:30:41.005 684 1627 I ActivityManager: Start proc 1832:com.android.providers.tv/u0a35 for content provider com.android.providers.tv/.TvProvider
09-13 14:30:41.073 684 1543 I ActivityManager: Start proc 1855:com.google.android.katniss:search/u0a19 for service com.google.android.katniss/com.google.android.hotword.service.HotwordService
09-13 14:30:41.304 684 1654 W ActivityManager: Background start not allowed: service Intent { cmp=com.archos.mediacenter.videofree/com.archos.mediaprovider.video.VideoStoreImportService } to com.archos.mediacenter.videofree/com.archos.mediaprovider.video.VideoStoreImportService from pid=1718 uid=10029 pkg=com.archos.mediacenter.videofree
09-13 14:30:41.471 684 834 W InputMethodInfo: Duplicated subtype definition found: en_US, keyboard
09-13 14:30:41.603 684 1592 I ActivityManager: Start proc 1972:com.nvidia.shield.nvcustomize/u0a22 for content provider com.nvidia.shield.nvcustomize/.ConfigurationProvider
09-13 14:30:41.833 684 684 D BackupTransportManager: Bound to transport: com.google.android.gms/.backup.component.D2dTransportService
09-13 14:30:41.867 684 684 D BackupTransportManager: Bound to transport: com.google.android.gms/.backup.BackupTransportService
09-13 14:30:42.031 684 1654 I ActivityManager: Start proc 2049:com.nvidia.shieldtech.rpx/1000 for service com.nvidia.shieldtech.rpx/.RpxServer
09-13 14:30:42.093 684 1627 W SoundModelDBHelper: No SoundModel available for the given keyphrase
09-13 14:30:42.274 684 1627 I ActivityManager: Start proc 2094:de.web.mobile.android.mail/u0a124 for broadcast de.web.mobile.android.mail/com.fsck.k9.service.StorageReceiver
09-13 14:30:42.487 1774 2128 E ActivityThread: Failed to find provider info for tvlauncher.mic
09-13 14:30:42.570 1774 2039 E ActivityThread: Failed to find provider info for tvlauncher.widget
09-13 14:30:42.585 684 1723 W BroadcastQueue: Background execution not allowed: receiving Intent { act=android.intent.action.MEDIA_SCANNER_STARTED dat=file:///storage/emulated/0 flg=0x10 } to com.nvidia.shield.nas/.StateMonitor
09-13 14:30:42.585 684 702 W BroadcastQueue: Background execution not allowed: receiving Intent { act=android.intent.action.MEDIA_SCANNER_STARTED dat=file:///storage/emulated/0 flg=0x10 } to com.archos.mediacenter.videofree/com.archos.mediaprovider.video.VideoStoreImportReceiver
09-13 14:30:42.653 1558 1558 W ContextImpl: Calling a method in the system process without a qualified user: android.app.ContextImpl.startService:1479 android.content.ContextWrapper.startService:644 android.content.ContextWrapper.startService:644 com.nvidia.NvCPLSvc.NvCPLService.nu:1287 com.nvidia.NvCPLSvc.NvCPLBootReceiver.onReceive:32
09-13 14:30:42.676 684 1571 I ActivityManager: Start proc 2165:com.nvidia.shield.registration/1000 for broadcast com.nvidia.shield.registration/.UserRegBootReceiver
09-13 14:30:42.677 684 952 W ActivityManager: Unable to start service Intent { act=com.google.android.gms.ads.identifier.service.STARS pkg=com.google.android.gms } U=0: not found
09-13 14:30:42.680 684 2163 I BootReceiver: Copying /sys/fs/pstore/console-ramoops to DropBox (SYSTEM_LAST_KMSG)
09-13 14:30:42.699 684 2163 I BootReceiver: Copying audit failures to DropBox
09-13 14:30:42.701 684 2163 I BootReceiver: Copied 657 worth of audits to DropBox
09-13 14:30:42.707 684 2163 W BootReceiver: boot_fs_shutdown, string not found
09-13 14:30:42.710 684 2163 I BootReceiver: Checking for fsck errors
09-13 14:30:42.711 684 2163 I BootReceiver: fs_stat, partition:CAC stat:0x1
09-13 14:30:42.712 684 2163 I BootReceiver: fs_stat, partition:dm-1 stat:0x1
09-13 14:30:42.712 684 2163 I BootReceiver: fs_stat, partition:UDA stat:0x1
09-13 14:30:42.712 684 2163 I BootReceiver: fs_stat, partition:RP3 stat:0x1
09-13 14:30:42.915 1612 1612 W ContextImpl: Calling a method in the system process without a qualified user: android.app.ContextImpl.startService:1479 android.content.ContextWrapper.startService:644 android.content.ContextWrapper.startService:644 com.nvidia.ControllerMapper.BootCompletedReceiver.onReceive:23 android.app.ActivityThread.handleReceiver:3294
09-13 14:30:42.932 684 834 I ActivityManager: Start proc 2198:com.nvidia.shield.ask/u0a84 for broadcast com.nvidia.shield.ask/com.nvidia.shield.control.StateMonitor
09-13 14:30:42.985 1363 2218 E ActivityThread: Failed to find provider info for com.android.inputmethod.latin.dictionarypack
09-13 14:30:43.299 684 1643 I ActivityManager: Start proc 2245:com.plexapp.android/u0a64 for service com.plexapp.android/com.plexapp.plex.audioplayer.MediaBrowserAudioService
09-13 14:30:43.327 684 1611 I ActivityManager: Start proc 2258:com.google.android.play.games/u0a63 for broadcast com.google.android.play.games/com.google.android.gms.games.pano.recommendation.GamesPanoBroadcastReceiver
09-13 14:30:43.484 1451 2239 E ActivityThread: Failed to find provider info for com.nvidia.ibeta
09-13 14:30:43.502 1451 2239 E ActivityThread: Failed to find provider info for com.nvidia.ibeta
09-13 14:30:44.077 684 768 E ActivityThread: Failed to find provider info for com.nvidia.ibeta
09-13 14:30:44.106 684 1543 I ActivityManager: Start proc 2349:com.netflix.ninja/u0a73 for broadcast com.netflix.ninja/.BootCompleteReceiver
09-13 14:30:44.391 684 834 I ActivityManager: Start proc 2384:com.plexapp.mediaserver.smb/u0a65 for service com.plexapp.mediaserver.smb/com.plexapp.mediaserver.MediaServerService
09-13 14:30:44.631 684 1627 I ActivityManager: Start proc 2444:com.appgeneration.itunerfree/u0a91 for service com.appgeneration.itunerfree/com.appgeneration.ituner.media.service.MediaService
09-13 14:30:44.654 684 1611 I ActivityManager: Start proc 2460:at.nullptr.dlnachannels/u0a41 for broadcast at.nullptr.dlnachannels/.ChannelNotificationsReceiver
09-13 14:30:44.897 1451 1451 W ActivityThread: ClassLoader.getResources: The class loader returned by Thread.getContextClassLoader() may fail for processes that host multiple applications. You should explicitly specify a context class loader. For example: Thread.setContextClassLoader(getClass().getClassLoader());
09-13 14:30:45.217 684 942 I ActivityManager: Start proc 2569:com.amazon.amazonvideo.livingroom/u0a110 for broadcast com.amazon.amazonvideo.livingroom/com.amazon.ignition.receiver.BootUpReceiver
09-13 14:30:45.328 684 1695 I ActivityManager: Start proc 2590:com.google.android.play.games.ui/u0a63 for service com.google.android.play.games/com.google.android.gms.games.service.PlayGamesBridgeService
09-13 14:30:45.425 684 1723 I ActivityManager: Start proc 2623:org.videolan.vlc/u0a87 for service org.videolan.vlc/.PlaybackService
09-13 14:30:45.704 684 1715 I ActivityManager: Start proc 2676:tunein.player/u0a90 for service tunein.player/tunein.services.MediaBrowser
09-13 14:30:45.763 684 952 I ActivityManager: Start proc 2692:com.google.android.tts/u0a53 for service com.google.android.tts/.service.GoogleTTSService
09-13 14:30:45.860 684 1654 I ActivityManager: Start proc 2722:com.android.hotwordenrollment/u0a16 for broadcast com.android.hotwordenrollment/.StartupReceiver
09-13 14:30:46.257 684 1628 I ActivityManager: Start proc 2771:org.xbmc.kodi/u0a104 for content provider org.xbmc.kodi/.content.XBMCFileContentProvider
09-13 14:30:46.311 684 1695 I ActivityManager: Start proc 2787:com.android.inputmethod.latin/u0a37 for broadcast com.android.inputmethod.latin/.SystemBroadcastReceiver
09-13 14:30:46.848 684 1677 I ActivityManager: Process com.android.inputmethod.latin (pid 2787) has died: fore RCVR
09-13 14:30:46.871 684 702 I ActivityManager: Start proc 2885:com.android.providers.calendar/u0a3 for broadcast com.android.providers.calendar/.CalendarReceiver
09-13 14:30:47.182 684 951 I ActivityManager: Killing 1415:com.nvidia.diagtools/1000 (adj 906): empty #17
09-13 14:30:47.277 957 957 W ContextImpl: Calling a method in the system process without a qualified user: android.app.ContextImpl.startService:1479 android.content.ContextWrapper.startService:644 android.content.ContextWrapper.startService:644 com.android.tv.settings.users.UserSwitchListenerService$BootReceiver.onReceive:54 android.app.ActivityThread.handleReceiver:3294
09-13 14:30:47.309 684 1628 I ActivityManager: Start proc 2913:com.android.vending/u0a34 for broadcast com.android.vending/com.google.android.finsky.boothandler.BootCompletedReceiver
09-13 14:30:48.101 684 1543 I ActivityManager: Start proc 3019:com.google.android.apps.inputmethod.hindi/u0a50 for broadcast com.google.android.apps.inputmethod.hindi/com.google.android.apps.inputmethod.libs.framework.core.LauncherIconVisibilityInitializer
09-13 14:30:48.402 684 940 I ActivityManager: Start proc 3045:com.google.android.apps.inputmethod.zhuyin/u0a54 for broadcast com.google.android.apps.inputmethod.zhuyin/com.google.android.apps.inputmethod.libs.framework.core.LauncherIconVisibilityInitializer
09-13 14:30:48.402 684 1539 I ActivityManager: Killing 1718:com.archos.mediacenter.videofree/u0a29 (adj 906): empty #17
09-13 14:30:48.596 684 746 W AppOps : Finishing op nesting under-run: uid 10101 pkg com.google.android.tvrecommendations code 24 time=0 duration=0 nesting=0
09-13 14:30:48.730 684 1592 W ActivityManager: Slow operation: 166ms so far, now at startProcess: returned from zygote!
09-13 14:30:48.730 684 1592 W ActivityManager: Slow operation: 166ms so far, now at startProcess: done updating battery stats
09-13 14:30:48.730 684 1592 W ActivityManager: Slow operation: 166ms so far, now at startProcess: building log message
09-13 14:30:48.730 684 1592 I ActivityManager: Start proc 3076:com.google.android.webview:sandboxed_process0/u0i0 for webview_service tunein.player/org.chromium.content.app.SandboxedProcessService0
09-13 14:30:48.730 684 1592 W ActivityManager: Slow operation: 166ms so far, now at startProcess: starting to update pids map
09-13 14:30:48.730 684 1592 W ActivityManager: Slow operation: 166ms so far, now at startProcess: done updating pids map
09-13 14:30:48.730 684 1592 W ActivityManager: Slow operation: 166ms so far, now at startProcess: done starting proc!
09-13 14:30:48.732 684 703 W Looper : Dispatch took 168ms on android.ui, h=Handler (com.android.server.am.ActivityManagerService$UiHandler) {308e123} cb=null msg=53
09-13 14:30:48.789 684 1540 I ActivityManager: Start proc 3104:tunein.service/u0a90 for service tunein.player/tunein.audio.audioservice.AudioService
09-13 14:30:48.933 684 1675 I ActivityManager: Start proc 3140:com.google.android.apps.mediashell/u0a0 for broadcast com.google.android.apps.mediashell/.AutoStartListener
09-13 14:30:48.934 684 1571 I ActivityManager: Killing 1789:com.android.keychain/1000 (adj 906): empty #17
09-13 14:30:49.414 684 1540 I ActivityManager: Start proc 3253:com.google.android.inputmethod.japanese/u0a51 for broadcast com.google.android.inputmethod.japanese/com.google.android.apps.inputmethod.libs.framework.core.LauncherIconVisibilityInitializer
09-13 14:30:49.633 684 752 I ActivityManager: Start proc 3294:com.amazon.amazonvideo.livingroom:BackgroundServices/u0a110 for service com.amazon.amazonvideo.livingroom/com.amazon.ignition.service.UpdateRecommendationsService
09-13 14:30:50.310 684 834 I ActivityManager: Start proc 3401:com.google.android.inputmethod.korean/u0a57 for broadcast com.google.android.inputmethod.korean/com.google.android.apps.inputmethod.libs.framework.core.LauncherIconVisibilityInitializer
09-13 14:30:50.654 684 952 I ActivityManager: Start proc 3440:com.google.android.inputmethod.pinyin/u0a52 for broadcast com.google.android.inputmethod.pinyin/com.google.android.apps.inputmethod.libs.framework.core.LauncherIconVisibilityInitializer
09-13 14:30:50.698 684 1544 I ActivityManager: Start proc 3455:com.google.android.gms.unstable/u0a10 for service com.google.android.gms/.droidguard.DroidGuardService
09-13 14:30:51.083 684 833 W ActivityManager: Unable to start service Intent { act=com.google.android.gms.nearby.discovery:ACTION_INIT_MESSAGES_PATH cmp=com.google.android.gms/.nearby.discovery.service.DiscoveryService } U=0: not found
09-13 14:30:51.135 684 1675 I ActivityManager: Killing 2165:com.nvidia.shield.registration/1000 (adj 906): empty #17
09-13 14:30:51.190 684 1628 I ActivityManager: Start proc 3507:com.google.android.leanbacklauncher/u0a21 for broadcast com.google.android.leanbacklauncher/.BootCompletedReceiver
09-13 14:30:51.411 684 1650 I ActivityManager: Start proc 3538:com.google.android.onetimeinitializer/u0a13 for broadcast com.google.android.onetimeinitializer/.OneTimeInitializerReceiver
09-13 14:30:51.447 684 1677 I ActivityManager: Killing 1268:com.google.android.marvin.talkback/u0a72 (adj 906): empty #17
09-13 14:30:51.560 684 1723 I ActivityManager: Start proc 3580:com.google.android.packageinstaller/u0a14 for broadcast com.google.android.packageinstaller/com.android.packageinstaller.TemporaryFileManager
09-13 14:30:51.560 684 1723 I ActivityManager: Killing 2258:com.google.android.play.games/u0a63 (adj 906): empty #17
09-13 14:30:51.779 684 1543 I ActivityManager: Start proc 3625:com.google.android.partnersetup/u0a15 for broadcast com.google.android.partnersetup/.GooglePartnerSetup
09-13 14:30:51.780 684 1543 I ActivityManager: Killing 2384:com.plexapp.mediaserver.smb/u0a65 (adj 906): empty #17
09-13 14:30:51.848 684 952 W ActivityManager: Scheduling restart of crashed service com.plexapp.mediaserver.smb/com.plexapp.mediaserver.MediaServerService in 1000ms
09-13 14:30:51.950 684 951 I ActivityManager: Start proc 3648:com.android.vending:instant_app_installer/u0a34 for service com.android.vending/com.google.android.finsky.instantapps.statussync.StatusSyncService
09-13 14:30:52.825 684 1650 I ActivityManager: Start proc 3728:com.google.process.gapps/u0a48 for broadcast com.google.android.syncadapters.contacts/.ContactsSyncAdapterBroadcastReceiver
09-13 14:30:52.867 684 952 I ActivityManager: Start proc 3743:com.google.android.gms.ui/u0a10 for service com.google.android.gms/.chimera.UiIntentOperationService
09-13 14:30:52.877 684 702 I ActivityManager: Start proc 3756:com.plexapp.mediaserver.smb/u0a65 for service com.plexapp.mediaserver.smb/com.plexapp.mediaserver.MediaServerService
09-13 14:30:52.988 684 694 I ActivityManager: Killing 2245:com.plexapp.android/u0a64 (adj 906): empty #17
09-13 14:30:53.019 684 1592 I ActivityManager: Killing 2569:com.amazon.amazonvideo.livingroom/u0a110 (adj 906): empty #17
09-13 14:30:53.086 684 1715 I ActivityManager: Start proc 3796:com.google.android.remote.tv.services/u0a1 for broadcast com.google.android.tv.remote.service/.BootReceiver
09-13 14:30:53.144 684 1571 I ActivityManager: Killing 2623:org.videolan.vlc/u0a87 (adj 906): empty #17
09-13 14:30:53.145 684 1544 E WifiMulticastLockManager: Multicaster binderDied
09-13 14:30:53.299 684 1715 I ActivityManager: Start proc 3826:com.google.android.youtube.tv/u0a71 for broadcast com.google.android.youtube.tv/com.google.android.libraries.youtube.tv.recommendations.RecommendationsScheduler$Receiver
09-13 14:30:53.452 684 684 D BluetoothManagerService: Bluetooth Adapter name changed to SHIELD
09-13 14:30:53.452 684 684 D BluetoothManagerService: Stored Bluetooth name: SHIELD
09-13 14:30:53.613 684 775 D NsdService: startMDnsDaemon
09-13 14:30:53.815 684 1677 I ActivityManager: Start proc 3892:com.nvidia.KeyComboOta/1000 for broadcast com.nvidia.KeyComboOta/.TaskReceiver
09-13 14:30:53.815 684 1610 I ActivityManager: Killing 2722:com.android.hotwordenrollment/u0a16 (adj 906): empty #17
09-13 14:30:53.893 684 775 D NsdService: New client listening to asynchronous messages
09-13 14:30:53.894 684 775 D NsdService: New client, channel: com.android.internal.util.AsyncChannel@16989c0 messenger: android.os.Messenger@c6856f9
09-13 14:30:53.905 684 775 D NsdService: Register service
09-13 14:30:53.905 684 775 D NsdService: registerService: 2 name: SHIELD, type: _androidtvremote._tcp., host: null, port: 6466, txtRecord: bt=00:04:4B:AA:03:0C
09-13 14:30:53.907 684 775 D NsdService: Register 1 2
09-13 14:30:53.942 684 1677 I ActivityManager: Start proc 3919:com.nvidia.NvCPLUpdater/1000 for broadcast com.nvidia.NvCPLUpdater/.NvCPLUpdaterBootReceiver
09-13 14:30:54.050 3919 3919 W ContextImpl: Calling a method in the system process without a qualified user: android.app.ContextImpl.startService:1479 android.content.ContextWrapper.startService:644 android.content.ContextWrapper.startService:644 com.nvidia.NvCPLUpdater.NvCPLUpdaterService.cc:220 com.nvidia.NvCPLUpdater.NvCPLUpdaterBootReceiver.onReceive:31
09-13 14:30:54.065 3919 3936 W ContextImpl: Calling a method in the system process without a qualified user: android.app.ContextImpl.startService:1479 android.content.ContextWrapper.startService:644 com.nvidia.app.messagingsdk.a.fn:139 com.nvidia.app.messagingsdk.a.fu:130 com.nvidia.app.messagingsdk.a.fo:58
09-13 14:30:54.087 684 1677 I ActivityManager: Killing 2590:com.google.android.play.games.ui/u0a63 (adj 906): empty #17
09-13 14:30:54.144 684 1695 I ActivityManager: Start proc 3951:com.nvidia.diagtools/1000 for broadcast com.nvidia.diagtools/.main.BootCompletedReceiver
09-13 14:30:54.199 684 775 D NsdService: New client listening to asynchronous messages
09-13 14:30:54.199 684 775 D NsdService: New client, channel: com.android.internal.util.AsyncChannel@d2c5711 messenger: android.os.Messenger@68e7076
09-13 14:30:54.202 684 775 D NsdService: Register service
