09-13 14:31:09.168 5451 5451 I zygote : at java.lang.Class android.webkit.WebViewFactory.getProviderClass() (WebViewFactory.java:417)
09-13 14:31:09.168 5451 5451 I zygote : at android.webkit.WebViewFactoryProvider android.webkit.WebViewFactory.getProvider() (WebViewFactory.java:211)
09-13 14:31:09.168 5451 5451 I zygote : at java.lang.String android.webkit.WebSettings.getDefaultUserAgent(android.content.Context) (WebSettings.java:1259)
09-13 14:31:09.168 5451 5451 I zygote : at java.lang.String com.mopub.network.Networking.getUserAgent(android.content.Context) (Networking.java:145)
09-13 14:31:09.168 5451 5451 I zygote : at com.mopub.network.MoPubRequestQueue com.mopub.network.Networking.getRequestQueue(android.content.Context) (Networking.java:71)
09-13 14:31:09.168 5451 5451 I zygote : at void com.mopub.common.privacy.PersonalInfoManager.requestSync(boolean) (PersonalInfoManager.java:408)
09-13 14:31:09.168 5451 5451 I zygote : at void com.mopub.common.privacy.PersonalInfoManager.revokeConsent() (PersonalInfoManager.java:296)
09-13 14:31:09.168 5451 5451 I zygote : at void com.tunein.tuneinadsdkv2.adapter.mopub.MoPubSdkWrapper.update(boolean) (MoPubSdkWrapper.java:64)
09-13 14:31:09.168 5451 5451 I zygote : at void tunein.library.common.TuneIn.init(android.content.Context) (TuneIn.java:272)
09-13 14:31:09.168 5451 5451 I zygote : at void tunein.library.common.TuneIn.onCreate() (TuneIn.java:180)
09-13 14:31:09.168 5451 5451 I zygote : at void android.app.Instrumentation.callApplicationOnCreate(android.app.Application) (Instrumentation.java:1118)
09-13 14:31:09.168 5451 5451 I zygote : at void android.app.ActivityThread.handleBindApplication(android.app.ActivityThread$AppBindData) (ActivityThread.java:5842)
09-13 14:31:09.168 5451 5451 I zygote : at void android.app.ActivityThread.-wrap1(android.app.ActivityThread, android.app.ActivityThread$AppBindData) (ActivityThread.java:-1)
09-13 14:31:09.168 5451 5451 I zygote : at void android.app.ActivityThread$H.handleMessage(android.os.Message) (ActivityThread.java:1662)
09-13 14:31:09.168 5451 5451 I zygote : at void android.os.Handler.dispatchMessage(android.os.Message) (Handler.java:105)
09-13 14:31:09.168 5451 5451 I zygote : at void android.os.Looper.loop() (Looper.java:164)
09-13 14:31:09.168 5451 5451 I zygote : at void android.app.ActivityThread.main(java.lang.String[]) (ActivityThread.java:6592)
09-13 14:31:09.168 5451 5451 I zygote : at java.lang.Object java.lang.reflect.Method.invoke(java.lang.Object, java.lang.Object[]) (Method.java:-2)
09-13 14:31:09.168 5451 5451 I zygote : at void com.android.internal.os.Zygote$MethodAndArgsCaller.run() (Zygote.java:240)
09-13 14:31:09.168 5451 5451 I zygote : at void com.android.internal.os.ZygoteInit.main(java.lang.String[]) (ZygoteInit.java:767)
09-13 14:31:09.168 5451 5451 I zygote : Caused by: java.lang.ClassNotFoundException: Didn't find class "android.webkit.TracingController" on path: DexPathList[[zip file "/data/app/com.google.android.webview-XbDhvMWFSYKBShjBE5Xrag==/base.apk"],nativeLibraryDirectories=[/data/app/com.google.android.webview-XbDhvMWFSYKBShjBE5Xrag==/lib/arm, /data/app/com.google.android.webview-XbDhvMWFSYKBShjBE5Xrag==/base.apk!/lib/armeabi-v7a, /system/lib, /vendor/lib]]
09-13 14:31:09.168 5451 5451 I zygote : at java.lang.Class dalvik.system.BaseDexClassLoader.findClass(java.lang.String) (BaseDexClassLoader.java:93)
09-13 14:31:09.168 5451 5451 I zygote : at java.lang.Class java.lang.ClassLoader.loadClass(java.lang.String, boolean) (ClassLoader.java:379)
09-13 14:31:09.168 5451 5451 I zygote : at java.lang.Class java.lang.ClassLoader.loadClass(java.lang.String) (ClassLoader.java:312)
09-13 14:31:09.168 5451 5451 I zygote : at java.lang.Class java.lang.Class.classForName(java.lang.String, boolean, java.lang.ClassLoader) (Class.java:-2)
09-13 14:31:09.168 5451 5451 I zygote : at java.lang.Class java.lang.Class.forName(java.lang.String, boolean, java.lang.ClassLoader) (Class.java:453)
09-13 14:31:09.168 5451 5451 I zygote : at java.lang.Class android.webkit.WebViewFactory.getWebViewProviderClass(java.lang.ClassLoader) (WebViewFactory.java:150)
09-13 14:31:09.168 5451 5451 I zygote : at java.lang.Class android.webkit.WebViewFactory.getProviderClass() (WebViewFactory.java:417)
09-13 14:31:09.168 5451 5451 I zygote : at android.webkit.WebViewFactoryProvider android.webkit.WebViewFactory.getProvider() (WebViewFactory.java:211)
09-13 14:31:09.168 5451 5451 I zygote : at java.lang.String android.webkit.WebSettings.getDefaultUserAgent(android.content.Context) (WebSettings.java:1259)
09-13 14:31:09.168 5451 5451 I zygote : at java.lang.String com.mopub.network.Networking.getUserAgent(android.content.Context) (Networking.java:145)
09-13 14:31:09.168 5451 5451 I zygote : at com.mopub.network.MoPubRequestQueue com.mopub.network.Networking.getRequestQueue(android.content.Context) (Networking.java:71)
09-13 14:31:09.168 5451 5451 I zygote : at void com.mopub.common.privacy.PersonalInfoManager.requestSync(boolean) (PersonalInfoManager.java:408)
09-13 14:31:09.168 5451 5451 I zygote : at void com.mopub.common.privacy.PersonalInfoManager.revokeConsent() (PersonalInfoManager.java:296)
09-13 14:31:09.168 5451 5451 I zygote : at void com.tunein.tuneinadsdkv2.adapter.mopub.MoPubSdkWrapper.update(boolean) (MoPubSdkWrapper.java:64)
09-13 14:31:09.168 5451 5451 I zygote : at void tunein.library.common.TuneIn.init(android.content.Context) (TuneIn.java:272)
09-13 14:31:09.168 5451 5451 I zygote : at void tunein.library.common.TuneIn.onCreate() (TuneIn.java:180)
09-13 14:31:09.168 5451 5451 I zygote : at void android.app.Instrumentation.callApplicationOnCreate(android.app.Application) (Instrumentation.java:1118)
09-13 14:31:09.168 5451 5451 I zygote : at void android.app.ActivityThread.handleBindApplication(android.app.ActivityThread$AppBindData) (ActivityThread.java:5842)
09-13 14:31:09.168 5451 5451 I zygote : at void android.app.ActivityThread.-wrap1(android.app.ActivityThread, android.app.ActivityThread$AppBindData) (ActivityThread.java:-1)
09-13 14:31:09.168 5451 5451 I zygote : at void android.app.ActivityThread$H.handleMessage(android.os.Message) (ActivityThread.java:1662)
09-13 14:31:09.168 5451 5451 I zygote : at void android.os.Handler.dispatchMessage(android.os.Message) (Handler.java:105)
09-13 14:31:09.168 5451 5451 I zygote : at void android.os.Looper.loop() (Looper.java:164)
09-13 14:31:09.168 5451 5451 I zygote : at void android.app.ActivityThread.main(java.lang.String[]) (ActivityThread.java:6592)
09-13 14:31:09.168 5451 5451 I zygote : at java.lang.Object java.lang.reflect.Method.invoke(java.lang.Object, java.lang.Object[]) (Method.java:-2)
09-13 14:31:09.169 5451 5451 I zygote : at void com.android.internal.os.Zygote$MethodAndArgsCaller.run() (Zygote.java:240)
09-13 14:31:09.169 5451 5451 I zygote : at void com.android.internal.os.ZygoteInit.main(java.lang.String[]) (ZygoteInit.java:767)
09-13 14:31:09.169 5451 5451 I zygote :
09-13 14:31:09.175 285 285 W /system/bin/hwservicemanager: getTransportFromManifest: Cannot find entry android.hardware.drm@1.0::IDrmFactory in either framework or device manifest, using default transport.
09-13 14:31:09.182 5451 5451 I cr_LibraryLoader: Time to load native libraries: 1 ms (timestamps 4433-4434)
09-13 14:31:09.191 5451 5543 E cr_VariationsUtils: Failed reading seed file "/data/user/0/tunein.player/app_webview/variations_seed_new": /data/user/0/tunein.player/app_webview/variations_seed_new (No such file or directory)
09-13 14:31:09.195 5451 5451 I chromium: [INFO:library_loader_hooks.cc(36)] Chromium logging enabled: level = 0, default verbosity = 0
09-13 14:31:09.196 5451 5451 I cr_LibraryLoader: Expected native library version number "69.0.3497.91", actual native library version number "69.0.3497.91"
09-13 14:31:09.203 5451 5451 W cr_AwBrowserProcess: Using WebView from more than one process at once with the same data directory is not supported. https://crbug.com/558377
09-13 14:31:09.206 5451 5548 W cr_ChildProcLH: Create a new ChildConnectionAllocator with package name = com.google.android.webview, sandboxed = true
09-13 14:31:09.227 413 451 I DrmHal : makeDrmFactories: using default drm instance
09-13 14:31:09.231 5451 5451 I cr_BrowserStartup: Initializing chromium process, singleProcess=false
09-13 14:31:09.267 5451 5451 W tunein.service: type=1400 audit(0.0:23): avc: denied { read } for name="vmstat" dev="proc" ino=4026540878 scontext=u:r:untrusted_app:s0:c512,c768 tcontext=u:object_r:proc:s0 tclass=file permissive=0
09-13 14:31:09.276 5451 5451 I chromium: [INFO:aw_field_trial_creator.cc(54)] First-WebView-Experiment not found
09-13 14:31:09.289 413 3333 I WVCdm : CdmEngine::OpenSession
09-13 14:31:09.289 413 3333 D WVCdm : CryptoSession::Open: Lock: requested_security_level: Default
09-13 14:31:09.290 413 3333 E oemcrypto_cenc: OEMCrypto_APIVersion: 11
09-13 14:31:09.306 413 3333 I WVCdm : CdmEngine::QueryOemCryptoSessionId
09-13 14:31:09.388 3076 3171 E cr_ChildProcessService: Service is already bound by pid 2676, cannot bind for pid 5451
09-13 14:31:09.414 5462 5475 I DynamiteModule: Considering local module com.google.android.gms.googlecertificates:4 and remote module com.google.android.gms.googlecertificates:4
09-13 14:31:09.414 5462 5475 I DynamiteModule: Selected local version of com.google.android.gms.googlecertificates
09-13 14:31:09.421 5451 5548 E cr_SpareChildConn: Failed to warm up the spare sandbox service
09-13 14:31:09.441 5462 5475 W zygote64: Skipping duplicate class check due to unrecognized classloader
09-13 14:31:09.442 5451 5505 I MMSDK-EnvironmentUtils <129:1536841869442>: Environment initialized with the following data.
09-13 14:31:09.442 5451 5505 I MMSDK-EnvironmentUtils <129:1536841869442>: Millennial Media Ad SDK version: 6.8.1-72925a6 (release)
09-13 14:31:09.442 5451 5505 I MMSDK-EnvironmentUtils <129:1536841869442>: Android SDK version: 26
09-13 14:31:09.442 5451 5505 I MMSDK-EnvironmentUtils <129:1536841869442>: Application name: TuneIn Radio
09-13 14:31:09.442 5451 5505 I MMSDK-EnvironmentUtils <129:1536841869442>: Application id: tunein.player
09-13 14:31:09.442 5451 5505 I MMSDK-EnvironmentUtils <129:1536841869442>: Locale country DE
09-13 14:31:09.442 5451 5505 I MMSDK-EnvironmentUtils <129:1536841869442>: Locale language: de
09-13 14:31:09.442 5451 5505 I MMSDK-EnvironmentUtils <129:1536841869442>: External storage available: false
09-13 14:31:09.442 5451 5505 I MMSDK-EnvironmentUtils <129:1536841869442>: Display width: 1920
09-13 14:31:09.442 5451 5505 I MMSDK-EnvironmentUtils <129:1536841869442>: Display height: 1080
09-13 14:31:09.442 5451 5505 I MMSDK-EnvironmentUtils <129:1536841869442>: Display density: 2.0
09-13 14:31:09.442 5451 5505 I MMSDK-EnvironmentUtils <129:1536841869442>: Display dpi: 320
09-13 14:31:09.442 5451 5505 I MMSDK-EnvironmentUtils <129:1536841869442>: Natural screen orientation: landscape
09-13 14:31:09.442 5451 5505 I MMSDK-EnvironmentUtils <129:1536841869442>: READ_EXTERNAL_STORAGE permission available: false
09-13 14:31:09.442 5451 5505 I MMSDK-EnvironmentUtils <129:1536841869442>: WRITE_EXTERNAL_STORAGE permission available: true
09-13 14:31:09.442 5451 5505 I MMSDK-EnvironmentUtils <129:1536841869442>: ACCESS_WIFI_STATE permission available: false
09-13 14:31:09.442 5451 5505 I MMSDK-EnvironmentUtils <129:1536841869442>: ACCESS_FINE_LOCATION permission available: false
09-13 14:31:09.442 5451 5505 I MMSDK-EnvironmentUtils <129:1536841869442>: VIBRATE permission available: false
09-13 14:31:09.442 5451 5505 I MMSDK-EnvironmentUtils <129:1536841869442>: BLUETOOTH permission available: true
09-13 14:31:09.442 5451 5505 I MMSDK-EnvironmentUtils <129:1536841869442>: NFC permission available: false
09-13 14:31:09.442 5451 5505 I MMSDK-EnvironmentUtils <129:1536841869442>: RECORD_AUDIO permission available: false
09-13 14:31:09.442 5451 5505 I MMSDK-EnvironmentUtils <129:1536841869442>: Front camera available: false
09-13 14:31:09.442 5451 5505 I MMSDK-EnvironmentUtils <129:1536841869442>: Back camera available: false
09-13 14:31:09.442 5451 5505 I MMSDK-EnvironmentUtils <129:1536841869442>: Advertising ID: 5855f352-b092-433d-8bd9-c860a104f3cd
09-13 14:31:09.442 5451 5505 I MMSDK-EnvironmentUtils <129:1536841869442>: Limit ad tracking enabled: false
09-13 14:31:09.442 5451 5505 I MMSDK-EnvironmentUtils <129:1536841869442>:
09-13 14:31:09.454 413 451 I WVCdm : CdmEngine::GenerateKeyRequest
09-13 14:31:09.454 413 451 E oemcrypto_cenc: OEMCrypto_APIVersion: 11
09-13 14:31:09.454 413 451 D WVCdm : PrepareKeyRequest: nonce=3595223684
09-13 14:31:09.486 684 693 I zygote64: Background concurrent copying GC freed 195494(6MB) AllocSpace objects, 0(0B) LOS objects, 42% free, 13MB/22MB, paused 186us total 191.682ms
09-13 14:31:09.518 4155 4228 D ChannelsJobService: scheduleSaleUpdateIfNeeded: sale update NOT scheduled, beyond horizon
09-13 14:31:09.567 1774 1774 E Clearcut-EventLogger: Unexpected log parameter shown_channel_count
09-13 14:31:09.587 1774 1774 E Clearcut-EventLogger: Unexpected log parameter tray_notification_count
09-13 14:31:09.587 1774 1774 E Clearcut-EventLogger: Unexpected log parameter notification_indicator_total
09-13 14:31:09.675 413 3336 I WVCdm : CdmEngine::CloseSession
09-13 14:31:09.704 285 285 W /system/bin/hwservicemanager: getTransportFromManifest: Cannot find entry android.hardware.drm@1.0::IDrmFactory in either framework or device manifest, using default transport.
09-13 14:31:09.711 413 413 I DrmHal : makeDrmFactories: using default drm instance
09-13 14:31:09.748 413 3336 I WVCdm : CdmEngine::OpenSession
09-13 14:31:09.749 413 3336 D WVCdm : CryptoSession::Open: Lock: requested_security_level: Default
09-13 14:31:09.756 413 3336 E oemcrypto_cenc: OEMCrypto_APIVersion: 11
09-13 14:31:09.763 413 3336 I WVCdm : CdmEngine::QueryOemCryptoSessionId
09-13 14:31:09.770 413 413 I WVCdm : CdmEngine::GenerateKeyRequest
09-13 14:31:09.770 413 413 E oemcrypto_cenc: OEMCrypto_APIVersion: 11
09-13 14:31:09.771 413 413 D WVCdm : PrepareKeyRequest: nonce=1742491021
09-13 14:31:09.823 5451 5510 D MoPub : MoPubIdentifier initialized.
09-13 14:31:09.837 5476 5476 W Binder:5462_2: type=1400 audit(0.0:24): avc: denied { read } for name="/" dev="tmpfs" ino=8296 scontext=u:r:priv_app:s0:c512,c768 tcontext=u:object_r:device:s0 tclass=dir permissive=0
09-13 14:31:09.837 5476 5476 W Binder:5462_2: type=1400 audit(0.0:25): avc: denied { read } for name="interrupts" dev="proc" ino=4026540889 scontext=u:r:priv_app:s0:c512,c768 tcontext=u:object_r:proc_interrupts:s0 tclass=file permissive=0
09-13 14:31:09.846 5462 5476 W SystemServiceRegistry: No service published for: persistent_data_block
09-13 14:31:09.915 1292 2303 I Auth : [ReflectiveChannelBinder] Successfully bound channel!
09-13 14:31:09.932 5462 5476 I vndksupport: sphal namespace is not configured for this process. Loading /vendor/lib64/hw/gralloc.tegra.so from the current namespace instead.
09-13 14:31:09.973 413 3433 I WVCdm : CdmEngine::CloseSession
09-13 14:31:09.994 4686 4768 D JobRescheduleService: Reschedule 0 jobs of 1 jobs
09-13 14:31:10.004 684 1627 I ActivityManager: Killing 4686:com.piriform.ccleaner/u0a102 (adj 906): empty #17
09-13 14:31:10.005 684 1627 I ActivityManager: Killing 2913:com.android.vending/u0a34 (adj 906): empty #18
09-13 14:31:10.014 1292 2303 W Conscrypt: Could not set socket write timeout: java.lang.reflect.InvocationTargetException
09-13 14:31:10.015 1292 2303 W Conscrypt: at java.lang.reflect.Method.invoke(Native Method)
09-13 14:31:10.015 1292 2303 W Conscrypt: at com.google.android.gms.org.conscrypt.Platform.setSocketWriteTimeout(:com.google.android.gms@13280070@13.2.80 (080406-211705629):13)
09-13 14:31:10.015 1292 2303 W Conscrypt: Caused by: android.system.ErrnoException: setsockopt failed: EBADF (Bad file descriptor)
09-13 14:31:10.015 1292 2303 W Conscrypt: at libcore.io.Linux.setsockoptTimeval(Native Method)
09-13 14:31:10.015 1292 2303 W Conscrypt: at libcore.io.ForwardingOs.setsockoptTimeval(ForwardingOs.java:173)
09-13 14:31:10.022 5451 5550 D libcrashlytics: Initializing libcrashlytics version 1.1.5
09-13 14:31:10.022 5451 5550 D libcrashlytics: Attempting to load unwinder...
09-13 14:31:10.024 5451 5550 D libcrashlytics: Done; using libunwind
09-13 14:31:10.024 5451 5550 D libcrashlytics: Attempting to register signal handler...
09-13 14:31:10.024 5451 5550 D libcrashlytics: Signal handler registered.
09-13 14:31:10.024 5451 5550 D libcrashlytics: Initializing native crash handling successful.
09-13 14:31:10.038 5451 5550 I CrashlyticsCore: Initializing Crashlytics 2.3.14.151
09-13 14:31:10.059 684 1650 E JavaBinder: !!! FAILED BINDER TRANSACTION !!! (parcel size = 76)
09-13 14:31:10.060 359 359 E lowmemorykiller: Error writing /proc/2913/oom_score_adj; errno=22
09-13 14:31:10.067 684 1650 E JavaBinder: !!! FAILED BINDER TRANSACTION !!! (parcel size = 296)
09-13 14:31:10.079 684 1650 W ActivityManager: Exception when unbinding service com.android.vending/com.google.android.finsky.billing.iab.InAppBillingService
09-13 14:31:10.079 684 1650 W ActivityManager: android.os.DeadObjectException: Transaction failed on small parcel; remote process probably died
09-13 14:31:10.079 684 1650 W ActivityManager: at android.os.BinderProxy.transactNative(Native Method)
09-13 14:31:10.079 684 1650 W ActivityManager: at android.os.BinderProxy.transact(Binder.java:748)
09-13 14:31:10.079 684 1650 W ActivityManager: at android.app.IApplicationThread$Stub$Proxy.scheduleUnbindService(IApplicationThread.java:1522)
09-13 14:31:10.079 684 1650 W ActivityManager: at com.android.server.am.ActiveServices.removeConnectionLocked(ActiveServices.java:2669)
09-13 14:31:10.079 684 1650 W ActivityManager: at com.android.server.am.ActiveServices.killServicesLocked(ActiveServices.java:3069)
09-13 14:31:10.079 684 1650 W ActivityManager: at com.android.server.am.ActivityManagerService.cleanUpApplicationRecordLocked(ActivityManagerService.java:18037)
09-13 14:31:10.079 684 1650 W ActivityManager: at com.android.server.am.ActivityManagerService.handleAppDiedLocked(ActivityManagerService.java:5295)
09-13 14:31:10.079 684 1650 W ActivityManager: at com.android.server.am.ActivityManagerService.appDiedLocked(ActivityManagerService.java:5485)
09-13 14:31:10.079 684 1650 W ActivityManager: at com.android.server.am.ActivityManagerService$AppDeathRecipient.binderDied(ActivityManagerService.java:1664)
09-13 14:31:10.079 684 1650 W ActivityManager: at android.os.BinderProxy.sendDeathNotice(Binder.java:828)
09-13 14:31:10.079 684 1650 E JavaBinder: !!! FAILED BINDER TRANSACTION !!! (parcel size = 76)
09-13 14:31:10.089 684 1627 D ConnectivityService: ConnectivityService NetworkRequestInfo binderDied(NetworkRequest [ LISTEN id=6, [ Capabilities: INTERNET&NOT_RESTRICTED&TRUSTED] ], android.os.BinderProxy@75849b6)
09-13 14:31:10.090 684 773 E ConnectivityService: RemoteException caught trying to send a callback msg for NetworkRequest [ LISTEN id=6, [ Capabilities: INTERNET&NOT_RESTRICTED&TRUSTED] ]
09-13 14:31:10.106 1292 2303 W Conscrypt: Could not set socket write timeout: java.lang.reflect.InvocationTargetException
09-13 14:31:10.106 1292 2303 W Conscrypt: at java.lang.reflect.Method.invoke(Native Method)
09-13 14:31:10.106 1292 2303 W Conscrypt: at com.google.android.gms.org.conscrypt.Platform.setSocketWriteTimeout(:com.google.android.gms@13280070@13.2.80 (080406-211705629):13)
09-13 14:31:10.106 1292 2303 W Conscrypt: Caused by: android.system.ErrnoException: setsockopt failed: EBADF (Bad file descriptor)
09-13 14:31:10.106 1292 2303 W Conscrypt: at libcore.io.Linux.setsockoptTimeval(Native Method)
09-13 14:31:10.106 1292 2303 W Conscrypt: at libcore.io.ForwardingOs.setsockoptTimeval(ForwardingOs.java:173)
09-13 14:31:10.108 5462 5476 I vndksupport: sphal namespace is not configured for this process. Loading /vendor/lib64/hw/gralloc.tegra.so from the current namespace instead.
09-13 14:31:10.127 5476 5476 W Binder:5462_2: type=1400 audit(0.0:26): avc: denied { read } for name="modules" dev="proc" ino=4026540874 scontext=u:r:priv_app:s0:c512,c768 tcontext=u:object_r:proc_modules:s0 tclass=file permissive=0
09-13 14:31:10.128 5451 5550 I CrashReporter: Crashlytics ok init with ndk
09-13 14:31:10.246 5451 5506 W OkHttpClient: A connection to https://zc.adswizz.com/ was leaked. Did you forget to close a response body?
09-13 14:31:10.354 4874 4874 I RecommenderJob: ===== RECOMMENDATION UPDATE !
09-13 14:31:10.358 4874 4874 D NetworkSecurityConfig: No Network Security Config specified, using platform default
09-13 14:31:10.429 4155 4228 D ChannelsJobService: scheduleForChannelChanges
09-13 14:31:10.523 5451 5451 D MoPub : Successfully hit tracking endpoint: https://ads.mopub.com/m/open
09-13 14:31:10.739 1472 2379 I CheckinCompat: No service .update.SystemUpdateService to disable
09-13 14:31:10.740 1472 2379 I CheckinCompat: No service .checkin.EventLogService to disable
09-13 14:31:10.740 1472 2379 I CheckinCompat: No service .checkin.EventLogService$Receiver to disable
09-13 14:31:10.740 1472 2379 I CheckinCompat: Done disabling old GoogleServicesFramework version
09-13 14:31:10.807 4230 4612 D Retrofit: --> GET https://prod.cloudmatchbeta.nvidiagrid.net/v2/serverinfo http/1.1
09-13 14:31:10.816 1472 2415 W Conscrypt: Could not set socket write timeout: java.lang.reflect.InvocationTargetException
09-13 14:31:10.817 1472 2415 W Conscrypt: at java.lang.reflect.Method.invoke(Native Method)
09-13 14:31:10.817 1472 2415 W Conscrypt: at com.google.android.gms.org.conscrypt.Platform.setSocketWriteTimeout(:com.google.android.gms@13280070@13.2.80 (080406-211705629):13)
09-13 14:31:10.817 1472 2415 W Conscrypt: Caused by: android.system.ErrnoException: setsockopt failed: EBADF (Bad file descriptor)
09-13 14:31:10.817 1472 2415 W Conscrypt: at libcore.io.Linux.setsockoptTimeval(Native Method)
09-13 14:31:10.817 1472 2415 W Conscrypt: at libcore.io.ForwardingOs.setsockoptTimeval(ForwardingOs.java:173)
09-13 14:31:10.829 4230 4515 D LatencyTestJob: User is not logged in. Latency test doesn't run for guest users 1130
09-13 14:31:10.831 4230 4515 D JobDownloadManager: Job finished: LATENCY_TEST_IMMEDIATE, reschedule: false
09-13 14:31:10.831 4230 4515 D JobDownloadManager: Starting Pending Job
09-13 14:31:10.831 4230 4515 D JobDownloadManager: job DOWNLOAD_JOB_ID_IMMEDIATE is put in the pending list
09-13 14:31:10.833 4176 5615 D TelemetryService: event FunctionalEvent not sent because of consent:NONE , event gdpr level:FUNCTIONAL , event client id:91452636138522988
09-13 14:31:10.836 957 957 I StorageStatsJobService: onStartJob
09-13 14:31:10.838 957 5616 I StorageStatsJobService: start collect storage stats
09-13 14:31:10.867 957 5616 I MigrationStateStats: Num of asec apps = 0
09-13 14:31:10.887 957 5616 I MigrationStateStats: Last asec app active time: 0
09-13 14:31:10.888 1472 2415 W Conscrypt: Could not set socket write timeout: java.lang.reflect.InvocationTargetException
09-13 14:31:10.888 1472 2415 W Conscrypt: at java.lang.reflect.Method.invoke(Native Method)
09-13 14:31:10.888 1472 2415 W Conscrypt: at com.google.android.gms.org.conscrypt.Platform.setSocketWriteTimeout(:com.google.android.gms@13280070@13.2.80 (080406-211705629):13)
09-13 14:31:10.888 1472 2415 W Conscrypt: Caused by: android.system.ErrnoException: setsockopt failed: EBADF (Bad file descriptor)
09-13 14:31:10.888 1472 2415 W Conscrypt: at libcore.io.Linux.setsockoptTimeval(Native Method)
09-13 14:31:10.888 1472 2415 W Conscrypt: at libcore.io.ForwardingOs.setsockoptTimeval(ForwardingOs.java:173)
09-13 14:31:10.899 957 5616 I MigrationStateStats: Primary storage free bytes = 5026361344, internal storage free bytes = 5026336768
09-13 14:31:10.899 957 5616 I MigrationStateStats: Fit? true: num of asecs = 0, num of fit = 0
09-13 14:31:10.900 684 940 E ActivityManager: Sending non-protected broadcast com.nvidia.storage.ASEC_APPS_STATS from system 957:com.android.tv.settings/1000 pkg com.android.tv.settings
09-13 14:31:10.900 684 940 E ActivityManager: java.lang.Throwable
09-13 14:31:10.900 684 940 E ActivityManager: at com.android.server.am.ActivityManagerService.checkBroadcastFromSystem(ActivityManagerService.java:19077)
09-13 14:31:10.900 684 940 E ActivityManager: at com.android.server.am.ActivityManagerService.broadcastIntentLocked(ActivityManagerService.java:19682)
09-13 14:31:10.900 684 940 E ActivityManager: at com.android.server.am.ActivityManagerService.broadcastIntent(ActivityManagerService.java:19841)
09-13 14:31:10.900 684 940 E ActivityManager: at android.app.IActivityManager$Stub.onTransact(IActivityManager.java:240)
09-13 14:31:10.900 684 940 E ActivityManager: at com.android.server.am.ActivityManagerService.onTransact(ActivityManagerService.java:2967)
09-13 14:31:10.900 684 940 E ActivityManager: at android.os.Binder.execTransact(Binder.java:674)
09-13 14:31:10.918 4230 4230 D JobDownloadManager: job COLLECTION_TILE_IMMEDIATE run
09-13 14:31:10.918 4230 4230 D JobDownloadManager: start job COLLECTION_TILE_IMMEDIATE
09-13 14:31:10.936 4230 4515 D CollectionTileJob: New sections to be downloaded: 15
09-13 14:31:10.964 4230 4612 D Retrofit: <-- 200 OK https://prod.cloudmatchbeta.nvidiagrid.net/v2/serverinfo (156ms, 5496-byte body)
09-13 14:31:11.058 4230 4612 D UnifiedRequest: new vpcId:NP-FRK-01 old vpcId:NP-FRK-01
09-13 14:31:11.058 4230 4612 D BifrostClient: request statusCode : SUCCESS_STATUS
09-13 14:31:11.060 4230 4615 D JobDownloadManager: Job finished: DOWNLOAD_JOB_ID_SERVERINFO, reschedule: false
09-13 14:31:11.060 4230 4615 D JobDownloadManager: Starting Pending Job
09-13 14:31:11.060 4230 4615 D JobDownloadManager: job DOWNLOAD_JOB_ID_IMMEDIATE is put in the pending list
09-13 14:31:11.078 4176 5623 D TelemetryService: event FunctionalEvent not sent because of consent:NONE , event gdpr level:FUNCTIONAL , event client id:91452636138522988
09-13 14:31:11.078 4176 5623 D TelemetryService: event FunctionalEvent not sent because of consent:NONE , event gdpr level:FUNCTIONAL , event client id:91452636138522988
09-13 14:31:11.251 4155 4155 D ChannelsJobService: onStartJob: 1767487
09-13 14:31:11.251 4155 4155 D ChannelsJobService: uris changed[content://com.nvidia.pgcontentprovider.PGContentProvider//minimal/layout, content://com.nvidia.pgcontentprovider.PGContentProvider//minimal/sectiontileview, content://com.nvidia.pgcontentprovider.PGContentProvider//minimal/layoutsectionview]
09-13 14:31:11.252 4155 5627 D TegraZoneApplication: no need to lock thread:Thread[pool-2-thread-1,5,main]
09-13 14:31:11.252 4155 5627 D ChannelsJobService: ChannelsJob called
09-13 14:31:11.591 4230 4613 D Retrofit: --> GET https://s3.amazonaws.com/prod-game-assets/ul/tiles/59797.json http/1.1
09-13 14:31:11.595 4230 4611 D Retrofit: --> GET https://s3.amazonaws.com/prod-game-assets/ul/tiles/59259.json http/1.1
09-13 14:31:11.596 4230 4578 D Retrofit: --> GET https://s3.amazonaws.com/prod-game-assets/ul/tiles/59175.json http/1.1
09-13 14:31:11.598 4230 4614 D Retrofit: --> GET https://s3.amazonaws.com/prod-game-assets/ul/tiles/58863.json http/1.1
09-13 14:31:11.599 4230 4514 D Retrofit: --> GET https://s3.amazonaws.com/prod-game-assets/ul/tiles/59342.json http/1.1
09-13 14:31:11.602 4230 4615 D Retrofit: --> GET https://s3.amazonaws.com/prod-game-assets/ul/tiles/58918.json http/1.1
09-13 14:31:11.602 4230 4610 D Retrofit: --> GET https://s3.amazonaws.com/prod-game-assets/ul/tiles/61074.json http/1.1
09-13 14:31:11.602 4230 4609 D Retrofit: --> GET https://s3.amazonaws.com/prod-game-assets/ul/tiles/58906.json http/1.1
09-13 14:31:11.604 4230 4602 D Retrofit: --> GET https://s3.amazonaws.com/prod-game-assets/ul/tiles/61099.json http/1.1
09-13 14:31:11.853 4155 5627 D TileAndroidGame: Unable to parse developer
09-13 14:31:11.853 4155 5627 D TileAndroidGame: org.json.JSONException: End of input at character 0 of
09-13 14:31:11.853 4155 5627 D TileAndroidGame: at org.json.JSONTokener.syntaxError(JSONTokener.java:449)
09-13 14:31:11.853 4155 5627 D TileAndroidGame: at org.json.JSONTokener.nextValue(JSONTokener.java:97)
09-13 14:31:11.853 4155 5627 D TileAndroidGame: at org.json.JSONObject.(JSONObject.java:159)
09-13 14:31:11.853 4155 5627 D TileAndroidGame: at org.json.JSONObject.(JSONObject.java:176)
09-13 14:31:11.853 4155 5627 D TileAndroidGame: at com.nvidia.tegrazone.e.b.i.a(GameStream:155)
09-13 14:31:11.853 4155 5627 D TileAndroidGame: at com.nvidia.tegrazone.e.a.a(GameStream:384)
09-13 14:31:11.853 4155 5627 D TileAndroidGame: at com.nvidia.tegrazone.e.a.a(GameStream:80)
09-13 14:31:11.853 4155 5627 D TileAndroidGame: at com.nvidia.tegrazone.channels.ChannelsJobService.a(GameStream:199)
09-13 14:31:11.853 4155 5627 D TileAndroidGame: at com.nvidia.tegrazone.channels.ChannelsJobService.a(GameStream:83)
09-13 14:31:11.853 4155 5627 D TileAndroidGame: at com.nvidia.tegrazone.channels.ChannelsJobService$a.a(GameStream:181)
09-13 14:31:11.853 4155 5627 D TileAndroidGame: at com.nvidia.tegrazone.channels.ChannelsJobService$a.call(GameStream:162)
09-13 14:31:11.853 4155 5627 D TileAndroidGame: at java.util.concurrent.FutureTask.run(FutureTask.java:266)
09-13 14:31:11.853 4155 5627 D TileAndroidGame: at java.util.concurrent.ThreadPoolExecutor.runWorker(ThreadPoolExecutor.java:1162)
09-13 14:31:11.853 4155 5627 D TileAndroidGame: at java.util.concurrent.ThreadPoolExecutor$Worker.run(ThreadPoolExecutor.java:636)
09-13 14:31:11.853 4155 5627 D TileAndroidGame: at java.lang.Thread.run(Thread.java:764)
09-13 14:31:11.902 352 352 E hw-IPCThreadState: binder thread pool (1 threads) starved for 111 ms
09-13 14:31:12.101 4230 4578 D Retrofit: <-- 200 OK https://s3.amazonaws.com/prod-game-assets/ul/tiles/59175.json (504ms, 30-byte body)
09-13 14:31:12.113 4230 4615 D Retrofit: <-- 200 OK https://s3.amazonaws.com/prod-game-assets/ul/tiles/58918.json (511ms, 30-byte body)
09-13 14:31:12.115 4230 4602 D Retrofit: <-- 200 OK https://s3.amazonaws.com/prod-game-assets/ul/tiles/61099.json (511ms, 30-byte body)
09-13 14:31:12.117 4230 4614 D Retrofit: <-- 200 OK https://s3.amazonaws.com/prod-game-assets/ul/tiles/58863.json (519ms, 30-byte body)
09-13 14:31:12.117 4230 4514 D Retrofit: <-- 200 OK https://s3.amazonaws.com/prod-game-assets/ul/tiles/59342.json (517ms, 30-byte body)
09-13 14:31:12.133 4230 4610 D Retrofit: <-- 200 OK https://s3.amazonaws.com/prod-game-assets/ul/tiles/61074.json (531ms, 24-byte body)
09-13 14:31:12.134 4299 4309 I zygote64: Do partial code cache collection, code=27KB, data=25KB
09-13 14:31:12.135 4299 4309 I zygote64: After code cache collection, code=27KB, data=25KB
09-13 14:31:12.135 4299 4309 I zygote64: Increasing code cache capacity to 128KB
09-13 14:31:12.138 4230 4609 D Retrofit: <-- 200 OK https://s3.amazonaws.com/prod-game-assets/ul/tiles/58906.json (535ms, 30-byte body)
09-13 14:31:12.150 4230 4611 D Retrofit: <-- 200 OK https://s3.amazonaws.com/prod-game-assets/ul/tiles/59259.json (555ms, 29-byte body)
09-13 14:31:12.159 4230 4613 D Retrofit: <-- 200 OK https://s3.amazonaws.com/prod-game-assets/ul/tiles/59797.json (567ms, 30-byte body)
09-13 14:31:12.502 1740 1740 D ConnectivityListener: updateConnectivityStatus() called with active network info: [type: Ethernet[], state: CONNECTED/CONNECTED, reason: (unspecified), extra: 00:04:4b:aa:03:0d, failover: false, available: true, roaming: false, metered: false]
09-13 14:31:12.503 1740 1740 D TVNotifService: Remove connectivity notification
09-13 14:31:12.504 1740 1740 D ConnectivityListener: Connectivity change!
09-13 14:31:12.506 1740 1740 D ConnectivityListener: updateConnectivityStatus() called with active network info: [type: Ethernet[], state: CONNECTED/CONNECTED, reason: (unspecified), extra: 00:04:4b:aa:03:0d, failover: false, available: true, roaming: false, metered: false]
09-13 14:31:12.506 1740 1740 D TVNotifService: Remove connectivity notification
09-13 14:31:12.506 1740 1740 D ConnectivityListener: Connectivity change!
09-13 14:31:12.507 1740 1740 D ConnectivityListener: Internet connection condition update: Active network: [type: Ethernet[], state: CONNECTED/CONNECTED, reason: (unspecified), extra: 00:04:4b:aa:03:0d, failover: false, available: true, roaming: false, metered: false] With connection status: 100
09-13 14:31:12.507 1740 1740 D ConnectivityListener: updateConnectivityStatus() called with active network info: [type: Ethernet[], state: CONNECTED/CONNECTED, reason: (unspecified), extra: 00:04:4b:aa:03:0d, failover: false, available: true, roaming: false, metered: false]
09-13 14:31:12.507 1740 1740 D TVNotifService: Remove connectivity notification
09-13 14:31:12.877 4155 5627 D ChannelsJobService: scheduleSaleUpdateIfNeeded: sale update NOT scheduled, beyond horizon
09-13 14:31:13.047 4299 5418 I System.out: Finished queue of Notifications!
09-13 14:31:13.047 4299 5418 I System.out: Task not running, schedule it!
09-13 14:31:13.328 4155 5627 D ChannelsJobService: scheduleForChannelChanges
09-13 14:31:14.319 3756 4297 I Kepler Server: Start state found
09-13 14:31:14.319 3756 4294 I Kepler Server: Start state found
09-13 14:31:14.445 684 1572 I ActivityManager: Killing 1397:android.process.acore/u0a4 (adj 906): empty #17
09-13 14:31:15.324 3756 4294 I Kepler Server: Start state not found
09-13 14:31:15.324 3756 4294 I Kepler Server: Server has already started
09-13 14:31:15.439 2444 2444 E com.appgeneration.ituner.media.service.MediaService$DelayedStopHandler: Message received: { when=-46ms what=0 target=com.appgeneration.ituner.media.service.MediaService$DelayedStopHandler }
09-13 14:31:15.439 2444 2444 E com.appgeneration.ituner.media.service.MediaService$DelayedStopHandler: DelayedStopHandler stoping self!
09-13 14:31:15.442 684 684 W TelecomManager: Telecom Service not found.
09-13 14:31:15.444 2444 2444 D MediaService: service unbound!
09-13 14:31:15.444 2444 2444 D MediaService: stoping self!
09-13 14:31:15.446 684 1539 I MediaFocusControl: AudioFocus abandonAudioFocus() from uid/pid 10091/2444 clientId=android.media.AudioManager@b804775com.appgeneration.ituner.media.service.MediaService$4@4e2430a
09-13 14:31:15.448 1740 1740 D TVNotifService: skipped remove notification StatusBarNotification(pkg=com.appgeneration.itunerfree user=UserHandle{0} id=412 tag=null key=0|com.appgeneration.itunerfree|412|null|10091: Notification(channel=com.appgeneration.ituner.MUSIC_CHANNEL_ID pri=0 contentView=null vibrate=null sound=null defaults=0x0 flags=0x6a color=0xffae3131 category=transport vis=PUBLIC)) userId: 0
09-13 14:31:15.454 2444 2444 E GoogleAnalyticsAdapter: GA Event: MEDIA - STOPPED - SERVICE_UNBOUND
09-13 14:31:15.455 1740 1740 D TVNotifService: skipped notification StatusBarNotification(pkg=android user=UserHandle{0} id=40 tag=null key=0|android|40|null|1000: Notification(channel=FOREGROUND_SERVICE pri=0 contentView=null vibrate=null sound=null defaults=0x0 flags=0x2 color=0xff607d8b vis=PRIVATE)) userId: 0
09-13 14:31:15.486 4230 4579 D Retrofit: --> GET https://gfnpc.api.entitlement-prod.nvidiagrid.net/v2/products?languageCode=de_DE&countryCode=DE&vpcId=NP-FRK-01&serviceName=gfn_pc http/1.1
09-13 14:31:15.507 684 951 I MediaFocusControl: AudioFocus abandonAudioFocus() from uid/pid 10091/2444 clientId=android.media.AudioManager@b804775com.appgeneration.ituner.media.service.MediaService$4@4e2430a
09-13 14:31:15.507 2444 2444 D MP : MediaService.onDestroy
09-13 14:31:15.744 684 1643 I ActivityManager: Killing 2460:at.nullptr.dlnachannels/u0a41 (adj 906): empty #17
09-13 14:31:15.754 1292 2024 E NetworkScheduler: Invalid component specified.
09-13 14:31:15.780 4230 4579 D Retrofit: <-- 200 https://gfnpc.api.entitlement-prod.nvidiagrid.net/v2/products?languageCode=de_DE&countryCode=DE&vpcId=NP-FRK-01&serviceName=gfn_pc (294ms, 5843-byte body)
09-13 14:31:15.943 4230 4579 D BifrostClient: request statusCode : SUCCESS_STATUS
09-13 14:31:15.943 4230 4513 D ContentHelper: State transition on class: com.nvidia.pgcontentprovider.a.n
09-13 14:31:15.943 4230 4513 D ContentHelper: From state: STATE_UNKNOWN, with action: null
09-13 14:31:15.943 4230 4513 D ContentHelper: To state: STATE_UNKNOWN, with action: Downloading
09-13 14:31:15.943 4230 4513 D ContentHelper: State transition on class: com.nvidia.pgcontentprovider.a.aa
09-13 14:31:15.943 4230 4513 D ContentHelper: From state: STATE_UNKNOWN, with action: null
09-13 14:31:15.943 4230 4513 D ContentHelper: To state: STATE_UNKNOWN, with action: Downloading
09-13 14:31:15.943 4230 4513 D ContentHelper: State transition on class: com.nvidia.pgcontentprovider.a.m
09-13 14:31:15.943 4230 4513 D ContentHelper: From state: STATE_UNKNOWN, with action: null
09-13 14:31:15.943 4230 4513 D ContentHelper: To state: STATE_UNKNOWN, with action: Downloading
09-13 14:31:15.943 4230 4513 D ContentHelper: State transition on class: com.nvidia.pgcontentprovider.a.z
09-13 14:31:15.943 4230 4513 D ContentHelper: From state: STATE_UNKNOWN, with action: null
09-13 14:31:15.943 4230 4513 D ContentHelper: To state: STATE_UNKNOWN, with action: Downloading
09-13 14:31:15.943 4230 4513 D ContentHelper: State transition on class: com.nvidia.pgcontentprovider.a.j
09-13 14:31:15.943 4230 4513 D ContentHelper: From state: STATE_UNKNOWN, with action: null
09-13 14:31:15.943 4230 4513 D ContentHelper: To state: STATE_UNKNOWN, with action: Downloading
09-13 14:31:15.943 4230 4513 D ContentHelper: State transition on class: com.nvidia.pgcontentprovider.a.i
09-13 14:31:15.943 4230 4513 D ContentHelper: From state: STATE_UNKNOWN, with action: null
09-13 14:31:15.943 4230 4513 D ContentHelper: To state: STATE_UNKNOWN, with action: Downloading
09-13 14:31:15.943 4230 4513 D ContentHelper: State transition on class: com.nvidia.pgcontentprovider.a.u
09-13 14:31:15.943 4230 4513 D ContentHelper: From state: STATE_UNKNOWN, with action: null
09-13 14:31:15.943 4230 4513 D ContentHelper: To state: STATE_UNKNOWN, with action: Downloading
09-13 14:31:15.966 4176 5835 D TelemetryService: event FunctionalEvent not sent because of consent:NONE , event gdpr level:FUNCTIONAL , event client id:91452636138522988
09-13 14:31:16.325 3756 4297 I Kepler Server: Start state not found
09-13 14:31:16.325 3756 4297 I Kepler Server: Server detected to be up and running.
09-13 14:31:16.325 3756 4297 I Kepler Server: Broadcasting server started...
09-13 14:31:17.168 684 752 W ActivityManager: Background start not allowed: service Intent { flg=0x4 cmp=org.videolan.vlc/.RecommendationsService (has extras) } to org.videolan.vlc/.RecommendationsService from pid=-1 uid=10087 pkg=org.videolan.vlc
09-13 14:31:17.170 684 752 W ActivityManager: Background start not allowed: service Intent { flg=0x4 cmp=com.google.android.play.games/com.google.android.gms.games.pano.recommendation.GamesRecommendationsService (has extras) } to com.google.android.play.games/com.google.android.gms.games.pano.recommendation.GamesRecommendationsService from pid=-1 uid=10063 pkg=com.google.android.play.games
09-13 14:31:17.189 684 684 I ActivityManager: Start proc 5888:com.haystack.android/u0a120 for service com.haystack.android/.tv.channelsprograms.ChannelsProgramsCardsService
09-13 14:31:17.269 1472 5887 I iu.UploadsManager: End new media; added: 0, uploading: 0, time: 91 ms
09-13 14:31:17.326 5888 5888 D VideoContentProvider: suggest_uri_path_query: search_suggest_query
09-13 14:31:17.328 5888 5888 D VideoContentProvider: onCreate
09-13 14:31:17.347 5888 5888 I HaystackTVApplication: Haystack TV Application onCreate
09-13 14:31:17.347 5888 5888 D HaystackApplication: Haystack Application onCreate
09-13 14:31:17.372 5888 5904 D NetworkSecurityConfig: No Network Security Config specified, using platform default
09-13 14:31:17.376 5888 5888 E FlurryAgent: Listener cannot be null
09-13 14:31:17.405 5888 5888 I GAv4 : Google Analytics 12.4.51 is starting up. To enable debug logging on a device run:
09-13 14:31:17.405 5888 5888 I GAv4 : adb shell setprop log.tag.GAv4 DEBUG
09-13 14:31:17.405 5888 5888 I GAv4 : adb logcat -s GAv4
09-13 14:31:17.408 5888 5888 W Bundle : Key com.google.android.gms.analytics.globalConfigResource expected Integer but value was a java.lang.String. The default value 0 was returned.
09-13 14:31:17.408 5888 5888 W Bundle : Attempt to cast generated internal exception:
09-13 14:31:17.408 5888 5888 W Bundle : java.lang.ClassCastException: java.lang.String cannot be cast to java.lang.Integer
09-13 14:31:17.408 5888 5888 W Bundle : at android.os.BaseBundle.getInt(BaseBundle.java:967)
09-13 14:31:17.408 5888 5888 W Bundle : at android.os.BaseBundle.getInt(BaseBundle.java:949)
09-13 14:31:17.408 5888 5888 W Bundle : at com.google.android.gms.internal.measurement.zzde.zzac(Unknown Source:40)
09-13 14:31:17.408 5888 5888 W Bundle : at com.google.android.gms.internal.measurement.zzar.zzm(Unknown Source:0)
09-13 14:31:17.408 5888 5888 W Bundle : at com.google.android.gms.internal.measurement.zzat.(Unknown Source:103)
09-13 14:31:17.408 5888 5888 W Bundle : at com.google.android.gms.internal.measurement.zzat.zzc(Unknown Source:29)
09-13 14:31:17.408 5888 5888 W Bundle : at com.google.android.gms.analytics.GoogleAnalytics.getInstance(Unknown Source:0)
09-13 14:31:17.408 5888 5888 W Bundle : at com.haystack.android.common.analytics.Analytics.setupGoogleTracker(Analytics.java:353)
09-13 14:31:17.408 5888 5888 W Bundle : at com.haystack.android.tv.ui.HaystackTVApplication.onCreate(HaystackTVApplication.java:35)
09-13 14:31:17.408 5888 5888 W Bundle : at android.app.Instrumentation.callApplicationOnCreate(Instrumentation.java:1118)
09-13 14:31:17.408 5888 5888 W Bundle : at android.app.ActivityThread.handleBindApplication(ActivityThread.java:5842)
09-13 14:31:17.408 5888 5888 W Bundle : at android.app.ActivityThread.-wrap1(Unknown Source:0)
09-13 14:31:17.408 5888 5888 W Bundle : at android.app.ActivityThread$H.handleMessage(ActivityThread.java:1662)
09-13 14:31:17.408 5888 5888 W Bundle : at android.os.Handler.dispatchMessage(Handler.java:105)
09-13 14:31:17.408 5888 5888 W Bundle : at android.os.Looper.loop(Looper.java:164)
09-13 14:31:17.408 5888 5888 W Bundle : at android.app.ActivityThread.main(ActivityThread.java:6592)
09-13 14:31:17.408 5888 5888 W Bundle : at java.lang.reflect.Method.invoke(Native Method)
09-13 14:31:17.408 5888 5888 W Bundle : at com.android.internal.os.Zygote$MethodAndArgsCaller.run(Zygote.java:240)
09-13 14:31:17.408 5888 5888 W Bundle : at com.android.internal.os.ZygoteInit.main(ZygoteInit.java:767)
09-13 14:31:17.419 5888 5888 D YTSrcFetcher: Fetch js
09-13 14:31:17.480 5888 5921 W GAv4 : CampaignTrackingReceiver is not registered, not exported or is disabled. Installation campaign tracking is not possible. See http://goo.gl/8Rd3yj for instructions.
09-13 14:31:17.490 5888 5931 D ChannelsProgramsCardsService: ChannelsProgramsCardsService PeriodicUpdateJob started
09-13 14:31:17.552 5888 5888 D WatchNextCardsService: WatchNextCardsService PeriodicUpdateJob started
09-13 14:31:17.636 684 1650 I ActivityManager: Killing 4907:de.tvspielfilm/u0a109 (adj 906): empty #17
09-13 14:31:17.697 2676 2828 D RecommendationService: Updating recommendation cards
09-13 14:31:17.749 2676 2828 E RecommendationService: RecommendationReader: couldn't read network data
09-13 14:31:18.273 5888 5888 D mem : scheduleChannelPrograms CardsUpdate with: 3600000
09-13 14:31:18.347 5888 6004 D WatchNextCardsService: Building watch next cards, playlist size is 0
09-13 14:31:18.538 5888 6002 D HS_ANALYTICS: Logging Both Google and Flurry Events: Recommendation Card Built with Params: {Recommendation Card Server Category=my headlines}
09-13 14:31:18.538 5888 6002 D HS_ANALYTICS: Logging Google Analytics event Recommendation Card Built
09-13 14:31:18.539 5888 6002 D HS_ANALYTICS: Logging Flurry Event with No Params: Recommendation Card Built
09-13 14:31:18.550 5888 5923 D YTSrcFetcher: response
09-13 14:31:19.014 395 395 I adbd : Calling send_auth_request...
09-13 14:31:19.053 395 395 I adbd : Calling send_auth_request...
09-13 14:31:19.057 684 1267 D UsbDebuggingManager: Received public key: QAAAAEe6CQaJMDLwkr9Bn54DPbSCV+/VdArZUoGK3syNYn9ztIVnGwp2WrO+CHDNmL9CPMt4T95p+J3mlvfdQHwXekMM890i+DVEwaTFkN59P9qHH8OCqF2vQ+ASKGarb2kIKE7ScPz2HrQb5FwH8L+bMi7e3wvy3pr92/0AqhwgVx+8X+yUHnKNb7ciOBl7ZQX1YkKSLagLVpXL/PvAIvCve5QE7KEtVbEPQJUmuWJ8LQAEtMXi3qWs8lasJmSxGfIrabHt9S4Ebvr6XniuEVIMMT5A2rzvPwexyaGaU2gF/hIJBDZnpffGfDLABfoThP2kwN9tXUf/se2zsz7j1/v3LtCHNdrjtcvtfQbPZ4dAccKQ61Go4PKpMBrhgz0Ys0thS42ziOGxqQm7DCYvzXnFSd2xdTqyBcV5ibNvJXuX41Nu1mfBW5vHRvl2ldyZCX+8DUtUgJjIoBsPLwZviBagN1uHuhuRhas7qhRQdwrfxUJ4Gzth3Rnrw+Iv4L2hmBydsQloMjyY9R5DyGikFLdnyIyDOkSvk0JLmpr/HnhZZZSFxO69kn/QMJyGo9psHEALHAfJ3aD4iYMvuJqoqAGOJ2dVTplhdAmzR8ko2xAb6NPL7Rhw9u4kVa+Je5SSbn+DGJSF3dQVLnTjp+3sWinUr8sJhpsNy3cggNcI3GAQ5I+PCGlSGAEAAQA= unknown@unknown
09-13 14:31:19.092 684 709 I ActivityManager: START u0 {flg=0x10000000 cmp=com.android.systemui/.usb.UsbDebuggingActivity (has extras)} from uid 1000
09-13 14:31:19.130 684 709 I stats : Service Connected
09-13 14:31:19.131 355 355 E powerHAL::common: Unknown power hint: 0x8
09-13 14:31:19.134 1774 1774 I AppLifecycleTracker: onActivityPaused:
09-13 14:31:19.143 919 941 D RSMouse : mFeatureEnabled=true mPackageEnabled=false
09-13 14:31:19.147 1774 4259 D ViewRootImpl: windowFocusChanged false com.google.android.tvlauncher
09-13 14:31:19.151 684 1234 W NvAppProfileService: App Profiles: Enabled
09-13 14:31:19.186 1558 1570 I zygote64: Looking for service vendor.nvidia.hardware.power@1.0::IPower/default
09-13 14:31:19.187 285 285 W /system/bin/hwservicemanager: getTransportFromManifest: Cannot find entry vendor.nvidia.hardware.power@1.0::IPower in either framework or device manifest, using default transport.
09-13 14:31:19.187 1558 1570 I zygote64: Starting thread pool.
09-13 14:31:19.430 919 3468 D RSMouse : mFeatureEnabled=true mPackageEnabled=false
09-13 14:31:19.432 835 1185 D ViewRootImpl: windowFocusChanged true com.android.systemui
09-13 14:31:19.432 835 1165 I vndksupport: sphal namespace is not configured for this process. Loading /vendor/lib64/hw/gralloc.tegra.so from the current namespace instead.
09-13 14:31:19.438 835 1165 I OpenGLRenderer: Initialized EGL, version 1.4
09-13 14:31:19.438 835 1165 D OpenGLRenderer: Swap behavior 2
09-13 14:31:19.496 684 711 I ActivityManager: Displayed com.android.systemui/.usb.UsbDebuggingActivity: +348ms
09-13 14:31:19.512 355 355 E powerHAL::common: Unknown power hint: 0x8
09-13 14:31:19.533 352 352 E hw-IPCThreadState: binder thread pool (1 threads) starved for 111 ms
09-13 14:31:20.016 684 693 I zygote64: Background concurrent copying GC freed 288900(9MB) AllocSpace objects, 0(0B) LOS objects, 42% free, 14MB/24MB, paused 230us total 104.486ms
09-13 14:31:20.039 1307 1346 I ShieldBluetoothScanPolicy: Scans disallowed due to PACKAGE POLL
09-13 14:31:20.040 1307 1346 D BluetoothAdapter: isLeEnabled(): ON
09-13 14:31:20.092 791 812 D BluetoothAdapterProperties: Discoverable Timeout:-1
09-13 14:31:20.093 791 812 D BluetoothAdapterProperties: Scan Mode:21
09-13 14:31:20.303 4230 4513 D PersonalGridServiceDBAdapter: Batch insert on Order. Result: 12898
09-13 14:31:20.304 4230 4513 D ContentHelper: State transition on class: com.nvidia.pgcontentprovider.a.n
09-13 14:31:20.304 4230 4513 D ContentHelper: From state: STATE_UNKNOWN, with action: Downloading
09-13 14:31:20.304 4230 4513 D ContentHelper: To state: STATE_READY, with action: Download_Success
09-13 14:31:20.304 4230 4513 D ContentHelper: State transition on class: com.nvidia.pgcontentprovider.a.aa
09-13 14:31:20.304 4230 4513 D ContentHelper: From state: STATE_UNKNOWN, with action: Downloading
09-13 14:31:20.304 4230 4513 D ContentHelper: To state: STATE_READY, with action: Download_Success
09-13 14:31:20.304 4230 4513 D ContentHelper: State transition on class: com.nvidia.pgcontentprovider.a.m
09-13 14:31:20.304 4230 4513 D ContentHelper: From state: STATE_UNKNOWN, with action: Downloading
09-13 14:31:20.304 4230 4513 D ContentHelper: To state: STATE_READY, with action: Download_Success
09-13 14:31:20.304 4230 4513 D ContentHelper: State transition on class: com.nvidia.pgcontentprovider.a.z
09-13 14:31:20.304 4230 4513 D ContentHelper: From state: STATE_UNKNOWN, with action: Downloading
09-13 14:31:20.304 4230 4513 D ContentHelper: To state: STATE_READY, with action: Download_Success
09-13 14:31:20.304 4230 4513 D ContentHelper: State transition on class: com.nvidia.pgcontentprovider.a.j
09-13 14:31:20.304 4230 4513 D ContentHelper: From state: STATE_UNKNOWN, with action: Downloading
09-13 14:31:20.304 4230 4513 D ContentHelper: To state: STATE_READY, with action: Download_Success
09-13 14:31:20.305 4230 4513 D ContentHelper: State transition on class: com.nvidia.pgcontentprovider.a.i
09-13 14:31:20.305 4230 4513 D ContentHelper: From state: STATE_UNKNOWN, with action: Downloading
09-13 14:31:20.305 4230 4513 D ContentHelper: To state: STATE_READY, with action: Download_Success
09-13 14:31:20.305 4230 4513 D ContentHelper: State transition on class: com.nvidia.pgcontentprovider.a.u
09-13 14:31:20.305 4230 4513 D ContentHelper: From state: STATE_UNKNOWN, with action: Downloading
09-13 14:31:20.305 4230 4513 D ContentHelper: To state: STATE_READY, with action: Download_Success
09-13 14:31:20.310 4230 4513 I DownloadStatusWriter: Inserting operation for download status for GameList
09-13 14:31:20.317 4230 4513 I DownloadStatusWriter: Inserting operation for download status for ProductList
09-13 14:31:20.338 4230 4513 I DownloadStatusWriter: Inserting operation for download status for SubscriptionList
09-13 14:31:20.369 4230 4513 D PersonalGridServiceDBAdapter: Batch insert on Order. Result: 6
09-13 14:31:20.372 4230 4513 D JobDownloadManager: Job finished: DOWNLOAD_JOB_ID_PERIODIC, reschedule: false
09-13 14:31:20.372 4230 4513 D JobDownloadManager: Starting Pending Job
09-13 14:31:20.372 4230 4513 D JobDownloadManager: job DOWNLOAD_JOB_ID_IMMEDIATE run
09-13 14:31:20.372 4230 4513 D JobDownloadManager: start job DOWNLOAD_JOB_ID_IMMEDIATE
