09-13 14:30:56.979 4411 4411 I TTS : Loading library tts_android
09-13 14:30:56.980 4230 4230 W linker : "/data/app/com.nvidia.tegrazone3-yTluFDl-UhNUKPAkV-A5tQ==/lib/arm/libNetworkTest.so" unused DT entry: type 0xf arg 0x650
09-13 14:30:56.981 4230 4230 D GridServer: construct new GridServer using NvMjolnirServerInfo
09-13 14:30:56.987 4244 4407 D tylerjroach.com.eventsource_android.a.a.a: line11: :
09-13 14:30:57.012 2460 4332 W iceDescriptorBinderImpl: Regular parsing failed: Unexpected token (position:TEXT status=ok@1:10 in java.io.StringReader@6d7920e)
09-13 14:30:57.012 2460 4332 W iceDescriptorBinderImpl: Removing leading garbage didn't work: Unexpected token (position:TEXT status=ok@1:10 in java.io.StringReader@d1da42f)
09-13 14:30:57.012 2460 4332 W iceDescriptorBinderImpl: No closing element in descriptor
09-13 14:30:57.029 4244 4249 I zygote64: Do partial code cache collection, code=29KB, data=24KB
09-13 14:30:57.050 4244 4408 I [INFO][Leanplum]: [com.leanplum.LeanplumFcmProvider::isManifestSetup::80]: Firebase Messaging is setup correctly.
09-13 14:30:57.051 4244 4386 D Plex Media Server: [4381] Running migrations.
09-13 14:30:57.055 4230 4230 I ServerManager: SH PackageName com.nvidia.tegrazone3 having version : 5.15.24906707
09-13 14:30:57.057 4244 4386 I Plex Media Server: [4381] Unknown metadata type:
09-13 14:30:57.058 4411 4411 W native : commandlineflags.cc:1511 Ignoring RegisterValidateFunction() for flag pointer 0x21ec70cc38: no flag found at that address
09-13 14:30:57.059 4230 4452 I BoxArtWebService: Connect attempt: 0
09-13 14:30:57.060 4230 4452 I BoxArtWebService: setupConnection:https://mobileupdate.nvidia.com/mobileassets
09-13 14:30:57.064 4244 4386 D Plex Media Server: [4381] Media Provider: Registering provider tv.plex.provider.podcasts
09-13 14:30:57.066 4244 4386 D Plex Media Server: [4381] Media Provider: Registering provider com.plexapp.plugins.library
09-13 14:30:57.067 4244 4386 D Plex Media Server: [4381] Image transcode cache directory: "/data/user/0/com.plexapp.android/Plex Media Server/Cache/PhotoTranscoder"
09-13 14:30:57.068 4244 4386 D Plex Media Server: [4381] Transcoder: Cleaning old transcode directories.
09-13 14:30:57.077 4092 4137 D DsmClient-JNI: connect_share: file count in 1 = 578
09-13 14:30:57.078 4092 4137 D libdsm : parse_entries: iter = 0xd35201c4 and eod = 0xd35201a3
09-13 14:30:57.078 4092 4137 D libdsm : Error during FIND_FIRST answer parsing
09-13 14:30:57.078 4092 4137 D DsmClient-JNI: connect_share: file count in Brother HL-2130 series = 0
09-13 14:30:57.080 4092 4137 D libdsm : parse_entries: iter = 0xd35201f4 and eod = 0xd35201d3
09-13 14:30:57.080 4092 4137 D libdsm : Error during FIND_FIRST answer parsing
09-13 14:30:57.080 4092 4137 D DsmClient-JNI: connect_share: file count in Brother HL-2130 series (Kopie 1) = 0
09-13 14:30:57.082 4092 4137 D DsmClient-JNI: connect_share: file count in H = 30
09-13 14:30:57.084 4092 4137 D DsmClient-JNI: connect_share: file count in kodidata = 11
09-13 14:30:57.092 4244 4386 I Plex Media Server: [4381] Transcoder: Error cleaning old transcode sessions: boost::filesystem::directory_iterator::construct: No such file or directory: "/data/user/0/com.plexapp.android/Plex Media Server/Cache/Transcode/Sessions"
09-13 14:30:57.092 4244 4386 D Plex Media Server: [4381] Starting HTTP server.
09-13 14:30:57.092 4244 4386 D Plex Media Server: [4381] Running server...
09-13 14:30:57.092 4244 4386 D Plex Media Server: [4381] Waiting for server condition to be signaled.
09-13 14:30:57.092 2913 2913 I Finsky : [2] com.google.android.finsky.scheduler.ba.a(64): Jobs in database: 1-1337 10-11 10-26 10-36 10-39 12-1 16-16161616
09-13 14:30:57.093 4244 4386 D Plex Media Server: [4460] HttpServer: Set up a thread pool with 2 threads.
09-13 14:30:57.097 4244 4386 D Plex Media Server: [4424] DVR: Starting up.
09-13 14:30:57.102 4244 4386 D Plex Media Server: [4424] Activity: registered new activity 79c59fdf-5376-45b1-acf9-fe6997f30ef9 - Processing subscriptions
09-13 14:30:57.102 4244 4386 D Plex Media Server: [4460] Running database fix-ups.
09-13 14:30:57.103 2913 2913 I Finsky : [2] com.google.android.finsky.scheduler.x.a(58): Running job: 16-16161616
09-13 14:30:57.104 2913 2913 I Finsky : [2] com.google.android.finsky.scheduler.x.a(58): Running job: 10-11
09-13 14:30:57.104 4244 4386 D Plex Media Server: [4460] Database Fixups: Destroyed 0 transient items.
09-13 14:30:57.106 2913 2913 W Finsky : [2] com.google.android.finsky.hygiene.HygieneJob.a(7): Failed to find the Hygiene logging context. Creating a new one.
09-13 14:30:57.109 4244 4386 D Plex Media Server: [4460] Running database fix-ups completed in 0.0 seconds.
09-13 14:30:57.112 2913 4465 I Finsky : [121] com.google.android.finsky.flushlogs.h.a(16): Flushing event logs for [S6_eMojXQ1OMox6Cv7QGvoSjCTM]
09-13 14:30:57.125 2913 2913 I Finsky : [2] com.google.android.finsky.scheduler.x.a(58): Running job: 10-26
09-13 14:30:57.126 2913 4466 I Finsky : [122] com.google.android.finsky.splitinstallservice.SplitInstallCleanerHygieneJob.a(5): Running split install cleaner
09-13 14:30:57.126 2913 2913 W Finsky : [2] com.google.android.finsky.hygiene.HygieneJob.a(7): Failed to find the Hygiene logging context. Creating a new one.
09-13 14:30:57.127 2913 2913 I Finsky : [2] com.google.android.finsky.scheduler.x.a(58): Running job: 10-36
09-13 14:30:57.128 4230 4452 D NetworkSecurityConfig: No Network Security Config specified, using platform default
09-13 14:30:57.129 2913 4467 I Finsky : [123] com.google.android.finsky.scheduler.ax.b(8): jobFinished: 10-26. TimeElapsed: 3ms
09-13 14:30:57.131 4244 4407 D tylerjroach.com.eventsource_android.a.a.a: SSE EVENT DATA: :
09-13 14:30:57.138 4092 4137 D DsmClient-JNI: connect_share: file count in qerey = 192
09-13 14:30:57.139 4244 4249 I zygote64: After code cache collection, code=24KB, data=21KB
09-13 14:30:57.139 4244 4249 I zygote64: Increasing code cache capacity to 128KB
09-13 14:30:57.140 4336 4336 W DynamiteModule: Local module descriptor class for com.google.android.gms.crash not found.
09-13 14:30:57.141 4092 4137 D DsmClient-JNI: connect_share: file count in Users = 5
09-13 14:30:57.142 684 951 W ActivityManager: Background start not allowed: service Intent { cmp=com.plexapp.android/com.leanplum.LeanplumPushRegistrationService } to com.plexapp.android/com.leanplum.LeanplumPushRegistrationService from pid=4244 uid=10064 pkg=com.plexapp.android
09-13 14:30:57.143 684 694 D VoldConnector: SND -> {17 nstorage password disk MEDIANICK-PC Guest [scrubbed]}
09-13 14:30:57.144 684 759 D VoldConnector: RCV <- {200 17 nstorage operation succeeded}
09-13 14:30:57.145 4336 4336 I DynamiteModule: Considering local module com.google.android.gms.crash:0 and remote module com.google.android.gms.crash:215
09-13 14:30:57.145 4336 4336 I DynamiteModule: Selected remote version of com.google.android.gms.crash, version >= 215
09-13 14:30:57.146 684 833 D VoldConnector: SND -> {18 nstorage create_volume MEDIANICK-PC kodidata}
09-13 14:30:57.146 684 759 D VoldConnector: RCV <- {650 "Remote:MEDIANICK-PC:kodidata" 5 "MEDIANICK-PC" "9878d345-2073-d47c-c4fb-1160183db3db"}
09-13 14:30:57.146 684 759 D VoldConnector: RCV <- {651 "Remote:MEDIANICK-PC:kodidata" 0}
09-13 14:30:57.147 684 758 D VoldConnector: SND -> {19 volume mount Remote:MEDIANICK-PC:kodidata 0 0}
09-13 14:30:57.147 684 759 D VoldConnector: RCV <- {643 "MEDIANICK-PC"}
09-13 14:30:57.147 684 759 D VoldConnector: RCV <- {200 18 nstorage operation succeeded}
09-13 14:30:57.147 684 759 D VoldConnector: RCV <- {651 "Remote:MEDIANICK-PC:kodidata" 1}
09-13 14:30:57.147 684 759 D VoldConnector: RCV <- {652 "Remote:MEDIANICK-PC:kodidata" cifs}
09-13 14:30:57.147 684 759 D VoldConnector: RCV <- {653 "Remote:MEDIANICK-PC:kodidata" 5648a8f8-399a-3768-1464-d4dc95260a86}
09-13 14:30:57.147 684 759 D VoldConnector: RCV <- {654 "Remote:MEDIANICK-PC:kodidata" "kodidata"}
09-13 14:30:57.147 684 759 D VoldConnector: RCV <- {656 "Remote:MEDIANICK-PC:kodidata" "/mnt/remote/79a35232-07f9-4230-9df3-4256560ddbd2/MEDIANICK-PC/kodidata"}
09-13 14:30:57.147 684 759 D VoldConnector: RCV <- {655 "Remote:MEDIANICK-PC:kodidata" "/storage/MEDIANICK-PC/kodidata"}
09-13 14:30:57.148 4092 4092 D b : onVolumeStateChanged: vol=Remote:MEDIANICK-PC:kodidata/MEDIANICK-PC/null oldState=0 newState=0
09-13 14:30:57.148 684 684 D PackageManager: Volume state changed: old state=0, new state=0, volume: VolumeInfo{Remote:MEDIANICK-PC:kodidata}:
09-13 14:30:57.148 684 684 D PackageManager: type=REMOTE diskId=MEDIANICK-PC
09-13 14:30:57.148 684 684 D PackageManager: partGuid=9878d345-2073-d47c-c4fb-1160183db3db mountFlags=0 mountUserId=0
09-13 14:30:57.148 684 684 D PackageManager: state=UNMOUNTED
09-13 14:30:57.148 684 684 D PackageManager: fsType=null fsUuid=null fsLabel=null
09-13 14:30:57.148 684 684 D PackageManager: path=null internalPath=null
09-13 14:30:57.148 2460 4332 W trieveRemoteDescriptors: Could not hydrate device or its services from descriptor: (RemoteDevice) Identity: (RemoteDeviceIdentity) UDN: uuid:NFANDROID2-PRV-SHIELDANDROIDTV-NVIDISHIELD=ANDROID=TV-6563-675EB5A208B72ADBF69D796766909DEED1B337479A9D82E0942B87557B4372E7, Descriptor: http://192.168.1.128:9080, Root: true
09-13 14:30:57.148 2460 4332 W trieveRemoteDescriptors: Cause was: org.xml.sax.SAXParseException: Unexpected token (position:TEXT status=ok@1:10 in java.io.StringReader@6d7920e)
09-13 14:30:57.149 684 684 D PackageManager: Volume state changed: old state=0, new state=1, volume: VolumeInfo{Remote:MEDIANICK-PC:kodidata}:
09-13 14:30:57.149 684 684 D PackageManager: type=REMOTE diskId=MEDIANICK-PC
09-13 14:30:57.149 684 684 D PackageManager: partGuid=9878d345-2073-d47c-c4fb-1160183db3db mountFlags=0 mountUserId=0
09-13 14:30:57.149 684 684 D PackageManager: state=CHECKING
09-13 14:30:57.149 684 684 D PackageManager: fsType=null fsUuid=null fsLabel=null
09-13 14:30:57.149 684 684 D PackageManager: path=null internalPath=null
09-13 14:30:57.149 4092 4092 D b : onVolumeStateChanged: vol=Remote:MEDIANICK-PC:kodidata/MEDIANICK-PC/null oldState=0 newState=1
09-13 14:30:57.151 289 292 E NetlinkEvent: NetlinkEvent::FindParam(): Parameter 'MESSAGE' not found
09-13 14:30:57.154 4336 4336 I FirebaseCrashApiImpl: FirebaseCrashApiImpl created by ClassLoader bfe[DexPathList[[zip file "/data/user_de/0/com.google.android.gms/app_chimera/m/0000002a/DynamiteModulesC.apk"],nativeLibraryDirectories=[/data/user_de/0/com.google.android.gms/app_chimera/m/0000002a/n/arm64-v8a, /system/lib64, /vendor/lib64]]]
09-13 14:30:57.156 4336 4336 W DynamiteModule: Failed to load module via V2: java.lang.ClassNotFoundException: Didn't find class "com.google.android.gms.dynamite.DynamiteModule$DynamiteLoaderClassLoader" on path: DexPathList[[zip file "/data/app/com.accuweather.android-2/base.apk"],nativeLibraryDirectories=[/data/app/com.accuweather.android-2/lib/arm64, /system/lib64, /vendor/lib64]]
09-13 14:30:57.159 684 759 D VoldConnector: RCV <- {651 "Remote:MEDIANICK-PC:kodidata" 2}
09-13 14:30:57.160 684 759 D VoldConnector: RCV <- {200 19 Command succeeded}
09-13 14:30:57.160 4092 4092 D b : onVolumeStateChanged: vol=Remote:MEDIANICK-PC:kodidata/MEDIANICK-PC/kodidata oldState=1 newState=2
09-13 14:30:57.160 684 684 D PackageManager: Volume state changed: old state=1, new state=2, volume: VolumeInfo{Remote:MEDIANICK-PC:kodidata}:
09-13 14:30:57.160 684 684 D PackageManager: type=REMOTE diskId=MEDIANICK-PC
09-13 14:30:57.160 684 684 D PackageManager: partGuid=9878d345-2073-d47c-c4fb-1160183db3db mountFlags=0 mountUserId=0
09-13 14:30:57.160 684 684 D PackageManager: state=MOUNTED
09-13 14:30:57.160 684 684 D PackageManager: fsType=cifs fsUuid=5648a8f8-399a-3768-1464-d4dc95260a86 fsLabel=kodidata
09-13 14:30:57.160 684 684 D PackageManager: path=/storage/MEDIANICK-PC/kodidata
09-13 14:30:57.160 684 684 D PackageManager: internalPath=/mnt/remote/79a35232-07f9-4230-9df3-4256560ddbd2/MEDIANICK-PC/k
09-13 14:30:57.160 684 684 D PackageManager: odidata
09-13 14:30:57.161 4336 4336 I DynamiteModule: Considering local module com.google.android.gms.flags:1 and remote module com.google.android.gms.flags:3
09-13 14:30:57.161 4336 4336 I DynamiteModule: Selected remote version of com.google.android.gms.flags, version >= 3
09-13 14:30:57.161 684 758 D StorageManagerService: Volume Remote:MEDIANICK-PC:kodidata broadcasting mounted to UserHandle{0}
09-13 14:30:57.163 2913 2913 W Finsky : [2] com.google.android.finsky.hygiene.HygieneJob.a(7): Failed to find the Hygiene logging context. Creating a new one.
09-13 14:30:57.163 4092 4137 D NetworkStorageProvider: addShare: NetworkShare { name=kodidata, hostname=MEDIANICK-PC, username=Guest, state=CONNECTED, diskId=MEDIANICK-PC, volumeId=Remote:MEDIANICK-PC:kodidata, path=/storage/MEDIANICK-PC/kodidata}
09-13 14:30:57.164 2913 2913 I Finsky : [2] com.google.android.finsky.scheduler.x.a(99): RunningQueue size: 4, PendingQueue size: 1
09-13 14:30:57.164 2913 2913 I Finsky : [2] com.google.android.finsky.scheduler.x.a(108): Running queue: 16-16161616 10-11 10-26 10-36
09-13 14:30:57.164 2913 2913 I Finsky : [2] com.google.android.finsky.scheduler.x.a(132): Job 10-26 finished
09-13 14:30:57.165 2913 2913 I Finsky : [2] com.google.android.finsky.scheduler.x.a(58): Running job: 10-39
09-13 14:30:57.166 2913 2913 W Finsky : [2] com.google.android.finsky.hygiene.HygieneJob.a(7): Failed to find the Hygiene logging context. Creating a new one.
09-13 14:30:57.166 2913 2913 I Finsky : [2] com.google.android.finsky.scheduler.x.a(99): RunningQueue size: 4, PendingQueue size: 0
09-13 14:30:57.166 2913 4467 I Finsky : [123] com.google.android.finsky.installservice.DevTriggeredUpdateHygieneJob.a(4): Running dev-triggered-update hygiene
09-13 14:30:57.166 2913 2913 I Finsky : [2] com.google.android.finsky.scheduler.x.a(108): Running queue: 16-16161616 10-11 10-36 10-39
09-13 14:30:57.166 2913 4467 I Finsky : [123] com.google.android.finsky.scheduler.ax.b(8): jobFinished: 10-39. TimeElapsed: 1ms
09-13 14:30:57.184 4092 4137 D NetworkStorageProvider: updateStorage: NetworkStorage { address=192.168.1.2, domain=WORKGROUP, name=MEDIANICK-PC, username=Guest, diskId=MEDIANICK-PC, state=CONNECTED }
09-13 14:30:57.186 4336 4336 W DynamiteModule: Local module descriptor class for com.google.android.gms.crash not found.
09-13 14:30:57.198 4411 4411 E zygote64: The String#value field is not present on Android versions >= 6.0
09-13 14:30:57.204 4244 4306 D Fabric : Settings result was: 200
09-13 14:30:57.212 4092 4137 D NetworkStorageService: onTaskStateChanged :STATE_DEVICE_MOUNTING_FINISHED
09-13 14:30:57.212 4092 4092 D RemountJobService: onNetworkStorageStateChanged : state=STATE_DEVICE_MOUNTING_FINISHED
09-13 14:30:57.212 4092 4092 D RemountJobService: All Tasks are done. Finishing...
09-13 14:30:57.213 4092 4476 D NetworkStorageProvider: getSharesByState: NOT_CONNECTED:0
09-13 14:30:57.213 4092 4476 D RemountJobService: no more unmounted share to be mounted
09-13 14:30:57.213 4092 4476 D RemountJobService: clean up RemountJob
09-13 14:30:57.213 4092 4476 D RemountJobService: unbind NasService
09-13 14:30:57.215 4092 4092 D NetworkStorageService: onDestroy
09-13 14:30:57.217 4092 4092 D DsmClient-JNI: stop discovery
09-13 14:30:57.222 684 833 I ActivityManager: Killing 3294:com.amazon.amazonvideo.livingroom:BackgroundServices/u0a110 (adj 906): empty #17
09-13 14:30:57.260 4336 4336 I FirebaseCrashApiImpl: FirebaseCrash reporting API initialized
09-13 14:30:57.261 4336 4336 I FirebaseCrash: FirebaseCrash reporting initialized com.google.firebase.crash.internal.zzg@f03cf3f
09-13 14:30:57.279 4244 4386 D Plex Media Server: [4482] Request: [127.0.0.1:53448 (Loopback)] GET / (1 live)
09-13 14:30:57.279 4244 4386 D Plex Media Server: [4482] Translator: Found locale ar
09-13 14:30:57.279 4244 4386 D Plex Media Server: [4482] Translator: Found locale cs_CZ
09-13 14:30:57.279 4244 4386 D Plex Media Server: [4482] Translator: Found locale da
09-13 14:30:57.279 4244 4386 D Plex Media Server: [4482] Translator: Found locale de
09-13 14:30:57.279 4244 4386 D Plex Media Server: [4482] Translator: Found locale en
09-13 14:30:57.279 4244 4386 D Plex Media Server: [4482] Translator: Found locale es
09-13 14:30:57.279 4244 4386 D Plex Media Server: [4482] Translator: Found locale et_EE
09-13 14:30:57.279 4244 4386 D Plex Media Server: [4482] Translator: Found locale fr
09-13 14:30:57.279 4244 4386 D Plex Media Server: [4482] Translator: Found locale he
09-13 14:30:57.279 4244 4386 D Plex Media Server: [4482] Translator: Found locale hr_HR
09-13 14:30:57.279 4244 4386 D Plex Media Server: [4482] Translator: Found locale hu_HU
09-13 14:30:57.279 4244 4386 D Plex Media Server: [4482] Translator: Found locale it
09-13 14:30:57.279 4244 4386 D Plex Media Server: [4482] Translator: Found locale ja_JP
09-13 14:30:57.279 4244 4386 D Plex Media Server: [4482] Translator: Found locale ko
09-13 14:30:57.279 4244 4386 D Plex Media Server: [4482] Translator: Found locale lt
09-13 14:30:57.279 4244 4386 D Plex Media Server: [4482] Translator: Found locale nl
09-13 14:30:57.279 4244 4386 D Plex Media Server: [4482] Translator: Found locale nl_BE
09-13 14:30:57.279 4244 4386 D Plex Media Server: [4482] Translator: Found locale no
09-13 14:30:57.279 4244 4386 D Plex Media Server: [4482] Translator: Found locale pt_BR
09-13 14:30:57.280 4244 4386 D Plex Media Server: [4482] Translator: Found locale ro
09-13 14:30:57.280 4244 4386 D Plex Media Server: [4482] Translator: Found locale ru
09-13 14:30:57.280 4244 4386 D Plex Media Server: [4482] Translator: Found locale sr
09-13 14:30:57.280 4244 4386 D Plex Media Server: [4482] Translator: Found locale sv
09-13 14:30:57.280 4244 4386 D Plex Media Server: [4482] Translator: Found locale zh_CN
09-13 14:30:57.296 4244 4386 D Plex Media Server: [4426] Completed: [127.0.0.1:53448] 200 GET / (1 live) 23ms 2062 bytes (pipelined: 1)
09-13 14:30:57.301 4411 4411 E TTS : Unparsable line in file with voice data checksums: voices-list.dev/signature.sf 7846532c8eb3d4d374813dae6d74638b
09-13 14:30:57.301 4411 4411 E TTS : Unparsable line in file with voice data checksums: voices-list.dev/voices-list-dsig.pb c1024b1416240bb24b316bac696f5cdb
09-13 14:30:57.301 4411 4411 E TTS : Unparsable line in file with voice data checksums: voices-list.rel/signature.sf 93ee1641133be6e6d8cb83934833cd8c
09-13 14:30:57.301 4411 4411 E TTS : Unparsable line in file with voice data checksums: voices-list.rel/voices-list-rsig.pb 8ad16260ab46941c146c4598d78862ee
09-13 14:30:57.302 4411 4411 I TTS : Checking integrity of voice: de-de, revision: 2
09-13 14:30:57.302 4411 4411 W TTS : No checksums for voice: de-de, revision: 2
09-13 14:30:57.302 4411 4411 I TTS : Cache cleared
09-13 14:30:57.321 2913 2913 I Finsky : [2] com.google.android.finsky.scheduler.x.a(132): Job 10-39 finished
09-13 14:30:57.322 2913 2913 I Finsky : [2] com.google.android.finsky.scheduler.x.a(99): RunningQueue size: 3, PendingQueue size: 0
09-13 14:30:57.322 2913 2913 I Finsky : [2] com.google.android.finsky.scheduler.x.a(108): Running queue: 16-16161616 10-11 10-36
09-13 14:30:57.322 2913 2954 I PlayCommon: [72] com.google.android.play.b.g.d(208): Preparing logs for uploading
09-13 14:30:57.323 4411 4411 I TTS : Creating Google TTS service, version 3.15.18.200023596
09-13 14:30:57.336 4336 4336 I FA : App measurement is starting up, version: 9452
09-13 14:30:57.336 4336 4336 I FA : To enable debug logging run: adb shell setprop log.tag.FA VERBOSE
09-13 14:30:57.341 4244 4386 D Plex Media Server: [4482] Request: [127.0.0.1:53448 (Loopback)] PUT /media/providers/remote/status?online=1 (1 live)
09-13 14:30:57.342 4244 4386 D Plex Media Server: [4443] HTTP requesting GET https://plex.tv/media/providers?X-Plex-Token=xxxxxxxxxxxxxxxxxxxx
09-13 14:30:57.342 4244 4386 D Plex Media Server: [4425] Completed: [127.0.0.1:53448] 200 PUT /media/providers/remote/status?online=1 (1 live) 0ms 195 bytes (pipelined: 2)
09-13 14:30:57.347 4244 4306 D Fabric : Settings request ID: 365e7618d9c5ad45ea4a6dda9b7a716b
09-13 14:30:57.348 4244 4306 D Fabric : Writing settings to cache file...
09-13 14:30:57.348 2913 2954 I PlayCommon: [72] com.google.android.play.b.x.a(9): Connecting to server for timestamp: https://play.googleapis.com/play/log/timestamp
09-13 14:30:57.351 413 3336 I WVCdm : CdmEngine::OpenSession
09-13 14:30:57.352 413 3336 D WVCdm : CryptoSession::Open: Lock: requested_security_level: Default
09-13 14:30:57.352 413 3336 E oemcrypto_cenc: OEMCrypto_APIVersion: 11
09-13 14:30:57.354 413 3336 I WVCdm : CdmEngine::QueryOemCryptoSessionId
09-13 14:30:57.354 4411 4497 I TTS : Initializing de-de-x-nfh-lstm-embedded from disk
09-13 14:30:57.357 4336 4336 I FirebaseInitProvider: FirebaseApp initialization successful
09-13 14:30:57.357 4230 4230 I PersonalGridService: pgService initialized
09-13 14:30:57.357 4230 4230 I PersonalGridService: Service onCreate-
09-13 14:30:57.358 4230 4230 I PersonalGridService: Service onStartCommand
09-13 14:30:57.376 4230 4230 I PersonalGridService/WifiStateBroadcastReceiver: onReceive Connected to network having NetworkInfo :[type: Ethernet[], state: CONNECTED/CONNECTED, reason: (unspecified), extra: 00:04:4b:aa:03:0d, failover: false, available: true, roaming: false, metered: false]
09-13 14:30:57.378 413 413 I WVCdm : CdmEngine::GenerateKeyRequest
09-13 14:30:57.378 4336 4336 D TVBaseServerSideRules: STORED -> SHOW_VIDEOS: false
09-13 14:30:57.378 4336 4336 D TVBaseServerSideRules: STORED -> SHOW_VIDEO_ADS: false
09-13 14:30:57.378 4336 4336 D TVBaseServerSideRules: STORED -> USE_OOYALA: false
09-13 14:30:57.379 4336 4336 D TVBaseServerSideRules: STORED -> PLAY_LIST_ID: a60e2145e2aa447d82a8b34597e02220
09-13 14:30:57.379 4336 4336 D TVBaseServerSideRules: STORED -> PCode: 9ocWkyOis6XHszQOCRXkzmxI5sLz
09-13 14:30:57.379 4336 4336 D TVBaseServerSideRules: STORED -> VIDEO_PLAYER: com.accuweather.ooyala.OoyalaVideoPlayList
09-13 14:30:57.379 4336 4336 D TVBaseServerSideRules: STORED -> VIDEO_AD_URL: https://pubads.g.doubleclick.net/gampad/ads?sz=400x300&iu=/6581/ctv/firetv/preroll&impl=s&gdfp_req=1&env=vp&output=vast&unviewed_position_start=1&url=[referrer_url]&description_url=[description_url]&correlator=[timestamp]
09-13 14:30:57.379 4336 4336 D TVBaseServerSideRules: STORED -> VIDEOS_PLAY_LIST_US: a60e2145e2aa447d82a8b34597e02220
09-13 14:30:57.379 4336 4336 D TVBaseServerSideRules: STORED -> VIDEOS_PLAY_LIST_EUROPE: c3215323eb1349cb83e8fc96dd7f7ef8
09-13 14:30:57.379 4336 4336 D TVBaseServerSideRules: STORED -> VIDEOS_PLAY_LIST_WORLD: db65460bc0d34046930e5a7677354d9c
09-13 14:30:57.379 4336 4336 D TVBaseServerSideRules: ------------------------------
09-13 14:30:57.380 413 413 E oemcrypto_cenc: OEMCrypto_APIVersion: 11
09-13 14:30:57.381 413 413 D WVCdm : PrepareKeyRequest: nonce=2732485828
09-13 14:30:57.385 4230 4230 D PersonalGridService: HDMI is connected
09-13 14:30:57.388 684 775 D NsdService: New client listening to asynchronous messages
09-13 14:30:57.388 4230 4501 D NvNsdManager: Stale key 0
09-13 14:30:57.389 684 775 D NsdService: New client, channel: com.android.internal.util.AsyncChannel@b679902 messenger: android.os.Messenger@546f213
09-13 14:30:57.389 4230 4501 D NvNsdManager: Stale key 0
09-13 14:30:57.389 4230 4451 I MdnsDiscovery: resolveServerDiscoveryState: HasClient: true HasConnectivity: false IsDiscoveryRunning: false
09-13 14:30:57.390 4230 4230 I PersonalGridService: Display mode is: {id=1, width=1920, height=1080, fps=59.94006}
09-13 14:30:57.390 4230 4230 I pgService/AudioEndPointBroadcastReceiver: HDMI Audio receiver channels = 8
09-13 14:30:57.390 4230 4230 I pgService/AudioEndPointBroadcastReceiver:
09-13 14:30:57.390 4230 4230 I pgService/AudioEndPointBroadcastReceiver: 2
09-13 14:30:57.390 4230 4230 I pgService/AudioEndPointBroadcastReceiver: 5
09-13 14:30:57.390 4230 4230 I pgService/AudioEndPointBroadcastReceiver: 13
09-13 14:30:57.390 4230 4230 I pgService/AudioEndPointBroadcastReceiver:
09-13 14:30:57.390 4230 4230 D SchedulerJobService: job service created
09-13 14:30:57.393 4230 4500 I RegIntentService: token:fhj-S...yPVyt [152]
09-13 14:30:57.404 4336 4336 D Event : No subscribers registered for event class com.accuweather.locations.UserLocationsListChanged
09-13 14:30:57.404 4336 4336 D Event : No subscribers registered for event class de.greenrobot.event.NoSubscriberEvent
09-13 14:30:57.412 4230 4508 D NvNsdManager: Stale key 0
09-13 14:30:57.413 684 775 D NsdService: New client listening to asynchronous messages
09-13 14:30:57.413 4230 4230 D WifiUtil: WifiLock: CreateWifiLock 1 ----
09-13 14:30:57.413 4230 4230 I WifiUtil: WifiLock:acquire 1 ++++
09-13 14:30:57.413 684 775 D NsdService: New client, channel: com.android.internal.util.AsyncChannel@8a49c6f messenger: android.os.Messenger@29a9d7c
09-13 14:30:57.414 4230 4450 I MdnsDiscovery: resolveServerDiscoveryState: HasClient: true HasConnectivity: false IsDiscoveryRunning: false
09-13 14:30:57.414 4230 4508 D NvNsdManager: Stale key 0
09-13 14:30:57.414 4230 4280 I PersonalGridService/WifiStateChangeRunnable: run++
09-13 14:30:57.414 4230 4280 I ServerManager: closeAllConnections+
09-13 14:30:57.414 4230 4280 D Server : cancelHolePunchingTest()
09-13 14:30:57.415 4230 4280 D GridServer: disconnect
09-13 14:30:57.420 4230 4230 D JobDownloadManager: download job handler created
09-13 14:30:57.420 4230 4230 D JobDownloadManager: job DOWNLOAD_JOB_ID_PERIODIC run
09-13 14:30:57.420 4230 4230 D JobDownloadManager: start job DOWNLOAD_JOB_ID_PERIODIC
09-13 14:30:57.421 4230 4511 I ServerManager/GetServerInfo: ServerInfoRunnable::run ++
09-13 14:30:57.421 4230 4511 E ServerManager/GetServerInfo: Not a valid client to send initial server info
09-13 14:30:57.421 4230 4512 W AccountDiscovery: No user is logged in
09-13 14:30:57.422 4230 4230 D JobDownloadManager: job SUBSCRIPTION_JOB_PERIODIC run
09-13 14:30:57.422 4230 4230 D JobDownloadManager: start job SUBSCRIPTION_JOB_PERIODIC
09-13 14:30:57.422 4230 4230 D JobDownloadManager: job DOWNLOAD_JOB_EULA_TERMS run
09-13 14:30:57.422 4230 4230 D JobDownloadManager: start job DOWNLOAD_JOB_EULA_TERMS
09-13 14:30:57.434 4336 4336 D >>>> : >>>>> Init AutoThemCHanger
09-13 14:30:57.434 4336 4336 D >>>> : >>>>> Init AutoThemCHanger isDayTime=true isLight=true
09-13 14:30:57.435 4230 4230 D PersonalGridService: receive GCM action GCM_ACTION_REGISTRATION_COMPLETE
09-13 14:30:57.438 4230 4230 D AccountDiscovery: Cannot submit UploadClientCertGcmTokenRunnable since user is not logged in
09-13 14:30:57.457 4230 4514 D ContentHelper: State transition on class: com.nvidia.pgcontentprovider.a.y
09-13 14:30:57.457 4230 4514 D ContentHelper: From state: STATE_UNKNOWN, with action: null
09-13 14:30:57.457 4230 4514 D ContentHelper: To state: STATE_UNKNOWN, with action: Downloading
09-13 14:30:57.458 4230 4514 D PersonalGridServiceDBAdapter: Batch insert on Order. Result: 1
09-13 14:30:57.458 4230 4514 D ContentHelper: State transition on class: com.nvidia.pgcontentprovider.a.y
09-13 14:30:57.458 4230 4514 D ContentHelper: From state: STATE_UNKNOWN, with action: Downloading
09-13 14:30:57.458 4230 4514 D ContentHelper: To state: STATE_READY, with action: Download_Success
09-13 14:30:57.469 4230 4523 D Retrofit: --> GET https://prod.northstar.nvidiagrid.net/v1/geo/v1/geo http/1.1
09-13 14:30:57.484 4230 4280 D Server : processServerRemoved: removing prod.cloudmatchbeta.nvidiagrid.net
09-13 14:30:57.486 4336 4336 I GAv4 : Google Analytics 9.4.52 is starting up. To enable debug logging on a device run:
09-13 14:30:57.486 4336 4336 I GAv4 : adb shell setprop log.tag.GAv4 DEBUG
09-13 14:30:57.486 4336 4336 I GAv4 : adb logcat -s GAv4
09-13 14:30:57.491 4336 4521 D Retrofit: ---> HTTP GET https://api.accuweather.com/locations/v1/170368.json?apikey=srRLeAmTroxPinDG8Aus3Ikl6tLGJd94&language=de&details=true
09-13 14:30:57.491 4336 4521 D Retrofit: ---> END HTTP (no body)
09-13 14:30:57.492 4336 4521 D NetworkSecurityConfig: No Network Security Config specified, using platform default
09-13 14:30:57.517 4176 4529 D TelemetryService: event FunctionalEvent not sent because of consent:NONE , event gdpr level:FUNCTIONAL , event client id:91452636138522988
09-13 14:30:57.521 4230 4514 I DownloadStatusWriter: Inserting operation for download status for GameList
09-13 14:30:57.531 4244 4306 D Fabric : Loaded settings: {"settings_version":2,"cache_duration":7200,"features":{"collect_logged_exceptions":true,"collect_reports":true,"collect_analytics":true,"prompt_enabled":true,"push_enabled":true,"firebase_crashlytics_enabled":false},"analytics":{"url":"https:\/\/e.crashlytics.com\/spi\/v2\/events","flush_interval_secs":120,"max_file_count_per_send":1,"track_custom_events":true,"track_predefined_events":true,"track_view_controllers":false,"flush_on_background":true,"max_byte_size_per_file":40000,"max_pending_send_file_count":20,"sampling_rate":1,"forward_to_google_analytics":false,"include_purchase_events_in_forwarded_events":false},"beta":{"update_suspend_duration":1209600,"update_endpoint":""},"app":{"identifier":"com.plexapp.android","status":"activated","url":"https:\/\/api.crashlytics.com\/spi\/v1\/platforms\/android\/apps\/com.plexapp.android","reports_url":"https:\/\/reports.crashlytics.com\/spi\/v1\/platforms\/android\/apps\/com.plexapp.android\/reports","ndk_reports_url":"https:\/\/reports.crashlytics.com\/sdk-api\/v1\/platforms\/android\/apps\/com.plexapp.android\/minidumps","update_required":false},"session":{"log_buffer_size":64000,"max_chained_exception_depth":16,"max_complete_sessions_count":4,"max_custom_exception_events":8,"max_custom_key_value_pairs":64,"identifier_mask":255},"prompt":{"title":"Send Crash Report?","message":"Looks like we crashed! Please help us fix the problem by sending a crash report.","send_button_title":"Send","show_cancel_button":true,"cancel_button_title":"Don't Send","show_always_send_button":true,"always_send_button_title":"Always Send"},"expires_at":1536849057348}
09-13 14:30:57.532 4244 4306 D Fabric : Build ID is: 86713034-82a7-4ea7-9757-036c8654e5ed
09-13 14:30:57.533 4244 4302 D Answers : Analytics collection enabled
09-13 14:30:57.534 4244 4301 D Beta : Beta kit initializing...
09-13 14:30:57.534 4244 4301 D Beta : Beta device token present: false
09-13 14:30:57.534 4244 4301 D Beta : A Beta device token was not found for this app
09-13 14:30:57.539 4230 4514 I DownloadStatusWriter: Inserting operation for download status for ProductList
09-13 14:30:57.540 4336 4336 W ResourceType: Invalid package identifier when getting bag for resource number 0x00000000
09-13 14:30:57.542 4336 4336 I chatty : uid=10082(u0_a82) com.accuweather.android identical 9 lines
09-13 14:30:57.542 4336 4336 W ResourceType: Invalid package identifier when getting bag for resource number 0x00000000
09-13 14:30:57.551 684 1611 I ActivityManager: Killing 3440:com.google.android.inputmethod.pinyin/u0a52 (adj 906): empty #17
09-13 14:30:57.554 4230 4514 I DownloadStatusWriter: Inserting operation for download status for SubscriptionList
09-13 14:30:57.556 4230 4280 D Server : Resetting intermittent Server state
09-13 14:30:57.556 4230 4280 I NvMjolnirServerInfo: NvMjolnirServerInfo [cHostName=EU Central, cHostAddr=prod.cloudmatchbeta.nvidiagrid.net, cMAC_ID=, mServerId=1, mPort=443, mServerStatus=4, cGPUInfo=, mLastConnected=0, mGameListId=1289630245, mUniqueServerId=prod.cloudmatchbeta.nvidiagrid.net, mRunningGameId=-1, mServerSslCertHash=, mSharedEncryptionKey=, mSopsSetting=1, mServerVersion=0.0.0.0, mExternalIP=, mManualIP=, mLocalIpList=prod.cloudmatchbeta.nvidiagrid.net#443#REGULAR, mServerType=2, mNeedAccountLogin=0, mServerGameListHash=529399374, mAudioOnPC=0, mServerCapability=2066, mOtherIPs=, mEncoderPerf=ServerEncoderCap [encoderHevcPerf=-1, encoderH264Perf=-1, colorSpaceSupport=0, codecModeSupport=1], mServerDisplayList=, mGFEVersion=, mGsVersion=, mVPCId=NP-FRK-01]
09-13 14:30:57.556 4230 4280 I ServerManager: NotifyAllServerInfo -- Number of Clients: 0 ServerList Size: 1
09-13 14:30:57.568 2913 2954 I PlayCommon: [72] com.google.android.play.b.g.a(373): Connecting to server: https://play.googleapis.com/play/log?format=raw&proto_v2=true
09-13 14:30:57.569 4244 4328 D Answers : Firebase analytics forwarding disabled
09-13 14:30:57.569 4244 4328 D Answers : Firebase analytics including purchase events disabled
09-13 14:30:57.569 4244 4328 D Answers : Custom event tracking enabled
09-13 14:30:57.569 4244 4328 D Answers : Predefined event tracking enabled
09-13 14:30:57.588 4230 4514 D PersonalGridServiceDBAdapter: Batch insert on Order. Result: 6
09-13 14:30:57.593 4230 4514 D JobDownloadManager: Job finished: SUBSCRIPTION_JOB_PERIODIC, reschedule: false
09-13 14:30:57.593 4230 4514 D JobDownloadManager: Starting Pending Job
09-13 14:30:57.598 4230 4280 I ServerManager: closeAllConnections-
09-13 14:30:57.599 4230 4450 I MdnsDiscovery: resolveServerDiscoveryState: HasClient: true HasConnectivity: true IsDiscoveryRunning: false
09-13 14:30:57.599 4230 4451 I MdnsDiscovery: resolveServerDiscoveryState: HasClient: true HasConnectivity: true IsDiscoveryRunning: false
09-13 14:30:57.599 4176 4537 D TelemetryService: event FunctionalEvent not sent because of consent:NONE , event gdpr level:FUNCTIONAL , event client id:91452636138522988
09-13 14:30:57.604 2460 2634 W iceDescriptorBinderImpl: Regular parsing failed: Unexpected token (position:TEXT status=ok@1:10 in java.io.StringReader@d60c4d4)
09-13 14:30:57.605 2460 2634 W iceDescriptorBinderImpl: Removing leading garbage didn't work: Unexpected token (position:TEXT status=ok@1:10 in java.io.StringReader@e24967d)
09-13 14:30:57.605 2460 2634 W iceDescriptorBinderImpl: No closing element in descriptor
09-13 14:30:57.605 2460 2634 W trieveRemoteDescriptors: Could not hydrate device or its services from descriptor: (RemoteDevice) Identity: (RemoteDeviceIdentity) UDN: uuid:NFANDROID2-PRV-SHIELDANDROIDTV-NVIDISHIELD=ANDROID=TV-6563-675EB5A208B72ADBF69D796766909DEED1B337479A9D82E0942B87557B4372E7, Descriptor: http://192.168.1.128:9080, Root: true
09-13 14:30:57.605 2460 2634 W trieveRemoteDescriptors: Cause was: org.xml.sax.SAXParseException: Unexpected token (position:TEXT status=ok@1:10 in java.io.StringReader@d60c4d4)
09-13 14:30:57.607 684 775 D NsdService: Discover services
09-13 14:30:57.608 684 775 D NsdService: discoverServices: 4 _nvstream._tcp.
09-13 14:30:57.609 684 775 D NsdService: Discover 1 4_nvstream._tcp.
09-13 14:30:57.609 684 775 D NsdService: Discover services
09-13 14:30:57.609 684 775 D NsdService: discoverServices: 5 _nvstream_dbd._tcp.
09-13 14:30:57.610 684 775 D NsdService: Discover 1 5_nvstream_dbd._tcp.
09-13 14:30:57.611 4230 4451 I MdnsDiscovery: Discovery restart time: 12
09-13 14:30:57.611 4230 4450 I MdnsDiscovery: Discovery restart time: 12
09-13 14:30:57.617 4230 4280 I PersonalGridService/WifiStateChangeRunnable: run--
09-13 14:30:57.620 4230 4539 I ServerManager: Connecting++ prod.cloudmatchbeta.nvidiagrid.net null
09-13 14:30:57.621 4230 4510 I Utils : getJSONFromFile empty string
09-13 14:30:57.635 4230 4539 I ServerManager: Server Name = EU Central SERVER_STATE_OFFLINE(4) => SERVER_STATE_CONNECTING(2052)
09-13 14:30:57.635 4230 4539 D Server : Resetting intermittent Server state
09-13 14:30:57.635 4230 4539 I NvMjolnirServerInfo: NvMjolnirServerInfo [cHostName=EU Central, cHostAddr=prod.cloudmatchbeta.nvidiagrid.net, cMAC_ID=, mServerId=1, mPort=443, mServerStatus=2052, cGPUInfo=, mLastConnected=0, mGameListId=1289630245, mUniqueServerId=prod.cloudmatchbeta.nvidiagrid.net, mRunningGameId=-1, mServerSslCertHash=, mSharedEncryptionKey=, mSopsSetting=1, mServerVersion=0.0.0.0, mExternalIP=, mManualIP=, mLocalIpList=prod.cloudmatchbeta.nvidiagrid.net#443#REGULAR, mServerType=2, mNeedAccountLogin=0, mServerGameListHash=529399374, mAudioOnPC=0, mServerCapability=2066, mOtherIPs=, mEncoderPerf=ServerEncoderCap [encoderHevcPerf=-1, encoderH264Perf=-1, colorSpaceSupport=0, codecModeSupport=1], mServerDisplayList=, mGFEVersion=, mGsVersion=, mVPCId=NP-FRK-01]
09-13 14:30:57.635 4230 4539 I ServerManager: NotifyAllServerInfo -- Number of Clients: 0 ServerList Size: 1
09-13 14:30:57.638 2444 2444 D BootupReceiver: BootupReceiver initiated
09-13 14:30:57.641 2444 2444 D BootupReceiver: Scheduling recommendations update
09-13 14:30:57.645 4244 4385 D CrashlyticsCore: Initialization marker file created.
09-13 14:30:57.647 2913 2954 I PlayCommon: [72] com.google.android.play.b.g.a(443): Successfully uploaded logs.
09-13 14:30:57.654 684 1643 I ActivityManager: Start proc 4544:com.archos.mediacenter.videofree/u0a29 for broadcast com.archos.mediacenter.videofree/com.archos.mediacenter.video.browser.BootupRecommandationService
09-13 14:30:57.668 4230 4558 I ServerManager/ConnectToServer/ConnectToGridServer: Connect to name: EU Central, type: SERVICE_GRID, host: prod.cloudmatchbeta.nvidiagrid.net/185.136.69.54, port: 443, txtRecord:
09-13 14:30:57.668 4230 4558 I GridServer: tryToConnect
09-13 14:30:57.677 4244 4385 W CrashlyticsCore: No minidump data found in directory /data/user/0/com.plexapp.android/files/.Fabric/com.crashlytics.sdk.android.crashlytics-ndk/native/1536841844325
09-13 14:30:57.679 2913 3009 I Finsky : [98] com.google.android.finsky.ds.a.a.a.b(28): Triggered update for experiment package com.google.android.finsky.stable.
09-13 14:30:57.695 4230 4515 I EulaJob : updated eula
09-13 14:30:57.695 4230 4558 I ServerManager: Server Name = EU Central SERVER_STATE_CONNECTING(2052) => SERVER_STATE_CONNECTED(5)
09-13 14:30:57.699 4230 4558 I NvMjolnirServerInfo: NvMjolnirServerInfo [cHostName=EU Central, cHostAddr=prod.cloudmatchbeta.nvidiagrid.net, cMAC_ID=, mServerId=1, mPort=443, mServerStatus=5, cGPUInfo=, mLastConnected=0, mGameListId=1289630245, mUniqueServerId=prod.cloudmatchbeta.nvidiagrid.net, mRunningGameId=-1, mServerSslCertHash=, mSharedEncryptionKey=, mSopsSetting=1, mServerVersion=0.0.0.0, mExternalIP=, mManualIP=, mLocalIpList=prod.cloudmatchbeta.nvidiagrid.net#443#REGULAR, mServerType=2, mNeedAccountLogin=0, mServerGameListHash=529399374, mAudioOnPC=0, mServerCapability=2066, mOtherIPs=, mEncoderPerf=ServerEncoderCap [encoderHevcPerf=-1, encoderH264Perf=-1, colorSpaceSupport=0, codecModeSupport=1], mServerDisplayList=, mGFEVersion=, mGsVersion=, mVPCId=NP-FRK-01]
09-13 14:30:57.699 4230 4558 I ServerManager: NotifyAllServerInfo -- Number of Clients: 0 ServerList Size: 1
09-13 14:30:57.704 4244 4386 D Plex Media Server: [4443] HTTP 200 response from GET https://plex.tv/media/providers?X-Plex-Token=xxxxxxxxxxxxxxxxxxxx
09-13 14:30:57.705 4244 4386 D Plex Media Server: [4461] HTTP requesting GET https://news.provider.plex.tv?X-Plex-Token=xxxxxxxxxxxxxxxxxxxx
09-13 14:30:57.708 4176 4561 D TelemetryService: event TechnicalEvent not sent because of consent:NONE , event gdpr level:TECHNICAL , event client id:91452636138522988
09-13 14:30:57.708 4244 4386 D Plex Media Server: [4443] HTTP requesting GET https://news.provider.plex.tv?X-Plex-Token=xxxxxxxxxxxxxxxxxxxx
09-13 14:30:57.713 4230 4515 D PersonalGridServiceDBAdapter: Batch insert on Order. Result: 5
09-13 14:30:57.723 4230 4515 D JobDownloadManager: Job finished: DOWNLOAD_JOB_EULA_TERMS, reschedule: false
09-13 14:30:57.723 4230 4515 D JobDownloadManager: Starting Pending Job
09-13 14:30:57.728 4176 4567 D TelemetryService: event FunctionalEvent not sent because of consent:NONE , event gdpr level:FUNCTIONAL , event client id:91452636138522988
09-13 14:30:57.733 4230 4539 I ServerManager: Connecting-- prod.cloudmatchbeta.nvidiagrid.net null Time: 114ms
09-13 14:30:57.738 2913 4472 I Finsky : [124] com.google.android.finsky.scheduler.ax.b(8): jobFinished: 10-36. TimeElapsed: 611ms
09-13 14:30:57.739 2913 3009 W ProxyAndroidLoggerBackend: Too many Flogger logs received before configuration. Dropping old logs.
09-13 14:30:57.739 2913 2913 I Finsky : [2] com.google.android.finsky.scheduler.x.a(132): Job 10-36 finished
09-13 14:30:57.740 2913 2913 I Finsky : [2] com.google.android.finsky.scheduler.x.a(99): RunningQueue size: 2, PendingQueue size: 0
09-13 14:30:57.740 2913 2913 I Finsky : [2] com.google.android.finsky.scheduler.x.a(108): Running queue: 16-16161616 10-11
09-13 14:30:57.746 2913 3009 W ProxyAndroidLoggerBackend: Too many Flogger logs received before configuration. Dropping old logs.
09-13 14:30:57.746 2913 3009 W ProxyAndroidLoggerBackend: Too many Flogger logs received before configuration. Dropping old logs.
09-13 14:30:57.746 2913 3009 I Finsky : [98] com.google.android.finsky.ds.a.a.a.b(60): Already at the latest configurations for experiment package com.google.android.finsky.stable.
09-13 14:30:57.746 2913 3013 I Finsky : [102] com.google.android.finsky.ds.a.a.a.b(28): Triggered update for experiment package com.google.android.finsky.regular.
09-13 14:30:57.776 4230 4523 D Retrofit: <-- 200 OK https://prod.northstar.nvidiagrid.net/v1/geo/v1/geo (306ms, 146-byte body)
09-13 14:30:57.791 4230 4523 D Retrofit: --> GET https://gfnpc.api.entitlement-prod.nvidiagrid.net/v2/apps?languageCode=de_DE&countryCode=DE&vpcId=NP-FRK-01&serviceName=gfn_pc http/1.1
09-13 14:30:57.798 4244 4385 D CrashlyticsCore: Finalizing previously open sessions.
09-13 14:30:57.802 4336 4533 W GAv4 : CampaignTrackingReceiver is not registered, not exported or is disabled. Installation campaign tracking is not possible. See http://goo.gl/8Rd3yj for instructions.
09-13 14:30:57.809 2913 3013 W ProxyAndroidLoggerBackend: Too many Flogger logs received before configuration. Dropping old logs.
09-13 14:30:57.821 2913 4466 I Finsky : [122] com.google.android.finsky.splitinstallservice.SplitInstallCleanerHygieneJob.a(18): Removed 0 obsolete sessions.
09-13 14:30:57.825 2913 4466 I Finsky : [122] com.google.android.finsky.splitinstallservice.SplitInstallCleanerHygieneJob.a(144): Removed 0 corrupted downloaded sessions.
09-13 14:30:57.832 2913 3013 W ProxyAndroidLoggerBackend: Too many Flogger logs received before configuration. Dropping old logs.
09-13 14:30:57.832 2913 3013 W ProxyAndroidLoggerBackend: Too many Flogger logs received before configuration. Dropping old logs.
09-13 14:30:57.832 2913 3013 I Finsky : [102] com.google.android.finsky.ds.a.a.a.b(60): Already at the latest configurations for experiment package com.google.android.finsky.regular.
09-13 14:30:57.836 2913 3012 I Finsky : [101] com.google.android.finsky.ds.a.a.a.b(28): Triggered update for experiment package com.google.android.finsky.regular.
09-13 14:30:57.848 4544 4544 I MultiDex: VM with version 2.1.0 has multidex support
09-13 14:30:57.848 4544 4544 I MultiDex: Installing application
09-13 14:30:57.848 4544 4544 I MultiDex: VM has multidex support, MultiDex support library is disabled.
09-13 14:30:57.857 4336 4336 E AccuRemoteConfigTV: Fetch Successful
09-13 14:30:57.857 4336 4336 D Event : No subscribers registered for event class com.accuweather.serversiderules.ServerSideRulesEventBusEnum$EventType
09-13 14:30:57.857 4336 4336 D Event : No subscribers registered for event class de.greenrobot.event.NoSubscriberEvent
09-13 14:30:57.857 4336 4336 D TVBaseServerSideRules: SERVER -> SHOW_VIDEOS: true
09-13 14:30:57.857 4336 4336 D TVBaseServerSideRules: SERVER -> SHOW_VIDEO_ADS: true
09-13 14:30:57.857 4336 4336 D TVBaseServerSideRules: SERVER -> USE_OOYALA: true
09-13 14:30:57.857 4336 4336 D TVBaseServerSideRules: SERVER -> PLAY_LIST_ID: a60e2145e2aa447d82a8b34597e02220
09-13 14:30:57.857 4336 4336 D TVBaseServerSideRules: SERVER -> PCode: 9ocWkyOis6XHszQOCRXkzmxI5sLz
09-13 14:30:57.857 4336 4336 D TVBaseServerSideRules: SERVER -> VIDEO_PLAYER: com.accuweather.ooyala.OoyalaVideoPlayList
09-13 14:30:57.858 4336 4336 D TVBaseServerSideRules: SERVER -> VIDEO_AD_URL: https://pubads.g.doubleclick.net/gampad/ads?sz=400x300&iu=/6581/ctv/firetv/preroll&impl=s&gdfp_req=1&env=vp&output=vast&unviewed_position_start=1&url=[referrer_url]&description_url=[description_url]&correlator=[timestamp]
09-13 14:30:57.858 4336 4336 D TVBaseServerSideRules: SERVER -> VIDEOS_PLAY_LIST_US:
09-13 14:30:57.858 4336 4336 D TVBaseServerSideRules: SERVER -> VIDEOS_PLAY_LIST_EUROPE:
09-13 14:30:57.858 4336 4336 D TVBaseServerSideRules: SERVER -> VIDEOS_PLAY_LIST_WORLD:
09-13 14:30:57.858 4336 4336 D TVBaseServerSideRules: ------------------------------
09-13 14:30:57.858 352 352 E hw-IPCThreadState: binder thread pool (1 threads) starved for 110 ms
09-13 14:30:57.863 2913 3012 W ProxyAndroidLoggerBackend: Too many Flogger logs received before configuration. Dropping old logs.
09-13 14:30:57.866 2913 3012 I chatty : uid=10034(u0_a34) identical 1 line
09-13 14:30:57.866 2913 3012 W ProxyAndroidLoggerBackend: Too many Flogger logs received before configuration. Dropping old logs.
09-13 14:30:57.896 2913 3012 I Finsky : [101] com.google.android.finsky.ds.a.l.a(5): Started reading experiment flags from file [v6B-2IolLQRBwrwPhscSaeg04As].
09-13 14:30:57.899 4336 4521 D Retrofit: <--- HTTP 200 https://api.accuweather.com/locations/v1/170368.json?apikey=srRLeAmTroxPinDG8Aus3Ikl6tLGJd94&language=de&details=true (407ms)
09-13 14:30:57.899 4336 4521 D Retrofit: : HTTP/1.1 200 OK
09-13 14:30:57.899 4336 4521 D Retrofit: Access-Control-Allow-Headers: Accept,Origin,Content-Type
09-13 14:30:57.899 4336 4521 D Retrofit: Access-Control-Allow-Methods: GET
09-13 14:30:57.899 4336 4521 D Retrofit: Access-Control-Allow-Origin: *
09-13 14:30:57.899 4336 4521 D Retrofit: Access-Control-Max-Age: 1209600
09-13 14:30:57.899 4336 4521 D Retrofit: Cache-Control: public, max-age=48003
09-13 14:30:57.899 4336 4521 D Retrofit: Connection: keep-alive
09-13 14:30:57.899 4336 4521 D Retrofit: Content-Type: application/json; charset=utf-8
09-13 14:30:57.899 4336 4521 D Retrofit: Date: Thu, 13 Sep 2018 12:30:57 GMT
09-13 14:30:57.899 4336 4521 D Retrofit: Expires: Fri, 14 Sep 2018 01:51:00 GMT
09-13 14:30:57.899 4336 4521 D Retrofit: RateLimit-Limit: 50
09-13 14:30:57.899 4336 4521 D Retrofit: RateLimit-Remaining: 38
09-13 14:30:57.899 4336 4521 D Retrofit: Server: Microsoft-IIS/10.0
09-13 14:30:57.899 4336 4521 D Retrofit: Vary: Accept-Encoding
09-13 14:30:57.899 4336 4521 D Retrofit: X-Android-Received-Millis: 1536841857898
09-13 14:30:57.899 4336 4521 D Retrofit: X-Android-Response-Source: NETWORK 200
09-13 14:30:57.899 4336 4521 D Retrofit: X-Android-Selected-Protocol: http/1.1
09-13 14:30:57.899 4336 4521 D Retrofit: X-Android-Sent-Millis: 1536841857851
09-13 14:30:57.899 4336 4521 D Retrofit: X-Gmt-Offset: 2
09-13 14:30:57.899 4336 4521 D Retrofit: X-Location-Key: 170368
09-13 14:30:57.899 4336 4521 D Retrofit: X-Location-Stem: de/bochum/44787
09-13 14:30:57.899 4336 4521 D Retrofit: X-Station-Code: EDBO
09-13 14:30:57.899 4336 4521 D Retrofit: <--- END HTTP (-1-byte body)
09-13 14:30:57.928 2913 4465 I Finsky : [121] com.google.android.finsky.scheduler.ax.b(8): jobFinished: 16-16161616. TimeElapsed: 825ms
09-13 14:30:57.955 684 940 I ActivityManager: Killing 3538:com.google.android.onetimeinitializer/u0a13 (adj 906): empty #17
09-13 14:30:57.966 684 1723 W ActivityManager: Background start not allowed: service Intent { cmp=com.archos.mediacenter.videofree/com.archos.mediaprovider.video.VideoStoreImportService } to com.archos.mediacenter.videofree/com.archos.mediaprovider.video.VideoStoreImportService from pid=4544 uid=10029 pkg=com.archos.mediacenter.videofree
09-13 14:30:57.970 4244 4385 D CrashlyticsCore: Closing open sessions.
09-13 14:30:57.970 4244 4385 D CrashlyticsCore: Closing session: 5B9A58740185-0001-08C5-46CEC6744E4D
09-13 14:30:57.970 4244 4385 D CrashlyticsCore: Collecting session parts for ID 5B9A58740185-0001-08C5-46CEC6744E4D
09-13 14:30:57.970 4244 4385 D CrashlyticsCore: Session 5B9A58740185-0001-08C5-46CEC6744E4D has fatal exception: false
09-13 14:30:57.970 4244 4385 D CrashlyticsCore: Session 5B9A58740185-0001-08C5-46CEC6744E4D has non-fatal exceptions: false
09-13 14:30:57.971 4244 4385 D CrashlyticsCore: No events present for session ID 5B9A58740185-0001-08C5-46CEC6744E4D
09-13 14:30:57.971 4244 4385 D CrashlyticsCore: Removing session part files for ID 5B9A58740185-0001-08C5-46CEC6744E4D
09-13 14:30:57.971 3728 3739 I zygote64: WaitForGcToComplete blocked for 7.449ms for cause HeapTrim
09-13 14:30:57.972 4230 4230 D SharedPreferencesImpl: Time required to fsync /data/user/0/com.nvidia.tegrazone3/shared_prefs/com.nvidia.grid.PersonalGridService.gcm.GcmService.xml: [<1: 0, <2: 0, <4: 0, <8: 0, <16: 0, <32: 0, <64: 0, <128: 0, <256: 0, <512: 0, <1024: 1, <2048: 0, <4096: 0, <8192: 0, <16384: 0, >=16384: 0]
09-13 14:30:57.972 4230 4230 D QueuedWork: waited: [<1: 0, <2: 0, <4: 0, <8: 0, <16: 0, <32: 0, <64: 0, <128: 0, <256: 0, <512: 0, <1024: 1, <2048: 0, <4096: 0, <8192: 0, <16384: 0, >=16384: 0]
09-13 14:30:57.974 4244 4385 D CrashlyticsCore: Closing session: 5B9A500A0374-0001-109F-46CEC6744E4D
09-13 14:30:57.974 4244 4385 D CrashlyticsCore: Collecting session parts for ID 5B9A500A0374-0001-109F-46CEC6744E4D
09-13 14:30:57.979 4230 4230 D JobDownloadManager: job LATENCY_TEST_PERIODIC run
09-13 14:30:57.979 4230 4230 D JobDownloadManager: start job LATENCY_TEST_PERIODIC
09-13 14:30:57.979 4230 4230 D JobDownloadManager: job DOWNLOAD_JOB_ID_SHIELD_APPS_IMMEDIATE run
09-13 14:30:57.979 4230 4230 D JobDownloadManager: start job DOWNLOAD_JOB_ID_SHIELD_APPS_IMMEDIATE
09-13 14:30:57.980 4244 4385 D CrashlyticsCore: Session 5B9A500A0374-0001-109F-46CEC6744E4D has fatal exception: false
09-13 14:30:57.981 4230 4578 D LatencyTestJob: User is not logged in. Latency test doesn't run for guest users 1120
09-13 14:30:57.981 4244 4385 D CrashlyticsCore: Session 5B9A500A0374-0001-109F-46CEC6744E4D has non-fatal exceptions: false
09-13 14:30:57.981 4244 4385 D CrashlyticsCore: No events present for session ID 5B9A500A0374-0001-109F-46CEC6744E4D
09-13 14:30:57.981 4244 4385 D CrashlyticsCore: Removing session part files for ID 5B9A500A0374-0001-109F-46CEC6744E4D
09-13 14:30:57.983 4230 4578 D JobDownloadManager: Job finished: LATENCY_TEST_PERIODIC, reschedule: false
