09-13 14:31:53.829 5181 6789 V Kodi : Debug Print: AddOnLog: Zattoo PVR Client: LoadEITCategories: Add name [Public affairs] for category 20
09-13 14:31:53.829 5181 6789 V Kodi : Debug Print: AddOnLog: Zattoo PVR Client: LoadEITCategories: Add name [Educational] for category 90
09-13 14:31:53.829 684 775 D NsdService: Register 1 6
09-13 14:31:53.829 5181 6799 V Kodi : Debug Print: Thread TCPServer start, auto delete: false
09-13 14:31:53.829 5181 6789 V Kodi : Debug Print: AddOnLog: Zattoo PVR Client: LoadEITCategories: Add name [Shopping/Homeshopping/Home Shopping] for category A6
09-13 14:31:53.829 5181 6789 V Kodi : Debug Print: AddOnLog: Zattoo PVR Client: LoadEITCategories: Add name [Consumer] for category A6
09-13 14:31:53.830 5181 6789 V Kodi : Debug Print: AddOnLog: Zattoo PVR Client: LoadEITCategories: Add name [Soap] for category 15
09-13 14:31:53.830 5181 6789 V Kodi : Debug Print: AddOnLog: Zattoo PVR Client: LoadEITCategories: Add name [Newsmagazine] for category 22
09-13 14:31:53.830 5181 6789 V Kodi : Debug Print: AddOnLog: Zattoo PVR Client: LoadEITCategories: Add name [Exercise/Gymnastik] for category A4
09-13 14:31:53.830 5181 6789 V Kodi : Debug Print: AddOnLog: Zattoo PVR Client: LoadEITCategories: Add name [Music/Music Clips/Musikclips/Music Show/Musikshow] for category 60
09-13 14:31:53.830 5181 6789 V Kodi : Debug Print: AddOnLog: Zattoo PVR Client: LoadEITCategories: Add name [Game show] for category 31
09-13 14:31:53.830 684 775 D NsdService: Register service
09-13 14:31:53.831 684 775 D NsdService: registerService: 7 name: Kodi (192.168.1.128), type: _xbmc-jsonrpc._tcp, host: /127.0.0.1, port: 9090, txtRecord: txtvers=1)uuid=ae4a5d10-0ce5-47a4-8b8b-635f00500af0
09-13 14:31:53.831 5181 6789 V Kodi : Debug Print: AddOnLog: Zattoo PVR Client: LoadEITCategories: Add name [Sitcom] for category 14
09-13 14:31:53.831 5181 6789 V Kodi : Debug Print: AddOnLog: Zattoo PVR Client: LoadEITCategories: Add name [Talk] for category 33
09-13 14:31:53.831 5181 6789 V Kodi : Debug Print: AddOnLog: Zattoo PVR Client: LoadEITCategories: Add name [Crime drama] for category 11
09-13 14:31:53.831 5181 6789 V Kodi : Debug Print: AddOnLog: Zattoo PVR Client: LoadEITCategories: Add name [Sports non-event] for category 40
09-13 14:31:53.832 684 775 D NsdService: Register 2 7
09-13 14:31:53.832 5181 6789 V Kodi : Debug Print: AddOnLog: Zattoo PVR Client: LoadEITCategories: Add name [Reality/Courtroom Reality Show/Gerichtsshow/Hospital/Krankenhaus] for category 00
09-13 14:31:53.832 5181 6789 V Kodi : Debug Print: AddOnLog: Zattoo PVR Client: LoadEITCategories: Add name [War] for category 12
09-13 14:31:53.832 5181 6789 V Kodi : Debug Print: AddOnLog: Zattoo PVR Client: LoadEITCategories: Add name [Boxing] for category 40
09-13 14:31:53.833 5181 6789 V Kodi : Debug Print: AddOnLog: Zattoo PVR Client: LoadEITCategories: Add name [Dance] for category 60
09-13 14:31:53.833 5181 6789 V Kodi : Debug Print: AddOnLog: Zattoo PVR Client: LoadEITCategories: Add name [Standup] for category 00
09-13 14:31:53.834 5181 6789 V Kodi : Debug Print: AddOnLog: Zattoo PVR Client: Using useragent: Kodi/18.0 pvr.zattoo/18.0.53 (Kodi PVR addon)
09-13 14:31:53.834 5181 6803 V Kodi : Debug Print: AddOnLog: Zattoo PVR Client: Update thread started.
09-13 14:31:53.839 5181 6789 V Kodi : Debug Print: Previous line repeats 4 times.
09-13 14:31:53.839 5181 6789 V Kodi : Debug Print: AddOnLog: Zattoo PVR Client: Loaded pzuid: 0f83e..
09-13 14:31:53.839 5181 6789 V Kodi : Debug Print: AddOnLog: Zattoo PVR Client: Loaded uuid: 4c3ba03f-5c2b-4bee-b369-47964ffa6211
09-13 14:31:53.840 5181 6789 V Kodi : Debug Print: AddOnLog: Zattoo PVR Client: Loaded data.json.
09-13 14:31:53.840 5181 6789 V Kodi : Debug Print: AddOnLog: Zattoo PVR Client: Zat created
09-13 14:31:53.840 5181 6789 V Kodi : Debug Print: AddOnLog: Zattoo PVR Client: Http-Request: GET https://zattoo.com.
09-13 14:31:53.843 5181 6789 V Kodi : Debug Print: CurlFile::Open(0x21f19fdc00) https://zattoo.com/
09-13 14:31:53.843 5181 6789 V Kodi : Debug Print: easy_acquire - Created session to https://zattoo.com
09-13 14:31:53.874 5181 6794 V Kodi : Debug Print: CPythonInvoker(0, /data/user/0/org.xbmc.kodinerds/cache/apk/assets/addons/service.xbmc.versioncheck/service.py): start processing
09-13 14:31:53.874 5181 6795 V Kodi : Debug Print: CPythonInvoker(1, /storage/emulated/0/Android/data/org.xbmc.kodinerds/files/.kodi/addons/plugin.video.netflix/service.py): start processing
09-13 14:31:53.897 5181 6794 V Kodi : Debug Print: -->Python Interpreter Initialized<--
09-13 14:31:53.897 5181 6794 V Kodi : Debug Print: CPythonInvoker(0, /data/user/0/org.xbmc.kodinerds/cache/apk/assets/addons/service.xbmc.versioncheck/service.py): the source file to load is "/data/user/0/org.xbmc.kodinerds/cache/apk/assets/addons/service.xbmc.versioncheck/service.py"
09-13 14:31:53.898 5181 6794 V Kodi : Debug Print: CPythonInvoker(0, /data/user/0/org.xbmc.kodinerds/cache/apk/assets/addons/service.xbmc.versioncheck/service.py): setting the Python path to /data/user/0/org.xbmc.kodinerds/cache/apk/assets/addons/service.xbmc.versioncheck:/:/data/app/org.xbmc.kodinerds-MLE3dcA59sJB4FsoUH5MOg==/base.apk/assets/python2.7/lib/python27.zip:/data/app/org.xbmc.kodinerds-MLE3dcA59sJB4FsoUH5MOg==/base.apk/assets/python2.7/lib/python2.7:/data/app/org.xbmc.kodinerds-MLE3dcA59sJB4FsoUH5MOg==/base.apk/assets/python2.7/lib/python2.7/site-packages:/data/app/org.xbmc.kodinerds-MLE3dcA59sJB4FsoUH5MOg==/base.apk/assets/python2.7/lib/python2.7/plat-linux2:/data/app/org.xbmc.kodinerds-MLE3dcA59sJB4FsoUH5MOg==/base.apk/assets/python2.7/lib/python2.7/lib-tk:/data/app/org.xbmc.kodinerds-MLE3dcA59sJB4FsoUH5MOg==/base.apk/assets/python2.7/lib/python2.7/lib-old:/data/app/org.xbmc.kodinerds-MLE3dcA59sJB4FsoUH5MOg==/base.apk/assets/python2.7/lib/python2.7/lib-dynload
09-13 14:31:53.898 5181 6794 V Kodi : Debug Print: CPythonInvoker(0, /data/user/0/org.xbmc.kodinerds/cache/apk/assets/addons/service.xbmc.versioncheck/service.py): entering source directory /data/user/0/org.xbmc.kodinerds/cache/apk/assets/addons/service.xbmc.versioncheck
09-13 14:31:53.898 5181 6794 V Kodi : Debug Print: CPythonInvoker(0, /data/user/0/org.xbmc.kodinerds/cache/apk/assets/addons/service.xbmc.versioncheck/service.py): instantiating addon using automatically obtained id of "service.xbmc.versioncheck" dependent on version 2.1.0 of the xbmc.python api
09-13 14:31:53.944 5181 6789 V Kodi : Debug Print: Curl::Debug - TEXT: Trying 104.223.17.41...
09-13 14:31:53.945 5181 6789 V Kodi : Debug Print: Curl::Debug - TEXT: TCP_NODELAY set
09-13 14:31:53.956 5181 6795 V Kodi : Debug Print: -->Python Interpreter Initialized<--
09-13 14:31:53.956 5181 6795 V Kodi : Debug Print: CPythonInvoker(1, /storage/emulated/0/Android/data/org.xbmc.kodinerds/files/.kodi/addons/plugin.video.netflix/service.py): the source file to load is "/storage/emulated/0/Android/data/org.xbmc.kodinerds/files/.kodi/addons/plugin.video.netflix/service.py"
09-13 14:31:53.960 5181 6794 V Kodi : Debug Print: CAddonSettings[service.xbmc.versioncheck]: loading setting definitions
09-13 14:31:53.960 5181 6794 V Kodi : Debug Print: CAddonSettings[service.xbmc.versioncheck]: trying to load setting definitions from old format...
09-13 14:31:53.961 5181 6794 V Kodi : Debug Print: Version Check: Version 0.3.26 started
09-13 14:31:53.961 5181 6795 V Kodi : Debug Print: CPythonInvoker(1, /storage/emulated/0/Android/data/org.xbmc.kodinerds/files/.kodi/addons/plugin.video.netflix/service.py): setting the Python path to /storage/emulated/0/Android/data/org.xbmc.kodinerds/files/.kodi/addons/plugin.video.netflix:/data/user/0/org.xbmc.kodinerds/cache/apk/assets/addons/script.module.pycryptodome/lib:/storage/emulated/0/Android/data/org.xbmc.kodinerds/files/.kodi/addons/script.module.addon.signals/lib:/storage/emulated/0/Android/data/org.xbmc.kodinerds/files/.kodi/addons/script.module.certifi/lib:/storage/emulated/0/Android/data/org.xbmc.kodinerds/files/.kodi/addons/script.module.chardet/lib:/storage/emulated/0/Android/data/org.xbmc.kodinerds/files/.kodi/addons/script.module.idna/lib:/storage/emulated/0/Android/data/org.xbmc.kodinerds/files/.kodi/addons/script.module.inputstreamhelper/lib:/storage/emulated/0/Android/data/org.xbmc.kodinerds/files/.kodi/addons/script.module.requests/lib:/storage/emulated/0/Android/data/org.xbmc.kodinerds/files/.kodi/addons/script.module.
09-13 14:31:53.961 5181 6795 V Kodi : Debug Print: CPythonInvoker(1, /storage/emulated/0/Android/data/org.xbmc.kodinerds/files/.kodi/addons/plugin.video.netflix/service.py): entering source directory /storage/emulated/0/Android/data/org.xbmc.kodinerds/files/.kodi/addons/plugin.video.netflix
09-13 14:31:53.962 5181 6795 V Kodi : Debug Print: CPythonInvoker(1, /storage/emulated/0/Android/data/org.xbmc.kodinerds/files/.kodi/addons/plugin.video.netflix/service.py): instantiating addon using automatically obtained id of "plugin.video.netflix" dependent on version 2.25.0 of the xbmc.python api
09-13 14:31:53.976 5181 6716 V Kodi : Debug Print: ------ Window Init () ------
09-13 14:31:53.976 5181 6716 V Kodi : Debug Print: Alloc resources: 0.01ms (0.01 ms skin load)
09-13 14:31:53.982 5181 6716 V Kodi : Debug Print: GLES: Extension Support Test - GL_EXT_texture_format_BGRA8888 YES
09-13 14:31:54.017 5181 6801 V Kodi : Debug Print: Previous line repeats 21 times.
09-13 14:31:54.017 5181 6801 V Kodi : Debug Print: AddOnLog: Zattoo PVR Client: Deleting expired cache file [special://profile/addon_data/pvr.zattoo/cache/8c0ac2a44003d324f7462e344ba05165].
09-13 14:31:54.046 352 352 E hw-IPCThreadState: binder thread pool (1 threads) starved for 111 ms
09-13 14:31:54.125 4230 4613 D Retrofit: --> GET https://gfnpc.api.entitlement-prod.nvidiagrid.net/v2/products?languageCode=de_DE&countryCode=DE&vpcId=NP-FRK-01&serviceName=gfn_pc http/1.1
09-13 14:31:54.204 4230 4613 D Retrofit: <-- 200 https://gfnpc.api.entitlement-prod.nvidiagrid.net/v2/products?languageCode=de_DE&countryCode=DE&vpcId=NP-FRK-01&serviceName=gfn_pc (78ms, 5843-byte body)
09-13 14:31:54.257 5181 6789 V Kodi : Debug Print: Curl::Debug - TEXT: Connected to zattoo.com (104.223.17.41) port 443 (#0)
09-13 14:31:54.261 5181 6789 V Kodi : Debug Print: Curl::Debug - TEXT: ALPN, offering http/1.1
09-13 14:31:54.288 5181 6789 V Kodi : Debug Print: Curl::Debug - SSL_DATA_OUT: 
09-13 14:31:54.289 5181 6789 V Kodi : Debug Print: Curl::Debug - TEXT: TLSv1.2 (OUT), TLS handshake, Client hello (1):
09-13 14:31:54.290 5181 6789 V Kodi : Debug Print: Curl::Debug - SSL_DATA_OUT: 
09-13 14:31:54.291 5181 6789 V Kodi : Debug Print: Curl::Debug - SSL_DATA_OUT: 
09-13 14:31:54.292 5181 6789 V Kodi : Debug Print: Curl::Debug - SSL_DATA_OUT:
09-13 14:31:54.293 5181 6789 V Kodi : Debug Print: Curl::Debug - SSL_DATA_OUT: zattoo.com
09-13 14:31:54.294 5181 6789 V Kodi : Debug Print: Curl::Debug - SSL_DATA_OUT:
09-13 14:31:54.301 413 3433 I WVCdm : CdmEngine::QueryStatus
09-13 14:31:54.342 4230 4613 D BifrostClient: request statusCode : SUCCESS_STATUS
09-13 14:31:54.343 4230 4578 D ContentHelper: State transition on class: com.nvidia.pgcontentprovider.a.n
09-13 14:31:54.343 4230 4578 D ContentHelper: From state: STATE_READY, with action: Download_Success
09-13 14:31:54.343 4230 4578 D ContentHelper: To state: STATE_READY, with action: Downloading
09-13 14:31:54.343 4230 4578 D ContentHelper: State transition on class: com.nvidia.pgcontentprovider.a.aa
09-13 14:31:54.343 4230 4578 D ContentHelper: From state: STATE_READY, with action: Download_Success
09-13 14:31:54.343 4230 4578 D ContentHelper: To state: STATE_READY, with action: Downloading
09-13 14:31:54.343 4230 4578 D ContentHelper: State transition on class: com.nvidia.pgcontentprovider.a.m
09-13 14:31:54.343 4230 4578 D ContentHelper: From state: STATE_READY, with action: Download_Success
09-13 14:31:54.343 4230 4578 D ContentHelper: To state: STATE_READY, with action: Downloading
09-13 14:31:54.343 4230 4578 D ContentHelper: State transition on class: com.nvidia.pgcontentprovider.a.z
09-13 14:31:54.343 4230 4578 D ContentHelper: From state: STATE_READY, with action: Download_Success
09-13 14:31:54.343 4230 4578 D ContentHelper: To state: STATE_READY, with action: Downloading
09-13 14:31:54.343 4230 4578 D ContentHelper: State transition on class: com.nvidia.pgcontentprovider.a.j
09-13 14:31:54.343 4230 4578 D ContentHelper: From state: STATE_READY, with action: Download_Success
09-13 14:31:54.343 4230 4578 D ContentHelper: To state: STATE_READY, with action: Downloading
09-13 14:31:54.343 4230 4578 D ContentHelper: State transition on class: com.nvidia.pgcontentprovider.a.i
09-13 14:31:54.343 4230 4578 D ContentHelper: From state: STATE_READY, with action: Download_Success
09-13 14:31:54.343 4230 4578 D ContentHelper: To state: STATE_READY, with action: Downloading
09-13 14:31:54.343 4230 4578 D ContentHelper: State transition on class: com.nvidia.pgcontentprovider.a.u
09-13 14:31:54.343 4230 4578 D ContentHelper: From state: STATE_READY, with action: Download_Success
09-13 14:31:54.343 4230 4578 D ContentHelper: To state: STATE_READY, with action: Downloading
09-13 14:31:54.348 4176 6811 D TelemetryService: event FunctionalEvent not sent because of consent:NONE , event gdpr level:FUNCTIONAL , event client id:91452636138522988
09-13 14:31:54.480 684 775 D NsdService: Native daemon message SERVICE_REGISTERED: 606 7 "Kodi (192.168.1.128)"
09-13 14:31:54.480 684 775 D NsdService: Native daemon message SERVICE_REGISTERED: 606 6 "Kodi (192.168.1.128)"
09-13 14:31:54.481 5181 6796 V Kodi : Debug Print: Previous line repeats 2 times.
09-13 14:31:54.481 5181 6796 V Kodi : Debug Print: ZeroconfAndroid: Kodi (192.168.1.128). now registered and active
09-13 14:31:54.631 5181 6789 V Kodi : Debug Print: Previous line repeats 1 times.
09-13 14:31:54.632 5181 6789 V Kodi : Debug Print: Curl::Debug - SSL_DATA_IN: 
09-13 14:31:54.632 5181 6789 V Kodi : Debug Print: Curl::Debug - TEXT: TLSv1.2 (IN), TLS handshake, Server hello (2):
09-13 14:31:54.633 5181 6789 V Kodi : Debug Print: Curl::Debug - SSL_DATA_IN: 
09-13 14:31:54.633 5181 6789 V Kodi : Debug Print: Curl::Debug - TEXT: NPN, negotiated HTTP1.1
09-13 14:31:54.633 5181 6789 V Kodi : Debug Print: Curl::Debug - SSL_DATA_IN: 
09-13 14:31:54.634 5181 6789 V Kodi : Debug Print: Curl::Debug - TEXT: TLSv1.2 (IN), TLS handshake, Certificate (11):
09-13 14:31:54.635 5181 6789 V Kodi : Debug Print: Curl::Debug - SSL_DATA_IN:
09-13 14:31:54.636 5181 6789 V Kodi : Debug Print: Curl::Debug - SSL_DATA_IN:  *H
09-13 14:31:54.637 5181 6789 V Kodi : Debug Print: Curl::Debug - SSL_DATA_IN:  
09-13 14:31:54.638 5181 6789 V Kodi : Debug Print: Curl::Debug - SSL_DATA_IN:  DigiCert Inc10U www.digicert.com1 0UGeoTrust EV RSA CA 20180
09-13 14:31:54.639 5181 6789 V Kodi : Debug Print: Curl::Debug - SSL_DATA_IN: 180802000000Z
09-13 14:31:54.640 5181 6789 V Kodi : Debug Print: Curl::Debug - SSL_DATA_IN: 200831120000Z010U Private Organization10 +7<CH10 +7< Zürich10U
09-13 14:31:54.640 5181 6789 V Kodi : Debug Print: Curl::Debug - SSL_DATA_IN: CHE 1098527251 0 UCH10UZuerich10UZuerich10U
09-13 14:31:54.641 5181 6789 V Kodi : Debug Print: Curl::Debug - SSL_DATA_IN: Zattoo Europa AG10Uwww.zattoo.com0"0
09-13 14:31:54.644 5181 6789 V Kodi : Debug Print: Curl::Debug - SSL_DATA_IN:  *H
09-13 14:31:54.644 5181 6789 V Kodi : Debug Print: Curl::Debug - SSL_DATA_IN: 
09-13 14:31:54.646 5181 6789 V Kodi : Debug Print: Curl::Debug - SSL_DATA_IN: 
09-13 14:31:54.647 5181 6789 V Kodi : Debug Print: Curl::Debug - SSL_DATA_IN: eĸ>WE?VmSmGbЅĴڙ<1go5z
09-13 14:31:54.647 5181 6789 V Kodi : Debug Print: Curl::Debug - SSL_DATA_IN: |}2Q-u" *t%,v"v^֍a@~hkpʢmʜ,na {z= <$)Ka-/`
09-13 14:31:54.649 5181 6789 V Kodi : Debug Print: Curl::Debug - SSL_DATA_IN: E'ELJOxVgkh
09-13 14:31:54.649 5181 6789 V Kodi : Debug Print: Curl::Debug - SSL_DATA_IN: jtmK
09-13 14:31:54.651 5181 6789 V Kodi : Debug Print: Curl::Debug - SSL_DATA_IN: zattoo.com0U0U%0++0@U9070531/http://cdp.geotrust.com/GeoTrustEVRSACA2018.crl0KU D0B07 `Hl0*0(+https://www.digicert.com/CPS0g 0w+k0i0&+0http://status.geotrust.com0?+03http://cacerts.geotrust.com/GeoTrustEVRSACA2018.crt0 U0
09-13 14:31:54.651 5181 6789 V Kodi : Debug Print: Curl::Debug - SSL_DATA_IN: +ymig
09-13 14:31:54.652 5181 6789 V Kodi : Debug Print: Curl::Debug - SSL_DATA_IN: <5߸w
09-13 14:31:54.653 5181 6789 V Kodi : Debug Print: Curl::Debug - SSL_DATA_IN: 
09-13 14:31:54.657 5181 6789 V Kodi : Debug Print: Curl::Debug - SSL_DATA_IN: Ɇl~I\ZVި#
09-13 14:31:54.658 5181 6789 V Kodi : Debug Print: Curl::Debug - SSL_DATA_IN: Rd6х
09-13 14:31:54.659 5181 6789 V Kodi : Debug Print: Curl::Debug - SSL_DATA_IN: '<]*ag%!
09-13 14:31:54.659 5181 6789 V Kodi : Debug Print: Curl::Debug - SSL_DATA_IN: X`HJ*p0
09-13 14:31:54.660 5181 6789 V Kodi : Debug Print: Curl::Debug - SSL_DATA_IN:  *H
09-13 14:31:54.661 5181 6789 V Kodi : Debug Print: Curl::Debug - SSL_DATA_IN:  
09-13 14:31:54.661 5181 6789 V Kodi : Debug Print: Curl::Debug - SSL_DATA_IN: ^>kG._SۚrÏ
09-13 14:31:54.662 5181 6789 V Kodi : Debug Print: Curl::Debug - SSL_DATA_IN: 8gL39N5tKy<4gtNq'`D@yKhlM\ij H1 H &0FS"3R7q++j.1
09-13 14:31:54.662 5181 6789 V Kodi : Debug Print: Curl::Debug - SSL_DATA_IN:  *H
09-13 14:31:54.662 5181 6789 V Kodi : Debug Print: Curl::Debug - SSL_DATA_IN:  
09-13 14:31:54.663 5181 6789 V Kodi : Debug Print: Curl::Debug - SSL_DATA_IN:  DigiCert Inc10U www.digicert.com1+0)U"DigiCert High Assurance EV Root CA0
09-13 14:31:54.663 5181 6789 V Kodi : Debug Print: Curl::Debug - SSL_DATA_IN: 171106122246Z
09-13 14:31:54.663 5181 6789 V Kodi : Debug Print: Curl::Debug - SSL_DATA_IN: 271106122246Z0a1 0 UUS10U
09-13 14:31:54.664 5181 6789 V Kodi : Debug Print: Curl::Debug - SSL_DATA_IN:  DigiCert Inc10U www.digicert.com1 0UGeoTrust EV RSA CA 20180"0
09-13 14:31:54.664 5181 6789 V Kodi : Debug Print: Curl::Debug - SSL_DATA_IN:  *H
09-13 14:31:54.664 5181 6789 V Kodi : Debug Print: Curl::Debug - SSL_DATA_IN: 
09-13 14:31:54.666 5181 6789 V Kodi : Debug Print: Curl::Debug - SSL_DATA_IN: 
09-13 14:31:54.666 5181 6789 V Kodi : Debug Print: Curl::Debug - SSL_DATA_IN: a*Ng݃.O+
09-13 14:31:54.667 5181 6789 V Kodi : Debug Print: Curl::Debug - SSL_DATA_IN: SE)VQP8i^FQ
09-13 14:31:54.667 5181 6789 V Kodi : Debug Print: Curl::Debug - SSL_DATA_IN:  *H
09-13 14:31:54.669 5181 6789 V Kodi : Debug Print: Curl::Debug - SSL_DATA_IN:  
09-13 14:31:54.670 5181 6789 V Kodi : Debug Print: Curl::Debug - SSL_DATA_IN: kBm3dӑ;Kx Zfc>8qߗ"^ j9Yx}+6=C 6
09-13 14:31:54.694 5181 6789 V Kodi : Debug Print: Curl::Debug - SSL_DATA_IN: M
09-13 14:31:54.695 5181 6789 V Kodi : Debug Print: Curl::Debug - TEXT: TLSv1.2 (IN), TLS handshake, Server key exchange (12):
09-13 14:31:54.697 5181 6789 V Kodi : Debug Print: Curl::Debug - SSL_DATA_IN:
09-13 14:31:54.698 5181 6789 V Kodi : Debug Print: Curl::Debug - SSL_DATA_IN: rwAWnmH'PDƢb/g.‚r
09-13 14:31:54.699 5181 6789 V Kodi : Debug Print: Curl::Debug - SSL_DATA_IN: SGO`-WRjqAmriάY{#%PUc,vLlVjd4D q\G;H>j%1Z[i%1dt[vq-/&m>-`5T1ns1`ҋvG:4陂d?eLtog+ߙ("zCSLQUZxd/u\MF2Zߖ[ͱ{%AFӌMn
09-13 14:31:54.700 5181 6789 V Kodi : Debug Print: Curl::Debug - SSL_DATA_IN: j?g`!
09-13 14:31:54.703 5181 6789 V Kodi : Debug Print: Curl::Debug - SSL_DATA_IN: 
09-13 14:31:54.704 5181 6789 V Kodi : Debug Print: Curl::Debug - TEXT: TLSv1.2 (IN), TLS handshake, Server finished (14):
09-13 14:31:54.705 5181 6789 V Kodi : Debug Print: Curl::Debug - SSL_DATA_IN: 
09-13 14:31:54.710 5181 6789 V Kodi : Debug Print: Curl::Debug - SSL_DATA_OUT: 
09-13 14:31:54.711 5181 6789 V Kodi : Debug Print: Curl::Debug - TEXT: TLSv1.2 (OUT), TLS handshake, Client key exchange (16):
09-13 14:31:54.711 5181 6789 V Kodi : Debug Print: Curl::Debug - SSL_DATA_OUT: 
09-13 14:31:54.712 5181 6789 V Kodi : Debug Print: Curl::Debug - SSL_DATA_OUT: 
09-13 14:31:54.713 5181 6789 V Kodi : Debug Print: Curl::Debug - TEXT: TLSv1.2 (OUT), TLS change cipher, Client hello (1):
09-13 14:31:54.713 5181 6789 V Kodi : Debug Print: Curl::Debug - SSL_DATA_OUT: 
09-13 14:31:54.714 5181 6789 V Kodi : Debug Print: Curl::Debug - SSL_DATA_OUT: 
09-13 14:31:54.715 5181 6789 V Kodi : Debug Print: Curl::Debug - TEXT: TLSv1.2 (OUT), TLS handshake, Unknown (67):
09-13 14:31:54.715 5181 6789 V Kodi : Debug Print: Curl::Debug - SSL_DATA_OUT: C
09-13 14:31:54.716 5181 6789 V Kodi : Debug Print: Curl::Debug - SSL_DATA_OUT: 
09-13 14:31:54.716 5181 6789 V Kodi : Debug Print: Curl::Debug - TEXT: TLSv1.2 (OUT), TLS handshake, Finished (20):
09-13 14:31:54.716 5181 6789 V Kodi : Debug Print: Curl::Debug - SSL_DATA_OUT: 
09-13 14:31:55.030 5181 6789 V Kodi : Debug Print: Curl::Debug - SSL_DATA_IN: 
09-13 14:31:55.031 5181 6789 V Kodi : Debug Print: Curl::Debug - SSL_DATA_IN: 
09-13 14:31:55.031 5181 6789 V Kodi : Debug Print: Curl::Debug - TEXT: TLSv1.2 (IN), TLS handshake, Finished (20):
09-13 14:31:55.031 5181 6789 V Kodi : Debug Print: Curl::Debug - SSL_DATA_IN: 
09-13 14:31:55.032 5181 6789 V Kodi : Debug Print: Curl::Debug - TEXT: SSL connection using TLSv1.2 / ECDHE-RSA-AES128-GCM-SHA256
09-13 14:31:55.032 5181 6789 V Kodi : Debug Print: Curl::Debug - TEXT: ALPN, server did not agree to a protocol
09-13 14:31:55.032 5181 6789 V Kodi : Debug Print: Curl::Debug - TEXT: Server certificate:
09-13 14:31:55.032 5181 6789 V Kodi : Debug Print: Curl::Debug - TEXT: subject: businessCategory=Private Organization; jurisdictionC=CH; jurisdictionST=Zrich; serialNumber=CHE 109852725; C=CH; ST=Zuerich; L=Zuerich; O=Zattoo Europa AG; CN=www.zattoo.com
09-13 14:31:55.033 5181 6789 V Kodi : Debug Print: Curl::Debug - TEXT: start date: Aug 2 00:00:00 2018 GMT
09-13 14:31:55.033 5181 6789 V Kodi : Debug Print: Curl::Debug - TEXT: expire date: Aug 31 12:00:00 2020 GMT
09-13 14:31:55.033 5181 6789 V Kodi : Debug Print: Curl::Debug - TEXT: subjectAltName: host "zattoo.com" matched cert's "zattoo.com"
09-13 14:31:55.033 5181 6789 V Kodi : Debug Print: Curl::Debug - TEXT: issuer: C=US; O=DigiCert Inc; OU=www.digicert.com; CN=GeoTrust EV RSA CA 2018
09-13 14:31:55.034 5181 6789 V Kodi : Debug Print: Curl::Debug - TEXT: SSL certificate verify ok.
09-13 14:31:55.034 5181 6789 V Kodi : Debug Print: Curl::Debug - SSL_DATA_OUT: 
09-13 14:31:55.035 5181 6789 V Kodi : Debug Print: Curl::Debug - HEADER_OUT: GET / HTTP/1.1
09-13 14:31:55.035 5181 6789 V Kodi : Debug Print: Curl::Debug - HEADER_OUT: Host: zattoo.com
09-13 14:31:55.035 5181 6789 V Kodi : Debug Print: Curl::Debug - HEADER_OUT: Range: bytes=0-
09-13 14:31:55.035 5181 6789 V Kodi : Debug Print: Curl::Debug - HEADER_OUT: User-Agent: Kodi/18.0-BETA2 (Linux; Android 8.0; SHIELD Android TV Build/OPR6.170623.010) Android/8.0.0 Sys_CPU/aarch64 App_Bitness/64 Version/18.0-BETA2-Git:20180828-702c2eb-dirty
09-13 14:31:55.036 5181 6789 V Kodi : Debug Print: Curl::Debug - HEADER_OUT: Accept: */*
09-13 14:31:55.041 5181 6789 V Kodi : Debug Print: Curl::Debug - HEADER_OUT: Accept-Encoding: gzip,deflate
09-13 14:31:55.046 5181 6789 V Kodi : Debug Print: Curl::Debug - HEADER_OUT: Cookie: pzuid=0f83e1f7f36c8fdd9ab6244dd69e428c7c32ab43e7dfd8a4787c5f065e871577
09-13 14:31:55.046 5181 6789 V Kodi : Debug Print: Curl::Debug - HEADER_OUT: Accept-Charset: UTF-8,*;q=0.8
09-13 14:31:55.361 5181 6789 V Kodi : Debug Print: Curl::Debug - SSL_DATA_IN: 
09-13 14:31:55.361 5181 6789 V Kodi : Debug Print: Curl::Debug - HEADER_IN: HTTP/1.1 200 OK
09-13 14:31:55.362 5181 6789 V Kodi : Debug Print: Curl::Debug - HEADER_IN: Server: nginx/1.13.10
09-13 14:31:55.362 5181 6789 V Kodi : Debug Print: Curl::Debug - HEADER_IN: Date: Thu, 13 Sep 2018 12:31:55 GMT
09-13 14:31:55.362 5181 6789 V Kodi : Debug Print: Curl::Debug - HEADER_IN: Content-Type: text/html
09-13 14:31:55.362 5181 6789 V Kodi : Debug Print: Curl::Debug - HEADER_IN: Transfer-Encoding: chunked
09-13 14:31:55.363 5181 6789 V Kodi : Debug Print: Curl::Debug - HEADER_IN: Connection: keep-alive
09-13 14:31:55.363 5181 6789 V Kodi : Debug Print: Curl::Debug - HEADER_IN: Cache-Control: no-cache, no-store
09-13 14:31:55.363 5181 6789 V Kodi : Debug Print: Curl::Debug - HEADER_IN: Content-Encoding: gzip
09-13 14:31:55.363 5181 6789 V Kodi : Debug Print: Curl::Debug - TEXT: Connection #0 to host zattoo.com left intact
09-13 14:31:55.364 5181 6789 V Kodi : Debug Print: AddOnLog: Zattoo PVR Client: Loaded app token 9d54a76a102c1404c25f95e64b4cc1d5
09-13 14:31:55.365 5181 6789 V Kodi : Debug Print: AddOnLog: Zattoo PVR Client: Send hello.
09-13 14:31:55.365 5181 6789 V Kodi : Debug Print: AddOnLog: Zattoo PVR Client: Http-Request: POST https://zattoo.com/zapi/session/hello.
09-13 14:31:55.369 5181 6789 V Kodi : Debug Print: CurlFile::Open(0x21f19fdc00) https://zattoo.com/zapi/session/hello
09-13 14:31:55.370 5181 6789 V Kodi : Debug Print: Curl::Debug - TEXT: Found bundle for host zattoo.com: 0x21fb4a6230 [can pipeline]
09-13 14:31:55.370 5181 6789 V Kodi : Debug Print: Curl::Debug - TEXT: Re-using existing connection! (#0) with host zattoo.com
09-13 14:31:55.371 5181 6789 V Kodi : Debug Print: Curl::Debug - TEXT: Connected to zattoo.com (104.223.17.41) port 443 (#0)
09-13 14:31:55.371 5181 6789 V Kodi : Debug Print: Curl::Debug - SSL_DATA_OUT: r
09-13 14:31:55.371 5181 6789 V Kodi : Debug Print: Curl::Debug - HEADER_OUT: POST /zapi/session/hello HTTP/1.1
09-13 14:31:55.371 5181 6789 V Kodi : Debug Print: Curl::Debug - HEADER_OUT: Host: zattoo.com
09-13 14:31:55.371 5181 6789 V Kodi : Debug Print: Curl::Debug - HEADER_OUT: Content-Range: bytes 0-/111
09-13 14:31:55.372 5181 6789 V Kodi : Debug Print: Curl::Debug - HEADER_OUT: User-Agent: Kodi/18.0-BETA2 (Linux; Android 8.0; SHIELD Android TV Build/OPR6.170623.010) Android/8.0.0 Sys_CPU/aarch64 App_Bitness/64 Version/18.0-BETA2-Git:20180828-702c2eb-dirty
09-13 14:31:55.372 5181 6789 V Kodi : Debug Print: Curl::Debug - HEADER_OUT: Accept: */*
09-13 14:31:55.372 5181 6789 V Kodi : Debug Print: Curl::Debug - HEADER_OUT: Accept-Encoding: gzip,deflate
09-13 14:31:55.373 5181 6789 V Kodi : Debug Print: Curl::Debug - HEADER_OUT: Cookie: pzuid=0f83e1f7f36c8fdd9ab6244dd69e428c7c32ab43e7dfd8a4787c5f065e871577
09-13 14:31:55.373 5181 6789 V Kodi : Debug Print: Curl::Debug - HEADER_OUT: Accept-Charset: UTF-8,*;q=0.8
09-13 14:31:55.373 5181 6789 V Kodi : Debug Print: Curl::Debug - HEADER_OUT: Content-Length: 111
09-13 14:31:55.373 5181 6789 V Kodi : Debug Print: Curl::Debug - HEADER_OUT: Content-Type: application/x-www-form-urlencoded
09-13 14:31:55.374 5181 6789 V Kodi : Debug Print: Curl::Debug - TEXT: upload completely sent off: 111 out of 111 bytes
09-13 14:31:55.610 5181 6795 V Kodi : Debug Print: CAddonSettings[plugin.video.netflix]: loading setting definitions
09-13 14:31:55.612 5181 6795 V Kodi : Debug Print: CAddonSettings[plugin.video.netflix]: trying to load setting definitions from old format...
09-13 14:31:55.617 413 451 I WVCdm : CdmEngine::QueryStatus
09-13 14:31:55.627 5181 6795 V Kodi : Debug Print: CAddonSettings[plugin.video.netflix]: loading setting values
09-13 14:31:55.628 5181 6795 V Kodi : Debug Print: CSettingsManager: requested setting (logging) was not found.
09-13 14:31:55.633 5181 6795 V Kodi : Debug Print: CAddonSettings[plugin.video.netflix]: loading setting definitions
09-13 14:31:55.633 5181 6795 V Kodi : Debug Print: CAddonSettings[plugin.video.netflix]: trying to load setting definitions from old format...
09-13 14:31:55.640 5181 6795 V Kodi : Debug Print: CAddonSettings[plugin.video.netflix]: loading setting values
09-13 14:31:55.641 5181 6795 V Kodi : Debug Print: [Netflix] [MSL] Picked Port: 35786
09-13 14:31:55.645 5181 6795 V Kodi : Debug Print: CAddonSettings[plugin.video.netflix]: loading setting definitions
09-13 14:31:55.645 5181 6795 V Kodi : Debug Print: CAddonSettings[plugin.video.netflix]: trying to load setting definitions from old format...
09-13 14:31:55.648 5181 6795 V Kodi : Debug Print: CAddonSettings[plugin.video.netflix]: loading setting values
09-13 14:31:55.649 5181 6795 V Kodi : Debug Print: [Netflix] [NS] Picked Port: 53701
09-13 14:31:55.650 5181 6795 V Kodi : Debug Print: [Netflix] Constructing MSLTCPServer
09-13 14:31:55.656 285 285 W /system/bin/hwservicemanager: getTransportFromManifest: Cannot find entry android.hardware.drm@1.0::IDrmFactory in either framework or device manifest, using default transport.
09-13 14:31:55.658 413 3333 I DrmHal : makeDrmFactories: using default drm instance
09-13 14:31:55.660 413 451 I WVCdm : CdmEngine::OpenSession
09-13 14:31:55.660 413 451 D WVCdm : CryptoSession::Open: Lock: requested_security_level: Default
09-13 14:31:55.660 413 451 E oemcrypto_cenc: OEMCrypto_APIVersion: 11
09-13 14:31:55.662 413 451 I WVCdm : CdmEngine::QueryOemCryptoSessionId
09-13 14:31:55.664 5181 6795 V Kodi : Debug Print: [Netflix] Widevine CryptoSession successful constructed
09-13 14:31:55.665 413 3615 I WVCdm : CdmEngine::QueryStatus
09-13 14:31:55.665 5181 6795 V Kodi : Debug Print: [Netflix] Widevine CryptoSession systemId:6563
09-13 14:31:55.666 5181 6795 V Kodi : Debug Print: [Netflix] Widevine CryptoSession algorithms:AES/CBC/NoPadding,HmacSHA256
09-13 14:31:55.666 5181 6795 V Kodi : Debug Print: [Netflix] MSL Data exists. Use old Tokens.
09-13 14:31:55.668 5181 6795 V Kodi : Debug Print: [Netflix] Expiration time: Key:2018-09-27 11:13:12, Now:2018-09-13 14:31:55.668635, Diff:1197676.33136
09-13 14:31:55.669 5181 6795 V Kodi : Debug Print: [Netflix] Parsing Widevine keys from Dict
09-13 14:31:55.669 413 3433 I WVCdm : CdmEngine::RestoreKey
09-13 14:31:55.694 5181 6795 V Kodi : Debug Print: [Netflix] Constructing netflixTCPServer
09-13 14:31:55.695 5181 6795 V Kodi : Debug Print: CAddonSettings[plugin.video.netflix]: loading setting definitions
09-13 14:31:55.696 5181 6795 V Kodi : Debug Print: CAddonSettings[plugin.video.netflix]: trying to load setting definitions from old format...
09-13 14:31:55.699 5181 6795 V Kodi : Debug Print: CAddonSettings[plugin.video.netflix]: loading setting values
09-13 14:31:55.775 5181 6795 W linker : /data/app/org.xbmc.kodinerds-MLE3dcA59sJB4FsoUH5MOg==/lib/arm64/libCryptodome_Cipher__raw_ecb.so: is missing DT_SONAME will use basename as a replacement: "libCryptodome_Cipher__raw_ecb.so"
09-13 14:31:55.775 5181 6715 D Kodi : WARNING: linker: /data/app/org.xbmc.kodinerds-MLE3dcA59sJB4FsoUH5MOg==/lib/arm64/libCryptodome_Cipher__raw_ecb.so: is missing D
09-13 14:31:55.775 5181 6715 D Kodi : T_SONAME will use basename as a replacement: "libCryptodome_Cipher__raw_ecb.so"
09-13 14:31:55.790 5181 6789 V Kodi : Debug Print: Curl::Debug - SSL_DATA_IN: \
09-13 14:31:55.791 5181 6789 V Kodi : Debug Print: Curl::Debug - HEADER_IN: HTTP/1.1 200 OK
09-13 14:31:55.791 5181 6789 V Kodi : Debug Print: Curl::Debug - HEADER_IN: Server: nginx/1.13.10
09-13 14:31:55.791 5181 6789 V Kodi : Debug Print: Curl::Debug - HEADER_IN: Date: Thu, 13 Sep 2018 12:31:55 GMT
09-13 14:31:55.791 5181 6789 V Kodi : Debug Print: Curl::Debug - HEADER_IN: Content-Type: application/json;charset=utf-8
09-13 14:31:55.791 5181 6789 V Kodi : Debug Print: Curl::Debug - HEADER_IN: Content-Length: 574
09-13 14:31:55.792 5181 6789 V Kodi : Debug Print: Curl::Debug - HEADER_IN: Connection: keep-alive
09-13 14:31:55.792 5181 6789 V Kodi : Debug Print: Curl::Debug - TEXT: cookie size: name/val 5 + 64 bytes
09-13 14:31:55.792 5181 6789 V Kodi : Debug Print: Curl::Debug - TEXT: cookie size: name/val 7 + 29 bytes
09-13 14:31:55.792 5181 6789 V Kodi : Debug Print: Curl::Debug - TEXT: cookie size: name/val 7 + 7 bytes
09-13 14:31:55.792 5181 6789 V Kodi : Debug Print: Curl::Debug - TEXT: cookie size: name/val 4 + 1 bytes
09-13 14:31:55.792 5181 6789 V Kodi : Debug Print: Curl::Debug - TEXT: Added cookie pzuid="0f83e1f7f36c8fdd9ab6244dd69e428c7c32ab43e7dfd8a4787c5f065e871577" for domain zattoo.com, path /, expire 1544617915
09-13 14:31:55.792 5181 6789 V Kodi : Debug Print: Curl::Debug - HEADER_IN: Set-Cookie: pzuid=0f83e1f7f36c8fdd9ab6244dd69e428c7c32ab43e7dfd8a4787c5f065e871577; expires=Wed, 12-Dec-2018 12:31:55 GMT; Max-Age=7776000; Path=/
09-13 14:31:55.793 5181 6789 V Kodi : Debug Print: Curl::Debug - TEXT: cookie size: name/val 14 + 128 bytes
09-13 14:31:55.793 5181 6789 V Kodi : Debug Print: Curl::Debug - TEXT: cookie size: name/val 4 + 1 bytes
09-13 14:31:55.794 5181 6789 V Kodi : Debug Print: Curl::Debug - TEXT: Added cookie zattoo.session="suQhshKKug3XmUipHXuujsZTXCyu+tL6Zyxg964t6V5TuhT7Rc4Kt2toVyt2Ah3X4FRHWaO2DTyHab512Nsv3ezMpxaIrNKhyEzi7xXY+iIq9rmipkTg2XPRvvk8ZgPd" for domain zattoo.com, path /, expire 0
09-13 14:31:55.794 5181 6789 V Kodi : Debug Print: Curl::Debug - HEADER_IN: Set-Cookie: zattoo.session=suQhshKKug3XmUipHXuujsZTXCyu+tL6Zyxg964t6V5TuhT7Rc4Kt2toVyt2Ah3X4FRHWaO2DTyHab512Nsv3ezMpxaIrNKhyEzi7xXY+iIq9rmipkTg2XPRvvk8ZgPd; Path=/
09-13 14:31:55.794 5181 6789 V Kodi : Debug Print: Curl::Debug - TEXT: cookie size: name/val 17 + 972 bytes
09-13 14:31:55.794 5181 6789 V Kodi : Debug Print: Curl::Debug - TEXT: cookie size: name/val 4 + 1 bytes
09-13 14:31:55.795 5181 6789 V Kodi : Debug Print: Curl::Debug - TEXT: Added cookie beaker.session.id="239aadba0344d63ba02c5a14c476f79dd4ed3724gAJ9cQEoVQZmb3JtYXRxAlUEanNvbnEDVQZhcHBfaWRxBEsDVQthZHNfYWxsb3dlZHEFiFUMY291bnRyeV9jb2RlcQZ9cQcoVQpnZW9ibG9ja2VkcQiJVQxpcHJhbmdlX25hbWVxCU5VCXJlZ2lvbl9pZHEKTdwnVQNleHBxC05VAmlwcQxVDTQ2LjI4LjIwNi4xMzVxDWgGVQJDSHEOVQRnYWlkcQ9VCjFfMjQxMDE1MjFxEHVVBGlwdW9xEVUAVQZkZXZpY2VxElgDAAAAd2VicRNVB3BhcnRuZXJxFFUMcGFydG5lcl96YXBpcRVVDl9hY2Nlc3NlZF90aW1lcRZHQdbmli7pFZxVCWxpbmV1cF9pZHEXTcMwaA9oEFUEdXVpZHEYVSQ0YzNiYTAzZi01YzJiLTRiZWUtYjM2OS00Nzk2NGZmYTYyMTFxGVUIbGFuZ3VhZ2VxGlgCAAAAZGVxG1UHYWJfdGVzdHEcfXEdKFUIdXNlcnR5cGVxHlUEZnJlZXEfVQVzdGF0ZXEgfVUPZXhwaXJhdGlvbl91bml4cSFKO6qbW1UKZXhwaXJhdGlvbnEiY2RhdGV0aW1lCmRhdGV0aW1lCnEjVQoH4gkODB83AAAAhVJxJGgaaBtVBHp1aWRxJUqRwm8BVQdjb3VudHJ5cSZoDlUJcmVjYWxsX29ucSeJaARLA3VVCnNlc3Npb25faWRxKFVAY2NjYmM1Njc3NjhjYjVmMWU5Yjc4ZjU1ZWQzZTY3OTQ5ZDRmMjRhOGZkMjU5YzNkNzZhZjFkNDFhM2IzZTMyZnEpVQ9zZXNzaW9uX3ZlcnNpb25xKksCVQNfaWRxK1UgNzk2YmQ0ZTRmYTZiNDUxZDk3YWZiOGYzMzNlYTY1YjhxLFUOX2NyZWF0aW9uX3RpbWVxLU
09-13 14:31:55.795 5181 6789 V Kodi : Debug Print: Curl::Debug - HEADER_IN: Set-cookie: beaker.session.id=239aadba0344d63ba02c5a14c476f79dd4ed3724gAJ9cQEoVQZmb3JtYXRxAlUEanNvbnEDVQZhcHBfaWRxBEsDVQthZHNfYWxsb3dlZHEFiFUMY291bnRyeV9jb2RlcQZ9cQcoVQpnZW9ibG9ja2VkcQiJVQxpcHJhbmdlX25hbWVxCU5VCXJlZ2lvbl9pZHEKTdwnVQNleHBxC05VAmlwcQxVDTQ2LjI4LjIwNi4xMzVxDWgGVQJDSHEOVQRnYWlkcQ9VCjFfMjQxMDE1MjFxEHVVBGlwdW9xEVUAVQZkZXZpY2VxElgDAAAAd2VicRNVB3BhcnRuZXJxFFUMcGFydG5lcl96YXBpcRVVDl9hY2Nlc3NlZF90aW1lcRZHQdbmli7pFZxVCWxpbmV1cF9pZHEXTcMwaA9oEFUEdXVpZHEYVSQ0YzNiYTAzZi01YzJiLTRiZWUtYjM2OS00Nzk2NGZmYTYyMTFxGVUIbGFuZ3VhZ2VxGlgCAAAAZGVxG1UHYWJfdGVzdHEcfXEdKFUIdXNlcnR5cGVxHlUEZnJlZXEfVQVzdGF0ZXEgfVUPZXhwaXJhdGlvbl91bml4cSFKO6qbW1UKZXhwaXJhdGlvbnEiY2RhdGV0aW1lCmRhdGV0aW1lCnEjVQoH4gkODB83AAAAhVJxJGgaaBtVBHp1aWRxJUqRwm8BVQdjb3VudHJ5cSZoDlUJcmVjYWxsX29ucSeJaARLA3VVCnNlc3Npb25faWRxKFVAY2NjYmM1Njc3NjhjYjVmMWU5Yjc4ZjU1ZWQzZTY3OTQ5ZDRmMjRhOGZkMjU5YzNkNzZhZjFkNDFhM2IzZTMyZnEpVQ9zZXNzaW9uX3ZlcnNpb25xKksCVQNfaWRxK1UgNzk2YmQ0ZTRmYTZiNDUxZDk3YWZiOGYzMzNlYTY1YjhxLFUOX2NyZWF0aW9uX3RpbWV
09-13 14:31:55.795 5181 6789 V Kodi : Debug Print: Curl::Debug - HEADER_IN: Vary: Accept-Encoding
09-13 14:31:55.795 5181 6789 V Kodi : Debug Print: Curl::Debug - HEADER_IN: Content-Encoding: gzip
09-13 14:31:55.796 5181 6789 V Kodi : Debug Print: Curl::Debug - TEXT: Connection #0 to host zattoo.com left intact
09-13 14:31:55.796 5181 6789 V Kodi : Debug Print: AddOnLog: Zattoo PVR Client: Got cookie: pzuid.
09-13 14:31:55.796 5181 6789 V Kodi : Debug Print: AddOnLog: Zattoo PVR Client: Got cookie: zattoo.session.
09-13 14:31:55.797 5181 6789 V Kodi : Debug Print: AddOnLog: Zattoo PVR Client: Got cookie: beaker.session.id.
09-13 14:31:55.798 5181 6789 V Kodi : Debug Print: AddOnLog: Zattoo PVR Client: Got new beaker.session.id: 239aa..
09-13 14:31:55.798 5181 6789 V Kodi : Debug Print: AddOnLog: Zattoo PVR Client: Hello was successful.
09-13 14:31:55.799 5181 6789 V Kodi : Debug Print: AddOnLog: Zattoo PVR Client: Http-Request: GET https://zattoo.com/zapi/v2/session.
09-13 14:31:55.802 5181 6789 V Kodi : Debug Print: CurlFile::Open(0x21f19fdc00) https://zattoo.com/zapi/v2/session
09-13 14:31:55.803 5181 6789 V Kodi : Debug Print: Curl::Debug - TEXT: Found bundle for host zattoo.com: 0x21fb4a6230 [can pipeline]
09-13 14:31:55.803 5181 6789 V Kodi : Debug Print: Curl::Debug - TEXT: Re-using existing connection! (#0) with host zattoo.com
09-13 14:31:55.804 5181 6789 V Kodi : Debug Print: Curl::Debug - TEXT: Connected to zattoo.com (104.223.17.41) port 443 (#0)
09-13 14:31:55.804 5181 6789 V Kodi : Debug Print: Curl::Debug - SSL_DATA_OUT: 
09-13 14:31:55.804 5181 6789 V Kodi : Debug Print: Curl::Debug - HEADER_OUT: GET /zapi/v2/session HTTP/1.1
09-13 14:31:55.804 5181 6789 V Kodi : Debug Print: Curl::Debug - HEADER_OUT: Host: zattoo.com
09-13 14:31:55.804 5181 6789 V Kodi : Debug Print: Curl::Debug - HEADER_OUT: Range: bytes=0-
09-13 14:31:55.805 5181 6789 V Kodi : Debug Print: Curl::Debug - HEADER_OUT: User-Agent: Kodi/18.0-BETA2 (Linux; Android 8.0; SHIELD Android TV Build/OPR6.170623.010) Android/8.0.0 Sys_CPU/aarch64 App_Bitness/64 Version/18.0-BETA2-Git:20180828-702c2eb-dirty
09-13 14:31:55.805 5181 6789 V Kodi : Debug Print: Curl::Debug - HEADER_OUT: Accept: */*
09-13 14:31:55.805 5181 6789 V Kodi : Debug Print: Curl::Debug - HEADER_OUT: Accept-Encoding: gzip,deflate
09-13 14:31:55.805 5181 6789 V Kodi : Debug Print: Curl::Debug - HEADER_OUT: Cookie: beaker.session.id=239aadba0344d63ba02c5a14c476f79dd4ed3724gAJ9cQEoVQZmb3JtYXRxAlUEanNvbnEDVQZhcHBfaWRxBEsDVQthZHNfYWxsb3dlZHEFiFUMY291bnRyeV9jb2RlcQZ9cQcoVQpnZW9ibG9ja2VkcQiJVQxpcHJhbmdlX25hbWVxCU5VCXJlZ2lvbl9pZHEKTdwnVQNleHBxC05VAmlwcQxVDTQ2LjI4LjIwNi4xMzVxDWgGVQJDSHEOVQRnYWlkcQ9VCjFfMjQxMDE1MjFxEHVVBGlwdW9xEVUAVQZkZXZpY2VxElgDAAAAd2VicRNVB3BhcnRuZXJxFFUMcGFydG5lcl96YXBpcRVVDl9hY2Nlc3NlZF90aW1lcRZHQdbmli7pFZxVCWxpbmV1cF9pZHEXTcMwaA9oEFUEdXVpZHEYVSQ0YzNiYTAzZi01YzJiLTRiZWUtYjM2OS00Nzk2NGZmYTYyMTFxGVUIbGFuZ3VhZ2VxGlgCAAAAZGVxG1UHYWJfdGVzdHEcfXEdKFUIdXNlcnR5cGVxHlUEZnJlZXEfVQVzdGF0ZXEgfVUPZXhwaXJhdGlvbl91bml4cSFKO6qbW1UKZXhwaXJhdGlvbnEiY2RhdGV0aW1lCmRhdGV0aW1lCnEjVQoH4gkODB83AAAAhVJxJGgaaBtVBHp1aWRxJUqRwm8BVQdjb3VudHJ5cSZoDlUJcmVjYWxsX29ucSeJaARLA3VVCnNlc3Npb25faWRxKFVAY2NjYmM1Njc3NjhjYjVmMWU5Yjc4ZjU1ZWQzZTY3OTQ5ZDRmMjRhOGZkMjU5YzNkNzZhZjFkNDFhM2IzZTMyZnEpVQ9zZXNzaW9uX3ZlcnNpb25xKksCVQNfaWRxK1UgNzk2YmQ0ZTRmYTZiNDUxZDk3YWZiOGYzMzNlYTY1YjhxLFUOX2NyZWF0aW9uX3RpbWVxLU
09-13 14:31:55.805 5181 6789 V Kodi : Debug Print: Curl::Debug - HEADER_OUT: Accept-Charset: UTF-8,*;q=0.8
09-13 14:31:55.834 5181 6795 W linker : /data/app/org.xbmc.kodinerds-MLE3dcA59sJB4FsoUH5MOg==/lib/arm64/libCryptodome_Cipher__raw_cbc.so: is missing DT_SONAME will use basename as a replacement: "libCryptodome_Cipher__raw_cbc.so"
09-13 14:31:55.836 5181 6715 D Kodi : WARNING: linker: /data/app/org.xbmc.kodinerds-MLE3dcA59sJB4FsoUH5MOg==/lib/arm64/libCryptodome_Cipher__raw_cbc.so: is missing D
09-13 14:31:55.836 5181 6715 D Kodi : T_SONAME will use basename as a replacement: "libCryptodome_Cipher__raw_cbc.so"
09-13 14:31:55.874 5181 6795 W linker : /data/app/org.xbmc.kodinerds-MLE3dcA59sJB4FsoUH5MOg==/lib/arm64/libCryptodome_Cipher__raw_cfb.so: is missing DT_SONAME will use basename as a replacement: "libCryptodome_Cipher__raw_cfb.so"
09-13 14:31:55.888 5181 6715 D Kodi : WARNING: linker: /data/app/org.xbmc.kodinerds-MLE3dcA59sJB4FsoUH5MOg==/lib/arm64/libCryptodome_Cipher__raw_cfb.so: is missing D
09-13 14:31:55.888 5181 6715 D Kodi : T_SONAME will use basename as a replacement: "libCryptodome_Cipher__raw_cfb.so"
09-13 14:31:55.922 5181 6795 W linker : /data/app/org.xbmc.kodinerds-MLE3dcA59sJB4FsoUH5MOg==/lib/arm64/libCryptodome_Cipher__raw_ofb.so: is missing DT_SONAME will use basename as a replacement: "libCryptodome_Cipher__raw_ofb.so"
09-13 14:31:55.922 5181 6715 D Kodi : WARNING: linker: /data/app/org.xbmc.kodinerds-MLE3dcA59sJB4FsoUH5MOg==/lib/arm64/libCryptodome_Cipher__raw_ofb.so: is missing D
09-13 14:31:55.922 5181 6715 D Kodi : T_SONAME will use basename as a replacement: "libCryptodome_Cipher__raw_ofb.so"
09-13 14:31:56.071 285 285 W /system/bin/hwservicemanager: getTransportFromManifest: Cannot find entry android.hardware.drm@1.0::IDrmFactory in either framework or device manifest, using default transport.
09-13 14:31:56.076 413 451 I DrmHal : makeDrmFactories: using default drm instance
09-13 14:31:56.077 413 3433 I WVCdm : CdmEngine::QueryStatus
09-13 14:31:56.078 413 451 I WVCdm : CdmEngine::QueryStatus
09-13 14:31:56.088 5181 6795 W linker : /data/app/org.xbmc.kodinerds-MLE3dcA59sJB4FsoUH5MOg==/lib/arm64/libCryptodome_Cipher__raw_ctr.so: is missing DT_SONAME will use basename as a replacement: "libCryptodome_Cipher__raw_ctr.so"
09-13 14:31:56.095 5181 6715 D Kodi : WARNING: linker: /data/app/org.xbmc.kodinerds-MLE3dcA59sJB4FsoUH5MOg==/lib/arm64/libCryptodome_Cipher__raw_ctr.so: is missing D
09-13 14:31:56.095 5181 6715 D Kodi : T_SONAME will use basename as a replacement: "libCryptodome_Cipher__raw_ctr.so"
09-13 14:31:56.139 5181 6795 W linker : /data/app/org.xbmc.kodinerds-MLE3dcA59sJB4FsoUH5MOg==/lib/arm64/libCryptodome_Util__strxor.so: is missing DT_SONAME will use basename as a replacement: "libCryptodome_Util__strxor.so"
09-13 14:31:56.140 5181 6715 D Kodi : WARNING: linker: /data/app/org.xbmc.kodinerds-MLE3dcA59sJB4FsoUH5MOg==/lib/arm64/libCryptodome_Util__strxor.so: is missing DT_S
09-13 14:31:56.140 5181 6715 D Kodi : ONAME will use basename as a replacement: "libCryptodome_Util__strxor.so"
09-13 14:31:56.170 5181 6789 V Kodi : Debug Print: Curl::Debug - SSL_DATA_IN:  X
09-13 14:31:56.171 5181 6789 V Kodi : Debug Print: Curl::Debug - HEADER_IN: HTTP/1.1 206 Partial Content
09-13 14:31:56.171 5181 6789 V Kodi : Debug Print: Curl::Debug - HEADER_IN: Server: nginx/1.13.10
09-13 14:31:56.171 5181 6789 V Kodi : Debug Print: Curl::Debug - HEADER_IN: Date: Thu, 13 Sep 2018 12:31:56 GMT
09-13 14:31:56.171 5181 6789 V Kodi : Debug Print: Curl::Debug - HEADER_IN: Content-Type: application/json;charset=utf-8
09-13 14:31:56.172 5181 6789 V Kodi : Debug Print: Curl::Debug - HEADER_IN: Content-Length: 982
09-13 14:31:56.172 5181 6789 V Kodi : Debug Print: Curl::Debug - HEADER_IN: Connection: keep-alive
09-13 14:31:56.172 5181 6789 V Kodi : Debug Print: Curl::Debug - TEXT: cookie size: name/val 5 + 64 bytes
09-13 14:31:56.172 5181 6789 V Kodi : Debug Print: Curl::Debug - TEXT: cookie size: name/val 7 + 29 bytes
09-13 14:31:56.173 5181 6789 V Kodi : Debug Print: Curl::Debug - TEXT: cookie size: name/val 7 + 7 bytes
09-13 14:31:56.173 5181 6789 V Kodi : Debug Print: Curl::Debug - TEXT: cookie size: name/val 4 + 1 bytes
09-13 14:31:56.173 5181 6789 V Kodi : Debug Print: Curl::Debug - TEXT: Replaced cookie pzuid="0f83e1f7f36c8fdd9ab6244dd69e428c7c32ab43e7dfd8a4787c5f065e871577" for domain zattoo.com, path /, expire 1544617916
09-13 14:31:56.173 5181 6789 V Kodi : Debug Print: Curl::Debug - HEADER_IN: Set-Cookie: pzuid=0f83e1f7f36c8fdd9ab6244dd69e428c7c32ab43e7dfd8a4787c5f065e871577; expires=Wed, 12-Dec-2018 12:31:56 GMT; Max-Age=7776000; Path=/
09-13 14:31:56.173 5181 6789 V Kodi : Debug Print: Curl::Debug - TEXT: cookie size: name/val 17 + 936 bytes
09-13 14:31:56.174 5181 6789 V Kodi : Debug Print: Curl::Debug - TEXT: cookie size: name/val 4 + 1 bytes
09-13 14:31:56.174 5181 6789 V Kodi : Debug Print: Curl::Debug - TEXT: Replaced cookie beaker.session.id="6e6b4569abf3549d2a44be556b6c1d1b5536b47cgAJ9cQEoVQZmb3JtYXRxAlUEanNvbnEDVQZhcHBfaWRxBEsDVQthZHNfYWxsb3dlZHEFiFUMY291bnRyeV9jb2RlcQZ9cQcoVQpnZW9ibG9ja2VkiVUMaXByYW5nZV9uYW1lTlUJcmVnaW9uX2lkTdwnVQJpcFUNNDYuMjguMjA2LjEzNWgGVQJDSHEIVQNleHBOVQRnYWlkcQlVCjFfMjQxMDE1MjFxCnVVBGlwdW9xC1UAVQZkZXZpY2VxDFgDAAAAd2VicQ1VB3BhcnRuZXJxDlUMcGFydG5lcl96YXBpcQ9VDl9hY2Nlc3NlZF90aW1lcRBHQdbmli8BUDNVCWxpbmV1cF9pZHERTcMwaAloClUEdXVpZHESVSQ0YzNiYTAzZi01YzJiLTRiZWUtYjM2OS00Nzk2NGZmYTYyMTFxE1UIbGFuZ3VhZ2VxFFgCAAAAZGVxFVUHYWJfdGVzdHEWfXEXKGgUaBVVBHp1aWRKkcJvAVUHY291bnRyeWgIVQlyZWNhbGxfb26JaARLA1UIdXNlcnR5cGVVBGZyZWVVBXN0YXRlfVUPZXhwaXJhdGlvbl91bml4Sjuqm1tVCmV4cGlyYXRpb25jZGF0ZXRpbWUKZGF0ZXRpbWUKcRhVCgfiCQ4MHzcAAACFUnEZdVUKc2Vzc2lvbl9pZHEaVUBjY2NiYzU2Nzc2OGNiNWYxZTliNzhmNTVlZDNlNjc5NDlkNGYyNGE4ZmQyNTljM2Q3NmFmMWQ0MWEzYjNlMzJmcRtVDl9jcmVhdGlvbl90aW1lcRxHQdbmli7pFZhVA19pZHEdVSA3OTZiZDRlNGZhNmI0NTFkOTdhZmI4ZjMzM2VhNjViOHEeVQ9zZXNzaW9uX3ZlcnNpb25xH0sCdS4=" for domain zattoo
09-13 14:31:56.174 5181 6789 V Kodi : Debug Print: Curl::Debug - HEADER_IN: Set-cookie: beaker.session.id=6e6b4569abf3549d2a44be556b6c1d1b5536b47cgAJ9cQEoVQZmb3JtYXRxAlUEanNvbnEDVQZhcHBfaWRxBEsDVQthZHNfYWxsb3dlZHEFiFUMY291bnRyeV9jb2RlcQZ9cQcoVQpnZW9ibG9ja2VkiVUMaXByYW5nZV9uYW1lTlUJcmVnaW9uX2lkTdwnVQJpcFUNNDYuMjguMjA2LjEzNWgGVQJDSHEIVQNleHBOVQRnYWlkcQlVCjFfMjQxMDE1MjFxCnVVBGlwdW9xC1UAVQZkZXZpY2VxDFgDAAAAd2VicQ1VB3BhcnRuZXJxDlUMcGFydG5lcl96YXBpcQ9VDl9hY2Nlc3NlZF90aW1lcRBHQdbmli8BUDNVCWxpbmV1cF9pZHERTcMwaAloClUEdXVpZHESVSQ0YzNiYTAzZi01YzJiLTRiZWUtYjM2OS00Nzk2NGZmYTYyMTFxE1UIbGFuZ3VhZ2VxFFgCAAAAZGVxFVUHYWJfdGVzdHEWfXEXKGgUaBVVBHp1aWRKkcJvAVUHY291bnRyeWgIVQlyZWNhbGxfb26JaARLA1UIdXNlcnR5cGVVBGZyZWVVBXN0YXRlfVUPZXhwaXJhdGlvbl91bml4Sjuqm1tVCmV4cGlyYXRpb25jZGF0ZXRpbWUKZGF0ZXRpbWUKcRhVCgfiCQ4MHzcAAACFUnEZdVUKc2Vzc2lvbl9pZHEaVUBjY2NiYzU2Nzc2OGNiNWYxZTliNzhmNTVlZDNlNjc5NDlkNGYyNGE4ZmQyNTljM2Q3NmFmMWQ0MWEzYjNlMzJmcRtVDl9jcmVhdGlvbl90aW1lcRxHQdbmli7pFZhVA19pZHEdVSA3OTZiZDRlNGZhNmI0NTFkOTdhZmI4ZjMzM2VhNjViOHEeVQ9zZXNzaW9uX3ZlcnNpb25xH0sCdS4=; Path=/
09-13 14:31:56.174 5181 6789 V Kodi : Debug Print: Curl::Debug - HEADER_IN: Vary: Accept-Encoding
09-13 14:31:56.175 5181 6789 V Kodi : Debug Print: Curl::Debug - HEADER_IN: Content-Encoding: gzip
09-13 14:31:56.175 5181 6789 V Kodi : Debug Print: Curl::Debug - HEADER_IN: Content-Range: bytes 0-981/982
09-13 14:31:56.175 5181 6789 V Kodi : Debug Print: Curl::Debug - TEXT: Connection #0 to host zattoo.com left intact
09-13 14:31:56.176 5181 6789 V Kodi : Debug Print: AddOnLog: Zattoo PVR Client: Got cookie: pzuid.
09-13 14:31:56.176 5181 6789 V Kodi : Debug Print: AddOnLog: Zattoo PVR Client: Got cookie: beaker.session.id.
09-13 14:31:56.176 5181 6789 V Kodi : Debug Print: AddOnLog: Zattoo PVR Client: Got new beaker.session.id: 6e6b4..
09-13 14:31:56.177 5181 6789 V Kodi : Debug Print: AddOnLog: Zattoo PVR Client: Country code: CH
09-13 14:31:56.177 5181 6789 V Kodi : Debug Print: AddOnLog: Zattoo PVR Client: Service region country: CH
09-13 14:31:56.177 5181 6789 V Kodi : Debug Print: AddOnLog: Zattoo PVR Client: Stream type: dash
09-13 14:31:56.177 5181 6789 V Kodi : Debug Print: AddOnLog: Zattoo PVR Client: Recall is disabled
09-13 14:31:56.178 5181 6789 V Kodi : Debug Print: AddOnLog: Zattoo PVR Client: Selective recall is disabled
09-13 14:31:56.180 5181 6789 V Kodi : Debug Print: AddOnLog: Zattoo PVR Client: Recordings are enabled
09-13 14:31:56.181 5181 6789 V Kodi : Debug Print: AddOnLog: Zattoo PVR Client: Http-Request: GET https://zattoo.com/zapi/channels/favorites.
09-13 14:31:56.184 5181 6795 W linker : /data/app/org.xbmc.kodinerds-MLE3dcA59sJB4FsoUH5MOg==/lib/arm64/libCryptodome_Hash__BLAKE2s.so: is missing DT_SONAME will use basename as a replacement: "libCryptodome_Hash__BLAKE2s.so"
09-13 14:31:56.185 5181 6789 V Kodi : Debug Print: CurlFile::Open(0x21f19fdc00) https://zattoo.com/zapi/channels/favorites
09-13 14:31:56.185 5181 6789 V Kodi : Debug Print: Curl::Debug - TEXT: Found bundle for host zattoo.com: 0x21fb4a6230 [can pipeline]
09-13 14:31:56.185 5181 6789 V Kodi : Debug Print: Curl::Debug - TEXT: Re-using existing connection! (#0) with host zattoo.com
09-13 14:31:56.185 5181 6789 V Kodi : Debug Print: Curl::Debug - TEXT: Connected to zattoo.com (104.223.17.41) port 443 (#0)
09-13 14:31:56.186 5181 6789 V Kodi : Debug Print: Curl::Debug - SSL_DATA_OUT: 
09-13 14:31:56.191 5181 6789 V Kodi : Debug Print: Curl::Debug - HEADER_OUT: GET /zapi/channels/favorites HTTP/1.1
09-13 14:31:56.191 5181 6789 V Kodi : Debug Print: Curl::Debug - HEADER_OUT: Host: zattoo.com
09-13 14:31:56.191 5181 6789 V Kodi : Debug Print: Curl::Debug - HEADER_OUT: Range: bytes=0-
09-13 14:31:56.191 5181 6789 V Kodi : Debug Print: Curl::Debug - HEADER_OUT: User-Agent: Kodi/18.0-BETA2 (Linux; Android 8.0; SHIELD Android TV Build/OPR6.170623.010) Android/8.0.0 Sys_CPU/aarch64 App_Bitness/64 Version/18.0-BETA2-Git:20180828-702c2eb-dirty
09-13 14:31:56.191 5181 6789 V Kodi : Debug Print: Curl::Debug - HEADER_OUT: Accept: */*
09-13 14:31:56.191 5181 6789 V Kodi : Debug Print: Curl::Debug - HEADER_OUT: Accept-Encoding: gzip,deflate
09-13 14:31:56.192 5181 6789 V Kodi : Debug Print: Curl::Debug - HEADER_OUT: Cookie: beaker.session.id=6e6b4569abf3549d2a44be556b6c1d1b5536b47cgAJ9cQEoVQZmb3JtYXRxAlUEanNvbnEDVQZhcHBfaWRxBEsDVQthZHNfYWxsb3dlZHEFiFUMY291bnRyeV9jb2RlcQZ9cQcoVQpnZW9ibG9ja2VkiVUMaXByYW5nZV9uYW1lTlUJcmVnaW9uX2lkTdwnVQJpcFUNNDYuMjguMjA2LjEzNWgGVQJDSHEIVQNleHBOVQRnYWlkcQlVCjFfMjQxMDE1MjFxCnVVBGlwdW9xC1UAVQZkZXZpY2VxDFgDAAAAd2VicQ1VB3BhcnRuZXJxDlUMcGFydG5lcl96YXBpcQ9VDl9hY2Nlc3NlZF90aW1lcRBHQdbmli8BUDNVCWxpbmV1cF9pZHERTcMwaAloClUEdXVpZHESVSQ0YzNiYTAzZi01YzJiLTRiZWUtYjM2OS00Nzk2NGZmYTYyMTFxE1UIbGFuZ3VhZ2VxFFgCAAAAZGVxFVUHYWJfdGVzdHEWfXEXKGgUaBVVBHp1aWRKkcJvAVUHY291bnRyeWgIVQlyZWNhbGxfb26JaARLA1UIdXNlcnR5cGVVBGZyZWVVBXN0YXRlfVUPZXhwaXJhdGlvbl91bml4Sjuqm1tVCmV4cGlyYXRpb25jZGF0ZXRpbWUKZGF0ZXRpbWUKcRhVCgfiCQ4MHzcAAACFUnEZdVUKc2Vzc2lvbl9pZHEaVUBjY2NiYzU2Nzc2OGNiNWYxZTliNzhmNTVlZDNlNjc5NDlkNGYyNGE4ZmQyNTljM2Q3NmFmMWQ0MWEzYjNlMzJmcRtVDl9jcmVhdGlvbl90aW1lcRxHQdbmli7pFZhVA19pZHEdVSA3OTZiZDRlNGZhNmI0NTFkOTdhZmI4ZjMzM2VhNjViOHEeVQ9zZXNzaW9uX3ZlcnNpb25xH0sCdS4=; pzuid=0f83e1f7f36c8f
09-13 14:31:56.192 5181 6789 V Kodi : Debug Print: Curl::Debug - HEADER_OUT: Accept-Charset: UTF-8,*;q=0.8
09-13 14:31:56.197 5181 6715 D Kodi : WARNING: linker: /data/app/org.xbmc.kodinerds-MLE3dcA59sJB4FsoUH5MOg==/lib/arm64/libCryptodome_Hash__BLAKE2s.so: is missing DT_
09-13 14:31:56.197 5181 6715 D Kodi : SONAME will use basename as a replacement: "libCryptodome_Hash__BLAKE2s.so"
