06-15 14:46:42.436 11322 11322 D NowPlayingListener: onPlaybackStateChanged: PlaybackState {state=3, position=4709, buffered position=0, speed=1.0, updated=368224285, actions=-1, custom actions=[], active item id=-1, error=null}
06-15 14:46:42.436 11322 11322 D NowPlayingManager: onClientPlaybackStateUpdate() called with: state = [3], stateChangeTimeMs = [368224285], currentPosMs = [4709]
06-15 14:46:42.436 11322 11322 D NowPlayingManager: onClientPlaybackStateUpdate: Skipped update, state: 3 was unchanged
06-15 14:46:42.436 802 1224 V Avrcp : onPlaybackStateChanged: state PlaybackState {state=3, position=4709, buffered position=0, speed=1.0, updated=368224285, actions=-1, custom actions=[], active item id=-1, error=null}
06-15 14:46:42.438 11322 11322 D NowPlayingManager: onMediaDataUpdated() called with: mediaData = [com.google.android.tvrecommendations.NowPlayingData@60da191]
06-15 14:46:42.448 11322 11322 D TVNotifService: onTVNotificationPosted StatusBarNotification(pkg=com.google.android.tvrecommendations user=UserHandle{0} id=4321 tag=Notification.NowPlaying key=0|com.google.android.tvrecommendations|4321|Notification.NowPlaying|10087: Notification(channel=now_playing pri=0 contentView=null vibrate=null sound=null defaults=0x0 flags=0x0 color=0x00000000 vis=PRIVATE)) userId: 0
06-15 14:46:42.945 802 1224 V Avrcp : onPlaybackStateChanged: state PlaybackState {state=3, position=4991, buffered position=0, speed=1.0, updated=368224794, actions=-1, custom actions=[], active item id=-1, error=null}
06-15 14:46:42.945 11322 11322 D NowPlayingListener: onPlaybackStateChanged: PlaybackState {state=3, position=4991, buffered position=0, speed=1.0, updated=368224794, actions=-1, custom actions=[], active item id=-1, error=null}
06-15 14:46:42.945 11322 11322 D NowPlayingManager: onClientPlaybackStateUpdate() called with: state = [3], stateChangeTimeMs = [368224794], currentPosMs = [4991]
06-15 14:46:42.945 11322 11322 D NowPlayingManager: onClientPlaybackStateUpdate: Skipped update, state: 3 was unchanged
06-15 14:46:42.948 11322 11322 D NowPlayingManager: onMediaDataUpdated() called with: mediaData = [com.google.android.tvrecommendations.NowPlayingData@26694f7]
06-15 14:46:42.955 11322 11322 D TVNotifService: onTVNotificationPosted StatusBarNotification(pkg=com.google.android.tvrecommendations user=UserHandle{0} id=4321 tag=Notification.NowPlaying key=0|com.google.android.tvrecommendations|4321|Notification.NowPlaying|10087: Notification(channel=now_playing pri=0 contentView=null vibrate=null sound=null defaults=0x0 flags=0x0 color=0x00000000 vis=PRIVATE)) userId: 0
06-15 14:46:43.437 802 1224 V Avrcp : MSG_UPDATE_MEDIA
06-15 14:46:43.437 802 1224 V Avrcp : updatePlaybackState (1): -1Ô×í1(PlaybackState {state=3, position=0, buffered position=0, speed=1.0, updated=368225287, actions=-1, custom actions=[], active item id=-1, error=null})
06-15 14:46:43.438 802 1224 V Avrcp : Media update: id -1Ô×í-1? [MediaAttributes: ZÔï»n - by (0 0/0) ]
06-15 14:46:43.438 802 1224 D Avrcp : sendPlayPosNotificationRsp: Not registered or requesting.
06-15 14:46:43.446 11322 11322 D NowPlayingListener: onPlaybackStateChanged: PlaybackState {state=3, position=5512, buffered position=0, speed=1.0, updated=368225295, actions=-1, custom actions=[], active item id=-1, error=null}
06-15 14:46:43.446 11322 11322 D NowPlayingManager: onClientPlaybackStateUpdate() called with: state = [3], stateChangeTimeMs = [368225295], currentPosMs = [5512]
06-15 14:46:43.446 11322 11322 D NowPlayingManager: onClientPlaybackStateUpdate: Skipped update, state: 3 was unchanged
06-15 14:46:43.446 802 1224 V Avrcp : onPlaybackStateChanged: state PlaybackState {state=3, position=5512, buffered position=0, speed=1.0, updated=368225295, actions=-1, custom actions=[], active item id=-1, error=null}
06-15 14:46:43.448 11322 11322 D NowPlayingManager: onMediaDataUpdated() called with: mediaData = [com.google.android.tvrecommendations.NowPlayingData@7d9c5cd]
06-15 14:46:43.457 11322 11322 D TVNotifService: onTVNotificationPosted StatusBarNotification(pkg=com.google.android.tvrecommendations user=UserHandle{0} id=4321 tag=Notification.NowPlaying key=0|com.google.android.tvrecommendations|4321|Notification.NowPlaying|10087: Notification(channel=now_playing pri=0 contentView=null vibrate=null sound=null defaults=0x0 flags=0x0 color=0x00000000 vis=PRIVATE)) userId: 0
06-15 14:46:43.953 11322 11322 D NowPlayingListener: onPlaybackStateChanged: PlaybackState {state=3, position=6231, buffered position=0, speed=1.0, updated=368225802, actions=-1, custom actions=[], active item id=-1, error=null}
06-15 14:46:43.953 11322 11322 D NowPlayingManager: onClientPlaybackStateUpdate() called with: state = [3], stateChangeTimeMs = [368225802], currentPosMs = [6231]
06-15 14:46:43.953 11322 11322 D NowPlayingManager: onClientPlaybackStateUpdate: Skipped update, state: 3 was unchanged
06-15 14:46:43.953 802 1224 V Avrcp : onPlaybackStateChanged: state PlaybackState {state=3, position=6231, buffered position=0, speed=1.0, updated=368225802, actions=-1, custom actions=[], active item id=-1, error=null}
06-15 14:46:43.956 11322 11322 D NowPlayingManager: onMediaDataUpdated() called with: mediaData = [com.google.android.tvrecommendations.NowPlayingData@2e58993]
06-15 14:46:43.967 11322 11322 D TVNotifService: onTVNotificationPosted StatusBarNotification(pkg=com.google.android.tvrecommendations user=UserHandle{0} id=4321 tag=Notification.NowPlaying key=0|com.google.android.tvrecommendations|4321|Notification.NowPlaying|10087: Notification(channel=now_playing pri=0 contentView=null vibrate=null sound=null defaults=0x0 flags=0x0 color=0x00000000 vis=PRIVATE)) userId: 0
06-15 14:46:44.447 802 1224 V Avrcp : MSG_UPDATE_MEDIA
06-15 14:46:44.447 802 1224 V Avrcp : updatePlaybackState (1): -1Ô×í1(PlaybackState {state=3, position=0, buffered position=0, speed=1.0, updated=368226297, actions=-1, custom actions=[], active item id=-1, error=null})
06-15 14:46:44.448 802 1224 V Avrcp : Media update: id -1Ô×í-1? [MediaAttributes: ZÔï»n - by (0 0/0) ]
06-15 14:46:44.448 802 1224 D Avrcp : sendPlayPosNotificationRsp: Not registered or requesting.
06-15 14:46:44.462 11322 11322 D NowPlayingListener: onPlaybackStateChanged: PlaybackState {state=3, position=6687, buffered position=0, speed=1.0, updated=368226311, actions=-1, custom actions=[], active item id=-1, error=null}
06-15 14:46:44.462 11322 11322 D NowPlayingManager: onClientPlaybackStateUpdate() called with: state = [3], stateChangeTimeMs = [368226311], currentPosMs = [6687]
06-15 14:46:44.462 11322 11322 D NowPlayingManager: onClientPlaybackStateUpdate: Skipped update, state: 3 was unchanged
06-15 14:46:44.462 802 1224 V Avrcp : onPlaybackStateChanged: state PlaybackState {state=3, position=6687, buffered position=0, speed=1.0, updated=368226311, actions=-1, custom actions=[], active item id=-1, error=null}
06-15 14:46:44.462 11322 11322 D NowPlayingManager: onClientPlaybackStateUpdate: Skipped update, state: 3 was unchanged
06-15 14:46:44.464 11322 11322 D NowPlayingManager: onMediaDataUpdated() called with: mediaData = [com.google.android.tvrecommendations.NowPlayingData@dc9f1c9]
06-15 14:46:44.474 11322 11322 D TVNotifService: onTVNotificationPosted StatusBarNotification(pkg=com.google.android.tvrecommendations user=UserHandle{0} id=4321 tag=Notification.NowPlaying key=0|com.google.android.tvrecommendations|4321|Notification.NowPlaying|10087: Notification(channel=now_playing pri=0 contentView=null vibrate=null sound=null defaults=0x0 flags=0x0 color=0x00000000 vis=PRIVATE)) userId: 0
06-15 14:46:44.964 11322 11322 D NowPlayingListener: onPlaybackStateChanged: PlaybackState {state=3, position=7140, buffered position=0, speed=1.0, updated=368226813, actions=-1, custom actions=[], active item id=-1, error=null}
06-15 14:46:44.964 11322 11322 D NowPlayingManager: onClientPlaybackStateUpdate() called with: state = [3], stateChangeTimeMs = [368226813], currentPosMs = [7140]
06-15 14:46:44.964 11322 11322 D NowPlayingManager: onClientPlaybackStateUpdate: Skipped update, state: 3 was unchanged
06-15 14:46:44.964 802 1224 V Avrcp : onPlaybackStateChanged: state PlaybackState {state=3, position=7140, buffered position=0, speed=1.0, updated=368226813, actions=-1, custom actions=[], active item id=-1, error=null}
06-15 14:46:44.966 11322 11322 D NowPlayingManager: onMediaDataUpdated() called with: mediaData = [com.google.android.tvrecommendations.NowPlayingData@a552bef]
06-15 14:46:44.973 11322 11322 D TVNotifService: onTVNotificationPosted StatusBarNotification(pkg=com.google.android.tvrecommendations user=UserHandle{0} id=4321 tag=Notification.NowPlaying key=0|com.google.android.tvrecommendations|4321|Notification.NowPlaying|10087: Notification(channel=now_playing pri=0 contentView=null vibrate=null sound=null defaults=0x0 flags=0x0 color=0x00000000 vis=PRIVATE)) userId: 0
06-15 14:46:45.463 802 1224 V Avrcp : MSG_UPDATE_MEDIA
06-15 14:46:45.463 802 1224 V Avrcp : updatePlaybackState (1): -1Ô×í1(PlaybackState {state=3, position=0, buffered position=0, speed=1.0, updated=368227313, actions=-1, custom actions=[], active item id=-1, error=null})
06-15 14:46:45.464 802 1224 V Avrcp : Media update: id -1Ô×í-1? [MediaAttributes: ZÔï»n - by (0 0/0) ]
06-15 14:46:45.464 802 1224 D Avrcp : sendPlayPosNotificationRsp: Not registered or requesting.
06-15 14:46:45.479 11322 11322 D NowPlayingListener: onPlaybackStateChanged: PlaybackState {state=3, position=7580, buffered position=0, speed=1.0, updated=368227328, actions=-1, custom actions=[], active item id=-1, error=null}
06-15 14:46:45.479 11322 11322 D NowPlayingManager: onClientPlaybackStateUpdate() called with: state = [3], stateChangeTimeMs = [368227328], currentPosMs = [7580]
06-15 14:46:45.479 11322 11322 D NowPlayingManager: onClientPlaybackStateUpdate: Skipped update, state: 3 was unchanged
06-15 14:46:45.479 802 1224 V Avrcp : onPlaybackStateChanged: state PlaybackState {state=3, position=7580, buffered position=0, speed=1.0, updated=368227328, actions=-1, custom actions=[], active item id=-1, error=null}
06-15 14:46:45.482 11322 11322 D NowPlayingManager: onMediaDataUpdated() called with: mediaData = [com.google.android.tvrecommendations.NowPlayingData@876e185]
06-15 14:46:45.488 11322 11322 D TVNotifService: onTVNotificationPosted StatusBarNotification(pkg=com.google.android.tvrecommendations user=UserHandle{0} id=4321 tag=Notification.NowPlaying key=0|com.google.android.tvrecommendations|4321|Notification.NowPlaying|10087: Notification(channel=now_playing pri=0 contentView=null vibrate=null sound=null defaults=0x0 flags=0x0 color=0x00000000 vis=PRIVATE)) userId: 0
06-15 14:46:45.981 802 1224 V Avrcp : onPlaybackStateChanged: state PlaybackState {state=3, position=8086, buffered position=0, speed=1.0, updated=368227830, actions=-1, custom actions=[], active item id=-1, error=null}
06-15 14:46:45.981 11322 11322 D NowPlayingListener: onPlaybackStateChanged: PlaybackState {state=3, position=8086, buffered position=0, speed=1.0, updated=368227830, actions=-1, custom actions=[], active item id=-1, error=null}
06-15 14:46:45.981 802 1224 V Avrcp : onPlaybackStateChanged: state PlaybackState {state=3, position=8086, buffered position=0, speed=1.0, updated=368227830, actions=-1, custom actions=[], active item id=-1, error=null}
06-15 14:46:45.981 11322 11322 D NowPlayingManager: onClientPlaybackStateUpdate() called with: state = [3], stateChangeTimeMs = [368227830], currentPosMs = [8086]
06-15 14:46:45.981 11322 11322 D NowPlayingManager: onClientPlaybackStateUpdate: Skipped update, state: 3 was unchanged
06-15 14:46:45.983 11322 11322 D NowPlayingManager: onMediaDataUpdated() called with: mediaData = [com.google.android.tvrecommendations.NowPlayingData@72980b]
06-15 14:46:45.990 11322 11322 D TVNotifService: onTVNotificationPosted StatusBarNotification(pkg=com.google.android.tvrecommendations user=UserHandle{0} id=4321 tag=Notification.NowPlaying key=0|com.google.android.tvrecommendations|4321|Notification.NowPlaying|10087: Notification(channel=now_playing pri=0 contentView=null vibrate=null sound=null defaults=0x0 flags=0x0 color=0x00000000 vis=PRIVATE)) userId: 0
06-15 14:46:46.480 802 1224 V Avrcp : MSG_UPDATE_MEDIA
06-15 14:46:46.480 802 1224 V Avrcp : updatePlaybackState (1): -1Ô×í1(PlaybackState {state=3, position=0, buffered position=0, speed=1.0, updated=368228330, actions=-1, custom actions=[], active item id=-1, error=null})
06-15 14:46:46.481 802 1224 V Avrcp : Media update: id -1Ô×í-1? [MediaAttributes: ZÔï»n - by (0 0/0) ]
06-15 14:46:46.481 802 1224 D Avrcp : sendPlayPosNotificationRsp: Not registered or requesting.
06-15 14:46:46.495 802 1224 V Avrcp : onPlaybackStateChanged: state PlaybackState {state=3, position=8597, buffered position=0, speed=1.0, updated=368228344, actions=-1, custom actions=[], active item id=-1, error=null}
06-15 14:46:46.495 11322 11322 D NowPlayingListener: onPlaybackStateChanged: PlaybackState {state=3, position=8597, buffered position=0, speed=1.0, updated=368228344, actions=-1, custom actions=[], active item id=-1, error=null}
06-15 14:46:46.495 11322 11322 D NowPlayingManager: onClientPlaybackStateUpdate() called with: state = [3], stateChangeTimeMs = [368228344], currentPosMs = [8597]
06-15 14:46:46.495 11322 11322 D NowPlayingManager: onClientPlaybackStateUpdate: Skipped update, state: 3 was unchanged
06-15 14:46:46.497 11322 11322 D NowPlayingManager: onMediaDataUpdated() called with: mediaData = [com.google.android.tvrecommendations.NowPlayingData@f491101]
06-15 14:46:46.503 11322 11322 D TVNotifService: onTVNotificationPosted StatusBarNotification(pkg=com.google.android.tvrecommendations user=UserHandle{0} id=4321 tag=Notification.NowPlaying key=0|com.google.android.tvrecommendations|4321|Notification.NowPlaying|10087: Notification(channel=now_playing pri=0 contentView=null vibrate=null sound=null defaults=0x0 flags=0x0 color=0x00000000 vis=PRIVATE)) userId: 0
06-15 14:46:46.964 2623 21885 I chromium: [2623:21885:INFO:ssdp_device.c(101)] SSDP packets sent for 30 seconds = 14
06-15 14:46:46.997 11322 11322 D NowPlayingListener: onPlaybackStateChanged: PlaybackState {state=3, position=9244, buffered position=0, speed=1.0, updated=368228846, actions=-1, custom actions=[], active item id=-1, error=null}
06-15 14:46:46.998 11322 11322 D NowPlayingManager: onClientPlaybackStateUpdate() called with: state = [3], stateChangeTimeMs = [368228846], currentPosMs = [9244]
06-15 14:46:46.998 11322 11322 D NowPlayingManager: onClientPlaybackStateUpdate: Skipped update, state: 3 was unchanged
06-15 14:46:46.998 802 1224 V Avrcp : onPlaybackStateChanged: state PlaybackState {state=3, position=9244, buffered position=0, speed=1.0, updated=368228846, actions=-1, custom actions=[], active item id=-1, error=null}
06-15 14:46:46.999 11322 11322 D NowPlayingManager: onMediaDataUpdated() called with: mediaData = [com.google.android.tvrecommendations.NowPlayingData@1b0a9e7]
06-15 14:46:47.005 11322 11322 D TVNotifService: onTVNotificationPosted StatusBarNotification(pkg=com.google.android.tvrecommendations user=UserHandle{0} id=4321 tag=Notification.NowPlaying key=0|com.google.android.tvrecommendations|4321|Notification.NowPlaying|10087: Notification(channel=now_playing pri=0 contentView=null vibrate=null sound=null defaults=0x0 flags=0x0 color=0x00000000 vis=PRIVATE)) userId: 0
06-15 14:46:47.496 802 1224 V Avrcp : MSG_UPDATE_MEDIA
06-15 14:46:47.497 802 1224 V Avrcp : updatePlaybackState (1): -1Ô×í1(PlaybackState {state=3, position=0, buffered position=0, speed=1.0, updated=368229346, actions=-1, custom actions=[], active item id=-1, error=null})
06-15 14:46:47.497 802 1224 V Avrcp : Media update: id -1Ô×í-1? [MediaAttributes: ZÔï»n - by (0 0/0) ]
06-15 14:46:47.497 802 1224 D Avrcp : sendPlayPosNotificationRsp: Not registered or requesting.
06-15 14:46:47.520 802 1224 V Avrcp : onPlaybackStateChanged: state PlaybackState {state=3, position=9665, buffered position=0, speed=1.0, updated=368229360, actions=-1, custom actions=[], active item id=-1, error=null}
06-15 14:46:47.520 11322 11322 D NowPlayingListener: onPlaybackStateChanged: PlaybackState {state=3, position=9665, buffered position=0, speed=1.0, updated=368229360, actions=-1, custom actions=[], active item id=-1, error=null}
06-15 14:46:47.520 11322 11322 D NowPlayingManager: onClientPlaybackStateUpdate() called with: state = [3], stateChangeTimeMs = [368229360], currentPosMs = [9665]
06-15 14:46:47.520 11322 11322 D NowPlayingManager: onClientPlaybackStateUpdate: Skipped update, state: 3 was unchanged
06-15 14:46:47.522 11322 11322 D NowPlayingManager: onMediaDataUpdated() called with: mediaData = [com.google.android.tvrecommendations.NowPlayingData@db4bc3d]
06-15 14:46:47.533 11322 11322 D TVNotifService: onTVNotificationPosted StatusBarNotification(pkg=com.google.android.tvrecommendations user=UserHandle{0} id=4321 tag=Notification.NowPlaying key=0|com.google.android.tvrecommendations|4321|Notification.NowPlaying|10087: Notification(channel=now_playing pri=0 contentView=null vibrate=null sound=null defaults=0x0 flags=0x0 color=0x00000000 vis=PRIVATE)) userId: 0
06-15 14:46:48.012 802 1224 V Avrcp : onPlaybackStateChanged: state PlaybackState {state=3, position=10279, buffered position=0, speed=1.0, updated=368229861, actions=-1, custom actions=[], active item id=-1, error=null}
06-15 14:46:48.012 11322 11322 D NowPlayingListener: onPlaybackStateChanged: PlaybackState {state=3, position=10279, buffered position=0, speed=1.0, updated=368229861, actions=-1, custom actions=[], active item id=-1, error=null}
06-15 14:46:48.012 11322 11322 D NowPlayingManager: onClientPlaybackStateUpdate() called with: state = [3], stateChangeTimeMs = [368229861], currentPosMs = [10279]
06-15 14:46:48.012 11322 11322 D NowPlayingManager: onClientPlaybackStateUpdate: Skipped update, state: 3 was unchanged
06-15 14:46:48.014 11322 11322 D NowPlayingManager: onMediaDataUpdated() called with: mediaData = [com.google.android.tvrecommendations.NowPlayingData@4d3fd83]
06-15 14:46:48.021 11322 11322 D TVNotifService: onTVNotificationPosted StatusBarNotification(pkg=com.google.android.tvrecommendations user=UserHandle{0} id=4321 tag=Notification.NowPlaying key=0|com.google.android.tvrecommendations|4321|Notification.NowPlaying|10087: Notification(channel=now_playing pri=0 contentView=null vibrate=null sound=null defaults=0x0 flags=0x0 color=0x00000000 vis=PRIVATE)) userId: 0
06-15 14:46:48.216 802 1220 D bt_btm_pm: Sniff Interval For Device MAC 00:04:20:f5:f5:a8 is 33.750000 msec.
06-15 14:46:48.521 802 1224 V Avrcp : MSG_UPDATE_MEDIA
06-15 14:46:48.521 802 1224 V Avrcp : updatePlaybackState (1): -1Ô×í1(PlaybackState {state=3, position=0, buffered position=0, speed=1.0, updated=368230370, actions=-1, custom actions=[], active item id=-1, error=null})
06-15 14:46:48.521 802 1224 V Avrcp : Media update: id -1Ô×í-1? [MediaAttributes: ZÔï»n - by (0 0/0) ]
06-15 14:46:48.521 802 1224 D Avrcp : sendPlayPosNotificationRsp: Not registered or requesting.
06-15 14:46:48.531 11322 11322 D NowPlayingListener: onPlaybackStateChanged: PlaybackState {state=3, position=10680, buffered position=0, speed=1.0, updated=368230380, actions=-1, custom actions=[], active item id=-1, error=null}
06-15 14:46:48.532 11322 11322 D NowPlayingManager: onClientPlaybackStateUpdate() called with: state = [3], stateChangeTimeMs = [368230380], currentPosMs = [10680]
06-15 14:46:48.532 802 1224 V Avrcp : onPlaybackStateChanged: state PlaybackState {state=3, position=10680, buffered position=0, speed=1.0, updated=368230380, actions=-1, custom actions=[], active item id=-1, error=null}
06-15 14:46:48.532 11322 11322 D NowPlayingManager: onClientPlaybackStateUpdate: Skipped update, state: 3 was unchanged
06-15 14:46:48.533 11322 11322 D NowPlayingManager: onMediaDataUpdated() called with: mediaData = [com.google.android.tvrecommendations.NowPlayingData@835df39]
06-15 14:46:48.540 11322 11322 D TVNotifService: onTVNotificationPosted StatusBarNotification(pkg=com.google.android.tvrecommendations user=UserHandle{0} id=4321 tag=Notification.NowPlaying key=0|com.google.android.tvrecommendations|4321|Notification.NowPlaying|10087: Notification(channel=now_playing pri=0 contentView=null vibrate=null sound=null defaults=0x0 flags=0x0 color=0x00000000 vis=PRIVATE)) userId: 0
06-15 14:46:49.053 802 1224 V Avrcp : onPlaybackStateChanged: state PlaybackState {state=3, position=11314, buffered position=0, speed=1.0, updated=368230902, actions=-1, custom actions=[], active item id=-1, error=null}
06-15 14:46:49.053 11322 11322 D NowPlayingListener: onPlaybackStateChanged: PlaybackState {state=3, position=11314, buffered position=0, speed=1.0, updated=368230902, actions=-1, custom actions=[], active item id=-1, error=null}
06-15 14:46:49.053 11322 11322 D NowPlayingManager: onClientPlaybackStateUpdate() called with: state = [3], stateChangeTimeMs = [368230902], currentPosMs = [11314]
06-15 14:46:49.053 11322 11322 D NowPlayingManager: onClientPlaybackStateUpdate: Skipped update, state: 3 was unchanged
06-15 14:46:49.055 11322 11322 D NowPlayingManager: onMediaDataUpdated() called with: mediaData = [com.google.android.tvrecommendations.NowPlayingData@e4eeedf]
06-15 14:46:49.066 11322 11322 D TVNotifService: onTVNotificationPosted StatusBarNotification(pkg=com.google.android.tvrecommendations user=UserHandle{0} id=4321 tag=Notification.NowPlaying key=0|com.google.android.tvrecommendations|4321|Notification.NowPlaying|10087: Notification(channel=now_playing pri=0 contentView=null vibrate=null sound=null defaults=0x0 flags=0x0 color=0x00000000 vis=PRIVATE)) userId: 0
06-15 14:46:49.532 802 1224 V Avrcp : MSG_UPDATE_MEDIA
06-15 14:46:49.532 802 1224 V Avrcp : updatePlaybackState (1): -1Ô×í1(PlaybackState {state=3, position=0, buffered position=0, speed=1.0, updated=368231382, actions=-1, custom actions=[], active item id=-1, error=null})
06-15 14:46:49.533 802 1224 V Avrcp : Media update: id -1Ô×í-1? [MediaAttributes: ZÔï»n - by (0 0/0) ]
06-15 14:46:49.533 802 1224 D Avrcp : sendPlayPosNotificationRsp: Not registered or requesting.
06-15 14:46:49.562 802 1224 V Avrcp : onPlaybackStateChanged: state PlaybackState {state=3, position=11596, buffered position=0, speed=1.0, updated=368231411, actions=-1, custom actions=[], active item id=-1, error=null}
06-15 14:46:49.562 11322 11322 D NowPlayingListener: onPlaybackStateChanged: PlaybackState {state=3, position=11596, buffered position=0, speed=1.0, updated=368231411, actions=-1, custom actions=[], active item id=-1, error=null}
06-15 14:46:49.562 11322 11322 D NowPlayingManager: onClientPlaybackStateUpdate() called with: state = [3], stateChangeTimeMs = [368231411], currentPosMs = [11596]
06-15 14:46:49.562 11322 11322 D NowPlayingManager: onClientPlaybackStateUpdate: Skipped update, state: 3 was unchanged
06-15 14:46:49.564 11322 11322 D NowPlayingManager: onMediaDataUpdated() called with: mediaData = [com.google.android.tvrecommendations.NowPlayingData@50c35f5]
06-15 14:46:49.571 11322 11322 D TVNotifService: onTVNotificationPosted StatusBarNotification(pkg=com.google.android.tvrecommendations user=UserHandle{0} id=4321 tag=Notification.NowPlaying key=0|com.google.android.tvrecommendations|4321|Notification.NowPlaying|10087: Notification(channel=now_playing pri=0 contentView=null vibrate=null sound=null defaults=0x0 flags=0x0 color=0x00000000 vis=PRIVATE)) userId: 0
06-15 14:46:50.078 11322 11322 D NowPlayingListener: onPlaybackStateChanged: PlaybackState {state=3, position=12207, buffered position=0, speed=1.0, updated=368231927, actions=-1, custom actions=[], active item id=-1, error=null}
06-15 14:46:50.078 11322 11322 D NowPlayingManager: onClientPlaybackStateUpdate() called with: state = [3], stateChangeTimeMs = [368231927], currentPosMs = [12207]
06-15 14:46:50.078 802 1224 V Avrcp : onPlaybackStateChanged: state PlaybackState {state=3, position=12207, buffered position=0, speed=1.0, updated=368231927, actions=-1, custom actions=[], active item id=-1, error=null}
06-15 14:46:50.078 11322 11322 D NowPlayingManager: onClientPlaybackStateUpdate: Skipped update, state: 3 was unchanged
06-15 14:46:50.080 11322 11322 D NowPlayingManager: onMediaDataUpdated() called with: mediaData = [com.google.android.tvrecommendations.NowPlayingData@d5d99fb]
06-15 14:46:50.086 11322 11322 D TVNotifService: onTVNotificationPosted StatusBarNotification(pkg=com.google.android.tvrecommendations user=UserHandle{0} id=4321 tag=Notification.NowPlaying key=0|com.google.android.tvrecommendations|4321|Notification.NowPlaying|10087: Notification(channel=now_playing pri=0 contentView=null vibrate=null sound=null defaults=0x0 flags=0x0 color=0x00000000 vis=PRIVATE)) userId: 0
06-15 14:46:50.563 802 1224 V Avrcp : MSG_UPDATE_MEDIA
06-15 14:46:50.563 802 1224 V Avrcp : updatePlaybackState (1): -1Ô×í1(PlaybackState {state=3, position=0, buffered position=0, speed=1.0, updated=368232413, actions=-1, custom actions=[], active item id=-1, error=null})
06-15 14:46:50.564 802 1224 V Avrcp : Media update: id -1Ô×í-1? [MediaAttributes: ZÔï»n - by (0 0/0) ]
06-15 14:46:50.564 802 1224 D Avrcp : sendPlayPosNotificationRsp: Not registered or requesting.
06-15 14:46:50.595 11322 11322 D NowPlayingListener: onPlaybackStateChanged: PlaybackState {state=3, position=12752, buffered position=0, speed=1.0, updated=368232444, actions=-1, custom actions=[], active item id=-1, error=null}
06-15 14:46:50.595 802 1224 V Avrcp : onPlaybackStateChanged: state PlaybackState {state=3, position=12752, buffered position=0, speed=1.0, updated=368232444, actions=-1, custom actions=[], active item id=-1, error=null}
06-15 14:46:50.595 11322 11322 D NowPlayingManager: onClientPlaybackStateUpdate() called with: state = [3], stateChangeTimeMs = [368232444], currentPosMs = [12752]
06-15 14:46:50.595 11322 11322 D NowPlayingManager: onClientPlaybackStateUpdate: Skipped update, state: 3 was unchanged
06-15 14:46:50.597 11322 11322 D NowPlayingManager: onMediaDataUpdated() called with: mediaData = [com.google.android.tvrecommendations.NowPlayingData@4b73c71]
06-15 14:46:50.604 11322 11322 D TVNotifService: onTVNotificationPosted StatusBarNotification(pkg=com.google.android.tvrecommendations user=UserHandle{0} id=4321 tag=Notification.NowPlaying key=0|com.google.android.tvrecommendations|4321|Notification.NowPlaying|10087: Notification(channel=now_playing pri=0 contentView=null vibrate=null sound=null defaults=0x0 flags=0x0 color=0x00000000 vis=PRIVATE)) userId: 0
06-15 14:46:51.111 802 1224 V Avrcp : onPlaybackStateChanged: state PlaybackState {state=3, position=13236, buffered position=0, speed=1.0, updated=368232960, actions=-1, custom actions=[], active item id=-1, error=null}
06-15 14:46:51.112 11322 11322 D NowPlayingListener: onPlaybackStateChanged: PlaybackState {state=3, position=13236, buffered position=0, speed=1.0, updated=368232960, actions=-1, custom actions=[], active item id=-1, error=null}
06-15 14:46:51.112 11322 11322 D NowPlayingManager: onClientPlaybackStateUpdate() called with: state = [3], stateChangeTimeMs = [368232960], currentPosMs = [13236]
06-15 14:46:51.112 11322 11322 D NowPlayingManager: onClientPlaybackStateUpdate: Skipped update, state: 3 was unchanged
06-15 14:46:51.114 11322 11322 D NowPlayingManager: onMediaDataUpdated() called with: mediaData = [com.google.android.tvrecommendations.NowPlayingData@ee1dad7]
06-15 14:46:51.123 11322 11322 D TVNotifService: onTVNotificationPosted StatusBarNotification(pkg=com.google.android.tvrecommendations user=UserHandle{0} id=4321 tag=Notification.NowPlaying key=0|com.google.android.tvrecommendations|4321|Notification.NowPlaying|10087: Notification(channel=now_playing pri=0 contentView=null vibrate=null sound=null defaults=0x0 flags=0x0 color=0x00000000 vis=PRIVATE)) userId: 0
06-15 14:46:51.596 802 1224 V Avrcp : MSG_UPDATE_MEDIA
06-15 14:46:51.597 802 1224 V Avrcp : updatePlaybackState (1): -1Ô×í1(PlaybackState {state=3, position=0, buffered position=0, speed=1.0, updated=368233446, actions=-1, custom actions=[], active item id=-1, error=null})
06-15 14:46:51.598 802 1224 V Avrcp : Media update: id -1Ô×í-1? [MediaAttributes: ZÔï»n - by (0 0/0) ]
06-15 14:46:51.598 802 1224 D Avrcp : sendPlayPosNotificationRsp: Not registered or requesting.
06-15 14:46:51.612 11322 11322 D NowPlayingListener: onPlaybackStateChanged: PlaybackState {state=3, position=13711, buffered position=0, speed=1.0, updated=368233461, actions=-1, custom actions=[], active item id=-1, error=null}
06-15 14:46:51.612 802 1224 V Avrcp : onPlaybackStateChanged: state PlaybackState {state=3, position=13711, buffered position=0, speed=1.0, updated=368233461, actions=-1, custom actions=[], active item id=-1, error=null}
06-15 14:46:51.612 11322 11322 D NowPlayingManager: onClientPlaybackStateUpdate() called with: state = [3], stateChangeTimeMs = [368233461], currentPosMs = [13711]
06-15 14:46:51.612 11322 11322 D NowPlayingManager: onClientPlaybackStateUpdate: Skipped update, state: 3 was unchanged
06-15 14:46:51.613 11322 11322 D NowPlayingManager: onMediaDataUpdated() called with: mediaData = [com.google.android.tvrecommendations.NowPlayingData@6322ead]
06-15 14:46:51.620 11322 11322 D TVNotifService: onTVNotificationPosted StatusBarNotification(pkg=com.google.android.tvrecommendations user=UserHandle{0} id=4321 tag=Notification.NowPlaying key=0|com.google.android.tvrecommendations|4321|Notification.NowPlaying|10087: Notification(channel=now_playing pri=0 contentView=null vibrate=null sound=null defaults=0x0 flags=0x0 color=0x00000000 vis=PRIVATE)) userId: 0
06-15 14:46:52.129 802 1224 V Avrcp : onPlaybackStateChanged: state PlaybackState {state=3, position=14198, buffered position=0, speed=1.0, updated=368233978, actions=-1, custom actions=[], active item id=-1, error=null}
06-15 14:46:52.129 11322 11322 D NowPlayingListener: onPlaybackStateChanged: PlaybackState {state=3, position=14198, buffered position=0, speed=1.0, updated=368233978, actions=-1, custom actions=[], active item id=-1, error=null}
06-15 14:46:52.129 11322 11322 D NowPlayingManager: onClientPlaybackStateUpdate() called with: state = [3], stateChangeTimeMs = [368233978], currentPosMs = [14198]
06-15 14:46:52.129 11322 11322 D NowPlayingManager: onClientPlaybackStateUpdate: Skipped update, state: 3 was unchanged
06-15 14:46:52.131 11322 11322 D NowPlayingManager: onMediaDataUpdated() called with: mediaData = [com.google.android.tvrecommendations.NowPlayingData@1ff4d73]
06-15 14:46:52.140 11322 11322 D TVNotifService: onTVNotificationPosted StatusBarNotification(pkg=com.google.android.tvrecommendations user=UserHandle{0} id=4321 tag=Notification.NowPlaying key=0|com.google.android.tvrecommendations|4321|Notification.NowPlaying|10087: Notification(channel=now_playing pri=0 contentView=null vibrate=null sound=null defaults=0x0 flags=0x0 color=0x00000000 vis=PRIVATE)) userId: 0
06-15 14:46:52.612 802 1224 V Avrcp : MSG_UPDATE_MEDIA
06-15 14:46:52.612 802 1224 V Avrcp : updatePlaybackState (1): -1Ô×í1(PlaybackState {state=3, position=0, buffered position=0, speed=1.0, updated=368234462, actions=-1, custom actions=[], active item id=-1, error=null})
06-15 14:46:52.613 802 1224 V Avrcp : Media update: id -1Ô×í-1? [MediaAttributes: ZÔï»n - by (0 0/0) ]
06-15 14:46:52.613 802 1224 D Avrcp : sendPlayPosNotificationRsp: Not registered or requesting.
06-15 14:46:52.631 802 1224 V Avrcp : onPlaybackStateChanged: state PlaybackState {state=3, position=14678, buffered position=0, speed=1.0, updated=368234480, actions=-1, custom actions=[], active item id=-1, error=null}
06-15 14:46:52.631 11322 11322 D NowPlayingListener: onPlaybackStateChanged: PlaybackState {state=3, position=14678, buffered position=0, speed=1.0, updated=368234480, actions=-1, custom actions=[], active item id=-1, error=null}
06-15 14:46:52.631 11322 11322 D NowPlayingManager: onClientPlaybackStateUpdate() called with: state = [3], stateChangeTimeMs = [368234480], currentPosMs = [14678]
06-15 14:46:52.631 11322 11322 D NowPlayingManager: onClientPlaybackStateUpdate: Skipped update, state: 3 was unchanged
06-15 14:46:52.634 11322 11322 D NowPlayingManager: onMediaDataUpdated() called with: mediaData = [com.google.android.tvrecommendations.NowPlayingData@2f008a9]
06-15 14:46:52.644 11322 11322 D TVNotifService: onTVNotificationPosted StatusBarNotification(pkg=com.google.android.tvrecommendations user=UserHandle{0} id=4321 tag=Notification.NowPlaying key=0|com.google.android.tvrecommendations|4321|Notification.NowPlaying|10087: Notification(channel=now_playing pri=0 contentView=null vibrate=null sound=null defaults=0x0 flags=0x0 color=0x00000000 vis=PRIVATE)) userId: 0
06-15 14:46:53.133 11322 11322 D NowPlayingListener: onPlaybackStateChanged: PlaybackState {state=3, position=15193, buffered position=0, speed=1.0, updated=368234981, actions=-1, custom actions=[], active item id=-1, error=null}
06-15 14:46:53.133 802 1224 V Avrcp : onPlaybackStateChanged: state PlaybackState {state=3, position=15193, buffered position=0, speed=1.0, updated=368234981, actions=-1, custom actions=[], active item id=-1, error=null}
06-15 14:46:53.133 11322 11322 D NowPlayingManager: onClientPlaybackStateUpdate() called with: state = [3], stateChangeTimeMs = [368234981], currentPosMs = [15193]
06-15 14:46:53.133 11322 11322 D NowPlayingManager: onClientPlaybackStateUpdate: Skipped update, state: 3 was unchanged
06-15 14:46:53.135 11322 11322 D NowPlayingManager: onMediaDataUpdated() called with: mediaData = [com.google.android.tvrecommendations.NowPlayingData@a774dcf]
06-15 14:46:53.147 11322 11322 D TVNotifService: onTVNotificationPosted StatusBarNotification(pkg=com.google.android.tvrecommendations user=UserHandle{0} id=4321 tag=Notification.NowPlaying key=0|com.google.android.tvrecommendations|4321|Notification.NowPlaying|10087: Notification(channel=now_playing pri=0 contentView=null vibrate=null sound=null defaults=0x0 flags=0x0 color=0x00000000 vis=PRIVATE)) userId: 0
06-15 14:46:53.322 700 761 D WindowManager: handleComboKeys keyCode: 66, keyAction: 0
06-15 14:46:53.322 700 761 D WindowManager: handleComboKeys keyCode: 66, keyAction: 1
06-15 14:46:53.323 22018 22038 V Kodi : process_input: Failure reading next input event: Try again
06-15 14:46:53.324 22018 22038 V Kodi : CAndroidKey: key down (dev:3; src:769; code: 66; repeat: 0; flags: 0x8; alt: no; shift: no; sym: no)
06-15 14:46:53.325 22018 22038 V Kodi : process_input: Failure reading next input event: Try again
06-15 14:46:53.325 22018 22038 V Kodi : CAndroidKey: key up (dev:3; src:769; code: 66; repeat: 0; flags: 0x8; alt: no; shift: no; sym: no)
06-15 14:46:53.632 802 1224 V Avrcp : MSG_UPDATE_MEDIA
06-15 14:46:53.633 802 1224 V Avrcp : updatePlaybackState (1): -1Ô×í1(PlaybackState {state=3, position=0, buffered position=0, speed=1.0, updated=368235482, actions=-1, custom actions=[], active item id=-1, error=null})
06-15 14:46:53.634 802 1224 V Avrcp : Media update: id -1Ô×í-1? [MediaAttributes: ZÔï»n - by (0 0/0) ]
06-15 14:46:53.634 802 1224 D Avrcp : sendPlayPosNotificationRsp: Not registered or requesting.
06-15 14:46:53.651 802 1224 V Avrcp : onPlaybackStateChanged: state PlaybackState {state=3, position=15915, buffered position=0, speed=1.0, updated=368235496, actions=-1, custom actions=[], active item id=-1, error=null}
06-15 14:46:53.651 11322 11322 D NowPlayingListener: onPlaybackStateChanged: PlaybackState {state=3, position=15915, buffered position=0, speed=1.0, updated=368235496, actions=-1, custom actions=[], active item id=-1, error=null}
06-15 14:46:53.651 11322 11322 D NowPlayingManager: onClientPlaybackStateUpdate() called with: state = [3], stateChangeTimeMs = [368235496], currentPosMs = [15915]
06-15 14:46:53.651 11322 11322 D NowPlayingManager: onClientPlaybackStateUpdate: Skipped update, state: 3 was unchanged
06-15 14:46:53.655 11322 11322 D NowPlayingManager: onMediaDataUpdated() called with: mediaData = [com.google.android.tvrecommendations.NowPlayingData@e978665]
06-15 14:46:53.665 11322 11322 D TVNotifService: onTVNotificationPosted StatusBarNotification(pkg=com.google.android.tvrecommendations user=UserHandle{0} id=4321 tag=Notification.NowPlaying key=0|com.google.android.tvrecommendations|4321|Notification.NowPlaying|10087: Notification(channel=now_playing pri=0 contentView=null vibrate=null sound=null defaults=0x0 flags=0x0 color=0x00000000 vis=PRIVATE)) userId: 0
06-15 14:46:54.163 11322 11322 D NowPlayingListener: onPlaybackStateChanged: PlaybackState {state=3, position=16381, buffered position=0, speed=1.0, updated=368236012, actions=-1, custom actions=[], active item id=-1, error=null}
06-15 14:46:54.163 11322 11322 D NowPlayingManager: onClientPlaybackStateUpdate() called with: state = [3], stateChangeTimeMs = [368236012], currentPosMs = [16381]
06-15 14:46:54.163 11322 11322 D NowPlayingManager: onClientPlaybackStateUpdate: Skipped update, state: 3 was unchanged
06-15 14:46:54.163 802 1224 V Avrcp : onPlaybackStateChanged: state PlaybackState {state=3, position=16381, buffered position=0, speed=1.0, updated=368236012, actions=-1, custom actions=[], active item id=-1, error=null}
06-15 14:46:54.165 11322 11322 D NowPlayingManager: onMediaDataUpdated() called with: mediaData = [com.google.android.tvrecommendations.NowPlayingData@cc4f7eb]
06-15 14:46:54.172 11322 11322 D TVNotifService: onTVNotificationPosted StatusBarNotification(pkg=com.google.android.tvrecommendations user=UserHandle{0} id=4321 tag=Notification.NowPlaying key=0|com.google.android.tvrecommendations|4321|Notification.NowPlaying|10087: Notification(channel=now_playing pri=0 contentView=null vibrate=null sound=null defaults=0x0 flags=0x0 color=0x00000000 vis=PRIVATE)) userId: 0
06-15 14:46:54.652 802 1224 V Avrcp : MSG_UPDATE_MEDIA
06-15 14:46:54.652 802 1224 V Avrcp : updatePlaybackState (1): -1Ô×í1(PlaybackState {state=3, position=0, buffered position=0, speed=1.0, updated=368236502, actions=-1, custom actions=[], active item id=-1, error=null})
06-15 14:46:54.653 802 1224 V Avrcp : Media update: id -1Ô×í-1? [MediaAttributes: ZÔï»n - by (0 0/0) ]
06-15 14:46:54.653 802 1224 D Avrcp : sendPlayPosNotificationRsp: Not registered or requesting.
06-15 14:46:54.668 802 1224 V Avrcp : onPlaybackStateChanged: state PlaybackState {state=3, position=16944, buffered position=0, speed=1.0, updated=368236517, actions=-1, custom actions=[], active item id=-1, error=null}
06-15 14:46:54.668 11322 11322 D NowPlayingListener: onPlaybackStateChanged: PlaybackState {state=3, position=16944, buffered position=0, speed=1.0, updated=368236517, actions=-1, custom actions=[], active item id=-1, error=null}
06-15 14:46:54.668 11322 11322 D NowPlayingManager: onClientPlaybackStateUpdate() called with: state = [3], stateChangeTimeMs = [368236517], currentPosMs = [16944]
06-15 14:46:54.669 11322 11322 D NowPlayingManager: onClientPlaybackStateUpdate: Skipped update, state: 3 was unchanged
06-15 14:46:54.670 11322 11322 D NowPlayingManager: onMediaDataUpdated() called with: mediaData = [com.google.android.tvrecommendations.NowPlayingData@67f23e1]
06-15 14:46:54.677 11322 11322 D TVNotifService: onTVNotificationPosted StatusBarNotification(pkg=com.google.android.tvrecommendations user=UserHandle{0} id=4321 tag=Notification.NowPlaying key=0|com.google.android.tvrecommendations|4321|Notification.NowPlaying|10087: Notification(channel=now_playing pri=0 contentView=null vibrate=null sound=null defaults=0x0 flags=0x0 color=0x00000000 vis=PRIVATE)) userId: 0
06-15 14:46:55.099 700 761 D WindowManager: handleComboKeys keyCode: 22, keyAction: 0
06-15 14:46:55.100 22018 22038 V Kodi : process_input: Failure reading next input event: Try again
06-15 14:46:55.101 22018 22038 V Kodi : CAndroidKey: key down (dev:3; src:769; code: 22; repeat: 0; flags: 0x8; alt: no; shift: no; sym: no)
06-15 14:46:55.182 11322 11322 D NowPlayingListener: onPlaybackStateChanged: PlaybackState {state=3, position=17259, buffered position=0, speed=1.0, updated=368237031, actions=-1, custom actions=[], active item id=-1, error=null}
06-15 14:46:55.182 11322 11322 D NowPlayingManager: onClientPlaybackStateUpdate() called with: state = [3], stateChangeTimeMs = [368237031], currentPosMs = [17259]
06-15 14:46:55.182 11322 11322 D NowPlayingManager: onClientPlaybackStateUpdate: Skipped update, state: 3 was unchanged
06-15 14:46:55.182 802 1224 V Avrcp : onPlaybackStateChanged: state PlaybackState {state=3, position=17259, buffered position=0, speed=1.0, updated=368237031, actions=-1, custom actions=[], active item id=-1, error=null}
06-15 14:46:55.182 11322 11322 D NowPlayingManager: onClientPlaybackStateUpdate: Skipped update, state: 3 was unchanged
06-15 14:46:55.183 11322 11322 D NowPlayingManager: onMediaDataUpdated() called with: mediaData = [com.google.android.tvrecommendations.NowPlayingData@ff927c7]
06-15 14:46:55.189 11322 11322 D TVNotifService: onTVNotificationPosted StatusBarNotification(pkg=com.google.android.tvrecommendations user=UserHandle{0} id=4321 tag=Notification.NowPlaying key=0|com.google.android.tvrecommendations|4321|Notification.NowPlaying|10087: Notification(channel=now_playing pri=0 contentView=null vibrate=null sound=null defaults=0x0 flags=0x0 color=0x00000000 vis=PRIVATE)) userId: 0
06-15 14:46:55.281 700 761 D WindowManager: handleComboKeys keyCode: 22, keyAction: 1
06-15 14:46:55.283 22018 22038 V Kodi : process_input: Failure reading next input event: Try again
06-15 14:46:55.284 22018 22038 V Kodi : CAndroidKey: key up (dev:3; src:769; code: 22; repeat: 0; flags: 0x8; alt: no; shift: no; sym: no)
06-15 14:46:55.413 700 761 D WindowManager: handleComboKeys keyCode: 22, keyAction: 0
06-15 14:46:55.414 22018 22038 V Kodi : process_input: Failure reading next input event: Try again
06-15 14:46:55.414 22018 22038 V Kodi : CAndroidKey: key down (dev:3; src:769; code: 22; repeat: 0; flags: 0x8; alt: no; shift: no; sym: no)
06-15 14:46:55.562 700 761 D WindowManager: handleComboKeys keyCode: 22, keyAction: 1
06-15 14:46:55.563 22018 22038 V Kodi : process_input: Failure reading next input event: Try again
06-15 14:46:55.564 22018 22038 V Kodi : CAndroidKey: key up (dev:3; src:769; code: 22; repeat: 0; flags: 0x8; alt: no; shift: no; sym: no)
06-15 14:46:55.669 802 1224 V Avrcp : MSG_UPDATE_MEDIA
06-15 14:46:55.669 802 1224 V Avrcp : updatePlaybackState (1): -1Ô×í1(PlaybackState {state=3, position=0, buffered position=0, speed=1.0, updated=368237518, actions=-1, custom actions=[], active item id=-1, error=null})
06-15 14:46:55.670 802 1224 V Avrcp : Media update: id -1Ô×í-1? [MediaAttributes: ZÔï»n - by (0 0/0) ]
06-15 14:46:55.670 802 1224 D Avrcp : sendPlayPosNotificationRsp: Not registered or requesting.
06-15 14:46:55.683 11322 11322 D NowPlayingListener: onPlaybackStateChanged: PlaybackState {state=3, position=17868, buffered position=0, speed=1.0, updated=368237532, actions=-1, custom actions=[], active item id=-1, error=null}
06-15 14:46:55.683 11322 11322 D NowPlayingManager: onClientPlaybackStateUpdate() called with: state = [3], stateChangeTimeMs = [368237532], currentPosMs = [17868]
06-15 14:46:55.683 11322 11322 D NowPlayingManager: onClientPlaybackStateUpdate: Skipped update, state: 3 was unchanged
06-15 14:46:55.683 802 1224 V Avrcp : onPlaybackStateChanged: state PlaybackState {state=3, position=17868, buffered position=0, speed=1.0, updated=368237532, actions=-1, custom actions=[], active item id=-1, error=null}
06-15 14:46:55.685 11322 11322 D NowPlayingManager: onMediaDataUpdated() called with: mediaData = [com.google.android.tvrecommendations.NowPlayingData@ce91d1d]
06-15 14:46:55.696 11322 11322 D TVNotifService: onTVNotificationPosted StatusBarNotification(pkg=com.google.android.tvrecommendations user=UserHandle{0} id=4321 tag=Notification.NowPlaying key=0|com.google.android.tvrecommendations|4321|Notification.NowPlaying|10087: Notification(channel=now_playing pri=0 contentView=null vibrate=null sound=null defaults=0x0 flags=0x0 color=0x00000000 vis=PRIVATE)) userId: 0
06-15 14:46:55.704 700 761 D WindowManager: handleComboKeys keyCode: 22, keyAction: 0
06-15 14:46:55.705 22018 22038 V Kodi : process_input: Failure reading next input event: Try again
06-15 14:46:55.706 22018 22038 V Kodi : CAndroidKey: key down (dev:3; src:769; code: 22; repeat: 0; flags: 0x8; alt: no; shift: no; sym: no)
06-15 14:46:55.785 700 761 D WindowManager: handleComboKeys keyCode: 22, keyAction: 1
06-15 14:46:55.787 22018 22038 V Kodi : process_input: Failure reading next input event: Try again
06-15 14:46:55.787 22018 22038 V Kodi : CAndroidKey: key up (dev:3; src:769; code: 22; repeat: 0; flags: 0x8; alt: no; shift: no; sym: no)
06-15 14:46:55.939 700 761 D WindowManager: handleComboKeys keyCode: 22, keyAction: 0
06-15 14:46:55.940 22018 22038 V Kodi : process_input: Failure reading next input event: Try again
06-15 14:46:55.941 22018 22038 V Kodi : CAndroidKey: key down (dev:3; src:769; code: 22; repeat: 0; flags: 0x8; alt: no; shift: no; sym: no)
06-15 14:46:56.063 700 713 I ProcessStatsService: Pruning old procstats: /data/system/procstats/state-2018-06-14-11-43-04.bin
06-15 14:46:56.077 700 761 D WindowManager: handleComboKeys keyCode: 22, keyAction: 1
06-15 14:46:56.079 22018 22038 V Kodi : process_input: Failure reading next input event: Try again
06-15 14:46:56.080 22018 22038 V Kodi : CAndroidKey: key up (dev:3; src:769; code: 22; repeat: 0; flags: 0x8; alt: no; shift: no; sym: no)
06-15 14:46:56.197 11322 11322 D NowPlayingListener: onPlaybackStateChanged: PlaybackState {state=3, position=18200, buffered position=0, speed=1.0, updated=368238046, actions=-1, custom actions=[], active item id=-1, error=null}
06-15 14:46:56.197 11322 11322 D NowPlayingManager: onClientPlaybackStateUpdate() called with: state = [3], stateChangeTimeMs = [368238046], currentPosMs = [18200]
06-15 14:46:56.197 11322 11322 D NowPlayingManager: onClientPlaybackStateUpdate: Skipped update, state: 3 was unchanged
06-15 14:46:56.197 802 1224 V Avrcp : onPlaybackStateChanged: state PlaybackState {state=3, position=18200, buffered position=0, speed=1.0, updated=368238046, actions=-1, custom actions=[], active item id=-1, error=null}
06-15 14:46:56.199 11322 11322 D NowPlayingManager: onMediaDataUpdated() called with: mediaData = [com.google.android.tvrecommendations.NowPlayingData@1567963]
06-15 14:46:56.206 11322 11322 D TVNotifService: onTVNotificationPosted StatusBarNotification(pkg=com.google.android.tvrecommendations user=UserHandle{0} id=4321 tag=Notification.NowPlaying key=0|com.google.android.tvrecommendations|4321|Notification.NowPlaying|10087: Notification(channel=now_playing pri=0 contentView=null vibrate=null sound=null defaults=0x0 flags=0x0 color=0x00000000 vis=PRIVATE)) userId: 0
06-15 14:46:56.289 700 761 D WindowManager: handleComboKeys keyCode: 22, keyAction: 0
06-15 14:46:56.290 22018 22038 V Kodi : process_input: Failure reading next input event: Try again
06-15 14:46:56.290 22018 22038 V Kodi : CAndroidKey: key down (dev:3; src:769; code: 22; repeat: 0; flags: 0x8; alt: no; shift: no; sym: no)
06-15 14:46:56.462 700 761 D WindowManager: handleComboKeys keyCode: 22, keyAction: 1
06-15 14:46:56.463 22018 22038 V Kodi : process_input: Failure reading next input event: Try again
06-15 14:46:56.464 22018 22038 V Kodi : CAndroidKey: key up (dev:3; src:769; code: 22; repeat: 0; flags: 0x8; alt: no; shift: no; sym: no)
06-15 14:46:56.565 700 761 D WindowManager: handleComboKeys keyCode: 22, keyAction: 0
06-15 14:46:56.567 22018 22038 V Kodi : process_input: Failure reading next input event: Try again
06-15 14:46:56.567 22018 22038 V Kodi : CAndroidKey: key down (dev:3; src:769; code: 22; repeat: 0; flags: 0x8; alt: no; shift: no; sym: no)
06-15 14:46:56.683 802 1224 V Avrcp : MSG_UPDATE_MEDIA
06-15 14:46:56.684 802 1224 V Avrcp : updatePlaybackState (1): -1Ô×í1(PlaybackState {state=3, position=0, buffered position=0, speed=1.0, updated=368238533, actions=-1, custom actions=[], active item id=-1, error=null})
06-15 14:46:56.684 802 1224 V Avrcp : Media update: id -1Ô×í-1? [MediaAttributes: ZÔï»n - by (0 0/0) ]
06-15 14:46:56.684 802 1224 D Avrcp : sendPlayPosNotificationRsp: Not registered or requesting.
06-15 14:46:56.713 802 1224 V Avrcp : onPlaybackStateChanged: state PlaybackState {state=3, position=18895, buffered position=0, speed=1.0, updated=368238562, actions=-1, custom actions=[], active item id=-1, error=null}
06-15 14:46:56.713 11322 11322 D NowPlayingListener: onPlaybackStateChanged: PlaybackState {state=3, position=18895, buffered position=0, speed=1.0, updated=368238562, actions=-1, custom actions=[], active item id=-1, error=null}
06-15 14:46:56.713 11322 11322 D NowPlayingManager: onClientPlaybackStateUpdate() called with: state = [3], stateChangeTimeMs = [368238562], currentPosMs = [18895]
06-15 14:46:56.713 11322 11322 D NowPlayingManager: onClientPlaybackStateUpdate: Skipped update, state: 3 was unchanged
06-15 14:46:56.715 11322 11322 D NowPlayingManager: onMediaDataUpdated() called with: mediaData = [com.google.android.tvrecommendations.NowPlayingData@bff6e19]
06-15 14:46:56.723 11322 11322 D TVNotifService: onTVNotificationPosted StatusBarNotification(pkg=com.google.android.tvrecommendations user=UserHandle{0} id=4321 tag=Notification.NowPlaying key=0|com.google.android.tvrecommendations|4321|Notification.NowPlaying|10087: Notification(channel=now_playing pri=0 contentView=null vibrate=null sound=null defaults=0x0 flags=0x0 color=0x00000000 vis=PRIVATE)) userId: 0
06-15 14:46:56.753 700 761 D WindowManager: handleComboKeys keyCode: 22, keyAction: 1
06-15 14:46:56.754 22018 22038 V Kodi : process_input: Failure reading next input event: Try again
06-15 14:46:56.754 22018 22038 V Kodi : CAndroidKey: key up (dev:3; src:769; code: 22; repeat: 0; flags: 0x8; alt: no; shift: no; sym: no)
06-15 14:46:56.999 700 761 D WindowManager: handleComboKeys keyCode: 22, keyAction: 0
