06-15 14:47:40.110 14870 23207 D Retrofit: --> GET https://static.nvidiagrid.net/apps/13149111/GB/13149111_GB.json http/1.1
06-15 14:47:40.154 14870 23192 D Retrofit: <-- 200 https://static.nvidiagrid.net/apps/11661111/11661111_meta.json (164ms, 4395-byte body)
06-15 14:47:40.155 14870 23192 D Retrofit: --> GET https://static.nvidiagrid.net/apps/11661111/11661111_de_DE.json http/1.1
06-15 14:47:40.155 14870 23217 D Retrofit: <-- 200 https://static.nvidiagrid.net/apps/13150111/13150111_de_DE.json (143ms, 1005-byte body)
06-15 14:47:40.155 14870 23217 D Retrofit: --> GET https://static.nvidiagrid.net/apps/13150111/GB/13150111_GB.json http/1.1
06-15 14:47:40.157 14870 23216 D Retrofit: <-- 200 https://static.nvidiagrid.net/apps/15321111/GB/15321111_GB.json (117ms, 2430-byte body)
06-15 14:47:40.158 14870 23214 D Retrofit: <-- 200 https://static.nvidiagrid.net/apps/15314111/GB/15314111_GB.json (117ms, 2418-byte body)
06-15 14:47:40.159 14870 23216 D Retrofit: --> GET https://static.nvidiagrid.net/apps/11027111/11027111_meta.json http/1.1
06-15 14:47:40.167 14870 23219 D Retrofit: <-- 200 https://static.nvidiagrid.net/apps/11695111/11695111_de_DE.json (109ms, 1156-byte body)
06-15 14:47:40.167 14870 23219 D Retrofit: --> GET https://static.nvidiagrid.net/apps/11695111/GB/11695111_GB.json http/1.1
06-15 14:47:40.169 14870 23214 D Retrofit: --> GET https://static.nvidiagrid.net/apps/10959111/10959111_meta.json http/1.1
06-15 14:47:40.170 14870 23213 D Retrofit: <-- 200 https://static.nvidiagrid.net/apps/12547111/12547111_de_DE.json (115ms, 1783-byte body)
06-15 14:47:40.171 14870 23213 D Retrofit: --> GET https://static.nvidiagrid.net/apps/12547111/GB/12547111_GB.json http/1.1
06-15 14:47:40.189 14870 23224 D Retrofit: <-- 200 https://static.nvidiagrid.net/apps/13553111/GB/13553111_GB.json (144ms, 2757-byte body)
06-15 14:47:40.190 14870 23224 D Retrofit: --> GET https://static.nvidiagrid.net/apps/10875111/10875111_meta.json http/1.1
06-15 14:47:40.191 14870 23211 D Retrofit: <-- 200 https://static.nvidiagrid.net/apps/18639011/GB/18639011_GB.json (387ms, 2415-byte body)
06-15 14:47:40.197 14870 23223 D Retrofit: <-- 200 https://static.nvidiagrid.net/apps/12612111/12612111_de_DE.json (157ms, 1011-byte body)
06-15 14:47:40.200 14870 23223 D Retrofit: --> GET https://static.nvidiagrid.net/apps/12612111/GB/12612111_GB.json http/1.1
06-15 14:47:40.201 14870 23212 D Retrofit: <-- 200 https://static.nvidiagrid.net/apps/14539111/GB/14539111_GB.json (117ms, 2750-byte body)
06-15 14:47:40.209 14870 23207 D Retrofit: <-- 200 https://static.nvidiagrid.net/apps/13149111/GB/13149111_GB.json (98ms, 2268-byte body)
06-15 14:47:40.210 14870 23227 D Retrofit: <-- 200 https://static.nvidiagrid.net/apps/11915111/11915111_de_DE.json (153ms, 1262-byte body)
06-15 14:47:40.211 14870 23227 D Retrofit: --> GET https://static.nvidiagrid.net/apps/11915111/GB/11915111_GB.json http/1.1
06-15 14:47:40.212 802 1224 V Avrcp : MSG_UPDATE_MEDIA
06-15 14:47:40.213 802 1224 V Avrcp : updatePlaybackState (1): -1Ô×í1(PlaybackState {state=3, position=16096, buffered position=0, speed=1.0, updated=368282062, actions=-1, custom actions=[], active item id=-1, error=null})
06-15 14:47:40.214 14870 23209 D Retrofit: <-- 200 https://static.nvidiagrid.net/apps/11668111/11668111_de_DE.json (124ms, 4494-byte body)
06-15 14:47:40.214 802 1224 V Avrcp : Media update: id -1Ô×í-1? [MediaAttributes: DÔï»n - by (16096 0/0) ]
06-15 14:47:40.214 802 1224 D Avrcp : sendPlayPosNotificationRsp: Not registered or requesting.
06-15 14:47:40.214 14870 23209 D Retrofit: --> GET https://static.nvidiagrid.net/apps/11668111/GB/11668111_GB.json http/1.1
06-15 14:47:40.215 14870 23220 D Retrofit: <-- 200 https://static.nvidiagrid.net/apps/11436111/11436111_de_DE.json (129ms, 936-byte body)
06-15 14:47:40.216 14870 23220 D Retrofit: --> GET https://static.nvidiagrid.net/apps/11436111/GB/11436111_GB.json http/1.1
06-15 14:47:40.223 14870 23221 D Retrofit: <-- 200 https://static.nvidiagrid.net/apps/12443111/12443111_de_DE.json (167ms, 954-byte body)
06-15 14:47:40.223 14870 23221 D Retrofit: --> GET https://static.nvidiagrid.net/apps/12443111/GB/12443111_GB.json http/1.1
06-15 14:47:40.224 14870 23210 D Retrofit: <-- 200 https://static.nvidiagrid.net/apps/14138111/GB/14138111_GB.json (133ms, 3106-byte body)
06-15 14:47:40.227 11322 11322 D NowPlayingListener: onPlaybackStateChanged: PlaybackState {state=3, position=19013, buffered position=0, speed=1.0, updated=368282076, actions=-1, custom actions=[], active item id=-1, error=null}
06-15 14:47:40.227 802 1224 V Avrcp : onPlaybackStateChanged: state PlaybackState {state=3, position=19013, buffered position=0, speed=1.0, updated=368282076, actions=-1, custom actions=[], active item id=-1, error=null}
06-15 14:47:40.227 11322 11322 D NowPlayingManager: onClientPlaybackStateUpdate() called with: state = [3], stateChangeTimeMs = [368282076], currentPosMs = [19013]
06-15 14:47:40.228 11322 11322 D NowPlayingManager: onClientPlaybackStateUpdate: Skipped update, state: 3 was unchanged
06-15 14:47:40.230 11322 11322 D NowPlayingManager: onMediaDataUpdated() called with: mediaData = [com.google.android.tvrecommendations.NowPlayingData@4814b07]
06-15 14:47:40.232 14870 23218 D Retrofit: <-- 200 https://static.nvidiagrid.net/apps/11170111/11170111_de_DE.json (118ms, 1561-byte body)
06-15 14:47:40.232 14870 23218 D Retrofit: --> GET https://static.nvidiagrid.net/apps/11170111/GB/11170111_GB.json http/1.1
06-15 14:47:40.233 14870 23216 D Retrofit: <-- 200 https://static.nvidiagrid.net/apps/11027111/11027111_meta.json (74ms, 4386-byte body)
06-15 14:47:40.234 14870 23216 D Retrofit: --> GET https://static.nvidiagrid.net/apps/11027111/11027111_de_DE.json http/1.1
06-15 14:47:40.235 14870 23222 D Retrofit: <-- 200 https://static.nvidiagrid.net/apps/13331111/GB/13331111_GB.json (130ms, 2407-byte body)
06-15 14:47:40.238 14870 23213 D Retrofit: <-- 200 https://static.nvidiagrid.net/apps/12547111/GB/12547111_GB.json (67ms, 2435-byte body)
06-15 14:47:40.240 11322 11322 D TVNotifService: onTVNotificationPosted StatusBarNotification(pkg=com.google.android.tvrecommendations user=UserHandle{0} id=4321 tag=Notification.NowPlaying key=0|com.google.android.tvrecommendations|4321|Notification.NowPlaying|10087: Notification(channel=now_playing pri=0 contentView=null vibrate=null sound=null defaults=0x0 flags=0x0 color=0x00000000 vis=PRIVATE)) userId: 0
06-15 14:47:40.264 14870 23219 D Retrofit: <-- 200 https://static.nvidiagrid.net/apps/11695111/GB/11695111_GB.json (97ms, 2427-byte body)
06-15 14:47:40.268 14870 23192 D Retrofit: <-- 200 https://static.nvidiagrid.net/apps/11661111/11661111_de_DE.json (113ms, 1160-byte body)
06-15 14:47:40.269 14870 23192 D Retrofit: --> GET https://static.nvidiagrid.net/apps/11661111/GB/11661111_GB.json http/1.1
06-15 14:47:40.271 14870 23214 D Retrofit: <-- 200 https://static.nvidiagrid.net/apps/10959111/10959111_meta.json (102ms, 3626-byte body)
06-15 14:47:40.272 14870 23214 D Retrofit: --> GET https://static.nvidiagrid.net/apps/10959111/10959111_de_DE.json http/1.1
06-15 14:47:40.274 14870 23223 D Retrofit: <-- 200 https://static.nvidiagrid.net/apps/12612111/GB/12612111_GB.json (74ms, 2570-byte body)
06-15 14:47:40.275 14870 23224 D Retrofit: <-- 200 https://static.nvidiagrid.net/apps/10875111/10875111_meta.json (84ms, 4183-byte body)
06-15 14:47:40.276 14870 23224 D Retrofit: --> GET https://static.nvidiagrid.net/apps/10875111/10875111_de_DE.json http/1.1
06-15 14:47:40.279 14870 23217 D Retrofit: <-- 200 https://static.nvidiagrid.net/apps/13150111/GB/13150111_GB.json (123ms, 2265-byte body)
06-15 14:47:40.291 14870 23227 D Retrofit: <-- 200 https://static.nvidiagrid.net/apps/11915111/GB/11915111_GB.json (80ms, 2415-byte body)
06-15 14:47:40.292 14870 23209 D Retrofit: <-- 200 https://static.nvidiagrid.net/apps/11668111/GB/11668111_GB.json (77ms, 3099-byte body)
06-15 14:47:40.297 14870 23216 D Retrofit: <-- 200 https://static.nvidiagrid.net/apps/11027111/11027111_de_DE.json (62ms, 2283-byte body)
06-15 14:47:40.301 14870 23220 D Retrofit: <-- 200 https://static.nvidiagrid.net/apps/11436111/GB/11436111_GB.json (85ms, 2421-byte body)
06-15 14:47:40.302 14870 23221 D Retrofit: <-- 200 https://static.nvidiagrid.net/apps/12443111/GB/12443111_GB.json (78ms, 2263-byte body)
06-15 14:47:40.303 14870 23216 D Retrofit: --> GET https://static.nvidiagrid.net/apps/11027111/GB/11027111_GB.json http/1.1
06-15 14:47:40.303 14870 23218 D Retrofit: <-- 200 https://static.nvidiagrid.net/apps/11170111/GB/11170111_GB.json (70ms, 2267-byte body)
06-15 14:47:40.318 14870 23192 D Retrofit: <-- 200 https://static.nvidiagrid.net/apps/11661111/GB/11661111_GB.json (49ms, 2776-byte body)
06-15 14:47:40.319 14870 23214 D Retrofit: <-- 200 https://static.nvidiagrid.net/apps/10959111/10959111_de_DE.json (47ms, 1381-byte body)
06-15 14:47:40.319 14870 23214 D Retrofit: --> GET https://static.nvidiagrid.net/apps/10959111/GB/10959111_GB.json http/1.1
06-15 14:47:40.339 14870 23216 D Retrofit: <-- 200 https://static.nvidiagrid.net/apps/11027111/GB/11027111_GB.json (36ms, 4806-byte body)
06-15 14:47:40.340 14870 23224 D Retrofit: <-- 200 https://static.nvidiagrid.net/apps/10875111/10875111_de_DE.json (63ms, 1056-byte body)
06-15 14:47:40.340 14870 23224 D Retrofit: --> GET https://static.nvidiagrid.net/apps/10875111/GB/10875111_GB.json http/1.1
06-15 14:47:40.363 14870 23214 D Retrofit: <-- 200 https://static.nvidiagrid.net/apps/10959111/GB/10959111_GB.json (43ms, 2626-byte body)
06-15 14:47:40.385 14870 23224 D Retrofit: <-- 200 https://static.nvidiagrid.net/apps/10875111/GB/10875111_GB.json (44ms, 2602-byte body)
06-15 14:47:40.716 14870 23225 D Retrofit: <-- 200 https://static.nvidiagrid.net/apps/16261111/GB/16261111_GB.json (830ms, 3102-byte body)
06-15 14:47:40.743 802 1224 V Avrcp : onPlaybackStateChanged: state PlaybackState {state=3, position=19607, buffered position=0, speed=1.0, updated=368282592, actions=-1, custom actions=[], active item id=-1, error=null}
06-15 14:47:40.743 11322 11322 D NowPlayingListener: onPlaybackStateChanged: PlaybackState {state=3, position=19607, buffered position=0, speed=1.0, updated=368282592, actions=-1, custom actions=[], active item id=-1, error=null}
06-15 14:47:40.743 11322 11322 D NowPlayingManager: onClientPlaybackStateUpdate() called with: state = [3], stateChangeTimeMs = [368282592], currentPosMs = [19607]
06-15 14:47:40.743 11322 11322 D NowPlayingManager: onClientPlaybackStateUpdate: Skipped update, state: 3 was unchanged
06-15 14:47:40.745 11322 11322 D NowPlayingManager: onMediaDataUpdated() called with: mediaData = [com.google.android.tvrecommendations.NowPlayingData@c74125d]
06-15 14:47:40.754 11322 11322 D TVNotifService: onTVNotificationPosted StatusBarNotification(pkg=com.google.android.tvrecommendations user=UserHandle{0} id=4321 tag=Notification.NowPlaying key=0|com.google.android.tvrecommendations|4321|Notification.NowPlaying|10087: Notification(channel=now_playing pri=0 contentView=null vibrate=null sound=null defaults=0x0 flags=0x0 color=0x00000000 vis=PRIVATE)) userId: 0
06-15 14:47:40.779 14870 23211 I AccountClient: getDelegateToken: Time: 59 Token eyJh...Qv2M [280]
06-15 14:47:40.785 21129 23230 D TelemetryService: event TimingWithHttpHeaders sent because of consent:FULL , event gdpr level:FUNCTIONAL , event client id:94211521738964993
06-15 14:47:40.787 14870 23211 D Retrofit: --> GET https://eu-central-2.cloudmatchbeta.nvidiagrid.net/v2/product?languageCode=de_DE&uplay=false http/1.1
06-15 14:47:40.944 426 23164 D NvOsDebugPrintf: NVMEDIA: FrameRate(for last 120 frames) = 50.000000, AvgFrameRate = 50.000000
06-15 14:47:40.957 700 1514 D WificondControl: Scan result ready event
06-15 14:47:40.967 1321 1321 D BlakeWifiIntentManager: SCAN_RESULTS_AVAILABLE_ACTION
06-15 14:47:40.985 700 700 D PackageManager - AppHiding: OnLocationChanged, Country code : DE
06-15 14:47:40.987 1308 887 W ctxmgr : [AclManager]No 2 for (accnt=account#1846457872#, com.google.android.gms(10010):UserLocationProducer, vrsn=12685000, 0, 3pPkg = null , 3pMdlId = null , pid = 1308). Was: 2 for 1, account#1846457872#
06-15 14:47:41.042 700 761 D WindowManager: handleComboKeys keyCode: 111, keyAction: 0
06-15 14:47:41.046 22018 22038 V Kodi : process_input: Failure reading next input event: Try again
06-15 14:47:41.047 22018 22038 V Kodi : CAndroidKey: key down (dev:3; src:769; code: 111; repeat: 0; flags: 0x8; alt: no; shift: no; sym: no)
06-15 14:47:41.080 14870 23211 D Retrofit: <-- 200 OK https://eu-central-2.cloudmatchbeta.nvidiagrid.net/v2/product?languageCode=de_DE&uplay=false (292ms, 4675-byte body)
06-15 14:47:41.100 14870 23211 D BifrostClient: request statusCode : SUCCESS_STATUS
06-15 14:47:41.101 14870 23191 D ContentHelper: State transition on class: com.nvidia.pgcontentprovider.a.n
06-15 14:47:41.101 14870 23191 D ContentHelper: From state: STATE_READY, with action: Download_Success
06-15 14:47:41.101 14870 23191 D ContentHelper: To state: STATE_READY, with action: Downloading
06-15 14:47:41.101 14870 23191 D ContentHelper: State transition on class: com.nvidia.pgcontentprovider.a.aa
06-15 14:47:41.101 14870 23191 D ContentHelper: From state: STATE_READY, with action: Download_Success
06-15 14:47:41.101 14870 23191 D ContentHelper: To state: STATE_READY, with action: Downloading
06-15 14:47:41.101 14870 23191 D ContentHelper: State transition on class: com.nvidia.pgcontentprovider.a.m
06-15 14:47:41.101 14870 23191 D ContentHelper: From state: STATE_READY, with action: Download_Success
06-15 14:47:41.101 14870 23191 D ContentHelper: To state: STATE_READY, with action: Downloading
06-15 14:47:41.101 14870 23191 D ContentHelper: State transition on class: com.nvidia.pgcontentprovider.a.z
06-15 14:47:41.101 14870 23191 D ContentHelper: From state: STATE_READY, with action: Download_Success
06-15 14:47:41.101 14870 23191 D ContentHelper: To state: STATE_READY, with action: Downloading
06-15 14:47:41.101 14870 23191 D ContentHelper: State transition on class: com.nvidia.pgcontentprovider.a.j
06-15 14:47:41.101 14870 23191 D ContentHelper: From state: STATE_READY, with action: Download_Success
06-15 14:47:41.101 14870 23191 D ContentHelper: To state: STATE_READY, with action: Downloading
06-15 14:47:41.102 14870 23191 D ContentHelper: State transition on class: com.nvidia.pgcontentprovider.a.i
06-15 14:47:41.102 14870 23191 D ContentHelper: From state: STATE_READY, with action: Download_Success
06-15 14:47:41.102 14870 23191 D ContentHelper: To state: STATE_READY, with action: Downloading
06-15 14:47:41.102 14870 23191 D ContentHelper: State transition on class: com.nvidia.pgcontentprovider.a.u
06-15 14:47:41.102 14870 23191 D ContentHelper: From state: STATE_READY, with action: Download_Success
06-15 14:47:41.102 14870 23191 D ContentHelper: To state: STATE_READY, with action: Downloading
06-15 14:47:41.102 14870 23191 D ContentHelper: State transition on class: com.nvidia.pgcontentprovider.a.y
06-15 14:47:41.102 14870 23191 D ContentHelper: From state: STATE_READY, with action: Download_Success
06-15 14:47:41.102 14870 23191 D ContentHelper: To state: STATE_READY, with action: Downloading
06-15 14:47:41.117 21129 23235 D TelemetryService: event FunctionalEvent sent because of consent:FULL , event gdpr level:FUNCTIONAL , event client id:91452636138522988
06-15 14:47:41.183 700 761 D WindowManager: handleComboKeys keyCode: 111, keyAction: 1
06-15 14:47:41.184 22018 22038 V Kodi : process_input: Failure reading next input event: Try again
06-15 14:47:41.184 22018 22038 V Kodi : CAndroidKey: key up (dev:3; src:769; code: 111; repeat: 0; flags: 0x8; alt: no; shift: no; sym: no)
06-15 14:47:41.227 802 1224 V Avrcp : MSG_UPDATE_MEDIA
06-15 14:47:41.228 802 1224 V Avrcp : updatePlaybackState (1): -1Ô×í1(PlaybackState {state=3, position=16096, buffered position=0, speed=1.0, updated=368283078, actions=-1, custom actions=[], active item id=-1, error=null})
06-15 14:47:41.228 802 1224 V Avrcp : Media update: id -1Ô×í-1? [MediaAttributes: DÔï»n - by (16096 0/0) ]
06-15 14:47:41.228 802 1224 D Avrcp : sendPlayPosNotificationRsp: Not registered or requesting.
06-15 14:47:41.260 802 1224 V Avrcp : onPlaybackStateChanged: state PlaybackState {state=3, position=20159, buffered position=0, speed=1.0, updated=368283109, actions=-1, custom actions=[], active item id=-1, error=null}
06-15 14:47:41.260 11322 11322 D NowPlayingListener: onPlaybackStateChanged: PlaybackState {state=3, position=20159, buffered position=0, speed=1.0, updated=368283109, actions=-1, custom actions=[], active item id=-1, error=null}
06-15 14:47:41.260 11322 11322 D NowPlayingManager: onClientPlaybackStateUpdate() called with: state = [3], stateChangeTimeMs = [368283109], currentPosMs = [20159]
06-15 14:47:41.260 11322 11322 D NowPlayingManager: onClientPlaybackStateUpdate: Skipped update, state: 3 was unchanged
06-15 14:47:41.262 11322 11322 D NowPlayingManager: onMediaDataUpdated() called with: mediaData = [com.google.android.tvrecommendations.NowPlayingData@b5d90a3]
06-15 14:47:41.268 11322 11322 D TVNotifService: onTVNotificationPosted StatusBarNotification(pkg=com.google.android.tvrecommendations user=UserHandle{0} id=4321 tag=Notification.NowPlaying key=0|com.google.android.tvrecommendations|4321|Notification.NowPlaying|10087: Notification(channel=now_playing pri=0 contentView=null vibrate=null sound=null defaults=0x0 flags=0x0 color=0x00000000 vis=PRIVATE)) userId: 0
06-15 14:47:41.689 14870 23191 D PersonalGridServiceDBAdapter: Batch insert on Order. Result: 1695
06-15 14:47:41.689 14870 23191 D ContentHelper: State transition on class: com.nvidia.pgcontentprovider.a.n
06-15 14:47:41.689 14870 23191 D ContentHelper: From state: STATE_READY, with action: Downloading
06-15 14:47:41.689 14870 23191 D ContentHelper: To state: STATE_READY, with action: Download_Success
06-15 14:47:41.689 14870 23191 D ContentHelper: State transition on class: com.nvidia.pgcontentprovider.a.aa
06-15 14:47:41.689 14870 23191 D ContentHelper: From state: STATE_READY, with action: Downloading
06-15 14:47:41.689 14870 23191 D ContentHelper: To state: STATE_READY, with action: Download_Success
06-15 14:47:41.690 14870 23191 D ContentHelper: State transition on class: com.nvidia.pgcontentprovider.a.m
06-15 14:47:41.690 14870 23191 D ContentHelper: From state: STATE_READY, with action: Downloading
06-15 14:47:41.690 14870 23191 D ContentHelper: To state: STATE_READY, with action: Download_Success
06-15 14:47:41.690 14870 23191 D ContentHelper: State transition on class: com.nvidia.pgcontentprovider.a.z
06-15 14:47:41.690 14870 23191 D ContentHelper: From state: STATE_READY, with action: Downloading
06-15 14:47:41.690 14870 23191 D ContentHelper: To state: STATE_READY, with action: Download_Success
06-15 14:47:41.690 14870 23191 D ContentHelper: State transition on class: com.nvidia.pgcontentprovider.a.j
06-15 14:47:41.690 14870 23191 D ContentHelper: From state: STATE_READY, with action: Downloading
06-15 14:47:41.690 14870 23191 D ContentHelper: To state: STATE_READY, with action: Download_Success
06-15 14:47:41.691 14870 23191 D ContentHelper: State transition on class: com.nvidia.pgcontentprovider.a.i
06-15 14:47:41.691 14870 23191 D ContentHelper: From state: STATE_READY, with action: Downloading
06-15 14:47:41.691 14870 23191 D ContentHelper: To state: STATE_READY, with action: Download_Success
06-15 14:47:41.691 14870 23191 D ContentHelper: State transition on class: com.nvidia.pgcontentprovider.a.u
06-15 14:47:41.691 14870 23191 D ContentHelper: From state: STATE_READY, with action: Downloading
06-15 14:47:41.691 14870 23191 D ContentHelper: To state: STATE_READY, with action: Download_Success
06-15 14:47:41.695 14870 23191 D ContentHelper: State transition on class: com.nvidia.pgcontentprovider.a.y
06-15 14:47:41.695 14870 23191 D ContentHelper: From state: STATE_READY, with action: Downloading
06-15 14:47:41.695 14870 23191 D ContentHelper: To state: STATE_READY, with action: Download_Success
06-15 14:47:41.714 14870 23191 I DownloadStatusWriter: Inserting operation for download status for GameList
06-15 14:47:41.721 14870 23191 I DownloadStatusWriter: Inserting operation for download status for ProductList
06-15 14:47:41.729 14870 23191 I DownloadStatusWriter: Inserting operation for download status for SubscriptionList
06-15 14:47:41.738 14870 23191 D PersonalGridServiceDBAdapter: Batch insert on Order. Result: 6
06-15 14:47:41.740 14870 23191 D JobDownloadManager: Job finished: 1080, reschedule: false
06-15 14:47:41.741 14870 23191 D JobDownloadManager: Starting Pending Job
06-15 14:47:41.741 14870 23191 D JobDownloadManager: No pending jobs
06-15 14:47:41.748 14870 14870 I WifiUtil: WifiLock:release 1 ----
06-15 14:47:41.748 14870 14870 D JobDownloadManager: download job handler destroyed
06-15 14:47:41.748 14870 14870 D SchedulerJobService: job service destroyed
06-15 14:47:41.772 21129 23237 D TelemetryService: event FunctionalEvent sent because of consent:FULL , event gdpr level:FUNCTIONAL , event client id:91452636138522988
06-15 14:47:41.777 802 1224 V Avrcp : onPlaybackStateChanged: state PlaybackState {state=3, position=20809, buffered position=0, speed=1.0, updated=368283625, actions=-1, custom actions=[], active item id=-1, error=null}
06-15 14:47:41.777 11322 11322 D NowPlayingListener: onPlaybackStateChanged: PlaybackState {state=3, position=20809, buffered position=0, speed=1.0, updated=368283625, actions=-1, custom actions=[], active item id=-1, error=null}
06-15 14:47:41.777 11322 11322 D NowPlayingManager: onClientPlaybackStateUpdate() called with: state = [3], stateChangeTimeMs = [368283625], currentPosMs = [20809]
06-15 14:47:41.778 11322 11322 D NowPlayingManager: onClientPlaybackStateUpdate: Skipped update, state: 3 was unchanged
06-15 14:47:41.781 11322 11322 D NowPlayingManager: onMediaDataUpdated() called with: mediaData = [com.google.android.tvrecommendations.NowPlayingData@3647759]
06-15 14:47:41.789 11322 11322 D TVNotifService: onTVNotificationPosted StatusBarNotification(pkg=com.google.android.tvrecommendations user=UserHandle{0} id=4321 tag=Notification.NowPlaying key=0|com.google.android.tvrecommendations|4321|Notification.NowPlaying|10087: Notification(channel=now_playing pri=0 contentView=null vibrate=null sound=null defaults=0x0 flags=0x0 color=0x00000000 vis=PRIVATE)) userId: 0
06-15 14:47:42.238 700 761 D WindowManager: handleComboKeys keyCode: 111, keyAction: 0
06-15 14:47:42.239 22018 22038 V Kodi : process_input: Failure reading next input event: Try again
06-15 14:47:42.240 22018 22038 V Kodi : CAndroidKey: key down (dev:3; src:769; code: 111; repeat: 0; flags: 0x8; alt: no; shift: no; sym: no)
06-15 14:47:42.262 802 1224 V Avrcp : MSG_UPDATE_MEDIA
06-15 14:47:42.262 802 1224 V Avrcp : updatePlaybackState (1): -1Ô×í1(PlaybackState {state=3, position=16096, buffered position=0, speed=1.0, updated=368284112, actions=-1, custom actions=[], active item id=-1, error=null})
06-15 14:47:42.263 802 1224 V Avrcp : Media update: id -1Ô×í-1? [MediaAttributes: DÔï»n - by (16096 0/0) ]
06-15 14:47:42.263 802 1224 D Avrcp : sendPlayPosNotificationRsp: Not registered or requesting.
06-15 14:47:42.293 11322 11322 D NowPlayingListener: onPlaybackStateChanged: PlaybackState {state=3, position=21082, buffered position=0, speed=1.0, updated=368284142, actions=-1, custom actions=[], active item id=-1, error=null}
06-15 14:47:42.293 11322 11322 D NowPlayingManager: onClientPlaybackStateUpdate() called with: state = [3], stateChangeTimeMs = [368284142], currentPosMs = [21082]
06-15 14:47:42.293 11322 11322 D NowPlayingManager: onClientPlaybackStateUpdate: Skipped update, state: 3 was unchanged
06-15 14:47:42.294 802 1224 V Avrcp : onPlaybackStateChanged: state PlaybackState {state=3, position=21082, buffered position=0, speed=1.0, updated=368284142, actions=-1, custom actions=[], active item id=-1, error=null}
06-15 14:47:42.296 11322 11322 D NowPlayingManager: onMediaDataUpdated() called with: mediaData = [com.google.android.tvrecommendations.NowPlayingData@2e93ff]
06-15 14:47:42.305 11322 11322 D TVNotifService: onTVNotificationPosted StatusBarNotification(pkg=com.google.android.tvrecommendations user=UserHandle{0} id=4321 tag=Notification.NowPlaying key=0|com.google.android.tvrecommendations|4321|Notification.NowPlaying|10087: Notification(channel=now_playing pri=0 contentView=null vibrate=null sound=null defaults=0x0 flags=0x0 color=0x00000000 vis=PRIVATE)) userId: 0
06-15 14:47:42.495 700 761 D WindowManager: handleComboKeys keyCode: 111, keyAction: 1
06-15 14:47:42.496 22018 22038 V Kodi : process_input: Failure reading next input event: Try again
06-15 14:47:42.497 22018 22038 V Kodi : CAndroidKey: key up (dev:3; src:769; code: 111; repeat: 0; flags: 0x8; alt: no; shift: no; sym: no)
06-15 14:47:42.810 802 1224 V Avrcp : onPlaybackStateChanged: state PlaybackState {state=3, position=21652, buffered position=0, speed=1.0, updated=368284659, actions=-1, custom actions=[], active item id=-1, error=null}
06-15 14:47:42.812 11322 11322 D NowPlayingListener: onPlaybackStateChanged: PlaybackState {state=3, position=21652, buffered position=0, speed=1.0, updated=368284659, actions=-1, custom actions=[], active item id=-1, error=null}
06-15 14:47:42.812 11322 11322 D NowPlayingManager: onClientPlaybackStateUpdate() called with: state = [3], stateChangeTimeMs = [368284659], currentPosMs = [21652]
06-15 14:47:42.812 11322 11322 D NowPlayingManager: onClientPlaybackStateUpdate: Skipped update, state: 3 was unchanged
06-15 14:47:42.814 11322 11322 D NowPlayingManager: onMediaDataUpdated() called with: mediaData = [com.google.android.tvrecommendations.NowPlayingData@15c3015]
06-15 14:47:42.822 11322 11322 D TVNotifService: onTVNotificationPosted StatusBarNotification(pkg=com.google.android.tvrecommendations user=UserHandle{0} id=4321 tag=Notification.NowPlaying key=0|com.google.android.tvrecommendations|4321|Notification.NowPlaying|10087: Notification(channel=now_playing pri=0 contentView=null vibrate=null sound=null defaults=0x0 flags=0x0 color=0x00000000 vis=PRIVATE)) userId: 0
06-15 14:47:43.293 802 1224 V Avrcp : MSG_UPDATE_MEDIA
06-15 14:47:43.294 802 1224 V Avrcp : updatePlaybackState (1): -1Ô×í1(PlaybackState {state=3, position=16096, buffered position=0, speed=1.0, updated=368285143, actions=-1, custom actions=[], active item id=-1, error=null})
06-15 14:47:43.295 802 1224 V Avrcp : Media update: id -1Ô×í-1? [MediaAttributes: DÔï»n - by (16096 0/0) ]
06-15 14:47:43.296 802 1224 D Avrcp : sendPlayPosNotificationRsp: Not registered or requesting.
06-15 14:47:43.326 802 1224 V Avrcp : onPlaybackStateChanged: state PlaybackState {state=3, position=22262, buffered position=0, speed=1.0, updated=368285175, actions=-1, custom actions=[], active item id=-1, error=null}
06-15 14:47:43.326 11322 11322 D NowPlayingListener: onPlaybackStateChanged: PlaybackState {state=3, position=22262, buffered position=0, speed=1.0, updated=368285175, actions=-1, custom actions=[], active item id=-1, error=null}
06-15 14:47:43.326 11322 11322 D NowPlayingManager: onClientPlaybackStateUpdate() called with: state = [3], stateChangeTimeMs = [368285175], currentPosMs = [22262]
06-15 14:47:43.326 11322 11322 D NowPlayingManager: onClientPlaybackStateUpdate: Skipped update, state: 3 was unchanged
06-15 14:47:43.328 11322 11322 D NowPlayingManager: onMediaDataUpdated() called with: mediaData = [com.google.android.tvrecommendations.NowPlayingData@ee2711b]
06-15 14:47:43.336 11322 11322 D TVNotifService: onTVNotificationPosted StatusBarNotification(pkg=com.google.android.tvrecommendations user=UserHandle{0} id=4321 tag=Notification.NowPlaying key=0|com.google.android.tvrecommendations|4321|Notification.NowPlaying|10087: Notification(channel=now_playing pri=0 contentView=null vibrate=null sound=null defaults=0x0 flags=0x0 color=0x00000000 vis=PRIVATE)) userId: 0
06-15 14:47:43.345 426 23164 D NvOsDebugPrintf: NVMEDIA: FrameRate(for last 120 frames) = 50.000000, AvgFrameRate = 50.000000
06-15 14:47:43.843 802 1224 V Avrcp : onPlaybackStateChanged: state PlaybackState {state=3, position=22884, buffered position=0, speed=1.0, updated=368285692, actions=-1, custom actions=[], active item id=-1, error=null}
06-15 14:47:43.850 11322 11322 D NowPlayingListener: onPlaybackStateChanged: PlaybackState {state=3, position=22884, buffered position=0, speed=1.0, updated=368285692, actions=-1, custom actions=[], active item id=-1, error=null}
06-15 14:47:43.850 11322 11322 D NowPlayingManager: onClientPlaybackStateUpdate() called with: state = [3], stateChangeTimeMs = [368285692], currentPosMs = [22884]
06-15 14:47:43.850 11322 11322 D NowPlayingManager: onClientPlaybackStateUpdate: Skipped update, state: 3 was unchanged
06-15 14:47:43.853 11322 11322 D NowPlayingManager: onMediaDataUpdated() called with: mediaData = [com.google.android.tvrecommendations.NowPlayingData@fdcb891]
06-15 14:47:43.868 11322 11322 D TVNotifService: onTVNotificationPosted StatusBarNotification(pkg=com.google.android.tvrecommendations user=UserHandle{0} id=4321 tag=Notification.NowPlaying key=0|com.google.android.tvrecommendations|4321|Notification.NowPlaying|10087: Notification(channel=now_playing pri=0 contentView=null vibrate=null sound=null defaults=0x0 flags=0x0 color=0x00000000 vis=PRIVATE)) userId: 0
06-15 14:47:43.903 700 761 D WindowManager: handleComboKeys keyCode: 111, keyAction: 0
06-15 14:47:43.904 22018 22038 V Kodi : process_input: Failure reading next input event: Try again
06-15 14:47:43.904 22018 22038 V Kodi : CAndroidKey: key down (dev:3; src:769; code: 111; repeat: 0; flags: 0x8; alt: no; shift: no; sym: no)
06-15 14:47:44.084 700 761 D WindowManager: handleComboKeys keyCode: 111, keyAction: 1
06-15 14:47:44.085 22018 22038 V Kodi : process_input: Failure reading next input event: Try again
06-15 14:47:44.085 22018 22038 V Kodi : CAndroidKey: key up (dev:3; src:769; code: 111; repeat: 0; flags: 0x8; alt: no; shift: no; sym: no)
06-15 14:47:44.327 802 1224 V Avrcp : MSG_UPDATE_MEDIA
06-15 14:47:44.327 802 1224 V Avrcp : updatePlaybackState (1): -1Ô×í1(PlaybackState {state=3, position=16096, buffered position=0, speed=1.0, updated=368286177, actions=-1, custom actions=[], active item id=-1, error=null})
06-15 14:47:44.328 802 1224 V Avrcp : Media update: id -1Ô×í-1? [MediaAttributes: DÔï»n - by (16096 0/0) ]
06-15 14:47:44.328 802 1224 D Avrcp : sendPlayPosNotificationRsp: Not registered or requesting.
06-15 14:47:44.360 802 1224 V Avrcp : onPlaybackStateChanged: state PlaybackState {state=3, position=23204, buffered position=0, speed=1.0, updated=368286209, actions=-1, custom actions=[], active item id=-1, error=null}
06-15 14:47:44.360 11322 11322 D NowPlayingListener: onPlaybackStateChanged: PlaybackState {state=3, position=23204, buffered position=0, speed=1.0, updated=368286209, actions=-1, custom actions=[], active item id=-1, error=null}
06-15 14:47:44.360 11322 11322 D NowPlayingManager: onClientPlaybackStateUpdate() called with: state = [3], stateChangeTimeMs = [368286209], currentPosMs = [23204]
06-15 14:47:44.360 11322 11322 D NowPlayingManager: onClientPlaybackStateUpdate: Skipped update, state: 3 was unchanged
06-15 14:47:44.362 11322 11322 D NowPlayingManager: onMediaDataUpdated() called with: mediaData = [com.google.android.tvrecommendations.NowPlayingData@a2d03f7]
06-15 14:47:44.371 11322 11322 D TVNotifService: onTVNotificationPosted StatusBarNotification(pkg=com.google.android.tvrecommendations user=UserHandle{0} id=4321 tag=Notification.NowPlaying key=0|com.google.android.tvrecommendations|4321|Notification.NowPlaying|10087: Notification(channel=now_playing pri=0 contentView=null vibrate=null sound=null defaults=0x0 flags=0x0 color=0x00000000 vis=PRIVATE)) userId: 0
06-15 14:47:44.876 11322 11322 D NowPlayingListener: onPlaybackStateChanged: PlaybackState {state=3, position=23821, buffered position=0, speed=1.0, updated=368286725, actions=-1, custom actions=[], active item id=-1, error=null}
06-15 14:47:44.877 11322 11322 D NowPlayingManager: onClientPlaybackStateUpdate() called with: state = [3], stateChangeTimeMs = [368286725], currentPosMs = [23821]
06-15 14:47:44.877 11322 11322 D NowPlayingManager: onClientPlaybackStateUpdate: Skipped update, state: 3 was unchanged
06-15 14:47:44.878 802 1224 V Avrcp : onPlaybackStateChanged: state PlaybackState {state=3, position=23821, buffered position=0, speed=1.0, updated=368286725, actions=-1, custom actions=[], active item id=-1, error=null}
06-15 14:47:44.879 11322 11322 D NowPlayingManager: onMediaDataUpdated() called with: mediaData = [com.google.android.tvrecommendations.NowPlayingData@5034ccd]
06-15 14:47:44.888 11322 11322 D TVNotifService: onTVNotificationPosted StatusBarNotification(pkg=com.google.android.tvrecommendations user=UserHandle{0} id=4321 tag=Notification.NowPlaying key=0|com.google.android.tvrecommendations|4321|Notification.NowPlaying|10087: Notification(channel=now_playing pri=0 contentView=null vibrate=null sound=null defaults=0x0 flags=0x0 color=0x00000000 vis=PRIVATE)) userId: 0
06-15 14:47:45.269 700 761 D WindowManager: handleComboKeys keyCode: 20, keyAction: 0
06-15 14:47:45.271 22018 22038 V Kodi : process_input: Failure reading next input event: Try again
06-15 14:47:45.271 22018 22038 V Kodi : CAndroidKey: key down (dev:3; src:769; code: 20; repeat: 0; flags: 0x8; alt: no; shift: no; sym: no)
06-15 14:47:45.360 802 1224 V Avrcp : MSG_UPDATE_MEDIA
06-15 14:47:45.360 802 1224 V Avrcp : updatePlaybackState (1): -1Ô×í1(PlaybackState {state=3, position=16096, buffered position=0, speed=1.0, updated=368287210, actions=-1, custom actions=[], active item id=-1, error=null})
06-15 14:47:45.361 802 1224 V Avrcp : Media update: id -1Ô×í-1? [MediaAttributes: DÔï»n - by (16096 0/0) ]
06-15 14:47:45.361 802 1224 D Avrcp : sendPlayPosNotificationRsp: Not registered or requesting.
06-15 14:47:45.393 802 1224 V Avrcp : onPlaybackStateChanged: state PlaybackState {state=3, position=24126, buffered position=0, speed=1.0, updated=368287242, actions=-1, custom actions=[], active item id=-1, error=null}
06-15 14:47:45.394 11322 11322 D NowPlayingListener: onPlaybackStateChanged: PlaybackState {state=3, position=24126, buffered position=0, speed=1.0, updated=368287242, actions=-1, custom actions=[], active item id=-1, error=null}
06-15 14:47:45.394 11322 11322 D NowPlayingManager: onClientPlaybackStateUpdate() called with: state = [3], stateChangeTimeMs = [368287242], currentPosMs = [24126]
06-15 14:47:45.394 11322 11322 D NowPlayingManager: onClientPlaybackStateUpdate: Skipped update, state: 3 was unchanged
06-15 14:47:45.396 11322 11322 D NowPlayingManager: onMediaDataUpdated() called with: mediaData = [com.google.android.tvrecommendations.NowPlayingData@223e893]
06-15 14:47:45.405 11322 11322 D TVNotifService: onTVNotificationPosted StatusBarNotification(pkg=com.google.android.tvrecommendations user=UserHandle{0} id=4321 tag=Notification.NowPlaying key=0|com.google.android.tvrecommendations|4321|Notification.NowPlaying|10087: Notification(channel=now_playing pri=0 contentView=null vibrate=null sound=null defaults=0x0 flags=0x0 color=0x00000000 vis=PRIVATE)) userId: 0
06-15 14:47:45.537 700 761 D WindowManager: handleComboKeys keyCode: 20, keyAction: 1
06-15 14:47:45.538 22018 22038 V Kodi : process_input: Failure reading next input event: Try again
06-15 14:47:45.538 22018 22038 V Kodi : CAndroidKey: key up (dev:3; src:769; code: 20; repeat: 0; flags: 0x8; alt: no; shift: no; sym: no)
06-15 14:47:45.743 426 23164 D NvOsDebugPrintf: NVMEDIA: FrameRate(for last 120 frames) = 50.000000, AvgFrameRate = 50.000000
06-15 14:47:45.910 802 1224 V Avrcp : onPlaybackStateChanged: state PlaybackState {state=3, position=24762, buffered position=0, speed=1.0, updated=368287758, actions=-1, custom actions=[], active item id=-1, error=null}
06-15 14:47:45.910 11322 11322 D NowPlayingListener: onPlaybackStateChanged: PlaybackState {state=3, position=24762, buffered position=0, speed=1.0, updated=368287758, actions=-1, custom actions=[], active item id=-1, error=null}
06-15 14:47:45.910 11322 11322 D NowPlayingManager: onClientPlaybackStateUpdate() called with: state = [3], stateChangeTimeMs = [368287758], currentPosMs = [24762]
06-15 14:47:45.910 11322 11322 D NowPlayingManager: onClientPlaybackStateUpdate: Skipped update, state: 3 was unchanged
06-15 14:47:45.913 11322 11322 D NowPlayingManager: onMediaDataUpdated() called with: mediaData = [com.google.android.tvrecommendations.NowPlayingData@184e8c9]
06-15 14:47:45.921 11322 11322 D TVNotifService: onTVNotificationPosted StatusBarNotification(pkg=com.google.android.tvrecommendations user=UserHandle{0} id=4321 tag=Notification.NowPlaying key=0|com.google.android.tvrecommendations|4321|Notification.NowPlaying|10087: Notification(channel=now_playing pri=0 contentView=null vibrate=null sound=null defaults=0x0 flags=0x0 color=0x00000000 vis=PRIVATE)) userId: 0
06-15 14:47:46.393 802 1224 V Avrcp : MSG_UPDATE_MEDIA
06-15 14:47:46.394 802 1224 V Avrcp : updatePlaybackState (1): -1Ô×í1(PlaybackState {state=3, position=16096, buffered position=0, speed=1.0, updated=368288243, actions=-1, custom actions=[], active item id=-1, error=null})
06-15 14:47:46.395 802 1224 V Avrcp : Media update: id -1Ô×í-1? [MediaAttributes: DÔï»n - by (16096 0/0) ]
06-15 14:47:46.395 802 1224 D Avrcp : sendPlayPosNotificationRsp: Not registered or requesting.
06-15 14:47:46.426 802 1224 V Avrcp : onPlaybackStateChanged: state PlaybackState {state=3, position=25360, buffered position=0, speed=1.0, updated=368288275, actions=-1, custom actions=[], active item id=-1, error=null}
06-15 14:47:46.426 11322 11322 D NowPlayingListener: onPlaybackStateChanged: PlaybackState {state=3, position=25360, buffered position=0, speed=1.0, updated=368288275, actions=-1, custom actions=[], active item id=-1, error=null}
06-15 14:47:46.426 11322 11322 D NowPlayingManager: onClientPlaybackStateUpdate() called with: state = [3], stateChangeTimeMs = [368288275], currentPosMs = [25360]
06-15 14:47:46.426 11322 11322 D NowPlayingManager: onClientPlaybackStateUpdate: Skipped update, state: 3 was unchanged
06-15 14:47:46.427 11322 11322 D NowPlayingManager: onMediaDataUpdated() called with: mediaData = [com.google.android.tvrecommendations.NowPlayingData@89a7aef]
06-15 14:47:46.434 11322 11322 D TVNotifService: onTVNotificationPosted StatusBarNotification(pkg=com.google.android.tvrecommendations user=UserHandle{0} id=4321 tag=Notification.NowPlaying key=0|com.google.android.tvrecommendations|4321|Notification.NowPlaying|10087: Notification(channel=now_playing pri=0 contentView=null vibrate=null sound=null defaults=0x0 flags=0x0 color=0x00000000 vis=PRIVATE)) userId: 0
06-15 14:47:46.552 2623 21885 I chromium: [2623:21885:INFO:ssdp_device.c(101)] SSDP packets sent for 30 seconds = 16
06-15 14:47:46.943 802 1224 V Avrcp : onPlaybackStateChanged: state PlaybackState {state=3, position=25728, buffered position=0, speed=1.0, updated=368288792, actions=-1, custom actions=[], active item id=-1, error=null}
06-15 14:47:46.945 11322 11322 D NowPlayingListener: onPlaybackStateChanged: PlaybackState {state=3, position=25728, buffered position=0, speed=1.0, updated=368288792, actions=-1, custom actions=[], active item id=-1, error=null}
06-15 14:47:46.945 11322 11322 D NowPlayingManager: onClientPlaybackStateUpdate() called with: state = [3], stateChangeTimeMs = [368288792], currentPosMs = [25728]
06-15 14:47:46.945 11322 11322 D NowPlayingManager: onClientPlaybackStateUpdate: Skipped update, state: 3 was unchanged
06-15 14:47:46.947 11322 11322 D NowPlayingManager: onMediaDataUpdated() called with: mediaData = [com.google.android.tvrecommendations.NowPlayingData@26a4885]
06-15 14:47:46.955 11322 11322 D TVNotifService: onTVNotificationPosted StatusBarNotification(pkg=com.google.android.tvrecommendations user=UserHandle{0} id=4321 tag=Notification.NowPlaying key=0|com.google.android.tvrecommendations|4321|Notification.NowPlaying|10087: Notification(channel=now_playing pri=0 contentView=null vibrate=null sound=null defaults=0x0 flags=0x0 color=0x00000000 vis=PRIVATE)) userId: 0
06-15 14:47:47.427 802 1224 V Avrcp : MSG_UPDATE_MEDIA
06-15 14:47:47.427 802 1224 V Avrcp : updatePlaybackState (1): -1Ô×í1(PlaybackState {state=3, position=16096, buffered position=0, speed=1.0, updated=368289277, actions=-1, custom actions=[], active item id=-1, error=null})
06-15 14:47:47.428 802 1224 V Avrcp : Media update: id -1Ô×í-1? [MediaAttributes: DÔï»n - by (16096 0/0) ]
06-15 14:47:47.428 802 1224 D Avrcp : sendPlayPosNotificationRsp: Not registered or requesting.
06-15 14:47:47.460 11322 11322 D NowPlayingListener: onPlaybackStateChanged: PlaybackState {state=3, position=26377, buffered position=0, speed=1.0, updated=368289308, actions=-1, custom actions=[], active item id=-1, error=null}
06-15 14:47:47.460 11322 11322 D NowPlayingManager: onClientPlaybackStateUpdate() called with: state = [3], stateChangeTimeMs = [368289308], currentPosMs = [26377]
06-15 14:47:47.460 11322 11322 D NowPlayingManager: onClientPlaybackStateUpdate: Skipped update, state: 3 was unchanged
06-15 14:47:47.460 802 1224 V Avrcp : onPlaybackStateChanged: state PlaybackState {state=3, position=26377, buffered position=0, speed=1.0, updated=368289308, actions=-1, custom actions=[], active item id=-1, error=null}
06-15 14:47:47.464 11322 11322 D NowPlayingManager: onMediaDataUpdated() called with: mediaData = [com.google.android.tvrecommendations.NowPlayingData@f3dd70b]
06-15 14:47:47.472 11322 11322 D TVNotifService: onTVNotificationPosted StatusBarNotification(pkg=com.google.android.tvrecommendations user=UserHandle{0} id=4321 tag=Notification.NowPlaying key=0|com.google.android.tvrecommendations|4321|Notification.NowPlaying|10087: Notification(channel=now_playing pri=0 contentView=null vibrate=null sound=null defaults=0x0 flags=0x0 color=0x00000000 vis=PRIVATE)) userId: 0
06-15 14:47:47.976 802 1224 V Avrcp : onPlaybackStateChanged: state PlaybackState {state=3, position=26908, buffered position=0, speed=1.0, updated=368289825, actions=-1, custom actions=[], active item id=-1, error=null}
06-15 14:47:47.977 11322 11322 D NowPlayingListener: onPlaybackStateChanged: PlaybackState {state=3, position=26908, buffered position=0, speed=1.0, updated=368289825, actions=-1, custom actions=[], active item id=-1, error=null}
06-15 14:47:47.977 11322 11322 D NowPlayingManager: onClientPlaybackStateUpdate() called with: state = [3], stateChangeTimeMs = [368289825], currentPosMs = [26908]
06-15 14:47:47.977 11322 11322 D NowPlayingManager: onClientPlaybackStateUpdate: Skipped update, state: 3 was unchanged
06-15 14:47:47.980 11322 11322 D NowPlayingManager: onMediaDataUpdated() called with: mediaData = [com.google.android.tvrecommendations.NowPlayingData@28be801]
06-15 14:47:47.988 11322 11322 D TVNotifService: onTVNotificationPosted StatusBarNotification(pkg=com.google.android.tvrecommendations user=UserHandle{0} id=4321 tag=Notification.NowPlaying key=0|com.google.android.tvrecommendations|4321|Notification.NowPlaying|10087: Notification(channel=now_playing pri=0 contentView=null vibrate=null sound=null defaults=0x0 flags=0x0 color=0x00000000 vis=PRIVATE)) userId: 0
06-15 14:47:48.145 426 23164 D NvOsDebugPrintf: NVMEDIA: FrameRate(for last 120 frames) = 50.000000, AvgFrameRate = 50.000000
06-15 14:47:48.460 802 1224 V Avrcp : MSG_UPDATE_MEDIA
06-15 14:47:48.461 802 1224 V Avrcp : updatePlaybackState (1): -1Ô×í1(PlaybackState {state=3, position=16096, buffered position=0, speed=1.0, updated=368290310, actions=-1, custom actions=[], active item id=-1, error=null})
06-15 14:47:48.462 802 1224 V Avrcp : Media update: id -1Ô×í-1? [MediaAttributes: DÔï»n - by (16096 0/0) ]
06-15 14:47:48.462 802 1224 D Avrcp : sendPlayPosNotificationRsp: Not registered or requesting.
06-15 14:47:48.494 802 1224 V Avrcp : onPlaybackStateChanged: state PlaybackState {state=3, position=27375, buffered position=0, speed=1.0, updated=368290342, actions=-1, custom actions=[], active item id=-1, error=null}
06-15 14:47:48.494 11322 11322 D NowPlayingListener: onPlaybackStateChanged: PlaybackState {state=3, position=27375, buffered position=0, speed=1.0, updated=368290342, actions=-1, custom actions=[], active item id=-1, error=null}
06-15 14:47:48.494 11322 11322 D NowPlayingManager: onClientPlaybackStateUpdate() called with: state = [3], stateChangeTimeMs = [368290342], currentPosMs = [27375]
06-15 14:47:48.494 11322 11322 D NowPlayingManager: onClientPlaybackStateUpdate: Skipped update, state: 3 was unchanged
06-15 14:47:48.497 11322 11322 D NowPlayingManager: onMediaDataUpdated() called with: mediaData = [com.google.android.tvrecommendations.NowPlayingData@b70d8e7]
06-15 14:47:48.505 11322 11322 D TVNotifService: onTVNotificationPosted StatusBarNotification(pkg=com.google.android.tvrecommendations user=UserHandle{0} id=4321 tag=Notification.NowPlaying key=0|com.google.android.tvrecommendations|4321|Notification.NowPlaying|10087: Notification(channel=now_playing pri=0 contentView=null vibrate=null sound=null defaults=0x0 flags=0x0 color=0x00000000 vis=PRIVATE)) userId: 0
06-15 14:47:49.011 11322 11322 D NowPlayingListener: onPlaybackStateChanged: PlaybackState {state=3, position=27845, buffered position=0, speed=1.0, updated=368290859, actions=-1, custom actions=[], active item id=-1, error=null}
06-15 14:47:49.011 11322 11322 D NowPlayingManager: onClientPlaybackStateUpdate() called with: state = [3], stateChangeTimeMs = [368290859], currentPosMs = [27845]
06-15 14:47:49.011 11322 11322 D NowPlayingManager: onClientPlaybackStateUpdate: Skipped update, state: 3 was unchanged
06-15 14:47:49.012 802 1224 V Avrcp : onPlaybackStateChanged: state PlaybackState {state=3, position=27845, buffered position=0, speed=1.0, updated=368290859, actions=-1, custom actions=[], active item id=-1, error=null}
06-15 14:47:49.014 11322 11322 D NowPlayingManager: onMediaDataUpdated() called with: mediaData = [com.google.android.tvrecommendations.NowPlayingData@7ce033d]
06-15 14:47:49.022 11322 11322 D TVNotifService: onTVNotificationPosted StatusBarNotification(pkg=com.google.android.tvrecommendations user=UserHandle{0} id=4321 tag=Notification.NowPlaying key=0|com.google.android.tvrecommendations|4321|Notification.NowPlaying|10087: Notification(channel=now_playing pri=0 contentView=null vibrate=null sound=null defaults=0x0 flags=0x0 color=0x00000000 vis=PRIVATE)) userId: 0
06-15 14:47:49.495 802 1224 V Avrcp : MSG_UPDATE_MEDIA
06-15 14:47:49.495 802 1224 V Avrcp : updatePlaybackState (1): -1Ô×í1(PlaybackState {state=3, position=16096, buffered position=0, speed=1.0, updated=368291345, actions=-1, custom actions=[], active item id=-1, error=null})
06-15 14:47:49.496 802 1224 V Avrcp : Media update: id -1Ô×í-1? [MediaAttributes: DÔï»n - by (16096 0/0) ]
06-15 14:47:49.496 802 1224 D Avrcp : sendPlayPosNotificationRsp: Not registered or requesting.
06-15 14:47:49.526 11322 11322 D NowPlayingListener: onPlaybackStateChanged: PlaybackState {state=3, position=28394, buffered position=0, speed=1.0, updated=368291375, actions=-1, custom actions=[], active item id=-1, error=null}
06-15 14:47:49.526 11322 11322 D NowPlayingManager: onClientPlaybackStateUpdate() called with: state = [3], stateChangeTimeMs = [368291375], currentPosMs = [28394]
06-15 14:47:49.526 11322 11322 D NowPlayingManager: onClientPlaybackStateUpdate: Skipped update, state: 3 was unchanged
06-15 14:47:49.526 802 1224 V Avrcp : onPlaybackStateChanged: state PlaybackState {state=3, position=28394, buffered position=0, speed=1.0, updated=368291375, actions=-1, custom actions=[], active item id=-1, error=null}
06-15 14:47:49.528 11322 11322 D NowPlayingManager: onMediaDataUpdated() called with: mediaData = [com.google.android.tvrecommendations.NowPlayingData@be81c83]
06-15 14:47:49.536 11322 11322 D TVNotifService: onTVNotificationPosted StatusBarNotification(pkg=com.google.android.tvrecommendations user=UserHandle{0} id=4321 tag=Notification.NowPlaying key=0|com.google.android.tvrecommendations|4321|Notification.NowPlaying|10087: Notification(channel=now_playing pri=0 contentView=null vibrate=null sound=null defaults=0x0 flags=0x0 color=0x00000000 vis=PRIVATE)) userId: 0
06-15 14:47:50.044 802 1224 V Avrcp : onPlaybackStateChanged: state PlaybackState {state=3, position=28730, buffered position=0, speed=1.0, updated=368291892, actions=-1, custom actions=[], active item id=-1, error=null}
06-15 14:47:50.044 11322 11322 D NowPlayingListener: onPlaybackStateChanged: PlaybackState {state=3, position=28730, buffered position=0, speed=1.0, updated=368291892, actions=-1, custom actions=[], active item id=-1, error=null}
06-15 14:47:50.044 11322 11322 D NowPlayingManager: onClientPlaybackStateUpdate() called with: state = [3], stateChangeTimeMs = [368291892], currentPosMs = [28730]
06-15 14:47:50.044 11322 11322 D NowPlayingManager: onClientPlaybackStateUpdate: Skipped update, state: 3 was unchanged
06-15 14:47:50.046 11322 11322 D NowPlayingManager: onMediaDataUpdated() called with: mediaData = [com.google.android.tvrecommendations.NowPlayingData@81c9639]
06-15 14:47:50.064 11322 11322 D TVNotifService: onTVNotificationPosted StatusBarNotification(pkg=com.google.android.tvrecommendations user=UserHandle{0} id=4321 tag=Notification.NowPlaying key=0|com.google.android.tvrecommendations|4321|Notification.NowPlaying|10087: Notification(channel=now_playing pri=0 contentView=null vibrate=null sound=null defaults=0x0 flags=0x0 color=0x00000000 vis=PRIVATE)) userId: 0
06-15 14:47:50.527 802 1224 V Avrcp : MSG_UPDATE_MEDIA
06-15 14:47:50.527 802 1224 V Avrcp : updatePlaybackState (1): -1Ô×í1(PlaybackState {state=3, position=16096, buffered position=0, speed=1.0, updated=368292377, actions=-1, custom actions=[], active item id=-1, error=null})
