06-15 14:39:03.984 700 761 D WindowManager: handleComboKeys keyCode: 96, keyAction: 0
06-15 14:39:03.985 21462 21496 V Kodi : process_input: Failure reading next input event: Try again
06-15 14:39:04.123 700 761 D WindowManager: handleComboKeys keyCode: 96, keyAction: 1
06-15 14:39:04.124 21462 21496 V Kodi : process_input: Failure reading next input event: Try again
06-15 14:39:07.140 700 715 D WindowManager: handleComboKeys keyCode: 0, keyAction: 1
06-15 14:39:07.759 700 715 I chatty : uid=1000(system) android.ui identical 45 lines
06-15 14:39:07.793 700 715 D WindowManager: handleComboKeys keyCode: 0, keyAction: 1
06-15 14:39:07.816 1308 21949 I AsyncOpDispatcher: 35-GetDeviceDataUploadOptInStatusOperation
06-15 14:39:07.818 700 715 D WindowManager: handleComboKeys keyCode: 0, keyAction: 1
06-15 14:39:07.888 11322 21951 D AddChannelService: Used quota (1) equals or exceeds total quota (1). Use AddChannelActivity instead to make a channel browsable.
06-15 14:39:07.902 1308 1318 I zygote64: Background concurrent copying GC freed 242694(11MB) AllocSpace objects, 12(308KB) LOS objects, 49% free, 14MB/28MB, paused 243us total 109.738ms
06-15 14:39:07.903 11322 21954 D AddChannelService: Used quota (1) equals or exceeds total quota (1). Use AddChannelActivity instead to make a channel browsable.
06-15 14:39:08.062 700 715 D WindowManager: handleComboKeys keyCode: 0, keyAction: 1
06-15 14:39:08.261 700 715 I chatty : uid=1000(system) android.ui identical 4 lines
06-15 14:39:08.287 700 715 D WindowManager: handleComboKeys keyCode: 0, keyAction: 1
06-15 14:39:08.735 700 761 D WindowManager: handleComboKeys keyCode: 96, keyAction: 0
06-15 14:39:08.737 21462 21496 V Kodi : process_input: Failure reading next input event: Try again
06-15 14:39:08.915 700 761 D WindowManager: handleComboKeys keyCode: 96, keyAction: 1
06-15 14:39:08.916 21462 21496 V Kodi : process_input: Failure reading next input event: Try again
06-15 14:39:10.697 700 4654 D WificondControl: Scan result ready event
06-15 14:39:10.704 1321 1321 D BlakeWifiIntentManager: SCAN_RESULTS_AVAILABLE_ACTION
06-15 14:39:10.721 1308 30259 W ctxmgr : [AclManager]No 2 for (accnt=account#1846457872#, com.google.android.gms(10010):UserLocationProducer, vrsn=12685000, 0, 3pPkg = null , 3pMdlId = null , pid = 1308). Was: 2 for 1, account#1846457872#
06-15 14:39:10.725 700 700 D PackageManager - AppHiding: OnLocationChanged, Country code : DE
06-15 14:39:12.079 700 761 D WindowManager: handleComboKeys keyCode: 96, keyAction: 0
06-15 14:39:12.081 21462 21496 V Kodi : process_input: Failure reading next input event: Try again
06-15 14:39:12.209 700 761 D WindowManager: handleComboKeys keyCode: 96, keyAction: 1
06-15 14:39:12.211 21462 21496 V Kodi : process_input: Failure reading next input event: Try again
06-15 14:39:14.166 700 715 D WindowManager: handleComboKeys keyCode: 0, keyAction: 1
06-15 14:39:18.811 700 715 I chatty : uid=1000(system) android.ui identical 201 lines
06-15 14:39:18.819 700 715 D WindowManager: handleComboKeys keyCode: 0, keyAction: 1
06-15 14:39:19.454 700 761 D WindowManager: handleComboKeys keyCode: 96, keyAction: 0
06-15 14:39:19.457 21462 21496 V Kodi : process_input: Failure reading next input event: Try again
06-15 14:39:19.593 700 761 D WindowManager: handleComboKeys keyCode: 96, keyAction: 1
06-15 14:39:19.594 21462 21496 V Kodi : process_input: Failure reading next input event: Try again
06-15 14:39:20.541 700 715 D WindowManager: handleComboKeys keyCode: 0, keyAction: 1
06-15 14:39:24.376 700 715 I chatty : uid=1000(system) android.ui identical 232 lines
06-15 14:39:24.439 700 715 D WindowManager: handleComboKeys keyCode: 0, keyAction: 1
06-15 14:39:24.724 700 761 D WindowManager: handleComboKeys keyCode: 96, keyAction: 0
06-15 14:39:24.726 21462 21496 V Kodi : process_input: Failure reading next input event: Try again
06-15 14:39:24.837 700 761 D WindowManager: handleComboKeys keyCode: 96, keyAction: 1
06-15 14:39:24.838 21462 21496 V Kodi : process_input: Failure reading next input event: Try again
06-15 14:39:24.950 700 715 D WindowManager: handleComboKeys keyCode: 0, keyAction: 1
06-15 14:39:28.048 700 715 I chatty : uid=1000(system) android.ui identical 122 lines
06-15 14:39:28.055 700 715 D WindowManager: handleComboKeys keyCode: 0, keyAction: 1
06-15 14:39:28.428 700 761 D WindowManager: handleComboKeys keyCode: 96, keyAction: 0
06-15 14:39:28.430 21462 21496 V Kodi : process_input: Failure reading next input event: Try again
06-15 14:39:28.559 700 761 D WindowManager: handleComboKeys keyCode: 96, keyAction: 1
06-15 14:39:28.560 21462 21496 V Kodi : process_input: Failure reading next input event: Try again
06-15 14:39:29.733 700 715 D WindowManager: handleComboKeys keyCode: 0, keyAction: 1
06-15 14:39:29.985 700 715 I chatty : uid=1000(system) android.ui identical 12 lines
06-15 14:39:29.994 700 715 D WindowManager: handleComboKeys keyCode: 0, keyAction: 1
06-15 14:39:31.394 700 761 D WindowManager: handleComboKeys keyCode: 96, keyAction: 0
06-15 14:39:31.395 21462 21496 V Kodi : process_input: Failure reading next input event: Try again
06-15 14:39:31.516 700 761 D WindowManager: handleComboKeys keyCode: 96, keyAction: 1
06-15 14:39:31.517 21462 21496 V Kodi : process_input: Failure reading next input event: Try again
06-15 14:39:33.112 21462 21932 V XBMC : detaching thread
06-15 14:39:34.974 2623 21885 I chromium: [2623:21885:INFO:ssdp_device.c(101)] SSDP packets sent for 31 seconds = 17
06-15 14:39:35.099 700 761 D WindowManager: handleComboKeys keyCode: 97, keyAction: 0
06-15 14:39:35.100 21462 21496 V Kodi : process_input: Failure reading next input event: Try again
06-15 14:39:35.241 700 761 D WindowManager: handleComboKeys keyCode: 97, keyAction: 1
06-15 14:39:35.242 21462 21496 V Kodi : process_input: Failure reading next input event: Try again
06-15 14:39:36.325 700 761 D WindowManager: handleComboKeys keyCode: 97, keyAction: 0
06-15 14:39:36.327 21462 21496 V Kodi : process_input: Failure reading next input event: Try again
06-15 14:39:36.482 700 761 D WindowManager: handleComboKeys keyCode: 97, keyAction: 1
06-15 14:39:36.483 21462 21496 V Kodi : process_input: Failure reading next input event: Try again
06-15 14:39:37.047 700 761 D WindowManager: handleComboKeys keyCode: 97, keyAction: 0
06-15 14:39:37.048 21462 21496 V Kodi : process_input: Failure reading next input event: Try again
06-15 14:39:37.195 700 761 D WindowManager: handleComboKeys keyCode: 97, keyAction: 1
06-15 14:39:37.196 21462 21496 V Kodi : process_input: Failure reading next input event: Try again
06-15 14:39:37.874 700 761 D WindowManager: handleComboKeys keyCode: 97, keyAction: 0
06-15 14:39:37.876 21462 21496 V Kodi : process_input: Failure reading next input event: Try again
06-15 14:39:38.046 700 761 D WindowManager: handleComboKeys keyCode: 97, keyAction: 1
06-15 14:39:38.047 21462 21496 V Kodi : process_input: Failure reading next input event: Try again
06-15 14:39:39.023 700 715 D WindowManager: handleComboKeys keyCode: 0, keyAction: 1
06-15 14:39:39.214 700 715 I chatty : uid=1000(system) android.ui identical 8 lines
06-15 14:39:39.224 700 715 D WindowManager: handleComboKeys keyCode: 0, keyAction: 1
06-15 14:39:39.561 700 761 D WindowManager: handleComboKeys keyCode: 97, keyAction: 0
06-15 14:39:39.563 21462 21496 V Kodi : process_input: Failure reading next input event: Try again
06-15 14:39:39.670 2623 3080 I chromium: [2623:3080:INFO:wifi_proximity.cc(209)] Request scan.
06-15 14:39:39.732 700 761 D WindowManager: handleComboKeys keyCode: 97, keyAction: 1
06-15 14:39:39.733 21462 21496 V Kodi : process_input: Failure reading next input event: Try again
06-15 14:39:40.802 700 4741 D WificondControl: Scan result ready event
06-15 14:39:40.803 700 715 D WindowManager: handleComboKeys keyCode: 0, keyAction: 1
06-15 14:39:40.808 700 715 I chatty : uid=1000(system) android.ui identical 1 line
06-15 14:39:40.814 700 715 D WindowManager: handleComboKeys keyCode: 0, keyAction: 1
06-15 14:39:40.823 1321 1321 D BlakeWifiIntentManager: SCAN_RESULTS_AVAILABLE_ACTION
06-15 14:39:40.824 700 715 D WindowManager: handleComboKeys keyCode: 0, keyAction: 1
06-15 14:39:40.835 700 700 D PackageManager - AppHiding: OnLocationChanged, Country code : DE
06-15 14:39:40.837 1308 2451 W ctxmgr : [AclManager]No 2 for (accnt=account#1846457872#, com.google.android.gms(10010):UserLocationProducer, vrsn=12685000, 0, 3pPkg = null , 3pMdlId = null , pid = 1308). Was: 2 for 1, account#1846457872#
06-15 14:39:40.927 700 715 D WindowManager: handleComboKeys keyCode: 0, keyAction: 1
06-15 14:39:40.953 700 715 I chatty : uid=1000(system) android.ui identical 3 lines
06-15 14:39:40.962 700 715 D WindowManager: handleComboKeys keyCode: 0, keyAction: 1
06-15 14:39:41.153 700 761 D WindowManager: handleComboKeys keyCode: 96, keyAction: 0
06-15 14:39:41.154 21462 21496 V Kodi : process_input: Failure reading next input event: Try again
06-15 14:39:41.283 700 761 D WindowManager: handleComboKeys keyCode: 96, keyAction: 1
06-15 14:39:41.285 21462 21496 V Kodi : process_input: Failure reading next input event: Try again
06-15 14:39:42.258 700 761 D WindowManager: handleComboKeys keyCode: 96, keyAction: 0
06-15 14:39:42.259 21462 21496 V Kodi : process_input: Failure reading next input event: Try again
06-15 14:39:42.440 700 761 D WindowManager: handleComboKeys keyCode: 96, keyAction: 1
06-15 14:39:42.441 21462 21496 V Kodi : process_input: Failure reading next input event: Try again
06-15 14:39:42.523 700 780 D NsdService: unregister service
06-15 14:39:42.523 700 780 D NsdService: unregisterService: 485
06-15 14:39:42.523 321 346 D MDnsDS : polling error: 32
06-15 14:39:42.524 700 780 D NsdService: unregister service
06-15 14:39:42.524 700 780 D NsdService: unregisterService: 486
06-15 14:39:42.524 321 346 D MDnsDS : polling error: 32
06-15 14:39:42.585 21462 21580 V XBMC : detaching thread
06-15 14:39:42.586 21462 21509 V XBMC : detaching thread
06-15 14:39:42.604 21462 21498 D AudioTrack: stop() called with 9838084 frames delivered
06-15 14:39:42.604 21462 21510 V XBMC : detaching thread
06-15 14:39:42.876 21462 21498 V Kodi : => XBMC_Run finished with 0
06-15 14:39:42.878 21462 21496 V Kodi : virtual void CXBMCApp::onPause():
06-15 14:39:42.878 21462 21496 V Kodi : static bool CXBMCApp::EnableWakeLock(bool): false
06-15 14:39:42.879 21462 21462 D TvUtil : Scheduled channel creation.
06-15 14:39:42.882 927 4745 D RSMouse : mFeatureEnabled=true mPackageEnabled=false
06-15 14:39:42.883 21462 21498 V XBMC : detaching thread
06-15 14:39:42.887 21462 21496 V Kodi : virtual void CXBMCApp::onLostFocus():
06-15 14:39:42.887 1466 1483 I zygote64: Looking for service vendor.nvidia.hardware.power@1.0::IPower/default
06-15 14:39:42.887 21462 21462 W ViewRootImpl[Main]: Cancelling event due to no window focus: MotionEvent { action=ACTION_CANCEL, actionButton=0, id[0]=0, x[0]=-5.340576E-4, y[0]=-0.0038300157, toolType[0]=TOOL_TYPE_UNKNOWN, buttonState=0, metaState=0, flags=0x0, edgeFlags=0x0, pointerCount=1, historySize=0, eventTime=367804732, downTime=0, deviceId=36, source=0x1000010 }
06-15 14:39:42.888 276 276 W /system/bin/hwservicemanager: getTransportFromManifest: Cannot find entry vendor.nvidia.hardware.power@1.0::IPower in either framework or device manifest, using default transport.
06-15 14:39:42.888 21462 21462 I chatty : uid=10103(u0_a103) org.xbmc.kodinerds identical 2 lines
06-15 14:39:42.889 21462 21462 W ViewRootImpl[Main]: Cancelling event due to no window focus: MotionEvent { action=ACTION_CANCEL, actionButton=0, id[0]=0, x[0]=-5.340576E-4, y[0]=-0.0038300157, toolType[0]=TOOL_TYPE_UNKNOWN, buttonState=0, metaState=0, flags=0x0, edgeFlags=0x0, pointerCount=1, historySize=0, eventTime=367804732, downTime=0, deviceId=36, source=0x1000010 }
06-15 14:39:42.889 1466 1483 I zygote64: Starting thread pool.
06-15 14:39:42.892 11286 11286 E DataLoader: Exception in onStartLoading() on registering content observer for content uri: content://com.google.android.katniss.search.searchapi.VoiceInteractionProvider/sharedvalue
06-15 14:39:42.892 11286 11286 E DataLoader: java.lang.SecurityException: Failed to find provider com.google.android.katniss.search.searchapi.VoiceInteractionProvider for user 0; expected to find a valid ContentProvider for this authority
06-15 14:39:42.892 11286 11286 E DataLoader: at android.os.Parcel.readException(Parcel.java:1942)
06-15 14:39:42.892 11286 11286 E DataLoader: at android.os.Parcel.readException(Parcel.java:1888)
06-15 14:39:42.892 11286 11286 E DataLoader: at android.content.IContentService$Stub$Proxy.registerContentObserver(IContentService.java:768)
06-15 14:39:42.892 11286 11286 E DataLoader: at android.content.ContentResolver.registerContentObserver(ContentResolver.java:1924)
06-15 14:39:42.892 11286 11286 E DataLoader: at android.content.ContentResolver.registerContentObserver(ContentResolver.java:1913)
06-15 14:39:42.892 11286 11286 E DataLoader: at com.google.android.tvlauncher.data.DataLoader.onStartLoading(DataLoader.java:75)
06-15 14:39:42.892 11286 11286 E DataLoader: at android.content.Loader.startLoading(Loader.java:290)
06-15 14:39:42.892 11286 11286 E DataLoader: at android.app.LoaderManagerImpl$LoaderInfo.start(LoaderManager.java:283)
06-15 14:39:42.892 11286 11286 E DataLoader: at android.app.LoaderManagerImpl.doStart(LoaderManager.java:783)
06-15 14:39:42.892 11286 11286 E DataLoader: at android.app.Fragment.onStart(Fragment.java:1735)
06-15 14:39:42.892 11286 11286 E DataLoader: at com.google.android.tvlauncher.home.HomeFragment.onStart(HomeFragment.java:306)
06-15 14:39:42.892 11286 11286 E DataLoader: at android.app.Fragment.performStart(Fragment.java:2637)
06-15 14:39:42.892 11286 11286 E DataLoader: at android.app.FragmentManagerImpl.moveToState(FragmentManager.java:1312)
06-15 14:39:42.892 11286 11286 E DataLoader: at android.app.FragmentManagerImpl.moveFragmentToExpectedState(FragmentManager.java:1549)
06-15 14:39:42.892 11286 11286 E DataLoader: at android.app.FragmentManagerImpl.moveToState(FragmentManager.java:1611)
06-15 14:39:42.892 11286 11286 E DataLoader: at android.app.FragmentManagerImpl.dispatchMoveToState(FragmentManager.java:3039)
06-15 14:39:42.892 11286 11286 E DataLoader: at android.app.FragmentManagerImpl.dispatchStart(FragmentManager.java:2996)
06-15 14:39:42.892 11286 11286 E DataLoader: at android.app.FragmentController.dispatchStart(FragmentController.java:189)
06-15 14:39:42.892 11286 11286 E DataLoader: at android.app.Activity.performStart(Activity.java:6998)
06-15 14:39:42.892 11286 11286 E DataLoader: at android.app.Activity.performRestart(Activity.java:7066)
06-15 14:39:42.892 11286 11286 E DataLoader: at android.app.Activity.performResume(Activity.java:7071)
06-15 14:39:42.892 11286 11286 E DataLoader: at android.app.ActivityThread.performResumeActivity(ActivityThread.java:3671)
06-15 14:39:42.892 11286 11286 E DataLoader: at android.app.ActivityThread.handleResumeActivity(ActivityThread.java:3736)
06-15 14:39:42.892 11286 11286 E DataLoader: at android.app.ActivityThread$H.handleMessage(ActivityThread.java:1644)
06-15 14:39:42.892 11286 11286 E DataLoader: at android.os.Handler.dispatchMessage(Handler.java:105)
06-15 14:39:42.892 11286 11286 E DataLoader: at android.os.Looper.loop(Looper.java:164)
06-15 14:39:42.892 11286 11286 E DataLoader: at android.app.ActivityThread.main(ActivityThread.java:6592)
06-15 14:39:42.892 11286 11286 E DataLoader: at java.lang.reflect.Method.invoke(Native Method)
06-15 14:39:42.892 11286 11286 E DataLoader: at com.android.internal.os.Zygote$MethodAndArgsCaller.run(Zygote.java:240)
06-15 14:39:42.892 11286 11286 E DataLoader: at com.android.internal.os.ZygoteInit.main(ZygoteInit.java:767)
06-15 14:39:42.893 11286 21996 E ActivityThread: Failed to find provider info for com.google.android.katniss.search.searchapi.VoiceInteractionProvider
06-15 14:39:42.894 11286 11286 E DataLoader: Exception in onStartLoading() on registering content observer for content uri: content://tvlauncher.mic/farfield_mic_status
06-15 14:39:42.894 11286 11286 E DataLoader: java.lang.SecurityException: Failed to find provider tvlauncher.mic for user 0; expected to find a valid ContentProvider for this authority
06-15 14:39:42.894 11286 11286 E DataLoader: at android.os.Parcel.readException(Parcel.java:1942)
06-15 14:39:42.894 11286 11286 E DataLoader: at android.os.Parcel.readException(Parcel.java:1888)
06-15 14:39:42.894 11286 11286 E DataLoader: at android.content.IContentService$Stub$Proxy.registerContentObserver(IContentService.java:768)
06-15 14:39:42.894 11286 11286 E DataLoader: at android.content.ContentResolver.registerContentObserver(ContentResolver.java:1924)
06-15 14:39:42.894 11286 11286 E DataLoader: at android.content.ContentResolver.registerContentObserver(ContentResolver.java:1913)
06-15 14:39:42.894 11286 11286 E DataLoader: at com.google.android.tvlauncher.data.DataLoader.onStartLoading(DataLoader.java:75)
06-15 14:39:42.894 11286 11286 E DataLoader: at android.content.Loader.startLoading(Loader.java:290)
06-15 14:39:42.894 11286 11286 E DataLoader: at android.app.LoaderManagerImpl$LoaderInfo.start(LoaderManager.java:283)
06-15 14:39:42.894 11286 11286 E DataLoader: at android.app.LoaderManagerImpl.doStart(LoaderManager.java:783)
06-15 14:39:42.894 11286 11286 E DataLoader: at android.app.Fragment.onStart(Fragment.java:1735)
06-15 14:39:42.894 11286 11286 E DataLoader: at com.google.android.tvlauncher.home.HomeFragment.onStart(HomeFragment.java:306)
06-15 14:39:42.894 11286 11286 E DataLoader: at android.app.Fragment.performStart(Fragment.java:2637)
06-15 14:39:42.894 11286 11286 E DataLoader: at android.app.FragmentManagerImpl.moveToState(FragmentManager.java:1312)
06-15 14:39:42.894 11286 11286 E DataLoader: at android.app.FragmentManagerImpl.moveFragmentToExpectedState(FragmentManager.java:1549)
06-15 14:39:42.894 11286 11286 E DataLoader: at android.app.FragmentManagerImpl.moveToState(FragmentManager.java:1611)
06-15 14:39:42.894 11286 11286 E DataLoader: at android.app.FragmentManagerImpl.dispatchMoveToState(FragmentManager.java:3039)
06-15 14:39:42.894 11286 11286 E DataLoader: at android.app.FragmentManagerImpl.dispatchStart(FragmentManager.java:2996)
06-15 14:39:42.894 11286 11286 E DataLoader: at android.app.FragmentController.dispatchStart(FragmentController.java:189)
06-15 14:39:42.894 11286 11286 E DataLoader: at android.app.Activity.performStart(Activity.java:6998)
06-15 14:39:42.894 11286 11286 E DataLoader: at android.app.Activity.performRestart(Activity.java:7066)
06-15 14:39:42.894 11286 11286 E DataLoader: at android.app.Activity.performResume(Activity.java:7071)
06-15 14:39:42.894 11286 11286 E DataLoader: at android.app.ActivityThread.performResumeActivity(ActivityThread.java:3671)
06-15 14:39:42.894 11286 11286 E DataLoader: at android.app.ActivityThread.handleResumeActivity(ActivityThread.java:3736)
06-15 14:39:42.894 11286 11286 E DataLoader: at android.app.ActivityThread$H.handleMessage(ActivityThread.java:1644)
06-15 14:39:42.894 11286 11286 E DataLoader: at android.os.Handler.dispatchMessage(Handler.java:105)
06-15 14:39:42.894 11286 11286 E DataLoader: at android.os.Looper.loop(Looper.java:164)
06-15 14:39:42.894 11286 11286 E DataLoader: at android.app.ActivityThread.main(ActivityThread.java:6592)
06-15 14:39:42.894 11286 11286 E DataLoader: at java.lang.reflect.Method.invoke(Native Method)
06-15 14:39:42.894 11286 11286 E DataLoader: at com.android.internal.os.Zygote$MethodAndArgsCaller.run(Zygote.java:240)
06-15 14:39:42.894 11286 11286 E DataLoader: at com.android.internal.os.ZygoteInit.main(ZygoteInit.java:767)
06-15 14:39:42.894 11286 21997 E ActivityThread: Failed to find provider info for tvlauncher.mic
06-15 14:39:42.894 11286 11286 E PrtnrWidgetInfoLdr: Exception in onStartLoading() on registering content observer
06-15 14:39:42.894 11286 11286 E PrtnrWidgetInfoLdr: java.lang.SecurityException: Failed to find provider tvlauncher.widget for user 0; expected to find a valid ContentProvider for this authority
06-15 14:39:42.894 11286 11286 E PrtnrWidgetInfoLdr: at android.os.Parcel.readException(Parcel.java:1942)
06-15 14:39:42.894 11286 11286 E PrtnrWidgetInfoLdr: at android.os.Parcel.readException(Parcel.java:1888)
06-15 14:39:42.894 11286 11286 E PrtnrWidgetInfoLdr: at android.content.IContentService$Stub$Proxy.registerContentObserver(IContentService.java:768)
06-15 14:39:42.894 11286 11286 E PrtnrWidgetInfoLdr: at android.content.ContentResolver.registerContentObserver(ContentResolver.java:1924)
06-15 14:39:42.894 11286 11286 E PrtnrWidgetInfoLdr: at android.content.ContentResolver.registerContentObserver(ContentResolver.java:1913)
06-15 14:39:42.894 11286 11286 E PrtnrWidgetInfoLdr: at com.google.android.tvlauncher.data.PartnerWidgetInfoLoader.onStartLoading(PartnerWidgetInfoLoader.java:66)
06-15 14:39:42.894 11286 11286 E PrtnrWidgetInfoLdr: at android.content.Loader.startLoading(Loader.java:290)
06-15 14:39:42.894 11286 11286 E PrtnrWidgetInfoLdr: at android.app.LoaderManagerImpl$LoaderInfo.start(LoaderManager.java:283)
06-15 14:39:42.894 11286 11286 E PrtnrWidgetInfoLdr: at android.app.LoaderManagerImpl.doStart(LoaderManager.java:783)
06-15 14:39:42.894 11286 11286 E PrtnrWidgetInfoLdr: at android.app.Fragment.onStart(Fragment.java:1735)
06-15 14:39:42.894 11286 11286 E PrtnrWidgetInfoLdr: at com.google.android.tvlauncher.home.HomeFragment.onStart(HomeFragment.java:306)
06-15 14:39:42.894 11286 11286 E PrtnrWidgetInfoLdr: at android.app.Fragment.performStart(Fragment.java:2637)
06-15 14:39:42.894 11286 11286 E PrtnrWidgetInfoLdr: at android.app.FragmentManagerImpl.moveToState(FragmentManager.java:1312)
06-15 14:39:42.894 11286 11286 E PrtnrWidgetInfoLdr: at android.app.FragmentManagerImpl.moveFragmentToExpectedState(FragmentManager.java:1549)
06-15 14:39:42.894 11286 11286 E PrtnrWidgetInfoLdr: at android.app.FragmentManagerImpl.moveToState(FragmentManager.java:1611)
06-15 14:39:42.894 11286 11286 E PrtnrWidgetInfoLdr: at android.app.FragmentManagerImpl.dispatchMoveToState(FragmentManager.java:3039)
06-15 14:39:42.894 11286 11286 E PrtnrWidgetInfoLdr: at android.app.FragmentManagerImpl.dispatchStart(FragmentManager.java:2996)
06-15 14:39:42.894 11286 11286 E PrtnrWidgetInfoLdr: at android.app.FragmentController.dispatchStart(FragmentController.java:189)
06-15 14:39:42.894 11286 11286 E PrtnrWidgetInfoLdr: at android.app.Activity.performStart(Activity.java:6998)
06-15 14:39:42.894 11286 11286 E PrtnrWidgetInfoLdr: at android.app.Activity.performRestart(Activity.java:7066)
06-15 14:39:42.894 11286 11286 E PrtnrWidgetInfoLdr: at android.app.Activity.performResume(Activity.java:7071)
06-15 14:39:42.894 11286 11286 E PrtnrWidgetInfoLdr: at android.app.ActivityThread.performResumeActivity(ActivityThread.java:3671)
06-15 14:39:42.894 11286 11286 E PrtnrWidgetInfoLdr: at android.app.ActivityThread.handleResumeActivity(ActivityThread.java:3736)
06-15 14:39:42.894 11286 11286 E PrtnrWidgetInfoLdr: at android.app.ActivityThread$H.handleMessage(ActivityThread.java:1644)
06-15 14:39:42.894 11286 11286 E PrtnrWidgetInfoLdr: at android.os.Handler.dispatchMessage(Handler.java:105)
06-15 14:39:42.894 11286 11286 E PrtnrWidgetInfoLdr: at android.os.Looper.loop(Looper.java:164)
06-15 14:39:42.894 11286 11286 E PrtnrWidgetInfoLdr: at android.app.ActivityThread.main(ActivityThread.java:6592)
06-15 14:39:42.894 11286 11286 E PrtnrWidgetInfoLdr: at java.lang.reflect.Method.invoke(Native Method)
06-15 14:39:42.894 11286 11286 E PrtnrWidgetInfoLdr: at com.android.internal.os.Zygote$MethodAndArgsCaller.run(Zygote.java:240)
06-15 14:39:42.894 11286 11286 E PrtnrWidgetInfoLdr: at com.android.internal.os.ZygoteInit.main(ZygoteInit.java:767)
06-15 14:39:42.895 11286 21998 E ActivityThread: Failed to find provider info for tvlauncher.widget
06-15 14:39:42.900 11322 11322 D NotifInteractonRcvr: Show unseen default level notification toasts
06-15 14:39:42.910 927 2775 D RSMouse : mFeatureEnabled=true mPackageEnabled=false
06-15 14:39:42.958 21462 21462 D XBMCMainView: Surface Destroyed
06-15 14:39:42.972 700 749 I WindowManager: B2026652 WAR. Hide the surface org.xbmc.kodinerds/org.xbmc.kodinerds.Main
06-15 14:39:43.327 11286 11410 D SharedPreferencesImpl: Time required to fsync /data/user/0/com.google.android.tvlauncher/shared_prefs/CHANNEL_ORDER_MANAGER.xml: [<1: 0, <2: 0, <4: 1, <8: 2, <16: 1, <32: 3, <64: 1, <128: 0, <256: 0, <512: 1, <1024: 0, <2048: 0, <4096: 0, <8192: 0, <16384: 0, >=16384: 0]
06-15 14:39:43.338 700 749 I chatty : uid=1000(system) android.anim identical 23 lines
06-15 14:39:43.354 700 749 I WindowManager: B2026652 WAR. Hide the surface org.xbmc.kodinerds/org.xbmc.kodinerds.Main
06-15 14:39:43.372 371 371 D SurfaceFlinger: Set active config mode=0, type=0 flinger=0x2538821c00
06-15 14:39:43.372 371 371 V hwcomposer: hwc_setActiveConfig: set config 0
06-15 14:39:43.372 371 371 D hwcomposer: nvfb_lookup_mode: external: request: 0, real: 176
06-15 14:39:43.372 371 371 V hwcomposer: display 0: vblank period = 16683333 ns
06-15 14:39:43.372 371 371 V hwcomposer: Display 0 device size is 3840 x 2160
06-15 14:39:43.372 371 371 V hwcomposer: Display 0 device clip is (0.0, 0.0, 3840.0, 2160.0)
06-15 14:39:43.374 700 714 I ActivityManager: Killing 20036:com.android.keychain/1000 (adj 906): empty #17
06-15 14:39:43.375 21462 21496 V Kodi : virtual void CXBMCApp::onStop():
06-15 14:39:43.376 700 721 I DisplayManagerService: Display device changed: DisplayDeviceInfo{"Integrierter Bildschirm": uniqueId="local:0", 3840 x 2160, modeId 149, defaultModeId 149, supportedModes [{id=149, width=3840, height=2160, fps=59.94006}, {id=150, width=3840, height=2160, fps=60.0}, {id=151, width=1920, height=1080, fps=24.0}, {id=152, width=1920, height=1080, fps=25.0}, {id=153, width=1920, height=1080, fps=30.0}, {id=154, width=3840, height=2160, fps=24.0}, {id=155, width=3840, height=2160, fps=25.0}, {id=156, width=3840, height=2160, fps=30.0}, {id=157, width=3840, height=2160, fps=50.0}, {id=158, width=1920, height=1080, fps=23.976025}, {id=159, width=1920, height=1080, fps=29.97003}, {id=160, width=3840, height=2160, fps=23.976025}, {id=161, width=3840, height=2160, fps=29.97003}], colorMode 0, supportedColorModes [0], HdrCapabilities android.view.Display$HdrCapabilities@a69fc928, density 320, 213.0 x 213.0 dpi, appVsyncOff 1000000, presDeadline 16683333, touch INTERNAL, rotation 0, type BUILT_IN, state ON, FLAG_DEFAULT_DISPLAY, FLAG_ROTATES_WITH_CONTENT, FLAG_SECURE, FLAG_SUPPORTS_PROTECTED_BUFFERS}
06-15 14:39:43.376 700 761 I InputReader: Reconfiguring input devices. changes=0x00000004
06-15 14:39:43.376 21462 21496 V Kodi : virtual void CXBMCApp::onDestroy()
06-15 14:39:43.377 700 5906 I OpenGLRenderer: Initialized EGL, version 1.4
06-15 14:39:43.377 700 5906 D OpenGLRenderer: Swap behavior 2
06-15 14:39:43.377 21462 21496 V Kodi : CEventLoop: we are being destroyed
06-15 14:39:43.377 21462 21496 V Kodi : android_main: Exiting
06-15 14:39:43.410 700 761 I InputReader: Reconfiguring input devices. changes=0x00000004
06-15 14:39:43.433 700 759 V WiredAccessoryManager: Headset UEVENT: {SUBSYSTEM=switch, SEQNUM=103722, ACTION=change, SWITCH_NAME=hdmi_audio, DEVPATH=/devices/virtual/switch/hdmi_audio, SWITCH_STATE=0}
06-15 14:39:43.433 700 759 V WiredAccessoryManager: newName=hdmi_audio newState=0 headsetState=0 prev headsetState=16
06-15 14:39:43.434 700 759 I WiredAccessoryManager: MSG_NEW_DEVICE_STATE
06-15 14:39:43.434 700 700 V WiredAccessoryManager: headsetName: disconnected
06-15 14:39:43.435 700 761 I InputReader: Reconfiguring input devices. changes=0x00000004
06-15 14:39:43.437 371 441 E BufferQueueProducer: [SurfaceView - org.xbmc.kodinerds/org.xbmc.kodinerds.Main#0] disconnect: not connected (req=1)
06-15 14:39:43.437 21462 21496 W libEGL : EGLNativeWindowType 0x28046ee010 disconnect failed
06-15 14:39:43.439 941 941 I SearchHelper: HDMI Plugged changed to false
06-15 14:39:43.439 1321 1321 D BlakeWifiIntentManager: HDMI_PLUGGED_ACTION
06-15 14:39:43.440 14870 14870 D PersonalGridService: HDMI is disconnected
06-15 14:39:43.444 276 276 W /system/bin/hwservicemanager: getTransportFromManifest: Cannot find entry android.hardware.drm@1.0::IDrmFactory in either framework or device manifest, using default transport.
06-15 14:39:43.447 418 3993 I DrmHal : makeDrmFactories: using default drm instance
06-15 14:39:43.447 1294 1339 I ShieldBluetoothScanPolicy: Scan Poll enabled due to HDMI
06-15 14:39:43.448 1294 1339 I ShieldBluetoothScanPolicy: scan optmizations poll trigger due to HDMI
06-15 14:39:43.449 1294 1339 I ShieldBluetoothHandler: HDMI plug state change false
06-15 14:39:43.622 700 711 I ActivityManager: Process org.xbmc.kodinerds (pid 21462) has died: cch CEM
06-15 14:39:43.622 700 839 I WindowManager: WIN DEATH: Window{439cdc8 u0 org.xbmc.kodinerds/org.xbmc.kodinerds.Main}
06-15 14:39:43.622 700 4736 D MediaSessionService: Media button session is changed to null
06-15 14:39:43.623 700 780 D NsdService: Client disconnected
06-15 14:39:43.624 11322 11322 D NowPlayingManager: onClientChanged() called with: clearing = [true]
06-15 14:39:43.627 802 1224 V Avrcp : MediaController session destroyed
06-15 14:39:43.628 802 1224 V Avrcp : updateNewIds: Addressed:14 to 14, Browse:0 to 0
06-15 14:39:43.628 802 1224 D Avrcp : updateCurrentController: MediaController (org.xbmc.kodinerds@6192041) null to null
06-15 14:39:43.628 700 721 W ActivityManager: setHasOverlayUi called on unknown pid: 21462
06-15 14:39:43.648 418 2813 I WVCdm : CdmEngine::QueryStatus
06-15 14:39:43.649 418 2813 I WVCdm : Level3 Library 4445 May 19 2017 17:17:20
06-15 14:39:43.651 418 2813 E oemcrypto_cenc: OEMCrypto_APIVersion: 11
06-15 14:39:43.652 418 2813 D WVCdm : OEMCrypto_Initialize Level 1 success. I will use level 1.
06-15 14:39:43.850 371 371 V hwcomposer: setting property sys.display-size to 3840x2160
06-15 14:39:43.856 700 759 V WiredAccessoryManager: Headset UEVENT: {SUBSYSTEM=switch, SEQNUM=103725, ACTION=change, SWITCH_NAME=hdmi_audio, DEVPATH=/devices/virtual/switch/hdmi_audio, SWITCH_STATE=1}
06-15 14:39:43.856 700 759 V WiredAccessoryManager: newName=hdmi_audio newState=16 headsetState=16 prev headsetState=0
06-15 14:39:43.856 700 759 I WiredAccessoryManager: MSG_NEW_DEVICE_STATE
06-15 14:39:43.856 700 700 V WiredAccessoryManager: headsetName: connected
06-15 14:39:43.857 1321 1321 D BlakeWifiIntentManager: HDMI_PLUGGED_ACTION
06-15 14:39:43.857 14870 14870 D PersonalGridService: HDMI is connected
06-15 14:39:43.857 941 941 I SearchHelper: HDMI Plugged changed to true
06-15 14:39:43.859 276 276 W /system/bin/hwservicemanager: getTransportFromManifest: Cannot find entry android.hardware.drm@1.0::IDrmFactory in either framework or device manifest, using default transport.
06-15 14:39:43.860 1294 1339 I ShieldBluetoothScanPolicy: Scan Poll enabled due to HDMI
06-15 14:39:43.860 14870 14870 I PersonalGridService: Display mode is: {id=149, width=3840, height=2160, fps=59.94006}
06-15 14:39:43.860 1294 1339 I ShieldBluetoothScanPolicy: scan optmizations poll trigger due to HDMI
06-15 14:39:43.861 418 20102 I DrmHal : makeDrmFactories: using default drm instance
06-15 14:39:43.862 1294 1339 I ShieldBluetoothHandler: HDMI plug state change true
06-15 14:39:43.863 1294 1339 I ShieldBluetoothScanPolicy: Scans allowed due to PACKAGE POLL
06-15 14:39:43.863 1294 1339 D BluetoothAdapter: isLeEnabled(): ON
06-15 14:39:43.864 1294 1306 D BluetoothLeScanner: onScannerRegistered() - status=0 scannerId=5 mScannerId=0
06-15 14:39:43.869 802 832 D BluetoothAdapterProperties: Discoverable Timeout:-1
06-15 14:39:43.869 802 832 D BluetoothAdapterProperties: Scan Mode:23
06-15 14:39:44.173 418 2330 I WVCdm : CdmEngine::QueryStatus
06-15 14:39:44.174 418 2330 I WVCdm : Level3 Library 4445 May 19 2017 17:17:20
06-15 14:39:44.177 418 2330 E oemcrypto_cenc: OEMCrypto_APIVersion: 11
06-15 14:39:44.177 418 2330 D WVCdm : OEMCrypto_Initialize Level 1 success. I will use level 1.
06-15 14:39:44.441 413 5423 I NvAudioPolicyManager: setDeviceConnectionStateInt() device: 0x400, state 0, address name
06-15 14:39:44.444 700 700 V MediaRouter: Dispatching route change: RouteInfo{ name=TV, description=null, status=null, category=RouteCategory{ name=System types=ROUTE_TYPE_LIVE_AUDIO ROUTE_TYPE_LIVE_VIDEO groupable=false }, supportedTypes=ROUTE_TYPE_LIVE_AUDIO ROUTE_TYPE_LIVE_VIDEO , presentationDisplay=null }
06-15 14:39:44.444 849 849 V MediaRouter: Dispatching route change: RouteInfo{ name=TV, description=null, status=null, category=RouteCategory{ name=System types=ROUTE_TYPE_LIVE_AUDIO ROUTE_TYPE_LIVE_VIDEO groupable=false }, supportedTypes=ROUTE_TYPE_LIVE_AUDIO ROUTE_TYPE_LIVE_VIDEO , presentationDisplay=null }
06-15 14:39:44.444 700 700 V MediaRouter: Audio routes updated: AudioRoutesInfo{ type=SPEAKER }, a2dp=false
06-15 14:39:44.445 2623 2623 D cr_AvSettingsAndroid: [AvSettingsAndroid.java:147] HDMI plug update: action=android.media.action.HDMI_AUDIO_PLUG, plug=0
06-15 14:39:44.445 2623 2623 D cr_AvSettingsAndroid: [AvSettingsAndroid.java:155] Max channel count = 2
06-15 14:39:44.445 849 849 V MediaRouter: Audio routes updated: AudioRoutesInfo{ type=SPEAKER }, a2dp=false
06-15 14:39:44.446 2623 2623 D cr_AvSettingsAndroid: [AvSettingsAndroid.java:138] Supported audio codecs:0
06-15 14:39:44.446 2623 3071 I chromium: [2623:3071:INFO:media_manager_impl.cc(1007)] New audio codecs supported: new_codecs=0, old_codecs=25
06-15 14:39:44.447 2623 3071 W cr_AvSettingsAndroid: getDolbyVisionFlags() not supported, returning 0
06-15 14:39:44.449 2623 3071 D cr_EstimateResolution: [MaxAnticipatedResolutionEstimator.java:41] Assuming 4K display capabilities because we can decode VP9 4K video.
06-15 14:39:44.465 371 515 D : signalling poll failure
06-15 14:39:44.465 371 515 I : SecureHdcp_PollFailure
06-15 14:39:44.465 371 515 E : hdcp_status: readstatus failed
06-15 14:39:44.471 413 25063 I NvAudioPolicyManager: setDeviceConnectionStateInt() device: 0x400, state 1, address name
06-15 14:39:44.471 413 25063 I hash_map_utils: key: 'nv_param_passthrough_support' value: ''
06-15 14:39:44.471 413 25063 I AudioFlinger: openOutput() this 0x4d6bd000, module 10 Device 400, SamplingRate 0, Format 00000000, Channels 0, flags 1
06-15 14:39:44.473 413 25063 I AudioFlinger: HAL output buffer size 256 frames, normal sink buffer size 256 frames
06-15 14:39:44.474 413 22007 I AudioFlinger: AudioFlinger's thread 0x4ef61000 tid=22007 ready to run
06-15 14:39:44.475 413 25063 I AudioFlinger: openOutput() this 0x4d6bd000, module 10 Device 400, SamplingRate 8000, Format 0x000006, Channels 33, flags 1
06-15 14:39:44.476 413 25063 I AudioFlinger: HAL output buffer size 48 frames, normal sink buffer size 48 frames
06-15 14:39:44.476 413 22008 I AudioFlinger: AudioFlinger's thread 0x4ef61000 tid=22008 ready to run
06-15 14:39:44.476 413 25063 I hash_map_utils: key: 'nv_param_passthrough_support' value: ''
06-15 14:39:44.476 413 25063 I hash_map_utils: key: 'nv_param_passthrough_support' value: ''
06-15 14:39:44.476 413 25063 I AudioFlinger: openOutput() this 0x4d6bd000, module 10 Device 400, SamplingRate 0, Format 00000000, Channels 0, flags 1
06-15 14:39:44.477 413 25063 I AudioFlinger: HAL output buffer size 256 frames, normal sink buffer size 256 frames
06-15 14:39:44.477 413 22009 I AudioFlinger: AudioFlinger's thread 0x4f3a0000 tid=22009 ready to run
06-15 14:39:44.477 413 25063 D APM_AudioPolicyManager: filterSurroundFormats: forced use = 0
06-15 14:39:44.478 413 25063 I AudioFlinger: openOutput() this 0x4d6bd000, module 10 Device 400, SamplingRate 32000, Format 0x9000000, Channels 1, flags 1
06-15 14:39:44.479 413 25063 I AudioHwDevice: openOutputStream(), HAL returned sampleRate 32000, Format 0x9000000, channelMask 0x1, status 22
06-15 14:39:44.479 413 25063 I AudioSPDIF: SPDIFEncoder: mBurstBufferSizeBytes = 24576, littleEndian = 1
06-15 14:39:44.479 413 25063 I AudioFlinger: SpdifStreamOut::open() AudioFlinger requested sampleRate 32000, format 0x9000000, channelMask 0x1
06-15 14:39:44.479 413 25063 I AudioFlinger: SpdifStreamOut::open() HAL configured for sampleRate 32000, format 0x1, channelMask 0x3
06-15 14:39:44.479 413 25063 I AudioFlinger: SpdifStreamOut::open() status = 0
06-15 14:39:44.479 413 25063 I AudioFlinger: HAL output buffer size 4096 frames, normal sink buffer size 4096 frames
06-15 14:39:44.479 413 22010 I AudioFlinger: AudioFlinger's thread 0x4f3a0000 tid=22010 ready to run
06-15 14:39:44.480 413 25063 I hash_map_utils: key: 'nv_param_passthrough_support' value: ''
06-15 14:39:44.480 413 25063 I chatty : uid=1041(audioserver) Binder:413_8 identical 1 line
06-15 14:39:44.480 413 25063 I hash_map_utils: key: 'nv_param_passthrough_support' value: ''
06-15 14:39:44.480 413 25063 I AudioFlinger: openOutput() this 0x4d6bd000, module 10 Device 400, SamplingRate 88200, Format 0x000005, Channels 3, flags 1
06-15 14:39:44.480 413 25063 I AudioFlinger: HAL output buffer size 256 frames, normal sink buffer size 256 frames
06-15 14:39:44.480 413 22011 I AudioFlinger: AudioFlinger's thread 0x4f3ed000 tid=22011 ready to run
06-15 14:39:44.499 418 28925 I WVCdm : CdmEngine::QueryStatus
06-15 14:39:44.499 418 28925 I WVCdm : Level3 Library 4445 May 19 2017 17:17:20
06-15 14:39:44.503 700 700 V MediaRouter: Dispatching route change: RouteInfo{ name=HDMI, description=null, status=null, category=RouteCategory{ name=System types=ROUTE_TYPE_LIVE_AUDIO ROUTE_TYPE_LIVE_VIDEO groupable=false }, supportedTypes=ROUTE_TYPE_LIVE_AUDIO ROUTE_TYPE_LIVE_VIDEO , presentationDisplay=null }
06-15 14:39:44.503 700 700 V MediaRouter: Audio routes updated: AudioRoutesInfo{ type=HDMI }, a2dp=false
06-15 14:39:44.503 14870 14870 I pgService/AudioEndPointBroadcastReceiver: HDMI Audio receiver channels = 8
06-15 14:39:44.503 14870 14870 I pgService/AudioEndPointBroadcastReceiver:
06-15 14:39:44.503 14870 14870 I pgService/AudioEndPointBroadcastReceiver: 2
06-15 14:39:44.503 14870 14870 I pgService/AudioEndPointBroadcastReceiver: 4
06-15 14:39:44.503 14870 14870 I pgService/AudioEndPointBroadcastReceiver: 5
06-15 14:39:44.503 14870 14870 I pgService/AudioEndPointBroadcastReceiver: 6
06-15 14:39:44.503 14870 14870 I pgService/AudioEndPointBroadcastReceiver: 7
06-15 14:39:44.503 14870 14870 I pgService/AudioEndPointBroadcastReceiver: 8
06-15 14:39:44.503 14870 14870 I pgService/AudioEndPointBroadcastReceiver: 13
06-15 14:39:44.503 14870 14870 I pgService/AudioEndPointBroadcastReceiver: 14
06-15 14:39:44.503 14870 14870 I pgService/AudioEndPointBroadcastReceiver:
06-15 14:39:44.503 849 849 V MediaRouter: Dispatching route change: RouteInfo{ name=HDMI, description=null, status=null, category=RouteCategory{ name=System types=ROUTE_TYPE_LIVE_AUDIO ROUTE_TYPE_LIVE_VIDEO groupable=false }, supportedTypes=ROUTE_TYPE_LIVE_AUDIO ROUTE_TYPE_LIVE_VIDEO , presentationDisplay=null }
06-15 14:39:44.503 849 849 V MediaRouter: Audio routes updated: AudioRoutesInfo{ type=HDMI }, a2dp=false
06-15 14:39:44.503 2623 2623 D cr_AvSettingsAndroid: [AvSettingsAndroid.java:147] HDMI plug update: action=android.media.action.HDMI_AUDIO_PLUG, plug=1
06-15 14:39:44.503 2623 2623 D cr_AvSettingsAndroid: [AvSettingsAndroid.java:155] Max channel count = 8
06-15 14:39:44.504 2623 2623 D cr_AvSettingsAndroid: [AvSettingsAndroid.java:138] Supported audio codecs:25
06-15 14:39:44.504 2623 3071 I chromium: [2623:3071:INFO:media_manager_impl.cc(1007)] New audio codecs supported: new_codecs=25, old_codecs=0
06-15 14:39:44.505 2623 3071 W cr_AvSettingsAndroid: getDolbyVisionFlags() not supported, returning 0
06-15 14:39:44.506 2623 3071 D cr_EstimateResolution: [MaxAnticipatedResolutionEstimator.java:41] Assuming 4K display capabilities because we can decode VP9 4K video.
06-15 14:39:44.520 418 28925 E oemcrypto_cenc: OEMCrypto_APIVersion: 11
06-15 14:39:44.520 418 28925 D WVCdm : OEMCrypto_Initialize Level 1 success. I will use level 1.
06-15 14:39:44.522 2623 3071 W cr_AvSettingsAndroid: getDolbyVisionFlags() not supported, returning 0
06-15 14:39:44.522 2623 3071 I chromium: [2623:3071:INFO:media_manager_impl.cc(1065)] ScreenInfo changed: HDCP version=0 supported EOTFs=4 DolbyVision flags=0 Size(mm): 0x0 cur mode HDR=1 cur mode DV=0
06-15 14:39:44.523 2623 3071 D cr_EstimateResolution: [MaxAnticipatedResolutionEstimator.java:41] Assuming 4K display capabilities because we can decode VP9 4K video.
06-15 14:39:44.619 700 788 W HdmiCecController: Failed to send src: 4, dst: 0 with errorCode=3
06-15 14:39:44.629 802 1224 V Avrcp : MSG_UPDATE_MEDIA
06-15 14:39:44.629 802 1224 V Avrcp : updatePlaybackState (1): -1Ô×í0(PlaybackState {state=0, position=-1, buffered position=0, speed=0.0, updated=367806479, actions=0, custom actions=[], active item id=-1, error=null})
06-15 14:39:44.629 802 1224 V Avrcp : Media update: id -1Ô×í-1? [MediaAttributes: none]
06-15 14:39:44.629 802 1224 D Avrcp : sendPlayPosNotificationRsp: Not registered or requesting.
06-15 14:39:45.898 11322 11333 D TVNotifService: getConnectedInstanceBlocking - block
06-15 14:39:45.898 11322 11333 D TVNotifService: getConnectedInstanceBlockingWithTimeout - done
06-15 14:39:45.924 11286 11286 E Clearcut-EventLogger: Unexpected log parameter tray_notification_count
06-15 14:39:46.032 700 715 D WindowManager: handleComboKeys keyCode: 0, keyAction: 1
06-15 14:39:48.668 700 761 D WindowManager: handleComboKeys keyCode: 96, keyAction: 0
06-15 14:39:48.670 700 760 D WindowManager: handleComboKeys keyCode: 23, keyAction: 0
06-15 14:39:48.807 700 761 D WindowManager: handleComboKeys keyCode: 96, keyAction: 1
06-15 14:39:48.808 700 760 D WindowManager: handleComboKeys keyCode: 23, keyAction: 1
06-15 14:39:48.809 700 785 W AudioTrack: dead IAudioTrack, PCM, creating a new one from getTimestampExtended()
06-15 14:39:48.810 700 4742 I ActivityManager: START u0 {act=android.intent.action.MAIN cat=[android.intent.category.LEANBACK_LAUNCHER] flg=0x10000000 pkg=org.xbmc.kodinerds cmp=org.xbmc.kodinerds/.Splash} from uid 10088
06-15 14:39:48.811 360 360 E powerHAL::common: Unknown power hint: 0x8
06-15 14:39:48.811 413 5416 I NvAudioPolicyManager: getOutputForAttr() device 0x400, samplingRate 48000, format 1, channelMask 3, flags 4 strategy 0x0
06-15 14:39:48.822 700 785 I AudioTrack: AUDIO_OUTPUT_FLAG_FAST successful; frameCount 4512 -> 4512
06-15 14:39:48.832 700 957 I ActivityManager: Start proc 22018:org.xbmc.kodinerds/u0a103 for activity org.xbmc.kodinerds/.Splash
06-15 14:39:48.850 927 2775 D RSMouse : mFeatureEnabled=true mPackageEnabled=false
06-15 14:39:48.858 700 22033 W NvAppProfileService: App Profiles: Enabled
06-15 14:39:48.861 1466 1832 I zygote64: Looking for service vendor.nvidia.hardware.power@1.0::IPower/default
06-15 14:39:48.861 276 276 W /system/bin/hwservicemanager: getTransportFromManifest: Cannot find entry vendor.nvidia.hardware.power@1.0::IPower in either framework or device manifest, using default transport.
06-15 14:39:48.869 1466 1832 I zygote64: Starting thread pool.
06-15 14:39:48.893 700 749 I WindowManager: B2026652 WAR. Hide the surface com.google.android.tvlauncher/com.google.android.tvlauncher.HomeScreen
06-15 14:39:48.899 22018 22018 I Kodi : ABI: arm64-v8a
06-15 14:39:48.899 22018 22018 I Kodi : ABI: armeabi-v7a
06-15 14:39:48.899 22018 22018 I Kodi : ABI: armeabi
06-15 14:39:48.901 2623 2623 I chromium: [2623:2623:INFO:metrics_recorder.cc(201)] Record action: Cast.CecHdmiInputState.Active
06-15 14:39:48.901 2623 2623 I chromium: [2623:2623:INFO:metrics_recorder.cc(201)] Record action: Cast.CecStandby.On
06-15 14:39:48.902 22018 22018 D Kodi : External storage = /storage/emulated/0; state = mounted
06-15 14:39:48.902 2623 3008 E chromium: [2623:3008:ERROR:wifi_frame_histogram_capturer.cc(404)] No histogram or IOCTL data
06-15 14:39:48.902 2623 3008 I chromium: [2623:3008:INFO:wifi_util.cc(136)] Current wifi TDLS peers:
06-15 14:39:48.902 2623 3008 I chromium: [2623:3008:INFO:wifi_util.cc(138)] No peers:
06-15 14:39:48.905 700 1544 I ActivityManager: START u0 {act=android.intent.action.MAIN cat=[android.intent.category.LEANBACK_LAUNCHER] flg=0x11000000 pkg=org.xbmc.kodinerds cmp=org.xbmc.kodinerds/.Main} from uid 10103
06-15 14:39:48.906 360 360 E powerHAL::common: Unknown power hint: 0x8
06-15 14:39:48.918 700 749 I WindowManager: B2026652 WAR. Hide the surface com.google.android.tvlauncher/com.google.android.tvlauncher.HomeScreen
06-15 14:39:48.923 700 22037 W NvAppProfileService: App Profiles: Enabled
06-15 14:39:48.932 1466 1484 I zygote64: Looking for service vendor.nvidia.hardware.power@1.0::IPower/default
06-15 14:39:48.934 276 276 W /system/bin/hwservicemanager: getTransportFromManifest: Cannot find entry vendor.nvidia.hardware.power@1.0::IPower in either framework or device manifest, using default transport.
06-15 14:39:48.936 1466 1484 I zygote64: Starting thread pool.
06-15 14:39:49.022 22018 22018 W .xbmc.kodinerds: type=1400 audit(0.0:5831): avc: denied { read } for name="stat" dev="proc" ino=4026540053 scontext=u:r:untrusted_app_25:s0:c512,c768 tcontext=u:object_r:proc_stat:s0 tclass=file permissive=0
06-15 14:39:49.022 22018 22018 W .xbmc.kodinerds: type=1400 audit(0.0:5832): avc: denied { search } for name="thermal" dev="sysfs" ino=4504 scontext=u:r:untrusted_app_25:s0:c512,c768 tcontext=u:object_r:sysfs_thermal:s0 tclass=dir permissive=0
06-15 14:39:49.071 22018 22038 V Kodi : CXBMCApp: Created
06-15 14:39:49.071 22018 22038 V Kodi : CEventLoop: starting event loop
06-15 14:39:49.161 22018 22018 D XBMCMainView: Created
06-15 14:39:49.162 22018 22038 V Kodi : virtual void CXBMCApp::onStart():
06-15 14:39:49.164 22018 22038 D XBMCMediaSession: XBMCMediaSession init
06-15 14:39:49.165 700 8862 D MediaSessionService: Media button session is changed to org.xbmc.kodinerds/XBMC_session (userId=0)
06-15 14:39:49.166 11322 11322 D NowPlayingManager: onClientChanged() called with: clearing = [true]
06-15 14:39:49.166 11322 11322 D NowPlayingManager: onClientChanged() called with: clearing = [true]
06-15 14:39:49.167 802 802 V Avrcp : Set active media session org.xbmc.kodinerds
06-15 14:39:49.167 802 802 W Avrcp : playState object null, sending STOPPED
06-15 14:39:49.167 802 802 V Avrcp : isBrowseSupported for org.xbmc.kodinerds: false
06-15 14:39:49.167 802 802 D Avrcp : update #14:MediaPlayerInfo org.xbmc.kodinerds (as 'Kodi') Type = 1, SubType = 0, Status = 0 Feature Bits [40 41 42 44 45 47 48 58] Controller: MediaController (org.xbmc.kodinerds@3ccb9e6) null
06-15 14:39:49.167 802 802 V Avrcp : updateNewIds: Addressed:14 to 14, Browse:0 to 0
06-15 14:39:49.167 22018 22038 V Kodi : virtual void CXBMCApp::onResume():
06-15 14:39:49.167 802 802 D Avrcp : updateCurrentController: null to MediaController (org.xbmc.kodinerds@3ccb9e6) null
06-15 14:39:49.168 802 802 I AddressedMediaPlayer: null queue from org.xbmc.kodinerds, constructing single-item list
06-15 14:39:49.168 802 802 W AddressedMediaPlayer: Controller has no metadata!? Making an empty one
06-15 14:39:49.168 802 802 E bt_btif : register_notification_rsp: Avrcp device is not connected, handle: 0x0
06-15 14:39:49.168 802 802 E bt_btif : register_notification_rsp: Avrcp device is not connected, handle: 0x0
06-15 14:39:49.168 802 802 V Avrcp : Player 14 package: org.xbmc.kodinerds
06-15 14:39:49.175 927 927 D HookService: ShieldTech service starting
06-15 14:39:49.175 927 927 I zygote64: Looking for service vendor.nvidia.hardware.shieldtech.input@1.0::IInputDetails/default
06-15 14:39:49.176 927 927 I zygote64: Starting thread pool.
06-15 14:39:49.180 22018 22042 D OpenGLRenderer: HWUI GL Pipeline
06-15 14:39:49.181 927 927 D RSMouse : mFeatureEnabled=true mPackageEnabled=false
06-15 14:39:49.186 927 927 D DeviceHandler: Device configured with 0 handlers
06-15 14:39:49.186 927 927 I chatty : uid=1000(system) com.nvidia.shieldtech.hooks identical 4 lines
06-15 14:39:49.186 927 927 D DeviceHandler: Device configured with 0 handlers
06-15 14:39:49.186 22018 22018 D XBMCMediaSession: XBMCMediaSession callback
06-15 14:39:49.187 22018 22018 D View : com.nvidia.immediateInput = false
06-15 14:39:49.191 927 938 D RSMouse : mFeatureEnabled=true mPackageEnabled=false
06-15 14:39:49.199 22018 22042 I vndksupport: sphal namespace is not configured for this process. Loading /vendor/lib64/hw/gralloc.tegra.so from the current namespace instead.
06-15 14:39:49.205 927 927 D DeviceHandler: Device configured with 14 handlers
06-15 14:39:49.207 927 927 D DeviceHandler: Device configured with 14 handlers
06-15 14:39:49.210 927 927 D DeviceHandler: Device configured with 17 handlers
06-15 14:39:49.212 22018 22018 D XBMCMainView: Surface Created
06-15 14:39:49.212 22018 22040 V Kodi : => running XBMC_Run...
06-15 14:39:49.212 22018 22018 D XBMCMainView: Surface Changed, format:-3, width:1920, height:1080
06-15 14:39:49.213 927 927 D DeviceHandler: Device configured with 14 handlers
06-15 14:39:49.217 22018 22042 I OpenGLRenderer: Initialized EGL, version 1.4
06-15 14:39:49.217 22018 22042 D OpenGLRenderer: Swap behavior 2
06-15 14:39:49.217 927 927 D DeviceHandler: Device configured with 17 handlers
06-15 14:39:49.224 927 927 D DeviceHandler: Device configured with 23 handlers
06-15 14:39:49.243 700 749 I chatty : uid=1000(system) android.anim identical 20 lines
06-15 14:39:49.260 700 749 I WindowManager: B2026652 WAR. Hide the surface com.google.android.tvlauncher/com.google.android.tvlauncher.HomeScreen
06-15 14:39:49.305 22018 22042 I vndksupport: sphal namespace is not configured for this process. Loading /vendor/lib64/hw/gralloc.tegra.so from the current namespace instead.
06-15 14:39:49.306 22018 22042 I vndksupport: sphal namespace is not configured for this process. Loading /vendor/lib64/hw/gralloc.tegra.so from the current namespace instead.
06-15 14:39:49.314 22018 22042 D phs:ipc-binder-client: phs: RegisterClient(): transact returned 0, NO_ERROR=0
06-15 14:39:49.315 22018 22042 D phs:ipc-binder-client: phs: RegisterClient() timeout is 5000
