06-15 14:45:47.237 700 761 D WindowManager: handleComboKeys keyCode: 43, keyAction: 1
06-15 14:45:47.237 22018 22038 V Kodi : process_input: Failure reading next input event: Try again
06-15 14:45:47.237 22018 22038 V Kodi : CAndroidKey: key down (dev:3; src:769; code: 43; repeat: 0; flags: 0x8; alt: no; shift: no; sym: no)
06-15 14:45:47.238 22018 22038 V Kodi : process_input: Failure reading next input event: Try again
06-15 14:45:47.238 22018 22038 V Kodi : CAndroidKey: key up (dev:3; src:769; code: 43; repeat: 0; flags: 0x8; alt: no; shift: no; sym: no)
06-15 14:45:47.594 802 1224 V Avrcp : onPlaybackStateChanged: state PlaybackState {state=3, position=18252, buffered position=0, speed=1.0, updated=368169443, actions=-1, custom actions=[], active item id=-1, error=null}
06-15 14:45:47.596 11322 11322 D NowPlayingListener: onPlaybackStateChanged: PlaybackState {state=3, position=18252, buffered position=0, speed=1.0, updated=368169443, actions=-1, custom actions=[], active item id=-1, error=null}
06-15 14:45:47.596 11322 11322 D NowPlayingManager: onClientPlaybackStateUpdate() called with: state = [3], stateChangeTimeMs = [368169443], currentPosMs = [18252]
06-15 14:45:47.596 11322 11322 D NowPlayingManager: onClientPlaybackStateUpdate: Skipped update, state: 3 was unchanged
06-15 14:45:47.601 11322 11322 D NowPlayingManager: onMediaDataUpdated() called with: mediaData = [com.google.android.tvrecommendations.NowPlayingData@f03590b]
06-15 14:45:47.615 11322 11322 D TVNotifService: onTVNotificationPosted StatusBarNotification(pkg=com.google.android.tvrecommendations user=UserHandle{0} id=4321 tag=Notification.NowPlaying key=0|com.google.android.tvrecommendations|4321|Notification.NowPlaying|10087: Notification(channel=now_playing pri=0 contentView=null vibrate=null sound=null defaults=0x0 flags=0x0 color=0x00000000 vis=PRIVATE)) userId: 0
06-15 14:45:48.077 802 1224 V Avrcp : MSG_UPDATE_MEDIA
06-15 14:45:48.077 802 1224 V Avrcp : updatePlaybackState (1): -1Ô×í1(PlaybackState {state=3, position=0, buffered position=0, speed=1.0, updated=368169927, actions=-1, custom actions=[], active item id=-1, error=null})
06-15 14:45:48.078 802 1224 V Avrcp : Media update: id -1Ô×í-1? [MediaAttributes: DÔï»t - by (0 0/0) ]
06-15 14:45:48.079 802 1224 D Avrcp : sendPlayPosNotificationRsp: Not registered or requesting.
06-15 14:45:48.111 802 1224 V Avrcp : onPlaybackStateChanged: state PlaybackState {state=3, position=18659, buffered position=0, speed=1.0, updated=368169959, actions=-1, custom actions=[], active item id=-1, error=null}
06-15 14:45:48.111 11322 11322 D NowPlayingListener: onPlaybackStateChanged: PlaybackState {state=3, position=18659, buffered position=0, speed=1.0, updated=368169959, actions=-1, custom actions=[], active item id=-1, error=null}
06-15 14:45:48.111 11322 11322 D NowPlayingManager: onClientPlaybackStateUpdate() called with: state = [3], stateChangeTimeMs = [368169959], currentPosMs = [18659]
06-15 14:45:48.111 11322 11322 D NowPlayingManager: onClientPlaybackStateUpdate: Skipped update, state: 3 was unchanged
06-15 14:45:48.123 11322 11322 D NowPlayingManager: onMediaDataUpdated() called with: mediaData = [com.google.android.tvrecommendations.NowPlayingData@42530a6]
06-15 14:45:48.134 11322 11322 D TVNotifService: onTVNotificationPosted StatusBarNotification(pkg=com.google.android.tvrecommendations user=UserHandle{0} id=4321 tag=Notification.NowPlaying key=0|com.google.android.tvrecommendations|4321|Notification.NowPlaying|10087: Notification(channel=now_playing pri=0 contentView=null vibrate=null sound=null defaults=0x0 flags=0x0 color=0x00000000 vis=PRIVATE)) userId: 0
06-15 14:45:48.611 11322 11322 D NowPlayingListener: onPlaybackStateChanged: PlaybackState {state=3, position=19261, buffered position=0, speed=1.0, updated=368170460, actions=-1, custom actions=[], active item id=-1, error=null}
06-15 14:45:48.611 802 1224 V Avrcp : onPlaybackStateChanged: state PlaybackState {state=3, position=19261, buffered position=0, speed=1.0, updated=368170460, actions=-1, custom actions=[], active item id=-1, error=null}
06-15 14:45:48.611 11322 11322 D NowPlayingManager: onClientPlaybackStateUpdate() called with: state = [3], stateChangeTimeMs = [368170460], currentPosMs = [19261]
06-15 14:45:48.611 11322 11322 D NowPlayingManager: onClientPlaybackStateUpdate: Skipped update, state: 3 was unchanged
06-15 14:45:48.615 11322 11322 D NowPlayingManager: onMediaDataUpdated() called with: mediaData = [com.google.android.tvrecommendations.NowPlayingData@b6ce694]
06-15 14:45:48.625 11322 11322 D TVNotifService: onTVNotificationPosted StatusBarNotification(pkg=com.google.android.tvrecommendations user=UserHandle{0} id=4321 tag=Notification.NowPlaying key=0|com.google.android.tvrecommendations|4321|Notification.NowPlaying|10087: Notification(channel=now_playing pri=0 contentView=null vibrate=null sound=null defaults=0x0 flags=0x0 color=0x00000000 vis=PRIVATE)) userId: 0
06-15 14:45:49.111 802 1224 V Avrcp : MSG_UPDATE_MEDIA
06-15 14:45:49.111 802 1224 V Avrcp : updatePlaybackState (1): -1Ô×í1(PlaybackState {state=3, position=0, buffered position=0, speed=1.0, updated=368170961, actions=-1, custom actions=[], active item id=-1, error=null})
06-15 14:45:49.112 802 1224 V Avrcp : Media update: id -1Ô×í-1? [MediaAttributes: DÔï»t - by (0 0/0) ]
06-15 14:45:49.112 802 1224 D Avrcp : sendPlayPosNotificationRsp: Not registered or requesting.
06-15 14:45:49.127 802 1224 V Avrcp : onPlaybackStateChanged: state PlaybackState {state=3, position=19672, buffered position=0, speed=1.0, updated=368170975, actions=-1, custom actions=[], active item id=-1, error=null}
06-15 14:45:49.127 11322 11322 D NowPlayingListener: onPlaybackStateChanged: PlaybackState {state=3, position=19672, buffered position=0, speed=1.0, updated=368170975, actions=-1, custom actions=[], active item id=-1, error=null}
06-15 14:45:49.127 11322 11322 D NowPlayingManager: onClientPlaybackStateUpdate() called with: state = [3], stateChangeTimeMs = [368170975], currentPosMs = [19672]
06-15 14:45:49.127 11322 11322 D NowPlayingManager: onClientPlaybackStateUpdate: Skipped update, state: 3 was unchanged
06-15 14:45:49.132 11322 11322 D NowPlayingManager: onMediaDataUpdated() called with: mediaData = [com.google.android.tvrecommendations.NowPlayingData@7e3b132]
06-15 14:45:49.142 11322 11322 D TVNotifService: onTVNotificationPosted StatusBarNotification(pkg=com.google.android.tvrecommendations user=UserHandle{0} id=4321 tag=Notification.NowPlaying key=0|com.google.android.tvrecommendations|4321|Notification.NowPlaying|10087: Notification(channel=now_playing pri=0 contentView=null vibrate=null sound=null defaults=0x0 flags=0x0 color=0x00000000 vis=PRIVATE)) userId: 0
06-15 14:45:49.461 426 22968 D NvOsDebugPrintf: NVMEDIA: FrameRate(for last 120 frames) = 50.000000, AvgFrameRate = 50.000000
06-15 14:45:49.643 802 1224 V Avrcp : onPlaybackStateChanged: state PlaybackState {state=3, position=20351, buffered position=0, speed=1.0, updated=368171492, actions=-1, custom actions=[], active item id=-1, error=null}
06-15 14:45:49.644 11322 11322 D NowPlayingListener: onPlaybackStateChanged: PlaybackState {state=3, position=20351, buffered position=0, speed=1.0, updated=368171492, actions=-1, custom actions=[], active item id=-1, error=null}
06-15 14:45:49.644 11322 11322 D NowPlayingManager: onClientPlaybackStateUpdate() called with: state = [3], stateChangeTimeMs = [368171492], currentPosMs = [20351]
06-15 14:45:49.644 11322 11322 D NowPlayingManager: onClientPlaybackStateUpdate: Skipped update, state: 3 was unchanged
06-15 14:45:49.649 11322 11322 D NowPlayingManager: onMediaDataUpdated() called with: mediaData = [com.google.android.tvrecommendations.NowPlayingData@e7bd800]
06-15 14:45:49.659 11322 11322 D TVNotifService: onTVNotificationPosted StatusBarNotification(pkg=com.google.android.tvrecommendations user=UserHandle{0} id=4321 tag=Notification.NowPlaying key=0|com.google.android.tvrecommendations|4321|Notification.NowPlaying|10087: Notification(channel=now_playing pri=0 contentView=null vibrate=null sound=null defaults=0x0 flags=0x0 color=0x00000000 vis=PRIVATE)) userId: 0
06-15 14:45:50.127 802 1224 V Avrcp : MSG_UPDATE_MEDIA
06-15 14:45:50.128 802 1224 V Avrcp : updatePlaybackState (1): -1Ô×í1(PlaybackState {state=3, position=0, buffered position=0, speed=1.0, updated=368171977, actions=-1, custom actions=[], active item id=-1, error=null})
06-15 14:45:50.129 802 1224 V Avrcp : Media update: id -1Ô×í-1? [MediaAttributes: DÔï»t - by (0 0/0) ]
06-15 14:45:50.129 802 1224 D Avrcp : sendPlayPosNotificationRsp: Not registered or requesting.
06-15 14:45:50.160 802 1224 V Avrcp : onPlaybackStateChanged: state PlaybackState {state=3, position=20706, buffered position=0, speed=1.0, updated=368172009, actions=-1, custom actions=[], active item id=-1, error=null}
06-15 14:45:50.161 11322 11322 D NowPlayingListener: onPlaybackStateChanged: PlaybackState {state=3, position=20706, buffered position=0, speed=1.0, updated=368172009, actions=-1, custom actions=[], active item id=-1, error=null}
06-15 14:45:50.161 11322 11322 D NowPlayingManager: onClientPlaybackStateUpdate() called with: state = [3], stateChangeTimeMs = [368172009], currentPosMs = [20706]
06-15 14:45:50.161 11322 11322 D NowPlayingManager: onClientPlaybackStateUpdate: Skipped update, state: 3 was unchanged
06-15 14:45:50.166 11322 11322 D NowPlayingManager: onMediaDataUpdated() called with: mediaData = [com.google.android.tvrecommendations.NowPlayingData@497ae7e]
06-15 14:45:50.181 11322 11322 D TVNotifService: onTVNotificationPosted StatusBarNotification(pkg=com.google.android.tvrecommendations user=UserHandle{0} id=4321 tag=Notification.NowPlaying key=0|com.google.android.tvrecommendations|4321|Notification.NowPlaying|10087: Notification(channel=now_playing pri=0 contentView=null vibrate=null sound=null defaults=0x0 flags=0x0 color=0x00000000 vis=PRIVATE)) userId: 0
06-15 14:45:50.677 11322 11322 D NowPlayingListener: onPlaybackStateChanged: PlaybackState {state=3, position=21311, buffered position=0, speed=1.0, updated=368172525, actions=-1, custom actions=[], active item id=-1, error=null}
06-15 14:45:50.677 11322 11322 D NowPlayingManager: onClientPlaybackStateUpdate() called with: state = [3], stateChangeTimeMs = [368172525], currentPosMs = [21311]
06-15 14:45:50.677 11322 11322 D NowPlayingManager: onClientPlaybackStateUpdate: Skipped update, state: 3 was unchanged
06-15 14:45:50.679 802 1224 V Avrcp : onPlaybackStateChanged: state PlaybackState {state=3, position=21311, buffered position=0, speed=1.0, updated=368172525, actions=-1, custom actions=[], active item id=-1, error=null}
06-15 14:45:50.683 11322 11322 D NowPlayingManager: onMediaDataUpdated() called with: mediaData = [com.google.android.tvrecommendations.NowPlayingData@cc6742c]
06-15 14:45:50.694 11322 11322 D TVNotifService: onTVNotificationPosted StatusBarNotification(pkg=com.google.android.tvrecommendations user=UserHandle{0} id=4321 tag=Notification.NowPlaying key=0|com.google.android.tvrecommendations|4321|Notification.NowPlaying|10087: Notification(channel=now_playing pri=0 contentView=null vibrate=null sound=null defaults=0x0 flags=0x0 color=0x00000000 vis=PRIVATE)) userId: 0
06-15 14:45:51.133 700 761 D WindowManager: handleComboKeys keyCode: 43, keyAction: 0
06-15 14:45:51.134 22018 22038 V Kodi : process_input: Failure reading next input event: Try again
06-15 14:45:51.135 22018 22038 V Kodi : CAndroidKey: key down (dev:3; src:769; code: 43; repeat: 0; flags: 0x8; alt: no; shift: no; sym: no)
06-15 14:45:51.161 802 1224 V Avrcp : MSG_UPDATE_MEDIA
06-15 14:45:51.161 802 1224 V Avrcp : updatePlaybackState (1): -1Ô×í1(PlaybackState {state=3, position=0, buffered position=0, speed=1.0, updated=368173011, actions=-1, custom actions=[], active item id=-1, error=null})
06-15 14:45:51.162 802 1224 V Avrcp : Media update: id -1Ô×í-1? [MediaAttributes: DÔï»t - by (0 0/0) ]
06-15 14:45:51.162 802 1224 D Avrcp : sendPlayPosNotificationRsp: Not registered or requesting.
06-15 14:45:51.178 11322 11322 D NowPlayingListener: onPlaybackStateChanged: PlaybackState {state=3, position=21724, buffered position=0, speed=1.0, updated=368173027, actions=-1, custom actions=[], active item id=-1, error=null}
06-15 14:45:51.178 11322 11322 D NowPlayingManager: onClientPlaybackStateUpdate() called with: state = [3], stateChangeTimeMs = [368173027], currentPosMs = [21724]
06-15 14:45:51.178 11322 11322 D NowPlayingManager: onClientPlaybackStateUpdate: Skipped update, state: 3 was unchanged
06-15 14:45:51.179 802 1224 V Avrcp : onPlaybackStateChanged: state PlaybackState {state=3, position=21724, buffered position=0, speed=1.0, updated=368173027, actions=-1, custom actions=[], active item id=-1, error=null}
06-15 14:45:51.184 11322 11322 D NowPlayingManager: onMediaDataUpdated() called with: mediaData = [com.google.android.tvrecommendations.NowPlayingData@efc348a]
06-15 14:45:51.195 11322 11322 D TVNotifService: onTVNotificationPosted StatusBarNotification(pkg=com.google.android.tvrecommendations user=UserHandle{0} id=4321 tag=Notification.NowPlaying key=0|com.google.android.tvrecommendations|4321|Notification.NowPlaying|10087: Notification(channel=now_playing pri=0 contentView=null vibrate=null sound=null defaults=0x0 flags=0x0 color=0x00000000 vis=PRIVATE)) userId: 0
06-15 14:45:51.323 700 761 D WindowManager: handleComboKeys keyCode: 43, keyAction: 1
06-15 14:45:51.324 22018 22038 V Kodi : process_input: Failure reading next input event: Try again
06-15 14:45:51.324 22018 22038 V Kodi : CAndroidKey: key up (dev:3; src:769; code: 43; repeat: 0; flags: 0x8; alt: no; shift: no; sym: no)
06-15 14:45:51.694 802 1224 V Avrcp : onPlaybackStateChanged: state PlaybackState {state=3, position=22299, buffered position=0, speed=1.0, updated=368173542, actions=-1, custom actions=[], active item id=-1, error=null}
06-15 14:45:51.694 11322 11322 D NowPlayingListener: onPlaybackStateChanged: PlaybackState {state=3, position=22299, buffered position=0, speed=1.0, updated=368173542, actions=-1, custom actions=[], active item id=-1, error=null}
06-15 14:45:51.694 11322 11322 D NowPlayingManager: onClientPlaybackStateUpdate() called with: state = [3], stateChangeTimeMs = [368173542], currentPosMs = [22299]
06-15 14:45:51.694 11322 11322 D NowPlayingManager: onClientPlaybackStateUpdate: Skipped update, state: 3 was unchanged
06-15 14:45:51.698 11322 11322 D NowPlayingManager: onMediaDataUpdated() called with: mediaData = [com.google.android.tvrecommendations.NowPlayingData@43ca718]
06-15 14:45:51.708 11322 11322 D TVNotifService: onTVNotificationPosted StatusBarNotification(pkg=com.google.android.tvrecommendations user=UserHandle{0} id=4321 tag=Notification.NowPlaying key=0|com.google.android.tvrecommendations|4321|Notification.NowPlaying|10087: Notification(channel=now_playing pri=0 contentView=null vibrate=null sound=null defaults=0x0 flags=0x0 color=0x00000000 vis=PRIVATE)) userId: 0
06-15 14:45:51.893 426 22968 D NvOsDebugPrintf: NVMEDIA: FrameRate(for last 120 frames) = 50.000000, AvgFrameRate = 50.000000
06-15 14:45:52.180 802 1224 V Avrcp : MSG_UPDATE_MEDIA
06-15 14:45:52.180 802 1224 V Avrcp : updatePlaybackState (1): -1Ô×í1(PlaybackState {state=3, position=0, buffered position=0, speed=1.0, updated=368174030, actions=-1, custom actions=[], active item id=-1, error=null})
06-15 14:45:52.181 802 1224 V Avrcp : Media update: id -1Ô×í-1? [MediaAttributes: DÔï»t - by (0 0/0) ]
06-15 14:45:52.181 802 1224 D Avrcp : sendPlayPosNotificationRsp: Not registered or requesting.
06-15 14:45:52.210 802 1224 V Avrcp : onPlaybackStateChanged: state PlaybackState {state=3, position=22634, buffered position=0, speed=1.0, updated=368174059, actions=-1, custom actions=[], active item id=-1, error=null}
06-15 14:45:52.210 11322 11322 D NowPlayingListener: onPlaybackStateChanged: PlaybackState {state=3, position=22634, buffered position=0, speed=1.0, updated=368174059, actions=-1, custom actions=[], active item id=-1, error=null}
06-15 14:45:52.210 11322 11322 D NowPlayingManager: onClientPlaybackStateUpdate() called with: state = [3], stateChangeTimeMs = [368174059], currentPosMs = [22634]
06-15 14:45:52.210 11322 11322 D NowPlayingManager: onClientPlaybackStateUpdate: Skipped update, state: 3 was unchanged
06-15 14:45:52.213 11322 11322 D NowPlayingManager: onMediaDataUpdated() called with: mediaData = [com.google.android.tvrecommendations.NowPlayingData@a710f56]
06-15 14:45:52.222 11322 11322 D TVNotifService: onTVNotificationPosted StatusBarNotification(pkg=com.google.android.tvrecommendations user=UserHandle{0} id=4321 tag=Notification.NowPlaying key=0|com.google.android.tvrecommendations|4321|Notification.NowPlaying|10087: Notification(channel=now_playing pri=0 contentView=null vibrate=null sound=null defaults=0x0 flags=0x0 color=0x00000000 vis=PRIVATE)) userId: 0
06-15 14:45:52.727 11322 11322 D NowPlayingListener: onPlaybackStateChanged: PlaybackState {state=3, position=23307, buffered position=0, speed=1.0, updated=368174575, actions=-1, custom actions=[], active item id=-1, error=null}
06-15 14:45:52.727 11322 11322 D NowPlayingManager: onClientPlaybackStateUpdate() called with: state = [3], stateChangeTimeMs = [368174575], currentPosMs = [23307]
06-15 14:45:52.727 11322 11322 D NowPlayingManager: onClientPlaybackStateUpdate: Skipped update, state: 3 was unchanged
06-15 14:45:52.729 802 1224 V Avrcp : onPlaybackStateChanged: state PlaybackState {state=3, position=23307, buffered position=0, speed=1.0, updated=368174575, actions=-1, custom actions=[], active item id=-1, error=null}
06-15 14:45:52.731 22018 22947 V XBMC : detaching thread
06-15 14:45:52.731 22018 22946 V XBMC : detaching thread
06-15 14:45:52.731 22018 22945 V XBMC : detaching thread
06-15 14:45:52.733 11322 11322 D NowPlayingManager: onMediaDataUpdated() called with: mediaData = [com.google.android.tvrecommendations.NowPlayingData@fe11cc4]
06-15 14:45:52.742 11322 11322 D TVNotifService: onTVNotificationPosted StatusBarNotification(pkg=com.google.android.tvrecommendations user=UserHandle{0} id=4321 tag=Notification.NowPlaying key=0|com.google.android.tvrecommendations|4321|Notification.NowPlaying|10087: Notification(channel=now_playing pri=0 contentView=null vibrate=null sound=null defaults=0x0 flags=0x0 color=0x00000000 vis=PRIVATE)) userId: 0
06-15 14:45:53.209 802 1224 V Avrcp : MSG_UPDATE_MEDIA
06-15 14:45:53.210 802 1224 V Avrcp : updatePlaybackState (1): -1Ô×í1(PlaybackState {state=3, position=0, buffered position=0, speed=1.0, updated=368175059, actions=-1, custom actions=[], active item id=-1, error=null})
06-15 14:45:53.210 802 1224 V Avrcp : Media update: id -1Ô×í-1? [MediaAttributes: DÔï»t - by (0 0/0) ]
06-15 14:45:53.210 802 1224 D Avrcp : sendPlayPosNotificationRsp: Not registered or requesting.
06-15 14:45:53.227 802 1224 V Avrcp : onPlaybackStateChanged: state PlaybackState {state=3, position=23635, buffered position=0, speed=1.0, updated=368175075, actions=-1, custom actions=[], active item id=-1, error=null}
06-15 14:45:53.227 11322 11322 D NowPlayingListener: onPlaybackStateChanged: PlaybackState {state=3, position=23635, buffered position=0, speed=1.0, updated=368175075, actions=-1, custom actions=[], active item id=-1, error=null}
06-15 14:45:53.227 11322 11322 D NowPlayingManager: onClientPlaybackStateUpdate() called with: state = [3], stateChangeTimeMs = [368175075], currentPosMs = [23635]
06-15 14:45:53.227 11322 11322 D NowPlayingManager: onClientPlaybackStateUpdate: Skipped update, state: 3 was unchanged
06-15 14:45:53.235 11322 11322 D NowPlayingManager: onMediaDataUpdated() called with: mediaData = [com.google.android.tvrecommendations.NowPlayingData@e86cae2]
06-15 14:45:53.251 11322 11322 D TVNotifService: onTVNotificationPosted StatusBarNotification(pkg=com.google.android.tvrecommendations user=UserHandle{0} id=4321 tag=Notification.NowPlaying key=0|com.google.android.tvrecommendations|4321|Notification.NowPlaying|10087: Notification(channel=now_playing pri=0 contentView=null vibrate=null sound=null defaults=0x0 flags=0x0 color=0x00000000 vis=PRIVATE)) userId: 0
06-15 14:45:53.744 802 1224 V Avrcp : onPlaybackStateChanged: state PlaybackState {state=3, position=24225, buffered position=0, speed=1.0, updated=368175592, actions=-1, custom actions=[], active item id=-1, error=null}
06-15 14:45:53.745 11322 11322 D NowPlayingListener: onPlaybackStateChanged: PlaybackState {state=3, position=24225, buffered position=0, speed=1.0, updated=368175592, actions=-1, custom actions=[], active item id=-1, error=null}
06-15 14:45:53.745 11322 11322 D NowPlayingManager: onClientPlaybackStateUpdate() called with: state = [3], stateChangeTimeMs = [368175592], currentPosMs = [24225]
06-15 14:45:53.745 11322 11322 D NowPlayingManager: onClientPlaybackStateUpdate: Skipped update, state: 3 was unchanged
06-15 14:45:53.749 11322 11322 D NowPlayingManager: onMediaDataUpdated() called with: mediaData = [com.google.android.tvrecommendations.NowPlayingData@6354130]
06-15 14:45:53.764 11322 11322 D TVNotifService: onTVNotificationPosted StatusBarNotification(pkg=com.google.android.tvrecommendations user=UserHandle{0} id=4321 tag=Notification.NowPlaying key=0|com.google.android.tvrecommendations|4321|Notification.NowPlaying|10087: Notification(channel=now_playing pri=0 contentView=null vibrate=null sound=null defaults=0x0 flags=0x0 color=0x00000000 vis=PRIVATE)) userId: 0
06-15 14:45:54.227 802 1224 V Avrcp : MSG_UPDATE_MEDIA
06-15 14:45:54.228 802 1224 V Avrcp : updatePlaybackState (1): -1Ô×í1(PlaybackState {state=3, position=0, buffered position=0, speed=1.0, updated=368176077, actions=-1, custom actions=[], active item id=-1, error=null})
06-15 14:45:54.228 802 1224 V Avrcp : Media update: id -1Ô×í-1? [MediaAttributes: DÔï»t - by (0 0/0) ]
06-15 14:45:54.228 802 1224 D Avrcp : sendPlayPosNotificationRsp: Not registered or requesting.
06-15 14:45:54.260 802 1224 V Avrcp : onPlaybackStateChanged: state PlaybackState {state=3, position=24773, buffered position=0, speed=1.0, updated=368176109, actions=-1, custom actions=[], active item id=-1, error=null}
06-15 14:45:54.260 11322 11322 D NowPlayingListener: onPlaybackStateChanged: PlaybackState {state=3, position=24773, buffered position=0, speed=1.0, updated=368176109, actions=-1, custom actions=[], active item id=-1, error=null}
06-15 14:45:54.260 11322 11322 D NowPlayingManager: onClientPlaybackStateUpdate() called with: state = [3], stateChangeTimeMs = [368176109], currentPosMs = [24773]
06-15 14:45:54.261 11322 11322 D NowPlayingManager: onClientPlaybackStateUpdate: Skipped update, state: 3 was unchanged
06-15 14:45:54.266 11322 11322 D NowPlayingManager: onMediaDataUpdated() called with: mediaData = [com.google.android.tvrecommendations.NowPlayingData@94ab32e]
06-15 14:45:54.279 426 22968 D NvOsDebugPrintf: NVMEDIA: FrameRate(for last 120 frames) = 50.000000, AvgFrameRate = 50.000000
06-15 14:45:54.281 11322 11322 D TVNotifService: onTVNotificationPosted StatusBarNotification(pkg=com.google.android.tvrecommendations user=UserHandle{0} id=4321 tag=Notification.NowPlaying key=0|com.google.android.tvrecommendations|4321|Notification.NowPlaying|10087: Notification(channel=now_playing pri=0 contentView=null vibrate=null sound=null defaults=0x0 flags=0x0 color=0x00000000 vis=PRIVATE)) userId: 0
06-15 14:45:54.777 802 1224 V Avrcp : onPlaybackStateChanged: state PlaybackState {state=3, position=25330, buffered position=0, speed=1.0, updated=368176626, actions=-1, custom actions=[], active item id=-1, error=null}
06-15 14:45:54.777 11322 11322 D NowPlayingListener: onPlaybackStateChanged: PlaybackState {state=3, position=25330, buffered position=0, speed=1.0, updated=368176626, actions=-1, custom actions=[], active item id=-1, error=null}
06-15 14:45:54.777 11322 11322 D NowPlayingManager: onClientPlaybackStateUpdate() called with: state = [3], stateChangeTimeMs = [368176626], currentPosMs = [25330]
06-15 14:45:54.777 11322 11322 D NowPlayingManager: onClientPlaybackStateUpdate: Skipped update, state: 3 was unchanged
06-15 14:45:54.782 11322 11322 D NowPlayingManager: onMediaDataUpdated() called with: mediaData = [com.google.android.tvrecommendations.NowPlayingData@265405c]
06-15 14:45:54.793 11322 11322 D TVNotifService: onTVNotificationPosted StatusBarNotification(pkg=com.google.android.tvrecommendations user=UserHandle{0} id=4321 tag=Notification.NowPlaying key=0|com.google.android.tvrecommendations|4321|Notification.NowPlaying|10087: Notification(channel=now_playing pri=0 contentView=null vibrate=null sound=null defaults=0x0 flags=0x0 color=0x00000000 vis=PRIVATE)) userId: 0
06-15 14:45:55.255 22018 22948 V XBMC : detaching thread
06-15 14:45:55.260 802 1224 V Avrcp : MSG_UPDATE_MEDIA
06-15 14:45:55.261 802 1224 V Avrcp : updatePlaybackState (1): -1Ô×í1(PlaybackState {state=3, position=0, buffered position=0, speed=1.0, updated=368177111, actions=-1, custom actions=[], active item id=-1, error=null})
06-15 14:45:55.262 802 1224 V Avrcp : Media update: id -1Ô×í-1? [MediaAttributes: DÔï»t - by (0 0/0) ]
06-15 14:45:55.262 802 1224 D Avrcp : sendPlayPosNotificationRsp: Not registered or requesting.
06-15 14:45:55.293 11322 11322 D NowPlayingListener: onPlaybackStateChanged: PlaybackState {state=3, position=25839, buffered position=0, speed=1.0, updated=368177142, actions=-1, custom actions=[], active item id=-1, error=null}
06-15 14:45:55.294 11322 11322 D NowPlayingManager: onClientPlaybackStateUpdate() called with: state = [3], stateChangeTimeMs = [368177142], currentPosMs = [25839]
06-15 14:45:55.294 11322 11322 D NowPlayingManager: onClientPlaybackStateUpdate: Skipped update, state: 3 was unchanged
06-15 14:45:55.295 802 1224 V Avrcp : onPlaybackStateChanged: state PlaybackState {state=3, position=25839, buffered position=0, speed=1.0, updated=368177142, actions=-1, custom actions=[], active item id=-1, error=null}
06-15 14:45:55.298 11322 11322 D NowPlayingManager: onMediaDataUpdated() called with: mediaData = [com.google.android.tvrecommendations.NowPlayingData@a52d43a]
06-15 14:45:55.308 11322 11322 D TVNotifService: onTVNotificationPosted StatusBarNotification(pkg=com.google.android.tvrecommendations user=UserHandle{0} id=4321 tag=Notification.NowPlaying key=0|com.google.android.tvrecommendations|4321|Notification.NowPlaying|10087: Notification(channel=now_playing pri=0 contentView=null vibrate=null sound=null defaults=0x0 flags=0x0 color=0x00000000 vis=PRIVATE)) userId: 0
06-15 14:45:55.810 11322 11322 D NowPlayingListener: onPlaybackStateChanged: PlaybackState {state=3, position=26461, buffered position=0, speed=1.0, updated=368177659, actions=-1, custom actions=[], active item id=-1, error=null}
06-15 14:45:55.810 802 1224 V Avrcp : onPlaybackStateChanged: state PlaybackState {state=3, position=26461, buffered position=0, speed=1.0, updated=368177659, actions=-1, custom actions=[], active item id=-1, error=null}
06-15 14:45:55.810 11322 11322 D NowPlayingManager: onClientPlaybackStateUpdate() called with: state = [3], stateChangeTimeMs = [368177659], currentPosMs = [26461]
06-15 14:45:55.810 11322 11322 D NowPlayingManager: onClientPlaybackStateUpdate: Skipped update, state: 3 was unchanged
06-15 14:45:55.813 11322 11322 D NowPlayingManager: onMediaDataUpdated() called with: mediaData = [com.google.android.tvrecommendations.NowPlayingData@4340648]
06-15 14:45:55.823 11322 11322 D TVNotifService: onTVNotificationPosted StatusBarNotification(pkg=com.google.android.tvrecommendations user=UserHandle{0} id=4321 tag=Notification.NowPlaying key=0|com.google.android.tvrecommendations|4321|Notification.NowPlaying|10087: Notification(channel=now_playing pri=0 contentView=null vibrate=null sound=null defaults=0x0 flags=0x0 color=0x00000000 vis=PRIVATE)) userId: 0
06-15 14:45:56.296 802 1224 V Avrcp : MSG_UPDATE_MEDIA
06-15 14:45:56.297 802 1224 V Avrcp : updatePlaybackState (1): -1Ô×í1(PlaybackState {state=3, position=0, buffered position=0, speed=1.0, updated=368178146, actions=-1, custom actions=[], active item id=-1, error=null})
06-15 14:45:56.297 802 1224 V Avrcp : Media update: id -1Ô×í-1? [MediaAttributes: DÔï»t - by (0 0/0) ]
06-15 14:45:56.297 802 1224 D Avrcp : sendPlayPosNotificationRsp: Not registered or requesting.
06-15 14:45:56.327 802 1224 V Avrcp : onPlaybackStateChanged: state PlaybackState {state=3, position=26910, buffered position=0, speed=1.0, updated=368178175, actions=-1, custom actions=[], active item id=-1, error=null}
06-15 14:45:56.327 11322 11322 D NowPlayingListener: onPlaybackStateChanged: PlaybackState {state=3, position=26910, buffered position=0, speed=1.0, updated=368178175, actions=-1, custom actions=[], active item id=-1, error=null}
06-15 14:45:56.327 11322 11322 D NowPlayingManager: onClientPlaybackStateUpdate() called with: state = [3], stateChangeTimeMs = [368178175], currentPosMs = [26910]
06-15 14:45:56.327 11322 11322 D NowPlayingManager: onClientPlaybackStateUpdate: Skipped update, state: 3 was unchanged
06-15 14:45:56.332 11322 11322 D NowPlayingManager: onMediaDataUpdated() called with: mediaData = [com.google.android.tvrecommendations.NowPlayingData@289fa06]
06-15 14:45:56.347 11322 11322 D TVNotifService: onTVNotificationPosted StatusBarNotification(pkg=com.google.android.tvrecommendations user=UserHandle{0} id=4321 tag=Notification.NowPlaying key=0|com.google.android.tvrecommendations|4321|Notification.NowPlaying|10087: Notification(channel=now_playing pri=0 contentView=null vibrate=null sound=null defaults=0x0 flags=0x0 color=0x00000000 vis=PRIVATE)) userId: 0
06-15 14:45:56.531 700 761 D WindowManager: handleComboKeys keyCode: 19, keyAction: 0
06-15 14:45:56.533 22018 22038 V Kodi : process_input: Failure reading next input event: Try again
06-15 14:45:56.533 22018 22038 V Kodi : CAndroidKey: key down (dev:3; src:769; code: 19; repeat: 0; flags: 0x8; alt: no; shift: no; sym: no)
06-15 14:45:56.677 426 22968 D NvOsDebugPrintf: NVMEDIA: FrameRate(for last 120 frames) = 50.000000, AvgFrameRate = 50.000000
06-15 14:45:56.714 700 761 D WindowManager: handleComboKeys keyCode: 19, keyAction: 1
06-15 14:45:56.715 22018 22038 V Kodi : process_input: Failure reading next input event: Try again
06-15 14:45:56.715 22018 22038 V Kodi : CAndroidKey: key up (dev:3; src:769; code: 19; repeat: 0; flags: 0x8; alt: no; shift: no; sym: no)
06-15 14:45:56.828 11322 11322 D NowPlayingListener: onPlaybackStateChanged: PlaybackState {state=3, position=27322, buffered position=0, speed=1.0, updated=368178676, actions=-1, custom actions=[], active item id=-1, error=null}
06-15 14:45:56.828 11322 11322 D NowPlayingManager: onClientPlaybackStateUpdate() called with: state = [3], stateChangeTimeMs = [368178676], currentPosMs = [27322]
06-15 14:45:56.828 11322 11322 D NowPlayingManager: onClientPlaybackStateUpdate: Skipped update, state: 3 was unchanged
06-15 14:45:56.829 802 1224 V Avrcp : onPlaybackStateChanged: state PlaybackState {state=3, position=27322, buffered position=0, speed=1.0, updated=368178676, actions=-1, custom actions=[], active item id=-1, error=null}
06-15 14:45:56.833 11322 11322 D NowPlayingManager: onMediaDataUpdated() called with: mediaData = [com.google.android.tvrecommendations.NowPlayingData@2a73ef4]
06-15 14:45:56.844 11322 11322 D TVNotifService: onTVNotificationPosted StatusBarNotification(pkg=com.google.android.tvrecommendations user=UserHandle{0} id=4321 tag=Notification.NowPlaying key=0|com.google.android.tvrecommendations|4321|Notification.NowPlaying|10087: Notification(channel=now_playing pri=0 contentView=null vibrate=null sound=null defaults=0x0 flags=0x0 color=0x00000000 vis=PRIVATE)) userId: 0
06-15 14:45:57.327 802 1224 V Avrcp : MSG_UPDATE_MEDIA
06-15 14:45:57.327 802 1224 V Avrcp : updatePlaybackState (1): -1Ô×í1(PlaybackState {state=3, position=0, buffered position=0, speed=1.0, updated=368179177, actions=-1, custom actions=[], active item id=-1, error=null})
06-15 14:45:57.328 802 1224 V Avrcp : Media update: id -1Ô×í-1? [MediaAttributes: DÔï»t - by (0 0/0) ]
06-15 14:45:57.328 802 1224 D Avrcp : sendPlayPosNotificationRsp: Not registered or requesting.
06-15 14:45:57.344 802 1224 V Avrcp : onPlaybackStateChanged: state PlaybackState {state=3, position=27992, buffered position=0, speed=1.0, updated=368179193, actions=-1, custom actions=[], active item id=-1, error=null}
06-15 14:45:57.344 11322 11322 D NowPlayingListener: onPlaybackStateChanged: PlaybackState {state=3, position=27992, buffered position=0, speed=1.0, updated=368179193, actions=-1, custom actions=[], active item id=-1, error=null}
06-15 14:45:57.344 11322 11322 D NowPlayingManager: onClientPlaybackStateUpdate() called with: state = [3], stateChangeTimeMs = [368179193], currentPosMs = [27992]
06-15 14:45:57.344 11322 11322 D NowPlayingManager: onClientPlaybackStateUpdate: Skipped update, state: 3 was unchanged
06-15 14:45:57.349 11322 11322 D NowPlayingManager: onMediaDataUpdated() called with: mediaData = [com.google.android.tvrecommendations.NowPlayingData@4bbb092]
06-15 14:45:57.363 11322 11322 D TVNotifService: onTVNotificationPosted StatusBarNotification(pkg=com.google.android.tvrecommendations user=UserHandle{0} id=4321 tag=Notification.NowPlaying key=0|com.google.android.tvrecommendations|4321|Notification.NowPlaying|10087: Notification(channel=now_playing pri=0 contentView=null vibrate=null sound=null defaults=0x0 flags=0x0 color=0x00000000 vis=PRIVATE)) userId: 0
06-15 14:45:57.860 802 1224 V Avrcp : onPlaybackStateChanged: state PlaybackState {state=3, position=28263, buffered position=0, speed=1.0, updated=368179709, actions=-1, custom actions=[], active item id=-1, error=null}
06-15 14:45:57.860 11322 11322 D NowPlayingListener: onPlaybackStateChanged: PlaybackState {state=3, position=28263, buffered position=0, speed=1.0, updated=368179709, actions=-1, custom actions=[], active item id=-1, error=null}
06-15 14:45:57.860 11322 11322 D NowPlayingManager: onClientPlaybackStateUpdate() called with: state = [3], stateChangeTimeMs = [368179709], currentPosMs = [28263]
06-15 14:45:57.860 11322 11322 D NowPlayingManager: onClientPlaybackStateUpdate: Skipped update, state: 3 was unchanged
06-15 14:45:57.866 11322 11322 D NowPlayingManager: onMediaDataUpdated() called with: mediaData = [com.google.android.tvrecommendations.NowPlayingData@d735660]
06-15 14:45:57.875 11322 11322 D TVNotifService: onTVNotificationPosted StatusBarNotification(pkg=com.google.android.tvrecommendations user=UserHandle{0} id=4321 tag=Notification.NowPlaying key=0|com.google.android.tvrecommendations|4321|Notification.NowPlaying|10087: Notification(channel=now_playing pri=0 contentView=null vibrate=null sound=null defaults=0x0 flags=0x0 color=0x00000000 vis=PRIVATE)) userId: 0
06-15 14:45:58.345 802 1224 V Avrcp : MSG_UPDATE_MEDIA
06-15 14:45:58.345 802 1224 V Avrcp : updatePlaybackState (1): -1Ô×í1(PlaybackState {state=3, position=0, buffered position=0, speed=1.0, updated=368180195, actions=-1, custom actions=[], active item id=-1, error=null})
06-15 14:45:58.346 802 1224 V Avrcp : Media update: id -1Ô×í-1? [MediaAttributes: DÔï»t - by (0 0/0) ]
06-15 14:45:58.346 802 1224 D Avrcp : sendPlayPosNotificationRsp: Not registered or requesting.
06-15 14:45:58.377 802 1224 V Avrcp : onPlaybackStateChanged: state PlaybackState {state=3, position=28934, buffered position=0, speed=1.0, updated=368180226, actions=-1, custom actions=[], active item id=-1, error=null}
06-15 14:45:58.377 11322 11322 D NowPlayingListener: onPlaybackStateChanged: PlaybackState {state=3, position=28934, buffered position=0, speed=1.0, updated=368180226, actions=-1, custom actions=[], active item id=-1, error=null}
06-15 14:45:58.377 11322 11322 D NowPlayingManager: onClientPlaybackStateUpdate() called with: state = [3], stateChangeTimeMs = [368180226], currentPosMs = [28934]
06-15 14:45:58.377 11322 11322 D NowPlayingManager: onClientPlaybackStateUpdate: Skipped update, state: 3 was unchanged
06-15 14:45:58.382 11322 11322 D NowPlayingManager: onMediaDataUpdated() called with: mediaData = [com.google.android.tvrecommendations.NowPlayingData@2e043de]
06-15 14:45:58.397 11322 11322 D TVNotifService: onTVNotificationPosted StatusBarNotification(pkg=com.google.android.tvrecommendations user=UserHandle{0} id=4321 tag=Notification.NowPlaying key=0|com.google.android.tvrecommendations|4321|Notification.NowPlaying|10087: Notification(channel=now_playing pri=0 contentView=null vibrate=null sound=null defaults=0x0 flags=0x0 color=0x00000000 vis=PRIVATE)) userId: 0
06-15 14:45:58.671 700 761 D WindowManager: handleComboKeys keyCode: 92, keyAction: 0
06-15 14:45:58.673 22018 22038 V Kodi : process_input: Failure reading next input event: Try again
06-15 14:45:58.673 22018 22038 V Kodi : CAndroidKey: key down (dev:3; src:769; code: 92; repeat: 0; flags: 0x8; alt: no; shift: no; sym: no)
06-15 14:45:58.700 802 1224 V Avrcp : onMetadataChanged
06-15 14:45:58.701 11322 11322 D NowPlayingManager: onMediaDataUpdated() called with: mediaData = [com.google.android.tvrecommendations.NowPlayingData@927788c]
06-15 14:45:58.709 11322 11322 D TVNotifService: onTVNotificationPosted StatusBarNotification(pkg=com.google.android.tvrecommendations user=UserHandle{0} id=4321 tag=Notification.NowPlaying key=0|com.google.android.tvrecommendations|4321|Notification.NowPlaying|10087: Notification(channel=now_playing pri=0 contentView=null vibrate=null sound=null defaults=0x0 flags=0x0 color=0x00000000 vis=PRIVATE)) userId: 0
06-15 14:45:58.742 802 1224 V Avrcp : onPlaybackStateChanged: state PlaybackState {state=3, position=29344, buffered position=0, speed=1.0, updated=368180590, actions=-1, custom actions=[], active item id=-1, error=null}
06-15 14:45:58.742 11322 11322 D NowPlayingListener: onPlaybackStateChanged: PlaybackState {state=3, position=29344, buffered position=0, speed=1.0, updated=368180590, actions=-1, custom actions=[], active item id=-1, error=null}
06-15 14:45:58.742 22018 22043 W AudioManager: Use of stream types is deprecated for operations other than volume control
06-15 14:45:58.742 22018 22043 W AudioManager: See the documentation of requestAudioFocus() for what to use instead with android.media.AudioAttributes to qualify your playback use case
06-15 14:45:58.742 11322 11322 D NowPlayingManager: onClientPlaybackStateUpdate() called with: state = [3], stateChangeTimeMs = [368180590], currentPosMs = [29344]
06-15 14:45:58.742 11322 11322 D NowPlayingManager: onClientPlaybackStateUpdate: Skipped update, state: 3 was unchanged
06-15 14:45:58.743 700 15026 I MediaFocusControl: AudioFocus requestAudioFocus() from uid/pid 10103/22018 clientId=android.media.AudioManager@256ac0eorg.xbmc.kodinerds.interfaces.XBMCAudioManagerOnAudioFocusChangeListener@827b62f req=1 flags=0x0
06-15 14:45:58.745 11322 11322 D NowPlayingManager: onMediaDataUpdated() called with: mediaData = [com.google.android.tvrecommendations.NowPlayingData@428bfea]
06-15 14:45:58.757 11322 11322 D TVNotifService: onTVNotificationPosted StatusBarNotification(pkg=com.google.android.tvrecommendations user=UserHandle{0} id=4321 tag=Notification.NowPlaying key=0|com.google.android.tvrecommendations|4321|Notification.NowPlaying|10087: Notification(channel=now_playing pri=0 contentView=null vibrate=null sound=null defaults=0x0 flags=0x0 color=0x00000000 vis=PRIVATE)) userId: 0
06-15 14:45:58.761 22018 22972 E NdkMediaCodec: sf error code: -13
06-15 14:45:58.782 802 1224 V Avrcp : onMetadataChanged
06-15 14:45:58.783 802 1224 V Avrcp : onPlaybackStateChanged: state PlaybackState {state=3, position=0, buffered position=0, speed=1.0, updated=368180632, actions=-1, custom actions=[], active item id=-1, error=null}
06-15 14:45:58.784 22018 22043 W AudioManager: Use of stream types is deprecated for operations other than volume control
06-15 14:45:58.784 22018 22043 W AudioManager: See the documentation of requestAudioFocus() for what to use instead with android.media.AudioAttributes to qualify your playback use case
06-15 14:45:58.784 700 4858 I MediaFocusControl: AudioFocus requestAudioFocus() from uid/pid 10103/22018 clientId=android.media.AudioManager@256ac0eorg.xbmc.kodinerds.interfaces.XBMCAudioManagerOnAudioFocusChangeListener@827b62f req=1 flags=0x0
06-15 14:45:58.785 11322 11322 D NowPlayingManager: onMediaDataUpdated() called with: mediaData = [com.google.android.tvrecommendations.NowPlayingData@2199178]
06-15 14:45:58.788 11322 11322 D NowPlayingListener: onPlaybackStateChanged: PlaybackState {state=3, position=0, buffered position=0, speed=1.0, updated=368180632, actions=-1, custom actions=[], active item id=-1, error=null}
06-15 14:45:58.789 11322 11322 D NowPlayingManager: onClientPlaybackStateUpdate() called with: state = [3], stateChangeTimeMs = [368180632], currentPosMs = [0]
06-15 14:45:58.789 11322 11322 D NowPlayingManager: onClientPlaybackStateUpdate: Skipped update, state: 3 was unchanged
06-15 14:45:58.790 11322 11322 D NowPlayingManager: onMediaDataUpdated() called with: mediaData = [com.google.android.tvrecommendations.NowPlayingData@fcaf0b6]
06-15 14:45:58.801 11322 11322 D TVNotifService: onTVNotificationPosted StatusBarNotification(pkg=com.google.android.tvrecommendations user=UserHandle{0} id=4321 tag=Notification.NowPlaying key=0|com.google.android.tvrecommendations|4321|Notification.NowPlaying|10087: Notification(channel=now_playing pri=0 contentView=null vibrate=null sound=null defaults=0x0 flags=0x0 color=0x00000000 vis=PRIVATE)) userId: 0
06-15 14:45:58.802 11322 11322 D TVNotifService: onTVNotificationPosted StatusBarNotification(pkg=com.google.android.tvrecommendations user=UserHandle{0} id=4321 tag=Notification.NowPlaying key=0|com.google.android.tvrecommendations|4321|Notification.NowPlaying|10087: Notification(channel=now_playing pri=0 contentView=null vibrate=null sound=null defaults=0x0 flags=0x0 color=0x00000000 vis=PRIVATE)) userId: 0
06-15 14:45:58.894 802 1224 V Avrcp : onPlaybackStateChanged: state PlaybackState {state=3, position=29506, buffered position=0, speed=1.0, updated=368180743, actions=-1, custom actions=[], active item id=-1, error=null}
06-15 14:45:58.894 11322 11322 D NowPlayingListener: onPlaybackStateChanged: PlaybackState {state=3, position=29506, buffered position=0, speed=1.0, updated=368180743, actions=-1, custom actions=[], active item id=-1, error=null}
06-15 14:45:58.894 11322 11322 D NowPlayingManager: onClientPlaybackStateUpdate() called with: state = [3], stateChangeTimeMs = [368180743], currentPosMs = [29506]
06-15 14:45:58.894 11322 11322 D NowPlayingManager: onClientPlaybackStateUpdate: Skipped update, state: 3 was unchanged
06-15 14:45:58.896 11322 11322 D NowPlayingManager: onMediaDataUpdated() called with: mediaData = [com.google.android.tvrecommendations.NowPlayingData@2124d24]
06-15 14:45:58.914 11322 11322 D TVNotifService: onTVNotificationPosted StatusBarNotification(pkg=com.google.android.tvrecommendations user=UserHandle{0} id=4321 tag=Notification.NowPlaying key=0|com.google.android.tvrecommendations|4321|Notification.NowPlaying|10087: Notification(channel=now_playing pri=0 contentView=null vibrate=null sound=null defaults=0x0 flags=0x0 color=0x00000000 vis=PRIVATE)) userId: 0
06-15 14:45:58.965 700 761 D WindowManager: handleComboKeys keyCode: 92, keyAction: 1
06-15 14:45:58.966 22018 22038 V Kodi : process_input: Failure reading next input event: Try again
06-15 14:45:58.966 22018 22038 V Kodi : CAndroidKey: key up (dev:3; src:769; code: 92; repeat: 0; flags: 0x8; alt: no; shift: no; sym: no)
06-15 14:45:59.378 802 1224 V Avrcp : MSG_UPDATE_MEDIA
06-15 14:45:59.378 802 1224 V Avrcp : updatePlaybackState (1): -1Ô×í1(PlaybackState {state=3, position=0, buffered position=0, speed=1.0, updated=368181228, actions=-1, custom actions=[], active item id=-1, error=null})
06-15 14:45:59.379 802 1224 V Avrcp : Media update: id -1Ô×í-1? [MediaAttributes: dÔï»d - by (0 0/0) ]
06-15 14:45:59.380 802 1224 D Avrcp : sendTrackChangedRsp: Not registered or registering.
06-15 14:45:59.380 802 1224 D Avrcp : sendPlayPosNotificationRsp: Not registered or requesting.
06-15 14:45:59.410 11322 11322 D NowPlayingListener: onPlaybackStateChanged: PlaybackState {state=3, position=29506, buffered position=0, speed=1.0, updated=368181259, actions=-1, custom actions=[], active item id=-1, error=null}
06-15 14:45:59.410 11322 11322 D NowPlayingManager: onClientPlaybackStateUpdate() called with: state = [3], stateChangeTimeMs = [368181259], currentPosMs = [29506]
06-15 14:45:59.411 11322 11322 D NowPlayingManager: onClientPlaybackStateUpdate: Skipped update, state: 3 was unchanged
06-15 14:45:59.412 802 1224 V Avrcp : onPlaybackStateChanged: state PlaybackState {state=3, position=29506, buffered position=0, speed=1.0, updated=368181259, actions=-1, custom actions=[], active item id=-1, error=null}
06-15 14:45:59.413 11322 11322 D NowPlayingManager: onMediaDataUpdated() called with: mediaData = [com.google.android.tvrecommendations.NowPlayingData@88d6242]
06-15 14:45:59.422 11322 11322 D TVNotifService: onTVNotificationPosted StatusBarNotification(pkg=com.google.android.tvrecommendations user=UserHandle{0} id=4321 tag=Notification.NowPlaying key=0|com.google.android.tvrecommendations|4321|Notification.NowPlaying|10087: Notification(channel=now_playing pri=0 contentView=null vibrate=null sound=null defaults=0x0 flags=0x0 color=0x00000000 vis=PRIVATE)) userId: 0
06-15 14:45:59.927 11322 11322 D NowPlayingListener: onPlaybackStateChanged: PlaybackState {state=3, position=29506, buffered position=0, speed=1.0, updated=368181776, actions=-1, custom actions=[], active item id=-1, error=null}
06-15 14:45:59.927 11322 11322 D NowPlayingManager: onClientPlaybackStateUpdate() called with: state = [3], stateChangeTimeMs = [368181776], currentPosMs = [29506]
06-15 14:45:59.927 11322 11322 D NowPlayingManager: onClientPlaybackStateUpdate: Skipped update, state: 3 was unchanged
06-15 14:45:59.928 802 1224 V Avrcp : onPlaybackStateChanged: state PlaybackState {state=3, position=29506, buffered position=0, speed=1.0, updated=368181776, actions=-1, custom actions=[], active item id=-1, error=null}
06-15 14:45:59.930 11322 11322 D NowPlayingManager: onMediaDataUpdated() called with: mediaData = [com.google.android.tvrecommendations.NowPlayingData@4b91790]
06-15 14:45:59.942 11322 11322 D TVNotifService: onTVNotificationPosted StatusBarNotification(pkg=com.google.android.tvrecommendations user=UserHandle{0} id=4321 tag=Notification.NowPlaying key=0|com.google.android.tvrecommendations|4321|Notification.NowPlaying|10087: Notification(channel=now_playing pri=0 contentView=null vibrate=null sound=null defaults=0x0 flags=0x0 color=0x00000000 vis=PRIVATE)) userId: 0
06-15 14:46:00.413 802 1224 V Avrcp : MSG_UPDATE_MEDIA
06-15 14:46:00.413 802 1224 V Avrcp : updatePlaybackState (1): -1Ô×í1(PlaybackState {state=3, position=0, buffered position=0, speed=1.0, updated=368182263, actions=-1, custom actions=[], active item id=-1, error=null})
06-15 14:46:00.414 802 1224 V Avrcp : Media update: id -1Ô×í-1? [MediaAttributes: dÔï»d - by (0 0/0) ]
06-15 14:46:00.414 802 1224 D Avrcp : sendPlayPosNotificationRsp: Not registered or requesting.
06-15 14:46:00.444 11322 11322 D NowPlayingListener: onPlaybackStateChanged: PlaybackState {state=3, position=29506, buffered position=0, speed=1.0, updated=368182293, actions=-1, custom actions=[], active item id=-1, error=null}
06-15 14:46:00.444 802 1224 V Avrcp : onPlaybackStateChanged: state PlaybackState {state=3, position=29506, buffered position=0, speed=1.0, updated=368182293, actions=-1, custom actions=[], active item id=-1, error=null}
06-15 14:46:00.444 11322 11322 D NowPlayingManager: onClientPlaybackStateUpdate() called with: state = [3], stateChangeTimeMs = [368182293], currentPosMs = [29506]
06-15 14:46:00.444 11322 11322 D NowPlayingManager: onClientPlaybackStateUpdate: Skipped update, state: 3 was unchanged
06-15 14:46:00.445 11322 11322 D NowPlayingManager: onMediaDataUpdated() called with: mediaData = [com.google.android.tvrecommendations.NowPlayingData@513608e]
06-15 14:46:00.453 11322 11322 D TVNotifService: onTVNotificationPosted StatusBarNotification(pkg=com.google.android.tvrecommendations user=UserHandle{0} id=4321 tag=Notification.NowPlaying key=0|com.google.android.tvrecommendations|4321|Notification.NowPlaying|10087: Notification(channel=now_playing pri=0 contentView=null vibrate=null sound=null defaults=0x0 flags=0x0 color=0x00000000 vis=PRIVATE)) userId: 0
06-15 14:46:00.960 802 1224 V Avrcp : onPlaybackStateChanged: state PlaybackState {state=3, position=29506, buffered position=0, speed=1.0, updated=368182809, actions=-1, custom actions=[], active item id=-1, error=null}
06-15 14:46:00.960 11322 11322 D NowPlayingListener: onPlaybackStateChanged: PlaybackState {state=3, position=29506, buffered position=0, speed=1.0, updated=368182809, actions=-1, custom actions=[], active item id=-1, error=null}
06-15 14:46:00.960 11322 11322 D NowPlayingManager: onClientPlaybackStateUpdate() called with: state = [3], stateChangeTimeMs = [368182809], currentPosMs = [29506]
06-15 14:46:00.960 11322 11322 D NowPlayingManager: onClientPlaybackStateUpdate: Skipped update, state: 3 was unchanged
06-15 14:46:00.963 11322 11322 D NowPlayingManager: onMediaDataUpdated() called with: mediaData = [com.google.android.tvrecommendations.NowPlayingData@6c01cbc]
06-15 14:46:00.972 11322 11322 D TVNotifService: onTVNotificationPosted StatusBarNotification(pkg=com.google.android.tvrecommendations user=UserHandle{0} id=4321 tag=Notification.NowPlaying key=0|com.google.android.tvrecommendations|4321|Notification.NowPlaying|10087: Notification(channel=now_playing pri=0 contentView=null vibrate=null sound=null defaults=0x0 flags=0x0 color=0x00000000 vis=PRIVATE)) userId: 0
06-15 14:46:01.161 426 22970 D NvOsDebugPrintf: NVMEDIA: NVMEDIAFrameStatusReporting: 1807: Closing NVMEDIA Frame Status Thread -------------
