06-15 14:47:50.528 802 1224 V Avrcp : Media update: id -1Ô×í-1? [MediaAttributes: DÔï»n - by (16096 0/0) ]
06-15 14:47:50.528 802 1224 D Avrcp : sendPlayPosNotificationRsp: Not registered or requesting.
06-15 14:47:50.546 426 23164 D NvOsDebugPrintf: NVMEDIA: FrameRate(for last 120 frames) = 50.000000, AvgFrameRate = 50.000000
06-15 14:47:50.560 802 1224 V Avrcp : onPlaybackStateChanged: state PlaybackState {state=3, position=29461, buffered position=0, speed=1.0, updated=368292409, actions=-1, custom actions=[], active item id=-1, error=null}
06-15 14:47:50.560 11322 11322 D NowPlayingListener: onPlaybackStateChanged: PlaybackState {state=3, position=29461, buffered position=0, speed=1.0, updated=368292409, actions=-1, custom actions=[], active item id=-1, error=null}
06-15 14:47:50.560 11322 11322 D NowPlayingManager: onClientPlaybackStateUpdate() called with: state = [3], stateChangeTimeMs = [368292409], currentPosMs = [29461]
06-15 14:47:50.560 11322 11322 D NowPlayingManager: onClientPlaybackStateUpdate: Skipped update, state: 3 was unchanged
06-15 14:47:50.562 11322 11322 D NowPlayingManager: onMediaDataUpdated() called with: mediaData = [com.google.android.tvrecommendations.NowPlayingData@c05fddf]
06-15 14:47:50.573 11322 11322 D TVNotifService: onTVNotificationPosted StatusBarNotification(pkg=com.google.android.tvrecommendations user=UserHandle{0} id=4321 tag=Notification.NowPlaying key=0|com.google.android.tvrecommendations|4321|Notification.NowPlaying|10087: Notification(channel=now_playing pri=0 contentView=null vibrate=null sound=null defaults=0x0 flags=0x0 color=0x00000000 vis=PRIVATE)) userId: 0
06-15 14:47:51.076 802 1224 V Avrcp : onPlaybackStateChanged: state PlaybackState {state=3, position=29820, buffered position=0, speed=1.0, updated=368292925, actions=-1, custom actions=[], active item id=-1, error=null}
06-15 14:47:51.077 11322 11322 D NowPlayingListener: onPlaybackStateChanged: PlaybackState {state=3, position=29820, buffered position=0, speed=1.0, updated=368292925, actions=-1, custom actions=[], active item id=-1, error=null}
06-15 14:47:51.077 11322 11322 D NowPlayingManager: onClientPlaybackStateUpdate() called with: state = [3], stateChangeTimeMs = [368292925], currentPosMs = [29820]
06-15 14:47:51.077 11322 11322 D NowPlayingManager: onClientPlaybackStateUpdate: Skipped update, state: 3 was unchanged
06-15 14:47:51.079 11322 11322 D NowPlayingManager: onMediaDataUpdated() called with: mediaData = [com.google.android.tvrecommendations.NowPlayingData@2275cf5]
06-15 14:47:51.088 11322 11322 D TVNotifService: onTVNotificationPosted StatusBarNotification(pkg=com.google.android.tvrecommendations user=UserHandle{0} id=4321 tag=Notification.NowPlaying key=0|com.google.android.tvrecommendations|4321|Notification.NowPlaying|10087: Notification(channel=now_playing pri=0 contentView=null vibrate=null sound=null defaults=0x0 flags=0x0 color=0x00000000 vis=PRIVATE)) userId: 0
06-15 14:47:51.561 802 1224 V Avrcp : MSG_UPDATE_MEDIA
06-15 14:47:51.562 802 1224 V Avrcp : updatePlaybackState (1): -1Ô×í1(PlaybackState {state=3, position=16096, buffered position=0, speed=1.0, updated=368293411, actions=-1, custom actions=[], active item id=-1, error=null})
06-15 14:47:51.563 802 1224 V Avrcp : Media update: id -1Ô×í-1? [MediaAttributes: DÔï»n - by (16096 0/0) ]
06-15 14:47:51.563 802 1224 D Avrcp : sendPlayPosNotificationRsp: Not registered or requesting.
06-15 14:47:51.593 11322 11322 D NowPlayingListener: onPlaybackStateChanged: PlaybackState {state=3, position=30407, buffered position=0, speed=1.0, updated=368293442, actions=-1, custom actions=[], active item id=-1, error=null}
06-15 14:47:51.593 802 1224 V Avrcp : onPlaybackStateChanged: state PlaybackState {state=3, position=30407, buffered position=0, speed=1.0, updated=368293442, actions=-1, custom actions=[], active item id=-1, error=null}
06-15 14:47:51.593 11322 11322 D NowPlayingManager: onClientPlaybackStateUpdate() called with: state = [3], stateChangeTimeMs = [368293442], currentPosMs = [30407]
06-15 14:47:51.593 11322 11322 D NowPlayingManager: onClientPlaybackStateUpdate: Skipped update, state: 3 was unchanged
06-15 14:47:51.597 11322 11322 D NowPlayingManager: onMediaDataUpdated() called with: mediaData = [com.google.android.tvrecommendations.NowPlayingData@f698fb]
06-15 14:47:51.605 11322 11322 D TVNotifService: onTVNotificationPosted StatusBarNotification(pkg=com.google.android.tvrecommendations user=UserHandle{0} id=4321 tag=Notification.NowPlaying key=0|com.google.android.tvrecommendations|4321|Notification.NowPlaying|10087: Notification(channel=now_playing pri=0 contentView=null vibrate=null sound=null defaults=0x0 flags=0x0 color=0x00000000 vis=PRIVATE)) userId: 0
06-15 14:47:52.110 802 1224 V Avrcp : onPlaybackStateChanged: state PlaybackState {state=3, position=31119, buffered position=0, speed=1.0, updated=368293959, actions=-1, custom actions=[], active item id=-1, error=null}
06-15 14:47:52.110 11322 11322 D NowPlayingListener: onPlaybackStateChanged: PlaybackState {state=3, position=31119, buffered position=0, speed=1.0, updated=368293959, actions=-1, custom actions=[], active item id=-1, error=null}
06-15 14:47:52.111 11322 11322 D NowPlayingManager: onClientPlaybackStateUpdate() called with: state = [3], stateChangeTimeMs = [368293959], currentPosMs = [31119]
06-15 14:47:52.111 11322 11322 D NowPlayingManager: onClientPlaybackStateUpdate: Skipped update, state: 3 was unchanged
06-15 14:47:52.114 11322 11322 D NowPlayingManager: onMediaDataUpdated() called with: mediaData = [com.google.android.tvrecommendations.NowPlayingData@5ddd371]
06-15 14:47:52.121 11322 11322 D TVNotifService: onTVNotificationPosted StatusBarNotification(pkg=com.google.android.tvrecommendations user=UserHandle{0} id=4321 tag=Notification.NowPlaying key=0|com.google.android.tvrecommendations|4321|Notification.NowPlaying|10087: Notification(channel=now_playing pri=0 contentView=null vibrate=null sound=null defaults=0x0 flags=0x0 color=0x00000000 vis=PRIVATE)) userId: 0
06-15 14:47:52.594 802 1224 V Avrcp : MSG_UPDATE_MEDIA
06-15 14:47:52.595 802 1224 V Avrcp : updatePlaybackState (1): -1Ô×í1(PlaybackState {state=3, position=16096, buffered position=0, speed=1.0, updated=368294444, actions=-1, custom actions=[], active item id=-1, error=null})
06-15 14:47:52.595 802 1224 V Avrcp : Media update: id -1Ô×í-1? [MediaAttributes: DÔï»n - by (16096 0/0) ]
06-15 14:47:52.595 802 1224 D Avrcp : sendPlayPosNotificationRsp: Not registered or requesting.
06-15 14:47:52.626 802 1224 V Avrcp : onPlaybackStateChanged: state PlaybackState {state=3, position=31488, buffered position=0, speed=1.0, updated=368294475, actions=-1, custom actions=[], active item id=-1, error=null}
06-15 14:47:52.626 11322 11322 D NowPlayingListener: onPlaybackStateChanged: PlaybackState {state=3, position=31488, buffered position=0, speed=1.0, updated=368294475, actions=-1, custom actions=[], active item id=-1, error=null}
06-15 14:47:52.626 11322 11322 D NowPlayingManager: onClientPlaybackStateUpdate() called with: state = [3], stateChangeTimeMs = [368294475], currentPosMs = [31488]
06-15 14:47:52.626 11322 11322 D NowPlayingManager: onClientPlaybackStateUpdate: Skipped update, state: 3 was unchanged
06-15 14:47:52.628 11322 11322 D NowPlayingManager: onMediaDataUpdated() called with: mediaData = [com.google.android.tvrecommendations.NowPlayingData@c8bc9d7]
06-15 14:47:52.636 11322 11322 D TVNotifService: onTVNotificationPosted StatusBarNotification(pkg=com.google.android.tvrecommendations user=UserHandle{0} id=4321 tag=Notification.NowPlaying key=0|com.google.android.tvrecommendations|4321|Notification.NowPlaying|10087: Notification(channel=now_playing pri=0 contentView=null vibrate=null sound=null defaults=0x0 flags=0x0 color=0x00000000 vis=PRIVATE)) userId: 0
06-15 14:47:52.943 426 23164 D NvOsDebugPrintf: NVMEDIA: FrameRate(for last 120 frames) = 50.000000, AvgFrameRate = 50.000000
06-15 14:47:53.143 11322 11322 D NowPlayingListener: onPlaybackStateChanged: PlaybackState {state=3, position=31886, buffered position=0, speed=1.0, updated=368294992, actions=-1, custom actions=[], active item id=-1, error=null}
06-15 14:47:53.143 11322 11322 D NowPlayingManager: onClientPlaybackStateUpdate() called with: state = [3], stateChangeTimeMs = [368294992], currentPosMs = [31886]
06-15 14:47:53.143 11322 11322 D NowPlayingManager: onClientPlaybackStateUpdate: Skipped update, state: 3 was unchanged
06-15 14:47:53.145 802 1224 V Avrcp : onPlaybackStateChanged: state PlaybackState {state=3, position=31886, buffered position=0, speed=1.0, updated=368294992, actions=-1, custom actions=[], active item id=-1, error=null}
06-15 14:47:53.146 11322 11322 D NowPlayingManager: onMediaDataUpdated() called with: mediaData = [com.google.android.tvrecommendations.NowPlayingData@8ab35ad]
06-15 14:47:53.154 11322 11322 D TVNotifService: onTVNotificationPosted StatusBarNotification(pkg=com.google.android.tvrecommendations user=UserHandle{0} id=4321 tag=Notification.NowPlaying key=0|com.google.android.tvrecommendations|4321|Notification.NowPlaying|10087: Notification(channel=now_playing pri=0 contentView=null vibrate=null sound=null defaults=0x0 flags=0x0 color=0x00000000 vis=PRIVATE)) userId: 0
06-15 14:47:53.627 802 1224 V Avrcp : MSG_UPDATE_MEDIA
06-15 14:47:53.627 802 1224 V Avrcp : updatePlaybackState (1): -1Ô×í1(PlaybackState {state=3, position=16096, buffered position=0, speed=1.0, updated=368295477, actions=-1, custom actions=[], active item id=-1, error=null})
06-15 14:47:53.628 802 1224 V Avrcp : Media update: id -1Ô×í-1? [MediaAttributes: DÔï»n - by (16096 0/0) ]
06-15 14:47:53.628 802 1224 D Avrcp : sendPlayPosNotificationRsp: Not registered or requesting.
06-15 14:47:53.660 11322 11322 D NowPlayingListener: onPlaybackStateChanged: PlaybackState {state=3, position=32308, buffered position=0, speed=1.0, updated=368295508, actions=-1, custom actions=[], active item id=-1, error=null}
06-15 14:47:53.660 11322 11322 D NowPlayingManager: onClientPlaybackStateUpdate() called with: state = [3], stateChangeTimeMs = [368295508], currentPosMs = [32308]
06-15 14:47:53.660 11322 11322 D NowPlayingManager: onClientPlaybackStateUpdate: Skipped update, state: 3 was unchanged
06-15 14:47:53.660 802 1224 V Avrcp : onPlaybackStateChanged: state PlaybackState {state=3, position=32308, buffered position=0, speed=1.0, updated=368295508, actions=-1, custom actions=[], active item id=-1, error=null}
06-15 14:47:53.663 11322 11322 D NowPlayingManager: onMediaDataUpdated() called with: mediaData = [com.google.android.tvrecommendations.NowPlayingData@1d92c73]
06-15 14:47:53.674 11322 11322 D TVNotifService: onTVNotificationPosted StatusBarNotification(pkg=com.google.android.tvrecommendations user=UserHandle{0} id=4321 tag=Notification.NowPlaying key=0|com.google.android.tvrecommendations|4321|Notification.NowPlaying|10087: Notification(channel=now_playing pri=0 contentView=null vibrate=null sound=null defaults=0x0 flags=0x0 color=0x00000000 vis=PRIVATE)) userId: 0
06-15 14:47:54.176 802 1224 V Avrcp : onPlaybackStateChanged: state PlaybackState {state=3, position=33155, buffered position=0, speed=1.0, updated=368296025, actions=-1, custom actions=[], active item id=-1, error=null}
06-15 14:47:54.176 11322 11322 D NowPlayingListener: onPlaybackStateChanged: PlaybackState {state=3, position=33155, buffered position=0, speed=1.0, updated=368296025, actions=-1, custom actions=[], active item id=-1, error=null}
06-15 14:47:54.176 11322 11322 D NowPlayingManager: onClientPlaybackStateUpdate() called with: state = [3], stateChangeTimeMs = [368296025], currentPosMs = [33155]
06-15 14:47:54.176 11322 11322 D NowPlayingManager: onClientPlaybackStateUpdate: Skipped update, state: 3 was unchanged
06-15 14:47:54.179 11322 11322 D NowPlayingManager: onMediaDataUpdated() called with: mediaData = [com.google.android.tvrecommendations.NowPlayingData@1727fa9]
06-15 14:47:54.186 11322 11322 D TVNotifService: onTVNotificationPosted StatusBarNotification(pkg=com.google.android.tvrecommendations user=UserHandle{0} id=4321 tag=Notification.NowPlaying key=0|com.google.android.tvrecommendations|4321|Notification.NowPlaying|10087: Notification(channel=now_playing pri=0 contentView=null vibrate=null sound=null defaults=0x0 flags=0x0 color=0x00000000 vis=PRIVATE)) userId: 0
06-15 14:47:54.661 802 1224 V Avrcp : MSG_UPDATE_MEDIA
06-15 14:47:54.661 802 1224 V Avrcp : updatePlaybackState (1): -1Ô×í1(PlaybackState {state=3, position=16096, buffered position=0, speed=1.0, updated=368296511, actions=-1, custom actions=[], active item id=-1, error=null})
06-15 14:47:54.662 802 1224 V Avrcp : Media update: id -1Ô×í-1? [MediaAttributes: DÔï»n - by (16096 0/0) ]
06-15 14:47:54.662 802 1224 D Avrcp : sendPlayPosNotificationRsp: Not registered or requesting.
06-15 14:47:54.693 802 1224 V Avrcp : onPlaybackStateChanged: state PlaybackState {state=3, position=33540, buffered position=0, speed=1.0, updated=368296542, actions=-1, custom actions=[], active item id=-1, error=null}
06-15 14:47:54.694 11322 11322 D NowPlayingListener: onPlaybackStateChanged: PlaybackState {state=3, position=33540, buffered position=0, speed=1.0, updated=368296542, actions=-1, custom actions=[], active item id=-1, error=null}
06-15 14:47:54.694 11322 11322 D NowPlayingManager: onClientPlaybackStateUpdate() called with: state = [3], stateChangeTimeMs = [368296542], currentPosMs = [33540]
06-15 14:47:54.694 11322 11322 D NowPlayingManager: onClientPlaybackStateUpdate: Skipped update, state: 3 was unchanged
06-15 14:47:54.696 11322 11322 D NowPlayingManager: onMediaDataUpdated() called with: mediaData = [com.google.android.tvrecommendations.NowPlayingData@7901ccf]
06-15 14:47:54.705 11322 11322 D TVNotifService: onTVNotificationPosted StatusBarNotification(pkg=com.google.android.tvrecommendations user=UserHandle{0} id=4321 tag=Notification.NowPlaying key=0|com.google.android.tvrecommendations|4321|Notification.NowPlaying|10087: Notification(channel=now_playing pri=0 contentView=null vibrate=null sound=null defaults=0x0 flags=0x0 color=0x00000000 vis=PRIVATE)) userId: 0
06-15 14:47:55.210 802 1224 V Avrcp : onPlaybackStateChanged: state PlaybackState {state=3, position=33940, buffered position=0, speed=1.0, updated=368297059, actions=-1, custom actions=[], active item id=-1, error=null}
06-15 14:47:55.210 11322 11322 D NowPlayingListener: onPlaybackStateChanged: PlaybackState {state=3, position=33940, buffered position=0, speed=1.0, updated=368297059, actions=-1, custom actions=[], active item id=-1, error=null}
06-15 14:47:55.210 11322 11322 D NowPlayingManager: onClientPlaybackStateUpdate() called with: state = [3], stateChangeTimeMs = [368297059], currentPosMs = [33940]
06-15 14:47:55.210 11322 11322 D NowPlayingManager: onClientPlaybackStateUpdate: Skipped update, state: 3 was unchanged
06-15 14:47:55.213 11322 11322 D NowPlayingManager: onMediaDataUpdated() called with: mediaData = [com.google.android.tvrecommendations.NowPlayingData@84a6d65]
06-15 14:47:55.221 11322 11322 D TVNotifService: onTVNotificationPosted StatusBarNotification(pkg=com.google.android.tvrecommendations user=UserHandle{0} id=4321 tag=Notification.NowPlaying key=0|com.google.android.tvrecommendations|4321|Notification.NowPlaying|10087: Notification(channel=now_playing pri=0 contentView=null vibrate=null sound=null defaults=0x0 flags=0x0 color=0x00000000 vis=PRIVATE)) userId: 0
06-15 14:47:55.314 802 1220 D bt_btm_pm: Sniff Interval For Device MAC 00:04:20:f5:f5:a8 is 33.750000 msec.
06-15 14:47:55.343 426 23164 D NvOsDebugPrintf: NVMEDIA: FrameRate(for last 120 frames) = 50.000000, AvgFrameRate = 50.000000
06-15 14:47:55.694 802 1224 V Avrcp : MSG_UPDATE_MEDIA
06-15 14:47:55.694 802 1224 V Avrcp : updatePlaybackState (1): -1Ô×í1(PlaybackState {state=3, position=16096, buffered position=0, speed=1.0, updated=368297544, actions=-1, custom actions=[], active item id=-1, error=null})
06-15 14:47:55.695 802 1224 V Avrcp : Media update: id -1Ô×í-1? [MediaAttributes: DÔï»n - by (16096 0/0) ]
06-15 14:47:55.695 802 1224 D Avrcp : sendPlayPosNotificationRsp: Not registered or requesting.
06-15 14:47:55.726 802 1224 V Avrcp : onPlaybackStateChanged: state PlaybackState {state=3, position=34539, buffered position=0, speed=1.0, updated=368297575, actions=-1, custom actions=[], active item id=-1, error=null}
06-15 14:47:55.726 11322 11322 D NowPlayingListener: onPlaybackStateChanged: PlaybackState {state=3, position=34539, buffered position=0, speed=1.0, updated=368297575, actions=-1, custom actions=[], active item id=-1, error=null}
06-15 14:47:55.726 11322 11322 D NowPlayingManager: onClientPlaybackStateUpdate() called with: state = [3], stateChangeTimeMs = [368297575], currentPosMs = [34539]
06-15 14:47:55.726 11322 11322 D NowPlayingManager: onClientPlaybackStateUpdate: Skipped update, state: 3 was unchanged
06-15 14:47:55.728 11322 11322 D NowPlayingManager: onMediaDataUpdated() called with: mediaData = [com.google.android.tvrecommendations.NowPlayingData@41bb6eb]
06-15 14:47:55.736 11322 11322 D TVNotifService: onTVNotificationPosted StatusBarNotification(pkg=com.google.android.tvrecommendations user=UserHandle{0} id=4321 tag=Notification.NowPlaying key=0|com.google.android.tvrecommendations|4321|Notification.NowPlaying|10087: Notification(channel=now_playing pri=0 contentView=null vibrate=null sound=null defaults=0x0 flags=0x0 color=0x00000000 vis=PRIVATE)) userId: 0
06-15 14:47:56.245 802 1224 V Avrcp : onPlaybackStateChanged: state PlaybackState {state=3, position=35054, buffered position=0, speed=1.0, updated=368298092, actions=-1, custom actions=[], active item id=-1, error=null}
06-15 14:47:56.246 11322 11322 D NowPlayingListener: onPlaybackStateChanged: PlaybackState {state=3, position=35054, buffered position=0, speed=1.0, updated=368298092, actions=-1, custom actions=[], active item id=-1, error=null}
06-15 14:47:56.246 11322 11322 D NowPlayingManager: onClientPlaybackStateUpdate() called with: state = [3], stateChangeTimeMs = [368298092], currentPosMs = [35054]
06-15 14:47:56.246 11322 11322 D NowPlayingManager: onClientPlaybackStateUpdate: Skipped update, state: 3 was unchanged
06-15 14:47:56.248 11322 11322 D NowPlayingManager: onMediaDataUpdated() called with: mediaData = [com.google.android.tvrecommendations.NowPlayingData@5f97ae1]
06-15 14:47:56.257 11322 11322 D TVNotifService: onTVNotificationPosted StatusBarNotification(pkg=com.google.android.tvrecommendations user=UserHandle{0} id=4321 tag=Notification.NowPlaying key=0|com.google.android.tvrecommendations|4321|Notification.NowPlaying|10087: Notification(channel=now_playing pri=0 contentView=null vibrate=null sound=null defaults=0x0 flags=0x0 color=0x00000000 vis=PRIVATE)) userId: 0
06-15 14:47:56.496 700 761 D WindowManager: handleComboKeys keyCode: 19, keyAction: 0
06-15 14:47:56.497 700 761 D WindowManager: handleComboKeys keyCode: 19, keyAction: 1
06-15 14:47:56.498 22018 22038 V Kodi : process_input: Failure reading next input event: Try again
06-15 14:47:56.498 22018 22038 V Kodi : CAndroidKey: key down (dev:3; src:769; code: 19; repeat: 0; flags: 0x8; alt: no; shift: no; sym: no)
06-15 14:47:56.499 22018 22038 V Kodi : process_input: Failure reading next input event: Try again
06-15 14:47:56.500 22018 22038 V Kodi : CAndroidKey: key up (dev:3; src:769; code: 19; repeat: 0; flags: 0x8; alt: no; shift: no; sym: no)
06-15 14:47:56.727 802 1224 V Avrcp : MSG_UPDATE_MEDIA
06-15 14:47:56.727 802 1224 V Avrcp : updatePlaybackState (1): -1Ô×í1(PlaybackState {state=3, position=16096, buffered position=0, speed=1.0, updated=368298577, actions=-1, custom actions=[], active item id=-1, error=null})
06-15 14:47:56.728 802 1224 V Avrcp : Media update: id -1Ô×í-1? [MediaAttributes: DÔï»n - by (16096 0/0) ]
06-15 14:47:56.728 802 1224 D Avrcp : sendPlayPosNotificationRsp: Not registered or requesting.
06-15 14:47:56.760 802 1224 V Avrcp : onPlaybackStateChanged: state PlaybackState {state=3, position=35710, buffered position=0, speed=1.0, updated=368298608, actions=-1, custom actions=[], active item id=-1, error=null}
06-15 14:47:56.762 11322 11322 D NowPlayingListener: onPlaybackStateChanged: PlaybackState {state=3, position=35710, buffered position=0, speed=1.0, updated=368298608, actions=-1, custom actions=[], active item id=-1, error=null}
06-15 14:47:56.762 11322 11322 D NowPlayingManager: onClientPlaybackStateUpdate() called with: state = [3], stateChangeTimeMs = [368298608], currentPosMs = [35710]
06-15 14:47:56.762 11322 11322 D NowPlayingManager: onClientPlaybackStateUpdate: Skipped update, state: 3 was unchanged
06-15 14:47:56.764 11322 11322 D NowPlayingManager: onMediaDataUpdated() called with: mediaData = [com.google.android.tvrecommendations.NowPlayingData@f7cd6c7]
06-15 14:47:56.772 11322 11322 D TVNotifService: onTVNotificationPosted StatusBarNotification(pkg=com.google.android.tvrecommendations user=UserHandle{0} id=4321 tag=Notification.NowPlaying key=0|com.google.android.tvrecommendations|4321|Notification.NowPlaying|10087: Notification(channel=now_playing pri=0 contentView=null vibrate=null sound=null defaults=0x0 flags=0x0 color=0x00000000 vis=PRIVATE)) userId: 0
06-15 14:47:57.170 700 761 D WindowManager: handleComboKeys keyCode: 20, keyAction: 0
06-15 14:47:57.171 22018 22038 V Kodi : process_input: Failure reading next input event: Try again
06-15 14:47:57.172 22018 22038 V Kodi : CAndroidKey: key down (dev:3; src:769; code: 20; repeat: 0; flags: 0x8; alt: no; shift: no; sym: no)
06-15 14:47:57.276 11322 11322 D NowPlayingListener: onPlaybackStateChanged: PlaybackState {state=3, position=36299, buffered position=0, speed=1.0, updated=368299125, actions=-1, custom actions=[], active item id=-1, error=null}
06-15 14:47:57.276 11322 11322 D NowPlayingManager: onClientPlaybackStateUpdate() called with: state = [3], stateChangeTimeMs = [368299125], currentPosMs = [36299]
06-15 14:47:57.276 11322 11322 D NowPlayingManager: onClientPlaybackStateUpdate: Skipped update, state: 3 was unchanged
06-15 14:47:57.276 802 1224 V Avrcp : onPlaybackStateChanged: state PlaybackState {state=3, position=36299, buffered position=0, speed=1.0, updated=368299125, actions=-1, custom actions=[], active item id=-1, error=null}
06-15 14:47:57.278 11322 11322 D NowPlayingManager: onMediaDataUpdated() called with: mediaData = [com.google.android.tvrecommendations.NowPlayingData@f31e41d]
06-15 14:47:57.288 11322 11322 D TVNotifService: onTVNotificationPosted StatusBarNotification(pkg=com.google.android.tvrecommendations user=UserHandle{0} id=4321 tag=Notification.NowPlaying key=0|com.google.android.tvrecommendations|4321|Notification.NowPlaying|10087: Notification(channel=now_playing pri=0 contentView=null vibrate=null sound=null defaults=0x0 flags=0x0 color=0x00000000 vis=PRIVATE)) userId: 0
06-15 14:47:57.428 700 761 D WindowManager: handleComboKeys keyCode: 20, keyAction: 1
06-15 14:47:57.429 22018 22038 V Kodi : process_input: Failure reading next input event: Try again
06-15 14:47:57.429 22018 22038 V Kodi : CAndroidKey: key up (dev:3; src:769; code: 20; repeat: 0; flags: 0x8; alt: no; shift: no; sym: no)
06-15 14:47:57.746 426 23164 D NvOsDebugPrintf: NVMEDIA: FrameRate(for last 120 frames) = 50.000000, AvgFrameRate = 50.000000
06-15 14:47:57.761 802 1224 V Avrcp : MSG_UPDATE_MEDIA
06-15 14:47:57.762 802 1224 V Avrcp : updatePlaybackState (1): -1Ô×í1(PlaybackState {state=3, position=16096, buffered position=0, speed=1.0, updated=368299611, actions=-1, custom actions=[], active item id=-1, error=null})
06-15 14:47:57.763 802 1224 V Avrcp : Media update: id -1Ô×í-1? [MediaAttributes: DÔï»n - by (16096 0/0) ]
06-15 14:47:57.763 802 1224 D Avrcp : sendPlayPosNotificationRsp: Not registered or requesting.
06-15 14:47:57.793 802 1224 V Avrcp : onPlaybackStateChanged: state PlaybackState {state=3, position=36680, buffered position=0, speed=1.0, updated=368299642, actions=-1, custom actions=[], active item id=-1, error=null}
06-15 14:47:57.793 11322 11322 D NowPlayingListener: onPlaybackStateChanged: PlaybackState {state=3, position=36680, buffered position=0, speed=1.0, updated=368299642, actions=-1, custom actions=[], active item id=-1, error=null}
06-15 14:47:57.793 11322 11322 D NowPlayingManager: onClientPlaybackStateUpdate() called with: state = [3], stateChangeTimeMs = [368299642], currentPosMs = [36680]
06-15 14:47:57.793 11322 11322 D NowPlayingManager: onClientPlaybackStateUpdate: Skipped update, state: 3 was unchanged
06-15 14:47:57.796 11322 11322 D NowPlayingManager: onMediaDataUpdated() called with: mediaData = [com.google.android.tvrecommendations.NowPlayingData@6e61863]
06-15 14:47:57.805 11322 11322 D TVNotifService: onTVNotificationPosted StatusBarNotification(pkg=com.google.android.tvrecommendations user=UserHandle{0} id=4321 tag=Notification.NowPlaying key=0|com.google.android.tvrecommendations|4321|Notification.NowPlaying|10087: Notification(channel=now_playing pri=0 contentView=null vibrate=null sound=null defaults=0x0 flags=0x0 color=0x00000000 vis=PRIVATE)) userId: 0
06-15 14:47:58.310 11322 11322 D NowPlayingListener: onPlaybackStateChanged: PlaybackState {state=3, position=37055, buffered position=0, speed=1.0, updated=368300159, actions=-1, custom actions=[], active item id=-1, error=null}
06-15 14:47:58.310 802 1224 V Avrcp : onPlaybackStateChanged: state PlaybackState {state=3, position=37055, buffered position=0, speed=1.0, updated=368300159, actions=-1, custom actions=[], active item id=-1, error=null}
06-15 14:47:58.310 11322 11322 D NowPlayingManager: onClientPlaybackStateUpdate() called with: state = [3], stateChangeTimeMs = [368300159], currentPosMs = [37055]
06-15 14:47:58.310 11322 11322 D NowPlayingManager: onClientPlaybackStateUpdate: Skipped update, state: 3 was unchanged
06-15 14:47:58.314 11322 11322 D NowPlayingManager: onMediaDataUpdated() called with: mediaData = [com.google.android.tvrecommendations.NowPlayingData@78da519]
06-15 14:47:58.322 11322 11322 D TVNotifService: onTVNotificationPosted StatusBarNotification(pkg=com.google.android.tvrecommendations user=UserHandle{0} id=4321 tag=Notification.NowPlaying key=0|com.google.android.tvrecommendations|4321|Notification.NowPlaying|10087: Notification(channel=now_playing pri=0 contentView=null vibrate=null sound=null defaults=0x0 flags=0x0 color=0x00000000 vis=PRIVATE)) userId: 0
06-15 14:47:58.353 700 761 D WindowManager: handleComboKeys keyCode: 21, keyAction: 0
06-15 14:47:58.353 700 761 D WindowManager: isOnHomeScreen mLastTopComponent: null, componentName: ComponentInfo{org.xbmc.kodinerds/org.xbmc.kodinerds.Main}
06-15 14:47:58.353 700 761 D WindowManager: handleComboKeys isOnHomeScreen: false
06-15 14:47:58.354 22018 22038 V Kodi : process_input: Failure reading next input event: Try again
06-15 14:47:58.355 22018 22038 V Kodi : CAndroidKey: key down (dev:3; src:769; code: 21; repeat: 0; flags: 0x8; alt: no; shift: no; sym: no)
06-15 14:47:58.679 700 761 D WindowManager: handleComboKeys keyCode: 21, keyAction: 1
06-15 14:47:58.679 700 761 D WindowManager: isOnHomeScreen mLastTopComponent: null, componentName: ComponentInfo{org.xbmc.kodinerds/org.xbmc.kodinerds.Main}
06-15 14:47:58.679 700 761 D WindowManager: handleComboKeys isOnHomeScreen: false
06-15 14:47:58.681 22018 22038 V Kodi : process_input: Failure reading next input event: Try again
06-15 14:47:58.682 22018 22038 V Kodi : CAndroidKey: key up (dev:3; src:769; code: 21; repeat: 0; flags: 0x8; alt: no; shift: no; sym: no)
06-15 14:47:58.793 802 1224 V Avrcp : MSG_UPDATE_MEDIA
06-15 14:47:58.794 802 1224 V Avrcp : updatePlaybackState (1): -1Ô×í1(PlaybackState {state=3, position=16096, buffered position=0, speed=1.0, updated=368300643, actions=-1, custom actions=[], active item id=-1, error=null})
06-15 14:47:58.795 802 1224 V Avrcp : Media update: id -1Ô×í-1? [MediaAttributes: DÔï»n - by (16096 0/0) ]
06-15 14:47:58.795 802 1224 D Avrcp : sendPlayPosNotificationRsp: Not registered or requesting.
06-15 14:47:58.826 802 1224 V Avrcp : onPlaybackStateChanged: state PlaybackState {state=3, position=37710, buffered position=0, speed=1.0, updated=368300675, actions=-1, custom actions=[], active item id=-1, error=null}
06-15 14:47:58.826 11322 11322 D NowPlayingListener: onPlaybackStateChanged: PlaybackState {state=3, position=37710, buffered position=0, speed=1.0, updated=368300675, actions=-1, custom actions=[], active item id=-1, error=null}
06-15 14:47:58.826 11322 11322 D NowPlayingManager: onClientPlaybackStateUpdate() called with: state = [3], stateChangeTimeMs = [368300675], currentPosMs = [37710]
06-15 14:47:58.826 11322 11322 D NowPlayingManager: onClientPlaybackStateUpdate: Skipped update, state: 3 was unchanged
06-15 14:47:58.828 11322 11322 D NowPlayingManager: onMediaDataUpdated() called with: mediaData = [com.google.android.tvrecommendations.NowPlayingData@e17d7bf]
06-15 14:47:58.836 11322 11322 D TVNotifService: onTVNotificationPosted StatusBarNotification(pkg=com.google.android.tvrecommendations user=UserHandle{0} id=4321 tag=Notification.NowPlaying key=0|com.google.android.tvrecommendations|4321|Notification.NowPlaying|10087: Notification(channel=now_playing pri=0 contentView=null vibrate=null sound=null defaults=0x0 flags=0x0 color=0x00000000 vis=PRIVATE)) userId: 0
06-15 14:47:59.164 700 761 D WindowManager: handleComboKeys keyCode: 19, keyAction: 0
06-15 14:47:59.166 22018 22038 V Kodi : process_input: Failure reading next input event: Try again
06-15 14:47:59.166 22018 22038 V Kodi : CAndroidKey: key down (dev:3; src:769; code: 19; repeat: 0; flags: 0x8; alt: no; shift: no; sym: no)
06-15 14:47:59.328 802 1224 V Avrcp : onPlaybackStateChanged: state PlaybackState {state=3, position=38338, buffered position=0, speed=1.0, updated=368301177, actions=-1, custom actions=[], active item id=-1, error=null}
06-15 14:47:59.328 11322 11322 D NowPlayingListener: onPlaybackStateChanged: PlaybackState {state=3, position=38338, buffered position=0, speed=1.0, updated=368301177, actions=-1, custom actions=[], active item id=-1, error=null}
06-15 14:47:59.328 11322 11322 D NowPlayingManager: onClientPlaybackStateUpdate() called with: state = [3], stateChangeTimeMs = [368301177], currentPosMs = [38338]
06-15 14:47:59.328 11322 11322 D NowPlayingManager: onClientPlaybackStateUpdate: Skipped update, state: 3 was unchanged
06-15 14:47:59.330 11322 11322 D NowPlayingManager: onMediaDataUpdated() called with: mediaData = [com.google.android.tvrecommendations.NowPlayingData@84a79d5]
06-15 14:47:59.337 11322 11322 D TVNotifService: onTVNotificationPosted StatusBarNotification(pkg=com.google.android.tvrecommendations user=UserHandle{0} id=4321 tag=Notification.NowPlaying key=0|com.google.android.tvrecommendations|4321|Notification.NowPlaying|10087: Notification(channel=now_playing pri=0 contentView=null vibrate=null sound=null defaults=0x0 flags=0x0 color=0x00000000 vis=PRIVATE)) userId: 0
06-15 14:47:59.388 700 761 D WindowManager: handleComboKeys keyCode: 19, keyAction: 1
06-15 14:47:59.388 22018 22038 V Kodi : process_input: Failure reading next input event: Try again
06-15 14:47:59.389 22018 22038 V Kodi : CAndroidKey: key up (dev:3; src:769; code: 19; repeat: 0; flags: 0x8; alt: no; shift: no; sym: no)
06-15 14:47:59.827 802 1224 V Avrcp : MSG_UPDATE_MEDIA
06-15 14:47:59.827 802 1224 V Avrcp : updatePlaybackState (1): -1Ô×í1(PlaybackState {state=3, position=16096, buffered position=0, speed=1.0, updated=368301677, actions=-1, custom actions=[], active item id=-1, error=null})
06-15 14:47:59.828 802 1224 V Avrcp : Media update: id -1Ô×í-1? [MediaAttributes: DÔï»n - by (16096 0/0) ]
06-15 14:47:59.828 802 1224 D Avrcp : sendPlayPosNotificationRsp: Not registered or requesting.
06-15 14:47:59.830 802 1224 V Avrcp : onPlaybackStateChanged: state PlaybackState {state=3, position=38629, buffered position=0, speed=1.0, updated=368301678, actions=-1, custom actions=[], active item id=-1, error=null}
06-15 14:47:59.830 11322 11322 D NowPlayingListener: onPlaybackStateChanged: PlaybackState {state=3, position=38629, buffered position=0, speed=1.0, updated=368301678, actions=-1, custom actions=[], active item id=-1, error=null}
06-15 14:47:59.830 11322 11322 D NowPlayingManager: onClientPlaybackStateUpdate() called with: state = [3], stateChangeTimeMs = [368301678], currentPosMs = [38629]
06-15 14:47:59.830 11322 11322 D NowPlayingManager: onClientPlaybackStateUpdate: Skipped update, state: 3 was unchanged
06-15 14:47:59.832 11322 11322 D NowPlayingManager: onMediaDataUpdated() called with: mediaData = [com.google.android.tvrecommendations.NowPlayingData@a7c30db]
06-15 14:47:59.841 11322 11322 D TVNotifService: onTVNotificationPosted StatusBarNotification(pkg=com.google.android.tvrecommendations user=UserHandle{0} id=4321 tag=Notification.NowPlaying key=0|com.google.android.tvrecommendations|4321|Notification.NowPlaying|10087: Notification(channel=now_playing pri=0 contentView=null vibrate=null sound=null defaults=0x0 flags=0x0 color=0x00000000 vis=PRIVATE)) userId: 0
06-15 14:47:59.911 22018 22999 V XBMC : detaching thread
06-15 14:47:59.922 700 761 D WindowManager: handleComboKeys keyCode: 19, keyAction: 0
06-15 14:47:59.924 22018 22038 V Kodi : process_input: Failure reading next input event: Try again
06-15 14:47:59.924 22018 22038 V Kodi : CAndroidKey: key down (dev:3; src:769; code: 19; repeat: 0; flags: 0x8; alt: no; shift: no; sym: no)
06-15 14:48:00.096 700 761 D WindowManager: handleComboKeys keyCode: 19, keyAction: 1
06-15 14:48:00.098 22018 22038 V Kodi : process_input: Failure reading next input event: Try again
06-15 14:48:00.098 22018 22038 V Kodi : CAndroidKey: key up (dev:3; src:769; code: 19; repeat: 0; flags: 0x8; alt: no; shift: no; sym: no)
06-15 14:48:00.106 22018 23000 V XBMC : detaching thread
06-15 14:48:00.146 426 23164 D NvOsDebugPrintf: NVMEDIA: FrameRate(for last 120 frames) = 50.000000, AvgFrameRate = 50.000000
06-15 14:48:00.241 700 761 D WindowManager: handleComboKeys keyCode: 19, keyAction: 0
06-15 14:48:00.242 22018 22038 V Kodi : process_input: Failure reading next input event: Try again
06-15 14:48:00.243 22018 22038 V Kodi : CAndroidKey: key down (dev:3; src:769; code: 19; repeat: 0; flags: 0x8; alt: no; shift: no; sym: no)
06-15 14:48:00.345 11322 11322 D NowPlayingListener: onPlaybackStateChanged: PlaybackState {state=3, position=39209, buffered position=0, speed=1.0, updated=368302194, actions=-1, custom actions=[], active item id=-1, error=null}
06-15 14:48:00.345 11322 11322 D NowPlayingManager: onClientPlaybackStateUpdate() called with: state = [3], stateChangeTimeMs = [368302194], currentPosMs = [39209]
06-15 14:48:00.345 11322 11322 D NowPlayingManager: onClientPlaybackStateUpdate: Skipped update, state: 3 was unchanged
06-15 14:48:00.345 802 1224 V Avrcp : onPlaybackStateChanged: state PlaybackState {state=3, position=39209, buffered position=0, speed=1.0, updated=368302194, actions=-1, custom actions=[], active item id=-1, error=null}
06-15 14:48:00.347 11322 11322 D NowPlayingManager: onMediaDataUpdated() called with: mediaData = [com.google.android.tvrecommendations.NowPlayingData@6c5de51]
06-15 14:48:00.365 11322 11322 D TVNotifService: onTVNotificationPosted StatusBarNotification(pkg=com.google.android.tvrecommendations user=UserHandle{0} id=4321 tag=Notification.NowPlaying key=0|com.google.android.tvrecommendations|4321|Notification.NowPlaying|10087: Notification(channel=now_playing pri=0 contentView=null vibrate=null sound=null defaults=0x0 flags=0x0 color=0x00000000 vis=PRIVATE)) userId: 0
06-15 14:48:00.403 700 761 D WindowManager: handleComboKeys keyCode: 19, keyAction: 1
06-15 14:48:00.404 22018 22038 V Kodi : process_input: Failure reading next input event: Try again
06-15 14:48:00.404 22018 22038 V Kodi : CAndroidKey: key up (dev:3; src:769; code: 19; repeat: 0; flags: 0x8; alt: no; shift: no; sym: no)
06-15 14:48:00.529 700 761 D WindowManager: handleComboKeys keyCode: 19, keyAction: 0
06-15 14:48:00.531 22018 22038 V Kodi : process_input: Failure reading next input event: Try again
06-15 14:48:00.531 22018 22038 V Kodi : CAndroidKey: key down (dev:3; src:769; code: 19; repeat: 0; flags: 0x8; alt: no; shift: no; sym: no)
06-15 14:48:00.706 700 761 D WindowManager: handleComboKeys keyCode: 19, keyAction: 1
06-15 14:48:00.707 22018 22038 V Kodi : process_input: Failure reading next input event: Try again
06-15 14:48:00.708 22018 22038 V Kodi : CAndroidKey: key up (dev:3; src:769; code: 19; repeat: 0; flags: 0x8; alt: no; shift: no; sym: no)
06-15 14:48:00.831 802 1224 V Avrcp : MSG_UPDATE_MEDIA
06-15 14:48:00.831 802 1224 V Avrcp : updatePlaybackState (1): -1Ô×í1(PlaybackState {state=3, position=16096, buffered position=0, speed=1.0, updated=368302681, actions=-1, custom actions=[], active item id=-1, error=null})
06-15 14:48:00.832 802 1224 V Avrcp : Media update: id -1Ô×í-1? [MediaAttributes: DÔï»n - by (16096 0/0) ]
06-15 14:48:00.832 802 1224 D Avrcp : sendPlayPosNotificationRsp: Not registered or requesting.
06-15 14:48:00.861 802 1224 V Avrcp : onPlaybackStateChanged: state PlaybackState {state=3, position=39810, buffered position=0, speed=1.0, updated=368302709, actions=-1, custom actions=[], active item id=-1, error=null}
06-15 14:48:00.862 11322 11322 D NowPlayingListener: onPlaybackStateChanged: PlaybackState {state=3, position=39810, buffered position=0, speed=1.0, updated=368302709, actions=-1, custom actions=[], active item id=-1, error=null}
06-15 14:48:00.862 11322 11322 D NowPlayingManager: onClientPlaybackStateUpdate() called with: state = [3], stateChangeTimeMs = [368302709], currentPosMs = [39810]
06-15 14:48:00.862 11322 11322 D NowPlayingManager: onClientPlaybackStateUpdate: Skipped update, state: 3 was unchanged
06-15 14:48:00.864 11322 11322 D NowPlayingManager: onMediaDataUpdated() called with: mediaData = [com.google.android.tvrecommendations.NowPlayingData@402ffb7]
06-15 14:48:00.873 11322 11322 D TVNotifService: onTVNotificationPosted StatusBarNotification(pkg=com.google.android.tvrecommendations user=UserHandle{0} id=4321 tag=Notification.NowPlaying key=0|com.google.android.tvrecommendations|4321|Notification.NowPlaying|10087: Notification(channel=now_playing pri=0 contentView=null vibrate=null sound=null defaults=0x0 flags=0x0 color=0x00000000 vis=PRIVATE)) userId: 0
06-15 14:48:01.367 700 761 D WindowManager: handleComboKeys keyCode: 22, keyAction: 0
06-15 14:48:01.369 22018 22038 V Kodi : process_input: Failure reading next input event: Try again
06-15 14:48:01.369 22018 22038 V Kodi : CAndroidKey: key down (dev:3; src:769; code: 22; repeat: 0; flags: 0x8; alt: no; shift: no; sym: no)
06-15 14:48:01.377 802 1224 V Avrcp : onPlaybackStateChanged: state PlaybackState {state=3, position=40347, buffered position=0, speed=1.0, updated=368303225, actions=-1, custom actions=[], active item id=-1, error=null}
06-15 14:48:01.377 11322 11322 D NowPlayingListener: onPlaybackStateChanged: PlaybackState {state=3, position=40347, buffered position=0, speed=1.0, updated=368303225, actions=-1, custom actions=[], active item id=-1, error=null}
06-15 14:48:01.377 11322 11322 D NowPlayingManager: onClientPlaybackStateUpdate() called with: state = [3], stateChangeTimeMs = [368303225], currentPosMs = [40347]
06-15 14:48:01.377 11322 11322 D NowPlayingManager: onClientPlaybackStateUpdate: Skipped update, state: 3 was unchanged
06-15 14:48:01.381 11322 11322 D NowPlayingManager: onMediaDataUpdated() called with: mediaData = [com.google.android.tvrecommendations.NowPlayingData@6b90e8d]
06-15 14:48:01.388 11322 11322 D TVNotifService: onTVNotificationPosted StatusBarNotification(pkg=com.google.android.tvrecommendations user=UserHandle{0} id=4321 tag=Notification.NowPlaying key=0|com.google.android.tvrecommendations|4321|Notification.NowPlaying|10087: Notification(channel=now_playing pri=0 contentView=null vibrate=null sound=null defaults=0x0 flags=0x0 color=0x00000000 vis=PRIVATE)) userId: 0
06-15 14:48:01.508 700 761 D WindowManager: handleComboKeys keyCode: 22, keyAction: 1
06-15 14:48:01.509 22018 22038 V Kodi : process_input: Failure reading next input event: Try again
06-15 14:48:01.513 22018 22038 V Kodi : CAndroidKey: key up (dev:3; src:769; code: 22; repeat: 0; flags: 0x8; alt: no; shift: no; sym: no)
06-15 14:48:01.748 700 761 D WindowManager: handleComboKeys keyCode: 22, keyAction: 0
06-15 14:48:01.749 22018 22038 V Kodi : process_input: Failure reading next input event: Try again
06-15 14:48:01.749 22018 22038 V Kodi : CAndroidKey: key down (dev:3; src:769; code: 22; repeat: 0; flags: 0x8; alt: no; shift: no; sym: no)
06-15 14:48:01.862 802 1224 V Avrcp : MSG_UPDATE_MEDIA
06-15 14:48:01.863 802 1224 V Avrcp : updatePlaybackState (1): -1Ô×í1(PlaybackState {state=3, position=16096, buffered position=0, speed=1.0, updated=368303712, actions=-1, custom actions=[], active item id=-1, error=null})
06-15 14:48:01.863 700 761 D WindowManager: handleComboKeys keyCode: 22, keyAction: 1
06-15 14:48:01.863 802 1224 V Avrcp : Media update: id -1Ô×í-1? [MediaAttributes: DÔï»n - by (16096 0/0) ]
06-15 14:48:01.863 802 1224 D Avrcp : sendPlayPosNotificationRsp: Not registered or requesting.
06-15 14:48:01.864 22018 22038 V Kodi : process_input: Failure reading next input event: Try again
06-15 14:48:01.864 22018 22038 V Kodi : CAndroidKey: key up (dev:3; src:769; code: 22; repeat: 0; flags: 0x8; alt: no; shift: no; sym: no)
06-15 14:48:01.894 11322 11322 D NowPlayingListener: onPlaybackStateChanged: PlaybackState {state=3, position=40855, buffered position=0, speed=1.0, updated=368303742, actions=-1, custom actions=[], active item id=-1, error=null}
06-15 14:48:01.894 11322 11322 D NowPlayingManager: onClientPlaybackStateUpdate() called with: state = [3], stateChangeTimeMs = [368303742], currentPosMs = [40855]
06-15 14:48:01.894 11322 11322 D NowPlayingManager: onClientPlaybackStateUpdate: Skipped update, state: 3 was unchanged
06-15 14:48:01.894 802 1224 V Avrcp : onPlaybackStateChanged: state PlaybackState {state=3, position=40855, buffered position=0, speed=1.0, updated=368303742, actions=-1, custom actions=[], active item id=-1, error=null}
06-15 14:48:01.896 11322 11322 D NowPlayingManager: onMediaDataUpdated() called with: mediaData = [com.google.android.tvrecommendations.NowPlayingData@7bde053]
06-15 14:48:01.905 11322 11322 D TVNotifService: onTVNotificationPosted StatusBarNotification(pkg=com.google.android.tvrecommendations user=UserHandle{0} id=4321 tag=Notification.NowPlaying key=0|com.google.android.tvrecommendations|4321|Notification.NowPlaying|10087: Notification(channel=now_playing pri=0 contentView=null vibrate=null sound=null defaults=0x0 flags=0x0 color=0x00000000 vis=PRIVATE)) userId: 0
06-15 14:48:02.029 700 761 D WindowManager: handleComboKeys keyCode: 22, keyAction: 0
06-15 14:48:02.030 22018 22038 V Kodi : process_input: Failure reading next input event: Try again
06-15 14:48:02.030 22018 22038 V Kodi : CAndroidKey: key down (dev:3; src:769; code: 22; repeat: 0; flags: 0x8; alt: no; shift: no; sym: no)
06-15 14:48:02.189 700 761 D WindowManager: handleComboKeys keyCode: 22, keyAction: 1
06-15 14:48:02.190 22018 22038 V Kodi : process_input: Failure reading next input event: Try again
06-15 14:48:02.190 22018 22038 V Kodi : CAndroidKey: key up (dev:3; src:769; code: 22; repeat: 0; flags: 0x8; alt: no; shift: no; sym: no)
06-15 14:48:02.396 802 1224 V Avrcp : onPlaybackStateChanged: state PlaybackState {state=3, position=41425, buffered position=0, speed=1.0, updated=368304245, actions=-1, custom actions=[], active item id=-1, error=null}
06-15 14:48:02.396 11322 11322 D NowPlayingListener: onPlaybackStateChanged: PlaybackState {state=3, position=41425, buffered position=0, speed=1.0, updated=368304245, actions=-1, custom actions=[], active item id=-1, error=null}
06-15 14:48:02.396 802 1224 V Avrcp : onPlaybackStateChanged: state PlaybackState {state=3, position=41425, buffered position=0, speed=1.0, updated=368304245, actions=-1, custom actions=[], active item id=-1, error=null}
06-15 14:48:02.396 11322 11322 D NowPlayingManager: onClientPlaybackStateUpdate() called with: state = [3], stateChangeTimeMs = [368304245], currentPosMs = [41425]
06-15 14:48:02.396 11322 11322 D NowPlayingManager: onClientPlaybackStateUpdate: Skipped update, state: 3 was unchanged
06-15 14:48:02.399 11322 11322 D NowPlayingManager: onMediaDataUpdated() called with: mediaData = [com.google.android.tvrecommendations.NowPlayingData@4350689]
06-15 14:48:02.407 11322 11322 D TVNotifService: onTVNotificationPosted StatusBarNotification(pkg=com.google.android.tvrecommendations user=UserHandle{0} id=4321 tag=Notification.NowPlaying key=0|com.google.android.tvrecommendations|4321|Notification.NowPlaying|10087: Notification(channel=now_playing pri=0 contentView=null vibrate=null sound=null defaults=0x0 flags=0x0 color=0x00000000 vis=PRIVATE)) userId: 0
06-15 14:48:02.543 426 23164 D NvOsDebugPrintf: NVMEDIA: FrameRate(for last 120 frames) = 50.000000, AvgFrameRate = 50.000000
06-15 14:48:02.608 700 761 D WindowManager: handleComboKeys keyCode: 66, keyAction: 0
06-15 14:48:02.613 22018 22038 V Kodi : process_input: Failure reading next input event: Try again
06-15 14:48:02.613 22018 22038 V Kodi : CAndroidKey: key down (dev:3; src:769; code: 66; repeat: 0; flags: 0x8; alt: no; shift: no; sym: no)
06-15 14:48:02.767 700 761 D WindowManager: handleComboKeys keyCode: 66, keyAction: 1
06-15 14:48:02.768 22018 22038 V Kodi : process_input: Failure reading next input event: Try again
06-15 14:48:02.769 22018 22038 V Kodi : CAndroidKey: key up (dev:3; src:769; code: 66; repeat: 0; flags: 0x8; alt: no; shift: no; sym: no)
06-15 14:48:02.888 2623 2623 I chromium: [2623:2623:INFO:metrics_recorder.cc(89)] Metrics stat: total=0
06-15 14:48:02.895 802 1224 V Avrcp : MSG_UPDATE_MEDIA
06-15 14:48:02.895 802 1224 V Avrcp : updatePlaybackState (1): -1Ô×í1(PlaybackState {state=3, position=16096, buffered position=0, speed=1.0, updated=368304745, actions=-1, custom actions=[], active item id=-1, error=null})
06-15 14:48:02.896 802 1224 V Avrcp : Media update: id -1Ô×í-1? [MediaAttributes: DÔï»n - by (16096 0/0) ]
06-15 14:48:02.896 802 1224 D Avrcp : sendPlayPosNotificationRsp: Not registered or requesting.
06-15 14:48:02.910 802 1224 V Avrcp : onPlaybackStateChanged: state PlaybackState {state=3, position=41726, buffered position=0, speed=1.0, updated=368304758, actions=-1, custom actions=[], active item id=-1, error=null}
06-15 14:48:02.911 11322 11322 D NowPlayingListener: onPlaybackStateChanged: PlaybackState {state=3, position=41726, buffered position=0, speed=1.0, updated=368304758, actions=-1, custom actions=[], active item id=-1, error=null}
06-15 14:48:02.911 11322 11322 D NowPlayingManager: onClientPlaybackStateUpdate() called with: state = [3], stateChangeTimeMs = [368304758], currentPosMs = [41726]
06-15 14:48:02.911 11322 11322 D NowPlayingManager: onClientPlaybackStateUpdate: Skipped update, state: 3 was unchanged
06-15 14:48:02.913 11322 11322 D NowPlayingManager: onMediaDataUpdated() called with: mediaData = [com.google.android.tvrecommendations.NowPlayingData@83c2eaf]
06-15 14:48:02.921 11322 11322 D TVNotifService: onTVNotificationPosted StatusBarNotification(pkg=com.google.android.tvrecommendations user=UserHandle{0} id=4321 tag=Notification.NowPlaying key=0|com.google.android.tvrecommendations|4321|Notification.NowPlaying|10087: Notification(channel=now_playing pri=0 contentView=null vibrate=null sound=null defaults=0x0 flags=0x0 color=0x00000000 vis=PRIVATE)) userId: 0
06-15 14:48:03.426 802 1224 V Avrcp : onPlaybackStateChanged: state PlaybackState {state=3, position=42345, buffered position=0, speed=1.0, updated=368305275, actions=-1, custom actions=[], active item id=-1, error=null}
06-15 14:48:03.426 11322 11322 D NowPlayingListener: onPlaybackStateChanged: PlaybackState {state=3, position=42345, buffered position=0, speed=1.0, updated=368305275, actions=-1, custom actions=[], active item id=-1, error=null}
06-15 14:48:03.426 11322 11322 D NowPlayingManager: onClientPlaybackStateUpdate() called with: state = [3], stateChangeTimeMs = [368305275], currentPosMs = [42345]
06-15 14:48:03.426 11322 11322 D NowPlayingManager: onClientPlaybackStateUpdate: Skipped update, state: 3 was unchanged
06-15 14:48:03.428 11322 11322 D NowPlayingManager: onMediaDataUpdated() called with: mediaData = [com.google.android.tvrecommendations.NowPlayingData@15e8245]
06-15 14:48:03.435 11322 11322 D TVNotifService: onTVNotificationPosted StatusBarNotification(pkg=com.google.android.tvrecommendations user=UserHandle{0} id=4321 tag=Notification.NowPlaying key=0|com.google.android.tvrecommendations|4321|Notification.NowPlaying|10087: Notification(channel=now_playing pri=0 contentView=null vibrate=null sound=null defaults=0x0 flags=0x0 color=0x00000000 vis=PRIVATE)) userId: 0
06-15 14:48:03.910 802 1224 V Avrcp : MSG_UPDATE_MEDIA
06-15 14:48:03.911 802 1224 V Avrcp : updatePlaybackState (1): -1Ô×í1(PlaybackState {state=3, position=16096, buffered position=0, speed=1.0, updated=368305760, actions=-1, custom actions=[], active item id=-1, error=null})
06-15 14:48:03.912 802 1224 V Avrcp : Media update: id -1Ô×í-1? [MediaAttributes: DÔï»n - by (16096 0/0) ]
06-15 14:48:03.912 802 1224 D Avrcp : sendPlayPosNotificationRsp: Not registered or requesting.
06-15 14:48:03.943 802 1224 V Avrcp : onPlaybackStateChanged: state PlaybackState {state=3, position=42671, buffered position=0, speed=1.0, updated=368305792, actions=-1, custom actions=[], active item id=-1, error=null}
06-15 14:48:03.943 11322 11322 D NowPlayingListener: onPlaybackStateChanged: PlaybackState {state=3, position=42671, buffered position=0, speed=1.0, updated=368305792, actions=-1, custom actions=[], active item id=-1, error=null}
