06-15 14:46:57.000 22018 22038 V Kodi : process_input: Failure reading next input event: Try again
06-15 14:46:57.000 22018 22038 V Kodi : CAndroidKey: key down (dev:3; src:769; code: 22; repeat: 0; flags: 0x8; alt: no; shift: no; sym: no)
06-15 14:46:57.165 700 761 D WindowManager: handleComboKeys keyCode: 22, keyAction: 1
06-15 14:46:57.166 22018 22038 V Kodi : process_input: Failure reading next input event: Try again
06-15 14:46:57.167 22018 22038 V Kodi : CAndroidKey: key up (dev:3; src:769; code: 22; repeat: 0; flags: 0x8; alt: no; shift: no; sym: no)
06-15 14:46:57.229 11322 11322 D NowPlayingListener: onPlaybackStateChanged: PlaybackState {state=3, position=18895, buffered position=0, speed=1.0, updated=368239078, actions=-1, custom actions=[], active item id=-1, error=null}
06-15 14:46:57.230 11322 11322 D NowPlayingManager: onClientPlaybackStateUpdate() called with: state = [3], stateChangeTimeMs = [368239078], currentPosMs = [18895]
06-15 14:46:57.230 11322 11322 D NowPlayingManager: onClientPlaybackStateUpdate: Skipped update, state: 3 was unchanged
06-15 14:46:57.230 802 1224 V Avrcp : onPlaybackStateChanged: state PlaybackState {state=3, position=18895, buffered position=0, speed=1.0, updated=368239078, actions=-1, custom actions=[], active item id=-1, error=null}
06-15 14:46:57.232 11322 11322 D NowPlayingManager: onMediaDataUpdated() called with: mediaData = [com.google.android.tvrecommendations.NowPlayingData@5ad48bf]
06-15 14:46:57.239 11322 11322 D TVNotifService: onTVNotificationPosted StatusBarNotification(pkg=com.google.android.tvrecommendations user=UserHandle{0} id=4321 tag=Notification.NowPlaying key=0|com.google.android.tvrecommendations|4321|Notification.NowPlaying|10087: Notification(channel=now_playing pri=0 contentView=null vibrate=null sound=null defaults=0x0 flags=0x0 color=0x00000000 vis=PRIVATE)) userId: 0
06-15 14:46:57.714 802 1224 V Avrcp : MSG_UPDATE_MEDIA
06-15 14:46:57.715 802 1224 V Avrcp : updatePlaybackState (1): -1Ô×í1(PlaybackState {state=3, position=0, buffered position=0, speed=1.0, updated=368239564, actions=-1, custom actions=[], active item id=-1, error=null})
06-15 14:46:57.715 802 1224 V Avrcp : Media update: id -1Ô×í-1? [MediaAttributes: ZÔï»n - by (0 0/0) ]
06-15 14:46:57.715 802 1224 D Avrcp : sendPlayPosNotificationRsp: Not registered or requesting.
06-15 14:46:57.746 11322 11322 D NowPlayingListener: onPlaybackStateChanged: PlaybackState {state=3, position=18895, buffered position=0, speed=1.0, updated=368239595, actions=-1, custom actions=[], active item id=-1, error=null}
06-15 14:46:57.746 802 1224 V Avrcp : onPlaybackStateChanged: state PlaybackState {state=3, position=18895, buffered position=0, speed=1.0, updated=368239595, actions=-1, custom actions=[], active item id=-1, error=null}
06-15 14:46:57.746 11322 11322 D NowPlayingManager: onClientPlaybackStateUpdate() called with: state = [3], stateChangeTimeMs = [368239595], currentPosMs = [18895]
06-15 14:46:57.746 11322 11322 D NowPlayingManager: onClientPlaybackStateUpdate: Skipped update, state: 3 was unchanged
06-15 14:46:57.748 11322 11322 D NowPlayingManager: onMediaDataUpdated() called with: mediaData = [com.google.android.tvrecommendations.NowPlayingData@c8fd2d5]
06-15 14:46:57.756 11322 11322 D TVNotifService: onTVNotificationPosted StatusBarNotification(pkg=com.google.android.tvrecommendations user=UserHandle{0} id=4321 tag=Notification.NowPlaying key=0|com.google.android.tvrecommendations|4321|Notification.NowPlaying|10087: Notification(channel=now_playing pri=0 contentView=null vibrate=null sound=null defaults=0x0 flags=0x0 color=0x00000000 vis=PRIVATE)) userId: 0
06-15 14:46:57.820 700 761 D WindowManager: handleComboKeys keyCode: 66, keyAction: 0
06-15 14:46:57.821 22018 22038 V Kodi : process_input: Failure reading next input event: Try again
06-15 14:46:57.822 22018 22038 V Kodi : CAndroidKey: key down (dev:3; src:769; code: 66; repeat: 0; flags: 0x8; alt: no; shift: no; sym: no)
06-15 14:46:57.988 700 761 D WindowManager: handleComboKeys keyCode: 66, keyAction: 1
06-15 14:46:57.989 22018 22038 V Kodi : process_input: Failure reading next input event: Try again
06-15 14:46:57.989 22018 22038 V Kodi : CAndroidKey: key up (dev:3; src:769; code: 66; repeat: 0; flags: 0x8; alt: no; shift: no; sym: no)
06-15 14:46:58.247 11322 11322 D NowPlayingListener: onPlaybackStateChanged: PlaybackState {state=3, position=18895, buffered position=0, speed=1.0, updated=368240096, actions=-1, custom actions=[], active item id=-1, error=null}
06-15 14:46:58.247 11322 11322 D NowPlayingManager: onClientPlaybackStateUpdate() called with: state = [3], stateChangeTimeMs = [368240096], currentPosMs = [18895]
06-15 14:46:58.247 11322 11322 D NowPlayingManager: onClientPlaybackStateUpdate: Skipped update, state: 3 was unchanged
06-15 14:46:58.247 802 1224 V Avrcp : onPlaybackStateChanged: state PlaybackState {state=3, position=18895, buffered position=0, speed=1.0, updated=368240096, actions=-1, custom actions=[], active item id=-1, error=null}
06-15 14:46:58.248 11322 11322 D NowPlayingManager: onMediaDataUpdated() called with: mediaData = [com.google.android.tvrecommendations.NowPlayingData@477b1db]
06-15 14:46:58.257 11322 11322 D TVNotifService: onTVNotificationPosted StatusBarNotification(pkg=com.google.android.tvrecommendations user=UserHandle{0} id=4321 tag=Notification.NowPlaying key=0|com.google.android.tvrecommendations|4321|Notification.NowPlaying|10087: Notification(channel=now_playing pri=0 contentView=null vibrate=null sound=null defaults=0x0 flags=0x0 color=0x00000000 vis=PRIVATE)) userId: 0
06-15 14:46:58.746 802 1224 V Avrcp : MSG_UPDATE_MEDIA
06-15 14:46:58.747 802 1224 V Avrcp : updatePlaybackState (1): -1Ô×í1(PlaybackState {state=3, position=0, buffered position=0, speed=1.0, updated=368240596, actions=-1, custom actions=[], active item id=-1, error=null})
06-15 14:46:58.747 802 1224 V Avrcp : Media update: id -1Ô×í-1? [MediaAttributes: ZÔï»n - by (0 0/0) ]
06-15 14:46:58.748 802 1224 D Avrcp : sendPlayPosNotificationRsp: Not registered or requesting.
06-15 14:46:58.754 802 1224 V Avrcp : onPlaybackStateChanged: state PlaybackState {state=3, position=18895, buffered position=0, speed=1.0, updated=368240603, actions=-1, custom actions=[], active item id=-1, error=null}
06-15 14:46:58.754 11322 11322 D NowPlayingListener: onPlaybackStateChanged: PlaybackState {state=3, position=18895, buffered position=0, speed=1.0, updated=368240603, actions=-1, custom actions=[], active item id=-1, error=null}
06-15 14:46:58.754 11322 11322 D NowPlayingManager: onClientPlaybackStateUpdate() called with: state = [3], stateChangeTimeMs = [368240603], currentPosMs = [18895]
06-15 14:46:58.754 11322 11322 D NowPlayingManager: onClientPlaybackStateUpdate: Skipped update, state: 3 was unchanged
06-15 14:46:58.758 11322 11322 D NowPlayingManager: onMediaDataUpdated() called with: mediaData = [com.google.android.tvrecommendations.NowPlayingData@c87c751]
06-15 14:46:58.768 11322 11322 D TVNotifService: onTVNotificationPosted StatusBarNotification(pkg=com.google.android.tvrecommendations user=UserHandle{0} id=4321 tag=Notification.NowPlaying key=0|com.google.android.tvrecommendations|4321|Notification.NowPlaying|10087: Notification(channel=now_playing pri=0 contentView=null vibrate=null sound=null defaults=0x0 flags=0x0 color=0x00000000 vis=PRIVATE)) userId: 0
06-15 14:46:59.266 11322 11322 D NowPlayingListener: onPlaybackStateChanged: PlaybackState {state=3, position=18895, buffered position=0, speed=1.0, updated=368241115, actions=-1, custom actions=[], active item id=-1, error=null}
06-15 14:46:59.266 11322 11322 D NowPlayingManager: onClientPlaybackStateUpdate() called with: state = [3], stateChangeTimeMs = [368241115], currentPosMs = [18895]
06-15 14:46:59.266 11322 11322 D NowPlayingManager: onClientPlaybackStateUpdate: Skipped update, state: 3 was unchanged
06-15 14:46:59.267 802 1224 V Avrcp : onPlaybackStateChanged: state PlaybackState {state=3, position=18895, buffered position=0, speed=1.0, updated=368241115, actions=-1, custom actions=[], active item id=-1, error=null}
06-15 14:46:59.269 11322 11322 D NowPlayingManager: onMediaDataUpdated() called with: mediaData = [com.google.android.tvrecommendations.NowPlayingData@8b590b7]
06-15 14:46:59.279 11322 11322 D TVNotifService: onTVNotificationPosted StatusBarNotification(pkg=com.google.android.tvrecommendations user=UserHandle{0} id=4321 tag=Notification.NowPlaying key=0|com.google.android.tvrecommendations|4321|Notification.NowPlaying|10087: Notification(channel=now_playing pri=0 contentView=null vibrate=null sound=null defaults=0x0 flags=0x0 color=0x00000000 vis=PRIVATE)) userId: 0
06-15 14:46:59.528 700 761 D WindowManager: handleComboKeys keyCode: 20, keyAction: 0
06-15 14:46:59.530 22018 22038 V Kodi : process_input: Failure reading next input event: Try again
06-15 14:46:59.530 22018 22038 V Kodi : CAndroidKey: key down (dev:3; src:769; code: 20; repeat: 0; flags: 0x8; alt: no; shift: no; sym: no)
06-15 14:46:59.724 700 761 D WindowManager: handleComboKeys keyCode: 20, keyAction: 1
06-15 14:46:59.725 22018 22038 V Kodi : process_input: Failure reading next input event: Try again
06-15 14:46:59.725 22018 22038 V Kodi : CAndroidKey: key up (dev:3; src:769; code: 20; repeat: 0; flags: 0x8; alt: no; shift: no; sym: no)
06-15 14:46:59.755 802 1224 V Avrcp : MSG_UPDATE_MEDIA
06-15 14:46:59.755 802 1224 V Avrcp : updatePlaybackState (1): -1Ô×í1(PlaybackState {state=3, position=0, buffered position=0, speed=1.0, updated=368241605, actions=-1, custom actions=[], active item id=-1, error=null})
06-15 14:46:59.756 802 1224 V Avrcp : Media update: id -1Ô×í-1? [MediaAttributes: ZÔï»n - by (0 0/0) ]
06-15 14:46:59.756 802 1224 D Avrcp : sendPlayPosNotificationRsp: Not registered or requesting.
06-15 14:46:59.781 11322 11322 D NowPlayingListener: onPlaybackStateChanged: PlaybackState {state=3, position=18895, buffered position=0, speed=1.0, updated=368241629, actions=-1, custom actions=[], active item id=-1, error=null}
06-15 14:46:59.781 11322 11322 D NowPlayingManager: onClientPlaybackStateUpdate() called with: state = [3], stateChangeTimeMs = [368241629], currentPosMs = [18895]
06-15 14:46:59.781 11322 11322 D NowPlayingManager: onClientPlaybackStateUpdate: Skipped update, state: 3 was unchanged
06-15 14:46:59.781 802 1224 V Avrcp : onPlaybackStateChanged: state PlaybackState {state=3, position=18895, buffered position=0, speed=1.0, updated=368241629, actions=-1, custom actions=[], active item id=-1, error=null}
06-15 14:46:59.782 11322 11322 D NowPlayingManager: onMediaDataUpdated() called with: mediaData = [com.google.android.tvrecommendations.NowPlayingData@130878d]
06-15 14:46:59.801 11322 11322 D TVNotifService: onTVNotificationPosted StatusBarNotification(pkg=com.google.android.tvrecommendations user=UserHandle{0} id=4321 tag=Notification.NowPlaying key=0|com.google.android.tvrecommendations|4321|Notification.NowPlaying|10087: Notification(channel=now_playing pri=0 contentView=null vibrate=null sound=null defaults=0x0 flags=0x0 color=0x00000000 vis=PRIVATE)) userId: 0
06-15 14:47:00.224 700 761 D WindowManager: handleComboKeys keyCode: 20, keyAction: 0
06-15 14:47:00.225 22018 22038 V Kodi : process_input: Failure reading next input event: Try again
06-15 14:47:00.226 22018 22038 V Kodi : CAndroidKey: key down (dev:3; src:769; code: 20; repeat: 0; flags: 0x8; alt: no; shift: no; sym: no)
06-15 14:47:00.298 802 1224 V Avrcp : onPlaybackStateChanged: state PlaybackState {state=3, position=18895, buffered position=0, speed=1.0, updated=368242146, actions=-1, custom actions=[], active item id=-1, error=null}
06-15 14:47:00.298 11322 11322 D NowPlayingListener: onPlaybackStateChanged: PlaybackState {state=3, position=18895, buffered position=0, speed=1.0, updated=368242146, actions=-1, custom actions=[], active item id=-1, error=null}
06-15 14:47:00.298 11322 11322 D NowPlayingManager: onClientPlaybackStateUpdate() called with: state = [3], stateChangeTimeMs = [368242146], currentPosMs = [18895]
06-15 14:47:00.298 11322 11322 D NowPlayingManager: onClientPlaybackStateUpdate: Skipped update, state: 3 was unchanged
06-15 14:47:00.299 11322 11322 D NowPlayingManager: onMediaDataUpdated() called with: mediaData = [com.google.android.tvrecommendations.NowPlayingData@3888153]
06-15 14:47:00.308 11322 11322 D TVNotifService: onTVNotificationPosted StatusBarNotification(pkg=com.google.android.tvrecommendations user=UserHandle{0} id=4321 tag=Notification.NowPlaying key=0|com.google.android.tvrecommendations|4321|Notification.NowPlaying|10087: Notification(channel=now_playing pri=0 contentView=null vibrate=null sound=null defaults=0x0 flags=0x0 color=0x00000000 vis=PRIVATE)) userId: 0
06-15 14:47:00.465 700 761 D WindowManager: handleComboKeys keyCode: 20, keyAction: 1
06-15 14:47:00.466 22018 22038 V Kodi : process_input: Failure reading next input event: Try again
06-15 14:47:00.467 22018 22038 V Kodi : CAndroidKey: key up (dev:3; src:769; code: 20; repeat: 0; flags: 0x8; alt: no; shift: no; sym: no)
06-15 14:47:00.781 802 1224 V Avrcp : MSG_UPDATE_MEDIA
06-15 14:47:00.782 802 1224 V Avrcp : updatePlaybackState (1): -1Ô×í1(PlaybackState {state=3, position=0, buffered position=0, speed=1.0, updated=368242631, actions=-1, custom actions=[], active item id=-1, error=null})
06-15 14:47:00.783 802 1224 V Avrcp : Media update: id -1Ô×í-1? [MediaAttributes: ZÔï»n - by (0 0/0) ]
06-15 14:47:00.783 802 1224 D Avrcp : sendPlayPosNotificationRsp: Not registered or requesting.
06-15 14:47:00.800 802 1224 V Avrcp : onPlaybackStateChanged: state PlaybackState {state=3, position=18895, buffered position=0, speed=1.0, updated=368242648, actions=-1, custom actions=[], active item id=-1, error=null}
06-15 14:47:00.800 11322 11322 D NowPlayingListener: onPlaybackStateChanged: PlaybackState {state=3, position=18895, buffered position=0, speed=1.0, updated=368242648, actions=-1, custom actions=[], active item id=-1, error=null}
06-15 14:47:00.800 11322 11322 D NowPlayingManager: onClientPlaybackStateUpdate() called with: state = [3], stateChangeTimeMs = [368242648], currentPosMs = [18895]
06-15 14:47:00.800 11322 11322 D NowPlayingManager: onClientPlaybackStateUpdate: Skipped update, state: 3 was unchanged
06-15 14:47:00.802 11322 11322 D NowPlayingManager: onMediaDataUpdated() called with: mediaData = [com.google.android.tvrecommendations.NowPlayingData@12b0f89]
06-15 14:47:00.808 11322 11322 D TVNotifService: onTVNotificationPosted StatusBarNotification(pkg=com.google.android.tvrecommendations user=UserHandle{0} id=4321 tag=Notification.NowPlaying key=0|com.google.android.tvrecommendations|4321|Notification.NowPlaying|10087: Notification(channel=now_playing pri=0 contentView=null vibrate=null sound=null defaults=0x0 flags=0x0 color=0x00000000 vis=PRIVATE)) userId: 0
06-15 14:47:01.012 700 761 D WindowManager: handleComboKeys keyCode: 66, keyAction: 0
06-15 14:47:01.013 22018 22038 V Kodi : process_input: Failure reading next input event: Try again
06-15 14:47:01.014 22018 22038 V Kodi : CAndroidKey: key down (dev:3; src:769; code: 66; repeat: 0; flags: 0x8; alt: no; shift: no; sym: no)
06-15 14:47:01.170 700 761 D WindowManager: handleComboKeys keyCode: 66, keyAction: 1
06-15 14:47:01.171 22018 22038 V Kodi : process_input: Failure reading next input event: Try again
06-15 14:47:01.172 22018 22038 V Kodi : CAndroidKey: key up (dev:3; src:769; code: 66; repeat: 0; flags: 0x8; alt: no; shift: no; sym: no)
06-15 14:47:01.301 802 1224 V Avrcp : onPlaybackStateChanged: state PlaybackState {state=3, position=18895, buffered position=0, speed=1.0, updated=368243149, actions=-1, custom actions=[], active item id=-1, error=null}
06-15 14:47:01.301 11322 11322 D NowPlayingListener: onPlaybackStateChanged: PlaybackState {state=3, position=18895, buffered position=0, speed=1.0, updated=368243149, actions=-1, custom actions=[], active item id=-1, error=null}
06-15 14:47:01.301 11322 11322 D NowPlayingManager: onClientPlaybackStateUpdate() called with: state = [3], stateChangeTimeMs = [368243149], currentPosMs = [18895]
06-15 14:47:01.301 11322 11322 D NowPlayingManager: onClientPlaybackStateUpdate: Skipped update, state: 3 was unchanged
06-15 14:47:01.303 11322 11322 D NowPlayingManager: onMediaDataUpdated() called with: mediaData = [com.google.android.tvrecommendations.NowPlayingData@c8fdfaf]
06-15 14:47:01.312 11322 11322 D TVNotifService: onTVNotificationPosted StatusBarNotification(pkg=com.google.android.tvrecommendations user=UserHandle{0} id=4321 tag=Notification.NowPlaying key=0|com.google.android.tvrecommendations|4321|Notification.NowPlaying|10087: Notification(channel=now_playing pri=0 contentView=null vibrate=null sound=null defaults=0x0 flags=0x0 color=0x00000000 vis=PRIVATE)) userId: 0
06-15 14:47:01.800 802 1224 V Avrcp : MSG_UPDATE_MEDIA
06-15 14:47:01.800 802 1224 V Avrcp : updatePlaybackState (1): -1Ô×í1(PlaybackState {state=3, position=0, buffered position=0, speed=1.0, updated=368243650, actions=-1, custom actions=[], active item id=-1, error=null})
06-15 14:47:01.801 802 1224 V Avrcp : Media update: id -1Ô×í-1? [MediaAttributes: ZÔï»n - by (0 0/0) ]
06-15 14:47:01.801 802 1224 D Avrcp : sendPlayPosNotificationRsp: Not registered or requesting.
06-15 14:47:01.815 802 1224 V Avrcp : onPlaybackStateChanged: state PlaybackState {state=3, position=18895, buffered position=0, speed=1.0, updated=368243664, actions=-1, custom actions=[], active item id=-1, error=null}
06-15 14:47:01.815 11322 11322 D NowPlayingListener: onPlaybackStateChanged: PlaybackState {state=3, position=18895, buffered position=0, speed=1.0, updated=368243664, actions=-1, custom actions=[], active item id=-1, error=null}
06-15 14:47:01.815 11322 11322 D NowPlayingManager: onClientPlaybackStateUpdate() called with: state = [3], stateChangeTimeMs = [368243664], currentPosMs = [18895]
06-15 14:47:01.815 11322 11322 D NowPlayingManager: onClientPlaybackStateUpdate: Skipped update, state: 3 was unchanged
06-15 14:47:01.817 11322 11322 D NowPlayingManager: onMediaDataUpdated() called with: mediaData = [com.google.android.tvrecommendations.NowPlayingData@22c1b45]
06-15 14:47:01.825 11322 11322 D TVNotifService: onTVNotificationPosted StatusBarNotification(pkg=com.google.android.tvrecommendations user=UserHandle{0} id=4321 tag=Notification.NowPlaying key=0|com.google.android.tvrecommendations|4321|Notification.NowPlaying|10087: Notification(channel=now_playing pri=0 contentView=null vibrate=null sound=null defaults=0x0 flags=0x0 color=0x00000000 vis=PRIVATE)) userId: 0
06-15 14:47:02.333 11322 11322 D NowPlayingListener: onPlaybackStateChanged: PlaybackState {state=3, position=18895, buffered position=0, speed=1.0, updated=368244182, actions=-1, custom actions=[], active item id=-1, error=null}
06-15 14:47:02.334 802 1224 V Avrcp : onPlaybackStateChanged: state PlaybackState {state=3, position=18895, buffered position=0, speed=1.0, updated=368244182, actions=-1, custom actions=[], active item id=-1, error=null}
06-15 14:47:02.334 11322 11322 D NowPlayingManager: onClientPlaybackStateUpdate() called with: state = [3], stateChangeTimeMs = [368244182], currentPosMs = [18895]
06-15 14:47:02.334 11322 11322 D NowPlayingManager: onClientPlaybackStateUpdate: Skipped update, state: 3 was unchanged
06-15 14:47:02.335 11322 11322 D NowPlayingManager: onMediaDataUpdated() called with: mediaData = [com.google.android.tvrecommendations.NowPlayingData@c04c7cb]
06-15 14:47:02.347 11322 11322 D TVNotifService: onTVNotificationPosted StatusBarNotification(pkg=com.google.android.tvrecommendations user=UserHandle{0} id=4321 tag=Notification.NowPlaying key=0|com.google.android.tvrecommendations|4321|Notification.NowPlaying|10087: Notification(channel=now_playing pri=0 contentView=null vibrate=null sound=null defaults=0x0 flags=0x0 color=0x00000000 vis=PRIVATE)) userId: 0
06-15 14:47:02.816 802 1224 V Avrcp : MSG_UPDATE_MEDIA
06-15 14:47:02.817 802 1224 V Avrcp : updatePlaybackState (1): -1Ô×í1(PlaybackState {state=3, position=0, buffered position=0, speed=1.0, updated=368244666, actions=-1, custom actions=[], active item id=-1, error=null})
06-15 14:47:02.817 802 1224 V Avrcp : Media update: id -1Ô×í-1? [MediaAttributes: ZÔï»n - by (0 0/0) ]
06-15 14:47:02.817 802 1224 D Avrcp : sendPlayPosNotificationRsp: Not registered or requesting.
06-15 14:47:02.848 802 1224 V Avrcp : onPlaybackStateChanged: state PlaybackState {state=3, position=18895, buffered position=0, speed=1.0, updated=368244697, actions=-1, custom actions=[], active item id=-1, error=null}
06-15 14:47:02.848 11322 11322 D NowPlayingListener: onPlaybackStateChanged: PlaybackState {state=3, position=18895, buffered position=0, speed=1.0, updated=368244697, actions=-1, custom actions=[], active item id=-1, error=null}
06-15 14:47:02.848 11322 11322 D NowPlayingManager: onClientPlaybackStateUpdate() called with: state = [3], stateChangeTimeMs = [368244697], currentPosMs = [18895]
06-15 14:47:02.848 11322 11322 D NowPlayingManager: onClientPlaybackStateUpdate: Skipped update, state: 3 was unchanged
06-15 14:47:02.850 11322 11322 D NowPlayingManager: onMediaDataUpdated() called with: mediaData = [com.google.android.tvrecommendations.NowPlayingData@67826c1]
06-15 14:47:02.858 11322 11322 D TVNotifService: onTVNotificationPosted StatusBarNotification(pkg=com.google.android.tvrecommendations user=UserHandle{0} id=4321 tag=Notification.NowPlaying key=0|com.google.android.tvrecommendations|4321|Notification.NowPlaying|10087: Notification(channel=now_playing pri=0 contentView=null vibrate=null sound=null defaults=0x0 flags=0x0 color=0x00000000 vis=PRIVATE)) userId: 0
06-15 14:47:02.886 2623 2623 I chromium: [2623:2623:INFO:metrics_recorder.cc(89)] Metrics stat: total=2
06-15 14:47:02.886 2623 2623 I chromium: Cast.Discovery.Mdns.ResponderPing=1
06-15 14:47:02.886 2623 2623 I chromium: Cast.Discovery.Mdns.SocketPing=2
06-15 14:47:03.349 802 1224 V Avrcp : onPlaybackStateChanged: state PlaybackState {state=3, position=18895, buffered position=0, speed=1.0, updated=368245198, actions=-1, custom actions=[], active item id=-1, error=null}
06-15 14:47:03.349 11322 11322 D NowPlayingListener: onPlaybackStateChanged: PlaybackState {state=3, position=18895, buffered position=0, speed=1.0, updated=368245198, actions=-1, custom actions=[], active item id=-1, error=null}
06-15 14:47:03.349 11322 11322 D NowPlayingManager: onClientPlaybackStateUpdate() called with: state = [3], stateChangeTimeMs = [368245198], currentPosMs = [18895]
06-15 14:47:03.349 11322 11322 D NowPlayingManager: onClientPlaybackStateUpdate: Skipped update, state: 3 was unchanged
06-15 14:47:03.351 11322 11322 D NowPlayingManager: onMediaDataUpdated() called with: mediaData = [com.google.android.tvrecommendations.NowPlayingData@a9615a7]
06-15 14:47:03.358 11322 11322 D TVNotifService: onTVNotificationPosted StatusBarNotification(pkg=com.google.android.tvrecommendations user=UserHandle{0} id=4321 tag=Notification.NowPlaying key=0|com.google.android.tvrecommendations|4321|Notification.NowPlaying|10087: Notification(channel=now_playing pri=0 contentView=null vibrate=null sound=null defaults=0x0 flags=0x0 color=0x00000000 vis=PRIVATE)) userId: 0
06-15 14:47:03.849 802 1224 V Avrcp : MSG_UPDATE_MEDIA
06-15 14:47:03.849 802 1224 V Avrcp : updatePlaybackState (1): -1Ô×í1(PlaybackState {state=3, position=0, buffered position=0, speed=1.0, updated=368245699, actions=-1, custom actions=[], active item id=-1, error=null})
06-15 14:47:03.850 802 1224 V Avrcp : Media update: id -1Ô×í-1? [MediaAttributes: ZÔï»n - by (0 0/0) ]
06-15 14:47:03.850 802 1224 D Avrcp : sendPlayPosNotificationRsp: Not registered or requesting.
06-15 14:47:03.865 802 1224 V Avrcp : onPlaybackStateChanged: state PlaybackState {state=3, position=19472, buffered position=0, speed=1.0, updated=368245714, actions=-1, custom actions=[], active item id=-1, error=null}
06-15 14:47:03.866 11322 11322 D NowPlayingListener: onPlaybackStateChanged: PlaybackState {state=3, position=19472, buffered position=0, speed=1.0, updated=368245714, actions=-1, custom actions=[], active item id=-1, error=null}
06-15 14:47:03.866 11322 11322 D NowPlayingManager: onClientPlaybackStateUpdate() called with: state = [3], stateChangeTimeMs = [368245714], currentPosMs = [19472]
06-15 14:47:03.866 11322 11322 D NowPlayingManager: onClientPlaybackStateUpdate: Skipped update, state: 3 was unchanged
06-15 14:47:03.867 11322 11322 D NowPlayingManager: onMediaDataUpdated() called with: mediaData = [com.google.android.tvrecommendations.NowPlayingData@61f6dfd]
06-15 14:47:03.878 11322 11322 D TVNotifService: onTVNotificationPosted StatusBarNotification(pkg=com.google.android.tvrecommendations user=UserHandle{0} id=4321 tag=Notification.NowPlaying key=0|com.google.android.tvrecommendations|4321|Notification.NowPlaying|10087: Notification(channel=now_playing pri=0 contentView=null vibrate=null sound=null defaults=0x0 flags=0x0 color=0x00000000 vis=PRIVATE)) userId: 0
06-15 14:47:04.296 700 761 D WindowManager: handleComboKeys keyCode: 111, keyAction: 0
06-15 14:47:04.297 22018 22038 V Kodi : process_input: Failure reading next input event: Try again
06-15 14:47:04.298 22018 22038 V Kodi : CAndroidKey: key down (dev:3; src:769; code: 111; repeat: 0; flags: 0x8; alt: no; shift: no; sym: no)
06-15 14:47:04.368 11322 11322 D NowPlayingListener: onPlaybackStateChanged: PlaybackState {state=3, position=19887, buffered position=0, speed=1.0, updated=368246217, actions=-1, custom actions=[], active item id=-1, error=null}
06-15 14:47:04.368 11322 11322 D NowPlayingManager: onClientPlaybackStateUpdate() called with: state = [3], stateChangeTimeMs = [368246217], currentPosMs = [19887]
06-15 14:47:04.368 11322 11322 D NowPlayingManager: onClientPlaybackStateUpdate: Skipped update, state: 3 was unchanged
06-15 14:47:04.368 802 1224 V Avrcp : onPlaybackStateChanged: state PlaybackState {state=3, position=19887, buffered position=0, speed=1.0, updated=368246217, actions=-1, custom actions=[], active item id=-1, error=null}
06-15 14:47:04.368 11322 11322 D NowPlayingManager: onClientPlaybackStateUpdate: Skipped update, state: 3 was unchanged
06-15 14:47:04.370 11322 11322 D NowPlayingManager: onMediaDataUpdated() called with: mediaData = [com.google.android.tvrecommendations.NowPlayingData@3046543]
06-15 14:47:04.382 11322 11322 D TVNotifService: onTVNotificationPosted StatusBarNotification(pkg=com.google.android.tvrecommendations user=UserHandle{0} id=4321 tag=Notification.NowPlaying key=0|com.google.android.tvrecommendations|4321|Notification.NowPlaying|10087: Notification(channel=now_playing pri=0 contentView=null vibrate=null sound=null defaults=0x0 flags=0x0 color=0x00000000 vis=PRIVATE)) userId: 0
06-15 14:47:04.470 700 761 D WindowManager: handleComboKeys keyCode: 111, keyAction: 1
06-15 14:47:04.471 22018 22038 V Kodi : process_input: Failure reading next input event: Try again
06-15 14:47:04.471 22018 22038 V Kodi : CAndroidKey: key up (dev:3; src:769; code: 111; repeat: 0; flags: 0x8; alt: no; shift: no; sym: no)
06-15 14:47:04.866 802 1224 V Avrcp : MSG_UPDATE_MEDIA
06-15 14:47:04.866 802 1224 V Avrcp : updatePlaybackState (1): -1Ô×í1(PlaybackState {state=3, position=0, buffered position=0, speed=1.0, updated=368246716, actions=-1, custom actions=[], active item id=-1, error=null})
06-15 14:47:04.867 802 1224 V Avrcp : Media update: id -1Ô×í-1? [MediaAttributes: ZÔï»n - by (0 0/0) ]
06-15 14:47:04.867 802 1224 D Avrcp : sendPlayPosNotificationRsp: Not registered or requesting.
06-15 14:47:04.881 11322 11322 D NowPlayingListener: onPlaybackStateChanged: PlaybackState {state=3, position=20401, buffered position=0, speed=1.0, updated=368246730, actions=-1, custom actions=[], active item id=-1, error=null}
06-15 14:47:04.881 11322 11322 D NowPlayingManager: onClientPlaybackStateUpdate() called with: state = [3], stateChangeTimeMs = [368246730], currentPosMs = [20401]
06-15 14:47:04.881 11322 11322 D NowPlayingManager: onClientPlaybackStateUpdate: Skipped update, state: 3 was unchanged
06-15 14:47:04.881 802 1224 V Avrcp : onPlaybackStateChanged: state PlaybackState {state=3, position=20401, buffered position=0, speed=1.0, updated=368246730, actions=-1, custom actions=[], active item id=-1, error=null}
06-15 14:47:04.884 11322 11322 D NowPlayingManager: onMediaDataUpdated() called with: mediaData = [com.google.android.tvrecommendations.NowPlayingData@ff9ecf9]
06-15 14:47:04.891 11322 11322 D TVNotifService: onTVNotificationPosted StatusBarNotification(pkg=com.google.android.tvrecommendations user=UserHandle{0} id=4321 tag=Notification.NowPlaying key=0|com.google.android.tvrecommendations|4321|Notification.NowPlaying|10087: Notification(channel=now_playing pri=0 contentView=null vibrate=null sound=null defaults=0x0 flags=0x0 color=0x00000000 vis=PRIVATE)) userId: 0
06-15 14:47:05.400 11322 11322 D NowPlayingListener: onPlaybackStateChanged: PlaybackState {state=3, position=20946, buffered position=0, speed=1.0, updated=368247249, actions=-1, custom actions=[], active item id=-1, error=null}
06-15 14:47:05.400 11322 11322 D NowPlayingManager: onClientPlaybackStateUpdate() called with: state = [3], stateChangeTimeMs = [368247249], currentPosMs = [20946]
06-15 14:47:05.400 11322 11322 D NowPlayingManager: onClientPlaybackStateUpdate: Skipped update, state: 3 was unchanged
06-15 14:47:05.400 802 1224 V Avrcp : onPlaybackStateChanged: state PlaybackState {state=3, position=20946, buffered position=0, speed=1.0, updated=368247249, actions=-1, custom actions=[], active item id=-1, error=null}
06-15 14:47:05.402 11322 11322 D NowPlayingManager: onMediaDataUpdated() called with: mediaData = [com.google.android.tvrecommendations.NowPlayingData@17e129f]
06-15 14:47:05.411 11322 11322 D TVNotifService: onTVNotificationPosted StatusBarNotification(pkg=com.google.android.tvrecommendations user=UserHandle{0} id=4321 tag=Notification.NowPlaying key=0|com.google.android.tvrecommendations|4321|Notification.NowPlaying|10087: Notification(channel=now_playing pri=0 contentView=null vibrate=null sound=null defaults=0x0 flags=0x0 color=0x00000000 vis=PRIVATE)) userId: 0
06-15 14:47:05.756 700 761 D WindowManager: handleComboKeys keyCode: 111, keyAction: 0
06-15 14:47:05.757 22018 22038 V Kodi : process_input: Failure reading next input event: Try again
06-15 14:47:05.758 22018 22038 V Kodi : CAndroidKey: key down (dev:3; src:769; code: 111; repeat: 0; flags: 0x8; alt: no; shift: no; sym: no)
06-15 14:47:05.882 802 1224 V Avrcp : MSG_UPDATE_MEDIA
06-15 14:47:05.883 802 1224 V Avrcp : updatePlaybackState (1): -1Ô×í1(PlaybackState {state=3, position=0, buffered position=0, speed=1.0, updated=368247732, actions=-1, custom actions=[], active item id=-1, error=null})
06-15 14:47:05.884 802 1224 V Avrcp : Media update: id -1Ô×í-1? [MediaAttributes: ZÔï»n - by (0 0/0) ]
06-15 14:47:05.884 802 1224 D Avrcp : sendPlayPosNotificationRsp: Not registered or requesting.
06-15 14:47:05.902 11322 11322 D NowPlayingListener: onPlaybackStateChanged: PlaybackState {state=3, position=21434, buffered position=0, speed=1.0, updated=368247750, actions=-1, custom actions=[], active item id=-1, error=null}
06-15 14:47:05.902 802 1224 V Avrcp : onPlaybackStateChanged: state PlaybackState {state=3, position=21434, buffered position=0, speed=1.0, updated=368247750, actions=-1, custom actions=[], active item id=-1, error=null}
06-15 14:47:05.902 11322 11322 D NowPlayingManager: onClientPlaybackStateUpdate() called with: state = [3], stateChangeTimeMs = [368247750], currentPosMs = [21434]
06-15 14:47:05.902 11322 11322 D NowPlayingManager: onClientPlaybackStateUpdate: Skipped update, state: 3 was unchanged
06-15 14:47:05.903 11322 11322 D NowPlayingManager: onMediaDataUpdated() called with: mediaData = [com.google.android.tvrecommendations.NowPlayingData@e635fb5]
06-15 14:47:05.912 11322 11322 D TVNotifService: onTVNotificationPosted StatusBarNotification(pkg=com.google.android.tvrecommendations user=UserHandle{0} id=4321 tag=Notification.NowPlaying key=0|com.google.android.tvrecommendations|4321|Notification.NowPlaying|10087: Notification(channel=now_playing pri=0 contentView=null vibrate=null sound=null defaults=0x0 flags=0x0 color=0x00000000 vis=PRIVATE)) userId: 0
06-15 14:47:05.929 700 761 D WindowManager: handleComboKeys keyCode: 111, keyAction: 1
06-15 14:47:05.930 22018 22038 V Kodi : process_input: Failure reading next input event: Try again
06-15 14:47:05.931 22018 22038 V Kodi : CAndroidKey: key up (dev:3; src:769; code: 111; repeat: 0; flags: 0x8; alt: no; shift: no; sym: no)
06-15 14:47:06.415 11322 11322 D NowPlayingListener: onPlaybackStateChanged: PlaybackState {state=3, position=21888, buffered position=0, speed=1.0, updated=368248264, actions=-1, custom actions=[], active item id=-1, error=null}
06-15 14:47:06.416 802 1224 V Avrcp : onPlaybackStateChanged: state PlaybackState {state=3, position=21888, buffered position=0, speed=1.0, updated=368248264, actions=-1, custom actions=[], active item id=-1, error=null}
06-15 14:47:06.416 11322 11322 D NowPlayingManager: onClientPlaybackStateUpdate() called with: state = [3], stateChangeTimeMs = [368248264], currentPosMs = [21888]
06-15 14:47:06.416 11322 11322 D NowPlayingManager: onClientPlaybackStateUpdate: Skipped update, state: 3 was unchanged
06-15 14:47:06.417 11322 11322 D NowPlayingManager: onMediaDataUpdated() called with: mediaData = [com.google.android.tvrecommendations.NowPlayingData@cbb39bb]
06-15 14:47:06.425 11322 11322 D TVNotifService: onTVNotificationPosted StatusBarNotification(pkg=com.google.android.tvrecommendations user=UserHandle{0} id=4321 tag=Notification.NowPlaying key=0|com.google.android.tvrecommendations|4321|Notification.NowPlaying|10087: Notification(channel=now_playing pri=0 contentView=null vibrate=null sound=null defaults=0x0 flags=0x0 color=0x00000000 vis=PRIVATE)) userId: 0
06-15 14:47:06.902 802 1224 V Avrcp : MSG_UPDATE_MEDIA
06-15 14:47:06.903 802 1224 V Avrcp : updatePlaybackState (1): -1Ô×í1(PlaybackState {state=3, position=0, buffered position=0, speed=1.0, updated=368248752, actions=-1, custom actions=[], active item id=-1, error=null})
06-15 14:47:06.904 802 1224 V Avrcp : Media update: id -1Ô×í-1? [MediaAttributes: ZÔï»n - by (0 0/0) ]
06-15 14:47:06.904 802 1224 D Avrcp : sendPlayPosNotificationRsp: Not registered or requesting.
06-15 14:47:06.931 11322 11322 D NowPlayingListener: onPlaybackStateChanged: PlaybackState {state=3, position=22367, buffered position=0, speed=1.0, updated=368248780, actions=-1, custom actions=[], active item id=-1, error=null}
06-15 14:47:06.931 11322 11322 D NowPlayingManager: onClientPlaybackStateUpdate() called with: state = [3], stateChangeTimeMs = [368248780], currentPosMs = [22367]
06-15 14:47:06.931 11322 11322 D NowPlayingManager: onClientPlaybackStateUpdate: Skipped update, state: 3 was unchanged
06-15 14:47:06.931 802 1224 V Avrcp : onPlaybackStateChanged: state PlaybackState {state=3, position=22367, buffered position=0, speed=1.0, updated=368248780, actions=-1, custom actions=[], active item id=-1, error=null}
06-15 14:47:06.933 11322 11322 D NowPlayingManager: onMediaDataUpdated() called with: mediaData = [com.google.android.tvrecommendations.NowPlayingData@bb74231]
06-15 14:47:06.947 11322 11322 D TVNotifService: onTVNotificationPosted StatusBarNotification(pkg=com.google.android.tvrecommendations user=UserHandle{0} id=4321 tag=Notification.NowPlaying key=0|com.google.android.tvrecommendations|4321|Notification.NowPlaying|10087: Notification(channel=now_playing pri=0 contentView=null vibrate=null sound=null defaults=0x0 flags=0x0 color=0x00000000 vis=PRIVATE)) userId: 0
06-15 14:47:07.309 700 761 D WindowManager: handleComboKeys keyCode: 92, keyAction: 0
06-15 14:47:07.311 22018 22038 V Kodi : process_input: Failure reading next input event: Try again
06-15 14:47:07.312 22018 22038 V Kodi : CAndroidKey: key down (dev:3; src:769; code: 92; repeat: 0; flags: 0x8; alt: no; shift: no; sym: no)
06-15 14:47:07.447 11322 11322 D NowPlayingListener: onPlaybackStateChanged: PlaybackState {state=3, position=23077, buffered position=0, speed=1.0, updated=368249296, actions=-1, custom actions=[], active item id=-1, error=null}
06-15 14:47:07.447 11322 11322 D NowPlayingManager: onClientPlaybackStateUpdate() called with: state = [3], stateChangeTimeMs = [368249296], currentPosMs = [23077]
06-15 14:47:07.447 11322 11322 D NowPlayingManager: onClientPlaybackStateUpdate: Skipped update, state: 3 was unchanged
06-15 14:47:07.447 802 1224 V Avrcp : onPlaybackStateChanged: state PlaybackState {state=3, position=23077, buffered position=0, speed=1.0, updated=368249296, actions=-1, custom actions=[], active item id=-1, error=null}
06-15 14:47:07.449 11322 11322 D NowPlayingManager: onMediaDataUpdated() called with: mediaData = [com.google.android.tvrecommendations.NowPlayingData@4d9b697]
06-15 14:47:07.455 11322 11322 D TVNotifService: onTVNotificationPosted StatusBarNotification(pkg=com.google.android.tvrecommendations user=UserHandle{0} id=4321 tag=Notification.NowPlaying key=0|com.google.android.tvrecommendations|4321|Notification.NowPlaying|10087: Notification(channel=now_playing pri=0 contentView=null vibrate=null sound=null defaults=0x0 flags=0x0 color=0x00000000 vis=PRIVATE)) userId: 0
06-15 14:47:07.471 700 761 D WindowManager: handleComboKeys keyCode: 92, keyAction: 1
06-15 14:47:07.472 22018 22038 V Kodi : process_input: Failure reading next input event: Try again
06-15 14:47:07.472 22018 22038 V Kodi : CAndroidKey: key up (dev:3; src:769; code: 92; repeat: 0; flags: 0x8; alt: no; shift: no; sym: no)
06-15 14:47:07.932 802 1224 V Avrcp : MSG_UPDATE_MEDIA
06-15 14:47:07.932 802 1224 V Avrcp : updatePlaybackState (1): -1Ô×í1(PlaybackState {state=3, position=0, buffered position=0, speed=1.0, updated=368249782, actions=-1, custom actions=[], active item id=-1, error=null})
06-15 14:47:07.933 802 1224 V Avrcp : Media update: id -1Ô×í-1? [MediaAttributes: ZÔï»n - by (0 0/0) ]
06-15 14:47:07.933 802 1224 D Avrcp : sendPlayPosNotificationRsp: Not registered or requesting.
06-15 14:47:07.963 802 1224 V Avrcp : onPlaybackStateChanged: state PlaybackState {state=3, position=23581, buffered position=0, speed=1.0, updated=368249812, actions=-1, custom actions=[], active item id=-1, error=null}
06-15 14:47:07.963 11322 11322 D NowPlayingListener: onPlaybackStateChanged: PlaybackState {state=3, position=23581, buffered position=0, speed=1.0, updated=368249812, actions=-1, custom actions=[], active item id=-1, error=null}
06-15 14:47:07.963 11322 11322 D NowPlayingManager: onClientPlaybackStateUpdate() called with: state = [3], stateChangeTimeMs = [368249812], currentPosMs = [23581]
06-15 14:47:07.963 11322 11322 D NowPlayingManager: onClientPlaybackStateUpdate: Skipped update, state: 3 was unchanged
06-15 14:47:07.964 11322 11322 D NowPlayingManager: onMediaDataUpdated() called with: mediaData = [com.google.android.tvrecommendations.NowPlayingData@28cd06d]
06-15 14:47:07.971 11322 11322 D TVNotifService: onTVNotificationPosted StatusBarNotification(pkg=com.google.android.tvrecommendations user=UserHandle{0} id=4321 tag=Notification.NowPlaying key=0|com.google.android.tvrecommendations|4321|Notification.NowPlaying|10087: Notification(channel=now_playing pri=0 contentView=null vibrate=null sound=null defaults=0x0 flags=0x0 color=0x00000000 vis=PRIVATE)) userId: 0
06-15 14:47:08.481 11322 11322 D NowPlayingListener: onPlaybackStateChanged: PlaybackState {state=3, position=23869, buffered position=0, speed=1.0, updated=368250330, actions=-1, custom actions=[], active item id=-1, error=null}
06-15 14:47:08.481 11322 11322 D NowPlayingManager: onClientPlaybackStateUpdate() called with: state = [3], stateChangeTimeMs = [368250330], currentPosMs = [23869]
06-15 14:47:08.481 11322 11322 D NowPlayingManager: onClientPlaybackStateUpdate: Skipped update, state: 3 was unchanged
06-15 14:47:08.481 802 1224 V Avrcp : onPlaybackStateChanged: state PlaybackState {state=3, position=23869, buffered position=0, speed=1.0, updated=368250330, actions=-1, custom actions=[], active item id=-1, error=null}
06-15 14:47:08.483 11322 11322 D NowPlayingManager: onMediaDataUpdated() called with: mediaData = [com.google.android.tvrecommendations.NowPlayingData@3f92533]
06-15 14:47:08.490 11322 11322 D TVNotifService: onTVNotificationPosted StatusBarNotification(pkg=com.google.android.tvrecommendations user=UserHandle{0} id=4321 tag=Notification.NowPlaying key=0|com.google.android.tvrecommendations|4321|Notification.NowPlaying|10087: Notification(channel=now_playing pri=0 contentView=null vibrate=null sound=null defaults=0x0 flags=0x0 color=0x00000000 vis=PRIVATE)) userId: 0
06-15 14:47:08.963 802 1224 V Avrcp : MSG_UPDATE_MEDIA
06-15 14:47:08.963 802 1224 V Avrcp : updatePlaybackState (1): -1Ô×í1(PlaybackState {state=3, position=0, buffered position=0, speed=1.0, updated=368250813, actions=-1, custom actions=[], active item id=-1, error=null})
06-15 14:47:08.964 802 1224 V Avrcp : Media update: id -1Ô×í-1? [MediaAttributes: ZÔï»n - by (0 0/0) ]
06-15 14:47:08.964 802 1224 D Avrcp : sendPlayPosNotificationRsp: Not registered or requesting.
06-15 14:47:08.982 11322 11322 D NowPlayingListener: onPlaybackStateChanged: PlaybackState {state=3, position=24490, buffered position=0, speed=1.0, updated=368250831, actions=-1, custom actions=[], active item id=-1, error=null}
06-15 14:47:08.982 11322 11322 D NowPlayingManager: onClientPlaybackStateUpdate() called with: state = [3], stateChangeTimeMs = [368250831], currentPosMs = [24490]
06-15 14:47:08.982 11322 11322 D NowPlayingManager: onClientPlaybackStateUpdate: Skipped update, state: 3 was unchanged
06-15 14:47:08.982 802 1224 V Avrcp : onPlaybackStateChanged: state PlaybackState {state=3, position=24490, buffered position=0, speed=1.0, updated=368250831, actions=-1, custom actions=[], active item id=-1, error=null}
06-15 14:47:08.984 11322 11322 D NowPlayingManager: onMediaDataUpdated() called with: mediaData = [com.google.android.tvrecommendations.NowPlayingData@5b30669]
06-15 14:47:08.991 11322 11322 D TVNotifService: onTVNotificationPosted StatusBarNotification(pkg=com.google.android.tvrecommendations user=UserHandle{0} id=4321 tag=Notification.NowPlaying key=0|com.google.android.tvrecommendations|4321|Notification.NowPlaying|10087: Notification(channel=now_playing pri=0 contentView=null vibrate=null sound=null defaults=0x0 flags=0x0 color=0x00000000 vis=PRIVATE)) userId: 0
06-15 14:47:09.499 802 1224 V Avrcp : onPlaybackStateChanged: state PlaybackState {state=3, position=25067, buffered position=0, speed=1.0, updated=368251348, actions=-1, custom actions=[], active item id=-1, error=null}
06-15 14:47:09.499 11322 11322 D NowPlayingListener: onPlaybackStateChanged: PlaybackState {state=3, position=25067, buffered position=0, speed=1.0, updated=368251348, actions=-1, custom actions=[], active item id=-1, error=null}
06-15 14:47:09.500 11322 11322 D NowPlayingManager: onClientPlaybackStateUpdate() called with: state = [3], stateChangeTimeMs = [368251348], currentPosMs = [25067]
06-15 14:47:09.500 11322 11322 D NowPlayingManager: onClientPlaybackStateUpdate: Skipped update, state: 3 was unchanged
06-15 14:47:09.502 11322 11322 D NowPlayingManager: onMediaDataUpdated() called with: mediaData = [com.google.android.tvrecommendations.NowPlayingData@c96e18f]
06-15 14:47:09.511 11322 11322 D TVNotifService: onTVNotificationPosted StatusBarNotification(pkg=com.google.android.tvrecommendations user=UserHandle{0} id=4321 tag=Notification.NowPlaying key=0|com.google.android.tvrecommendations|4321|Notification.NowPlaying|10087: Notification(channel=now_playing pri=0 contentView=null vibrate=null sound=null defaults=0x0 flags=0x0 color=0x00000000 vis=PRIVATE)) userId: 0
06-15 14:47:09.983 802 1224 V Avrcp : MSG_UPDATE_MEDIA
06-15 14:47:09.983 802 1224 V Avrcp : updatePlaybackState (1): -1Ô×í1(PlaybackState {state=3, position=0, buffered position=0, speed=1.0, updated=368251833, actions=-1, custom actions=[], active item id=-1, error=null})
06-15 14:47:09.984 802 1224 V Avrcp : Media update: id -1Ô×í-1? [MediaAttributes: ZÔï»n - by (0 0/0) ]
06-15 14:47:09.984 802 1224 D Avrcp : sendPlayPosNotificationRsp: Not registered or requesting.
06-15 14:47:10.015 802 1224 V Avrcp : onPlaybackStateChanged: state PlaybackState {state=3, position=25578, buffered position=0, speed=1.0, updated=368251864, actions=-1, custom actions=[], active item id=-1, error=null}
06-15 14:47:10.015 11322 11322 D NowPlayingListener: onPlaybackStateChanged: PlaybackState {state=3, position=25578, buffered position=0, speed=1.0, updated=368251864, actions=-1, custom actions=[], active item id=-1, error=null}
06-15 14:47:10.015 11322 11322 D NowPlayingManager: onClientPlaybackStateUpdate() called with: state = [3], stateChangeTimeMs = [368251864], currentPosMs = [25578]
06-15 14:47:10.015 11322 11322 D NowPlayingManager: onClientPlaybackStateUpdate: Skipped update, state: 3 was unchanged
06-15 14:47:10.017 11322 11322 D NowPlayingManager: onMediaDataUpdated() called with: mediaData = [com.google.android.tvrecommendations.NowPlayingData@beca025]
06-15 14:47:10.023 11322 11322 D TVNotifService: onTVNotificationPosted StatusBarNotification(pkg=com.google.android.tvrecommendations user=UserHandle{0} id=4321 tag=Notification.NowPlaying key=0|com.google.android.tvrecommendations|4321|Notification.NowPlaying|10087: Notification(channel=now_playing pri=0 contentView=null vibrate=null sound=null defaults=0x0 flags=0x0 color=0x00000000 vis=PRIVATE)) userId: 0
06-15 14:47:10.517 802 1224 V Avrcp : onPlaybackStateChanged: state PlaybackState {state=3, position=26066, buffered position=0, speed=1.0, updated=368252366, actions=-1, custom actions=[], active item id=-1, error=null}
06-15 14:47:10.517 11322 11322 D NowPlayingListener: onPlaybackStateChanged: PlaybackState {state=3, position=26066, buffered position=0, speed=1.0, updated=368252366, actions=-1, custom actions=[], active item id=-1, error=null}
06-15 14:47:10.517 11322 11322 D NowPlayingManager: onClientPlaybackStateUpdate() called with: state = [3], stateChangeTimeMs = [368252366], currentPosMs = [26066]
06-15 14:47:10.517 11322 11322 D NowPlayingManager: onClientPlaybackStateUpdate: Skipped update, state: 3 was unchanged
06-15 14:47:10.518 11322 11322 D NowPlayingManager: onMediaDataUpdated() called with: mediaData = [com.google.android.tvrecommendations.NowPlayingData@1aa07ab]
06-15 14:47:10.527 11322 11322 D TVNotifService: onTVNotificationPosted StatusBarNotification(pkg=com.google.android.tvrecommendations user=UserHandle{0} id=4321 tag=Notification.NowPlaying key=0|com.google.android.tvrecommendations|4321|Notification.NowPlaying|10087: Notification(channel=now_playing pri=0 contentView=null vibrate=null sound=null defaults=0x0 flags=0x0 color=0x00000000 vis=PRIVATE)) userId: 0
06-15 14:47:10.716 700 761 D WindowManager: handleComboKeys keyCode: 111, keyAction: 0
06-15 14:47:10.718 22018 22038 V Kodi : process_input: Failure reading next input event: Try again
06-15 14:47:10.718 22018 22038 V Kodi : CAndroidKey: key down (dev:3; src:769; code: 111; repeat: 0; flags: 0x8; alt: no; shift: no; sym: no)
06-15 14:47:10.898 700 761 D WindowManager: handleComboKeys keyCode: 111, keyAction: 1
06-15 14:47:10.899 22018 22038 V Kodi : process_input: Failure reading next input event: Try again
06-15 14:47:10.899 22018 22038 V Kodi : CAndroidKey: key up (dev:3; src:769; code: 111; repeat: 0; flags: 0x8; alt: no; shift: no; sym: no)
06-15 14:47:10.950 700 14298 D WificondControl: Scan result ready event
06-15 14:47:10.955 1321 1321 D BlakeWifiIntentManager: SCAN_RESULTS_AVAILABLE_ACTION
06-15 14:47:10.976 1308 887 W ctxmgr : [AclManager]No 2 for (accnt=account#1846457872#, com.google.android.gms(10010):UserLocationProducer, vrsn=12685000, 0, 3pPkg = null , 3pMdlId = null , pid = 1308). Was: 2 for 1, account#1846457872#
06-15 14:47:10.980 700 700 D PackageManager - AppHiding: OnLocationChanged, Country code : DE
06-15 14:47:11.015 802 1224 V Avrcp : MSG_UPDATE_MEDIA
06-15 14:47:11.016 802 1224 V Avrcp : updatePlaybackState (1): -1Ô×í1(PlaybackState {state=3, position=0, buffered position=0, speed=1.0, updated=368252865, actions=-1, custom actions=[], active item id=-1, error=null})
06-15 14:47:11.016 802 1224 V Avrcp : Media update: id -1Ô×í-1? [MediaAttributes: ZÔï»n - by (0 0/0) ]
06-15 14:47:11.016 802 1224 D Avrcp : sendPlayPosNotificationRsp: Not registered or requesting.
06-15 14:47:11.032 11322 11322 D NowPlayingListener: onPlaybackStateChanged: PlaybackState {state=3, position=26526, buffered position=0, speed=1.0, updated=368252881, actions=-1, custom actions=[], active item id=-1, error=null}
06-15 14:47:11.032 11322 11322 D NowPlayingManager: onClientPlaybackStateUpdate() called with: state = [3], stateChangeTimeMs = [368252881], currentPosMs = [26526]
06-15 14:47:11.032 802 1224 V Avrcp : onPlaybackStateChanged: state PlaybackState {state=3, position=26526, buffered position=0, speed=1.0, updated=368252881, actions=-1, custom actions=[], active item id=-1, error=null}
06-15 14:47:11.032 11322 11322 D NowPlayingManager: onClientPlaybackStateUpdate: Skipped update, state: 3 was unchanged
06-15 14:47:11.033 11322 11322 D NowPlayingManager: onMediaDataUpdated() called with: mediaData = [com.google.android.tvrecommendations.NowPlayingData@b6c19a1]
06-15 14:47:11.039 11322 11322 D TVNotifService: onTVNotificationPosted StatusBarNotification(pkg=com.google.android.tvrecommendations user=UserHandle{0} id=4321 tag=Notification.NowPlaying key=0|com.google.android.tvrecommendations|4321|Notification.NowPlaying|10087: Notification(channel=now_playing pri=0 contentView=null vibrate=null sound=null defaults=0x0 flags=0x0 color=0x00000000 vis=PRIVATE)) userId: 0
