06-15 14:45:31.073 11322 11322 D TVNotifService: onTVNotificationPosted StatusBarNotification(pkg=com.google.android.tvrecommendations user=UserHandle{0} id=4321 tag=Notification.NowPlaying key=0|com.google.android.tvrecommendations|4321|Notification.NowPlaying|10087: Notification(channel=now_playing pri=0 contentView=null vibrate=null sound=null defaults=0x0 flags=0x0 color=0x00000000 vis=PRIVATE)) userId: 0
06-15 14:45:31.561 802 1224 V Avrcp : MSG_UPDATE_MEDIA
06-15 14:45:31.561 802 1224 V Avrcp : updatePlaybackState (1): -1Ô×í1(PlaybackState {state=3, position=0, buffered position=0, speed=1.0, updated=368153411, actions=-1, custom actions=[], active item id=-1, error=null})
06-15 14:45:31.562 802 1224 V Avrcp : Media update: id -1Ô×í-1? [MediaAttributes: DÔï»t - by (0 0/0) ]
06-15 14:45:31.562 802 1224 D Avrcp : sendPlayPosNotificationRsp: Not registered or requesting.
06-15 14:45:31.577 11322 11322 D NowPlayingListener: onPlaybackStateChanged: PlaybackState {state=3, position=3663, buffered position=0, speed=1.0, updated=368153425, actions=-1, custom actions=[], active item id=-1, error=null}
06-15 14:45:31.577 11322 11322 D NowPlayingManager: onClientPlaybackStateUpdate() called with: state = [3], stateChangeTimeMs = [368153425], currentPosMs = [3663]
06-15 14:45:31.577 11322 11322 D NowPlayingManager: onClientPlaybackStateUpdate: Skipped update, state: 3 was unchanged
06-15 14:45:31.577 802 1224 V Avrcp : onPlaybackStateChanged: state PlaybackState {state=3, position=3663, buffered position=0, speed=1.0, updated=368153425, actions=-1, custom actions=[], active item id=-1, error=null}
06-15 14:45:31.581 11322 11322 D NowPlayingManager: onMediaDataUpdated() called with: mediaData = [com.google.android.tvrecommendations.NowPlayingData@7d35f28]
06-15 14:45:31.592 11322 11322 D TVNotifService: onTVNotificationPosted StatusBarNotification(pkg=com.google.android.tvrecommendations user=UserHandle{0} id=4321 tag=Notification.NowPlaying key=0|com.google.android.tvrecommendations|4321|Notification.NowPlaying|10087: Notification(channel=now_playing pri=0 contentView=null vibrate=null sound=null defaults=0x0 flags=0x0 color=0x00000000 vis=PRIVATE)) userId: 0
06-15 14:45:32.093 802 1224 V Avrcp : onPlaybackStateChanged: state PlaybackState {state=3, position=3663, buffered position=0, speed=1.0, updated=368153942, actions=-1, custom actions=[], active item id=-1, error=null}
06-15 14:45:32.093 11322 11322 D NowPlayingListener: onPlaybackStateChanged: PlaybackState {state=3, position=3663, buffered position=0, speed=1.0, updated=368153942, actions=-1, custom actions=[], active item id=-1, error=null}
06-15 14:45:32.093 11322 11322 D NowPlayingManager: onClientPlaybackStateUpdate() called with: state = [3], stateChangeTimeMs = [368153942], currentPosMs = [3663]
06-15 14:45:32.093 11322 11322 D NowPlayingManager: onClientPlaybackStateUpdate: Skipped update, state: 3 was unchanged
06-15 14:45:32.096 11322 11322 D NowPlayingManager: onMediaDataUpdated() called with: mediaData = [com.google.android.tvrecommendations.NowPlayingData@81c2de6]
06-15 14:45:32.107 11322 11322 D TVNotifService: onTVNotificationPosted StatusBarNotification(pkg=com.google.android.tvrecommendations user=UserHandle{0} id=4321 tag=Notification.NowPlaying key=0|com.google.android.tvrecommendations|4321|Notification.NowPlaying|10087: Notification(channel=now_playing pri=0 contentView=null vibrate=null sound=null defaults=0x0 flags=0x0 color=0x00000000 vis=PRIVATE)) userId: 0
06-15 14:45:32.578 802 1224 V Avrcp : MSG_UPDATE_MEDIA
06-15 14:45:32.578 802 1224 V Avrcp : updatePlaybackState (1): -1Ô×í1(PlaybackState {state=3, position=0, buffered position=0, speed=1.0, updated=368154427, actions=-1, custom actions=[], active item id=-1, error=null})
06-15 14:45:32.578 802 1224 V Avrcp : Media update: id -1Ô×í-1? [MediaAttributes: DÔï»t - by (0 0/0) ]
06-15 14:45:32.578 802 1224 D Avrcp : sendPlayPosNotificationRsp: Not registered or requesting.
06-15 14:45:32.610 802 1224 V Avrcp : onPlaybackStateChanged: state PlaybackState {state=3, position=3663, buffered position=0, speed=1.0, updated=368154459, actions=-1, custom actions=[], active item id=-1, error=null}
06-15 14:45:32.610 11322 11322 D NowPlayingListener: onPlaybackStateChanged: PlaybackState {state=3, position=3663, buffered position=0, speed=1.0, updated=368154459, actions=-1, custom actions=[], active item id=-1, error=null}
06-15 14:45:32.610 11322 11322 D NowPlayingManager: onClientPlaybackStateUpdate() called with: state = [3], stateChangeTimeMs = [368154459], currentPosMs = [3663]
06-15 14:45:32.610 11322 11322 D NowPlayingManager: onClientPlaybackStateUpdate: Skipped update, state: 3 was unchanged
06-15 14:45:32.613 11322 11322 D NowPlayingManager: onMediaDataUpdated() called with: mediaData = [com.google.android.tvrecommendations.NowPlayingData@29345d4]
06-15 14:45:32.624 11322 11322 D TVNotifService: onTVNotificationPosted StatusBarNotification(pkg=com.google.android.tvrecommendations user=UserHandle{0} id=4321 tag=Notification.NowPlaying key=0|com.google.android.tvrecommendations|4321|Notification.NowPlaying|10087: Notification(channel=now_playing pri=0 contentView=null vibrate=null sound=null defaults=0x0 flags=0x0 color=0x00000000 vis=PRIVATE)) userId: 0
06-15 14:45:33.127 802 1224 V Avrcp : onPlaybackStateChanged: state PlaybackState {state=3, position=3663, buffered position=0, speed=1.0, updated=368154976, actions=-1, custom actions=[], active item id=-1, error=null}
06-15 14:45:33.128 11322 11322 D NowPlayingListener: onPlaybackStateChanged: PlaybackState {state=3, position=3663, buffered position=0, speed=1.0, updated=368154976, actions=-1, custom actions=[], active item id=-1, error=null}
06-15 14:45:33.128 11322 11322 D NowPlayingManager: onClientPlaybackStateUpdate() called with: state = [3], stateChangeTimeMs = [368154976], currentPosMs = [3663]
06-15 14:45:33.128 11322 11322 D NowPlayingManager: onClientPlaybackStateUpdate: Skipped update, state: 3 was unchanged
06-15 14:45:33.134 11322 11322 D NowPlayingManager: onMediaDataUpdated() called with: mediaData = [com.google.android.tvrecommendations.NowPlayingData@26d4272]
06-15 14:45:33.147 11322 11322 D TVNotifService: onTVNotificationPosted StatusBarNotification(pkg=com.google.android.tvrecommendations user=UserHandle{0} id=4321 tag=Notification.NowPlaying key=0|com.google.android.tvrecommendations|4321|Notification.NowPlaying|10087: Notification(channel=now_playing pri=0 contentView=null vibrate=null sound=null defaults=0x0 flags=0x0 color=0x00000000 vis=PRIVATE)) userId: 0
06-15 14:45:33.610 802 1224 V Avrcp : MSG_UPDATE_MEDIA
06-15 14:45:33.611 802 1224 V Avrcp : updatePlaybackState (1): -1Ô×í1(PlaybackState {state=3, position=0, buffered position=0, speed=1.0, updated=368155461, actions=-1, custom actions=[], active item id=-1, error=null})
06-15 14:45:33.613 802 1224 V Avrcp : Media update: id -1Ô×í-1? [MediaAttributes: DÔï»t - by (0 0/0) ]
06-15 14:45:33.613 802 1224 D Avrcp : sendPlayPosNotificationRsp: Not registered or requesting.
06-15 14:45:33.643 802 1224 V Avrcp : onPlaybackStateChanged: state PlaybackState {state=3, position=4278, buffered position=0, speed=1.0, updated=368155492, actions=-1, custom actions=[], active item id=-1, error=null}
06-15 14:45:33.643 11322 11322 D NowPlayingListener: onPlaybackStateChanged: PlaybackState {state=3, position=4278, buffered position=0, speed=1.0, updated=368155492, actions=-1, custom actions=[], active item id=-1, error=null}
06-15 14:45:33.643 11322 11322 D NowPlayingManager: onClientPlaybackStateUpdate() called with: state = [3], stateChangeTimeMs = [368155492], currentPosMs = [4278]
06-15 14:45:33.644 11322 11322 D NowPlayingManager: onClientPlaybackStateUpdate: Skipped update, state: 3 was unchanged
06-15 14:45:33.648 11322 11322 D NowPlayingManager: onMediaDataUpdated() called with: mediaData = [com.google.android.tvrecommendations.NowPlayingData@cc8eb40]
06-15 14:45:33.658 11322 11322 D TVNotifService: onTVNotificationPosted StatusBarNotification(pkg=com.google.android.tvrecommendations user=UserHandle{0} id=4321 tag=Notification.NowPlaying key=0|com.google.android.tvrecommendations|4321|Notification.NowPlaying|10087: Notification(channel=now_playing pri=0 contentView=null vibrate=null sound=null defaults=0x0 flags=0x0 color=0x00000000 vis=PRIVATE)) userId: 0
06-15 14:45:34.160 802 1224 V Avrcp : onPlaybackStateChanged: state PlaybackState {state=3, position=4679, buffered position=0, speed=1.0, updated=368156009, actions=-1, custom actions=[], active item id=-1, error=null}
06-15 14:45:34.160 11322 11322 D NowPlayingListener: onPlaybackStateChanged: PlaybackState {state=3, position=4679, buffered position=0, speed=1.0, updated=368156009, actions=-1, custom actions=[], active item id=-1, error=null}
06-15 14:45:34.160 11322 11322 D NowPlayingManager: onClientPlaybackStateUpdate() called with: state = [3], stateChangeTimeMs = [368156009], currentPosMs = [4679]
06-15 14:45:34.160 11322 11322 D NowPlayingManager: onClientPlaybackStateUpdate: Skipped update, state: 3 was unchanged
06-15 14:45:34.165 11322 11322 D NowPlayingManager: onMediaDataUpdated() called with: mediaData = [com.google.android.tvrecommendations.NowPlayingData@e4913be]
06-15 14:45:34.175 11322 11322 D TVNotifService: onTVNotificationPosted StatusBarNotification(pkg=com.google.android.tvrecommendations user=UserHandle{0} id=4321 tag=Notification.NowPlaying key=0|com.google.android.tvrecommendations|4321|Notification.NowPlaying|10087: Notification(channel=now_playing pri=0 contentView=null vibrate=null sound=null defaults=0x0 flags=0x0 color=0x00000000 vis=PRIVATE)) userId: 0
06-15 14:45:34.644 802 1224 V Avrcp : MSG_UPDATE_MEDIA
06-15 14:45:34.644 802 1224 V Avrcp : updatePlaybackState (1): -1Ô×í1(PlaybackState {state=3, position=0, buffered position=0, speed=1.0, updated=368156494, actions=-1, custom actions=[], active item id=-1, error=null})
06-15 14:45:34.645 802 1224 V Avrcp : Media update: id -1Ô×í-1? [MediaAttributes: DÔï»t - by (0 0/0) ]
06-15 14:45:34.645 802 1224 D Avrcp : sendPlayPosNotificationRsp: Not registered or requesting.
06-15 14:45:34.677 11322 11322 D NowPlayingListener: onPlaybackStateChanged: PlaybackState {state=3, position=5302, buffered position=0, speed=1.0, updated=368156526, actions=-1, custom actions=[], active item id=-1, error=null}
06-15 14:45:34.677 11322 11322 D NowPlayingManager: onClientPlaybackStateUpdate() called with: state = [3], stateChangeTimeMs = [368156526], currentPosMs = [5302]
06-15 14:45:34.677 11322 11322 D NowPlayingManager: onClientPlaybackStateUpdate: Skipped update, state: 3 was unchanged
06-15 14:45:34.677 802 1224 V Avrcp : onPlaybackStateChanged: state PlaybackState {state=3, position=5302, buffered position=0, speed=1.0, updated=368156526, actions=-1, custom actions=[], active item id=-1, error=null}
06-15 14:45:34.682 11322 11322 D NowPlayingManager: onMediaDataUpdated() called with: mediaData = [com.google.android.tvrecommendations.NowPlayingData@ff17b6c]
06-15 14:45:34.694 11322 11322 D TVNotifService: onTVNotificationPosted StatusBarNotification(pkg=com.google.android.tvrecommendations user=UserHandle{0} id=4321 tag=Notification.NowPlaying key=0|com.google.android.tvrecommendations|4321|Notification.NowPlaying|10087: Notification(channel=now_playing pri=0 contentView=null vibrate=null sound=null defaults=0x0 flags=0x0 color=0x00000000 vis=PRIVATE)) userId: 0
06-15 14:45:35.077 426 22968 D NvOsDebugPrintf: NVMEDIA: FrameRate(for last 120 frames) = 50.000000, AvgFrameRate = 50.000000
06-15 14:45:35.193 11322 11322 D NowPlayingListener: onPlaybackStateChanged: PlaybackState {state=3, position=5718, buffered position=0, speed=1.0, updated=368157042, actions=-1, custom actions=[], active item id=-1, error=null}
06-15 14:45:35.193 11322 11322 D NowPlayingManager: onClientPlaybackStateUpdate() called with: state = [3], stateChangeTimeMs = [368157042], currentPosMs = [5718]
06-15 14:45:35.193 11322 11322 D NowPlayingManager: onClientPlaybackStateUpdate: Skipped update, state: 3 was unchanged
06-15 14:45:35.193 802 1224 V Avrcp : onPlaybackStateChanged: state PlaybackState {state=3, position=5718, buffered position=0, speed=1.0, updated=368157042, actions=-1, custom actions=[], active item id=-1, error=null}
06-15 14:45:35.198 11322 11322 D NowPlayingManager: onMediaDataUpdated() called with: mediaData = [com.google.android.tvrecommendations.NowPlayingData@47eadca]
06-15 14:45:35.212 11322 11322 D TVNotifService: onTVNotificationPosted StatusBarNotification(pkg=com.google.android.tvrecommendations user=UserHandle{0} id=4321 tag=Notification.NowPlaying key=0|com.google.android.tvrecommendations|4321|Notification.NowPlaying|10087: Notification(channel=now_playing pri=0 contentView=null vibrate=null sound=null defaults=0x0 flags=0x0 color=0x00000000 vis=PRIVATE)) userId: 0
06-15 14:45:35.678 802 1224 V Avrcp : MSG_UPDATE_MEDIA
06-15 14:45:35.678 802 1224 V Avrcp : updatePlaybackState (1): -1Ô×í1(PlaybackState {state=3, position=0, buffered position=0, speed=1.0, updated=368157528, actions=-1, custom actions=[], active item id=-1, error=null})
06-15 14:45:35.679 802 1224 V Avrcp : Media update: id -1Ô×í-1? [MediaAttributes: DÔï»t - by (0 0/0) ]
06-15 14:45:35.679 802 1224 D Avrcp : sendPlayPosNotificationRsp: Not registered or requesting.
06-15 14:45:35.710 802 1224 V Avrcp : onPlaybackStateChanged: state PlaybackState {state=3, position=6336, buffered position=0, speed=1.0, updated=368157559, actions=-1, custom actions=[], active item id=-1, error=null}
06-15 14:45:35.710 11322 11322 D NowPlayingListener: onPlaybackStateChanged: PlaybackState {state=3, position=6336, buffered position=0, speed=1.0, updated=368157559, actions=-1, custom actions=[], active item id=-1, error=null}
06-15 14:45:35.710 11322 11322 D NowPlayingManager: onClientPlaybackStateUpdate() called with: state = [3], stateChangeTimeMs = [368157559], currentPosMs = [6336]
06-15 14:45:35.710 11322 11322 D NowPlayingManager: onClientPlaybackStateUpdate: Skipped update, state: 3 was unchanged
06-15 14:45:35.720 11322 11322 D NowPlayingManager: onMediaDataUpdated() called with: mediaData = [com.google.android.tvrecommendations.NowPlayingData@7d75fb1]
06-15 14:45:35.733 11322 11322 D TVNotifService: onTVNotificationPosted StatusBarNotification(pkg=com.google.android.tvrecommendations user=UserHandle{0} id=4321 tag=Notification.NowPlaying key=0|com.google.android.tvrecommendations|4321|Notification.NowPlaying|10087: Notification(channel=now_playing pri=0 contentView=null vibrate=null sound=null defaults=0x0 flags=0x0 color=0x00000000 vis=PRIVATE)) userId: 0
06-15 14:45:36.227 802 1224 V Avrcp : onPlaybackStateChanged: state PlaybackState {state=3, position=6749, buffered position=0, speed=1.0, updated=368158075, actions=-1, custom actions=[], active item id=-1, error=null}
06-15 14:45:36.227 11322 11322 D NowPlayingListener: onPlaybackStateChanged: PlaybackState {state=3, position=6749, buffered position=0, speed=1.0, updated=368158075, actions=-1, custom actions=[], active item id=-1, error=null}
06-15 14:45:36.227 11322 11322 D NowPlayingManager: onClientPlaybackStateUpdate() called with: state = [3], stateChangeTimeMs = [368158075], currentPosMs = [6749]
06-15 14:45:36.227 11322 11322 D NowPlayingManager: onClientPlaybackStateUpdate: Skipped update, state: 3 was unchanged
06-15 14:45:36.233 11322 11322 D NowPlayingManager: onMediaDataUpdated() called with: mediaData = [com.google.android.tvrecommendations.NowPlayingData@ac4d017]
06-15 14:45:36.245 11322 11322 D TVNotifService: onTVNotificationPosted StatusBarNotification(pkg=com.google.android.tvrecommendations user=UserHandle{0} id=4321 tag=Notification.NowPlaying key=0|com.google.android.tvrecommendations|4321|Notification.NowPlaying|10087: Notification(channel=now_playing pri=0 contentView=null vibrate=null sound=null defaults=0x0 flags=0x0 color=0x00000000 vis=PRIVATE)) userId: 0
06-15 14:45:36.710 802 1224 V Avrcp : MSG_UPDATE_MEDIA
06-15 14:45:36.710 802 1224 V Avrcp : updatePlaybackState (1): -1Ô×í1(PlaybackState {state=3, position=0, buffered position=0, speed=1.0, updated=368158560, actions=-1, custom actions=[], active item id=-1, error=null})
06-15 14:45:36.711 802 1224 V Avrcp : Media update: id -1Ô×í-1? [MediaAttributes: DÔï»t - by (0 0/0) ]
06-15 14:45:36.711 802 1224 D Avrcp : sendPlayPosNotificationRsp: Not registered or requesting.
06-15 14:45:36.743 11322 11322 D NowPlayingListener: onPlaybackStateChanged: PlaybackState {state=3, position=7362, buffered position=0, speed=1.0, updated=368158592, actions=-1, custom actions=[], active item id=-1, error=null}
06-15 14:45:36.743 11322 11322 D NowPlayingManager: onClientPlaybackStateUpdate() called with: state = [3], stateChangeTimeMs = [368158592], currentPosMs = [7362]
06-15 14:45:36.743 11322 11322 D NowPlayingManager: onClientPlaybackStateUpdate: Skipped update, state: 3 was unchanged
06-15 14:45:36.745 802 1224 V Avrcp : onPlaybackStateChanged: state PlaybackState {state=3, position=7362, buffered position=0, speed=1.0, updated=368158592, actions=-1, custom actions=[], active item id=-1, error=null}
06-15 14:45:36.748 11322 11322 D NowPlayingManager: onMediaDataUpdated() called with: mediaData = [com.google.android.tvrecommendations.NowPlayingData@5145ed]
06-15 14:45:36.756 11322 11322 D TVNotifService: onTVNotificationPosted StatusBarNotification(pkg=com.google.android.tvrecommendations user=UserHandle{0} id=4321 tag=Notification.NowPlaying key=0|com.google.android.tvrecommendations|4321|Notification.NowPlaying|10087: Notification(channel=now_playing pri=0 contentView=null vibrate=null sound=null defaults=0x0 flags=0x0 color=0x00000000 vis=PRIVATE)) userId: 0
06-15 14:45:37.261 11322 11322 D NowPlayingListener: onPlaybackStateChanged: PlaybackState {state=3, position=7776, buffered position=0, speed=1.0, updated=368159109, actions=-1, custom actions=[], active item id=-1, error=null}
06-15 14:45:37.261 802 1224 V Avrcp : onPlaybackStateChanged: state PlaybackState {state=3, position=7776, buffered position=0, speed=1.0, updated=368159109, actions=-1, custom actions=[], active item id=-1, error=null}
06-15 14:45:37.261 11322 11322 D NowPlayingManager: onClientPlaybackStateUpdate() called with: state = [3], stateChangeTimeMs = [368159109], currentPosMs = [7776]
06-15 14:45:37.261 11322 11322 D NowPlayingManager: onClientPlaybackStateUpdate: Skipped update, state: 3 was unchanged
06-15 14:45:37.265 11322 11322 D NowPlayingManager: onMediaDataUpdated() called with: mediaData = [com.google.android.tvrecommendations.NowPlayingData@33c56b3]
06-15 14:45:37.280 11322 11322 D TVNotifService: onTVNotificationPosted StatusBarNotification(pkg=com.google.android.tvrecommendations user=UserHandle{0} id=4321 tag=Notification.NowPlaying key=0|com.google.android.tvrecommendations|4321|Notification.NowPlaying|10087: Notification(channel=now_playing pri=0 contentView=null vibrate=null sound=null defaults=0x0 flags=0x0 color=0x00000000 vis=PRIVATE)) userId: 0
06-15 14:45:37.479 426 22968 D NvOsDebugPrintf: NVMEDIA: FrameRate(for last 120 frames) = 50.000000, AvgFrameRate = 50.000000
06-15 14:45:37.745 802 1224 V Avrcp : MSG_UPDATE_MEDIA
06-15 14:45:37.746 802 1224 V Avrcp : updatePlaybackState (1): -1Ô×í1(PlaybackState {state=3, position=0, buffered position=0, speed=1.0, updated=368159595, actions=-1, custom actions=[], active item id=-1, error=null})
06-15 14:45:37.746 802 1224 V Avrcp : Media update: id -1Ô×í-1? [MediaAttributes: DÔï»t - by (0 0/0) ]
06-15 14:45:37.746 802 1224 D Avrcp : sendPlayPosNotificationRsp: Not registered or requesting.
06-15 14:45:37.777 802 1224 V Avrcp : onPlaybackStateChanged: state PlaybackState {state=3, position=8390, buffered position=0, speed=1.0, updated=368159625, actions=-1, custom actions=[], active item id=-1, error=null}
06-15 14:45:37.777 11322 11322 D NowPlayingListener: onPlaybackStateChanged: PlaybackState {state=3, position=8390, buffered position=0, speed=1.0, updated=368159625, actions=-1, custom actions=[], active item id=-1, error=null}
06-15 14:45:37.777 11322 11322 D NowPlayingManager: onClientPlaybackStateUpdate() called with: state = [3], stateChangeTimeMs = [368159625], currentPosMs = [8390]
06-15 14:45:37.777 11322 11322 D NowPlayingManager: onClientPlaybackStateUpdate: Skipped update, state: 3 was unchanged
06-15 14:45:37.783 11322 11322 D NowPlayingManager: onMediaDataUpdated() called with: mediaData = [com.google.android.tvrecommendations.NowPlayingData@70953e9]
06-15 14:45:37.793 11322 11322 D TVNotifService: onTVNotificationPosted StatusBarNotification(pkg=com.google.android.tvrecommendations user=UserHandle{0} id=4321 tag=Notification.NowPlaying key=0|com.google.android.tvrecommendations|4321|Notification.NowPlaying|10087: Notification(channel=now_playing pri=0 contentView=null vibrate=null sound=null defaults=0x0 flags=0x0 color=0x00000000 vis=PRIVATE)) userId: 0
06-15 14:45:38.293 11322 11322 D NowPlayingListener: onPlaybackStateChanged: PlaybackState {state=3, position=8805, buffered position=0, speed=1.0, updated=368160142, actions=-1, custom actions=[], active item id=-1, error=null}
06-15 14:45:38.294 11322 11322 D NowPlayingManager: onClientPlaybackStateUpdate() called with: state = [3], stateChangeTimeMs = [368160142], currentPosMs = [8805]
06-15 14:45:38.294 11322 11322 D NowPlayingManager: onClientPlaybackStateUpdate: Skipped update, state: 3 was unchanged
06-15 14:45:38.296 802 1224 V Avrcp : onPlaybackStateChanged: state PlaybackState {state=3, position=8805, buffered position=0, speed=1.0, updated=368160142, actions=-1, custom actions=[], active item id=-1, error=null}
06-15 14:45:38.300 11322 11322 D NowPlayingManager: onMediaDataUpdated() called with: mediaData = [com.google.android.tvrecommendations.NowPlayingData@e9bab0f]
06-15 14:45:38.310 11322 11322 D TVNotifService: onTVNotificationPosted StatusBarNotification(pkg=com.google.android.tvrecommendations user=UserHandle{0} id=4321 tag=Notification.NowPlaying key=0|com.google.android.tvrecommendations|4321|Notification.NowPlaying|10087: Notification(channel=now_playing pri=0 contentView=null vibrate=null sound=null defaults=0x0 flags=0x0 color=0x00000000 vis=PRIVATE)) userId: 0
06-15 14:45:38.778 802 1224 V Avrcp : MSG_UPDATE_MEDIA
06-15 14:45:38.779 802 1224 V Avrcp : updatePlaybackState (1): -1Ô×í1(PlaybackState {state=3, position=0, buffered position=0, speed=1.0, updated=368160628, actions=-1, custom actions=[], active item id=-1, error=null})
06-15 14:45:38.779 802 1224 V Avrcp : Media update: id -1Ô×í-1? [MediaAttributes: DÔï»t - by (0 0/0) ]
06-15 14:45:38.779 802 1224 D Avrcp : sendPlayPosNotificationRsp: Not registered or requesting.
06-15 14:45:38.810 802 1224 V Avrcp : onPlaybackStateChanged: state PlaybackState {state=3, position=9448, buffered position=0, speed=1.0, updated=368160659, actions=-1, custom actions=[], active item id=-1, error=null}
06-15 14:45:38.810 11322 11322 D NowPlayingListener: onPlaybackStateChanged: PlaybackState {state=3, position=9448, buffered position=0, speed=1.0, updated=368160659, actions=-1, custom actions=[], active item id=-1, error=null}
06-15 14:45:38.810 11322 11322 D NowPlayingManager: onClientPlaybackStateUpdate() called with: state = [3], stateChangeTimeMs = [368160659], currentPosMs = [9448]
06-15 14:45:38.810 11322 11322 D NowPlayingManager: onClientPlaybackStateUpdate: Skipped update, state: 3 was unchanged
06-15 14:45:38.814 11322 11322 D NowPlayingManager: onMediaDataUpdated() called with: mediaData = [com.google.android.tvrecommendations.NowPlayingData@41a45a5]
06-15 14:45:38.825 11322 11322 D TVNotifService: onTVNotificationPosted StatusBarNotification(pkg=com.google.android.tvrecommendations user=UserHandle{0} id=4321 tag=Notification.NowPlaying key=0|com.google.android.tvrecommendations|4321|Notification.NowPlaying|10087: Notification(channel=now_playing pri=0 contentView=null vibrate=null sound=null defaults=0x0 flags=0x0 color=0x00000000 vis=PRIVATE)) userId: 0
06-15 14:45:39.327 802 1224 V Avrcp : onPlaybackStateChanged: state PlaybackState {state=3, position=9858, buffered position=0, speed=1.0, updated=368161175, actions=-1, custom actions=[], active item id=-1, error=null}
06-15 14:45:39.327 11322 11322 D NowPlayingListener: onPlaybackStateChanged: PlaybackState {state=3, position=9858, buffered position=0, speed=1.0, updated=368161175, actions=-1, custom actions=[], active item id=-1, error=null}
06-15 14:45:39.327 11322 11322 D NowPlayingManager: onClientPlaybackStateUpdate() called with: state = [3], stateChangeTimeMs = [368161175], currentPosMs = [9858]
06-15 14:45:39.327 11322 11322 D NowPlayingManager: onClientPlaybackStateUpdate: Skipped update, state: 3 was unchanged
06-15 14:45:39.332 11322 11322 D NowPlayingManager: onMediaDataUpdated() called with: mediaData = [com.google.android.tvrecommendations.NowPlayingData@cf1e92b]
06-15 14:45:39.343 11322 11322 D TVNotifService: onTVNotificationPosted StatusBarNotification(pkg=com.google.android.tvrecommendations user=UserHandle{0} id=4321 tag=Notification.NowPlaying key=0|com.google.android.tvrecommendations|4321|Notification.NowPlaying|10087: Notification(channel=now_playing pri=0 contentView=null vibrate=null sound=null defaults=0x0 flags=0x0 color=0x00000000 vis=PRIVATE)) userId: 0
06-15 14:45:39.810 802 1224 V Avrcp : MSG_UPDATE_MEDIA
06-15 14:45:39.811 802 1224 V Avrcp : updatePlaybackState (1): -1Ô×í1(PlaybackState {state=3, position=0, buffered position=0, speed=1.0, updated=368161660, actions=-1, custom actions=[], active item id=-1, error=null})
06-15 14:45:39.811 802 1224 V Avrcp : Media update: id -1Ô×í-1? [MediaAttributes: DÔï»t - by (0 0/0) ]
06-15 14:45:39.811 802 1224 D Avrcp : sendPlayPosNotificationRsp: Not registered or requesting.
06-15 14:45:39.843 11322 11322 D NowPlayingListener: onPlaybackStateChanged: PlaybackState {state=3, position=10467, buffered position=0, speed=1.0, updated=368161692, actions=-1, custom actions=[], active item id=-1, error=null}
06-15 14:45:39.843 11322 11322 D NowPlayingManager: onClientPlaybackStateUpdate() called with: state = [3], stateChangeTimeMs = [368161692], currentPosMs = [10467]
06-15 14:45:39.843 11322 11322 D NowPlayingManager: onClientPlaybackStateUpdate: Skipped update, state: 3 was unchanged
06-15 14:45:39.843 802 1224 V Avrcp : onPlaybackStateChanged: state PlaybackState {state=3, position=10467, buffered position=0, speed=1.0, updated=368161692, actions=-1, custom actions=[], active item id=-1, error=null}
06-15 14:45:39.848 11322 11322 D NowPlayingManager: onMediaDataUpdated() called with: mediaData = [com.google.android.tvrecommendations.NowPlayingData@c8e9721]
06-15 14:45:39.859 11322 11322 D TVNotifService: onTVNotificationPosted StatusBarNotification(pkg=com.google.android.tvrecommendations user=UserHandle{0} id=4321 tag=Notification.NowPlaying key=0|com.google.android.tvrecommendations|4321|Notification.NowPlaying|10087: Notification(channel=now_playing pri=0 contentView=null vibrate=null sound=null defaults=0x0 flags=0x0 color=0x00000000 vis=PRIVATE)) userId: 0
06-15 14:45:39.893 426 22968 D NvOsDebugPrintf: NVMEDIA: FrameRate(for last 120 frames) = 50.000000, AvgFrameRate = 50.000000
06-15 14:45:39.930 2623 3080 I chromium: [2623:3080:INFO:wifi_proximity.cc(209)] Request scan.
06-15 14:45:40.360 802 1224 V Avrcp : onPlaybackStateChanged: state PlaybackState {state=3, position=10886, buffered position=0, speed=1.0, updated=368162209, actions=-1, custom actions=[], active item id=-1, error=null}
06-15 14:45:40.360 11322 11322 D NowPlayingListener: onPlaybackStateChanged: PlaybackState {state=3, position=10886, buffered position=0, speed=1.0, updated=368162209, actions=-1, custom actions=[], active item id=-1, error=null}
06-15 14:45:40.360 11322 11322 D NowPlayingManager: onClientPlaybackStateUpdate() called with: state = [3], stateChangeTimeMs = [368162209], currentPosMs = [10886]
06-15 14:45:40.360 11322 11322 D NowPlayingManager: onClientPlaybackStateUpdate: Skipped update, state: 3 was unchanged
06-15 14:45:40.366 11322 11322 D NowPlayingManager: onMediaDataUpdated() called with: mediaData = [com.google.android.tvrecommendations.NowPlayingData@623ed07]
06-15 14:45:40.377 11322 11322 D TVNotifService: onTVNotificationPosted StatusBarNotification(pkg=com.google.android.tvrecommendations user=UserHandle{0} id=4321 tag=Notification.NowPlaying key=0|com.google.android.tvrecommendations|4321|Notification.NowPlaying|10087: Notification(channel=now_playing pri=0 contentView=null vibrate=null sound=null defaults=0x0 flags=0x0 color=0x00000000 vis=PRIVATE)) userId: 0
06-15 14:45:40.844 802 1224 V Avrcp : MSG_UPDATE_MEDIA
06-15 14:45:40.844 802 1224 V Avrcp : updatePlaybackState (1): -1Ô×í1(PlaybackState {state=3, position=0, buffered position=0, speed=1.0, updated=368162693, actions=-1, custom actions=[], active item id=-1, error=null})
06-15 14:45:40.845 802 1224 V Avrcp : Media update: id -1Ô×í-1? [MediaAttributes: DÔï»t - by (0 0/0) ]
06-15 14:45:40.845 802 1224 D Avrcp : sendPlayPosNotificationRsp: Not registered or requesting.
06-15 14:45:40.877 802 1224 V Avrcp : onPlaybackStateChanged: state PlaybackState {state=3, position=11512, buffered position=0, speed=1.0, updated=368162725, actions=-1, custom actions=[], active item id=-1, error=null}
06-15 14:45:40.879 11322 11322 D NowPlayingListener: onPlaybackStateChanged: PlaybackState {state=3, position=11512, buffered position=0, speed=1.0, updated=368162725, actions=-1, custom actions=[], active item id=-1, error=null}
06-15 14:45:40.879 11322 11322 D NowPlayingManager: onClientPlaybackStateUpdate() called with: state = [3], stateChangeTimeMs = [368162725], currentPosMs = [11512]
06-15 14:45:40.879 11322 11322 D NowPlayingManager: onClientPlaybackStateUpdate: Skipped update, state: 3 was unchanged
06-15 14:45:40.882 11322 11322 D NowPlayingManager: onMediaDataUpdated() called with: mediaData = [com.google.android.tvrecommendations.NowPlayingData@19c845d]
06-15 14:45:40.893 11322 11322 D TVNotifService: onTVNotificationPosted StatusBarNotification(pkg=com.google.android.tvrecommendations user=UserHandle{0} id=4321 tag=Notification.NowPlaying key=0|com.google.android.tvrecommendations|4321|Notification.NowPlaying|10087: Notification(channel=now_playing pri=0 contentView=null vibrate=null sound=null defaults=0x0 flags=0x0 color=0x00000000 vis=PRIVATE)) userId: 0
06-15 14:45:40.945 700 957 D WificondControl: Scan result ready event
06-15 14:45:40.957 1321 1321 D BlakeWifiIntentManager: SCAN_RESULTS_AVAILABLE_ACTION
06-15 14:45:40.984 700 700 D PackageManager - AppHiding: OnLocationChanged, Country code : DE
06-15 14:45:40.986 1308 25903 W ctxmgr : [AclManager]No 2 for (accnt=account#1846457872#, com.google.android.gms(10010):UserLocationProducer, vrsn=12685000, 0, 3pPkg = null , 3pMdlId = null , pid = 1308). Was: 2 for 1, account#1846457872#
06-15 14:45:41.394 802 1224 V Avrcp : onPlaybackStateChanged: state PlaybackState {state=3, position=12090, buffered position=0, speed=1.0, updated=368163242, actions=-1, custom actions=[], active item id=-1, error=null}
06-15 14:45:41.395 11322 11322 D NowPlayingListener: onPlaybackStateChanged: PlaybackState {state=3, position=12090, buffered position=0, speed=1.0, updated=368163242, actions=-1, custom actions=[], active item id=-1, error=null}
06-15 14:45:41.396 11322 11322 D NowPlayingManager: onClientPlaybackStateUpdate() called with: state = [3], stateChangeTimeMs = [368163242], currentPosMs = [12090]
06-15 14:45:41.396 11322 11322 D NowPlayingManager: onClientPlaybackStateUpdate: Skipped update, state: 3 was unchanged
06-15 14:45:41.400 11322 11322 D NowPlayingManager: onMediaDataUpdated() called with: mediaData = [com.google.android.tvrecommendations.NowPlayingData@18852a3]
06-15 14:45:41.413 11322 11322 D TVNotifService: onTVNotificationPosted StatusBarNotification(pkg=com.google.android.tvrecommendations user=UserHandle{0} id=4321 tag=Notification.NowPlaying key=0|com.google.android.tvrecommendations|4321|Notification.NowPlaying|10087: Notification(channel=now_playing pri=0 contentView=null vibrate=null sound=null defaults=0x0 flags=0x0 color=0x00000000 vis=PRIVATE)) userId: 0
06-15 14:45:41.877 802 1224 V Avrcp : MSG_UPDATE_MEDIA
06-15 14:45:41.878 802 1224 V Avrcp : updatePlaybackState (1): -1Ô×í1(PlaybackState {state=3, position=0, buffered position=0, speed=1.0, updated=368163727, actions=-1, custom actions=[], active item id=-1, error=null})
06-15 14:45:41.879 802 1224 V Avrcp : Media update: id -1Ô×í-1? [MediaAttributes: DÔï»t - by (0 0/0) ]
06-15 14:45:41.879 802 1224 D Avrcp : sendPlayPosNotificationRsp: Not registered or requesting.
06-15 14:45:41.910 802 1224 V Avrcp : onPlaybackStateChanged: state PlaybackState {state=3, position=12380, buffered position=0, speed=1.0, updated=368163759, actions=-1, custom actions=[], active item id=-1, error=null}
06-15 14:45:41.910 11322 11322 D NowPlayingListener: onPlaybackStateChanged: PlaybackState {state=3, position=12380, buffered position=0, speed=1.0, updated=368163759, actions=-1, custom actions=[], active item id=-1, error=null}
06-15 14:45:41.910 11322 11322 D NowPlayingManager: onClientPlaybackStateUpdate() called with: state = [3], stateChangeTimeMs = [368163759], currentPosMs = [12380]
06-15 14:45:41.910 11322 11322 D NowPlayingManager: onClientPlaybackStateUpdate: Skipped update, state: 3 was unchanged
06-15 14:45:41.914 11322 11322 D NowPlayingManager: onMediaDataUpdated() called with: mediaData = [com.google.android.tvrecommendations.NowPlayingData@7a20959]
06-15 14:45:41.924 11322 11322 D TVNotifService: onTVNotificationPosted StatusBarNotification(pkg=com.google.android.tvrecommendations user=UserHandle{0} id=4321 tag=Notification.NowPlaying key=0|com.google.android.tvrecommendations|4321|Notification.NowPlaying|10087: Notification(channel=now_playing pri=0 contentView=null vibrate=null sound=null defaults=0x0 flags=0x0 color=0x00000000 vis=PRIVATE)) userId: 0
06-15 14:45:42.277 426 22968 D NvOsDebugPrintf: NVMEDIA: FrameRate(for last 120 frames) = 50.000000, AvgFrameRate = 50.000000
06-15 14:45:42.426 11322 11322 D NowPlayingListener: onPlaybackStateChanged: PlaybackState {state=3, position=13046, buffered position=0, speed=1.0, updated=368164275, actions=-1, custom actions=[], active item id=-1, error=null}
06-15 14:45:42.426 802 1224 V Avrcp : onPlaybackStateChanged: state PlaybackState {state=3, position=13046, buffered position=0, speed=1.0, updated=368164275, actions=-1, custom actions=[], active item id=-1, error=null}
06-15 14:45:42.426 11322 11322 D NowPlayingManager: onClientPlaybackStateUpdate() called with: state = [3], stateChangeTimeMs = [368164275], currentPosMs = [13046]
06-15 14:45:42.426 11322 11322 D NowPlayingManager: onClientPlaybackStateUpdate: Skipped update, state: 3 was unchanged
06-15 14:45:42.432 11322 11322 D NowPlayingManager: onMediaDataUpdated() called with: mediaData = [com.google.android.tvrecommendations.NowPlayingData@b4375ff]
06-15 14:45:42.445 11322 11322 D TVNotifService: onTVNotificationPosted StatusBarNotification(pkg=com.google.android.tvrecommendations user=UserHandle{0} id=4321 tag=Notification.NowPlaying key=0|com.google.android.tvrecommendations|4321|Notification.NowPlaying|10087: Notification(channel=now_playing pri=0 contentView=null vibrate=null sound=null defaults=0x0 flags=0x0 color=0x00000000 vis=PRIVATE)) userId: 0
06-15 14:45:42.910 802 1224 V Avrcp : MSG_UPDATE_MEDIA
06-15 14:45:42.910 802 1224 V Avrcp : updatePlaybackState (1): -1Ô×í1(PlaybackState {state=3, position=0, buffered position=0, speed=1.0, updated=368164760, actions=-1, custom actions=[], active item id=-1, error=null})
06-15 14:45:42.911 802 1224 V Avrcp : Media update: id -1Ô×í-1? [MediaAttributes: DÔï»t - by (0 0/0) ]
06-15 14:45:42.911 802 1224 D Avrcp : sendPlayPosNotificationRsp: Not registered or requesting.
06-15 14:45:42.943 802 1224 V Avrcp : onPlaybackStateChanged: state PlaybackState {state=3, position=13459, buffered position=0, speed=1.0, updated=368164792, actions=-1, custom actions=[], active item id=-1, error=null}
06-15 14:45:42.943 11322 11322 D NowPlayingListener: onPlaybackStateChanged: PlaybackState {state=3, position=13459, buffered position=0, speed=1.0, updated=368164792, actions=-1, custom actions=[], active item id=-1, error=null}
06-15 14:45:42.943 11322 11322 D NowPlayingManager: onClientPlaybackStateUpdate() called with: state = [3], stateChangeTimeMs = [368164792], currentPosMs = [13459]
06-15 14:45:42.943 11322 11322 D NowPlayingManager: onClientPlaybackStateUpdate: Skipped update, state: 3 was unchanged
06-15 14:45:42.948 11322 11322 D NowPlayingManager: onMediaDataUpdated() called with: mediaData = [com.google.android.tvrecommendations.NowPlayingData@e0e215]
06-15 14:45:42.959 11322 11322 D TVNotifService: onTVNotificationPosted StatusBarNotification(pkg=com.google.android.tvrecommendations user=UserHandle{0} id=4321 tag=Notification.NowPlaying key=0|com.google.android.tvrecommendations|4321|Notification.NowPlaying|10087: Notification(channel=now_playing pri=0 contentView=null vibrate=null sound=null defaults=0x0 flags=0x0 color=0x00000000 vis=PRIVATE)) userId: 0
06-15 14:45:43.463 802 1224 V Avrcp : onPlaybackStateChanged: state PlaybackState {state=3, position=14072, buffered position=0, speed=1.0, updated=368165309, actions=-1, custom actions=[], active item id=-1, error=null}
06-15 14:45:43.463 11322 11322 D NowPlayingListener: onPlaybackStateChanged: PlaybackState {state=3, position=14072, buffered position=0, speed=1.0, updated=368165309, actions=-1, custom actions=[], active item id=-1, error=null}
06-15 14:45:43.463 11322 11322 D NowPlayingManager: onClientPlaybackStateUpdate() called with: state = [3], stateChangeTimeMs = [368165309], currentPosMs = [14072]
06-15 14:45:43.463 11322 11322 D NowPlayingManager: onClientPlaybackStateUpdate: Skipped update, state: 3 was unchanged
06-15 14:45:43.467 11322 11322 D NowPlayingManager: onMediaDataUpdated() called with: mediaData = [com.google.android.tvrecommendations.NowPlayingData@363731b]
06-15 14:45:43.481 11322 11322 D TVNotifService: onTVNotificationPosted StatusBarNotification(pkg=com.google.android.tvrecommendations user=UserHandle{0} id=4321 tag=Notification.NowPlaying key=0|com.google.android.tvrecommendations|4321|Notification.NowPlaying|10087: Notification(channel=now_playing pri=0 contentView=null vibrate=null sound=null defaults=0x0 flags=0x0 color=0x00000000 vis=PRIVATE)) userId: 0
06-15 14:45:43.944 802 1224 V Avrcp : MSG_UPDATE_MEDIA
06-15 14:45:43.945 802 1224 V Avrcp : updatePlaybackState (1): -1Ô×í1(PlaybackState {state=3, position=0, buffered position=0, speed=1.0, updated=368165794, actions=-1, custom actions=[], active item id=-1, error=null})
06-15 14:45:43.945 802 1224 V Avrcp : Media update: id -1Ô×í-1? [MediaAttributes: DÔï»t - by (0 0/0) ]
06-15 14:45:43.946 802 1224 D Avrcp : sendPlayPosNotificationRsp: Not registered or requesting.
06-15 14:45:43.977 802 1224 V Avrcp : onPlaybackStateChanged: state PlaybackState {state=3, position=14682, buffered position=0, speed=1.0, updated=368165825, actions=-1, custom actions=[], active item id=-1, error=null}
06-15 14:45:43.977 11322 11322 D NowPlayingListener: onPlaybackStateChanged: PlaybackState {state=3, position=14682, buffered position=0, speed=1.0, updated=368165825, actions=-1, custom actions=[], active item id=-1, error=null}
06-15 14:45:43.977 11322 11322 D NowPlayingManager: onClientPlaybackStateUpdate() called with: state = [3], stateChangeTimeMs = [368165825], currentPosMs = [14682]
06-15 14:45:43.977 11322 11322 D NowPlayingManager: onClientPlaybackStateUpdate: Skipped update, state: 3 was unchanged
06-15 14:45:43.982 11322 11322 D NowPlayingManager: onMediaDataUpdated() called with: mediaData = [com.google.android.tvrecommendations.NowPlayingData@7fa8a91]
06-15 14:45:43.993 11322 11322 D TVNotifService: onTVNotificationPosted StatusBarNotification(pkg=com.google.android.tvrecommendations user=UserHandle{0} id=4321 tag=Notification.NowPlaying key=0|com.google.android.tvrecommendations|4321|Notification.NowPlaying|10087: Notification(channel=now_playing pri=0 contentView=null vibrate=null sound=null defaults=0x0 flags=0x0 color=0x00000000 vis=PRIVATE)) userId: 0
06-15 14:45:44.493 802 1224 V Avrcp : onPlaybackStateChanged: state PlaybackState {state=3, position=15161, buffered position=0, speed=1.0, updated=368166342, actions=-1, custom actions=[], active item id=-1, error=null}
06-15 14:45:44.495 11322 11322 D NowPlayingListener: onPlaybackStateChanged: PlaybackState {state=3, position=15161, buffered position=0, speed=1.0, updated=368166342, actions=-1, custom actions=[], active item id=-1, error=null}
06-15 14:45:44.495 11322 11322 D NowPlayingManager: onClientPlaybackStateUpdate() called with: state = [3], stateChangeTimeMs = [368166342], currentPosMs = [15161]
06-15 14:45:44.495 11322 11322 D NowPlayingManager: onClientPlaybackStateUpdate: Skipped update, state: 3 was unchanged
06-15 14:45:44.499 11322 11322 D NowPlayingManager: onMediaDataUpdated() called with: mediaData = [com.google.android.tvrecommendations.NowPlayingData@2bc25f7]
06-15 14:45:44.508 11322 11322 D TVNotifService: onTVNotificationPosted StatusBarNotification(pkg=com.google.android.tvrecommendations user=UserHandle{0} id=4321 tag=Notification.NowPlaying key=0|com.google.android.tvrecommendations|4321|Notification.NowPlaying|10087: Notification(channel=now_playing pri=0 contentView=null vibrate=null sound=null defaults=0x0 flags=0x0 color=0x00000000 vis=PRIVATE)) userId: 0
06-15 14:45:44.660 426 22968 D NvOsDebugPrintf: NVMEDIA: FrameRate(for last 120 frames) = 50.000000, AvgFrameRate = 50.000000
06-15 14:45:44.977 802 1224 V Avrcp : MSG_UPDATE_MEDIA
06-15 14:45:44.979 802 1224 V Avrcp : updatePlaybackState (1): -1Ô×í1(PlaybackState {state=3, position=0, buffered position=0, speed=1.0, updated=368166828, actions=-1, custom actions=[], active item id=-1, error=null})
06-15 14:45:44.979 802 1224 V Avrcp : Media update: id -1Ô×í-1? [MediaAttributes: DÔï»t - by (0 0/0) ]
06-15 14:45:44.979 802 1224 D Avrcp : sendPlayPosNotificationRsp: Not registered or requesting.
06-15 14:45:45.000 2623 21885 I chromium: [2623:21885:INFO:ssdp_device.c(101)] SSDP packets sent for 31 seconds = 19
06-15 14:45:45.010 802 1224 V Avrcp : onPlaybackStateChanged: state PlaybackState {state=3, position=15565, buffered position=0, speed=1.0, updated=368166859, actions=-1, custom actions=[], active item id=-1, error=null}
06-15 14:45:45.010 11322 11322 D NowPlayingListener: onPlaybackStateChanged: PlaybackState {state=3, position=15565, buffered position=0, speed=1.0, updated=368166859, actions=-1, custom actions=[], active item id=-1, error=null}
06-15 14:45:45.010 11322 11322 D NowPlayingManager: onClientPlaybackStateUpdate() called with: state = [3], stateChangeTimeMs = [368166859], currentPosMs = [15565]
06-15 14:45:45.010 11322 11322 D NowPlayingManager: onClientPlaybackStateUpdate: Skipped update, state: 3 was unchanged
06-15 14:45:45.014 11322 11322 D NowPlayingManager: onMediaDataUpdated() called with: mediaData = [com.google.android.tvrecommendations.NowPlayingData@62c3ecd]
06-15 14:45:45.024 11322 11322 D TVNotifService: onTVNotificationPosted StatusBarNotification(pkg=com.google.android.tvrecommendations user=UserHandle{0} id=4321 tag=Notification.NowPlaying key=0|com.google.android.tvrecommendations|4321|Notification.NowPlaying|10087: Notification(channel=now_playing pri=0 contentView=null vibrate=null sound=null defaults=0x0 flags=0x0 color=0x00000000 vis=PRIVATE)) userId: 0
06-15 14:45:45.526 802 1224 V Avrcp : onPlaybackStateChanged: state PlaybackState {state=3, position=16180, buffered position=0, speed=1.0, updated=368167375, actions=-1, custom actions=[], active item id=-1, error=null}
06-15 14:45:45.527 11322 11322 D NowPlayingListener: onPlaybackStateChanged: PlaybackState {state=3, position=16180, buffered position=0, speed=1.0, updated=368167375, actions=-1, custom actions=[], active item id=-1, error=null}
06-15 14:45:45.527 11322 11322 D NowPlayingManager: onClientPlaybackStateUpdate() called with: state = [3], stateChangeTimeMs = [368167375], currentPosMs = [16180]
06-15 14:45:45.527 11322 11322 D NowPlayingManager: onClientPlaybackStateUpdate: Skipped update, state: 3 was unchanged
06-15 14:45:45.532 11322 11322 D NowPlayingManager: onMediaDataUpdated() called with: mediaData = [com.google.android.tvrecommendations.NowPlayingData@1832a93]
06-15 14:45:45.547 11322 11322 D TVNotifService: onTVNotificationPosted StatusBarNotification(pkg=com.google.android.tvrecommendations user=UserHandle{0} id=4321 tag=Notification.NowPlaying key=0|com.google.android.tvrecommendations|4321|Notification.NowPlaying|10087: Notification(channel=now_playing pri=0 contentView=null vibrate=null sound=null defaults=0x0 flags=0x0 color=0x00000000 vis=PRIVATE)) userId: 0
06-15 14:45:46.010 802 1224 V Avrcp : MSG_UPDATE_MEDIA
06-15 14:45:46.010 802 1224 V Avrcp : updatePlaybackState (1): -1Ô×í1(PlaybackState {state=3, position=0, buffered position=0, speed=1.0, updated=368167860, actions=-1, custom actions=[], active item id=-1, error=null})
06-15 14:45:46.011 802 1224 V Avrcp : Media update: id -1Ô×í-1? [MediaAttributes: DÔï»t - by (0 0/0) ]
06-15 14:45:46.011 802 1224 D Avrcp : sendPlayPosNotificationRsp: Not registered or requesting.
06-15 14:45:46.044 11322 11322 D NowPlayingListener: onPlaybackStateChanged: PlaybackState {state=3, position=16612, buffered position=0, speed=1.0, updated=368167892, actions=-1, custom actions=[], active item id=-1, error=null}
06-15 14:45:46.044 11322 11322 D NowPlayingManager: onClientPlaybackStateUpdate() called with: state = [3], stateChangeTimeMs = [368167892], currentPosMs = [16612]
06-15 14:45:46.044 802 1224 V Avrcp : onPlaybackStateChanged: state PlaybackState {state=3, position=16612, buffered position=0, speed=1.0, updated=368167892, actions=-1, custom actions=[], active item id=-1, error=null}
06-15 14:45:46.049 11322 11322 D NowPlayingManager: onMediaDataUpdated() called with: mediaData = [com.google.android.tvrecommendations.NowPlayingData@14afac9]
06-15 14:45:46.061 11322 11322 D TVNotifService: onTVNotificationPosted StatusBarNotification(pkg=com.google.android.tvrecommendations user=UserHandle{0} id=4321 tag=Notification.NowPlaying key=0|com.google.android.tvrecommendations|4321|Notification.NowPlaying|10087: Notification(channel=now_playing pri=0 contentView=null vibrate=null sound=null defaults=0x0 flags=0x0 color=0x00000000 vis=PRIVATE)) userId: 0
06-15 14:45:46.561 802 1224 V Avrcp : onPlaybackStateChanged: state PlaybackState {state=3, position=17221, buffered position=0, speed=1.0, updated=368168409, actions=-1, custom actions=[], active item id=-1, error=null}
06-15 14:45:46.561 11322 11322 D NowPlayingListener: onPlaybackStateChanged: PlaybackState {state=3, position=17221, buffered position=0, speed=1.0, updated=368168409, actions=-1, custom actions=[], active item id=-1, error=null}
06-15 14:45:46.561 11322 11322 D NowPlayingManager: onClientPlaybackStateUpdate() called with: state = [3], stateChangeTimeMs = [368168409], currentPosMs = [17221]
06-15 14:45:46.561 11322 11322 D NowPlayingManager: onClientPlaybackStateUpdate: Skipped update, state: 3 was unchanged
06-15 14:45:46.566 11322 11322 D NowPlayingManager: onMediaDataUpdated() called with: mediaData = [com.google.android.tvrecommendations.NowPlayingData@babdcef]
06-15 14:45:46.578 11322 11322 D TVNotifService: onTVNotificationPosted StatusBarNotification(pkg=com.google.android.tvrecommendations user=UserHandle{0} id=4321 tag=Notification.NowPlaying key=0|com.google.android.tvrecommendations|4321|Notification.NowPlaying|10087: Notification(channel=now_playing pri=0 contentView=null vibrate=null sound=null defaults=0x0 flags=0x0 color=0x00000000 vis=PRIVATE)) userId: 0
06-15 14:45:47.045 802 1224 V Avrcp : MSG_UPDATE_MEDIA
06-15 14:45:47.045 802 1224 V Avrcp : updatePlaybackState (1): -1Ô×í1(PlaybackState {state=3, position=0, buffered position=0, speed=1.0, updated=368168895, actions=-1, custom actions=[], active item id=-1, error=null})
06-15 14:45:47.046 802 1224 V Avrcp : Media update: id -1Ô×í-1? [MediaAttributes: DÔï»t - by (0 0/0) ]
06-15 14:45:47.046 802 1224 D Avrcp : sendPlayPosNotificationRsp: Not registered or requesting.
06-15 14:45:47.077 802 1224 V Avrcp : onPlaybackStateChanged: state PlaybackState {state=3, position=17630, buffered position=0, speed=1.0, updated=368168925, actions=-1, custom actions=[], active item id=-1, error=null}
06-15 14:45:47.077 11322 11322 D NowPlayingListener: onPlaybackStateChanged: PlaybackState {state=3, position=17630, buffered position=0, speed=1.0, updated=368168925, actions=-1, custom actions=[], active item id=-1, error=null}
06-15 14:45:47.078 426 22968 D NvOsDebugPrintf: NVMEDIA: FrameRate(for last 120 frames) = 50.000000, AvgFrameRate = 50.000000
06-15 14:45:47.078 11322 11322 D NowPlayingManager: onClientPlaybackStateUpdate() called with: state = [3], stateChangeTimeMs = [368168925], currentPosMs = [17630]
06-15 14:45:47.079 11322 11322 D NowPlayingManager: onClientPlaybackStateUpdate: Skipped update, state: 3 was unchanged
06-15 14:45:47.083 11322 11322 D NowPlayingManager: onMediaDataUpdated() called with: mediaData = [com.google.android.tvrecommendations.NowPlayingData@d7f7a85]
06-15 14:45:47.098 11322 11322 D TVNotifService: onTVNotificationPosted StatusBarNotification(pkg=com.google.android.tvrecommendations user=UserHandle{0} id=4321 tag=Notification.NowPlaying key=0|com.google.android.tvrecommendations|4321|Notification.NowPlaying|10087: Notification(channel=now_playing pri=0 contentView=null vibrate=null sound=null defaults=0x0 flags=0x0 color=0x00000000 vis=PRIVATE)) userId: 0
06-15 14:45:47.235 700 761 D WindowManager: handleComboKeys keyCode: 43, keyAction: 0
