06-15 14:47:21.842 11322 11322 D TVNotifService: onTVNotificationPosted StatusBarNotification(pkg=com.google.android.tvrecommendations user=UserHandle{0} id=4321 tag=Notification.NowPlaying key=0|com.google.android.tvrecommendations|4321|Notification.NowPlaying|10087: Notification(channel=now_playing pri=0 contentView=null vibrate=null sound=null defaults=0x0 flags=0x0 color=0x00000000 vis=PRIVATE)) userId: 0
06-15 14:47:22.014 700 761 D WindowManager: handleComboKeys keyCode: 20, keyAction: 1
06-15 14:47:22.016 22018 22038 V Kodi : process_input: Failure reading next input event: Try again
06-15 14:47:22.016 22018 22038 V Kodi : CAndroidKey: key up (dev:3; src:769; code: 20; repeat: 0; flags: 0x8; alt: no; shift: no; sym: no)
06-15 14:47:22.052 802 1224 V Avrcp : onMetadataChanged
06-15 14:47:22.053 11322 11322 D NowPlayingManager: onMediaDataUpdated() called with: mediaData = [com.google.android.tvrecommendations.NowPlayingData@f70bcf3]
06-15 14:47:22.058 371 371 W Layer : [SurfaceView - org.xbmc.kodinerds/org.xbmc.kodinerds.Main#1] Timestamp 368265706680776 seems implausible relative to expectedPresent 368263924211649
06-15 14:47:22.062 11322 11322 D TVNotifService: onTVNotificationPosted StatusBarNotification(pkg=com.google.android.tvrecommendations user=UserHandle{0} id=4321 tag=Notification.NowPlaying key=0|com.google.android.tvrecommendations|4321|Notification.NowPlaying|10087: Notification(channel=now_playing pri=0 contentView=null vibrate=null sound=null defaults=0x0 flags=0x0 color=0x00000000 vis=PRIVATE)) userId: 0
06-15 14:47:22.312 802 1224 V Avrcp : MSG_UPDATE_MEDIA
06-15 14:47:22.312 802 1224 V Avrcp : updatePlaybackState (1): -1Ô×í1(PlaybackState {state=3, position=4243, buffered position=0, speed=1.0, updated=368264162, actions=-1, custom actions=[], active item id=-1, error=null})
06-15 14:47:22.313 802 1224 V Avrcp : Media update: id -1Ô×í-1? [MediaAttributes: ZÔï»n - by (7936 0/0) ]
06-15 14:47:22.313 802 1224 D Avrcp : sendTrackChangedRsp: Not registered or registering.
06-15 14:47:22.313 802 1224 D Avrcp : sendPlayPosNotificationRsp: Not registered or requesting.
06-15 14:47:22.343 802 1224 V Avrcp : onPlaybackStateChanged: state PlaybackState {state=3, position=7953, buffered position=0, speed=1.0, updated=368264192, actions=-1, custom actions=[], active item id=-1, error=null}
06-15 14:47:22.343 11322 11322 D NowPlayingListener: onPlaybackStateChanged: PlaybackState {state=3, position=7953, buffered position=0, speed=1.0, updated=368264192, actions=-1, custom actions=[], active item id=-1, error=null}
06-15 14:47:22.343 11322 11322 D NowPlayingManager: onClientPlaybackStateUpdate() called with: state = [3], stateChangeTimeMs = [368264192], currentPosMs = [7953]
06-15 14:47:22.343 11322 11322 D NowPlayingManager: onClientPlaybackStateUpdate: Skipped update, state: 3 was unchanged
06-15 14:47:22.344 11322 11322 D NowPlayingManager: onMediaDataUpdated() called with: mediaData = [com.google.android.tvrecommendations.NowPlayingData@289c429]
06-15 14:47:22.352 11322 11322 D TVNotifService: onTVNotificationPosted StatusBarNotification(pkg=com.google.android.tvrecommendations user=UserHandle{0} id=4321 tag=Notification.NowPlaying key=0|com.google.android.tvrecommendations|4321|Notification.NowPlaying|10087: Notification(channel=now_playing pri=0 contentView=null vibrate=null sound=null defaults=0x0 flags=0x0 color=0x00000000 vis=PRIVATE)) userId: 0
06-15 14:47:22.488 700 761 D WindowManager: handleComboKeys keyCode: 22, keyAction: 0
06-15 14:47:22.490 22018 22038 V Kodi : process_input: Failure reading next input event: Try again
06-15 14:47:22.490 22018 22038 V Kodi : CAndroidKey: key down (dev:3; src:769; code: 22; repeat: 0; flags: 0x8; alt: no; shift: no; sym: no)
06-15 14:47:22.665 700 761 D WindowManager: handleComboKeys keyCode: 22, keyAction: 1
06-15 14:47:22.666 22018 22038 V Kodi : process_input: Failure reading next input event: Try again
06-15 14:47:22.666 22018 22038 V Kodi : CAndroidKey: key up (dev:3; src:769; code: 22; repeat: 0; flags: 0x8; alt: no; shift: no; sym: no)
06-15 14:47:22.859 11322 11322 D NowPlayingListener: onPlaybackStateChanged: PlaybackState {state=3, position=8327, buffered position=0, speed=1.0, updated=368264708, actions=-1, custom actions=[], active item id=-1, error=null}
06-15 14:47:22.859 802 1224 V Avrcp : onPlaybackStateChanged: state PlaybackState {state=3, position=8327, buffered position=0, speed=1.0, updated=368264708, actions=-1, custom actions=[], active item id=-1, error=null}
06-15 14:47:22.859 11322 11322 D NowPlayingManager: onClientPlaybackStateUpdate() called with: state = [3], stateChangeTimeMs = [368264708], currentPosMs = [8327]
06-15 14:47:22.859 11322 11322 D NowPlayingManager: onClientPlaybackStateUpdate: Skipped update, state: 3 was unchanged
06-15 14:47:22.861 11322 11322 D NowPlayingManager: onMediaDataUpdated() called with: mediaData = [com.google.android.tvrecommendations.NowPlayingData@250354f]
06-15 14:47:22.869 11322 11322 D TVNotifService: onTVNotificationPosted StatusBarNotification(pkg=com.google.android.tvrecommendations user=UserHandle{0} id=4321 tag=Notification.NowPlaying key=0|com.google.android.tvrecommendations|4321|Notification.NowPlaying|10087: Notification(channel=now_playing pri=0 contentView=null vibrate=null sound=null defaults=0x0 flags=0x0 color=0x00000000 vis=PRIVATE)) userId: 0
06-15 14:47:23.260 11322 11322 D NowPlayingListener: onPlaybackStateChanged: PlaybackState {state=3, position=8708, buffered position=0, speed=1.0, updated=368265109, actions=-1, custom actions=[], active item id=-1, error=null}
06-15 14:47:23.260 11322 11322 D NowPlayingManager: onClientPlaybackStateUpdate() called with: state = [3], stateChangeTimeMs = [368265109], currentPosMs = [8708]
06-15 14:47:23.260 11322 11322 D NowPlayingManager: onClientPlaybackStateUpdate: Skipped update, state: 3 was unchanged
06-15 14:47:23.262 802 1224 V Avrcp : onPlaybackStateChanged: state PlaybackState {state=3, position=8708, buffered position=0, speed=1.0, updated=368265109, actions=-1, custom actions=[], active item id=-1, error=null}
06-15 14:47:23.262 11322 11322 D NowPlayingManager: onMediaDataUpdated() called with: mediaData = [com.google.android.tvrecommendations.NowPlayingData@d179e5]
06-15 14:47:23.271 11322 11322 D TVNotifService: onTVNotificationPosted StatusBarNotification(pkg=com.google.android.tvrecommendations user=UserHandle{0} id=4321 tag=Notification.NowPlaying key=0|com.google.android.tvrecommendations|4321|Notification.NowPlaying|10087: Notification(channel=now_playing pri=0 contentView=null vibrate=null sound=null defaults=0x0 flags=0x0 color=0x00000000 vis=PRIVATE)) userId: 0
06-15 14:47:23.342 802 1224 V Avrcp : MSG_UPDATE_MEDIA
06-15 14:47:23.343 802 1224 V Avrcp : updatePlaybackState (1): -1Ô×í1(PlaybackState {state=3, position=7936, buffered position=0, speed=1.0, updated=368265192, actions=-1, custom actions=[], active item id=-1, error=null})
06-15 14:47:23.345 802 1224 V Avrcp : Media update: id -1Ô×í-1? [MediaAttributes: ZÔï»n - by (7936 0/0) ]
06-15 14:47:23.345 802 1224 D Avrcp : sendPlayPosNotificationRsp: Not registered or requesting.
06-15 14:47:23.346 22018 22972 E NdkMediaCodec: sf error code: -13
06-15 14:47:23.348 802 1220 D bt_btm_pm: Sniff Interval For Device MAC 00:04:20:f5:f5:a8 is 33.750000 msec.
06-15 14:47:23.376 11322 11322 D NowPlayingListener: onPlaybackStateChanged: PlaybackState {state=3, position=8708, buffered position=0, speed=1.0, updated=368265225, actions=-1, custom actions=[], active item id=-1, error=null}
06-15 14:47:23.376 11322 11322 D NowPlayingManager: onClientPlaybackStateUpdate() called with: state = [3], stateChangeTimeMs = [368265225], currentPosMs = [8708]
06-15 14:47:23.376 11322 11322 D NowPlayingManager: onClientPlaybackStateUpdate: Skipped update, state: 3 was unchanged
06-15 14:47:23.376 802 1224 V Avrcp : onPlaybackStateChanged: state PlaybackState {state=3, position=8708, buffered position=0, speed=1.0, updated=368265225, actions=-1, custom actions=[], active item id=-1, error=null}
06-15 14:47:23.377 11322 11322 D NowPlayingManager: onMediaDataUpdated() called with: mediaData = [com.google.android.tvrecommendations.NowPlayingData@a04d76b]
06-15 14:47:23.385 11322 11322 D TVNotifService: onTVNotificationPosted StatusBarNotification(pkg=com.google.android.tvrecommendations user=UserHandle{0} id=4321 tag=Notification.NowPlaying key=0|com.google.android.tvrecommendations|4321|Notification.NowPlaying|10087: Notification(channel=now_playing pri=0 contentView=null vibrate=null sound=null defaults=0x0 flags=0x0 color=0x00000000 vis=PRIVATE)) userId: 0
06-15 14:47:23.720 426 23164 D NvOsDebugPrintf: reference in DPB was never decoded
06-15 14:47:23.893 802 1224 V Avrcp : onPlaybackStateChanged: state PlaybackState {state=3, position=9784, buffered position=0, speed=1.0, updated=368265742, actions=-1, custom actions=[], active item id=-1, error=null}
06-15 14:47:23.893 11322 11322 D NowPlayingListener: onPlaybackStateChanged: PlaybackState {state=3, position=9784, buffered position=0, speed=1.0, updated=368265742, actions=-1, custom actions=[], active item id=-1, error=null}
06-15 14:47:23.893 11322 11322 D NowPlayingManager: onClientPlaybackStateUpdate() called with: state = [3], stateChangeTimeMs = [368265742], currentPosMs = [9784]
06-15 14:47:23.893 11322 11322 D NowPlayingManager: onClientPlaybackStateUpdate: Skipped update, state: 3 was unchanged
06-15 14:47:23.895 11322 11322 D NowPlayingManager: onMediaDataUpdated() called with: mediaData = [com.google.android.tvrecommendations.NowPlayingData@124cf61]
06-15 14:47:23.902 11322 11322 D TVNotifService: onTVNotificationPosted StatusBarNotification(pkg=com.google.android.tvrecommendations user=UserHandle{0} id=4321 tag=Notification.NowPlaying key=0|com.google.android.tvrecommendations|4321|Notification.NowPlaying|10087: Notification(channel=now_playing pri=0 contentView=null vibrate=null sound=null defaults=0x0 flags=0x0 color=0x00000000 vis=PRIVATE)) userId: 0
06-15 14:47:24.377 802 1224 V Avrcp : MSG_UPDATE_MEDIA
06-15 14:47:24.378 802 1224 V Avrcp : updatePlaybackState (1): -1Ô×í1(PlaybackState {state=3, position=7936, buffered position=0, speed=1.0, updated=368266227, actions=-1, custom actions=[], active item id=-1, error=null})
06-15 14:47:24.378 802 1224 V Avrcp : Media update: id -1Ô×í-1? [MediaAttributes: ZÔï»n - by (7936 0/0) ]
06-15 14:47:24.378 802 1224 D Avrcp : sendPlayPosNotificationRsp: Not registered or requesting.
06-15 14:47:24.410 802 1224 V Avrcp : onPlaybackStateChanged: state PlaybackState {state=3, position=10187, buffered position=0, speed=1.0, updated=368266259, actions=-1, custom actions=[], active item id=-1, error=null}
06-15 14:47:24.410 11322 11322 D NowPlayingManager: onClientPlaybackStateUpdate() called with: state = [3], stateChangeTimeMs = [368266259], currentPosMs = [10187]
06-15 14:47:24.410 11322 11322 D NowPlayingManager: onClientPlaybackStateUpdate: Skipped update, state: 3 was unchanged
06-15 14:47:24.412 11322 11322 D NowPlayingManager: onMediaDataUpdated() called with: mediaData = [com.google.android.tvrecommendations.NowPlayingData@e177f47]
06-15 14:47:24.420 11322 11322 D TVNotifService: onTVNotificationPosted StatusBarNotification(pkg=com.google.android.tvrecommendations user=UserHandle{0} id=4321 tag=Notification.NowPlaying key=0|com.google.android.tvrecommendations|4321|Notification.NowPlaying|10087: Notification(channel=now_playing pri=0 contentView=null vibrate=null sound=null defaults=0x0 flags=0x0 color=0x00000000 vis=PRIVATE)) userId: 0
06-15 14:47:24.927 802 1224 V Avrcp : onPlaybackStateChanged: state PlaybackState {state=3, position=10477, buffered position=0, speed=1.0, updated=368266775, actions=-1, custom actions=[], active item id=-1, error=null}
06-15 14:47:24.927 11322 11322 D NowPlayingListener: onPlaybackStateChanged: PlaybackState {state=3, position=10477, buffered position=0, speed=1.0, updated=368266775, actions=-1, custom actions=[], active item id=-1, error=null}
06-15 14:47:24.927 11322 11322 D NowPlayingManager: onClientPlaybackStateUpdate() called with: state = [3], stateChangeTimeMs = [368266775], currentPosMs = [10477]
06-15 14:47:24.927 11322 11322 D NowPlayingManager: onClientPlaybackStateUpdate: Skipped update, state: 3 was unchanged
06-15 14:47:24.929 11322 11322 D NowPlayingManager: onMediaDataUpdated() called with: mediaData = [com.google.android.tvrecommendations.NowPlayingData@6fe009d]
06-15 14:47:24.939 11322 11322 D TVNotifService: onTVNotificationPosted StatusBarNotification(pkg=com.google.android.tvrecommendations user=UserHandle{0} id=4321 tag=Notification.NowPlaying key=0|com.google.android.tvrecommendations|4321|Notification.NowPlaying|10087: Notification(channel=now_playing pri=0 contentView=null vibrate=null sound=null defaults=0x0 flags=0x0 color=0x00000000 vis=PRIVATE)) userId: 0
06-15 14:47:25.279 700 761 D WindowManager: handleComboKeys keyCode: 20, keyAction: 0
06-15 14:47:25.280 22018 22038 V Kodi : process_input: Failure reading next input event: Try again
06-15 14:47:25.281 22018 22038 V Kodi : CAndroidKey: key down (dev:3; src:769; code: 20; repeat: 0; flags: 0x8; alt: no; shift: no; sym: no)
06-15 14:47:25.283 700 761 D WindowManager: handleComboKeys keyCode: 20, keyAction: 1
06-15 14:47:25.284 22018 22038 V Kodi : process_input: Failure reading next input event: Try again
06-15 14:47:25.284 22018 22038 V Kodi : CAndroidKey: key up (dev:3; src:769; code: 20; repeat: 0; flags: 0x8; alt: no; shift: no; sym: no)
06-15 14:47:25.316 802 1224 V Avrcp : onMetadataChanged
06-15 14:47:25.318 11322 11322 D NowPlayingManager: onMediaDataUpdated() called with: mediaData = [com.google.android.tvrecommendations.NowPlayingData@bc2c8e3]
06-15 14:47:25.325 11322 11322 D TVNotifService: onTVNotificationPosted StatusBarNotification(pkg=com.google.android.tvrecommendations user=UserHandle{0} id=4321 tag=Notification.NowPlaying key=0|com.google.android.tvrecommendations|4321|Notification.NowPlaying|10087: Notification(channel=now_playing pri=0 contentView=null vibrate=null sound=null defaults=0x0 flags=0x0 color=0x00000000 vis=PRIVATE)) userId: 0
06-15 14:47:25.411 802 1224 V Avrcp : MSG_UPDATE_MEDIA
06-15 14:47:25.412 802 1224 V Avrcp : updatePlaybackState (1): -1Ô×í1(PlaybackState {state=3, position=10963, buffered position=0, speed=1.0, updated=368267261, actions=-1, custom actions=[], active item id=-1, error=null})
06-15 14:47:25.412 802 1224 V Avrcp : Media update: id -1Ô×í-1? [MediaAttributes: MÔï»2 - by (11456 0/0) ]
06-15 14:47:25.412 802 1224 D Avrcp : sendTrackChangedRsp: Not registered or registering.
06-15 14:47:25.413 802 1224 D Avrcp : sendPlayPosNotificationRsp: Not registered or requesting.
06-15 14:47:25.443 802 1224 V Avrcp : onPlaybackStateChanged: state PlaybackState {state=3, position=11038, buffered position=0, speed=1.0, updated=368267292, actions=-1, custom actions=[], active item id=-1, error=null}
06-15 14:47:25.443 11322 11322 D NowPlayingListener: onPlaybackStateChanged: PlaybackState {state=3, position=11038, buffered position=0, speed=1.0, updated=368267292, actions=-1, custom actions=[], active item id=-1, error=null}
06-15 14:47:25.443 11322 11322 D NowPlayingManager: onClientPlaybackStateUpdate() called with: state = [3], stateChangeTimeMs = [368267292], currentPosMs = [11038]
06-15 14:47:25.443 11322 11322 D NowPlayingManager: onClientPlaybackStateUpdate: Skipped update, state: 3 was unchanged
06-15 14:47:25.444 11322 11322 D NowPlayingManager: onMediaDataUpdated() called with: mediaData = [com.google.android.tvrecommendations.NowPlayingData@93f0999]
06-15 14:47:25.452 11322 11322 D TVNotifService: onTVNotificationPosted StatusBarNotification(pkg=com.google.android.tvrecommendations user=UserHandle{0} id=4321 tag=Notification.NowPlaying key=0|com.google.android.tvrecommendations|4321|Notification.NowPlaying|10087: Notification(channel=now_playing pri=0 contentView=null vibrate=null sound=null defaults=0x0 flags=0x0 color=0x00000000 vis=PRIVATE)) userId: 0
06-15 14:47:25.960 802 1224 V Avrcp : onPlaybackStateChanged: state PlaybackState {state=3, position=11627, buffered position=0, speed=1.0, updated=368267808, actions=-1, custom actions=[], active item id=-1, error=null}
06-15 14:47:25.960 11322 11322 D NowPlayingListener: onPlaybackStateChanged: PlaybackState {state=3, position=11627, buffered position=0, speed=1.0, updated=368267808, actions=-1, custom actions=[], active item id=-1, error=null}
06-15 14:47:25.960 11322 11322 D NowPlayingManager: onClientPlaybackStateUpdate() called with: state = [3], stateChangeTimeMs = [368267808], currentPosMs = [11627]
06-15 14:47:25.960 11322 11322 D NowPlayingManager: onClientPlaybackStateUpdate: Skipped update, state: 3 was unchanged
06-15 14:47:25.963 11322 11322 D NowPlayingManager: onMediaDataUpdated() called with: mediaData = [com.google.android.tvrecommendations.NowPlayingData@f4f103f]
06-15 14:47:25.971 11322 11322 D TVNotifService: onTVNotificationPosted StatusBarNotification(pkg=com.google.android.tvrecommendations user=UserHandle{0} id=4321 tag=Notification.NowPlaying key=0|com.google.android.tvrecommendations|4321|Notification.NowPlaying|10087: Notification(channel=now_playing pri=0 contentView=null vibrate=null sound=null defaults=0x0 flags=0x0 color=0x00000000 vis=PRIVATE)) userId: 0
06-15 14:47:26.248 700 761 D WindowManager: handleComboKeys keyCode: 111, keyAction: 0
06-15 14:47:26.250 22018 22038 V Kodi : process_input: Failure reading next input event: Try again
06-15 14:47:26.250 22018 22038 V Kodi : CAndroidKey: key down (dev:3; src:769; code: 111; repeat: 0; flags: 0x8; alt: no; shift: no; sym: no)
06-15 14:47:26.413 700 761 D WindowManager: handleComboKeys keyCode: 111, keyAction: 1
06-15 14:47:26.414 22018 22038 V Kodi : process_input: Failure reading next input event: Try again
06-15 14:47:26.414 22018 22038 V Kodi : CAndroidKey: key up (dev:3; src:769; code: 111; repeat: 0; flags: 0x8; alt: no; shift: no; sym: no)
06-15 14:47:26.443 802 1224 V Avrcp : MSG_UPDATE_MEDIA
06-15 14:47:26.444 802 1224 V Avrcp : updatePlaybackState (1): -1Ô×í1(PlaybackState {state=3, position=11456, buffered position=0, speed=1.0, updated=368268293, actions=-1, custom actions=[], active item id=-1, error=null})
06-15 14:47:26.444 802 1224 V Avrcp : Media update: id -1Ô×í-1? [MediaAttributes: MÔï»2 - by (11456 0/0) ]
06-15 14:47:26.445 802 1224 D Avrcp : sendPlayPosNotificationRsp: Not registered or requesting.
06-15 14:47:26.662 11322 11322 D NowPlayingListener: onPlaybackStateChanged: PlaybackState {state=3, position=12272, buffered position=0, speed=1.0, updated=368268511, actions=-1, custom actions=[], active item id=-1, error=null}
06-15 14:47:26.662 11322 11322 D NowPlayingManager: onClientPlaybackStateUpdate() called with: state = [3], stateChangeTimeMs = [368268511], currentPosMs = [12272]
06-15 14:47:26.662 802 1224 V Avrcp : onPlaybackStateChanged: state PlaybackState {state=3, position=12272, buffered position=0, speed=1.0, updated=368268511, actions=-1, custom actions=[], active item id=-1, error=null}
06-15 14:47:26.662 11322 11322 D NowPlayingManager: onClientPlaybackStateUpdate: Skipped update, state: 3 was unchanged
06-15 14:47:26.663 11322 11322 D NowPlayingManager: onMediaDataUpdated() called with: mediaData = [com.google.android.tvrecommendations.NowPlayingData@eda655]
06-15 14:47:26.679 11322 11322 D TVNotifService: onTVNotificationPosted StatusBarNotification(pkg=com.google.android.tvrecommendations user=UserHandle{0} id=4321 tag=Notification.NowPlaying key=0|com.google.android.tvrecommendations|4321|Notification.NowPlaying|10087: Notification(channel=now_playing pri=0 contentView=null vibrate=null sound=null defaults=0x0 flags=0x0 color=0x00000000 vis=PRIVATE)) userId: 0
06-15 14:47:26.996 426 23164 D NvOsDebugPrintf: NVMEDIA: FrameRate(for last 120 frames) = 50.000000, AvgFrameRate = 50.000000
06-15 14:47:27.176 11322 11322 D NowPlayingListener: onPlaybackStateChanged: PlaybackState {state=3, position=12964, buffered position=0, speed=1.0, updated=368269025, actions=-1, custom actions=[], active item id=-1, error=null}
06-15 14:47:27.176 11322 11322 D NowPlayingManager: onClientPlaybackStateUpdate() called with: state = [3], stateChangeTimeMs = [368269025], currentPosMs = [12964]
06-15 14:47:27.176 11322 11322 D NowPlayingManager: onClientPlaybackStateUpdate: Skipped update, state: 3 was unchanged
06-15 14:47:27.177 802 1224 V Avrcp : onPlaybackStateChanged: state PlaybackState {state=3, position=12964, buffered position=0, speed=1.0, updated=368269025, actions=-1, custom actions=[], active item id=-1, error=null}
06-15 14:47:27.179 11322 11322 D NowPlayingManager: onMediaDataUpdated() called with: mediaData = [com.google.android.tvrecommendations.NowPlayingData@72e715b]
06-15 14:47:27.188 11322 11322 D TVNotifService: onTVNotificationPosted StatusBarNotification(pkg=com.google.android.tvrecommendations user=UserHandle{0} id=4321 tag=Notification.NowPlaying key=0|com.google.android.tvrecommendations|4321|Notification.NowPlaying|10087: Notification(channel=now_playing pri=0 contentView=null vibrate=null sound=null defaults=0x0 flags=0x0 color=0x00000000 vis=PRIVATE)) userId: 0
06-15 14:47:27.663 802 1224 V Avrcp : MSG_UPDATE_MEDIA
06-15 14:47:27.663 802 1224 V Avrcp : updatePlaybackState (1): -1Ô×í1(PlaybackState {state=3, position=11456, buffered position=0, speed=1.0, updated=368269513, actions=-1, custom actions=[], active item id=-1, error=null})
06-15 14:47:27.664 802 1224 V Avrcp : Media update: id -1Ô×í-1? [MediaAttributes: MÔï»2 - by (11456 0/0) ]
06-15 14:47:27.664 802 1224 D Avrcp : sendPlayPosNotificationRsp: Not registered or requesting.
06-15 14:47:27.693 802 1224 V Avrcp : onPlaybackStateChanged: state PlaybackState {state=3, position=12964, buffered position=0, speed=1.0, updated=368269542, actions=-1, custom actions=[], active item id=-1, error=null}
06-15 14:47:27.693 11322 11322 D NowPlayingListener: onPlaybackStateChanged: PlaybackState {state=3, position=12964, buffered position=0, speed=1.0, updated=368269542, actions=-1, custom actions=[], active item id=-1, error=null}
06-15 14:47:27.693 11322 11322 D NowPlayingManager: onClientPlaybackStateUpdate() called with: state = [3], stateChangeTimeMs = [368269542], currentPosMs = [12964]
06-15 14:47:27.693 11322 11322 D NowPlayingManager: onClientPlaybackStateUpdate: Skipped update, state: 3 was unchanged
06-15 14:47:27.694 11322 11322 D NowPlayingManager: onMediaDataUpdated() called with: mediaData = [com.google.android.tvrecommendations.NowPlayingData@7af52d1]
06-15 14:47:27.706 11322 11322 D TVNotifService: onTVNotificationPosted StatusBarNotification(pkg=com.google.android.tvrecommendations user=UserHandle{0} id=4321 tag=Notification.NowPlaying key=0|com.google.android.tvrecommendations|4321|Notification.NowPlaying|10087: Notification(channel=now_playing pri=0 contentView=null vibrate=null sound=null defaults=0x0 flags=0x0 color=0x00000000 vis=PRIVATE)) userId: 0
06-15 14:47:28.209 802 1224 V Avrcp : onPlaybackStateChanged: state PlaybackState {state=3, position=12964, buffered position=0, speed=1.0, updated=368270058, actions=-1, custom actions=[], active item id=-1, error=null}
06-15 14:47:28.209 11322 11322 D NowPlayingListener: onPlaybackStateChanged: PlaybackState {state=3, position=12964, buffered position=0, speed=1.0, updated=368270058, actions=-1, custom actions=[], active item id=-1, error=null}
06-15 14:47:28.209 11322 11322 D NowPlayingManager: onClientPlaybackStateUpdate() called with: state = [3], stateChangeTimeMs = [368270058], currentPosMs = [12964]
06-15 14:47:28.210 11322 11322 D NowPlayingManager: onClientPlaybackStateUpdate: Skipped update, state: 3 was unchanged
06-15 14:47:28.211 11322 11322 D NowPlayingManager: onMediaDataUpdated() called with: mediaData = [com.google.android.tvrecommendations.NowPlayingData@cd8c837]
06-15 14:47:28.219 11322 11322 D TVNotifService: onTVNotificationPosted StatusBarNotification(pkg=com.google.android.tvrecommendations user=UserHandle{0} id=4321 tag=Notification.NowPlaying key=0|com.google.android.tvrecommendations|4321|Notification.NowPlaying|10087: Notification(channel=now_playing pri=0 contentView=null vibrate=null sound=null defaults=0x0 flags=0x0 color=0x00000000 vis=PRIVATE)) userId: 0
06-15 14:47:28.693 802 1224 V Avrcp : MSG_UPDATE_MEDIA
06-15 14:47:28.693 802 1224 V Avrcp : updatePlaybackState (1): -1Ô×í1(PlaybackState {state=3, position=11456, buffered position=0, speed=1.0, updated=368270543, actions=-1, custom actions=[], active item id=-1, error=null})
06-15 14:47:28.694 802 1224 V Avrcp : Media update: id -1Ô×í-1? [MediaAttributes: MÔï»2 - by (11456 0/0) ]
06-15 14:47:28.694 802 1224 D Avrcp : sendPlayPosNotificationRsp: Not registered or requesting.
06-15 14:47:28.726 802 1224 V Avrcp : onPlaybackStateChanged: state PlaybackState {state=3, position=12964, buffered position=0, speed=1.0, updated=368270575, actions=-1, custom actions=[], active item id=-1, error=null}
06-15 14:47:28.726 11322 11322 D NowPlayingListener: onPlaybackStateChanged: PlaybackState {state=3, position=12964, buffered position=0, speed=1.0, updated=368270575, actions=-1, custom actions=[], active item id=-1, error=null}
06-15 14:47:28.726 11322 11322 D NowPlayingManager: onClientPlaybackStateUpdate() called with: state = [3], stateChangeTimeMs = [368270575], currentPosMs = [12964]
06-15 14:47:28.726 11322 11322 D NowPlayingManager: onClientPlaybackStateUpdate: Skipped update, state: 3 was unchanged
06-15 14:47:28.728 11322 11322 D NowPlayingManager: onMediaDataUpdated() called with: mediaData = [com.google.android.tvrecommendations.NowPlayingData@2054b0d]
06-15 14:47:28.736 11322 11322 D TVNotifService: onTVNotificationPosted StatusBarNotification(pkg=com.google.android.tvrecommendations user=UserHandle{0} id=4321 tag=Notification.NowPlaying key=0|com.google.android.tvrecommendations|4321|Notification.NowPlaying|10087: Notification(channel=now_playing pri=0 contentView=null vibrate=null sound=null defaults=0x0 flags=0x0 color=0x00000000 vis=PRIVATE)) userId: 0
06-15 14:47:29.243 802 1224 V Avrcp : onPlaybackStateChanged: state PlaybackState {state=3, position=12964, buffered position=0, speed=1.0, updated=368271092, actions=-1, custom actions=[], active item id=-1, error=null}
06-15 14:47:29.243 11322 11322 D NowPlayingListener: onPlaybackStateChanged: PlaybackState {state=3, position=12964, buffered position=0, speed=1.0, updated=368271092, actions=-1, custom actions=[], active item id=-1, error=null}
06-15 14:47:29.243 11322 11322 D NowPlayingManager: onClientPlaybackStateUpdate() called with: state = [3], stateChangeTimeMs = [368271092], currentPosMs = [12964]
06-15 14:47:29.243 11322 11322 D NowPlayingManager: onClientPlaybackStateUpdate: Skipped update, state: 3 was unchanged
06-15 14:47:29.245 11322 11322 D NowPlayingManager: onMediaDataUpdated() called with: mediaData = [com.google.android.tvrecommendations.NowPlayingData@f67b0d3]
06-15 14:47:29.252 11322 11322 D TVNotifService: onTVNotificationPosted StatusBarNotification(pkg=com.google.android.tvrecommendations user=UserHandle{0} id=4321 tag=Notification.NowPlaying key=0|com.google.android.tvrecommendations|4321|Notification.NowPlaying|10087: Notification(channel=now_playing pri=0 contentView=null vibrate=null sound=null defaults=0x0 flags=0x0 color=0x00000000 vis=PRIVATE)) userId: 0
06-15 14:47:29.401 700 761 D WindowManager: handleComboKeys keyCode: 111, keyAction: 0
06-15 14:47:29.402 22018 22038 V Kodi : process_input: Failure reading next input event: Try again
06-15 14:47:29.403 22018 22038 V Kodi : CAndroidKey: key down (dev:3; src:769; code: 111; repeat: 0; flags: 0x8; alt: no; shift: no; sym: no)
06-15 14:47:29.570 700 761 D WindowManager: handleComboKeys keyCode: 111, keyAction: 1
06-15 14:47:29.571 22018 22038 V Kodi : process_input: Failure reading next input event: Try again
06-15 14:47:29.572 22018 22038 V Kodi : CAndroidKey: key up (dev:3; src:769; code: 111; repeat: 0; flags: 0x8; alt: no; shift: no; sym: no)
06-15 14:47:29.726 802 1224 V Avrcp : MSG_UPDATE_MEDIA
06-15 14:47:29.727 802 1224 V Avrcp : updatePlaybackState (1): -1Ô×í1(PlaybackState {state=3, position=11456, buffered position=0, speed=1.0, updated=368271576, actions=-1, custom actions=[], active item id=-1, error=null})
06-15 14:47:29.728 802 1224 V Avrcp : Media update: id -1Ô×í-1? [MediaAttributes: MÔï»2 - by (11456 0/0) ]
06-15 14:47:29.728 802 1224 D Avrcp : sendPlayPosNotificationRsp: Not registered or requesting.
06-15 14:47:29.929 802 1224 V Avrcp : onPlaybackStateChanged: state PlaybackState {state=3, position=12964, buffered position=0, speed=1.0, updated=368271778, actions=-1, custom actions=[], active item id=-1, error=null}
06-15 14:47:29.929 11322 11322 D NowPlayingListener: onPlaybackStateChanged: PlaybackState {state=3, position=12964, buffered position=0, speed=1.0, updated=368271778, actions=-1, custom actions=[], active item id=-1, error=null}
06-15 14:47:29.929 11322 11322 D NowPlayingManager: onClientPlaybackStateUpdate() called with: state = [3], stateChangeTimeMs = [368271778], currentPosMs = [12964]
06-15 14:47:29.929 11322 11322 D NowPlayingManager: onClientPlaybackStateUpdate: Skipped update, state: 3 was unchanged
06-15 14:47:29.931 11322 11322 D NowPlayingManager: onMediaDataUpdated() called with: mediaData = [com.google.android.tvrecommendations.NowPlayingData@1488b09]
06-15 14:47:29.947 11322 11322 D TVNotifService: onTVNotificationPosted StatusBarNotification(pkg=com.google.android.tvrecommendations user=UserHandle{0} id=4321 tag=Notification.NowPlaying key=0|com.google.android.tvrecommendations|4321|Notification.NowPlaying|10087: Notification(channel=now_playing pri=0 contentView=null vibrate=null sound=null defaults=0x0 flags=0x0 color=0x00000000 vis=PRIVATE)) userId: 0
06-15 14:47:30.322 802 1224 V Avrcp : onMetadataChanged
06-15 14:47:30.323 11322 11322 D NowPlayingManager: onMediaDataUpdated() called with: mediaData = [com.google.android.tvrecommendations.NowPlayingData@bf2872f]
06-15 14:47:30.337 11322 11322 D TVNotifService: onTVNotificationPosted StatusBarNotification(pkg=com.google.android.tvrecommendations user=UserHandle{0} id=4321 tag=Notification.NowPlaying key=0|com.google.android.tvrecommendations|4321|Notification.NowPlaying|10087: Notification(channel=now_playing pri=0 contentView=null vibrate=null sound=null defaults=0x0 flags=0x0 color=0x00000000 vis=PRIVATE)) userId: 0
06-15 14:47:30.444 802 1224 V Avrcp : onPlaybackStateChanged: state PlaybackState {state=3, position=12964, buffered position=0, speed=1.0, updated=368272293, actions=-1, custom actions=[], active item id=-1, error=null}
06-15 14:47:30.445 11322 11322 D NowPlayingListener: onPlaybackStateChanged: PlaybackState {state=3, position=12964, buffered position=0, speed=1.0, updated=368272293, actions=-1, custom actions=[], active item id=-1, error=null}
06-15 14:47:30.445 11322 11322 D NowPlayingManager: onClientPlaybackStateUpdate() called with: state = [3], stateChangeTimeMs = [368272293], currentPosMs = [12964]
06-15 14:47:30.446 11322 11322 D NowPlayingManager: onClientPlaybackStateUpdate: Skipped update, state: 3 was unchanged
06-15 14:47:30.447 11322 11322 D NowPlayingManager: onMediaDataUpdated() called with: mediaData = [com.google.android.tvrecommendations.NowPlayingData@965cec5]
06-15 14:47:30.458 11322 11322 D TVNotifService: onTVNotificationPosted StatusBarNotification(pkg=com.google.android.tvrecommendations user=UserHandle{0} id=4321 tag=Notification.NowPlaying key=0|com.google.android.tvrecommendations|4321|Notification.NowPlaying|10087: Notification(channel=now_playing pri=0 contentView=null vibrate=null sound=null defaults=0x0 flags=0x0 color=0x00000000 vis=PRIVATE)) userId: 0
06-15 14:47:30.930 802 1224 V Avrcp : MSG_UPDATE_MEDIA
06-15 14:47:30.930 802 1224 V Avrcp : updatePlaybackState (1): -1Ô×í1(PlaybackState {state=3, position=13451, buffered position=0, speed=1.0, updated=368272780, actions=-1, custom actions=[], active item id=-1, error=null})
06-15 14:47:30.931 802 1224 V Avrcp : Media update: id -1Ô×í-1? [MediaAttributes: DÔï»n - by (16096 0/0) ]
06-15 14:47:30.931 802 1224 D Avrcp : sendTrackChangedRsp: Not registered or registering.
06-15 14:47:30.931 802 1224 D Avrcp : sendPlayPosNotificationRsp: Not registered or requesting.
06-15 14:47:30.959 11322 11322 D NowPlayingListener: onPlaybackStateChanged: PlaybackState {state=3, position=12964, buffered position=0, speed=1.0, updated=368272808, actions=-1, custom actions=[], active item id=-1, error=null}
06-15 14:47:30.959 802 1224 V Avrcp : onPlaybackStateChanged: state PlaybackState {state=3, position=12964, buffered position=0, speed=1.0, updated=368272808, actions=-1, custom actions=[], active item id=-1, error=null}
06-15 14:47:30.959 11322 11322 D NowPlayingManager: onClientPlaybackStateUpdate() called with: state = [3], stateChangeTimeMs = [368272808], currentPosMs = [12964]
06-15 14:47:30.959 11322 11322 D NowPlayingManager: onClientPlaybackStateUpdate: Skipped update, state: 3 was unchanged
06-15 14:47:30.961 11322 11322 D NowPlayingManager: onMediaDataUpdated() called with: mediaData = [com.google.android.tvrecommendations.NowPlayingData@faa674b]
06-15 14:47:30.969 11322 11322 D TVNotifService: onTVNotificationPosted StatusBarNotification(pkg=com.google.android.tvrecommendations user=UserHandle{0} id=4321 tag=Notification.NowPlaying key=0|com.google.android.tvrecommendations|4321|Notification.NowPlaying|10087: Notification(channel=now_playing pri=0 contentView=null vibrate=null sound=null defaults=0x0 flags=0x0 color=0x00000000 vis=PRIVATE)) userId: 0
06-15 14:47:31.476 802 1224 V Avrcp : onPlaybackStateChanged: state PlaybackState {state=3, position=12964, buffered position=0, speed=1.0, updated=368273325, actions=-1, custom actions=[], active item id=-1, error=null}
06-15 14:47:31.476 11322 11322 D NowPlayingListener: onPlaybackStateChanged: PlaybackState {state=3, position=12964, buffered position=0, speed=1.0, updated=368273325, actions=-1, custom actions=[], active item id=-1, error=null}
06-15 14:47:31.476 802 1224 V Avrcp : onPlaybackStateChanged: state PlaybackState {state=3, position=12964, buffered position=0, speed=1.0, updated=368273325, actions=-1, custom actions=[], active item id=-1, error=null}
06-15 14:47:31.476 11322 11322 D NowPlayingManager: onClientPlaybackStateUpdate() called with: state = [3], stateChangeTimeMs = [368273325], currentPosMs = [12964]
06-15 14:47:31.476 11322 11322 D NowPlayingManager: onClientPlaybackStateUpdate: Skipped update, state: 3 was unchanged
06-15 14:47:31.478 11322 11322 D NowPlayingManager: onMediaDataUpdated() called with: mediaData = [com.google.android.tvrecommendations.NowPlayingData@6599241]
06-15 14:47:31.486 11322 11322 D TVNotifService: onTVNotificationPosted StatusBarNotification(pkg=com.google.android.tvrecommendations user=UserHandle{0} id=4321 tag=Notification.NowPlaying key=0|com.google.android.tvrecommendations|4321|Notification.NowPlaying|10087: Notification(channel=now_playing pri=0 contentView=null vibrate=null sound=null defaults=0x0 flags=0x0 color=0x00000000 vis=PRIVATE)) userId: 0
06-15 14:47:31.889 700 761 D WindowManager: handleComboKeys keyCode: 111, keyAction: 0
06-15 14:47:31.891 22018 22038 V Kodi : process_input: Failure reading next input event: Try again
06-15 14:47:31.891 22018 22038 V Kodi : CAndroidKey: key down (dev:3; src:769; code: 111; repeat: 0; flags: 0x8; alt: no; shift: no; sym: no)
06-15 14:47:31.960 802 1224 V Avrcp : MSG_UPDATE_MEDIA
06-15 14:47:31.960 802 1224 V Avrcp : updatePlaybackState (1): -1Ô×í1(PlaybackState {state=3, position=13449, buffered position=0, speed=1.0, updated=368273810, actions=-1, custom actions=[], active item id=-1, error=null})
06-15 14:47:31.961 802 1224 V Avrcp : Media update: id -1Ô×í-1? [MediaAttributes: DÔï»n - by (16096 0/0) ]
06-15 14:47:31.961 802 1224 D Avrcp : sendPlayPosNotificationRsp: Not registered or requesting.
06-15 14:47:31.993 11322 11322 D NowPlayingListener: onPlaybackStateChanged: PlaybackState {state=3, position=12964, buffered position=0, speed=1.0, updated=368273842, actions=-1, custom actions=[], active item id=-1, error=null}
06-15 14:47:31.993 11322 11322 D NowPlayingManager: onClientPlaybackStateUpdate() called with: state = [3], stateChangeTimeMs = [368273842], currentPosMs = [12964]
06-15 14:47:31.993 11322 11322 D NowPlayingManager: onClientPlaybackStateUpdate: Skipped update, state: 3 was unchanged
06-15 14:47:31.993 802 1224 V Avrcp : onPlaybackStateChanged: state PlaybackState {state=3, position=12964, buffered position=0, speed=1.0, updated=368273842, actions=-1, custom actions=[], active item id=-1, error=null}
06-15 14:47:31.994 11322 11322 D NowPlayingManager: onMediaDataUpdated() called with: mediaData = [com.google.android.tvrecommendations.NowPlayingData@fb62d27]
06-15 14:47:32.002 11322 11322 D TVNotifService: onTVNotificationPosted StatusBarNotification(pkg=com.google.android.tvrecommendations user=UserHandle{0} id=4321 tag=Notification.NowPlaying key=0|com.google.android.tvrecommendations|4321|Notification.NowPlaying|10087: Notification(channel=now_playing pri=0 contentView=null vibrate=null sound=null defaults=0x0 flags=0x0 color=0x00000000 vis=PRIVATE)) userId: 0
06-15 14:47:32.057 700 761 D WindowManager: handleComboKeys keyCode: 111, keyAction: 1
06-15 14:47:32.058 22018 22038 V Kodi : process_input: Failure reading next input event: Try again
06-15 14:47:32.058 22018 22038 V Kodi : CAndroidKey: key up (dev:3; src:769; code: 111; repeat: 0; flags: 0x8; alt: no; shift: no; sym: no)
06-15 14:47:32.509 11322 11322 D NowPlayingListener: onPlaybackStateChanged: PlaybackState {state=3, position=12964, buffered position=0, speed=1.0, updated=368274358, actions=-1, custom actions=[], active item id=-1, error=null}
06-15 14:47:32.509 802 1224 V Avrcp : onPlaybackStateChanged: state PlaybackState {state=3, position=12964, buffered position=0, speed=1.0, updated=368274358, actions=-1, custom actions=[], active item id=-1, error=null}
06-15 14:47:32.509 11322 11322 D NowPlayingManager: onClientPlaybackStateUpdate() called with: state = [3], stateChangeTimeMs = [368274358], currentPosMs = [12964]
06-15 14:47:32.509 11322 11322 D NowPlayingManager: onClientPlaybackStateUpdate: Skipped update, state: 3 was unchanged
06-15 14:47:32.511 11322 11322 D NowPlayingManager: onMediaDataUpdated() called with: mediaData = [com.google.android.tvrecommendations.NowPlayingData@d6c117d]
06-15 14:47:32.519 11322 11322 D TVNotifService: onTVNotificationPosted StatusBarNotification(pkg=com.google.android.tvrecommendations user=UserHandle{0} id=4321 tag=Notification.NowPlaying key=0|com.google.android.tvrecommendations|4321|Notification.NowPlaying|10087: Notification(channel=now_playing pri=0 contentView=null vibrate=null sound=null defaults=0x0 flags=0x0 color=0x00000000 vis=PRIVATE)) userId: 0
06-15 14:47:32.993 802 1224 V Avrcp : MSG_UPDATE_MEDIA
06-15 14:47:32.993 802 1224 V Avrcp : updatePlaybackState (1): -1Ô×í1(PlaybackState {state=3, position=13449, buffered position=0, speed=1.0, updated=368274843, actions=-1, custom actions=[], active item id=-1, error=null})
06-15 14:47:32.994 802 1224 V Avrcp : Media update: id -1Ô×í-1? [MediaAttributes: DÔï»n - by (16096 0/0) ]
06-15 14:47:32.994 802 1224 D Avrcp : sendPlayPosNotificationRsp: Not registered or requesting.
06-15 14:47:33.026 11322 11322 D NowPlayingListener: onPlaybackStateChanged: PlaybackState {state=3, position=12964, buffered position=0, speed=1.0, updated=368274875, actions=-1, custom actions=[], active item id=-1, error=null}
06-15 14:47:33.026 802 1224 V Avrcp : onPlaybackStateChanged: state PlaybackState {state=3, position=12964, buffered position=0, speed=1.0, updated=368274875, actions=-1, custom actions=[], active item id=-1, error=null}
06-15 14:47:33.026 11322 11322 D NowPlayingManager: onClientPlaybackStateUpdate() called with: state = [3], stateChangeTimeMs = [368274875], currentPosMs = [12964]
06-15 14:47:33.026 11322 11322 D NowPlayingManager: onClientPlaybackStateUpdate: Skipped update, state: 3 was unchanged
06-15 14:47:33.028 11322 11322 D NowPlayingManager: onMediaDataUpdated() called with: mediaData = [com.google.android.tvrecommendations.NowPlayingData@2ce74c3]
06-15 14:47:33.035 11322 11322 D TVNotifService: onTVNotificationPosted StatusBarNotification(pkg=com.google.android.tvrecommendations user=UserHandle{0} id=4321 tag=Notification.NowPlaying key=0|com.google.android.tvrecommendations|4321|Notification.NowPlaying|10087: Notification(channel=now_playing pri=0 contentView=null vibrate=null sound=null defaults=0x0 flags=0x0 color=0x00000000 vis=PRIVATE)) userId: 0
06-15 14:47:33.543 11322 11322 D NowPlayingListener: onPlaybackStateChanged: PlaybackState {state=3, position=12964, buffered position=0, speed=1.0, updated=368275392, actions=-1, custom actions=[], active item id=-1, error=null}
06-15 14:47:33.543 802 1224 V Avrcp : onPlaybackStateChanged: state PlaybackState {state=3, position=12964, buffered position=0, speed=1.0, updated=368275392, actions=-1, custom actions=[], active item id=-1, error=null}
06-15 14:47:33.543 11322 11322 D NowPlayingManager: onClientPlaybackStateUpdate() called with: state = [3], stateChangeTimeMs = [368275392], currentPosMs = [12964]
06-15 14:47:33.543 11322 11322 D NowPlayingManager: onClientPlaybackStateUpdate: Skipped update, state: 3 was unchanged
06-15 14:47:33.544 11322 11322 D NowPlayingManager: onMediaDataUpdated() called with: mediaData = [com.google.android.tvrecommendations.NowPlayingData@62d4879]
06-15 14:47:33.548 700 761 D WindowManager: handleComboKeys keyCode: 19, keyAction: 0
06-15 14:47:33.550 22018 22038 V Kodi : process_input: Failure reading next input event: Try again
06-15 14:47:33.551 22018 22038 V Kodi : CAndroidKey: key down (dev:3; src:769; code: 19; repeat: 0; flags: 0x8; alt: no; shift: no; sym: no)
06-15 14:47:33.552 11322 11322 D TVNotifService: onTVNotificationPosted StatusBarNotification(pkg=com.google.android.tvrecommendations user=UserHandle{0} id=4321 tag=Notification.NowPlaying key=0|com.google.android.tvrecommendations|4321|Notification.NowPlaying|10087: Notification(channel=now_playing pri=0 contentView=null vibrate=null sound=null defaults=0x0 flags=0x0 color=0x00000000 vis=PRIVATE)) userId: 0
06-15 14:47:33.713 700 761 D WindowManager: handleComboKeys keyCode: 19, keyAction: 1
06-15 14:47:33.714 22018 22038 V Kodi : process_input: Failure reading next input event: Try again
06-15 14:47:33.715 22018 22038 V Kodi : CAndroidKey: key up (dev:3; src:769; code: 19; repeat: 0; flags: 0x8; alt: no; shift: no; sym: no)
06-15 14:47:34.027 802 1224 V Avrcp : MSG_UPDATE_MEDIA
06-15 14:47:34.028 802 1224 V Avrcp : updatePlaybackState (1): -1Ô×í1(PlaybackState {state=3, position=13449, buffered position=0, speed=1.0, updated=368275877, actions=-1, custom actions=[], active item id=-1, error=null})
06-15 14:47:34.029 802 1224 V Avrcp : Media update: id -1Ô×í-1? [MediaAttributes: DÔï»n - by (16096 0/0) ]
06-15 14:47:34.029 802 1224 D Avrcp : sendPlayPosNotificationRsp: Not registered or requesting.
06-15 14:47:34.045 11322 11322 D NowPlayingListener: onPlaybackStateChanged: PlaybackState {state=3, position=12964, buffered position=0, speed=1.0, updated=368275894, actions=-1, custom actions=[], active item id=-1, error=null}
06-15 14:47:34.045 11322 11322 D NowPlayingManager: onClientPlaybackStateUpdate() called with: state = [3], stateChangeTimeMs = [368275894], currentPosMs = [12964]
06-15 14:47:34.045 11322 11322 D NowPlayingManager: onClientPlaybackStateUpdate: Skipped update, state: 3 was unchanged
06-15 14:47:34.045 802 1224 V Avrcp : onPlaybackStateChanged: state PlaybackState {state=3, position=12964, buffered position=0, speed=1.0, updated=368275894, actions=-1, custom actions=[], active item id=-1, error=null}
06-15 14:47:34.047 11322 11322 D NowPlayingManager: onMediaDataUpdated() called with: mediaData = [com.google.android.tvrecommendations.NowPlayingData@8999a1f]
06-15 14:47:34.055 11322 11322 D TVNotifService: onTVNotificationPosted StatusBarNotification(pkg=com.google.android.tvrecommendations user=UserHandle{0} id=4321 tag=Notification.NowPlaying key=0|com.google.android.tvrecommendations|4321|Notification.NowPlaying|10087: Notification(channel=now_playing pri=0 contentView=null vibrate=null sound=null defaults=0x0 flags=0x0 color=0x00000000 vis=PRIVATE)) userId: 0
06-15 14:47:34.560 802 1224 V Avrcp : onPlaybackStateChanged: state PlaybackState {state=3, position=13526, buffered position=0, speed=1.0, updated=368276408, actions=-1, custom actions=[], active item id=-1, error=null}
06-15 14:47:34.561 11322 11322 D NowPlayingListener: onPlaybackStateChanged: PlaybackState {state=3, position=13526, buffered position=0, speed=1.0, updated=368276408, actions=-1, custom actions=[], active item id=-1, error=null}
06-15 14:47:34.561 11322 11322 D NowPlayingManager: onClientPlaybackStateUpdate() called with: state = [3], stateChangeTimeMs = [368276408], currentPosMs = [13526]
06-15 14:47:34.561 11322 11322 D NowPlayingManager: onClientPlaybackStateUpdate: Skipped update, state: 3 was unchanged
06-15 14:47:34.563 11322 11322 D NowPlayingManager: onMediaDataUpdated() called with: mediaData = [com.google.android.tvrecommendations.NowPlayingData@730f335]
06-15 14:47:34.571 11322 11322 D TVNotifService: onTVNotificationPosted StatusBarNotification(pkg=com.google.android.tvrecommendations user=UserHandle{0} id=4321 tag=Notification.NowPlaying key=0|com.google.android.tvrecommendations|4321|Notification.NowPlaying|10087: Notification(channel=now_playing pri=0 contentView=null vibrate=null sound=null defaults=0x0 flags=0x0 color=0x00000000 vis=PRIVATE)) userId: 0
06-15 14:47:35.045 802 1224 V Avrcp : MSG_UPDATE_MEDIA
06-15 14:47:35.046 802 1224 V Avrcp : updatePlaybackState (1): -1Ô×í1(PlaybackState {state=3, position=14013, buffered position=0, speed=1.0, updated=368276895, actions=-1, custom actions=[], active item id=-1, error=null})
06-15 14:47:35.047 802 1224 V Avrcp : Media update: id -1Ô×í-1? [MediaAttributes: DÔï»n - by (16096 0/0) ]
06-15 14:47:35.047 802 1224 D Avrcp : sendPlayPosNotificationRsp: Not registered or requesting.
06-15 14:47:35.077 11322 11322 D NowPlayingListener: onPlaybackStateChanged: PlaybackState {state=3, position=13874, buffered position=0, speed=1.0, updated=368276925, actions=-1, custom actions=[], active item id=-1, error=null}
06-15 14:47:35.077 11322 11322 D NowPlayingManager: onClientPlaybackStateUpdate() called with: state = [3], stateChangeTimeMs = [368276925], currentPosMs = [13874]
06-15 14:47:35.077 11322 11322 D NowPlayingManager: onClientPlaybackStateUpdate: Skipped update, state: 3 was unchanged
06-15 14:47:35.078 802 1224 V Avrcp : onPlaybackStateChanged: state PlaybackState {state=3, position=13874, buffered position=0, speed=1.0, updated=368276925, actions=-1, custom actions=[], active item id=-1, error=null}
06-15 14:47:35.079 11322 11322 D NowPlayingManager: onMediaDataUpdated() called with: mediaData = [com.google.android.tvrecommendations.NowPlayingData@ac7b93b]
06-15 14:47:35.088 11322 11322 D TVNotifService: onTVNotificationPosted StatusBarNotification(pkg=com.google.android.tvrecommendations user=UserHandle{0} id=4321 tag=Notification.NowPlaying key=0|com.google.android.tvrecommendations|4321|Notification.NowPlaying|10087: Notification(channel=now_playing pri=0 contentView=null vibrate=null sound=null defaults=0x0 flags=0x0 color=0x00000000 vis=PRIVATE)) userId: 0
06-15 14:47:35.594 11322 11322 D NowPlayingListener: onPlaybackStateChanged: PlaybackState {state=3, position=14530, buffered position=0, speed=1.0, updated=368277442, actions=-1, custom actions=[], active item id=-1, error=null}
06-15 14:47:35.594 11322 11322 D NowPlayingManager: onClientPlaybackStateUpdate() called with: state = [3], stateChangeTimeMs = [368277442], currentPosMs = [14530]
06-15 14:47:35.594 11322 11322 D NowPlayingManager: onClientPlaybackStateUpdate: Skipped update, state: 3 was unchanged
06-15 14:47:35.595 802 1224 V Avrcp : onPlaybackStateChanged: state PlaybackState {state=3, position=14530, buffered position=0, speed=1.0, updated=368277442, actions=-1, custom actions=[], active item id=-1, error=null}
06-15 14:47:35.596 11322 11322 D NowPlayingManager: onMediaDataUpdated() called with: mediaData = [com.google.android.tvrecommendations.NowPlayingData@28a8db1]
06-15 14:47:35.605 11322 11322 D TVNotifService: onTVNotificationPosted StatusBarNotification(pkg=com.google.android.tvrecommendations user=UserHandle{0} id=4321 tag=Notification.NowPlaying key=0|com.google.android.tvrecommendations|4321|Notification.NowPlaying|10087: Notification(channel=now_playing pri=0 contentView=null vibrate=null sound=null defaults=0x0 flags=0x0 color=0x00000000 vis=PRIVATE)) userId: 0
06-15 14:47:36.079 802 1224 V Avrcp : MSG_UPDATE_MEDIA
06-15 14:47:36.079 802 1224 V Avrcp : updatePlaybackState (1): -1Ô×í1(PlaybackState {state=3, position=15017, buffered position=0, speed=1.0, updated=368277929, actions=-1, custom actions=[], active item id=-1, error=null})
06-15 14:47:36.080 802 1224 V Avrcp : Media update: id -1Ô×í-1? [MediaAttributes: DÔï»n - by (16096 0/0) ]
06-15 14:47:36.080 802 1224 D Avrcp : sendPlayPosNotificationRsp: Not registered or requesting.
06-15 14:47:36.110 802 1224 V Avrcp : onPlaybackStateChanged: state PlaybackState {state=3, position=14897, buffered position=0, speed=1.0, updated=368277959, actions=-1, custom actions=[], active item id=-1, error=null}
06-15 14:47:36.110 11322 11322 D NowPlayingListener: onPlaybackStateChanged: PlaybackState {state=3, position=14897, buffered position=0, speed=1.0, updated=368277959, actions=-1, custom actions=[], active item id=-1, error=null}
