06-15 14:46:16.822 802 1224 V Avrcp : updatePlaybackState (1): -1Ô×í1(PlaybackState {state=3, position=0, buffered position=0, speed=1.0, updated=368198671, actions=-1, custom actions=[], active item id=-1, error=null})
06-15 14:46:16.822 802 1224 V Avrcp : Media update: id -1Ô×í-1? [MediaAttributes: dÔï»d - by (0 0/0) ]
06-15 14:46:16.822 802 1224 D Avrcp : sendPlayPosNotificationRsp: Not registered or requesting.
06-15 14:46:16.829 11322 11322 D NowPlayingListener: onPlaybackStateChanged: PlaybackState {state=3, position=15430, buffered position=0, speed=1.0, updated=368198678, actions=-1, custom actions=[], active item id=-1, error=null}
06-15 14:46:16.829 11322 11322 D NowPlayingManager: onClientPlaybackStateUpdate() called with: state = [3], stateChangeTimeMs = [368198678], currentPosMs = [15430]
06-15 14:46:16.829 11322 11322 D NowPlayingManager: onClientPlaybackStateUpdate: Skipped update, state: 3 was unchanged
06-15 14:46:16.830 802 1224 V Avrcp : onPlaybackStateChanged: state PlaybackState {state=3, position=15430, buffered position=0, speed=1.0, updated=368198678, actions=-1, custom actions=[], active item id=-1, error=null}
06-15 14:46:16.833 11322 11322 D NowPlayingManager: onMediaDataUpdated() called with: mediaData = [com.google.android.tvrecommendations.NowPlayingData@c1bae05]
06-15 14:46:16.842 11322 11322 D TVNotifService: onTVNotificationPosted StatusBarNotification(pkg=com.google.android.tvrecommendations user=UserHandle{0} id=4321 tag=Notification.NowPlaying key=0|com.google.android.tvrecommendations|4321|Notification.NowPlaying|10087: Notification(channel=now_playing pri=0 contentView=null vibrate=null sound=null defaults=0x0 flags=0x0 color=0x00000000 vis=PRIVATE)) userId: 0
06-15 14:46:17.081 2623 21885 I chromium: [2623:21885:INFO:ssdp_device.c(101)] SSDP packets sent for 32 seconds = 22
06-15 14:46:17.273 802 1220 D bt_btm_pm: Sniff Interval For Device MAC 00:04:20:f5:f5:a8 is 33.750000 msec.
06-15 14:46:17.334 11322 11322 D NowPlayingListener: onPlaybackStateChanged: PlaybackState {state=3, position=16009, buffered position=0, speed=1.0, updated=368199183, actions=-1, custom actions=[], active item id=-1, error=null}
06-15 14:46:17.334 802 1224 V Avrcp : onPlaybackStateChanged: state PlaybackState {state=3, position=16009, buffered position=0, speed=1.0, updated=368199183, actions=-1, custom actions=[], active item id=-1, error=null}
06-15 14:46:17.334 11322 11322 D NowPlayingManager: onClientPlaybackStateUpdate() called with: state = [3], stateChangeTimeMs = [368199183], currentPosMs = [16009]
06-15 14:46:17.334 11322 11322 D NowPlayingManager: onClientPlaybackStateUpdate: Skipped update, state: 3 was unchanged
06-15 14:46:17.336 11322 11322 D NowPlayingManager: onMediaDataUpdated() called with: mediaData = [com.google.android.tvrecommendations.NowPlayingData@b0f788b]
06-15 14:46:17.345 11322 11322 D TVNotifService: onTVNotificationPosted StatusBarNotification(pkg=com.google.android.tvrecommendations user=UserHandle{0} id=4321 tag=Notification.NowPlaying key=0|com.google.android.tvrecommendations|4321|Notification.NowPlaying|10087: Notification(channel=now_playing pri=0 contentView=null vibrate=null sound=null defaults=0x0 flags=0x0 color=0x00000000 vis=PRIVATE)) userId: 0
06-15 14:46:17.830 802 1224 V Avrcp : MSG_UPDATE_MEDIA
06-15 14:46:17.831 802 1224 V Avrcp : updatePlaybackState (1): -1Ô×í1(PlaybackState {state=3, position=0, buffered position=0, speed=1.0, updated=368199680, actions=-1, custom actions=[], active item id=-1, error=null})
06-15 14:46:17.832 802 1224 V Avrcp : Media update: id -1Ô×í-1? [MediaAttributes: dÔï»d - by (0 0/0) ]
06-15 14:46:17.832 802 1224 D Avrcp : sendPlayPosNotificationRsp: Not registered or requesting.
06-15 14:46:17.846 802 1224 V Avrcp : onPlaybackStateChanged: state PlaybackState {state=3, position=16596, buffered position=0, speed=1.0, updated=368199695, actions=-1, custom actions=[], active item id=-1, error=null}
06-15 14:46:17.846 11322 11322 D NowPlayingListener: onPlaybackStateChanged: PlaybackState {state=3, position=16596, buffered position=0, speed=1.0, updated=368199695, actions=-1, custom actions=[], active item id=-1, error=null}
06-15 14:46:17.846 11322 11322 D NowPlayingManager: onClientPlaybackStateUpdate() called with: state = [3], stateChangeTimeMs = [368199695], currentPosMs = [16596]
06-15 14:46:17.846 11322 11322 D NowPlayingManager: onClientPlaybackStateUpdate: Skipped update, state: 3 was unchanged
06-15 14:46:17.849 11322 11322 D NowPlayingManager: onMediaDataUpdated() called with: mediaData = [com.google.android.tvrecommendations.NowPlayingData@9ae2581]
06-15 14:46:17.857 11322 11322 D TVNotifService: onTVNotificationPosted StatusBarNotification(pkg=com.google.android.tvrecommendations user=UserHandle{0} id=4321 tag=Notification.NowPlaying key=0|com.google.android.tvrecommendations|4321|Notification.NowPlaying|10087: Notification(channel=now_playing pri=0 contentView=null vibrate=null sound=null defaults=0x0 flags=0x0 color=0x00000000 vis=PRIVATE)) userId: 0
06-15 14:46:18.184 700 761 D WindowManager: handleComboKeys keyCode: 19, keyAction: 0
06-15 14:46:18.185 700 761 D WindowManager: handleComboKeys keyCode: 19, keyAction: 1
06-15 14:46:18.186 22018 22038 V Kodi : process_input: Failure reading next input event: Try again
06-15 14:46:18.186 22018 22038 V Kodi : CAndroidKey: key down (dev:3; src:769; code: 19; repeat: 0; flags: 0x8; alt: no; shift: no; sym: no)
06-15 14:46:18.187 22018 22038 V Kodi : process_input: Failure reading next input event: Try again
06-15 14:46:18.187 22018 22038 V Kodi : CAndroidKey: key up (dev:3; src:769; code: 19; repeat: 0; flags: 0x8; alt: no; shift: no; sym: no)
06-15 14:46:18.350 11322 11322 D NowPlayingListener: onPlaybackStateChanged: PlaybackState {state=3, position=17192, buffered position=0, speed=1.0, updated=368200199, actions=-1, custom actions=[], active item id=-1, error=null}
06-15 14:46:18.350 802 1224 V Avrcp : onPlaybackStateChanged: state PlaybackState {state=3, position=17192, buffered position=0, speed=1.0, updated=368200199, actions=-1, custom actions=[], active item id=-1, error=null}
06-15 14:46:18.350 11322 11322 D NowPlayingManager: onClientPlaybackStateUpdate() called with: state = [3], stateChangeTimeMs = [368200199], currentPosMs = [17192]
06-15 14:46:18.350 11322 11322 D NowPlayingManager: onClientPlaybackStateUpdate: Skipped update, state: 3 was unchanged
06-15 14:46:18.352 11322 11322 D NowPlayingManager: onMediaDataUpdated() called with: mediaData = [com.google.android.tvrecommendations.NowPlayingData@c7b1267]
06-15 14:46:18.361 11322 11322 D TVNotifService: onTVNotificationPosted StatusBarNotification(pkg=com.google.android.tvrecommendations user=UserHandle{0} id=4321 tag=Notification.NowPlaying key=0|com.google.android.tvrecommendations|4321|Notification.NowPlaying|10087: Notification(channel=now_playing pri=0 contentView=null vibrate=null sound=null defaults=0x0 flags=0x0 color=0x00000000 vis=PRIVATE)) userId: 0
06-15 14:46:18.846 802 1224 V Avrcp : MSG_UPDATE_MEDIA
06-15 14:46:18.846 802 1224 V Avrcp : updatePlaybackState (1): -1Ô×í1(PlaybackState {state=3, position=0, buffered position=0, speed=1.0, updated=368200696, actions=-1, custom actions=[], active item id=-1, error=null})
06-15 14:46:18.847 802 1224 V Avrcp : Media update: id -1Ô×í-1? [MediaAttributes: dÔï»d - by (0 0/0) ]
06-15 14:46:18.847 802 1224 D Avrcp : sendPlayPosNotificationRsp: Not registered or requesting.
06-15 14:46:18.865 802 1224 V Avrcp : onPlaybackStateChanged: state PlaybackState {state=3, position=17485, buffered position=0, speed=1.0, updated=368200714, actions=-1, custom actions=[], active item id=-1, error=null}
06-15 14:46:18.865 11322 11322 D NowPlayingListener: onPlaybackStateChanged: PlaybackState {state=3, position=17485, buffered position=0, speed=1.0, updated=368200714, actions=-1, custom actions=[], active item id=-1, error=null}
06-15 14:46:18.865 11322 11322 D NowPlayingManager: onClientPlaybackStateUpdate() called with: state = [3], stateChangeTimeMs = [368200714], currentPosMs = [17485]
06-15 14:46:18.865 11322 11322 D NowPlayingManager: onClientPlaybackStateUpdate: Skipped update, state: 3 was unchanged
06-15 14:46:18.867 11322 11322 D NowPlayingManager: onMediaDataUpdated() called with: mediaData = [com.google.android.tvrecommendations.NowPlayingData@e9698bd]
06-15 14:46:18.875 11322 11322 D TVNotifService: onTVNotificationPosted StatusBarNotification(pkg=com.google.android.tvrecommendations user=UserHandle{0} id=4321 tag=Notification.NowPlaying key=0|com.google.android.tvrecommendations|4321|Notification.NowPlaying|10087: Notification(channel=now_playing pri=0 contentView=null vibrate=null sound=null defaults=0x0 flags=0x0 color=0x00000000 vis=PRIVATE)) userId: 0
06-15 14:46:19.367 11322 11322 D NowPlayingListener: onPlaybackStateChanged: PlaybackState {state=3, position=18034, buffered position=0, speed=1.0, updated=368201216, actions=-1, custom actions=[], active item id=-1, error=null}
06-15 14:46:19.367 11322 11322 D NowPlayingManager: onClientPlaybackStateUpdate() called with: state = [3], stateChangeTimeMs = [368201216], currentPosMs = [18034]
06-15 14:46:19.368 11322 11322 D NowPlayingManager: onClientPlaybackStateUpdate: Skipped update, state: 3 was unchanged
06-15 14:46:19.368 802 1224 V Avrcp : onPlaybackStateChanged: state PlaybackState {state=3, position=18034, buffered position=0, speed=1.0, updated=368201216, actions=-1, custom actions=[], active item id=-1, error=null}
06-15 14:46:19.369 11322 11322 D NowPlayingManager: onMediaDataUpdated() called with: mediaData = [com.google.android.tvrecommendations.NowPlayingData@91c6e03]
06-15 14:46:19.378 11322 11322 D TVNotifService: onTVNotificationPosted StatusBarNotification(pkg=com.google.android.tvrecommendations user=UserHandle{0} id=4321 tag=Notification.NowPlaying key=0|com.google.android.tvrecommendations|4321|Notification.NowPlaying|10087: Notification(channel=now_playing pri=0 contentView=null vibrate=null sound=null defaults=0x0 flags=0x0 color=0x00000000 vis=PRIVATE)) userId: 0
06-15 14:46:19.866 802 1224 V Avrcp : MSG_UPDATE_MEDIA
06-15 14:46:19.867 802 1224 V Avrcp : updatePlaybackState (1): -1Ô×í1(PlaybackState {state=3, position=0, buffered position=0, speed=1.0, updated=368201716, actions=-1, custom actions=[], active item id=-1, error=null})
06-15 14:46:19.868 802 1224 V Avrcp : Media update: id -1Ô×í-1? [MediaAttributes: dÔï»d - by (0 0/0) ]
06-15 14:46:19.868 802 1224 D Avrcp : sendPlayPosNotificationRsp: Not registered or requesting.
06-15 14:46:19.881 802 1224 V Avrcp : onPlaybackStateChanged: state PlaybackState {state=3, position=18536, buffered position=0, speed=1.0, updated=368201730, actions=-1, custom actions=[], active item id=-1, error=null}
06-15 14:46:19.881 11322 11322 D NowPlayingListener: onPlaybackStateChanged: PlaybackState {state=3, position=18536, buffered position=0, speed=1.0, updated=368201730, actions=-1, custom actions=[], active item id=-1, error=null}
06-15 14:46:19.882 11322 11322 D NowPlayingManager: onClientPlaybackStateUpdate() called with: state = [3], stateChangeTimeMs = [368201730], currentPosMs = [18536]
06-15 14:46:19.882 11322 11322 D NowPlayingManager: onClientPlaybackStateUpdate: Skipped update, state: 3 was unchanged
06-15 14:46:19.883 11322 11322 D NowPlayingManager: onMediaDataUpdated() called with: mediaData = [com.google.android.tvrecommendations.NowPlayingData@e9903b9]
06-15 14:46:19.890 11322 11322 D TVNotifService: onTVNotificationPosted StatusBarNotification(pkg=com.google.android.tvrecommendations user=UserHandle{0} id=4321 tag=Notification.NowPlaying key=0|com.google.android.tvrecommendations|4321|Notification.NowPlaying|10087: Notification(channel=now_playing pri=0 contentView=null vibrate=null sound=null defaults=0x0 flags=0x0 color=0x00000000 vis=PRIVATE)) userId: 0
06-15 14:46:20.398 11322 11322 D NowPlayingListener: onPlaybackStateChanged: PlaybackState {state=3, position=19140, buffered position=0, speed=1.0, updated=368202247, actions=-1, custom actions=[], active item id=-1, error=null}
06-15 14:46:20.398 11322 11322 D NowPlayingManager: onClientPlaybackStateUpdate() called with: state = [3], stateChangeTimeMs = [368202247], currentPosMs = [19140]
06-15 14:46:20.398 11322 11322 D NowPlayingManager: onClientPlaybackStateUpdate: Skipped update, state: 3 was unchanged
06-15 14:46:20.398 802 1224 V Avrcp : onPlaybackStateChanged: state PlaybackState {state=3, position=19140, buffered position=0, speed=1.0, updated=368202247, actions=-1, custom actions=[], active item id=-1, error=null}
06-15 14:46:20.401 11322 11322 D NowPlayingManager: onMediaDataUpdated() called with: mediaData = [com.google.android.tvrecommendations.NowPlayingData@9ede75f]
06-15 14:46:20.410 11322 11322 D TVNotifService: onTVNotificationPosted StatusBarNotification(pkg=com.google.android.tvrecommendations user=UserHandle{0} id=4321 tag=Notification.NowPlaying key=0|com.google.android.tvrecommendations|4321|Notification.NowPlaying|10087: Notification(channel=now_playing pri=0 contentView=null vibrate=null sound=null defaults=0x0 flags=0x0 color=0x00000000 vis=PRIVATE)) userId: 0
06-15 14:46:20.882 802 1224 V Avrcp : MSG_UPDATE_MEDIA
06-15 14:46:20.889 802 1224 V Avrcp : updatePlaybackState (1): -1Ô×í1(PlaybackState {state=3, position=0, buffered position=0, speed=1.0, updated=368202738, actions=-1, custom actions=[], active item id=-1, error=null})
06-15 14:46:20.889 802 1224 V Avrcp : Media update: id -1Ô×í-1? [MediaAttributes: dÔï»d - by (0 0/0) ]
06-15 14:46:20.889 802 1224 D Avrcp : sendPlayPosNotificationRsp: Not registered or requesting.
06-15 14:46:20.914 11322 11322 D NowPlayingListener: onPlaybackStateChanged: PlaybackState {state=3, position=19644, buffered position=0, speed=1.0, updated=368202763, actions=-1, custom actions=[], active item id=-1, error=null}
06-15 14:46:20.914 802 1224 V Avrcp : onPlaybackStateChanged: state PlaybackState {state=3, position=19644, buffered position=0, speed=1.0, updated=368202763, actions=-1, custom actions=[], active item id=-1, error=null}
06-15 14:46:20.914 11322 11322 D NowPlayingManager: onClientPlaybackStateUpdate() called with: state = [3], stateChangeTimeMs = [368202763], currentPosMs = [19644]
06-15 14:46:20.914 11322 11322 D NowPlayingManager: onClientPlaybackStateUpdate: Skipped update, state: 3 was unchanged
06-15 14:46:20.915 11322 11322 D NowPlayingManager: onMediaDataUpdated() called with: mediaData = [com.google.android.tvrecommendations.NowPlayingData@bbd2275]
06-15 14:46:20.921 11322 11322 D TVNotifService: onTVNotificationPosted StatusBarNotification(pkg=com.google.android.tvrecommendations user=UserHandle{0} id=4321 tag=Notification.NowPlaying key=0|com.google.android.tvrecommendations|4321|Notification.NowPlaying|10087: Notification(channel=now_playing pri=0 contentView=null vibrate=null sound=null defaults=0x0 flags=0x0 color=0x00000000 vis=PRIVATE)) userId: 0
06-15 14:46:21.416 11322 11322 D NowPlayingListener: onPlaybackStateChanged: PlaybackState {state=3, position=20254, buffered position=0, speed=1.0, updated=368203265, actions=-1, custom actions=[], active item id=-1, error=null}
06-15 14:46:21.416 11322 11322 D NowPlayingManager: onClientPlaybackStateUpdate() called with: state = [3], stateChangeTimeMs = [368203265], currentPosMs = [20254]
06-15 14:46:21.416 11322 11322 D NowPlayingManager: onClientPlaybackStateUpdate: Skipped update, state: 3 was unchanged
06-15 14:46:21.416 802 1224 V Avrcp : onPlaybackStateChanged: state PlaybackState {state=3, position=20254, buffered position=0, speed=1.0, updated=368203265, actions=-1, custom actions=[], active item id=-1, error=null}
06-15 14:46:21.418 11322 11322 D NowPlayingManager: onMediaDataUpdated() called with: mediaData = [com.google.android.tvrecommendations.NowPlayingData@3339a7b]
06-15 14:46:21.425 11322 11322 D TVNotifService: onTVNotificationPosted StatusBarNotification(pkg=com.google.android.tvrecommendations user=UserHandle{0} id=4321 tag=Notification.NowPlaying key=0|com.google.android.tvrecommendations|4321|Notification.NowPlaying|10087: Notification(channel=now_playing pri=0 contentView=null vibrate=null sound=null defaults=0x0 flags=0x0 color=0x00000000 vis=PRIVATE)) userId: 0
06-15 14:46:21.914 802 1224 V Avrcp : MSG_UPDATE_MEDIA
06-15 14:46:21.914 802 1224 V Avrcp : updatePlaybackState (1): -1Ô×í1(PlaybackState {state=3, position=0, buffered position=0, speed=1.0, updated=368203764, actions=-1, custom actions=[], active item id=-1, error=null})
06-15 14:46:21.915 802 1224 V Avrcp : Media update: id -1Ô×í-1? [MediaAttributes: dÔï»d - by (0 0/0) ]
06-15 14:46:21.915 802 1224 D Avrcp : sendPlayPosNotificationRsp: Not registered or requesting.
06-15 14:46:21.930 11322 11322 D NowPlayingListener: onPlaybackStateChanged: PlaybackState {state=3, position=20534, buffered position=0, speed=1.0, updated=368203780, actions=-1, custom actions=[], active item id=-1, error=null}
06-15 14:46:21.931 11322 11322 D NowPlayingManager: onClientPlaybackStateUpdate() called with: state = [3], stateChangeTimeMs = [368203780], currentPosMs = [20534]
06-15 14:46:21.931 802 1224 V Avrcp : onPlaybackStateChanged: state PlaybackState {state=3, position=20534, buffered position=0, speed=1.0, updated=368203780, actions=-1, custom actions=[], active item id=-1, error=null}
06-15 14:46:21.931 11322 11322 D NowPlayingManager: onClientPlaybackStateUpdate: Skipped update, state: 3 was unchanged
06-15 14:46:21.932 11322 11322 D NowPlayingManager: onMediaDataUpdated() called with: mediaData = [com.google.android.tvrecommendations.NowPlayingData@6ca70f1]
06-15 14:46:21.939 11322 11322 D TVNotifService: onTVNotificationPosted StatusBarNotification(pkg=com.google.android.tvrecommendations user=UserHandle{0} id=4321 tag=Notification.NowPlaying key=0|com.google.android.tvrecommendations|4321|Notification.NowPlaying|10087: Notification(channel=now_playing pri=0 contentView=null vibrate=null sound=null defaults=0x0 flags=0x0 color=0x00000000 vis=PRIVATE)) userId: 0
06-15 14:46:22.433 11322 11322 D NowPlayingListener: onPlaybackStateChanged: PlaybackState {state=3, position=21118, buffered position=0, speed=1.0, updated=368204282, actions=-1, custom actions=[], active item id=-1, error=null}
06-15 14:46:22.433 802 1224 V Avrcp : onPlaybackStateChanged: state PlaybackState {state=3, position=21118, buffered position=0, speed=1.0, updated=368204282, actions=-1, custom actions=[], active item id=-1, error=null}
06-15 14:46:22.433 11322 11322 D NowPlayingManager: onClientPlaybackStateUpdate() called with: state = [3], stateChangeTimeMs = [368204282], currentPosMs = [21118]
06-15 14:46:22.433 11322 11322 D NowPlayingManager: onClientPlaybackStateUpdate: Skipped update, state: 3 was unchanged
06-15 14:46:22.434 11322 11322 D NowPlayingManager: onMediaDataUpdated() called with: mediaData = [com.google.android.tvrecommendations.NowPlayingData@f576357]
06-15 14:46:22.440 11322 11322 D TVNotifService: onTVNotificationPosted StatusBarNotification(pkg=com.google.android.tvrecommendations user=UserHandle{0} id=4321 tag=Notification.NowPlaying key=0|com.google.android.tvrecommendations|4321|Notification.NowPlaying|10087: Notification(channel=now_playing pri=0 contentView=null vibrate=null sound=null defaults=0x0 flags=0x0 color=0x00000000 vis=PRIVATE)) userId: 0
06-15 14:46:22.931 802 1224 V Avrcp : MSG_UPDATE_MEDIA
06-15 14:46:22.931 802 1224 V Avrcp : updatePlaybackState (1): -1Ô×í1(PlaybackState {state=3, position=0, buffered position=0, speed=1.0, updated=368204781, actions=-1, custom actions=[], active item id=-1, error=null})
06-15 14:46:22.932 802 1224 V Avrcp : Media update: id -1Ô×í-1? [MediaAttributes: dÔï»d - by (0 0/0) ]
06-15 14:46:22.932 802 1224 D Avrcp : sendPlayPosNotificationRsp: Not registered or requesting.
06-15 14:46:22.949 802 1224 V Avrcp : onPlaybackStateChanged: state PlaybackState {state=3, position=21705, buffered position=0, speed=1.0, updated=368204798, actions=-1, custom actions=[], active item id=-1, error=null}
06-15 14:46:22.949 11322 11322 D NowPlayingListener: onPlaybackStateChanged: PlaybackState {state=3, position=21705, buffered position=0, speed=1.0, updated=368204798, actions=-1, custom actions=[], active item id=-1, error=null}
06-15 14:46:22.949 11322 11322 D NowPlayingManager: onClientPlaybackStateUpdate() called with: state = [3], stateChangeTimeMs = [368204798], currentPosMs = [21705]
06-15 14:46:22.949 11322 11322 D NowPlayingManager: onClientPlaybackStateUpdate: Skipped update, state: 3 was unchanged
06-15 14:46:22.951 11322 11322 D NowPlayingManager: onMediaDataUpdated() called with: mediaData = [com.google.android.tvrecommendations.NowPlayingData@b842b2d]
06-15 14:46:22.962 11322 11322 D TVNotifService: onTVNotificationPosted StatusBarNotification(pkg=com.google.android.tvrecommendations user=UserHandle{0} id=4321 tag=Notification.NowPlaying key=0|com.google.android.tvrecommendations|4321|Notification.NowPlaying|10087: Notification(channel=now_playing pri=0 contentView=null vibrate=null sound=null defaults=0x0 flags=0x0 color=0x00000000 vis=PRIVATE)) userId: 0
06-15 14:46:23.468 802 1224 V Avrcp : onPlaybackStateChanged: state PlaybackState {state=3, position=22294, buffered position=0, speed=1.0, updated=368205317, actions=-1, custom actions=[], active item id=-1, error=null}
06-15 14:46:23.468 11322 11322 D NowPlayingListener: onPlaybackStateChanged: PlaybackState {state=3, position=22294, buffered position=0, speed=1.0, updated=368205317, actions=-1, custom actions=[], active item id=-1, error=null}
06-15 14:46:23.468 11322 11322 D NowPlayingManager: onClientPlaybackStateUpdate() called with: state = [3], stateChangeTimeMs = [368205317], currentPosMs = [22294]
06-15 14:46:23.468 11322 11322 D NowPlayingManager: onClientPlaybackStateUpdate: Skipped update, state: 3 was unchanged
06-15 14:46:23.470 11322 11322 D NowPlayingManager: onMediaDataUpdated() called with: mediaData = [com.google.android.tvrecommendations.NowPlayingData@b84ddf3]
06-15 14:46:23.478 11322 11322 D TVNotifService: onTVNotificationPosted StatusBarNotification(pkg=com.google.android.tvrecommendations user=UserHandle{0} id=4321 tag=Notification.NowPlaying key=0|com.google.android.tvrecommendations|4321|Notification.NowPlaying|10087: Notification(channel=now_playing pri=0 contentView=null vibrate=null sound=null defaults=0x0 flags=0x0 color=0x00000000 vis=PRIVATE)) userId: 0
06-15 14:46:23.950 802 1224 V Avrcp : MSG_UPDATE_MEDIA
06-15 14:46:23.950 802 1224 V Avrcp : updatePlaybackState (1): -1Ô×í1(PlaybackState {state=3, position=0, buffered position=0, speed=1.0, updated=368205800, actions=-1, custom actions=[], active item id=-1, error=null})
06-15 14:46:23.951 802 1224 V Avrcp : Media update: id -1Ô×í-1? [MediaAttributes: dÔï»d - by (0 0/0) ]
06-15 14:46:23.951 802 1224 D Avrcp : sendPlayPosNotificationRsp: Not registered or requesting.
06-15 14:46:23.979 802 1224 V Avrcp : onPlaybackStateChanged: state PlaybackState {state=3, position=22593, buffered position=0, speed=1.0, updated=368205828, actions=-1, custom actions=[], active item id=-1, error=null}
06-15 14:46:23.979 11322 11322 D NowPlayingListener: onPlaybackStateChanged: PlaybackState {state=3, position=22593, buffered position=0, speed=1.0, updated=368205828, actions=-1, custom actions=[], active item id=-1, error=null}
06-15 14:46:23.979 11322 11322 D NowPlayingManager: onClientPlaybackStateUpdate() called with: state = [3], stateChangeTimeMs = [368205828], currentPosMs = [22593]
06-15 14:46:23.979 11322 11322 D NowPlayingManager: onClientPlaybackStateUpdate: Skipped update, state: 3 was unchanged
06-15 14:46:23.981 11322 11322 D NowPlayingManager: onMediaDataUpdated() called with: mediaData = [com.google.android.tvrecommendations.NowPlayingData@4a54d29]
06-15 14:46:23.989 11322 11322 D TVNotifService: onTVNotificationPosted StatusBarNotification(pkg=com.google.android.tvrecommendations user=UserHandle{0} id=4321 tag=Notification.NowPlaying key=0|com.google.android.tvrecommendations|4321|Notification.NowPlaying|10087: Notification(channel=now_playing pri=0 contentView=null vibrate=null sound=null defaults=0x0 flags=0x0 color=0x00000000 vis=PRIVATE)) userId: 0
06-15 14:46:24.438 700 761 D WindowManager: handleComboKeys keyCode: 92, keyAction: 0
06-15 14:46:24.439 22018 22038 V Kodi : process_input: Failure reading next input event: Try again
06-15 14:46:24.439 22018 22038 V Kodi : CAndroidKey: key down (dev:3; src:769; code: 92; repeat: 0; flags: 0x8; alt: no; shift: no; sym: no)
06-15 14:46:24.467 802 1224 V Avrcp : onMetadataChanged
06-15 14:46:24.468 11322 11322 D NowPlayingManager: onMediaDataUpdated() called with: mediaData = [com.google.android.tvrecommendations.NowPlayingData@205664f]
06-15 14:46:24.478 11322 11322 D TVNotifService: onTVNotificationPosted StatusBarNotification(pkg=com.google.android.tvrecommendations user=UserHandle{0} id=4321 tag=Notification.NowPlaying key=0|com.google.android.tvrecommendations|4321|Notification.NowPlaying|10087: Notification(channel=now_playing pri=0 contentView=null vibrate=null sound=null defaults=0x0 flags=0x0 color=0x00000000 vis=PRIVATE)) userId: 0
06-15 14:46:24.503 802 1224 V Avrcp : onPlaybackStateChanged: state PlaybackState {state=3, position=23190, buffered position=0, speed=1.0, updated=368206352, actions=-1, custom actions=[], active item id=-1, error=null}
06-15 14:46:24.503 11322 11322 D NowPlayingListener: onPlaybackStateChanged: PlaybackState {state=3, position=23190, buffered position=0, speed=1.0, updated=368206352, actions=-1, custom actions=[], active item id=-1, error=null}
06-15 14:46:24.503 11322 11322 D NowPlayingManager: onClientPlaybackStateUpdate() called with: state = [3], stateChangeTimeMs = [368206352], currentPosMs = [23190]
06-15 14:46:24.503 11322 11322 D NowPlayingManager: onClientPlaybackStateUpdate: Skipped update, state: 3 was unchanged
06-15 14:46:24.504 22018 22043 W AudioManager: Use of stream types is deprecated for operations other than volume control
06-15 14:46:24.504 22018 22043 W AudioManager: See the documentation of requestAudioFocus() for what to use instead with android.media.AudioAttributes to qualify your playback use case
06-15 14:46:24.504 802 1224 V Avrcp : onPlaybackStateChanged: state PlaybackState {state=3, position=23190, buffered position=0, speed=1.0, updated=368206353, actions=-1, custom actions=[], active item id=-1, error=null}
06-15 14:46:24.504 700 4744 I MediaFocusControl: AudioFocus requestAudioFocus() from uid/pid 10103/22018 clientId=android.media.AudioManager@256ac0eorg.xbmc.kodinerds.interfaces.XBMCAudioManagerOnAudioFocusChangeListener@827b62f req=1 flags=0x0
06-15 14:46:24.507 11322 11322 D NowPlayingManager: onMediaDataUpdated() called with: mediaData = [com.google.android.tvrecommendations.NowPlayingData@39c92e5]
06-15 14:46:24.520 11322 11322 D NowPlayingListener: onPlaybackStateChanged: PlaybackState {state=3, position=23190, buffered position=0, speed=1.0, updated=368206353, actions=-1, custom actions=[], active item id=-1, error=null}
06-15 14:46:24.520 11322 11322 D NowPlayingManager: onClientPlaybackStateUpdate() called with: state = [3], stateChangeTimeMs = [368206353], currentPosMs = [23190]
06-15 14:46:24.520 11322 11322 D NowPlayingManager: onClientPlaybackStateUpdate: Skipped update, state: 3 was unchanged
06-15 14:46:24.523 11322 11322 D NowPlayingManager: onMediaDataUpdated() called with: mediaData = [com.google.android.tvrecommendations.NowPlayingData@e5c186b]
06-15 14:46:24.531 11322 11322 D TVNotifService: onTVNotificationPosted StatusBarNotification(pkg=com.google.android.tvrecommendations user=UserHandle{0} id=4321 tag=Notification.NowPlaying key=0|com.google.android.tvrecommendations|4321|Notification.NowPlaying|10087: Notification(channel=now_playing pri=0 contentView=null vibrate=null sound=null defaults=0x0 flags=0x0 color=0x00000000 vis=PRIVATE)) userId: 0
06-15 14:46:24.534 11322 11322 D TVNotifService: onTVNotificationPosted StatusBarNotification(pkg=com.google.android.tvrecommendations user=UserHandle{0} id=4321 tag=Notification.NowPlaying key=0|com.google.android.tvrecommendations|4321|Notification.NowPlaying|10087: Notification(channel=now_playing pri=0 contentView=null vibrate=null sound=null defaults=0x0 flags=0x0 color=0x00000000 vis=PRIVATE)) userId: 0
06-15 14:46:24.606 700 761 D WindowManager: handleComboKeys keyCode: 92, keyAction: 1
06-15 14:46:24.607 22018 22038 V Kodi : process_input: Failure reading next input event: Try again
06-15 14:46:24.607 22018 22038 V Kodi : CAndroidKey: key up (dev:3; src:769; code: 92; repeat: 0; flags: 0x8; alt: no; shift: no; sym: no)
06-15 14:46:24.669 802 1224 V Avrcp : onMetadataChanged
06-15 14:46:24.669 802 1224 V Avrcp : onPlaybackStateChanged: state PlaybackState {state=3, position=0, buffered position=0, speed=1.0, updated=368206518, actions=-1, custom actions=[], active item id=-1, error=null}
06-15 14:46:24.670 22018 22043 W AudioManager: Use of stream types is deprecated for operations other than volume control
06-15 14:46:24.670 22018 22043 W AudioManager: See the documentation of requestAudioFocus() for what to use instead with android.media.AudioAttributes to qualify your playback use case
06-15 14:46:24.670 700 845 I MediaFocusControl: AudioFocus requestAudioFocus() from uid/pid 10103/22018 clientId=android.media.AudioManager@256ac0eorg.xbmc.kodinerds.interfaces.XBMCAudioManagerOnAudioFocusChangeListener@827b62f req=1 flags=0x0
06-15 14:46:24.671 11322 11322 D NowPlayingManager: onMediaDataUpdated() called with: mediaData = [com.google.android.tvrecommendations.NowPlayingData@8087861]
06-15 14:46:24.674 11322 11322 D NowPlayingListener: onPlaybackStateChanged: PlaybackState {state=3, position=0, buffered position=0, speed=1.0, updated=368206518, actions=-1, custom actions=[], active item id=-1, error=null}
06-15 14:46:24.674 11322 11322 D NowPlayingManager: onClientPlaybackStateUpdate() called with: state = [3], stateChangeTimeMs = [368206518], currentPosMs = [0]
06-15 14:46:24.675 11322 11322 D NowPlayingManager: onClientPlaybackStateUpdate: Skipped update, state: 3 was unchanged
06-15 14:46:24.680 11322 11322 D NowPlayingManager: onMediaDataUpdated() called with: mediaData = [com.google.android.tvrecommendations.NowPlayingData@721d047]
06-15 14:46:24.685 11322 11322 D TVNotifService: onTVNotificationPosted StatusBarNotification(pkg=com.google.android.tvrecommendations user=UserHandle{0} id=4321 tag=Notification.NowPlaying key=0|com.google.android.tvrecommendations|4321|Notification.NowPlaying|10087: Notification(channel=now_playing pri=0 contentView=null vibrate=null sound=null defaults=0x0 flags=0x0 color=0x00000000 vis=PRIVATE)) userId: 0
06-15 14:46:24.687 11322 11322 D TVNotifService: onTVNotificationPosted StatusBarNotification(pkg=com.google.android.tvrecommendations user=UserHandle{0} id=4321 tag=Notification.NowPlaying key=0|com.google.android.tvrecommendations|4321|Notification.NowPlaying|10087: Notification(channel=now_playing pri=0 contentView=null vibrate=null sound=null defaults=0x0 flags=0x0 color=0x00000000 vis=PRIVATE)) userId: 0
06-15 14:46:24.980 802 1224 V Avrcp : MSG_UPDATE_MEDIA
06-15 14:46:24.980 802 1224 V Avrcp : updatePlaybackState (1): -1Ô×í1(PlaybackState {state=3, position=0, buffered position=0, speed=1.0, updated=368206830, actions=-1, custom actions=[], active item id=-1, error=null})
06-15 14:46:24.981 802 1224 V Avrcp : Media update: id -1Ô×í-1? [MediaAttributes: MÔï»2 - by (0 0/0) ]
06-15 14:46:24.981 802 1224 D Avrcp : sendTrackChangedRsp: Not registered or registering.
06-15 14:46:24.981 802 1224 D Avrcp : sendPlayPosNotificationRsp: Not registered or requesting.
06-15 14:46:25.013 802 1224 V Avrcp : onPlaybackStateChanged: state PlaybackState {state=3, position=23541, buffered position=0, speed=1.0, updated=368206861, actions=-1, custom actions=[], active item id=-1, error=null}
06-15 14:46:25.013 11322 11322 D NowPlayingManager: onClientPlaybackStateUpdate() called with: state = [3], stateChangeTimeMs = [368206861], currentPosMs = [23541]
06-15 14:46:25.013 11322 11322 D NowPlayingManager: onClientPlaybackStateUpdate: Skipped update, state: 3 was unchanged
06-15 14:46:25.014 11322 11322 D NowPlayingManager: onMediaDataUpdated() called with: mediaData = [com.google.android.tvrecommendations.NowPlayingData@2f3399d]
06-15 14:46:25.022 11322 11322 D TVNotifService: onTVNotificationPosted StatusBarNotification(pkg=com.google.android.tvrecommendations user=UserHandle{0} id=4321 tag=Notification.NowPlaying key=0|com.google.android.tvrecommendations|4321|Notification.NowPlaying|10087: Notification(channel=now_playing pri=0 contentView=null vibrate=null sound=null defaults=0x0 flags=0x0 color=0x00000000 vis=PRIVATE)) userId: 0
06-15 14:46:25.514 802 1224 V Avrcp : onPlaybackStateChanged: state PlaybackState {state=3, position=23541, buffered position=0, speed=1.0, updated=368207362, actions=-1, custom actions=[], active item id=-1, error=null}
06-15 14:46:25.514 11322 11322 D NowPlayingListener: onPlaybackStateChanged: PlaybackState {state=3, position=23541, buffered position=0, speed=1.0, updated=368207362, actions=-1, custom actions=[], active item id=-1, error=null}
06-15 14:46:25.514 11322 11322 D NowPlayingManager: onClientPlaybackStateUpdate() called with: state = [3], stateChangeTimeMs = [368207362], currentPosMs = [23541]
06-15 14:46:25.514 11322 11322 D NowPlayingManager: onClientPlaybackStateUpdate: Skipped update, state: 3 was unchanged
06-15 14:46:25.516 11322 11322 D NowPlayingManager: onMediaDataUpdated() called with: mediaData = [com.google.android.tvrecommendations.NowPlayingData@9a129e3]
06-15 14:46:25.524 11322 11322 D TVNotifService: onTVNotificationPosted StatusBarNotification(pkg=com.google.android.tvrecommendations user=UserHandle{0} id=4321 tag=Notification.NowPlaying key=0|com.google.android.tvrecommendations|4321|Notification.NowPlaying|10087: Notification(channel=now_playing pri=0 contentView=null vibrate=null sound=null defaults=0x0 flags=0x0 color=0x00000000 vis=PRIVATE)) userId: 0
06-15 14:46:26.013 802 1224 V Avrcp : MSG_UPDATE_MEDIA
06-15 14:46:26.014 802 1224 V Avrcp : updatePlaybackState (1): -1Ô×í1(PlaybackState {state=3, position=0, buffered position=0, speed=1.0, updated=368207863, actions=-1, custom actions=[], active item id=-1, error=null})
06-15 14:46:26.014 802 1224 V Avrcp : Media update: id -1Ô×í-1? [MediaAttributes: MÔï»2 - by (0 0/0) ]
06-15 14:46:26.014 802 1224 D Avrcp : sendPlayPosNotificationRsp: Not registered or requesting.
06-15 14:46:26.055 802 1224 V Avrcp : onPlaybackStateChanged: state PlaybackState {state=3, position=23541, buffered position=0, speed=1.0, updated=368207904, actions=-1, custom actions=[], active item id=-1, error=null}
06-15 14:46:26.055 11322 11322 D NowPlayingListener: onPlaybackStateChanged: PlaybackState {state=3, position=23541, buffered position=0, speed=1.0, updated=368207904, actions=-1, custom actions=[], active item id=-1, error=null}
06-15 14:46:26.055 11322 11322 D NowPlayingManager: onClientPlaybackStateUpdate() called with: state = [3], stateChangeTimeMs = [368207904], currentPosMs = [23541]
06-15 14:46:26.055 11322 11322 D NowPlayingManager: onClientPlaybackStateUpdate: Skipped update, state: 3 was unchanged
06-15 14:46:26.056 11322 11322 D NowPlayingManager: onMediaDataUpdated() called with: mediaData = [com.google.android.tvrecommendations.NowPlayingData@1ced299]
06-15 14:46:26.064 11322 11322 D TVNotifService: onTVNotificationPosted StatusBarNotification(pkg=com.google.android.tvrecommendations user=UserHandle{0} id=4321 tag=Notification.NowPlaying key=0|com.google.android.tvrecommendations|4321|Notification.NowPlaying|10087: Notification(channel=now_playing pri=0 contentView=null vibrate=null sound=null defaults=0x0 flags=0x0 color=0x00000000 vis=PRIVATE)) userId: 0
06-15 14:46:26.555 802 1224 V Avrcp : onPlaybackStateChanged: state PlaybackState {state=3, position=23541, buffered position=0, speed=1.0, updated=368208404, actions=-1, custom actions=[], active item id=-1, error=null}
06-15 14:46:26.555 11322 11322 D NowPlayingListener: onPlaybackStateChanged: PlaybackState {state=3, position=23541, buffered position=0, speed=1.0, updated=368208404, actions=-1, custom actions=[], active item id=-1, error=null}
06-15 14:46:26.555 11322 11322 D NowPlayingManager: onClientPlaybackStateUpdate() called with: state = [3], stateChangeTimeMs = [368208404], currentPosMs = [23541]
06-15 14:46:26.555 11322 11322 D NowPlayingManager: onClientPlaybackStateUpdate: Skipped update, state: 3 was unchanged
06-15 14:46:26.557 11322 11322 D NowPlayingManager: onMediaDataUpdated() called with: mediaData = [com.google.android.tvrecommendations.NowPlayingData@332813f]
06-15 14:46:26.565 11322 11322 D TVNotifService: onTVNotificationPosted StatusBarNotification(pkg=com.google.android.tvrecommendations user=UserHandle{0} id=4321 tag=Notification.NowPlaying key=0|com.google.android.tvrecommendations|4321|Notification.NowPlaying|10087: Notification(channel=now_playing pri=0 contentView=null vibrate=null sound=null defaults=0x0 flags=0x0 color=0x00000000 vis=PRIVATE)) userId: 0
06-15 14:46:26.709 371 371 D SurfaceFlinger: duplicate layer name: changing SurfaceView - org.xbmc.kodinerds/org.xbmc.kodinerds.Main to SurfaceView - org.xbmc.kodinerds/org.xbmc.kodinerds.Main#1
06-15 14:46:26.710 371 371 D SurfaceFlinger: duplicate layer name: changing Background for - SurfaceView - org.xbmc.kodinerds/org.xbmc.kodinerds.Main to Background for - SurfaceView - org.xbmc.kodinerds/org.xbmc.kodinerds.Main#1
06-15 14:46:26.725 22018 22018 D XBMCVideoPlayView: Created
06-15 14:46:26.726 22018 22018 D XBMCVideoPlayView: Changed, format:-3, width:1920, height:1080
06-15 14:46:26.733 426 18995 I OMXMaster: makeComponentInstance(OMX.Nvidia.h264.decode) in android.hardwar process
06-15 14:46:26.735 22018 22954 D XBMCVideoPlayView: getSurface() = Surface(name=null)/@0x77c15c5
06-15 14:46:26.736 22018 23055 D SurfaceUtils: connecting to surface 0x2816a1d010, reason connectToSurface
06-15 14:46:26.736 22018 23055 I MediaCodec: [OMX.Nvidia.h264.decode] setting surface generation to 22546434
06-15 14:46:26.736 22018 23055 D SurfaceUtils: disconnecting from surface 0x2816a1d010, reason connectToSurface(reconnect)
06-15 14:46:26.736 22018 23055 D SurfaceUtils: connecting to surface 0x2816a1d010, reason connectToSurface(reconnect)
06-15 14:46:26.737 426 1179 D NvOsDebugPrintf: NVX_IndexParamAllocateNativeHandle : Using Native Handles
06-15 14:46:26.738 22018 23056 W ACodec : Over-riding the width: 1280 with max-width: 1920
06-15 14:46:26.738 22018 23056 W ACodec : Over-riding the height: 720 with max-height: 1080
06-15 14:46:26.738 426 23057 D NvOsDebugPrintf: NvMMLiteOpen : Block : BlockType = 261
06-15 14:46:26.738 426 23057 D NvOsDebugPrintf: NVMEDIA: NvMMLiteTVMRDecBlockOpen: 3216: NvMMLiteBlockOpen
06-15 14:46:26.740 426 23057 D NvOsDebugPrintf: NVMEDIA: RefreshRate = 60.000000
06-15 14:46:26.741 426 23057 D NvOsDebugPrintf: NVMEDIA: RefreshRate = 60.000000
06-15 14:46:26.741 426 23057 D NvOsDebugPrintf: NvMMLiteBlockCreate : Block : BlockType = 261
06-15 14:46:26.741 426 23057 D NvOsDebugPrintf: WARNING! HDRStatic info being set, even for non SMPTE 2084 case
06-15 14:46:26.741 426 23057 D NvOsDebugPrintf: WARNING! This media may play as non HDR
06-15 14:46:26.741 22018 23056 I ACodec : Enable timestamp filtering for Video Decoder
06-15 14:46:26.741 426 1185 E OMXNodeInstance: getConfig(0x51287180:Nvidia.h264.decode, ConfigAndroidVendorExtension(0x6f100004)) ERROR: UnsupportedIndex(0x8000101a)
06-15 14:46:26.742 22018 23056 I ACodec : Get OMX_IndexConfigScale: 0x10000/0x10000
06-15 14:46:26.742 22018 23056 I ACodec : Scaled Width is 1280, height is 720
06-15 14:46:26.748 22018 23056 D SurfaceUtils: set up nativeWindow 0x2816a1d010 for 1280x720, color 0x106, rotation 0, usage 0x2900
06-15 14:46:26.750 371 1130 W GrallocMapperPassthrough: buffer descriptor with invalid usage bits 0x2000
06-15 14:46:26.751 426 470 D NvOsDebugPrintf: 135BlockH264Dec: NvxNvMMLiteTransformFillThisBuffer[5212] calling CleanANBLite
06-15 14:46:26.766 371 1130 W GrallocMapperPassthrough: buffer descriptor with invalid usage bits 0x2000
06-15 14:46:26.767 426 18995 D NvOsDebugPrintf: 135BlockH264Dec: NvxNvMMLiteTransformFillThisBuffer[5212] calling CleanANBLite
06-15 14:46:26.767 426 23059 D NvOsDebugPrintf: NVMEDIA: RefreshRate = 60.000000
06-15 14:46:26.767 426 23059 D NvOsDebugPrintf: NVMEDIA: bEnableVideoSmootheningbEnable = 0
06-15 14:46:26.767 426 23059 D NvOsDebugPrintf: NVMEDIA: cbBeginSequence: 129: BeginSequence 1280x720, bVPR = 0
06-15 14:46:26.767 426 23059 D NvOsDebugPrintf: NVMEDIA: NVDEC LowCorner Freq = (100000 * 1024)
06-15 14:46:26.767 426 23059 D NvOsDebugPrintf: NVMEDIA: LowCorner Frequency = 100000
06-15 14:46:26.767 426 23059 D NvOsDebugPrintf: NVMEDIA: cbBeginSequence: 437: DecodeBuffers = 10, pnvsi->eCodec = 0
06-15 14:46:26.770 426 23059 D NvOsDebugPrintf: NVMEDIA: cbBeginSequence: 522: Display Resolution : (1280x720)
06-15 14:46:26.770 426 23059 D NvOsDebugPrintf: NVMEDIA: cbBeginSequence: 523: Display Aspect Ratio : (1280x720)
06-15 14:46:26.770 426 23059 D NvOsDebugPrintf: NVMEDIA: cbBeginSequence: 591: ColorFormat : 5
06-15 14:46:26.770 426 23059 D NvOsDebugPrintf: NVMEDIA: cbBeginSequence:602 ColorSpace = NvColorSpace_YCbCr709
06-15 14:46:26.770 426 23059 D NvOsDebugPrintf: NVMEDIA: cbBeginSequence: 720: SurfaceLayout = 3
06-15 14:46:26.770 426 23059 D NvOsDebugPrintf: NVMEDIA: cbBeginSequence: 815: NumOfSurfaces = 17, InteraceStream = 0, InterlaceEnabled = 0, bSecure = 0, MVC = 0 Semiplanar = 1, bReinit = 1, BitDepthForSurface = 8 LumaBitDepth = 8, ChromaBitDepth = 8, ChromaFormat = 5
06-15 14:46:26.770 426 23059 D NvOsDebugPrintf: NVMEDIA: cbBeginSequence: 817: BeginSequence ColorPrimaries = 1, TransferCharacteristics = 1, MatrixCoefficients = 1
06-15 14:46:26.770 426 23059 D NvOsDebugPrintf: Allocating new output: 1280x720 (x 17), ThumbnailMode = 0
06-15 14:46:26.770 426 23059 D NvOsDebugPrintf: bitDepth is 8 and NewStreamInfo->bValidMasteringDispData is 0 bAllowClientValues is 0
06-15 14:46:26.770 426 23059 D NvOsDebugPrintf: OPENMAX: HandleNewStreamFormat: 3507: Send OMX_EventPortSettingsChanged : nFrameWidth = 1280, nFrameHeight = 720
06-15 14:46:26.770 22018 23056 I ACodec : Get OMX_IndexConfigScale: 0x10000/0x10000
06-15 14:46:26.770 22018 23056 I ACodec : Scaled Width is 1280, height is 720
06-15 14:46:26.772 22018 23056 D SurfaceUtils: set up nativeWindow 0x2816a1d010 for 1280x720, color 0x146, rotation 0, usage 0x2900
06-15 14:46:26.773 371 1130 W GrallocMapperPassthrough: buffer descriptor with invalid usage bits 0x2000
06-15 14:46:26.777 371 443 W GrallocMapperPassthrough: buffer descriptor with invalid usage bits 0x2000
06-15 14:46:26.779 371 762 W GrallocMapperPassthrough: buffer descriptor with invalid usage bits 0x2000
06-15 14:46:26.787 371 762 W GrallocMapperPassthrough: buffer descriptor with invalid usage bits 0x2000
06-15 14:46:26.798 371 1130 W GrallocMapperPassthrough: buffer descriptor with invalid usage bits 0x2000
06-15 14:46:26.808 371 441 W GrallocMapperPassthrough: buffer descriptor with invalid usage bits 0x2000
06-15 14:46:26.818 371 1130 W GrallocMapperPassthrough: buffer descriptor with invalid usage bits 0x2000
06-15 14:46:26.829 371 1130 W GrallocMapperPassthrough: buffer descriptor with invalid usage bits 0x2000
06-15 14:46:26.840 371 441 W GrallocMapperPassthrough: buffer descriptor with invalid usage bits 0x2000
06-15 14:46:26.850 371 1130 W GrallocMapperPassthrough: buffer descriptor with invalid usage bits 0x2000
06-15 14:46:26.860 371 762 W GrallocMapperPassthrough: buffer descriptor with invalid usage bits 0x2000
06-15 14:46:26.871 371 1130 W GrallocMapperPassthrough: buffer descriptor with invalid usage bits 0x2000
06-15 14:46:26.881 371 762 W GrallocMapperPassthrough: buffer descriptor with invalid usage bits 0x2000
06-15 14:46:26.883 22018 23056 I ACodec : Get OMX_IndexConfigScale: 0x10000/0x10000
06-15 14:46:26.883 22018 23056 I ACodec : Scaled Width is 1280, height is 720
06-15 14:46:26.884 371 1130 W GrallocMapperPassthrough: buffer descriptor with invalid usage bits 0x2000
06-15 14:46:26.965 371 441 W GrallocMapperPassthrough: buffer descriptor with invalid usage bits 0x2000
06-15 14:46:26.966 426 23059 D NvOsDebugPrintf: NVMEDIA: FrameRate = 50
06-15 14:46:26.966 426 23059 D NvOsDebugPrintf: NVMEDIA: NVDEC LowCorner Freq = (166666 * 1024)
06-15 14:46:26.968 371 441 W GrallocMapperPassthrough: buffer descriptor with invalid usage bits 0x2000
06-15 14:46:26.969 371 443 W GrallocMapperPassthrough: buffer descriptor with invalid usage bits 0x2000
06-15 14:46:26.971 371 441 W GrallocMapperPassthrough: buffer descriptor with invalid usage bits 0x2000
06-15 14:46:26.973 371 1130 W GrallocMapperPassthrough: buffer descriptor with invalid usage bits 0x2000
06-15 14:46:27.056 802 1224 V Avrcp : MSG_UPDATE_MEDIA
06-15 14:46:27.056 802 1224 V Avrcp : updatePlaybackState (1): -1Ô×í1(PlaybackState {state=3, position=0, buffered position=0, speed=1.0, updated=368208906, actions=-1, custom actions=[], active item id=-1, error=null})
06-15 14:46:27.057 802 1224 V Avrcp : Media update: id -1Ô×í-1? [MediaAttributes: MÔï»2 - by (0 0/0) ]
06-15 14:46:27.057 802 1224 D Avrcp : sendPlayPosNotificationRsp: Not registered or requesting.
06-15 14:46:27.060 11322 11322 D NowPlayingListener: onPlaybackStateChanged: PlaybackState {state=3, position=-56, buffered position=0, speed=1.0, updated=368208909, actions=-1, custom actions=[], active item id=-1, error=null}
06-15 14:46:27.060 11322 11322 D NowPlayingManager: onClientPlaybackStateUpdate() called with: state = [3], stateChangeTimeMs = [368208909], currentPosMs = [-56]
06-15 14:46:27.060 11322 11322 D NowPlayingManager: onClientPlaybackStateUpdate: Skipped update, state: 3 was unchanged
06-15 14:46:27.062 11322 11322 D NowPlayingManager: onMediaDataUpdated() called with: mediaData = [com.google.android.tvrecommendations.NowPlayingData@d30ff55]
06-15 14:46:27.063 802 1224 V Avrcp : onPlaybackStateChanged: state PlaybackState {state=3, position=-56, buffered position=0, speed=1.0, updated=368208909, actions=-1, custom actions=[], active item id=-1, error=null}
06-15 14:46:27.071 11322 11322 D TVNotifService: onTVNotificationPosted StatusBarNotification(pkg=com.google.android.tvrecommendations user=UserHandle{0} id=4321 tag=Notification.NowPlaying key=0|com.google.android.tvrecommendations|4321|Notification.NowPlaying|10087: Notification(channel=now_playing pri=0 contentView=null vibrate=null sound=null defaults=0x0 flags=0x0 color=0x00000000 vis=PRIVATE)) userId: 0
06-15 14:46:27.576 802 1224 V Avrcp : onPlaybackStateChanged: state PlaybackState {state=3, position=294, buffered position=0, speed=1.0, updated=368209425, actions=-1, custom actions=[], active item id=-1, error=null}
06-15 14:46:27.576 11322 11322 D NowPlayingListener: onPlaybackStateChanged: PlaybackState {state=3, position=294, buffered position=0, speed=1.0, updated=368209425, actions=-1, custom actions=[], active item id=-1, error=null}
06-15 14:46:27.576 11322 11322 D NowPlayingManager: onClientPlaybackStateUpdate() called with: state = [3], stateChangeTimeMs = [368209425], currentPosMs = [294]
06-15 14:46:27.576 11322 11322 D NowPlayingManager: onClientPlaybackStateUpdate: Skipped update, state: 3 was unchanged
06-15 14:46:27.578 11322 11322 D NowPlayingManager: onMediaDataUpdated() called with: mediaData = [com.google.android.tvrecommendations.NowPlayingData@457f25b]
06-15 14:46:27.586 11322 11322 D TVNotifService: onTVNotificationPosted StatusBarNotification(pkg=com.google.android.tvrecommendations user=UserHandle{0} id=4321 tag=Notification.NowPlaying key=0|com.google.android.tvrecommendations|4321|Notification.NowPlaying|10087: Notification(channel=now_playing pri=0 contentView=null vibrate=null sound=null defaults=0x0 flags=0x0 color=0x00000000 vis=PRIVATE)) userId: 0
06-15 14:46:27.926 371 762 W GrallocMapperPassthrough: buffer descriptor with invalid usage bits 0x2000
06-15 14:46:27.929 371 763 W GrallocMapperPassthrough: buffer descriptor with invalid usage bits 0x2000
06-15 14:46:28.064 802 1224 V Avrcp : MSG_UPDATE_MEDIA
06-15 14:46:28.064 802 1224 V Avrcp : updatePlaybackState (1): -1Ô×í1(PlaybackState {state=3, position=0, buffered position=0, speed=1.0, updated=368209914, actions=-1, custom actions=[], active item id=-1, error=null})
06-15 14:46:28.065 802 1224 V Avrcp : Media update: id -1Ô×í-1? [MediaAttributes: MÔï»2 - by (0 0/0) ]
06-15 14:46:28.065 802 1224 D Avrcp : sendPlayPosNotificationRsp: Not registered or requesting.
06-15 14:46:28.093 802 1224 V Avrcp : onPlaybackStateChanged: state PlaybackState {state=3, position=967, buffered position=0, speed=1.0, updated=368209942, actions=-1, custom actions=[], active item id=-1, error=null}
06-15 14:46:28.093 11322 11322 D NowPlayingListener: onPlaybackStateChanged: PlaybackState {state=3, position=967, buffered position=0, speed=1.0, updated=368209942, actions=-1, custom actions=[], active item id=-1, error=null}
06-15 14:46:28.093 11322 11322 D NowPlayingManager: onClientPlaybackStateUpdate() called with: state = [3], stateChangeTimeMs = [368209942], currentPosMs = [967]
06-15 14:46:28.093 11322 11322 D NowPlayingManager: onClientPlaybackStateUpdate: Skipped update, state: 3 was unchanged
06-15 14:46:28.097 11322 11322 D NowPlayingManager: onMediaDataUpdated() called with: mediaData = [com.google.android.tvrecommendations.NowPlayingData@74f3bd1]
