06-15 14:47:11.546 802 1224 V Avrcp : onPlaybackStateChanged: state PlaybackState {state=3, position=27198, buffered position=0, speed=1.0, updated=368253395, actions=-1, custom actions=[], active item id=-1, error=null}
06-15 14:47:11.546 11322 11322 D NowPlayingListener: onPlaybackStateChanged: PlaybackState {state=3, position=27198, buffered position=0, speed=1.0, updated=368253395, actions=-1, custom actions=[], active item id=-1, error=null}
06-15 14:47:11.546 11322 11322 D NowPlayingManager: onClientPlaybackStateUpdate() called with: state = [3], stateChangeTimeMs = [368253395], currentPosMs = [27198]
06-15 14:47:11.546 11322 11322 D NowPlayingManager: onClientPlaybackStateUpdate: Skipped update, state: 3 was unchanged
06-15 14:47:11.548 11322 11322 D NowPlayingManager: onMediaDataUpdated() called with: mediaData = [com.google.android.tvrecommendations.NowPlayingData@47f7387]
06-15 14:47:11.557 11322 11322 D TVNotifService: onTVNotificationPosted StatusBarNotification(pkg=com.google.android.tvrecommendations user=UserHandle{0} id=4321 tag=Notification.NowPlaying key=0|com.google.android.tvrecommendations|4321|Notification.NowPlaying|10087: Notification(channel=now_playing pri=0 contentView=null vibrate=null sound=null defaults=0x0 flags=0x0 color=0x00000000 vis=PRIVATE)) userId: 0
06-15 14:47:11.863 700 761 D WindowManager: handleComboKeys keyCode: 92, keyAction: 0
06-15 14:47:11.865 22018 22038 V Kodi : process_input: Failure reading next input event: Try again
06-15 14:47:11.866 22018 22038 V Kodi : CAndroidKey: key down (dev:3; src:769; code: 92; repeat: 0; flags: 0x8; alt: no; shift: no; sym: no)
06-15 14:47:11.903 802 1224 V Avrcp : onMetadataChanged
06-15 14:47:11.904 11322 11322 D NowPlayingManager: onMediaDataUpdated() called with: mediaData = [com.google.android.tvrecommendations.NowPlayingData@10faedd]
06-15 14:47:11.913 11322 11322 D TVNotifService: onTVNotificationPosted StatusBarNotification(pkg=com.google.android.tvrecommendations user=UserHandle{0} id=4321 tag=Notification.NowPlaying key=0|com.google.android.tvrecommendations|4321|Notification.NowPlaying|10087: Notification(channel=now_playing pri=0 contentView=null vibrate=null sound=null defaults=0x0 flags=0x0 color=0x00000000 vis=PRIVATE)) userId: 0
06-15 14:47:11.937 11322 11322 D NowPlayingListener: onPlaybackStateChanged: PlaybackState {state=3, position=27426, buffered position=0, speed=1.0, updated=368253786, actions=-1, custom actions=[], active item id=-1, error=null}
06-15 14:47:11.937 11322 11322 D NowPlayingManager: onClientPlaybackStateUpdate() called with: state = [3], stateChangeTimeMs = [368253786], currentPosMs = [27426]
06-15 14:47:11.937 11322 11322 D NowPlayingManager: onClientPlaybackStateUpdate: Skipped update, state: 3 was unchanged
06-15 14:47:11.938 802 1224 V Avrcp : onPlaybackStateChanged: state PlaybackState {state=3, position=27426, buffered position=0, speed=1.0, updated=368253786, actions=-1, custom actions=[], active item id=-1, error=null}
06-15 14:47:11.938 22018 22043 W AudioManager: Use of stream types is deprecated for operations other than volume control
06-15 14:47:11.938 22018 22043 W AudioManager: See the documentation of requestAudioFocus() for what to use instead with android.media.AudioAttributes to qualify your playback use case
06-15 14:47:11.939 700 4734 I MediaFocusControl: AudioFocus requestAudioFocus() from uid/pid 10103/22018 clientId=android.media.AudioManager@256ac0eorg.xbmc.kodinerds.interfaces.XBMCAudioManagerOnAudioFocusChangeListener@827b62f req=1 flags=0x0
06-15 14:47:11.940 11322 11322 D NowPlayingManager: onMediaDataUpdated() called with: mediaData = [com.google.android.tvrecommendations.NowPlayingData@455c123]
06-15 14:47:11.953 11322 11322 D TVNotifService: onTVNotificationPosted StatusBarNotification(pkg=com.google.android.tvrecommendations user=UserHandle{0} id=4321 tag=Notification.NowPlaying key=0|com.google.android.tvrecommendations|4321|Notification.NowPlaying|10087: Notification(channel=now_playing pri=0 contentView=null vibrate=null sound=null defaults=0x0 flags=0x0 color=0x00000000 vis=PRIVATE)) userId: 0
06-15 14:47:12.016 700 761 D WindowManager: handleComboKeys keyCode: 92, keyAction: 1
06-15 14:47:12.017 22018 22038 V Kodi : process_input: Failure reading next input event: Try again
06-15 14:47:12.017 22018 22038 V Kodi : CAndroidKey: key up (dev:3; src:769; code: 92; repeat: 0; flags: 0x8; alt: no; shift: no; sym: no)
06-15 14:47:12.032 802 1224 V Avrcp : MSG_UPDATE_MEDIA
06-15 14:47:12.032 802 1224 V Avrcp : updatePlaybackState (1): -1Ô×í1(PlaybackState {state=3, position=27522, buffered position=0, speed=1.0, updated=368253882, actions=-1, custom actions=[], active item id=-1, error=null})
06-15 14:47:12.033 802 1224 V Avrcp : Media update: id -1Ô×í-1? [MediaAttributes: DÔï»n - by (34860 0/0) ]
06-15 14:47:12.033 802 1224 D Avrcp : sendTrackChangedRsp: Not registered or registering.
06-15 14:47:12.033 802 1224 D Avrcp : sendPlayPosNotificationRsp: Not registered or requesting.
06-15 14:47:12.034 802 1224 V Avrcp : onMetadataChanged
06-15 14:47:12.034 802 1224 V Avrcp : onPlaybackStateChanged: state PlaybackState {state=3, position=0, buffered position=0, speed=1.0, updated=368253883, actions=-1, custom actions=[], active item id=-1, error=null}
06-15 14:47:12.035 22018 22043 W AudioManager: Use of stream types is deprecated for operations other than volume control
06-15 14:47:12.035 22018 22043 W AudioManager: See the documentation of requestAudioFocus() for what to use instead with android.media.AudioAttributes to qualify your playback use case
06-15 14:47:12.035 700 4733 I MediaFocusControl: AudioFocus requestAudioFocus() from uid/pid 10103/22018 clientId=android.media.AudioManager@256ac0eorg.xbmc.kodinerds.interfaces.XBMCAudioManagerOnAudioFocusChangeListener@827b62f req=1 flags=0x0
06-15 14:47:12.035 11322 11322 D NowPlayingManager: onMediaDataUpdated() called with: mediaData = [com.google.android.tvrecommendations.NowPlayingData@f5d5bd9]
06-15 14:47:12.038 11322 11322 D NowPlayingListener: onPlaybackStateChanged: PlaybackState {state=3, position=0, buffered position=0, speed=1.0, updated=368253883, actions=-1, custom actions=[], active item id=-1, error=null}
06-15 14:47:12.038 11322 11322 D NowPlayingManager: onClientPlaybackStateUpdate() called with: state = [3], stateChangeTimeMs = [368253883], currentPosMs = [0]
06-15 14:47:12.038 11322 11322 D NowPlayingManager: onClientPlaybackStateUpdate: Skipped update, state: 3 was unchanged
06-15 14:47:12.040 11322 11322 D NowPlayingManager: onMediaDataUpdated() called with: mediaData = [com.google.android.tvrecommendations.NowPlayingData@bb94c7f]
06-15 14:47:12.046 11322 11322 D TVNotifService: onTVNotificationPosted StatusBarNotification(pkg=com.google.android.tvrecommendations user=UserHandle{0} id=4321 tag=Notification.NowPlaying key=0|com.google.android.tvrecommendations|4321|Notification.NowPlaying|10087: Notification(channel=now_playing pri=0 contentView=null vibrate=null sound=null defaults=0x0 flags=0x0 color=0x00000000 vis=PRIVATE)) userId: 0
06-15 14:47:12.048 11322 11322 D TVNotifService: onTVNotificationPosted StatusBarNotification(pkg=com.google.android.tvrecommendations user=UserHandle{0} id=4321 tag=Notification.NowPlaying key=0|com.google.android.tvrecommendations|4321|Notification.NowPlaying|10087: Notification(channel=now_playing pri=0 contentView=null vibrate=null sound=null defaults=0x0 flags=0x0 color=0x00000000 vis=PRIVATE)) userId: 0
06-15 14:47:12.066 802 1224 V Avrcp : onPlaybackStateChanged: state PlaybackState {state=3, position=27699, buffered position=0, speed=1.0, updated=368253915, actions=-1, custom actions=[], active item id=-1, error=null}
06-15 14:47:12.066 11322 11322 D NowPlayingListener: onPlaybackStateChanged: PlaybackState {state=3, position=27699, buffered position=0, speed=1.0, updated=368253915, actions=-1, custom actions=[], active item id=-1, error=null}
06-15 14:47:12.066 11322 11322 D NowPlayingManager: onClientPlaybackStateUpdate() called with: state = [3], stateChangeTimeMs = [368253915], currentPosMs = [27699]
06-15 14:47:12.066 11322 11322 D NowPlayingManager: onClientPlaybackStateUpdate: Skipped update, state: 3 was unchanged
06-15 14:47:12.068 11322 11322 D NowPlayingManager: onMediaDataUpdated() called with: mediaData = [com.google.android.tvrecommendations.NowPlayingData@13edc95]
06-15 14:47:12.082 11322 11322 D TVNotifService: onTVNotificationPosted StatusBarNotification(pkg=com.google.android.tvrecommendations user=UserHandle{0} id=4321 tag=Notification.NowPlaying key=0|com.google.android.tvrecommendations|4321|Notification.NowPlaying|10087: Notification(channel=now_playing pri=0 contentView=null vibrate=null sound=null defaults=0x0 flags=0x0 color=0x00000000 vis=PRIVATE)) userId: 0
06-15 14:47:12.580 802 1224 V Avrcp : onPlaybackStateChanged: state PlaybackState {state=3, position=27699, buffered position=0, speed=1.0, updated=368254429, actions=-1, custom actions=[], active item id=-1, error=null}
06-15 14:47:12.580 11322 11322 D NowPlayingListener: onPlaybackStateChanged: PlaybackState {state=3, position=27699, buffered position=0, speed=1.0, updated=368254429, actions=-1, custom actions=[], active item id=-1, error=null}
06-15 14:47:12.580 11322 11322 D NowPlayingManager: onClientPlaybackStateUpdate() called with: state = [3], stateChangeTimeMs = [368254429], currentPosMs = [27699]
06-15 14:47:12.580 11322 11322 D NowPlayingManager: onClientPlaybackStateUpdate: Skipped update, state: 3 was unchanged
06-15 14:47:12.582 11322 11322 D NowPlayingManager: onMediaDataUpdated() called with: mediaData = [com.google.android.tvrecommendations.NowPlayingData@7a0319b]
06-15 14:47:12.590 11322 11322 D TVNotifService: onTVNotificationPosted StatusBarNotification(pkg=com.google.android.tvrecommendations user=UserHandle{0} id=4321 tag=Notification.NowPlaying key=0|com.google.android.tvrecommendations|4321|Notification.NowPlaying|10087: Notification(channel=now_playing pri=0 contentView=null vibrate=null sound=null defaults=0x0 flags=0x0 color=0x00000000 vis=PRIVATE)) userId: 0
06-15 14:47:13.033 802 1224 V Avrcp : MSG_UPDATE_MEDIA
06-15 14:47:13.034 802 1224 V Avrcp : updatePlaybackState (1): -1Ô×í1(PlaybackState {state=3, position=0, buffered position=0, speed=1.0, updated=368254883, actions=-1, custom actions=[], active item id=-1, error=null})
06-15 14:47:13.034 802 1224 V Avrcp : Media update: id -1Ô×í-1? [MediaAttributes: DÔï»n - by (0 0/0) ]
06-15 14:47:13.034 802 1224 D Avrcp : sendTrackChangedRsp: Not registered or registering.
06-15 14:47:13.034 802 1224 D Avrcp : sendPlayPosNotificationRsp: Not registered or requesting.
06-15 14:47:13.081 802 1224 V Avrcp : onPlaybackStateChanged: state PlaybackState {state=3, position=27699, buffered position=0, speed=1.0, updated=368254930, actions=-1, custom actions=[], active item id=-1, error=null}
06-15 14:47:13.082 11322 11322 D NowPlayingListener: onPlaybackStateChanged: PlaybackState {state=3, position=27699, buffered position=0, speed=1.0, updated=368254930, actions=-1, custom actions=[], active item id=-1, error=null}
06-15 14:47:13.082 11322 11322 D NowPlayingManager: onClientPlaybackStateUpdate() called with: state = [3], stateChangeTimeMs = [368254930], currentPosMs = [27699]
06-15 14:47:13.082 11322 11322 D NowPlayingManager: onClientPlaybackStateUpdate: Skipped update, state: 3 was unchanged
06-15 14:47:13.084 11322 11322 D NowPlayingManager: onMediaDataUpdated() called with: mediaData = [com.google.android.tvrecommendations.NowPlayingData@c7dad11]
06-15 14:47:13.099 11322 11322 D TVNotifService: onTVNotificationPosted StatusBarNotification(pkg=com.google.android.tvrecommendations user=UserHandle{0} id=4321 tag=Notification.NowPlaying key=0|com.google.android.tvrecommendations|4321|Notification.NowPlaying|10087: Notification(channel=now_playing pri=0 contentView=null vibrate=null sound=null defaults=0x0 flags=0x0 color=0x00000000 vis=PRIVATE)) userId: 0
06-15 14:47:13.597 11322 11322 D NowPlayingListener: onPlaybackStateChanged: PlaybackState {state=3, position=27699, buffered position=0, speed=1.0, updated=368255446, actions=-1, custom actions=[], active item id=-1, error=null}
06-15 14:47:13.597 11322 11322 D NowPlayingManager: onClientPlaybackStateUpdate() called with: state = [3], stateChangeTimeMs = [368255446], currentPosMs = [27699]
06-15 14:47:13.597 11322 11322 D NowPlayingManager: onClientPlaybackStateUpdate: Skipped update, state: 3 was unchanged
06-15 14:47:13.599 11322 11322 D NowPlayingManager: onMediaDataUpdated() called with: mediaData = [com.google.android.tvrecommendations.NowPlayingData@4464c77]
06-15 14:47:13.607 11322 11322 D TVNotifService: onTVNotificationPosted StatusBarNotification(pkg=com.google.android.tvrecommendations user=UserHandle{0} id=4321 tag=Notification.NowPlaying key=0|com.google.android.tvrecommendations|4321|Notification.NowPlaying|10087: Notification(channel=now_playing pri=0 contentView=null vibrate=null sound=null defaults=0x0 flags=0x0 color=0x00000000 vis=PRIVATE)) userId: 0
06-15 14:47:14.082 802 1224 V Avrcp : MSG_UPDATE_MEDIA
06-15 14:47:14.082 802 1224 V Avrcp : updatePlaybackState (1): -1Ô×í1(PlaybackState {state=3, position=0, buffered position=0, speed=1.0, updated=368255931, actions=-1, custom actions=[], active item id=-1, error=null})
06-15 14:47:14.082 802 1224 V Avrcp : Media update: id -1Ô×í-1? [MediaAttributes: DÔï»n - by (0 0/0) ]
06-15 14:47:14.082 802 1224 D Avrcp : sendPlayPosNotificationRsp: Not registered or requesting.
06-15 14:47:14.113 11322 11322 D NowPlayingListener: onPlaybackStateChanged: PlaybackState {state=3, position=27699, buffered position=0, speed=1.0, updated=368255962, actions=-1, custom actions=[], active item id=-1, error=null}
06-15 14:47:14.114 11322 11322 D NowPlayingManager: onClientPlaybackStateUpdate() called with: state = [3], stateChangeTimeMs = [368255962], currentPosMs = [27699]
06-15 14:47:14.114 11322 11322 D NowPlayingManager: onClientPlaybackStateUpdate: Skipped update, state: 3 was unchanged
06-15 14:47:14.114 802 1224 V Avrcp : onPlaybackStateChanged: state PlaybackState {state=3, position=27699, buffered position=0, speed=1.0, updated=368255962, actions=-1, custom actions=[], active item id=-1, error=null}
06-15 14:47:14.116 11322 11322 D NowPlayingManager: onMediaDataUpdated() called with: mediaData = [com.google.android.tvrecommendations.NowPlayingData@fff094d]
06-15 14:47:14.122 11322 11322 D TVNotifService: onTVNotificationPosted StatusBarNotification(pkg=com.google.android.tvrecommendations user=UserHandle{0} id=4321 tag=Notification.NowPlaying key=0|com.google.android.tvrecommendations|4321|Notification.NowPlaying|10087: Notification(channel=now_playing pri=0 contentView=null vibrate=null sound=null defaults=0x0 flags=0x0 color=0x00000000 vis=PRIVATE)) userId: 0
06-15 14:47:14.177 371 371 D SurfaceFlinger: duplicate layer name: changing SurfaceView - org.xbmc.kodinerds/org.xbmc.kodinerds.Main to SurfaceView - org.xbmc.kodinerds/org.xbmc.kodinerds.Main#1
06-15 14:47:14.178 371 371 D SurfaceFlinger: duplicate layer name: changing Background for - SurfaceView - org.xbmc.kodinerds/org.xbmc.kodinerds.Main to Background for - SurfaceView - org.xbmc.kodinerds/org.xbmc.kodinerds.Main#1
06-15 14:47:14.192 22018 22018 D XBMCVideoPlayView: Created
06-15 14:47:14.192 22018 22018 D XBMCVideoPlayView: Changed, format:-3, width:1920, height:1080
06-15 14:47:14.199 426 470 I OMXMaster: makeComponentInstance(OMX.Nvidia.h264.decode) in android.hardwar process
06-15 14:47:14.201 22018 22954 D XBMCVideoPlayView: getSurface() = Surface(name=null)/@0x9d57b1a
06-15 14:47:14.202 22018 23160 D SurfaceUtils: connecting to surface 0x2814994010, reason connectToSurface
06-15 14:47:14.202 22018 23160 I MediaCodec: [OMX.Nvidia.h264.decode] setting surface generation to 22546435
06-15 14:47:14.202 22018 23160 D SurfaceUtils: disconnecting from surface 0x2814994010, reason connectToSurface(reconnect)
06-15 14:47:14.202 22018 23160 D SurfaceUtils: connecting to surface 0x2814994010, reason connectToSurface(reconnect)
06-15 14:47:14.202 426 1179 D NvOsDebugPrintf: NVX_IndexParamAllocateNativeHandle : Using Native Handles
06-15 14:47:14.203 22018 23161 W ACodec : Over-riding the width: 1280 with max-width: 1920
06-15 14:47:14.203 22018 23161 W ACodec : Over-riding the height: 720 with max-height: 1080
06-15 14:47:14.203 426 23162 D NvOsDebugPrintf: NvMMLiteOpen : Block : BlockType = 261
06-15 14:47:14.204 426 23162 D NvOsDebugPrintf: NVMEDIA: NvMMLiteTVMRDecBlockOpen: 3216: NvMMLiteBlockOpen
06-15 14:47:14.205 426 23162 D NvOsDebugPrintf: NVMEDIA: RefreshRate = 60.000000
06-15 14:47:14.206 426 23162 D NvOsDebugPrintf: NVMEDIA: RefreshRate = 60.000000
06-15 14:47:14.206 426 23162 D NvOsDebugPrintf: NvMMLiteBlockCreate : Block : BlockType = 261
06-15 14:47:14.206 426 23162 D NvOsDebugPrintf: WARNING! HDRStatic info being set, even for non SMPTE 2084 case
06-15 14:47:14.206 426 23162 D NvOsDebugPrintf: WARNING! This media may play as non HDR
06-15 14:47:14.206 22018 23161 I ACodec : Enable timestamp filtering for Video Decoder
06-15 14:47:14.207 426 1183 E OMXNodeInstance: getConfig(0x512882c0:Nvidia.h264.decode, ConfigAndroidVendorExtension(0x6f100004)) ERROR: UnsupportedIndex(0x8000101a)
06-15 14:47:14.207 22018 23161 I ACodec : Get OMX_IndexConfigScale: 0x10000/0x10000
06-15 14:47:14.207 22018 23161 I ACodec : Scaled Width is 1280, height is 720
06-15 14:47:14.212 22018 23161 D SurfaceUtils: set up nativeWindow 0x2814994010 for 1280x720, color 0x106, rotation 0, usage 0x2900
06-15 14:47:14.215 371 441 W GrallocMapperPassthrough: buffer descriptor with invalid usage bits 0x2000
06-15 14:47:14.216 426 1183 D NvOsDebugPrintf: 136BlockH264Dec: NvxNvMMLiteTransformFillThisBuffer[5212] calling CleanANBLite
06-15 14:47:14.230 371 763 W GrallocMapperPassthrough: buffer descriptor with invalid usage bits 0x2000
06-15 14:47:14.231 426 1185 D NvOsDebugPrintf: 136BlockH264Dec: NvxNvMMLiteTransformFillThisBuffer[5212] calling CleanANBLite
06-15 14:47:14.231 426 23164 D NvOsDebugPrintf: NVMEDIA: RefreshRate = 60.000000
06-15 14:47:14.231 426 23164 D NvOsDebugPrintf: NVMEDIA: bEnableVideoSmootheningbEnable = 0
06-15 14:47:14.231 426 23164 D NvOsDebugPrintf: NVMEDIA: cbBeginSequence: 129: BeginSequence 1280x720, bVPR = 0
06-15 14:47:14.231 426 23164 D NvOsDebugPrintf: NVMEDIA: NVDEC LowCorner Freq = (100000 * 1024)
06-15 14:47:14.231 426 23164 D NvOsDebugPrintf: NVMEDIA: LowCorner Frequency = 100000
06-15 14:47:14.231 426 23164 D NvOsDebugPrintf: NVMEDIA: cbBeginSequence: 437: DecodeBuffers = 10, pnvsi->eCodec = 0
06-15 14:47:14.234 426 23164 D NvOsDebugPrintf: NVMEDIA: cbBeginSequence: 522: Display Resolution : (1280x720)
06-15 14:47:14.234 426 23164 D NvOsDebugPrintf: NVMEDIA: cbBeginSequence: 523: Display Aspect Ratio : (1280x720)
06-15 14:47:14.234 426 23164 D NvOsDebugPrintf: NVMEDIA: cbBeginSequence: 591: ColorFormat : 5
06-15 14:47:14.234 426 23164 D NvOsDebugPrintf: NVMEDIA: cbBeginSequence:602 ColorSpace = NvColorSpace_YCbCr709
06-15 14:47:14.234 426 23164 D NvOsDebugPrintf: NVMEDIA: cbBeginSequence: 720: SurfaceLayout = 3
06-15 14:47:14.234 426 23164 D NvOsDebugPrintf: NVMEDIA: cbBeginSequence: 815: NumOfSurfaces = 17, InteraceStream = 0, InterlaceEnabled = 0, bSecure = 0, MVC = 0 Semiplanar = 1, bReinit = 1, BitDepthForSurface = 8 LumaBitDepth = 8, ChromaBitDepth = 8, ChromaFormat = 5
06-15 14:47:14.234 426 23164 D NvOsDebugPrintf: NVMEDIA: cbBeginSequence: 817: BeginSequence ColorPrimaries = 1, TransferCharacteristics = 1, MatrixCoefficients = 1
06-15 14:47:14.234 426 23164 D NvOsDebugPrintf: Allocating new output: 1280x720 (x 17), ThumbnailMode = 0
06-15 14:47:14.234 426 23164 D NvOsDebugPrintf: bitDepth is 8 and NewStreamInfo->bValidMasteringDispData is 0 bAllowClientValues is 0
06-15 14:47:14.234 426 23164 D NvOsDebugPrintf: OPENMAX: HandleNewStreamFormat: 3507: Send OMX_EventPortSettingsChanged : nFrameWidth = 1280, nFrameHeight = 720
06-15 14:47:14.234 22018 23161 I ACodec : Get OMX_IndexConfigScale: 0x10000/0x10000
06-15 14:47:14.234 22018 23161 I ACodec : Scaled Width is 1280, height is 720
06-15 14:47:14.236 22018 23161 D SurfaceUtils: set up nativeWindow 0x2814994010 for 1280x720, color 0x146, rotation 0, usage 0x2900
06-15 14:47:14.237 371 763 W GrallocMapperPassthrough: buffer descriptor with invalid usage bits 0x2000
06-15 14:47:14.240 371 443 W GrallocMapperPassthrough: buffer descriptor with invalid usage bits 0x2000
06-15 14:47:14.241 371 763 W GrallocMapperPassthrough: buffer descriptor with invalid usage bits 0x2000
06-15 14:47:14.251 371 1130 W GrallocMapperPassthrough: buffer descriptor with invalid usage bits 0x2000
06-15 14:47:14.262 371 1130 W GrallocMapperPassthrough: buffer descriptor with invalid usage bits 0x2000
06-15 14:47:14.272 371 441 W GrallocMapperPassthrough: buffer descriptor with invalid usage bits 0x2000
06-15 14:47:14.282 371 762 W GrallocMapperPassthrough: buffer descriptor with invalid usage bits 0x2000
06-15 14:47:14.293 371 762 W GrallocMapperPassthrough: buffer descriptor with invalid usage bits 0x2000
06-15 14:47:14.303 371 443 W GrallocMapperPassthrough: buffer descriptor with invalid usage bits 0x2000
06-15 14:47:14.314 371 762 W GrallocMapperPassthrough: buffer descriptor with invalid usage bits 0x2000
06-15 14:47:14.324 371 441 W GrallocMapperPassthrough: buffer descriptor with invalid usage bits 0x2000
06-15 14:47:14.335 371 763 W GrallocMapperPassthrough: buffer descriptor with invalid usage bits 0x2000
06-15 14:47:14.346 371 763 W GrallocMapperPassthrough: buffer descriptor with invalid usage bits 0x2000
06-15 14:47:14.349 22018 23161 I ACodec : Get OMX_IndexConfigScale: 0x10000/0x10000
06-15 14:47:14.349 22018 23161 I ACodec : Scaled Width is 1280, height is 720
06-15 14:47:14.351 371 1130 W GrallocMapperPassthrough: buffer descriptor with invalid usage bits 0x2000
06-15 14:47:14.631 802 1224 V Avrcp : onPlaybackStateChanged: state PlaybackState {state=3, position=0, buffered position=0, speed=1.0, updated=368256480, actions=-1, custom actions=[], active item id=-1, error=null}
06-15 14:47:14.631 11322 11322 D NowPlayingListener: onPlaybackStateChanged: PlaybackState {state=3, position=0, buffered position=0, speed=1.0, updated=368256480, actions=-1, custom actions=[], active item id=-1, error=null}
06-15 14:47:14.631 11322 11322 D NowPlayingManager: onClientPlaybackStateUpdate() called with: state = [3], stateChangeTimeMs = [368256480], currentPosMs = [0]
06-15 14:47:14.631 11322 11322 D NowPlayingManager: onClientPlaybackStateUpdate: Skipped update, state: 3 was unchanged
06-15 14:47:14.633 11322 11322 D NowPlayingManager: onMediaDataUpdated() called with: mediaData = [com.google.android.tvrecommendations.NowPlayingData@bc93913]
06-15 14:47:14.641 11322 11322 D TVNotifService: onTVNotificationPosted StatusBarNotification(pkg=com.google.android.tvrecommendations user=UserHandle{0} id=4321 tag=Notification.NowPlaying key=0|com.google.android.tvrecommendations|4321|Notification.NowPlaying|10087: Notification(channel=now_playing pri=0 contentView=null vibrate=null sound=null defaults=0x0 flags=0x0 color=0x00000000 vis=PRIVATE)) userId: 0
06-15 14:47:14.666 371 763 W GrallocMapperPassthrough: buffer descriptor with invalid usage bits 0x2000
06-15 14:47:14.673 426 23164 D NvOsDebugPrintf: NVMEDIA: FrameRate = 50
06-15 14:47:14.673 426 23164 D NvOsDebugPrintf: NVMEDIA: NVDEC LowCorner Freq = (166666 * 1024)
06-15 14:47:14.676 371 443 W GrallocMapperPassthrough: buffer descriptor with invalid usage bits 0x2000
06-15 14:47:14.684 371 762 W GrallocMapperPassthrough: buffer descriptor with invalid usage bits 0x2000
06-15 14:47:14.685 371 1130 W GrallocMapperPassthrough: buffer descriptor with invalid usage bits 0x2000
06-15 14:47:15.114 802 1224 V Avrcp : MSG_UPDATE_MEDIA
06-15 14:47:15.114 802 1224 V Avrcp : updatePlaybackState (1): -1Ô×í1(PlaybackState {state=3, position=0, buffered position=0, speed=1.0, updated=368256964, actions=-1, custom actions=[], active item id=-1, error=null})
06-15 14:47:15.115 802 1224 V Avrcp : Media update: id -1Ô×í-1? [MediaAttributes: DÔï»n - by (0 0/0) ]
06-15 14:47:15.115 802 1224 D Avrcp : sendPlayPosNotificationRsp: Not registered or requesting.
06-15 14:47:15.147 11322 11322 D NowPlayingListener: onPlaybackStateChanged: PlaybackState {state=3, position=767, buffered position=0, speed=1.0, updated=368256996, actions=-1, custom actions=[], active item id=-1, error=null}
06-15 14:47:15.147 11322 11322 D NowPlayingManager: onClientPlaybackStateUpdate() called with: state = [3], stateChangeTimeMs = [368256996], currentPosMs = [767]
06-15 14:47:15.147 802 1224 V Avrcp : onPlaybackStateChanged: state PlaybackState {state=3, position=767, buffered position=0, speed=1.0, updated=368256996, actions=-1, custom actions=[], active item id=-1, error=null}
06-15 14:47:15.147 11322 11322 D NowPlayingManager: onClientPlaybackStateUpdate: Skipped update, state: 3 was unchanged
06-15 14:47:15.150 11322 11322 D NowPlayingManager: onMediaDataUpdated() called with: mediaData = [com.google.android.tvrecommendations.NowPlayingData@9bfed49]
06-15 14:47:15.158 11322 11322 D TVNotifService: onTVNotificationPosted StatusBarNotification(pkg=com.google.android.tvrecommendations user=UserHandle{0} id=4321 tag=Notification.NowPlaying key=0|com.google.android.tvrecommendations|4321|Notification.NowPlaying|10087: Notification(channel=now_playing pri=0 contentView=null vibrate=null sound=null defaults=0x0 flags=0x0 color=0x00000000 vis=PRIVATE)) userId: 0
06-15 14:47:15.234 371 443 W GrallocMapperPassthrough: buffer descriptor with invalid usage bits 0x2000
06-15 14:47:15.277 371 443 I chatty : uid=1000(system) Binder:371_2 identical 1 line
06-15 14:47:15.283 371 443 W GrallocMapperPassthrough: buffer descriptor with invalid usage bits 0x2000
06-15 14:47:15.648 11322 11322 D NowPlayingListener: onPlaybackStateChanged: PlaybackState {state=3, position=1025, buffered position=0, speed=1.0, updated=368257497, actions=-1, custom actions=[], active item id=-1, error=null}
06-15 14:47:15.648 11322 11322 D NowPlayingManager: onClientPlaybackStateUpdate() called with: state = [3], stateChangeTimeMs = [368257497], currentPosMs = [1025]
06-15 14:47:15.648 11322 11322 D NowPlayingManager: onClientPlaybackStateUpdate: Skipped update, state: 3 was unchanged
06-15 14:47:15.648 802 1224 V Avrcp : onPlaybackStateChanged: state PlaybackState {state=3, position=1025, buffered position=0, speed=1.0, updated=368257497, actions=-1, custom actions=[], active item id=-1, error=null}
06-15 14:47:15.650 11322 11322 D NowPlayingManager: onMediaDataUpdated() called with: mediaData = [com.google.android.tvrecommendations.NowPlayingData@284536f]
06-15 14:47:15.658 11322 11322 D TVNotifService: onTVNotificationPosted StatusBarNotification(pkg=com.google.android.tvrecommendations user=UserHandle{0} id=4321 tag=Notification.NowPlaying key=0|com.google.android.tvrecommendations|4321|Notification.NowPlaying|10087: Notification(channel=now_playing pri=0 contentView=null vibrate=null sound=null defaults=0x0 flags=0x0 color=0x00000000 vis=PRIVATE)) userId: 0
06-15 14:47:16.110 426 23164 D NvOsDebugPrintf: ---> NVMEDIA: Video-conferencing detected !!!!!!!!!
06-15 14:47:16.148 802 1224 V Avrcp : MSG_UPDATE_MEDIA
06-15 14:47:16.148 802 1224 V Avrcp : updatePlaybackState (1): -1Ô×í1(PlaybackState {state=3, position=0, buffered position=0, speed=1.0, updated=368257998, actions=-1, custom actions=[], active item id=-1, error=null})
06-15 14:47:16.149 802 1224 V Avrcp : Media update: id -1Ô×í-1? [MediaAttributes: DÔï»n - by (0 0/0) ]
06-15 14:47:16.149 802 1224 D Avrcp : sendPlayPosNotificationRsp: Not registered or requesting.
06-15 14:47:16.165 802 1224 V Avrcp : onPlaybackStateChanged: state PlaybackState {state=3, position=1540, buffered position=0, speed=1.0, updated=368258013, actions=-1, custom actions=[], active item id=-1, error=null}
06-15 14:47:16.165 11322 11322 D NowPlayingListener: onPlaybackStateChanged: PlaybackState {state=3, position=1540, buffered position=0, speed=1.0, updated=368258013, actions=-1, custom actions=[], active item id=-1, error=null}
06-15 14:47:16.165 11322 11322 D NowPlayingManager: onClientPlaybackStateUpdate() called with: state = [3], stateChangeTimeMs = [368258013], currentPosMs = [1540]
06-15 14:47:16.165 11322 11322 D NowPlayingManager: onClientPlaybackStateUpdate: Skipped update, state: 3 was unchanged
06-15 14:47:16.167 11322 11322 D NowPlayingManager: onMediaDataUpdated() called with: mediaData = [com.google.android.tvrecommendations.NowPlayingData@911505]
06-15 14:47:16.175 11322 11322 D TVNotifService: onTVNotificationPosted StatusBarNotification(pkg=com.google.android.tvrecommendations user=UserHandle{0} id=4321 tag=Notification.NowPlaying key=0|com.google.android.tvrecommendations|4321|Notification.NowPlaying|10087: Notification(channel=now_playing pri=0 contentView=null vibrate=null sound=null defaults=0x0 flags=0x0 color=0x00000000 vis=PRIVATE)) userId: 0
06-15 14:47:16.647 2623 21885 I chromium: [2623:21885:INFO:ssdp_device.c(101)] SSDP packets sent for 30 seconds = 20
06-15 14:47:16.678 802 1224 V Avrcp : onPlaybackStateChanged: state PlaybackState {state=3, position=2357, buffered position=0, speed=1.0, updated=368258527, actions=-1, custom actions=[], active item id=-1, error=null}
06-15 14:47:16.678 11322 11322 D NowPlayingListener: onPlaybackStateChanged: PlaybackState {state=3, position=2357, buffered position=0, speed=1.0, updated=368258527, actions=-1, custom actions=[], active item id=-1, error=null}
06-15 14:47:16.678 11322 11322 D NowPlayingManager: onClientPlaybackStateUpdate() called with: state = [3], stateChangeTimeMs = [368258527], currentPosMs = [2357]
06-15 14:47:16.678 11322 11322 D NowPlayingManager: onClientPlaybackStateUpdate: Skipped update, state: 3 was unchanged
06-15 14:47:16.684 11322 11322 D NowPlayingManager: onMediaDataUpdated() called with: mediaData = [com.google.android.tvrecommendations.NowPlayingData@d2cb78b]
06-15 14:47:16.692 11322 11322 D TVNotifService: onTVNotificationPosted StatusBarNotification(pkg=com.google.android.tvrecommendations user=UserHandle{0} id=4321 tag=Notification.NowPlaying key=0|com.google.android.tvrecommendations|4321|Notification.NowPlaying|10087: Notification(channel=now_playing pri=0 contentView=null vibrate=null sound=null defaults=0x0 flags=0x0 color=0x00000000 vis=PRIVATE)) userId: 0
06-15 14:47:17.165 802 1224 V Avrcp : MSG_UPDATE_MEDIA
06-15 14:47:17.166 802 1224 V Avrcp : updatePlaybackState (1): -1Ô×í1(PlaybackState {state=3, position=0, buffered position=0, speed=1.0, updated=368259015, actions=-1, custom actions=[], active item id=-1, error=null})
06-15 14:47:17.167 802 1224 V Avrcp : Media update: id -1Ô×í-1? [MediaAttributes: DÔï»n - by (0 0/0) ]
06-15 14:47:17.167 802 1224 D Avrcp : sendPlayPosNotificationRsp: Not registered or requesting.
06-15 14:47:17.194 11322 11322 D NowPlayingListener: onPlaybackStateChanged: PlaybackState {state=3, position=2704, buffered position=0, speed=1.0, updated=368259043, actions=-1, custom actions=[], active item id=-1, error=null}
06-15 14:47:17.194 11322 11322 D NowPlayingManager: onClientPlaybackStateUpdate() called with: state = [3], stateChangeTimeMs = [368259043], currentPosMs = [2704]
06-15 14:47:17.194 11322 11322 D NowPlayingManager: onClientPlaybackStateUpdate: Skipped update, state: 3 was unchanged
06-15 14:47:17.195 802 1224 V Avrcp : onPlaybackStateChanged: state PlaybackState {state=3, position=2704, buffered position=0, speed=1.0, updated=368259043, actions=-1, custom actions=[], active item id=-1, error=null}
06-15 14:47:17.197 11322 11322 D NowPlayingManager: onMediaDataUpdated() called with: mediaData = [com.google.android.tvrecommendations.NowPlayingData@d92fc81]
06-15 14:47:17.206 11322 11322 D TVNotifService: onTVNotificationPosted StatusBarNotification(pkg=com.google.android.tvrecommendations user=UserHandle{0} id=4321 tag=Notification.NowPlaying key=0|com.google.android.tvrecommendations|4321|Notification.NowPlaying|10087: Notification(channel=now_playing pri=0 contentView=null vibrate=null sound=null defaults=0x0 flags=0x0 color=0x00000000 vis=PRIVATE)) userId: 0
06-15 14:47:17.410 426 23164 D NvOsDebugPrintf: NVMEDIA: FrameRate(for last 120 frames) = 50.000000, AvgFrameRate = 50.000000
06-15 14:47:17.712 802 1224 V Avrcp : onPlaybackStateChanged: state PlaybackState {state=3, position=3395, buffered position=0, speed=1.0, updated=368259559, actions=-1, custom actions=[], active item id=-1, error=null}
06-15 14:47:17.713 11322 11322 D NowPlayingListener: onPlaybackStateChanged: PlaybackState {state=3, position=3395, buffered position=0, speed=1.0, updated=368259559, actions=-1, custom actions=[], active item id=-1, error=null}
06-15 14:47:17.713 11322 11322 D NowPlayingManager: onClientPlaybackStateUpdate() called with: state = [3], stateChangeTimeMs = [368259559], currentPosMs = [3395]
06-15 14:47:17.713 11322 11322 D NowPlayingManager: onClientPlaybackStateUpdate: Skipped update, state: 3 was unchanged
06-15 14:47:17.715 11322 11322 D NowPlayingManager: onMediaDataUpdated() called with: mediaData = [com.google.android.tvrecommendations.NowPlayingData@cad4167]
06-15 14:47:17.723 11322 11322 D TVNotifService: onTVNotificationPosted StatusBarNotification(pkg=com.google.android.tvrecommendations user=UserHandle{0} id=4321 tag=Notification.NowPlaying key=0|com.google.android.tvrecommendations|4321|Notification.NowPlaying|10087: Notification(channel=now_playing pri=0 contentView=null vibrate=null sound=null defaults=0x0 flags=0x0 color=0x00000000 vis=PRIVATE)) userId: 0
06-15 14:47:18.195 802 1224 V Avrcp : MSG_UPDATE_MEDIA
06-15 14:47:18.195 802 1224 V Avrcp : updatePlaybackState (1): -1Ô×í1(PlaybackState {state=3, position=0, buffered position=0, speed=1.0, updated=368260045, actions=-1, custom actions=[], active item id=-1, error=null})
06-15 14:47:18.196 802 1224 V Avrcp : Media update: id -1Ô×í-1? [MediaAttributes: DÔï»n - by (0 0/0) ]
06-15 14:47:18.196 802 1224 D Avrcp : sendPlayPosNotificationRsp: Not registered or requesting.
06-15 14:47:18.226 802 1224 V Avrcp : onPlaybackStateChanged: state PlaybackState {state=3, position=3761, buffered position=0, speed=1.0, updated=368260075, actions=-1, custom actions=[], active item id=-1, error=null}
06-15 14:47:18.226 11322 11322 D NowPlayingListener: onPlaybackStateChanged: PlaybackState {state=3, position=3761, buffered position=0, speed=1.0, updated=368260075, actions=-1, custom actions=[], active item id=-1, error=null}
06-15 14:47:18.226 11322 11322 D NowPlayingManager: onClientPlaybackStateUpdate() called with: state = [3], stateChangeTimeMs = [368260075], currentPosMs = [3761]
06-15 14:47:18.226 11322 11322 D NowPlayingManager: onClientPlaybackStateUpdate: Skipped update, state: 3 was unchanged
06-15 14:47:18.228 11322 11322 D NowPlayingManager: onMediaDataUpdated() called with: mediaData = [com.google.android.tvrecommendations.NowPlayingData@171dfbd]
06-15 14:47:18.237 11322 11322 D TVNotifService: onTVNotificationPosted StatusBarNotification(pkg=com.google.android.tvrecommendations user=UserHandle{0} id=4321 tag=Notification.NowPlaying key=0|com.google.android.tvrecommendations|4321|Notification.NowPlaying|10087: Notification(channel=now_playing pri=0 contentView=null vibrate=null sound=null defaults=0x0 flags=0x0 color=0x00000000 vis=PRIVATE)) userId: 0
06-15 14:47:18.597 700 761 D WindowManager: handleComboKeys keyCode: 19, keyAction: 0
06-15 14:47:18.599 22018 22038 V Kodi : process_input: Failure reading next input event: Try again
06-15 14:47:18.599 22018 22038 V Kodi : CAndroidKey: key down (dev:3; src:769; code: 19; repeat: 0; flags: 0x8; alt: no; shift: no; sym: no)
06-15 14:47:18.727 802 1224 V Avrcp : onPlaybackStateChanged: state PlaybackState {state=3, position=3761, buffered position=0, speed=1.0, updated=368260576, actions=-1, custom actions=[], active item id=-1, error=null}
06-15 14:47:18.727 11322 11322 D NowPlayingListener: onPlaybackStateChanged: PlaybackState {state=3, position=3761, buffered position=0, speed=1.0, updated=368260576, actions=-1, custom actions=[], active item id=-1, error=null}
06-15 14:47:18.727 11322 11322 D NowPlayingManager: onClientPlaybackStateUpdate() called with: state = [3], stateChangeTimeMs = [368260576], currentPosMs = [3761]
06-15 14:47:18.727 11322 11322 D NowPlayingManager: onClientPlaybackStateUpdate: Skipped update, state: 3 was unchanged
06-15 14:47:18.730 11322 11322 D NowPlayingManager: onMediaDataUpdated() called with: mediaData = [com.google.android.tvrecommendations.NowPlayingData@bc28d03]
06-15 14:47:18.737 11322 11322 D TVNotifService: onTVNotificationPosted StatusBarNotification(pkg=com.google.android.tvrecommendations user=UserHandle{0} id=4321 tag=Notification.NowPlaying key=0|com.google.android.tvrecommendations|4321|Notification.NowPlaying|10087: Notification(channel=now_playing pri=0 contentView=null vibrate=null sound=null defaults=0x0 flags=0x0 color=0x00000000 vis=PRIVATE)) userId: 0
06-15 14:47:18.805 700 761 D WindowManager: handleComboKeys keyCode: 19, keyAction: 1
06-15 14:47:18.806 22018 22038 V Kodi : process_input: Failure reading next input event: Try again
06-15 14:47:18.806 22018 22038 V Kodi : CAndroidKey: key up (dev:3; src:769; code: 19; repeat: 0; flags: 0x8; alt: no; shift: no; sym: no)
06-15 14:47:19.227 802 1224 V Avrcp : MSG_UPDATE_MEDIA
06-15 14:47:19.227 802 1224 V Avrcp : updatePlaybackState (1): -1Ô×í1(PlaybackState {state=3, position=0, buffered position=0, speed=1.0, updated=368261077, actions=-1, custom actions=[], active item id=-1, error=null})
06-15 14:47:19.228 802 1224 V Avrcp : Media update: id -1Ô×í-1? [MediaAttributes: DÔï»n - by (0 0/0) ]
06-15 14:47:19.228 802 1224 D Avrcp : sendPlayPosNotificationRsp: Not registered or requesting.
06-15 14:47:19.244 11322 11322 D NowPlayingListener: onPlaybackStateChanged: PlaybackState {state=3, position=3761, buffered position=0, speed=1.0, updated=368261093, actions=-1, custom actions=[], active item id=-1, error=null}
06-15 14:47:19.244 11322 11322 D NowPlayingManager: onClientPlaybackStateUpdate() called with: state = [3], stateChangeTimeMs = [368261093], currentPosMs = [3761]
06-15 14:47:19.244 11322 11322 D NowPlayingManager: onClientPlaybackStateUpdate: Skipped update, state: 3 was unchanged
06-15 14:47:19.244 802 1224 V Avrcp : onPlaybackStateChanged: state PlaybackState {state=3, position=3761, buffered position=0, speed=1.0, updated=368261093, actions=-1, custom actions=[], active item id=-1, error=null}
06-15 14:47:19.246 11322 11322 D NowPlayingManager: onMediaDataUpdated() called with: mediaData = [com.google.android.tvrecommendations.NowPlayingData@161bab9]
06-15 14:47:19.254 11322 11322 D TVNotifService: onTVNotificationPosted StatusBarNotification(pkg=com.google.android.tvrecommendations user=UserHandle{0} id=4321 tag=Notification.NowPlaying key=0|com.google.android.tvrecommendations|4321|Notification.NowPlaying|10087: Notification(channel=now_playing pri=0 contentView=null vibrate=null sound=null defaults=0x0 flags=0x0 color=0x00000000 vis=PRIVATE)) userId: 0
06-15 14:47:19.761 802 1224 V Avrcp : onPlaybackStateChanged: state PlaybackState {state=3, position=3761, buffered position=0, speed=1.0, updated=368261610, actions=-1, custom actions=[], active item id=-1, error=null}
06-15 14:47:19.762 11322 11322 D NowPlayingListener: onPlaybackStateChanged: PlaybackState {state=3, position=3761, buffered position=0, speed=1.0, updated=368261610, actions=-1, custom actions=[], active item id=-1, error=null}
06-15 14:47:19.762 11322 11322 D NowPlayingManager: onClientPlaybackStateUpdate() called with: state = [3], stateChangeTimeMs = [368261610], currentPosMs = [3761]
06-15 14:47:19.762 11322 11322 D NowPlayingManager: onClientPlaybackStateUpdate: Skipped update, state: 3 was unchanged
06-15 14:47:19.763 11322 11322 D NowPlayingManager: onMediaDataUpdated() called with: mediaData = [com.google.android.tvrecommendations.NowPlayingData@a56f65f]
06-15 14:47:19.772 11322 11322 D TVNotifService: onTVNotificationPosted StatusBarNotification(pkg=com.google.android.tvrecommendations user=UserHandle{0} id=4321 tag=Notification.NowPlaying key=0|com.google.android.tvrecommendations|4321|Notification.NowPlaying|10087: Notification(channel=now_playing pri=0 contentView=null vibrate=null sound=null defaults=0x0 flags=0x0 color=0x00000000 vis=PRIVATE)) userId: 0
06-15 14:47:19.902 700 761 D WindowManager: handleComboKeys keyCode: 22, keyAction: 0
06-15 14:47:19.903 22018 22038 V Kodi : process_input: Failure reading next input event: Try again
06-15 14:47:19.904 22018 22038 V Kodi : CAndroidKey: key down (dev:3; src:769; code: 22; repeat: 0; flags: 0x8; alt: no; shift: no; sym: no)
06-15 14:47:20.094 700 761 D WindowManager: handleComboKeys keyCode: 22, keyAction: 1
06-15 14:47:20.096 22018 22038 V Kodi : process_input: Failure reading next input event: Try again
06-15 14:47:20.096 22018 22038 V Kodi : CAndroidKey: key up (dev:3; src:769; code: 22; repeat: 0; flags: 0x8; alt: no; shift: no; sym: no)
06-15 14:47:20.244 802 1224 V Avrcp : MSG_UPDATE_MEDIA
06-15 14:47:20.245 802 1224 V Avrcp : updatePlaybackState (1): -1Ô×í1(PlaybackState {state=3, position=0, buffered position=0, speed=1.0, updated=368262094, actions=-1, custom actions=[], active item id=-1, error=null})
06-15 14:47:20.246 802 1224 V Avrcp : Media update: id -1Ô×í-1? [MediaAttributes: DÔï»n - by (0 0/0) ]
06-15 14:47:20.246 802 1224 D Avrcp : sendPlayPosNotificationRsp: Not registered or requesting.
06-15 14:47:20.286 11322 11322 D NowPlayingListener: onPlaybackStateChanged: PlaybackState {state=3, position=3761, buffered position=0, speed=1.0, updated=368262135, actions=-1, custom actions=[], active item id=-1, error=null}
06-15 14:47:20.286 802 1224 V Avrcp : onPlaybackStateChanged: state PlaybackState {state=3, position=3761, buffered position=0, speed=1.0, updated=368262135, actions=-1, custom actions=[], active item id=-1, error=null}
06-15 14:47:20.286 11322 11322 D NowPlayingManager: onClientPlaybackStateUpdate() called with: state = [3], stateChangeTimeMs = [368262135], currentPosMs = [3761]
06-15 14:47:20.286 11322 11322 D NowPlayingManager: onClientPlaybackStateUpdate: Skipped update, state: 3 was unchanged
06-15 14:47:20.288 11322 11322 D NowPlayingManager: onMediaDataUpdated() called with: mediaData = [com.google.android.tvrecommendations.NowPlayingData@7da4975]
06-15 14:47:20.297 11322 11322 D TVNotifService: onTVNotificationPosted StatusBarNotification(pkg=com.google.android.tvrecommendations user=UserHandle{0} id=4321 tag=Notification.NowPlaying key=0|com.google.android.tvrecommendations|4321|Notification.NowPlaying|10087: Notification(channel=now_playing pri=0 contentView=null vibrate=null sound=null defaults=0x0 flags=0x0 color=0x00000000 vis=PRIVATE)) userId: 0
06-15 14:47:20.652 700 761 D WindowManager: handleComboKeys keyCode: 22, keyAction: 0
06-15 14:47:20.653 22018 22038 V Kodi : process_input: Failure reading next input event: Try again
06-15 14:47:20.654 22018 22038 V Kodi : CAndroidKey: key down (dev:3; src:769; code: 22; repeat: 0; flags: 0x8; alt: no; shift: no; sym: no)
06-15 14:47:20.794 802 1224 V Avrcp : onPlaybackStateChanged: state PlaybackState {state=3, position=3761, buffered position=0, speed=1.0, updated=368262643, actions=-1, custom actions=[], active item id=-1, error=null}
06-15 14:47:20.795 11322 11322 D NowPlayingListener: onPlaybackStateChanged: PlaybackState {state=3, position=3761, buffered position=0, speed=1.0, updated=368262643, actions=-1, custom actions=[], active item id=-1, error=null}
06-15 14:47:20.795 11322 11322 D NowPlayingManager: onClientPlaybackStateUpdate() called with: state = [3], stateChangeTimeMs = [368262643], currentPosMs = [3761]
06-15 14:47:20.795 11322 11322 D NowPlayingManager: onClientPlaybackStateUpdate: Skipped update, state: 3 was unchanged
06-15 14:47:20.797 11322 11322 D NowPlayingManager: onMediaDataUpdated() called with: mediaData = [com.google.android.tvrecommendations.NowPlayingData@29e997b]
06-15 14:47:20.805 11322 11322 D TVNotifService: onTVNotificationPosted StatusBarNotification(pkg=com.google.android.tvrecommendations user=UserHandle{0} id=4321 tag=Notification.NowPlaying key=0|com.google.android.tvrecommendations|4321|Notification.NowPlaying|10087: Notification(channel=now_playing pri=0 contentView=null vibrate=null sound=null defaults=0x0 flags=0x0 color=0x00000000 vis=PRIVATE)) userId: 0
06-15 14:47:20.811 700 761 D WindowManager: handleComboKeys keyCode: 22, keyAction: 1
06-15 14:47:20.812 22018 22038 V Kodi : process_input: Failure reading next input event: Try again
06-15 14:47:20.813 22018 22038 V Kodi : CAndroidKey: key up (dev:3; src:769; code: 22; repeat: 0; flags: 0x8; alt: no; shift: no; sym: no)
06-15 14:47:21.002 700 761 D WindowManager: handleComboKeys keyCode: 22, keyAction: 0
06-15 14:47:21.003 22018 22038 V Kodi : process_input: Failure reading next input event: Try again
06-15 14:47:21.003 22018 22038 V Kodi : CAndroidKey: key down (dev:3; src:769; code: 22; repeat: 0; flags: 0x8; alt: no; shift: no; sym: no)
06-15 14:47:21.145 700 761 D WindowManager: handleComboKeys keyCode: 22, keyAction: 1
06-15 14:47:21.147 22018 22038 V Kodi : process_input: Failure reading next input event: Try again
06-15 14:47:21.147 22018 22038 V Kodi : CAndroidKey: key up (dev:3; src:769; code: 22; repeat: 0; flags: 0x8; alt: no; shift: no; sym: no)
06-15 14:47:21.287 802 1224 V Avrcp : MSG_UPDATE_MEDIA
06-15 14:47:21.287 802 1224 V Avrcp : updatePlaybackState (1): -1Ô×í1(PlaybackState {state=3, position=0, buffered position=0, speed=1.0, updated=368263136, actions=-1, custom actions=[], active item id=-1, error=null})
06-15 14:47:21.287 802 1224 V Avrcp : Media update: id -1Ô×í-1? [MediaAttributes: DÔï»n - by (0 0/0) ]
06-15 14:47:21.287 802 1224 D Avrcp : sendPlayPosNotificationRsp: Not registered or requesting.
06-15 14:47:21.311 802 1224 V Avrcp : onPlaybackStateChanged: state PlaybackState {state=3, position=3761, buffered position=0, speed=1.0, updated=368263160, actions=-1, custom actions=[], active item id=-1, error=null}
06-15 14:47:21.311 11322 11322 D NowPlayingListener: onPlaybackStateChanged: PlaybackState {state=3, position=3761, buffered position=0, speed=1.0, updated=368263160, actions=-1, custom actions=[], active item id=-1, error=null}
06-15 14:47:21.311 11322 11322 D NowPlayingManager: onClientPlaybackStateUpdate() called with: state = [3], stateChangeTimeMs = [368263160], currentPosMs = [3761]
06-15 14:47:21.311 11322 11322 D NowPlayingManager: onClientPlaybackStateUpdate: Skipped update, state: 3 was unchanged
06-15 14:47:21.313 11322 11322 D NowPlayingManager: onMediaDataUpdated() called with: mediaData = [com.google.android.tvrecommendations.NowPlayingData@51307f1]
06-15 14:47:21.321 11322 11322 D TVNotifService: onTVNotificationPosted StatusBarNotification(pkg=com.google.android.tvrecommendations user=UserHandle{0} id=4321 tag=Notification.NowPlaying key=0|com.google.android.tvrecommendations|4321|Notification.NowPlaying|10087: Notification(channel=now_playing pri=0 contentView=null vibrate=null sound=null defaults=0x0 flags=0x0 color=0x00000000 vis=PRIVATE)) userId: 0
06-15 14:47:21.794 11322 11322 D NowPlayingListener: onPlaybackStateChanged: PlaybackState {state=3, position=3761, buffered position=0, speed=1.0, updated=368263643, actions=-1, custom actions=[], active item id=-1, error=null}
06-15 14:47:21.794 11322 11322 D NowPlayingManager: onClientPlaybackStateUpdate() called with: state = [3], stateChangeTimeMs = [368263643], currentPosMs = [3761]
06-15 14:47:21.794 11322 11322 D NowPlayingManager: onClientPlaybackStateUpdate: Skipped update, state: 3 was unchanged
06-15 14:47:21.795 802 1224 V Avrcp : onPlaybackStateChanged: state PlaybackState {state=3, position=3761, buffered position=0, speed=1.0, updated=368263643, actions=-1, custom actions=[], active item id=-1, error=null}
06-15 14:47:21.796 11322 11322 D NowPlayingManager: onMediaDataUpdated() called with: mediaData = [com.google.android.tvrecommendations.NowPlayingData@3f35257]
06-15 14:47:21.800 700 761 D WindowManager: handleComboKeys keyCode: 20, keyAction: 0
06-15 14:47:21.803 22018 22038 V Kodi : process_input: Failure reading next input event: Try again
06-15 14:47:21.804 22018 22038 V Kodi : CAndroidKey: key down (dev:3; src:769; code: 20; repeat: 0; flags: 0x8; alt: no; shift: no; sym: no)
06-15 14:47:21.805 11322 11322 D TVNotifService: onTVNotificationPosted StatusBarNotification(pkg=com.google.android.tvrecommendations user=UserHandle{0} id=4321 tag=Notification.NowPlaying key=0|com.google.android.tvrecommendations|4321|Notification.NowPlaying|10087: Notification(channel=now_playing pri=0 contentView=null vibrate=null sound=null defaults=0x0 flags=0x0 color=0x00000000 vis=PRIVATE)) userId: 0
06-15 14:47:21.831 802 1224 V Avrcp : onPlaybackStateChanged: state PlaybackState {state=3, position=3761, buffered position=0, speed=1.0, updated=368263680, actions=-1, custom actions=[], active item id=-1, error=null}
06-15 14:47:21.832 11322 11322 D NowPlayingListener: onPlaybackStateChanged: PlaybackState {state=3, position=3761, buffered position=0, speed=1.0, updated=368263680, actions=-1, custom actions=[], active item id=-1, error=null}
06-15 14:47:21.832 11322 11322 D NowPlayingManager: onClientPlaybackStateUpdate() called with: state = [3], stateChangeTimeMs = [368263680], currentPosMs = [3761]
06-15 14:47:21.832 11322 11322 D NowPlayingManager: onClientPlaybackStateUpdate: Skipped update, state: 3 was unchanged
06-15 14:47:21.834 11322 11322 D NowPlayingManager: onMediaDataUpdated() called with: mediaData = [com.google.android.tvrecommendations.NowPlayingData@b3f322d]
