06-15 14:48:17.939 22018 22038 V Kodi : CAndroidKey: key down (dev:3; src:769; code: 22; repeat: 0; flags: 0x8; alt: no; shift: no; sym: no)
06-15 14:48:18.175 700 761 D WindowManager: handleComboKeys keyCode: 22, keyAction: 1
06-15 14:48:18.177 22018 22038 V Kodi : process_input: Failure reading next input event: Try again
06-15 14:48:18.179 22018 22038 V Kodi : CAndroidKey: key up (dev:3; src:769; code: 22; repeat: 0; flags: 0x8; alt: no; shift: no; sym: no)
06-15 14:48:18.312 802 1224 V Avrcp : MSG_UPDATE_MEDIA
06-15 14:48:18.317 802 1224 V Avrcp : updatePlaybackState (1): -1Ô×í1(PlaybackState {state=3, position=16096, buffered position=0, speed=1.0, updated=368320162, actions=-1, custom actions=[], active item id=-1, error=null})
06-15 14:48:18.318 802 1224 V Avrcp : Media update: id -1Ô×í-1? [MediaAttributes: DÔï»n - by (16096 0/0) ]
06-15 14:48:18.318 802 1224 D Avrcp : sendPlayPosNotificationRsp: Not registered or requesting.
06-15 14:48:18.328 11322 11322 D NowPlayingListener: onPlaybackStateChanged: PlaybackState {state=3, position=57235, buffered position=0, speed=1.0, updated=368320177, actions=-1, custom actions=[], active item id=-1, error=null}
06-15 14:48:18.328 11322 11322 D NowPlayingManager: onClientPlaybackStateUpdate() called with: state = [3], stateChangeTimeMs = [368320177], currentPosMs = [57235]
06-15 14:48:18.328 11322 11322 D NowPlayingManager: onClientPlaybackStateUpdate: Skipped update, state: 3 was unchanged
06-15 14:48:18.328 802 1224 V Avrcp : onPlaybackStateChanged: state PlaybackState {state=3, position=57235, buffered position=0, speed=1.0, updated=368320177, actions=-1, custom actions=[], active item id=-1, error=null}
06-15 14:48:18.330 11322 11322 D NowPlayingManager: onMediaDataUpdated() called with: mediaData = [com.google.android.tvrecommendations.NowPlayingData@3f59813]
06-15 14:48:18.338 11322 11322 D TVNotifService: onTVNotificationPosted StatusBarNotification(pkg=com.google.android.tvrecommendations user=UserHandle{0} id=4321 tag=Notification.NowPlaying key=0|com.google.android.tvrecommendations|4321|Notification.NowPlaying|10087: Notification(channel=now_playing pri=0 contentView=null vibrate=null sound=null defaults=0x0 flags=0x0 color=0x00000000 vis=PRIVATE)) userId: 0
06-15 14:48:18.387 700 761 D WindowManager: handleComboKeys keyCode: 22, keyAction: 0
06-15 14:48:18.388 22018 22038 V Kodi : process_input: Failure reading next input event: Try again
06-15 14:48:18.388 22018 22038 V Kodi : CAndroidKey: key down (dev:3; src:769; code: 22; repeat: 0; flags: 0x8; alt: no; shift: no; sym: no)
06-15 14:48:18.616 700 761 D WindowManager: handleComboKeys keyCode: 22, keyAction: 1
06-15 14:48:18.617 22018 22038 V Kodi : process_input: Failure reading next input event: Try again
06-15 14:48:18.618 22018 22038 V Kodi : CAndroidKey: key up (dev:3; src:769; code: 22; repeat: 0; flags: 0x8; alt: no; shift: no; sym: no)
06-15 14:48:18.844 11322 11322 D NowPlayingListener: onPlaybackStateChanged: PlaybackState {state=3, position=57856, buffered position=0, speed=1.0, updated=368320693, actions=-1, custom actions=[], active item id=-1, error=null}
06-15 14:48:18.844 11322 11322 D NowPlayingManager: onClientPlaybackStateUpdate() called with: state = [3], stateChangeTimeMs = [368320693], currentPosMs = [57856]
06-15 14:48:18.844 802 1224 V Avrcp : onPlaybackStateChanged: state PlaybackState {state=3, position=57856, buffered position=0, speed=1.0, updated=368320693, actions=-1, custom actions=[], active item id=-1, error=null}
06-15 14:48:18.844 11322 11322 D NowPlayingManager: onClientPlaybackStateUpdate: Skipped update, state: 3 was unchanged
06-15 14:48:18.847 11322 11322 D NowPlayingManager: onMediaDataUpdated() called with: mediaData = [com.google.android.tvrecommendations.NowPlayingData@318e449]
06-15 14:48:18.855 11322 11322 D TVNotifService: onTVNotificationPosted StatusBarNotification(pkg=com.google.android.tvrecommendations user=UserHandle{0} id=4321 tag=Notification.NowPlaying key=0|com.google.android.tvrecommendations|4321|Notification.NowPlaying|10087: Notification(channel=now_playing pri=0 contentView=null vibrate=null sound=null defaults=0x0 flags=0x0 color=0x00000000 vis=PRIVATE)) userId: 0
06-15 14:48:19.000 2623 23242 I chromium: [2623:23242:INFO:ssdp_device.c(101)] SSDP packets sent for 32 seconds = 18
06-15 14:48:19.012 700 761 D WindowManager: handleComboKeys keyCode: 66, keyAction: 0
06-15 14:48:19.014 22018 22038 V Kodi : process_input: Failure reading next input event: Try again
06-15 14:48:19.014 22018 22038 V Kodi : CAndroidKey: key down (dev:3; src:769; code: 66; repeat: 0; flags: 0x8; alt: no; shift: no; sym: no)
06-15 14:48:19.165 700 761 D WindowManager: handleComboKeys keyCode: 66, keyAction: 1
06-15 14:48:19.166 22018 22038 V Kodi : process_input: Failure reading next input event: Try again
06-15 14:48:19.166 22018 22038 V Kodi : CAndroidKey: key up (dev:3; src:769; code: 66; repeat: 0; flags: 0x8; alt: no; shift: no; sym: no)
06-15 14:48:19.329 802 1224 V Avrcp : MSG_UPDATE_MEDIA
06-15 14:48:19.329 802 1224 V Avrcp : updatePlaybackState (1): -1Ô×í1(PlaybackState {state=3, position=16096, buffered position=0, speed=1.0, updated=368321179, actions=-1, custom actions=[], active item id=-1, error=null})
06-15 14:48:19.330 802 1224 V Avrcp : Media update: id -1Ô×í-1? [MediaAttributes: DÔï»n - by (16096 0/0) ]
06-15 14:48:19.330 802 1224 D Avrcp : sendPlayPosNotificationRsp: Not registered or requesting.
06-15 14:48:19.344 426 23164 D NvOsDebugPrintf: NVMEDIA: FrameRate(for last 120 frames) = 50.000000, AvgFrameRate = 50.000000
06-15 14:48:19.362 802 1224 V Avrcp : onPlaybackStateChanged: state PlaybackState {state=3, position=58393, buffered position=0, speed=1.0, updated=368321211, actions=-1, custom actions=[], active item id=-1, error=null}
06-15 14:48:19.362 11322 11322 D NowPlayingListener: onPlaybackStateChanged: PlaybackState {state=3, position=58393, buffered position=0, speed=1.0, updated=368321211, actions=-1, custom actions=[], active item id=-1, error=null}
06-15 14:48:19.362 11322 11322 D NowPlayingManager: onClientPlaybackStateUpdate() called with: state = [3], stateChangeTimeMs = [368321211], currentPosMs = [58393]
06-15 14:48:19.362 11322 11322 D NowPlayingManager: onClientPlaybackStateUpdate: Skipped update, state: 3 was unchanged
06-15 14:48:19.364 11322 11322 D NowPlayingManager: onMediaDataUpdated() called with: mediaData = [com.google.android.tvrecommendations.NowPlayingData@a97a26f]
06-15 14:48:19.371 11322 11322 D TVNotifService: onTVNotificationPosted StatusBarNotification(pkg=com.google.android.tvrecommendations user=UserHandle{0} id=4321 tag=Notification.NowPlaying key=0|com.google.android.tvrecommendations|4321|Notification.NowPlaying|10087: Notification(channel=now_playing pri=0 contentView=null vibrate=null sound=null defaults=0x0 flags=0x0 color=0x00000000 vis=PRIVATE)) userId: 0
06-15 14:48:19.876 11322 11322 D NowPlayingListener: onPlaybackStateChanged: PlaybackState {state=3, position=58806, buffered position=0, speed=1.0, updated=368321725, actions=-1, custom actions=[], active item id=-1, error=null}
06-15 14:48:19.876 11322 11322 D NowPlayingManager: onClientPlaybackStateUpdate() called with: state = [3], stateChangeTimeMs = [368321725], currentPosMs = [58806]
06-15 14:48:19.876 11322 11322 D NowPlayingManager: onClientPlaybackStateUpdate: Skipped update, state: 3 was unchanged
06-15 14:48:19.877 802 1224 V Avrcp : onPlaybackStateChanged: state PlaybackState {state=3, position=58806, buffered position=0, speed=1.0, updated=368321725, actions=-1, custom actions=[], active item id=-1, error=null}
06-15 14:48:19.879 11322 11322 D NowPlayingManager: onMediaDataUpdated() called with: mediaData = [com.google.android.tvrecommendations.NowPlayingData@c027c05]
06-15 14:48:19.887 11322 11322 D TVNotifService: onTVNotificationPosted StatusBarNotification(pkg=com.google.android.tvrecommendations user=UserHandle{0} id=4321 tag=Notification.NowPlaying key=0|com.google.android.tvrecommendations|4321|Notification.NowPlaying|10087: Notification(channel=now_playing pri=0 contentView=null vibrate=null sound=null defaults=0x0 flags=0x0 color=0x00000000 vis=PRIVATE)) userId: 0
06-15 14:48:20.363 802 1224 V Avrcp : MSG_UPDATE_MEDIA
06-15 14:48:20.364 802 1224 V Avrcp : updatePlaybackState (1): -1Ô×í1(PlaybackState {state=3, position=16096, buffered position=0, speed=1.0, updated=368322213, actions=-1, custom actions=[], active item id=-1, error=null})
06-15 14:48:20.364 802 1224 V Avrcp : Media update: id -1Ô×í-1? [MediaAttributes: DÔï»n - by (16096 0/0) ]
06-15 14:48:20.364 802 1224 D Avrcp : sendPlayPosNotificationRsp: Not registered or requesting.
06-15 14:48:20.393 802 1224 V Avrcp : onPlaybackStateChanged: state PlaybackState {state=3, position=59310, buffered position=0, speed=1.0, updated=368322242, actions=-1, custom actions=[], active item id=-1, error=null}
06-15 14:48:20.393 11322 11322 D NowPlayingListener: onPlaybackStateChanged: PlaybackState {state=3, position=59310, buffered position=0, speed=1.0, updated=368322242, actions=-1, custom actions=[], active item id=-1, error=null}
06-15 14:48:20.393 11322 11322 D NowPlayingManager: onClientPlaybackStateUpdate() called with: state = [3], stateChangeTimeMs = [368322242], currentPosMs = [59310]
06-15 14:48:20.393 11322 11322 D NowPlayingManager: onClientPlaybackStateUpdate: Skipped update, state: 3 was unchanged
06-15 14:48:20.396 11322 11322 D NowPlayingManager: onMediaDataUpdated() called with: mediaData = [com.google.android.tvrecommendations.NowPlayingData@4a5f68b]
06-15 14:48:20.406 11322 11322 D TVNotifService: onTVNotificationPosted StatusBarNotification(pkg=com.google.android.tvrecommendations user=UserHandle{0} id=4321 tag=Notification.NowPlaying key=0|com.google.android.tvrecommendations|4321|Notification.NowPlaying|10087: Notification(channel=now_playing pri=0 contentView=null vibrate=null sound=null defaults=0x0 flags=0x0 color=0x00000000 vis=PRIVATE)) userId: 0
06-15 14:48:20.764 700 761 D WindowManager: handleComboKeys keyCode: 66, keyAction: 0
06-15 14:48:20.765 22018 22038 V Kodi : process_input: Failure reading next input event: Try again
06-15 14:48:20.765 22018 22038 V Kodi : CAndroidKey: key down (dev:3; src:769; code: 66; repeat: 0; flags: 0x8; alt: no; shift: no; sym: no)
06-15 14:48:20.893 802 1224 V Avrcp : onPlaybackStateChanged: state PlaybackState {state=3, position=59921, buffered position=0, speed=1.0, updated=368322742, actions=-1, custom actions=[], active item id=-1, error=null}
06-15 14:48:20.894 11322 11322 D NowPlayingListener: onPlaybackStateChanged: PlaybackState {state=3, position=59921, buffered position=0, speed=1.0, updated=368322742, actions=-1, custom actions=[], active item id=-1, error=null}
06-15 14:48:20.894 11322 11322 D NowPlayingManager: onClientPlaybackStateUpdate() called with: state = [3], stateChangeTimeMs = [368322742], currentPosMs = [59921]
06-15 14:48:20.894 11322 11322 D NowPlayingManager: onClientPlaybackStateUpdate: Skipped update, state: 3 was unchanged
06-15 14:48:20.896 11322 11322 D NowPlayingManager: onMediaDataUpdated() called with: mediaData = [com.google.android.tvrecommendations.NowPlayingData@c33d381]
06-15 14:48:20.905 11322 11322 D TVNotifService: onTVNotificationPosted StatusBarNotification(pkg=com.google.android.tvrecommendations user=UserHandle{0} id=4321 tag=Notification.NowPlaying key=0|com.google.android.tvrecommendations|4321|Notification.NowPlaying|10087: Notification(channel=now_playing pri=0 contentView=null vibrate=null sound=null defaults=0x0 flags=0x0 color=0x00000000 vis=PRIVATE)) userId: 0
06-15 14:48:20.914 700 761 D WindowManager: handleComboKeys keyCode: 66, keyAction: 1
06-15 14:48:20.915 22018 22038 V Kodi : process_input: Failure reading next input event: Try again
06-15 14:48:20.916 22018 22038 V Kodi : CAndroidKey: key up (dev:3; src:769; code: 66; repeat: 0; flags: 0x8; alt: no; shift: no; sym: no)
06-15 14:48:21.394 802 1224 V Avrcp : MSG_UPDATE_MEDIA
06-15 14:48:21.396 802 1224 V Avrcp : updatePlaybackState (1): -1Ô×í1(PlaybackState {state=3, position=16096, buffered position=0, speed=1.0, updated=368323245, actions=-1, custom actions=[], active item id=-1, error=null})
06-15 14:48:21.397 11322 11322 D NowPlayingListener: onPlaybackStateChanged: PlaybackState {state=3, position=60224, buffered position=0, speed=1.0, updated=368323245, actions=-1, custom actions=[], active item id=-1, error=null}
06-15 14:48:21.397 11322 11322 D NowPlayingManager: onClientPlaybackStateUpdate() called with: state = [3], stateChangeTimeMs = [368323245], currentPosMs = [60224]
06-15 14:48:21.397 11322 11322 D NowPlayingManager: onClientPlaybackStateUpdate: Skipped update, state: 3 was unchanged
06-15 14:48:21.398 802 1224 V Avrcp : Media update: id -1Ô×í-1? [MediaAttributes: DÔï»n - by (16096 0/0) ]
06-15 14:48:21.398 802 1224 D Avrcp : sendPlayPosNotificationRsp: Not registered or requesting.
06-15 14:48:21.398 802 1224 V Avrcp : onPlaybackStateChanged: state PlaybackState {state=3, position=60224, buffered position=0, speed=1.0, updated=368323245, actions=-1, custom actions=[], active item id=-1, error=null}
06-15 14:48:21.399 11322 11322 D NowPlayingManager: onMediaDataUpdated() called with: mediaData = [com.google.android.tvrecommendations.NowPlayingData@bfb7067]
06-15 14:48:21.408 11322 11322 D TVNotifService: onTVNotificationPosted StatusBarNotification(pkg=com.google.android.tvrecommendations user=UserHandle{0} id=4321 tag=Notification.NowPlaying key=0|com.google.android.tvrecommendations|4321|Notification.NowPlaying|10087: Notification(channel=now_playing pri=0 contentView=null vibrate=null sound=null defaults=0x0 flags=0x0 color=0x00000000 vis=PRIVATE)) userId: 0
06-15 14:48:21.744 426 23164 D NvOsDebugPrintf: NVMEDIA: FrameRate(for last 120 frames) = 50.000000, AvgFrameRate = 50.000000
06-15 14:48:21.910 802 1224 V Avrcp : onPlaybackStateChanged: state PlaybackState {state=3, position=60855, buffered position=0, speed=1.0, updated=368323758, actions=-1, custom actions=[], active item id=-1, error=null}
06-15 14:48:21.910 11322 11322 D NowPlayingListener: onPlaybackStateChanged: PlaybackState {state=3, position=60855, buffered position=0, speed=1.0, updated=368323758, actions=-1, custom actions=[], active item id=-1, error=null}
06-15 14:48:21.910 11322 11322 D NowPlayingManager: onClientPlaybackStateUpdate() called with: state = [3], stateChangeTimeMs = [368323758], currentPosMs = [60855]
06-15 14:48:21.910 11322 11322 D NowPlayingManager: onClientPlaybackStateUpdate: Skipped update, state: 3 was unchanged
06-15 14:48:21.912 11322 11322 D NowPlayingManager: onMediaDataUpdated() called with: mediaData = [com.google.android.tvrecommendations.NowPlayingData@ec926bd]
06-15 14:48:21.922 11322 11322 D TVNotifService: onTVNotificationPosted StatusBarNotification(pkg=com.google.android.tvrecommendations user=UserHandle{0} id=4321 tag=Notification.NowPlaying key=0|com.google.android.tvrecommendations|4321|Notification.NowPlaying|10087: Notification(channel=now_playing pri=0 contentView=null vibrate=null sound=null defaults=0x0 flags=0x0 color=0x00000000 vis=PRIVATE)) userId: 0
06-15 14:48:22.398 802 1224 V Avrcp : MSG_UPDATE_MEDIA
06-15 14:48:22.398 802 1224 V Avrcp : updatePlaybackState (1): -1Ô×í1(PlaybackState {state=3, position=16096, buffered position=0, speed=1.0, updated=368324247, actions=-1, custom actions=[], active item id=-1, error=null})
06-15 14:48:22.399 802 1224 V Avrcp : Media update: id -1Ô×í-1? [MediaAttributes: DÔï»n - by (16096 0/0) ]
06-15 14:48:22.399 802 1224 D Avrcp : sendPlayPosNotificationRsp: Not registered or requesting.
06-15 14:48:22.426 802 1224 V Avrcp : onPlaybackStateChanged: state PlaybackState {state=3, position=61455, buffered position=0, speed=1.0, updated=368324275, actions=-1, custom actions=[], active item id=-1, error=null}
06-15 14:48:22.426 11322 11322 D NowPlayingListener: onPlaybackStateChanged: PlaybackState {state=3, position=61455, buffered position=0, speed=1.0, updated=368324275, actions=-1, custom actions=[], active item id=-1, error=null}
06-15 14:48:22.426 11322 11322 D NowPlayingManager: onClientPlaybackStateUpdate() called with: state = [3], stateChangeTimeMs = [368324275], currentPosMs = [61455]
06-15 14:48:22.426 11322 11322 D NowPlayingManager: onClientPlaybackStateUpdate: Skipped update, state: 3 was unchanged
06-15 14:48:22.428 11322 11322 D NowPlayingManager: onMediaDataUpdated() called with: mediaData = [com.google.android.tvrecommendations.NowPlayingData@344ac03]
06-15 14:48:22.437 11322 11322 D TVNotifService: onTVNotificationPosted StatusBarNotification(pkg=com.google.android.tvrecommendations user=UserHandle{0} id=4321 tag=Notification.NowPlaying key=0|com.google.android.tvrecommendations|4321|Notification.NowPlaying|10087: Notification(channel=now_playing pri=0 contentView=null vibrate=null sound=null defaults=0x0 flags=0x0 color=0x00000000 vis=PRIVATE)) userId: 0
06-15 14:48:22.913 700 761 D WindowManager: handleComboKeys keyCode: 111, keyAction: 0
06-15 14:48:22.914 22018 22038 V Kodi : process_input: Failure reading next input event: Try again
06-15 14:48:22.914 22018 22038 V Kodi : CAndroidKey: key down (dev:3; src:769; code: 111; repeat: 0; flags: 0x8; alt: no; shift: no; sym: no)
06-15 14:48:22.943 11322 11322 D NowPlayingListener: onPlaybackStateChanged: PlaybackState {state=3, position=61763, buffered position=0, speed=1.0, updated=368324792, actions=-1, custom actions=[], active item id=-1, error=null}
06-15 14:48:22.943 11322 11322 D NowPlayingManager: onClientPlaybackStateUpdate() called with: state = [3], stateChangeTimeMs = [368324792], currentPosMs = [61763]
06-15 14:48:22.943 11322 11322 D NowPlayingManager: onClientPlaybackStateUpdate: Skipped update, state: 3 was unchanged
06-15 14:48:22.943 802 1224 V Avrcp : onPlaybackStateChanged: state PlaybackState {state=3, position=61763, buffered position=0, speed=1.0, updated=368324792, actions=-1, custom actions=[], active item id=-1, error=null}
06-15 14:48:22.946 11322 11322 D NowPlayingManager: onMediaDataUpdated() called with: mediaData = [com.google.android.tvrecommendations.NowPlayingData@a6671b9]
06-15 14:48:22.955 11322 11322 D TVNotifService: onTVNotificationPosted StatusBarNotification(pkg=com.google.android.tvrecommendations user=UserHandle{0} id=4321 tag=Notification.NowPlaying key=0|com.google.android.tvrecommendations|4321|Notification.NowPlaying|10087: Notification(channel=now_playing pri=0 contentView=null vibrate=null sound=null defaults=0x0 flags=0x0 color=0x00000000 vis=PRIVATE)) userId: 0
06-15 14:48:23.018 700 761 D WindowManager: handleComboKeys keyCode: 111, keyAction: 1
06-15 14:48:23.020 22018 22038 V Kodi : process_input: Failure reading next input event: Try again
06-15 14:48:23.020 22018 22038 V Kodi : CAndroidKey: key up (dev:3; src:769; code: 111; repeat: 0; flags: 0x8; alt: no; shift: no; sym: no)
06-15 14:48:23.426 802 1224 V Avrcp : MSG_UPDATE_MEDIA
06-15 14:48:23.427 802 1224 V Avrcp : updatePlaybackState (1): -1Ô×í1(PlaybackState {state=3, position=16096, buffered position=0, speed=1.0, updated=368325276, actions=-1, custom actions=[], active item id=-1, error=null})
06-15 14:48:23.428 802 1224 V Avrcp : Media update: id -1Ô×í-1? [MediaAttributes: DÔï»n - by (16096 0/0) ]
06-15 14:48:23.428 802 1224 D Avrcp : sendPlayPosNotificationRsp: Not registered or requesting.
06-15 14:48:23.444 802 1224 V Avrcp : onPlaybackStateChanged: state PlaybackState {state=3, position=62397, buffered position=0, speed=1.0, updated=368325293, actions=-1, custom actions=[], active item id=-1, error=null}
06-15 14:48:23.445 11322 11322 D NowPlayingListener: onPlaybackStateChanged: PlaybackState {state=3, position=62397, buffered position=0, speed=1.0, updated=368325293, actions=-1, custom actions=[], active item id=-1, error=null}
06-15 14:48:23.445 11322 11322 D NowPlayingManager: onClientPlaybackStateUpdate() called with: state = [3], stateChangeTimeMs = [368325293], currentPosMs = [62397]
06-15 14:48:23.445 11322 11322 D NowPlayingManager: onClientPlaybackStateUpdate: Skipped update, state: 3 was unchanged
06-15 14:48:23.448 11322 11322 D NowPlayingManager: onMediaDataUpdated() called with: mediaData = [com.google.android.tvrecommendations.NowPlayingData@15c055f]
06-15 14:48:23.456 11322 11322 D TVNotifService: onTVNotificationPosted StatusBarNotification(pkg=com.google.android.tvrecommendations user=UserHandle{0} id=4321 tag=Notification.NowPlaying key=0|com.google.android.tvrecommendations|4321|Notification.NowPlaying|10087: Notification(channel=now_playing pri=0 contentView=null vibrate=null sound=null defaults=0x0 flags=0x0 color=0x00000000 vis=PRIVATE)) userId: 0
06-15 14:48:23.960 11322 11322 D NowPlayingListener: onPlaybackStateChanged: PlaybackState {state=3, position=62729, buffered position=0, speed=1.0, updated=368325808, actions=-1, custom actions=[], active item id=-1, error=null}
06-15 14:48:23.960 11322 11322 D NowPlayingManager: onClientPlaybackStateUpdate() called with: state = [3], stateChangeTimeMs = [368325808], currentPosMs = [62729]
06-15 14:48:23.960 11322 11322 D NowPlayingManager: onClientPlaybackStateUpdate: Skipped update, state: 3 was unchanged
06-15 14:48:23.961 802 1224 V Avrcp : onPlaybackStateChanged: state PlaybackState {state=3, position=62729, buffered position=0, speed=1.0, updated=368325808, actions=-1, custom actions=[], active item id=-1, error=null}
06-15 14:48:23.963 11322 11322 D NowPlayingManager: onMediaDataUpdated() called with: mediaData = [com.google.android.tvrecommendations.NowPlayingData@1f37075]
06-15 14:48:23.971 11322 11322 D TVNotifService: onTVNotificationPosted StatusBarNotification(pkg=com.google.android.tvrecommendations user=UserHandle{0} id=4321 tag=Notification.NowPlaying key=0|com.google.android.tvrecommendations|4321|Notification.NowPlaying|10087: Notification(channel=now_playing pri=0 contentView=null vibrate=null sound=null defaults=0x0 flags=0x0 color=0x00000000 vis=PRIVATE)) userId: 0
06-15 14:48:24.143 426 23164 D NvOsDebugPrintf: NVMEDIA: FrameRate(for last 120 frames) = 50.000000, AvgFrameRate = 50.000000
06-15 14:48:24.444 802 1224 V Avrcp : MSG_UPDATE_MEDIA
06-15 14:48:24.445 802 1224 V Avrcp : updatePlaybackState (1): -1Ô×í1(PlaybackState {state=3, position=16096, buffered position=0, speed=1.0, updated=368326294, actions=-1, custom actions=[], active item id=-1, error=null})
06-15 14:48:24.446 802 1224 V Avrcp : Media update: id -1Ô×í-1? [MediaAttributes: DÔï»n - by (16096 0/0) ]
06-15 14:48:24.446 802 1224 D Avrcp : sendPlayPosNotificationRsp: Not registered or requesting.
06-15 14:48:24.476 802 1224 V Avrcp : onPlaybackStateChanged: state PlaybackState {state=3, position=63291, buffered position=0, speed=1.0, updated=368326325, actions=-1, custom actions=[], active item id=-1, error=null}
06-15 14:48:24.476 11322 11322 D NowPlayingListener: onPlaybackStateChanged: PlaybackState {state=3, position=63291, buffered position=0, speed=1.0, updated=368326325, actions=-1, custom actions=[], active item id=-1, error=null}
06-15 14:48:24.477 11322 11322 D NowPlayingManager: onClientPlaybackStateUpdate() called with: state = [3], stateChangeTimeMs = [368326325], currentPosMs = [63291]
06-15 14:48:24.477 11322 11322 D NowPlayingManager: onClientPlaybackStateUpdate: Skipped update, state: 3 was unchanged
06-15 14:48:24.479 11322 11322 D NowPlayingManager: onMediaDataUpdated() called with: mediaData = [com.google.android.tvrecommendations.NowPlayingData@665987b]
06-15 14:48:24.488 11322 11322 D TVNotifService: onTVNotificationPosted StatusBarNotification(pkg=com.google.android.tvrecommendations user=UserHandle{0} id=4321 tag=Notification.NowPlaying key=0|com.google.android.tvrecommendations|4321|Notification.NowPlaying|10087: Notification(channel=now_playing pri=0 contentView=null vibrate=null sound=null defaults=0x0 flags=0x0 color=0x00000000 vis=PRIVATE)) userId: 0
06-15 14:48:24.993 802 1224 V Avrcp : onPlaybackStateChanged: state PlaybackState {state=3, position=63847, buffered position=0, speed=1.0, updated=368326842, actions=-1, custom actions=[], active item id=-1, error=null}
06-15 14:48:24.993 11322 11322 D NowPlayingListener: onPlaybackStateChanged: PlaybackState {state=3, position=63847, buffered position=0, speed=1.0, updated=368326842, actions=-1, custom actions=[], active item id=-1, error=null}
06-15 14:48:24.993 11322 11322 D NowPlayingManager: onClientPlaybackStateUpdate() called with: state = [3], stateChangeTimeMs = [368326842], currentPosMs = [63847]
06-15 14:48:24.993 11322 11322 D NowPlayingManager: onClientPlaybackStateUpdate: Skipped update, state: 3 was unchanged
06-15 14:48:24.996 11322 11322 D NowPlayingManager: onMediaDataUpdated() called with: mediaData = [com.google.android.tvrecommendations.NowPlayingData@5179ef1]
06-15 14:48:25.005 11322 11322 D TVNotifService: onTVNotificationPosted StatusBarNotification(pkg=com.google.android.tvrecommendations user=UserHandle{0} id=4321 tag=Notification.NowPlaying key=0|com.google.android.tvrecommendations|4321|Notification.NowPlaying|10087: Notification(channel=now_playing pri=0 contentView=null vibrate=null sound=null defaults=0x0 flags=0x0 color=0x00000000 vis=PRIVATE)) userId: 0
06-15 14:48:25.477 802 1224 V Avrcp : MSG_UPDATE_MEDIA
06-15 14:48:25.478 802 1224 V Avrcp : updatePlaybackState (1): -1Ô×í1(PlaybackState {state=3, position=16096, buffered position=0, speed=1.0, updated=368327327, actions=-1, custom actions=[], active item id=-1, error=null})
06-15 14:48:25.479 802 1224 V Avrcp : Media update: id -1Ô×í-1? [MediaAttributes: DÔï»n - by (16096 0/0) ]
06-15 14:48:25.479 802 1224 D Avrcp : sendPlayPosNotificationRsp: Not registered or requesting.
06-15 14:48:25.496 802 1224 V Avrcp : onPlaybackStateChanged: state PlaybackState {state=3, position=64437, buffered position=0, speed=1.0, updated=368327344, actions=-1, custom actions=[], active item id=-1, error=null}
06-15 14:48:25.496 11322 11322 D NowPlayingListener: onPlaybackStateChanged: PlaybackState {state=3, position=64437, buffered position=0, speed=1.0, updated=368327344, actions=-1, custom actions=[], active item id=-1, error=null}
06-15 14:48:25.496 11322 11322 D NowPlayingManager: onClientPlaybackStateUpdate() called with: state = [3], stateChangeTimeMs = [368327344], currentPosMs = [64437]
06-15 14:48:25.496 11322 11322 D NowPlayingManager: onClientPlaybackStateUpdate: Skipped update, state: 3 was unchanged
06-15 14:48:25.498 11322 11322 D NowPlayingManager: onMediaDataUpdated() called with: mediaData = [com.google.android.tvrecommendations.NowPlayingData@6ab4157]
06-15 14:48:25.506 11322 11322 D TVNotifService: onTVNotificationPosted StatusBarNotification(pkg=com.google.android.tvrecommendations user=UserHandle{0} id=4321 tag=Notification.NowPlaying key=0|com.google.android.tvrecommendations|4321|Notification.NowPlaying|10087: Notification(channel=now_playing pri=0 contentView=null vibrate=null sound=null defaults=0x0 flags=0x0 color=0x00000000 vis=PRIVATE)) userId: 0
06-15 14:48:25.769 700 761 D WindowManager: handleComboKeys keyCode: 52, keyAction: 0
06-15 14:48:25.771 22018 22038 V Kodi : process_input: Failure reading next input event: Try again
06-15 14:48:25.772 22018 22038 V Kodi : CAndroidKey: key down (dev:3; src:769; code: 52; repeat: 0; flags: 0x8; alt: no; shift: no; sym: no)
06-15 14:48:25.955 413 5423 I hash_map_utils: key: 'nv_param_disable_usb_hra' value: ''
06-15 14:48:25.955 413 21321 I hash_map_utils: key: 'nv_param_disable_usb_hra' value: ''
06-15 14:48:25.955 413 31161 I hash_map_utils: key: 'nv_param_disable_usb_hra' value: ''
06-15 14:48:25.956 413 19811 I hash_map_utils: key: 'nv_param_disable_usb_hra' value: ''
06-15 14:48:25.956 413 969 I hash_map_utils: key: 'nv_param_disable_usb_hra' value: ''
06-15 14:48:25.957 700 839 I MediaFocusControl: AudioFocus abandonAudioFocus() from uid/pid 10103/22018 clientId=android.media.AudioManager@256ac0eorg.xbmc.kodinerds.interfaces.XBMCAudioManagerOnAudioFocusChangeListener@827b62f
06-15 14:48:25.958 413 22924 I hash_map_utils: key: 'nv_param_disable_usb_hra' value: ''
06-15 14:48:25.959 413 17421 I hash_map_utils: key: 'nv_param_disable_usb_hra' value: ''
06-15 14:48:25.959 413 31498 I hash_map_utils: key: 'nv_param_disable_usb_hra' value: ''
06-15 14:48:25.960 413 5416 I hash_map_utils: key: 'nv_param_disable_usb_hra' value: ''
06-15 14:48:25.960 700 14298 I MediaFocusControl: AudioFocus abandonAudioFocus() from uid/pid 10103/22018 clientId=android.media.AudioManager@256ac0eorg.xbmc.kodinerds.interfaces.XBMCAudioManagerOnAudioFocusChangeListener@827b62f
06-15 14:48:25.960 413 5416 I hash_map_utils: key: 'nv_param_disable_usb_hra' value: ''
06-15 14:48:25.960 413 413 I hash_map_utils: key: 'nv_param_disable_usb_hra' value: ''
06-15 14:48:25.960 413 20089 I hash_map_utils: key: 'nv_param_disable_usb_hra' value: ''
06-15 14:48:25.960 413 21321 I hash_map_utils: key: 'nv_param_disable_usb_hra' value: ''
06-15 14:48:25.960 413 31161 I hash_map_utils: key: 'nv_param_disable_usb_hra' value: ''
06-15 14:48:25.961 413 969 I hash_map_utils: key: 'nv_param_disable_usb_hra' value: ''
06-15 14:48:25.961 413 969 I NvAudioPolicyManager: getOutputForAttr() device 0x400, samplingRate 44100, format 5, channelMask 3, flags 0 strategy 0x0
06-15 14:48:25.962 22018 22052 D AudioTrack: Client defaulted notificationFrames to 945 for frameCount 2836
06-15 14:48:25.963 22018 22052 W AudioTrack: Use of stream types is deprecated for operations other than volume control
06-15 14:48:25.963 22018 22052 W AudioTrack: See the documentation of AudioTrack() for what to use instead with android.media.AudioAttributes to qualify your playback use case
06-15 14:48:25.965 413 22924 I hash_map_utils: key: 'nv_param_disable_usb_hra' value: ''
06-15 14:48:25.966 413 22924 I chatty : uid=1041(audioserver) Binder:413_10 identical 18 lines
06-15 14:48:25.966 413 22924 I hash_map_utils: key: 'nv_param_disable_usb_hra' value: ''
06-15 14:48:25.992 22018 22972 V XBMC : detaching thread
06-15 14:48:25.995 426 23166 D NvOsDebugPrintf: NVMEDIA: NVMEDIAFrameStatusReporting: 1807: Closing NVMEDIA Frame Status Thread -------------
06-15 14:48:25.995 426 23167 D NvOsDebugPrintf: NVMEDIA: NVMEDIAVPRFloorSizeSettingThread: 1628: Closing NVMEDIAVPRFloorSizeSettingThread -------------
06-15 14:48:25.996 426 23165 D NvOsDebugPrintf: NVMEDIA: NVMEDIAFrameDelivery: 1662: Closing NVMEDIA Frame Delivery Thread -------------
06-15 14:48:26.000 426 23162 D NvOsDebugPrintf: NVMEDIA: NvMMLiteTVMRDecBlockClose: 3345: Done
06-15 14:48:26.003 22018 23160 D SurfaceUtils: disconnecting from surface 0x2814994010, reason disconnectFromSurface
06-15 14:48:26.042 700 761 D WindowManager: handleComboKeys keyCode: 52, keyAction: 1
06-15 14:48:26.043 22018 22038 V Kodi : process_input: Failure reading next input event: Try again
06-15 14:48:26.044 22018 22038 V Kodi : CAndroidKey: key up (dev:3; src:769; code: 52; repeat: 0; flags: 0x8; alt: no; shift: no; sym: no)
06-15 14:48:26.049 22018 22018 D XBMCVideoPlayView: Destroyed
06-15 14:48:26.049 371 441 E SurfaceFlinger: Failed to find layer (SurfaceView - org.xbmc.kodinerds/org.xbmc.kodinerds.Main#1) in layer parent (no-parent).
06-15 14:48:26.049 371 441 E SurfaceFlinger: Failed to find layer (Background for - SurfaceView - org.xbmc.kodinerds/org.xbmc.kodinerds.Main#1) in layer parent (no-parent).
06-15 14:48:26.314 22018 22954 V XBMC : detaching thread
06-15 14:48:26.334 802 1224 V Avrcp : onPlaybackStateChanged: state PlaybackState {state=1, position=0, buffered position=0, speed=0.0, updated=368328183, actions=-1, custom actions=[], active item id=-1, error=null}
06-15 14:48:26.334 11322 11322 D NowPlayingListener: onPlaybackStateChanged: PlaybackState {state=1, position=0, buffered position=0, speed=0.0, updated=368328183, actions=-1, custom actions=[], active item id=-1, error=null}
06-15 14:48:26.334 11322 11322 D NowPlayingManager: onClientPlaybackStateUpdate() called with: state = [1], stateChangeTimeMs = [368328183], currentPosMs = [0]
06-15 14:48:26.334 700 1514 I MediaFocusControl: AudioFocus abandonAudioFocus() from uid/pid 10103/22018 clientId=android.media.AudioManager@256ac0eorg.xbmc.kodinerds.interfaces.XBMCAudioManagerOnAudioFocusChangeListener@827b62f
06-15 14:48:26.335 700 700 W TelecomManager: Telecom Service not found.
06-15 14:48:26.336 11322 11322 D NowPlayingManager: onClientChanged() called with: clearing = [true]
06-15 14:48:26.339 11322 11322 D TVNotifService: onNotificationRemoved StatusBarNotification(pkg=com.google.android.tvrecommendations user=UserHandle{0} id=4321 tag=Notification.NowPlaying key=0|com.google.android.tvrecommendations|4321|Notification.NowPlaying|10087: Notification(channel=now_playing pri=0 contentView=null vibrate=null sound=null defaults=0x0 flags=0x0 color=0x00000000 vis=PRIVATE)) userId: 0
06-15 14:48:26.496 802 1224 V Avrcp : MSG_UPDATE_MEDIA
06-15 14:48:26.496 802 1224 V Avrcp : updatePlaybackState (1): -1Ô×í0(PlaybackState {state=1, position=0, buffered position=0, speed=0.0, updated=368328183, actions=-1, custom actions=[], active item id=-1, error=null})
06-15 14:48:26.497 802 1224 V Avrcp : Media update: id -1Ô×í-1? [MediaAttributes: DÔï»n - by (16096 0/0) ]
06-15 14:48:26.497 802 1224 D Avrcp : sendPlayPosNotificationRsp: Not registered or requesting.
06-15 14:48:26.513 22018 22040 V Kodi : static bool CXBMCApp::EnableWakeLock(bool): false
06-15 14:48:26.513 700 4741 D PowerManagerNotifier: onWakeLockReleased: flags=10, tag="org.xbmc.kodinerds", packageName=org.xbmc.kodinerds, ownerUid=10103, ownerPid=22018, workSource=null
06-15 14:48:26.521 802 1220 D bt_btm_pm: Sniff Interval For Device MAC 00:04:20:f5:f5:a8 is 33.750000 msec.
06-15 14:48:33.383 14870 17534 D GcmListenerService: /topics/PATCHING_EVENT:{"clientType":0,"subscriptionInfo":null,"userId":null,"messageType":12,"changedIds":null,"patchingInfo":{"isPlayable":false,"resourceId":100028511,"scheduledTime":null,"expectedFinishedTime":null,"patchingState":4},"regionIds":null,"timeToLive":0,"sessionInfo":null,"accountLinkedInfo":null}
06-15 14:48:33.388 14870 17535 E GCMPatchEventHandler: Same Patch State.
06-15 14:48:33.428 21129 23282 D TelemetryService: event FunctionalEvent sent because of consent:FULL , event gdpr level:FUNCTIONAL , event client id:91452636138522988
06-15 14:48:33.435 21129 23282 D TelemetryService: event FunctionalEvent sent because of consent:FULL , event gdpr level:FUNCTIONAL , event client id:91452636138522988
06-15 14:48:38.173 1308 23287 I AsyncOpDispatcher: 35-GetDeviceDataUploadOptInStatusOperation
06-15 14:48:41.065 700 4733 D WificondControl: Scan result ready event
06-15 14:48:41.072 1321 1321 D BlakeWifiIntentManager: SCAN_RESULTS_AVAILABLE_ACTION
06-15 14:48:41.076 11322 11322 D TVNotifService: skipped notification StatusBarNotification(pkg=android user=UserHandle{-1} id=17303302 tag=null key=-1|android|17303302|null|1000: Notification(channel=NETWORK_AVAILABLE pri=0 contentView=null vibrate=null sound=null tick defaults=0x0 flags=0x10 color=0xff607d8b vis=PRIVATE)) userId: 0
06-15 14:48:41.095 700 700 D PackageManager - AppHiding: OnLocationChanged, Country code : DE
06-15 14:48:41.096 1308 2451 W ctxmgr : [AclManager]No 2 for (accnt=account#1846457872#, com.google.android.gms(10010):UserLocationProducer, vrsn=12685000, 0, 3pPkg = null , 3pMdlId = null , pid = 1308). Was: 2 for 1, account#1846457872#
06-15 14:48:48.905 2623 2623 I chromium: [2623:2623:INFO:metrics_recorder.cc(201)] Record action: Cast.CecHdmiInputState.Active
06-15 14:48:48.905 2623 2623 I chromium: [2623:2623:INFO:metrics_recorder.cc(201)] Record action: Cast.CecStandby.On
06-15 14:48:48.907 2623 3008 E chromium: [2623:3008:ERROR:wifi_frame_histogram_capturer.cc(404)] No histogram or IOCTL data
06-15 14:48:48.907 2623 3008 I chromium: [2623:3008:INFO:wifi_util.cc(136)] Current wifi TDLS peers:
06-15 14:48:48.907 2623 3008 I chromium: [2623:3008:INFO:wifi_util.cc(138)] No peers:
06-15 14:48:50.000 2623 23242 I chromium: [2623:23242:INFO:ssdp_device.c(101)] SSDP packets sent for 31 seconds = 21