06-15 14:39:49.316 22018 22038 V Kodi : virtual void CXBMCApp::onGainFocus():
06-15 14:39:49.318 700 721 I ActivityManager: Displayed org.xbmc.kodinerds/.Main: +396ms (total +496ms)
06-15 14:39:49.319 360 360 E powerHAL::common: Unknown power hint: 0x8
06-15 14:39:49.407 413 5423 I NvAudioPolicyManager: getOutputForAttr() device 0x400, samplingRate 48000, format 5, channelMask 3, flags 0 strategy 0x0
06-15 14:39:49.408 22018 22051 D AudioTrack: Client defaulted notificationFrames to 770 for frameCount 1540
06-15 14:39:49.409 22018 22051 W AudioTrack: Use of stream types is deprecated for operations other than volume control
06-15 14:39:49.409 22018 22051 W AudioTrack: See the documentation of AudioTrack() for what to use instead with android.media.AudioAttributes to qualify your playback use case
06-15 14:39:49.413 413 969 I NvAudioPolicyManager: getOutputForAttr() device 0x400, samplingRate 48000, format 9000000, channelMask 3, flags 1 strategy 0x0
06-15 14:39:49.413 413 969 I AudioFlinger: openOutput() this 0x4d6bd000, module 10 Device 400, SamplingRate 48000, Format 0x9000000, Channels 3, flags 1
06-15 14:39:49.413 413 969 I AudioHwDevice: openOutputStream(), HAL returned sampleRate 48000, Format 0x9000000, channelMask 0x3, status 22
06-15 14:39:49.413 413 969 I AudioSPDIF: SPDIFEncoder: mBurstBufferSizeBytes = 24576, littleEndian = 1
06-15 14:39:49.413 413 969 I AudioFlinger: SpdifStreamOut::open() AudioFlinger requested sampleRate 48000, format 0x9000000, channelMask 0x3
06-15 14:39:49.413 413 969 I AudioFlinger: SpdifStreamOut::open() HAL configured for sampleRate 48000, format 0x1, channelMask 0x3
06-15 14:39:49.414 413 969 I AudioFlinger: SpdifStreamOut::open() status = 0
06-15 14:39:49.414 413 969 I AudioFlinger: HAL output buffer size 4096 frames, normal sink buffer size 4096 frames
06-15 14:39:49.414 413 22055 I AudioFlinger: AudioFlinger's thread 0x4feb3000 tid=22055 ready to run
06-15 14:39:49.416 22018 22051 W AudioTrack: Use of stream types is deprecated for operations other than volume control
06-15 14:39:49.416 22018 22051 W AudioTrack: See the documentation of AudioTrack() for what to use instead with android.media.AudioAttributes to qualify your playback use case
06-15 14:39:49.418 413 31161 I NvAudioPolicyManager: getOutputForAttr() device 0x400, samplingRate 48000, format a000000, channelMask 3, flags 1 strategy 0x0
06-15 14:39:49.418 413 31161 I AudioFlinger: openOutput() this 0x4d6bd000, module 10 Device 400, SamplingRate 48000, Format 0xa000000, Channels 3, flags 1
06-15 14:39:49.418 413 31161 I AudioHwDevice: openOutputStream(), HAL returned sampleRate 48000, Format 0xa000000, channelMask 0x3, status 22
06-15 14:39:49.418 413 31161 I AudioSPDIF: SPDIFEncoder: mBurstBufferSizeBytes = 24576, littleEndian = 1
06-15 14:39:49.418 413 31161 I AudioFlinger: SpdifStreamOut::open() AudioFlinger requested sampleRate 48000, format 0xa000000, channelMask 0x3
06-15 14:39:49.418 413 31161 I AudioFlinger: SpdifStreamOut::open() HAL configured for sampleRate 192000, format 0x1, channelMask 0x3
06-15 14:39:49.419 413 31161 I AudioFlinger: SpdifStreamOut::open() status = 0
06-15 14:39:49.419 413 31161 I AudioFlinger: HAL output buffer size 16384 frames, normal sink buffer size 16384 frames
06-15 14:39:49.419 413 22057 I AudioFlinger: AudioFlinger's thread 0x4fed5000 tid=22057 ready to run
06-15 14:39:49.421 22018 22051 W AudioTrack: Use of stream types is deprecated for operations other than volume control
06-15 14:39:49.421 22018 22051 W AudioTrack: See the documentation of AudioTrack() for what to use instead with android.media.AudioAttributes to qualify your playback use case
06-15 14:39:49.423 413 17421 I NvAudioPolicyManager: getOutputForAttr() device 0x400, samplingRate 48000, format b000000, channelMask 3, flags 1 strategy 0x0
06-15 14:39:49.423 413 17421 I AudioFlinger: openOutput() this 0x4d6bd000, module 10 Device 400, SamplingRate 48000, Format 0xb000000, Channels 3, flags 1
06-15 14:39:49.423 413 17421 I AudioHwDevice: openOutputStream(), HAL returned sampleRate 48000, Format 0xb000000, channelMask 0x3, status 22
06-15 14:39:49.423 413 17421 I AudioSPDIF: SPDIFEncoder: mBurstBufferSizeBytes = 16384, littleEndian = 1
06-15 14:39:49.423 413 17421 I AudioFlinger: SpdifStreamOut::open() AudioFlinger requested sampleRate 48000, format 0xb000000, channelMask 0x3
06-15 14:39:49.423 413 17421 I AudioFlinger: SpdifStreamOut::open() HAL configured for sampleRate 48000, format 0x1, channelMask 0x3
06-15 14:39:49.423 413 17421 I AudioFlinger: SpdifStreamOut::open() status = 0
06-15 14:39:49.423 413 17421 I AudioFlinger: HAL output buffer size 8192 frames, normal sink buffer size 8192 frames
06-15 14:39:49.423 413 22059 I AudioFlinger: AudioFlinger's thread 0x50cee000 tid=22059 ready to run
06-15 14:39:49.425 22018 22051 W AudioTrack: Use of stream types is deprecated for operations other than volume control
06-15 14:39:49.425 22018 22051 W AudioTrack: See the documentation of AudioTrack() for what to use instead with android.media.AudioAttributes to qualify your playback use case
06-15 14:39:49.429 413 5319 I NvAudioPolicyManager: getOutputForAttr() device 0x400, samplingRate 48000, format c000000, channelMask 63f, flags 1 strategy 0x0
06-15 14:39:49.429 413 5319 I AudioFlinger: openOutput() this 0x4d6bd000, module 10 Device 400, SamplingRate 48000, Format 0xc000000, Channels 63f, flags 1
06-15 14:39:49.430 413 5319 I AudioHwDevice: openOutputStream(), HAL returned sampleRate 48000, Format 0xc000000, channelMask 0x63f, status 22
06-15 14:39:49.430 413 5319 I AudioSPDIF: SPDIFEncoder: mBurstBufferSizeBytes = 65536, littleEndian = 1
06-15 14:39:49.430 413 5319 I AudioFlinger: SpdifStreamOut::open() AudioFlinger requested sampleRate 48000, format 0xc000000, channelMask 0x63f
06-15 14:39:49.430 413 5319 I AudioFlinger: SpdifStreamOut::open() HAL configured for sampleRate 192000, format 0x1, channelMask 0x63f
06-15 14:39:49.430 413 5319 I AudioFlinger: SpdifStreamOut::open() status = 0
06-15 14:39:49.430 413 5319 I AudioFlinger: HAL output buffer size 32768 frames, normal sink buffer size 32768 frames
06-15 14:39:49.430 413 22061 I AudioFlinger: AudioFlinger's thread 0x4ef5d000 tid=22061 ready to run
06-15 14:39:49.433 22018 22051 W AudioTrack: Use of stream types is deprecated for operations other than volume control
06-15 14:39:49.433 22018 22051 W AudioTrack: See the documentation of AudioTrack() for what to use instead with android.media.AudioAttributes to qualify your playback use case
06-15 14:39:49.435 413 487 I NvAudioPolicyManager: getOutputForAttr() device 0x400, samplingRate 48000, format e000000, channelMask 63f, flags 1 strategy 0x0
06-15 14:39:49.435 413 487 I AudioFlinger: openOutput() this 0x4d6bd000, module 10 Device 400, SamplingRate 48000, Format 0xe000000, Channels 63f, flags 1
06-15 14:39:49.435 413 487 I AudioHwDevice: openOutputStream(), HAL returned sampleRate 48000, Format 0xe000000, channelMask 0x63f, status 22
06-15 14:39:49.435 413 487 I AudioSPDIF: SPDIFEncoder: mBurstBufferSizeBytes = 61440, littleEndian = 1
06-15 14:39:49.435 413 487 I AudioFlinger: SpdifStreamOut::open() AudioFlinger requested sampleRate 48000, format 0xe000000, channelMask 0x63f
06-15 14:39:49.435 413 487 I AudioFlinger: SpdifStreamOut::open() HAL configured for sampleRate 192000, format 0x1, channelMask 0x63f
06-15 14:39:49.435 413 487 I AudioFlinger: SpdifStreamOut::open() status = 0
06-15 14:39:49.435 413 487 I AudioFlinger: HAL output buffer size 32768 frames, normal sink buffer size 32768 frames
06-15 14:39:49.435 413 22063 I AudioFlinger: AudioFlinger's thread 0x50d5f000 tid=22063 ready to run
06-15 14:39:49.437 22018 22051 W AudioTrack: Use of stream types is deprecated for operations other than volume control
06-15 14:39:49.437 22018 22051 W AudioTrack: See the documentation of AudioTrack() for what to use instead with android.media.AudioAttributes to qualify your playback use case
06-15 14:39:49.439 413 5423 I NvAudioPolicyManager: getOutputForAttr() device 0x400, samplingRate 48000, format d000000, channelMask 3, flags 1 strategy 0x0
06-15 14:39:49.439 413 5423 I AudioFlinger: openOutput() this 0x4d6bd000, module 10 Device 400, SamplingRate 48000, Format 0xd000000, Channels 3, flags 1
06-15 14:39:49.439 413 5423 I AudioFlinger: HAL output buffer size 1024 frames, normal sink buffer size 1024 frames
06-15 14:39:49.440 413 22065 I AudioFlinger: AudioFlinger's thread 0x4f39c000 tid=22065 ready to run
06-15 14:39:49.442 22018 22051 W AudioTrack: Use of stream types is deprecated for operations other than volume control
06-15 14:39:49.442 22018 22051 W AudioTrack: See the documentation of AudioTrack() for what to use instead with android.media.AudioAttributes to qualify your playback use case
06-15 14:39:49.444 413 21321 I NvAudioPolicyManager: getOutputForAttr() device 0x400, samplingRate 192000, format d000000, channelMask 63f, flags 1 strategy 0x0
06-15 14:39:49.444 413 21321 I AudioFlinger: openOutput() this 0x4d6bd000, module 10 Device 400, SamplingRate 192000, Format 0xd000000, Channels 63f, flags 1
06-15 14:39:49.444 413 21321 I AudioFlinger: HAL output buffer size 2048 frames, normal sink buffer size 2048 frames
06-15 14:39:49.444 413 22067 I AudioFlinger: AudioFlinger's thread 0x50e96000 tid=22067 ready to run
06-15 14:39:49.449 22018 22051 W AudioTrack: Use of stream types is deprecated for operations other than volume control
06-15 14:39:49.449 22018 22051 W AudioTrack: See the documentation of AudioTrack() for what to use instead with android.media.AudioAttributes to qualify your playback use case
06-15 14:39:49.453 413 21321 I NvAudioPolicyManager: getOutputForAttr() device 0x400, samplingRate 44100, format 5, channelMask 3, flags 0 strategy 0x0
06-15 14:39:49.453 22018 22052 D AudioTrack: Client defaulted notificationFrames to 945 for frameCount 2836
06-15 14:39:49.456 22018 22052 W AudioTrack: Use of stream types is deprecated for operations other than volume control
06-15 14:39:49.456 22018 22052 W AudioTrack: See the documentation of AudioTrack() for what to use instead with android.media.AudioAttributes to qualify your playback use case
06-15 14:39:49.483 22018 22040 W AudioCapabilities: Unsupported mime audio/mpeg-L2
06-15 14:39:49.484 22018 22040 W AudioCapabilities: Unsupported mime audio/x-ms-wma
06-15 14:39:49.484 22018 22040 W VideoCapabilities: Unsupported mime video/wvc1
06-15 14:39:49.485 22018 22040 W VideoCapabilities: Unsupported mime video/x-ms-wmv
06-15 14:39:49.485 22018 22040 W VideoCapabilities: Unsupported mime video/mjpeg
06-15 14:39:49.501 22018 22040 I VideoCapabilities: Unsupported profile 4 for video/mp4v-es
06-15 14:39:49.508 22018 22052 D AudioTrack: stop() called with 4254 frames delivered
06-15 14:39:49.513 413 25063 I NvAudioPolicyManager: getOutputForAttr() device 0x400, samplingRate 44100, format 5, channelMask 3, flags 0 strategy 0x0
06-15 14:39:49.515 22018 22052 D AudioTrack: Client defaulted notificationFrames to 945 for frameCount 2836
06-15 14:39:49.515 371 371 D SurfaceFlinger: Set active config mode=1, type=0 flinger=0x2538821c00
06-15 14:39:49.515 371 371 V hwcomposer: hwc_setActiveConfig: set config 1
06-15 14:39:49.515 371 371 D hwcomposer: nvfb_lookup_mode: external: request: 1, real: 94
06-15 14:39:49.515 371 371 V hwcomposer: display 0: vblank period = 16666667 ns
06-15 14:39:49.515 371 371 V hwcomposer: Display 0 device size is 3840 x 2160
06-15 14:39:49.515 371 371 V hwcomposer: Display 0 device clip is (0.0, 0.0, 3840.0, 2160.0)
06-15 14:39:49.517 700 721 I DisplayManagerService: Display device changed: DisplayDeviceInfo{"Integrierter Bildschirm": uniqueId="local:0", 3840 x 2160, modeId 150, defaultModeId 149, supportedModes [{id=149, width=3840, height=2160, fps=59.94006}, {id=150, width=3840, height=2160, fps=60.0}, {id=151, width=1920, height=1080, fps=24.0}, {id=152, width=1920, height=1080, fps=25.0}, {id=153, width=1920, height=1080, fps=30.0}, {id=154, width=3840, height=2160, fps=24.0}, {id=155, width=3840, height=2160, fps=25.0}, {id=156, width=3840, height=2160, fps=30.0}, {id=157, width=3840, height=2160, fps=50.0}, {id=158, width=1920, height=1080, fps=23.976025}, {id=159, width=1920, height=1080, fps=29.97003}, {id=160, width=3840, height=2160, fps=23.976025}, {id=161, width=3840, height=2160, fps=29.97003}], colorMode 0, supportedColorModes [0], HdrCapabilities android.view.Display$HdrCapabilities@a69fc928, density 320, 213.0 x 213.0 dpi, appVsyncOff 1000000, presDeadline 16666667, touch INTERNAL, rotation 0, type BUILT_IN, state ON, FLAG_DEFAULT_DISPLAY, FLAG_ROTATES_WITH_CONTENT, FLAG_SECURE, FLAG_SUPPORTS_PROTECTED_BUFFERS}
06-15 14:39:49.518 22018 22052 W AudioTrack: Use of stream types is deprecated for operations other than volume control
06-15 14:39:49.518 22018 22052 W AudioTrack: See the documentation of AudioTrack() for what to use instead with android.media.AudioAttributes to qualify your playback use case
06-15 14:39:49.518 700 761 I InputReader: Reconfiguring input devices. changes=0x00000004
06-15 14:39:49.526 700 761 I chatty : uid=1000(system) InputReader identical 1 line
06-15 14:39:49.564 700 761 I InputReader: Reconfiguring input devices. changes=0x00000004
06-15 14:39:49.569 700 759 V WiredAccessoryManager: Headset UEVENT: {SUBSYSTEM=switch, SEQNUM=103726, ACTION=change, SWITCH_NAME=hdmi_audio, DEVPATH=/devices/virtual/switch/hdmi_audio, SWITCH_STATE=0}
06-15 14:39:49.569 700 759 V WiredAccessoryManager: newName=hdmi_audio newState=0 headsetState=0 prev headsetState=16
06-15 14:39:49.569 700 759 I WiredAccessoryManager: MSG_NEW_DEVICE_STATE
06-15 14:39:49.569 700 700 V WiredAccessoryManager: headsetName: disconnected
06-15 14:39:49.570 1321 1321 D BlakeWifiIntentManager: HDMI_PLUGGED_ACTION
06-15 14:39:49.570 941 941 I SearchHelper: HDMI Plugged changed to false
06-15 14:39:49.570 14870 14870 D PersonalGridService: HDMI is disconnected
06-15 14:39:49.572 276 276 W /system/bin/hwservicemanager: getTransportFromManifest: Cannot find entry android.hardware.drm@1.0::IDrmFactory in either framework or device manifest, using default transport.
06-15 14:39:49.573 1294 1339 I ShieldBluetoothScanPolicy: Scan Poll enabled due to HDMI
06-15 14:39:49.574 418 17434 I DrmHal : makeDrmFactories: using default drm instance
06-15 14:39:49.578 1294 1339 I ShieldBluetoothScanPolicy: scan optmizations poll trigger due to HDMI
06-15 14:39:49.580 1294 1339 I ShieldBluetoothHandler: HDMI plug state change false
06-15 14:39:49.582 1294 1339 I ShieldBluetoothScanPolicy: Scans disallowed due to PACKAGE POLL
06-15 14:39:49.582 1294 1339 D BluetoothAdapter: isLeEnabled(): ON
06-15 14:39:49.587 802 832 D BluetoothAdapterProperties: Discoverable Timeout:-1
06-15 14:39:49.587 802 832 D BluetoothAdapterProperties: Scan Mode:21
06-15 14:39:49.604 22018 22052 D AudioTrack: stop() called with 5672 frames delivered
06-15 14:39:49.606 413 487 I NvAudioPolicyManager: getOutputForAttr() device 0x400, samplingRate 44100, format 5, channelMask 3, flags 0 strategy 0x0
06-15 14:39:49.607 22018 22052 D AudioTrack: Client defaulted notificationFrames to 945 for frameCount 2836
06-15 14:39:49.608 22018 22052 W AudioTrack: Use of stream types is deprecated for operations other than volume control
06-15 14:39:49.608 22018 22052 W AudioTrack: See the documentation of AudioTrack() for what to use instead with android.media.AudioAttributes to qualify your playback use case
06-15 14:39:49.778 418 20102 I WVCdm : CdmEngine::QueryStatus
06-15 14:39:49.778 418 20102 I WVCdm : Level3 Library 4445 May 19 2017 17:17:20
06-15 14:39:49.782 418 20102 E oemcrypto_cenc: OEMCrypto_APIVersion: 11
06-15 14:39:49.782 418 20102 D WVCdm : OEMCrypto_Initialize Level 1 success. I will use level 1.
06-15 14:39:49.785 2623 3071 W cr_AvSettingsAndroid: getDolbyVisionFlags() not supported, returning 0
06-15 14:39:49.789 2623 3071 I chromium: [2623:3071:INFO:media_manager_impl.cc(1065)] ScreenInfo changed: HDCP version=22 supported EOTFs=4 DolbyVision flags=0 Size(mm): 0x0 cur mode HDR=1 cur mode DV=0
06-15 14:39:49.790 2623 3071 D cr_EstimateResolution: [MaxAnticipatedResolutionEstimator.java:41] Assuming 4K display capabilities because we can decode VP9 4K video.
06-15 14:39:49.990 371 371 V hwcomposer: setting property sys.display-size to 3840x2160
06-15 14:39:49.996 700 759 V WiredAccessoryManager: Headset UEVENT: {SUBSYSTEM=switch, SEQNUM=103729, ACTION=change, SWITCH_NAME=hdmi_audio, DEVPATH=/devices/virtual/switch/hdmi_audio, SWITCH_STATE=1}
06-15 14:39:49.996 700 759 V WiredAccessoryManager: newName=hdmi_audio newState=16 headsetState=16 prev headsetState=0
06-15 14:39:49.997 700 759 I WiredAccessoryManager: MSG_NEW_DEVICE_STATE
06-15 14:39:49.997 700 700 V WiredAccessoryManager: headsetName: connected
06-15 14:39:49.997 941 941 I SearchHelper: HDMI Plugged changed to true
06-15 14:39:49.998 1321 1321 D BlakeWifiIntentManager: HDMI_PLUGGED_ACTION
06-15 14:39:49.998 14870 14870 D PersonalGridService: HDMI is connected
06-15 14:39:49.999 14870 14870 I PersonalGridService: Display mode is: {id=150, width=3840, height=2160, fps=60.0}
06-15 14:39:50.000 276 276 W /system/bin/hwservicemanager: getTransportFromManifest: Cannot find entry android.hardware.drm@1.0::IDrmFactory in either framework or device manifest, using default transport.
06-15 14:39:50.001 1294 1339 I ShieldBluetoothScanPolicy: Scan Poll enabled due to HDMI
06-15 14:39:50.002 1294 1339 I ShieldBluetoothScanPolicy: scan optmizations poll trigger due to HDMI
06-15 14:39:50.002 418 451 I DrmHal : makeDrmFactories: using default drm instance
06-15 14:39:50.003 1294 1339 I ShieldBluetoothHandler: HDMI plug state change true
06-15 14:39:50.168 802 1224 V Avrcp : MSG_UPDATE_MEDIA
06-15 14:39:50.168 802 1224 V Avrcp : updatePlaybackState (1): -1Ô×í2(PlaybackState {state=2, position=-1, buffered position=0, speed=0.0, updated=367812018, actions=0, custom actions=[], active item id=-1, error=null})
06-15 14:39:50.168 802 1224 V Avrcp : Media update: id -1Ô×í-1? [MediaAttributes: none]
06-15 14:39:50.168 802 1224 D Avrcp : sendPlayPosNotificationRsp: Not registered or requesting.
06-15 14:39:50.203 418 20102 I WVCdm : CdmEngine::QueryStatus
06-15 14:39:50.203 418 20102 I WVCdm : Level3 Library 4445 May 19 2017 17:17:20
06-15 14:39:50.206 418 20102 E oemcrypto_cenc: OEMCrypto_APIVersion: 11
06-15 14:39:50.207 418 20102 D WVCdm : OEMCrypto_Initialize Level 1 success. I will use level 1.
06-15 14:39:50.473 371 515 D : signalling poll failure
06-15 14:39:50.473 371 515 I : SecureHdcp_PollFailure
06-15 14:39:50.473 371 515 E : hdcp_status: readstatus failed
06-15 14:39:50.527 700 780 D NsdService: New client listening to asynchronous messages
06-15 14:39:50.527 700 780 D NsdService: New client, channel: com.android.internal.util.AsyncChannel@f963283 messenger: android.os.Messenger@aa99c00
06-15 14:39:50.528 418 2813 I WVCdm : CdmEngine::QueryStatus
06-15 14:39:50.528 418 2813 I WVCdm : Level3 Library 4445 May 19 2017 17:17:20
06-15 14:39:50.531 700 780 D NsdService: Register service
06-15 14:39:50.531 700 780 D NsdService: registerService: 487 name: Kodi (NVIDIA), type: _xbmc-jsonrpc._tcp, host: /127.0.0.1, port: 9090, txtRecord:
06-15 14:39:50.533 700 780 D NsdService: Register 1 487
06-15 14:39:50.540 418 2813 E oemcrypto_cenc: OEMCrypto_APIVersion: 11
06-15 14:39:50.540 418 2813 D WVCdm : OEMCrypto_Initialize Level 1 success. I will use level 1.
06-15 14:39:50.547 700 780 D NsdService: Register service
06-15 14:39:50.547 700 780 D NsdService: registerService: 488 name: Kodi (NVIDIA), type: _xbmc-events._udp, host: /127.0.0.1, port: 9777, txtRecord:
06-15 14:39:50.548 700 780 D NsdService: Register 2 488
06-15 14:39:50.548 2623 3071 W cr_AvSettingsAndroid: getDolbyVisionFlags() not supported, returning 0
06-15 14:39:50.549 2623 3071 I chromium: [2623:3071:INFO:media_manager_impl.cc(1065)] ScreenInfo changed: HDCP version=0 supported EOTFs=4 DolbyVision flags=0 Size(mm): 0x0 cur mode HDR=1 cur mode DV=0
06-15 14:39:50.550 2623 3071 D cr_EstimateResolution: [MaxAnticipatedResolutionEstimator.java:41] Assuming 4K display capabilities because we can decode VP9 4K video.
06-15 14:39:50.572 413 25477 I NvAudioPolicyManager: setDeviceConnectionStateInt() device: 0x400, state 0, address name
06-15 14:39:50.680 413 530 E nvaudio_route: unable to find path 'speaker'
06-15 14:39:50.680 413 530 E nvaudio_route: Failed to apply path speaker.
06-15 14:39:50.682 413 21321 I NvAudioPolicyManager: setDeviceConnectionStateInt() device: 0x400, state 1, address name
06-15 14:39:50.683 2623 2623 D cr_AvSettingsAndroid: [AvSettingsAndroid.java:147] HDMI plug update: action=android.media.action.HDMI_AUDIO_PLUG, plug=0
06-15 14:39:50.683 2623 2623 D cr_AvSettingsAndroid: [AvSettingsAndroid.java:155] Max channel count = 2
06-15 14:39:50.683 413 21321 I hash_map_utils: key: 'nv_param_passthrough_support' value: ''
06-15 14:39:50.683 413 21321 I AudioFlinger: openOutput() this 0x4d6bd000, module 10 Device 400, SamplingRate 0, Format 00000000, Channels 0, flags 1
06-15 14:39:50.684 413 21321 I AudioFlinger: HAL output buffer size 256 frames, normal sink buffer size 256 frames
06-15 14:39:50.684 413 22092 I AudioFlinger: AudioFlinger's thread 0x4feeb000 tid=22092 ready to run
06-15 14:39:50.686 413 21321 I AudioFlinger: openOutput() this 0x4d6bd000, module 10 Device 400, SamplingRate 8000, Format 0x000006, Channels 33, flags 1
06-15 14:39:50.687 413 21321 I AudioFlinger: HAL output buffer size 48 frames, normal sink buffer size 48 frames
06-15 14:39:50.687 413 22093 I AudioFlinger: AudioFlinger's thread 0x4feeb000 tid=22093 ready to run
06-15 14:39:50.688 413 21321 I hash_map_utils: key: 'nv_param_passthrough_support' value: ''
06-15 14:39:50.688 413 21321 I hash_map_utils: key: 'nv_param_passthrough_support' value: ''
06-15 14:39:50.688 413 21321 I AudioFlinger: openOutput() this 0x4d6bd000, module 10 Device 400, SamplingRate 0, Format 00000000, Channels 0, flags 1
06-15 14:39:50.689 413 21321 I AudioFlinger: HAL output buffer size 256 frames, normal sink buffer size 256 frames
06-15 14:39:50.689 413 22094 I AudioFlinger: AudioFlinger's thread 0x4dcc4000 tid=22094 ready to run
06-15 14:39:50.690 413 21321 D APM_AudioPolicyManager: filterSurroundFormats: forced use = 0
06-15 14:39:50.691 413 21321 I AudioFlinger: openOutput() this 0x4d6bd000, module 10 Device 400, SamplingRate 32000, Format 0x9000000, Channels 1, flags 1
06-15 14:39:50.692 413 21321 I AudioHwDevice: openOutputStream(), HAL returned sampleRate 32000, Format 0x9000000, channelMask 0x1, status 22
06-15 14:39:50.692 413 21321 I AudioSPDIF: SPDIFEncoder: mBurstBufferSizeBytes = 24576, littleEndian = 1
06-15 14:39:50.693 413 21321 I AudioFlinger: SpdifStreamOut::open() AudioFlinger requested sampleRate 32000, format 0x9000000, channelMask 0x1
06-15 14:39:50.693 413 21321 I AudioFlinger: SpdifStreamOut::open() HAL configured for sampleRate 32000, format 0x1, channelMask 0x3
06-15 14:39:50.693 413 21321 I AudioFlinger: SpdifStreamOut::open() status = 0
06-15 14:39:50.693 413 21321 I AudioFlinger: HAL output buffer size 4096 frames, normal sink buffer size 4096 frames
06-15 14:39:50.693 413 22095 I AudioFlinger: AudioFlinger's thread 0x4dcc4000 tid=22095 ready to run
06-15 14:39:50.694 413 21321 I hash_map_utils: key: 'nv_param_passthrough_support' value: ''
06-15 14:39:50.694 413 21321 I chatty : uid=1041(audioserver) Binder:413_7 identical 1 line
06-15 14:39:50.695 413 21321 I hash_map_utils: key: 'nv_param_passthrough_support' value: ''
06-15 14:39:50.695 413 21321 I AudioFlinger: openOutput() this 0x4d6bd000, module 10 Device 400, SamplingRate 88200, Format 0x000005, Channels 3, flags 1
06-15 14:39:50.695 413 21321 I AudioFlinger: HAL output buffer size 256 frames, normal sink buffer size 256 frames
06-15 14:39:50.695 413 22096 I AudioFlinger: AudioFlinger's thread 0x50c1d000 tid=22096 ready to run
06-15 14:39:50.698 22018 22052 W AudioTrack: dead IAudioTrack, PCM, creating a new one from obtainBuffer()
06-15 14:39:50.700 22018 22032 W AudioSystem: ioConfigChanged() closing unknown output 21709
06-15 14:39:50.713 413 535 W nvaudio_hw: UNDERRUN DETECTED for music-playback ret -1 avail 0
06-15 14:39:50.771 413 536 D AudioFlinger: mixer(0x4ef03640) throttle end: throttle time(1)
06-15 14:39:50.791 413 536 E nvaudio_route: unable to find path 'speaker'
06-15 14:39:50.791 413 536 E nvaudio_route: Failed to reset path speaker.
06-15 14:39:50.792 413 5319 I NvAudioPolicyManager: getOutputForAttr() device 0x400, samplingRate 44100, format 5, channelMask 3, flags 0 strategy 0x0
06-15 14:39:50.795 413 535 W nvaudio_hw: UNDERRUN DETECTED for hdmi-playback ret 0 avail 4407
06-15 14:39:50.796 22018 22052 D AudioTrack: Client defaulted notificationFrames to 945 for frameCount 2836
06-15 14:39:50.796 2623 2623 D cr_AvSettingsAndroid: [AvSettingsAndroid.java:138] Supported audio codecs:25
06-15 14:39:50.796 2623 3071 I chromium: [2623:3071:INFO:media_manager_impl.cc(1007)] New audio codecs supported: new_codecs=9, old_codecs=25
06-15 14:39:50.797 22018 22052 D AudioTrack: stop() called with 51048 frames delivered
06-15 14:39:50.800 14870 14870 I pgService/AudioEndPointBroadcastReceiver: HDMI Audio receiver channels = 8
06-15 14:39:50.800 14870 14870 I pgService/AudioEndPointBroadcastReceiver:
06-15 14:39:50.800 14870 14870 I pgService/AudioEndPointBroadcastReceiver: 2
06-15 14:39:50.800 14870 14870 I pgService/AudioEndPointBroadcastReceiver: 4
06-15 14:39:50.800 14870 14870 I pgService/AudioEndPointBroadcastReceiver: 5
06-15 14:39:50.800 14870 14870 I pgService/AudioEndPointBroadcastReceiver: 6
06-15 14:39:50.800 2623 3071 W cr_AvSettingsAndroid: getDolbyVisionFlags() not supported, returning 0
06-15 14:39:50.800 14870 14870 I pgService/AudioEndPointBroadcastReceiver: 7
06-15 14:39:50.800 14870 14870 I pgService/AudioEndPointBroadcastReceiver: 8
06-15 14:39:50.800 14870 14870 I pgService/AudioEndPointBroadcastReceiver: 13
06-15 14:39:50.800 2623 2623 D cr_AvSettingsAndroid: [AvSettingsAndroid.java:147] HDMI plug update: action=android.media.action.HDMI_AUDIO_PLUG, plug=1
06-15 14:39:50.800 14870 14870 I pgService/AudioEndPointBroadcastReceiver: 14
06-15 14:39:50.800 14870 14870 I pgService/AudioEndPointBroadcastReceiver:
06-15 14:39:50.800 2623 2623 D cr_AvSettingsAndroid: [AvSettingsAndroid.java:155] Max channel count = 8
06-15 14:39:50.802 413 25477 I NvAudioPolicyManager: getOutputForAttr() device 0x400, samplingRate 48000, format 5, channelMask 3, flags 0 strategy 0x0
06-15 14:39:50.803 2623 2623 D cr_AvSettingsAndroid: [AvSettingsAndroid.java:138] Supported audio codecs:25
06-15 14:39:50.803 22018 22051 D AudioTrack: Client defaulted notificationFrames to 770 for frameCount 1540
06-15 14:39:50.805 22018 22051 W AudioTrack: Use of stream types is deprecated for operations other than volume control
06-15 14:39:50.805 22018 22051 W AudioTrack: See the documentation of AudioTrack() for what to use instead with android.media.AudioAttributes to qualify your playback use case
06-15 14:39:50.806 2623 3071 D cr_EstimateResolution: [MaxAnticipatedResolutionEstimator.java:41] Assuming 4K display capabilities because we can decode VP9 4K video.
06-15 14:39:50.806 2623 3071 I chromium: [2623:3071:INFO:media_manager_impl.cc(1007)] New audio codecs supported: new_codecs=25, old_codecs=9
06-15 14:39:50.806 2623 3071 W cr_AvSettingsAndroid: getDolbyVisionFlags() not supported, returning 0
06-15 14:39:50.808 2623 3071 D cr_EstimateResolution: [MaxAnticipatedResolutionEstimator.java:41] Assuming 4K display capabilities because we can decode VP9 4K video.
06-15 14:39:50.809 413 31161 I NvAudioPolicyManager: getOutputForAttr() device 0x400, samplingRate 48000, format 9000000, channelMask 3, flags 1 strategy 0x0
06-15 14:39:50.809 413 31161 I AudioFlinger: openOutput() this 0x4d6bd000, module 10 Device 400, SamplingRate 48000, Format 0x9000000, Channels 3, flags 1
06-15 14:39:50.810 413 31161 I AudioHwDevice: openOutputStream(), HAL returned sampleRate 48000, Format 0x9000000, channelMask 0x3, status 22
06-15 14:39:50.810 413 31161 I AudioSPDIF: SPDIFEncoder: mBurstBufferSizeBytes = 24576, littleEndian = 1
06-15 14:39:50.810 413 31161 I AudioFlinger: SpdifStreamOut::open() AudioFlinger requested sampleRate 48000, format 0x9000000, channelMask 0x3
06-15 14:39:50.810 413 31161 I AudioFlinger: SpdifStreamOut::open() HAL configured for sampleRate 48000, format 0x1, channelMask 0x3
06-15 14:39:50.810 413 31161 I AudioFlinger: SpdifStreamOut::open() status = 0
06-15 14:39:50.810 413 31161 I AudioFlinger: HAL output buffer size 4096 frames, normal sink buffer size 4096 frames
06-15 14:39:50.811 413 22106 I AudioFlinger: AudioFlinger's thread 0x50c5a000 tid=22106 ready to run
06-15 14:39:50.814 22018 22051 W AudioTrack: Use of stream types is deprecated for operations other than volume control
06-15 14:39:50.814 22018 22051 W AudioTrack: See the documentation of AudioTrack() for what to use instead with android.media.AudioAttributes to qualify your playback use case
06-15 14:39:50.818 413 21321 I NvAudioPolicyManager: getOutputForAttr() device 0x400, samplingRate 48000, format a000000, channelMask 3, flags 1 strategy 0x0
06-15 14:39:50.818 413 21321 I AudioFlinger: openOutput() this 0x4d6bd000, module 10 Device 400, SamplingRate 48000, Format 0xa000000, Channels 3, flags 1
06-15 14:39:50.818 413 21321 I AudioHwDevice: openOutputStream(), HAL returned sampleRate 48000, Format 0xa000000, channelMask 0x3, status 22
06-15 14:39:50.818 413 21321 I AudioSPDIF: SPDIFEncoder: mBurstBufferSizeBytes = 24576, littleEndian = 1
06-15 14:39:50.818 413 21321 I AudioFlinger: SpdifStreamOut::open() AudioFlinger requested sampleRate 48000, format 0xa000000, channelMask 0x3
06-15 14:39:50.818 413 21321 I AudioFlinger: SpdifStreamOut::open() HAL configured for sampleRate 192000, format 0x1, channelMask 0x3
06-15 14:39:50.818 413 21321 I AudioFlinger: SpdifStreamOut::open() status = 0
06-15 14:39:50.818 413 21321 I AudioFlinger: HAL output buffer size 16384 frames, normal sink buffer size 16384 frames
06-15 14:39:50.818 413 22108 I AudioFlinger: AudioFlinger's thread 0x50c1d000 tid=22108 ready to run
06-15 14:39:50.821 22018 22051 W AudioTrack: Use of stream types is deprecated for operations other than volume control
06-15 14:39:50.821 22018 22051 W AudioTrack: See the documentation of AudioTrack() for what to use instead with android.media.AudioAttributes to qualify your playback use case
06-15 14:39:50.823 413 487 I NvAudioPolicyManager: getOutputForAttr() device 0x400, samplingRate 48000, format b000000, channelMask 3, flags 1 strategy 0x0
06-15 14:39:50.823 413 487 I AudioFlinger: openOutput() this 0x4d6bd000, module 10 Device 400, SamplingRate 48000, Format 0xb000000, Channels 3, flags 1
06-15 14:39:50.823 413 487 I AudioHwDevice: openOutputStream(), HAL returned sampleRate 48000, Format 0xb000000, channelMask 0x3, status 22
06-15 14:39:50.823 413 487 I AudioSPDIF: SPDIFEncoder: mBurstBufferSizeBytes = 16384, littleEndian = 1
06-15 14:39:50.823 413 487 I AudioFlinger: SpdifStreamOut::open() AudioFlinger requested sampleRate 48000, format 0xb000000, channelMask 0x3
06-15 14:39:50.823 413 487 I AudioFlinger: SpdifStreamOut::open() HAL configured for sampleRate 48000, format 0x1, channelMask 0x3
06-15 14:39:50.823 413 487 I AudioFlinger: SpdifStreamOut::open() status = 0
06-15 14:39:50.823 413 487 I AudioFlinger: HAL output buffer size 8192 frames, normal sink buffer size 8192 frames
06-15 14:39:50.823 413 22110 I AudioFlinger: AudioFlinger's thread 0x4d68d000 tid=22110 ready to run
06-15 14:39:50.826 22018 22051 W AudioTrack: Use of stream types is deprecated for operations other than volume control
06-15 14:39:50.826 22018 22051 W AudioTrack: See the documentation of AudioTrack() for what to use instead with android.media.AudioAttributes to qualify your playback use case
06-15 14:39:50.832 413 17421 I NvAudioPolicyManager: getOutputForAttr() device 0x400, samplingRate 48000, format c000000, channelMask 63f, flags 1 strategy 0x0
06-15 14:39:50.833 413 17421 I AudioFlinger: openOutput() this 0x4d6bd000, module 10 Device 400, SamplingRate 48000, Format 0xc000000, Channels 63f, flags 1
06-15 14:39:50.833 413 17421 I AudioHwDevice: openOutputStream(), HAL returned sampleRate 48000, Format 0xc000000, channelMask 0x63f, status 22
06-15 14:39:50.833 413 17421 I AudioSPDIF: SPDIFEncoder: mBurstBufferSizeBytes = 65536, littleEndian = 1
06-15 14:39:50.833 413 17421 I AudioFlinger: SpdifStreamOut::open() AudioFlinger requested sampleRate 48000, format 0xc000000, channelMask 0x63f
06-15 14:39:50.833 413 17421 I AudioFlinger: SpdifStreamOut::open() HAL configured for sampleRate 192000, format 0x1, channelMask 0x63f
06-15 14:39:50.833 413 17421 I AudioFlinger: SpdifStreamOut::open() status = 0
06-15 14:39:50.833 413 17421 I AudioFlinger: HAL output buffer size 32768 frames, normal sink buffer size 32768 frames
06-15 14:39:50.834 413 22112 I AudioFlinger: AudioFlinger's thread 0x50cb2000 tid=22112 ready to run
06-15 14:39:50.836 22018 22051 W AudioTrack: Use of stream types is deprecated for operations other than volume control
06-15 14:39:50.836 22018 22051 W AudioTrack: See the documentation of AudioTrack() for what to use instead with android.media.AudioAttributes to qualify your playback use case
06-15 14:39:50.840 413 31498 I NvAudioPolicyManager: getOutputForAttr() device 0x400, samplingRate 48000, format e000000, channelMask 63f, flags 1 strategy 0x0
06-15 14:39:50.840 413 31498 I AudioFlinger: openOutput() this 0x4d6bd000, module 10 Device 400, SamplingRate 48000, Format 0xe000000, Channels 63f, flags 1
06-15 14:39:50.840 413 31498 I AudioHwDevice: openOutputStream(), HAL returned sampleRate 48000, Format 0xe000000, channelMask 0x63f, status 22
06-15 14:39:50.841 413 31498 I AudioSPDIF: SPDIFEncoder: mBurstBufferSizeBytes = 61440, littleEndian = 1
06-15 14:39:50.841 413 31498 I AudioFlinger: SpdifStreamOut::open() AudioFlinger requested sampleRate 48000, format 0xe000000, channelMask 0x63f
06-15 14:39:50.841 413 31498 I AudioFlinger: SpdifStreamOut::open() HAL configured for sampleRate 192000, format 0x1, channelMask 0x63f
06-15 14:39:50.841 413 31498 I AudioFlinger: SpdifStreamOut::open() status = 0
06-15 14:39:50.841 413 31498 I AudioFlinger: HAL output buffer size 32768 frames, normal sink buffer size 32768 frames
06-15 14:39:50.841 413 22114 I AudioFlinger: AudioFlinger's thread 0x4dcc1000 tid=22114 ready to run
06-15 14:39:50.845 22018 22051 W AudioTrack: Use of stream types is deprecated for operations other than volume control
06-15 14:39:50.846 22018 22051 W AudioTrack: See the documentation of AudioTrack() for what to use instead with android.media.AudioAttributes to qualify your playback use case
06-15 14:39:50.849 413 969 I NvAudioPolicyManager: getOutputForAttr() device 0x400, samplingRate 48000, format d000000, channelMask 3, flags 1 strategy 0x0
06-15 14:39:50.849 413 969 I AudioFlinger: openOutput() this 0x4d6bd000, module 10 Device 400, SamplingRate 48000, Format 0xd000000, Channels 3, flags 1
06-15 14:39:50.850 413 969 I AudioFlinger: HAL output buffer size 1024 frames, normal sink buffer size 1024 frames
06-15 14:39:50.850 413 22116 I AudioFlinger: AudioFlinger's thread 0x4fed8000 tid=22116 ready to run
06-15 14:39:50.853 22018 22051 W AudioTrack: Use of stream types is deprecated for operations other than volume control
06-15 14:39:50.853 22018 22051 W AudioTrack: See the documentation of AudioTrack() for what to use instead with android.media.AudioAttributes to qualify your playback use case
06-15 14:39:50.855 413 19811 I NvAudioPolicyManager: getOutputForAttr() device 0x400, samplingRate 192000, format d000000, channelMask 63f, flags 1 strategy 0x0
06-15 14:39:50.855 413 19811 I AudioFlinger: openOutput() this 0x4d6bd000, module 10 Device 400, SamplingRate 192000, Format 0xd000000, Channels 63f, flags 1
06-15 14:39:50.855 413 19811 I AudioFlinger: HAL output buffer size 2048 frames, normal sink buffer size 2048 frames
06-15 14:39:50.855 413 22118 I AudioFlinger: AudioFlinger's thread 0x50047000 tid=22118 ready to run
06-15 14:39:50.860 22018 22051 W AudioTrack: Use of stream types is deprecated for operations other than volume control
06-15 14:39:50.861 22018 22051 W AudioTrack: See the documentation of AudioTrack() for what to use instead with android.media.AudioAttributes to qualify your playback use case
06-15 14:39:50.868 413 25063 I NvAudioPolicyManager: getOutputForAttr() device 0x400, samplingRate 44100, format 5, channelMask 3, flags 0 strategy 0x0
06-15 14:39:50.868 22018 22052 D AudioTrack: Client defaulted notificationFrames to 945 for frameCount 2836
06-15 14:39:50.871 22018 22052 W AudioTrack: Use of stream types is deprecated for operations other than volume control
06-15 14:39:50.871 22018 22052 W AudioTrack: See the documentation of AudioTrack() for what to use instead with android.media.AudioAttributes to qualify your playback use case
06-15 14:39:50.914 700 788 W HdmiCecController: Failed to send src: 4, dst: 0 with errorCode=3
06-15 14:39:51.165 700 780 D NsdService: Native daemon message SERVICE_REGISTERED: 606 488 "Kodi (NVIDIA)"
06-15 14:39:51.165 700 780 D NsdService: Native daemon message SERVICE_REGISTERED: 606 487 "Kodi (NVIDIA)"
06-15 14:39:52.883 22018 22018 D RecommendChannelJobSvc: Starting channel creation job
06-15 14:39:59.601 20050 20081 I PlayCommon: [1469] com.google.android.play.b.h.e(263): Preparing logs for uploading
06-15 14:39:59.608 1308 1308 W SystemServiceRegistry: No service published for: persistent_data_block
06-15 14:39:59.650 20050 20081 I PlayCommon: [1469] com.google.android.play.b.h.a(522): Connecting to server: https://play.googleapis.com/play/log?format=raw&proto_v2=true
06-15 14:39:59.855 20050 20081 I PlayCommon: [1469] com.google.android.play.b.h.a(579): Successfully uploaded logs.
06-15 14:40:00.421 20145 20211 I PlayCommon: [1480] com.google.android.play.b.h.e(263): Preparing logs for uploading
06-15 14:40:00.421 20145 20211 I PlayCommon: [1480] com.google.android.play.b.h.e(267): No file ready to send
06-15 14:40:02.876 2623 2623 I chromium: [2623:2623:INFO:metrics_recorder.cc(89)] Metrics stat: total=3
06-15 14:40:02.876 2623 2623 I chromium: AppRunning=1
06-15 14:40:02.876 2623 2623 I chromium: Cast.CecHdmiInputState.Active=1
06-15 14:40:02.876 2623 2623 I chromium: Cast.CecStandby.On=1
06-15 14:40:05.001 2623 21885 I chromium: [2623:21885:INFO:ssdp_device.c(101)] SSDP packets sent for 30 seconds = 21
06-15 14:40:07.937 1308 22269 I AsyncOpDispatcher: 35-GetDeviceDataUploadOptInStatusOperation
06-15 14:40:10.805 700 14298 D WificondControl: Scan result ready event
06-15 14:40:10.812 1321 1321 D BlakeWifiIntentManager: SCAN_RESULTS_AVAILABLE_ACTION
06-15 14:40:10.841 700 700 D PackageManager - AppHiding: OnLocationChanged, Country code : DE
06-15 14:40:10.842 1308 30259 W ctxmgr : [AclManager]No 2 for (accnt=account#1846457872#, com.google.android.gms(10010):UserLocationProducer, vrsn=12685000, 0, 3pPkg = null , 3pMdlId = null , pid = 1308). Was: 2 for 1, account#1846457872#
06-15 14:40:22.918 22018 22147 V XBMC : detaching thread
06-15 14:40:23.134 22018 22081 V XBMC : detaching thread
06-15 14:40:23.138 22018 22080 V XBMC : detaching thread
06-15 14:40:23.579 22018 22076 V XBMC : detaching thread
06-15 14:40:36.297 2623 21885 I chromium: [2623:21885:INFO:ssdp_device.c(101)] SSDP packets sent for 32 seconds = 15
06-15 14:40:40.807 700 845 D WificondControl: Scan result ready event
06-15 14:40:40.822 1321 1321 D BlakeWifiIntentManager: SCAN_RESULTS_AVAILABLE_ACTION
06-15 14:40:40.836 1308 30259 W ctxmgr : [AclManager]No 2 for (accnt=account#1846457872#, com.google.android.gms(10010):UserLocationProducer, vrsn=12685000, 0, 3pPkg = null , 3pMdlId = null , pid = 1308). Was: 2 for 1, account#1846457872#
06-15 14:40:40.836 700 700 D PackageManager - AppHiding: OnLocationChanged, Country code : DE
06-15 14:41:02.877 2623 2623 I chromium: [2623:2623:INFO:metrics_recorder.cc(89)] Metrics stat: total=0
06-15 14:41:07.069 2623 21885 I chromium: [2623:21885:INFO:ssdp_device.c(101)] SSDP packets sent for 30 seconds = 19
06-15 14:41:07.978 1308 22481 I AsyncOpDispatcher: 35-GetDeviceDataUploadOptInStatusOperation
06-15 14:41:10.813 700 1544 D WificondControl: Scan result ready event
06-15 14:41:10.820 1321 1321 D BlakeWifiIntentManager: SCAN_RESULTS_AVAILABLE_ACTION
06-15 14:41:10.848 700 700 D PackageManager - AppHiding: OnLocationChanged, Country code : DE
06-15 14:41:10.850 1308 887 W ctxmgr : [AclManager]No 2 for (accnt=account#1846457872#, com.google.android.gms(10010):UserLocationProducer, vrsn=12685000, 0, 3pPkg = null , 3pMdlId = null , pid = 1308). Was: 2 for 1, account#1846457872#
06-15 14:41:39.734 2623 3080 I chromium: [2623:3080:INFO:wifi_proximity.cc(209)] Request scan.
06-15 14:41:39.794 2623 21885 I chromium: [2623:21885:INFO:ssdp_device.c(101)] SSDP packets sent for 33 seconds = 19
06-15 14:41:40.815 700 845 D WificondControl: Scan result ready event
06-15 14:41:40.822 1321 1321 D BlakeWifiIntentManager: SCAN_RESULTS_AVAILABLE_ACTION
06-15 14:41:40.836 1308 30259 W ctxmgr : [AclManager]No 2 for (accnt=account#1846457872#, com.google.android.gms(10010):UserLocationProducer, vrsn=12685000, 0, 3pPkg = null , 3pMdlId = null , pid = 1308). Was: 2 for 1, account#1846457872#
06-15 14:41:40.837 700 700 D PackageManager - AppHiding: OnLocationChanged, Country code : DE
06-15 14:42:02.879 2623 2623 I chromium: [2623:2623:INFO:metrics_recorder.cc(89)] Metrics stat: total=2
06-15 14:42:02.879 2623 2623 I chromium: Cast.Discovery.Mdns.ResponderPing=1
06-15 14:42:02.879 2623 2623 I chromium: Cast.Discovery.Mdns.SocketPing=2
06-15 14:42:10.675 2623 21885 I chromium: [2623:21885:INFO:ssdp_device.c(101)] SSDP packets sent for 31 seconds = 18
06-15 14:42:10.819 700 839 D WificondControl: Scan result ready event
06-15 14:42:10.824 1321 1321 D BlakeWifiIntentManager: SCAN_RESULTS_AVAILABLE_ACTION
06-15 14:42:10.839 700 700 D PackageManager - AppHiding: OnLocationChanged, Country code : DE
06-15 14:42:10.842 1308 2451 W ctxmgr : [AclManager]No 2 for (accnt=account#1846457872#, com.google.android.gms(10010):UserLocationProducer, vrsn=12685000, 0, 3pPkg = null , 3pMdlId = null , pid = 1308). Was: 2 for 1, account#1846457872#
06-15 14:42:37.970 700 700 I ActivityManager: Start proc 22757:com.amazon.amazonvideo.livingroom/u0a92 for service com.amazon.amazonvideo.livingroom/com.amazon.ignition.BackgroundModeTimerService
06-15 14:42:37.994 1308 22762 I AsyncOpDispatcher: 35-GetDeviceDataUploadOptInStatusOperation
06-15 14:42:38.151 22757 22757 W AudioCapabilities: Unsupported mime audio/mpeg-L2
06-15 14:42:38.152 22757 22757 W AudioCapabilities: Unsupported mime audio/x-ms-wma
06-15 14:42:38.152 22757 22757 W VideoCapabilities: Unsupported mime video/wvc1
06-15 14:42:38.154 22757 22757 W VideoCapabilities: Unsupported mime video/x-ms-wmv
06-15 14:42:38.155 22757 22757 W VideoCapabilities: Unsupported mime video/mjpeg
06-15 14:42:38.180 22757 22757 I VideoCapabilities: Unsupported profile 4 for video/mp4v-es
06-15 14:42:38.192 22757 22757 E SQLiteLog: (1) no such table: device_data
06-15 14:42:38.193 22757 22757 E MapSqliteHelper: no such table: device_data (code 1): , while compiling: SELECT device_data_key, device_data_value FROM device_data WHERE NOT device_data_deleted AND device_data_key = ?
06-15 14:42:38.195 22757 22757 D DeviceInformation: Creating new WIDEVINE DRM
06-15 14:42:38.196 276 276 W /system/bin/hwservicemanager: getTransportFromManifest: Cannot find entry android.hardware.drm@1.0::IDrmFactory in either framework or device manifest, using default transport.
06-15 14:42:38.199 418 418 I DrmHal : makeDrmFactories: using default drm instance
06-15 14:42:38.250 22757 22757 I TextToSpeech: Sucessfully bound to com.google.android.tts
06-15 14:42:38.288 22757 22757 I TextToSpeech: Connected to ComponentInfo{com.google.android.tts/com.google.android.tts.service.GoogleTTSService}
06-15 14:42:38.296 20292 20622 I TTS : For default lang de-de is name de-DE-language (de-de-x-nfh-server)
06-15 14:42:38.297 22757 22784 I TextToSpeech: Set up connection to ComponentInfo{com.google.android.tts/com.google.android.tts.service.GoogleTTSService}
06-15 14:42:38.300 22757 22775 D NetworkSecurityConfig: No Network Security Config specified, using platform default
06-15 14:42:38.323 22757 22757 W linker : "/data/app/com.amazon.amazonvideo.livingroom-CpaaQU3xwoOGcgisT450zQ==/lib/arm/libmain.so" unused DT entry: type 0xf arg 0x2b7
06-15 14:42:38.353 22757 22757 I zygote : System.exit called, status: 0
06-15 14:42:38.354 22757 22757 I AndroidRuntime: VM exiting with result code 0, cleanup skipped.
06-15 14:42:38.421 700 4734 I ActivityManager: Process com.amazon.amazonvideo.livingroom (pid 22757) has died: vis TRNB
06-15 14:42:38.422 700 4734 W ActivityManager: Scheduling restart of crashed service com.amazon.amazonvideo.livingroom/com.amazon.ignition.BackgroundModeTimerService in 1000ms
06-15 14:42:40.789 2623 21885 I chromium: [2623:21885:INFO:ssdp_device.c(101)] SSDP packets sent for 30 seconds = 14
06-15 14:42:40.823 700 710 D WificondControl: Scan result ready event
06-15 14:42:40.829 1321 1321 D BlakeWifiIntentManager: SCAN_RESULTS_AVAILABLE_ACTION
06-15 14:42:40.849 700 700 D PackageManager - AppHiding: OnLocationChanged, Country code : DE
06-15 14:42:40.850 1308 2451 W ctxmgr : [AclManager]No 2 for (accnt=account#1846457872#, com.google.android.gms(10010):UserLocationProducer, vrsn=12685000, 0, 3pPkg = null , 3pMdlId = null , pid = 1308). Was: 2 for 1, account#1846457872#
06-15 14:42:56.778 14982 14982 I adbd : Calling send_auth_request...
06-15 14:42:56.806 14982 14982 I adbd : Loading keys from /data/misc/adb/adb_keys
06-15 14:43:02.880 2623 2623 I chromium: [2623:2623:INFO:metrics_recorder.cc(89)] Metrics stat: total=0
06-15 14:43:10.826 700 14298 D WificondControl: Scan result ready event
06-15 14:43:10.850 1321 1321 D BlakeWifiIntentManager: SCAN_RESULTS_AVAILABLE_ACTION
06-15 14:43:10.875 700 700 D PackageManager - AppHiding: OnLocationChanged, Country code : DE
06-15 14:43:10.875 1308 2451 W ctxmgr : [AclManager]No 2 for (accnt=account#1846457872#, com.google.android.gms(10010):UserLocationProducer, vrsn=12685000, 0, 3pPkg = null , 3pMdlId = null , pid = 1308). Was: 2 for 1, account#1846457872#
06-15 14:43:11.927 2623 21885 I chromium: [2623:21885:INFO:ssdp_device.c(101)] SSDP packets sent for 31 seconds = 26
06-15 14:43:22.540 700 773 E ActivityThread: Failed to find provider info for com.nvidia.ibeta
06-15 14:43:38.016 700 700 I ActivityManager: Start proc 22842:com.google.android.partnersetup/u0a15 for service com.google.android.partnersetup/.InstalledAppJobService
06-15 14:43:38.046 1308 22851 I AsyncOpDispatcher: 35-GetDeviceDataUploadOptInStatusOperation
06-15 14:43:39.830 2623 3080 I chromium: [2623:3080:INFO:wifi_proximity.cc(209)] Request scan.
06-15 14:43:40.930 700 15026 D WificondControl: Scan result ready event
06-15 14:43:40.937 1321 1321 D BlakeWifiIntentManager: SCAN_RESULTS_AVAILABLE_ACTION
06-15 14:43:40.961 1308 887 W ctxmgr : [AclManager]No 2 for (accnt=account#1846457872#, com.google.android.gms(10010):UserLocationProducer, vrsn=12685000, 0, 3pPkg = null , 3pMdlId = null , pid = 1308). Was: 2 for 1, account#1846457872#
06-15 14:43:40.963 700 700 D PackageManager - AppHiding: OnLocationChanged, Country code : DE
06-15 14:43:44.000 2623 21885 I chromium: [2623:21885:INFO:ssdp_device.c(101)] SSDP packets sent for 32 seconds = 12
06-15 14:44:02.882 2623 2623 I chromium: [2623:2623:INFO:metrics_recorder.cc(89)] Metrics stat: total=0
06-15 14:44:10.829 700 710 D WificondControl: Scan result ready event
06-15 14:44:10.836 1321 1321 D BlakeWifiIntentManager: SCAN_RESULTS_AVAILABLE_ACTION
06-15 14:44:10.849 1308 2451 W ctxmgr : [AclManager]No 2 for (accnt=account#1846457872#, com.google.android.gms(10010):UserLocationProducer, vrsn=12685000, 0, 3pPkg = null , 3pMdlId = null , pid = 1308). Was: 2 for 1, account#1846457872#
06-15 14:44:14.000 2623 21885 I chromium: [2623:21885:INFO:ssdp_device.c(101)] SSDP packets sent for 30 seconds = 21
06-15 14:44:18.903 2623 2623 I chromium: [2623:2623:INFO:metrics_recorder.cc(201)] Record action: Cast.CecHdmiInputState.Active
06-15 14:44:18.903 2623 2623 I chromium: [2623:2623:INFO:metrics_recorder.cc(201)] Record action: Cast.CecStandby.On
06-15 14:44:18.904 2623 3008 E chromium: [2623:3008:ERROR:wifi_frame_histogram_capturer.cc(404)] No histogram or IOCTL data
06-15 14:44:18.905 2623 3008 I chromium: [2623:3008:INFO:wifi_util.cc(136)] Current wifi TDLS peers:
06-15 14:44:18.905 2623 3008 I chromium: [2623:3008:INFO:wifi_util.cc(138)] No peers:
06-15 14:44:38.082 1308 22914 I AsyncOpDispatcher: 35-GetDeviceDataUploadOptInStatusOperation
06-15 14:44:40.936 700 4744 D WificondControl: Scan result ready event
06-15 14:44:40.943 1321 1321 D BlakeWifiIntentManager: SCAN_RESULTS_AVAILABLE_ACTION
06-15 14:44:40.965 1308 2451 W ctxmgr : [AclManager]No 2 for (accnt=account#1846457872#, com.google.android.gms(10010):UserLocationProducer, vrsn=12685000, 0, 3pPkg = null , 3pMdlId = null , pid = 1308). Was: 2 for 1, account#1846457872#
06-15 14:44:40.971 700 700 D PackageManager - AppHiding: OnLocationChanged, Country code : DE
06-15 14:44:43.261 2623 21885 I chromium: [2623:21885:INFO:ssdp_device.c(101)] SSDP packets sent for 30 seconds = 19
06-15 14:45:00.520 20145 20211 I PlayCommon: [1480] com.google.android.play.b.h.e(263): Preparing logs for uploading
06-15 14:45:00.520 20145 20211 I PlayCommon: [1480] com.google.android.play.b.h.e(267): No file ready to send
06-15 14:45:02.884 2623 2623 I chromium: [2623:2623:INFO:metrics_recorder.cc(89)] Metrics stat: total=3
06-15 14:45:02.884 2623 2623 I chromium: AppRunning=1
06-15 14:45:02.884 2623 2623 I chromium: Cast.CecHdmiInputState.Active=1
06-15 14:45:02.884 2623 2623 I chromium: Cast.CecStandby.On=1
06-15 14:45:10.941 700 4737 D WificondControl: Scan result ready event
