06-15 14:46:28.106 11322 11322 D TVNotifService: onTVNotificationPosted StatusBarNotification(pkg=com.google.android.tvrecommendations user=UserHandle{0} id=4321 tag=Notification.NowPlaying key=0|com.google.android.tvrecommendations|4321|Notification.NowPlaying|10087: Notification(channel=now_playing pri=0 contentView=null vibrate=null sound=null defaults=0x0 flags=0x0 color=0x00000000 vis=PRIVATE)) userId: 0
06-15 14:46:28.594 11322 11322 D NowPlayingListener: onPlaybackStateChanged: PlaybackState {state=3, position=1289, buffered position=0, speed=1.0, updated=368210443, actions=-1, custom actions=[], active item id=-1, error=null}
06-15 14:46:28.594 11322 11322 D NowPlayingManager: onClientPlaybackStateUpdate() called with: state = [3], stateChangeTimeMs = [368210443], currentPosMs = [1289]
06-15 14:46:28.594 11322 11322 D NowPlayingManager: onClientPlaybackStateUpdate: Skipped update, state: 3 was unchanged
06-15 14:46:28.595 802 1224 V Avrcp : onPlaybackStateChanged: state PlaybackState {state=3, position=1289, buffered position=0, speed=1.0, updated=368210443, actions=-1, custom actions=[], active item id=-1, error=null}
06-15 14:46:28.598 11322 11322 D NowPlayingManager: onMediaDataUpdated() called with: mediaData = [com.google.android.tvrecommendations.NowPlayingData@9995937]
06-15 14:46:28.607 11322 11322 D TVNotifService: onTVNotificationPosted StatusBarNotification(pkg=com.google.android.tvrecommendations user=UserHandle{0} id=4321 tag=Notification.NowPlaying key=0|com.google.android.tvrecommendations|4321|Notification.NowPlaying|10087: Notification(channel=now_playing pri=0 contentView=null vibrate=null sound=null defaults=0x0 flags=0x0 color=0x00000000 vis=PRIVATE)) userId: 0
06-15 14:46:28.810 426 23059 D NvOsDebugPrintf: ---> NVMEDIA: Video-conferencing detected !!!!!!!!!
06-15 14:46:29.094 802 1224 V Avrcp : MSG_UPDATE_MEDIA
06-15 14:46:29.096 802 1224 V Avrcp : updatePlaybackState (1): -1Ô×í1(PlaybackState {state=3, position=0, buffered position=0, speed=1.0, updated=368210945, actions=-1, custom actions=[], active item id=-1, error=null})
06-15 14:46:29.097 802 1224 V Avrcp : Media update: id -1Ô×í-1? [MediaAttributes: MÔï»2 - by (0 0/0) ]
06-15 14:46:29.097 802 1224 D Avrcp : sendPlayPosNotificationRsp: Not registered or requesting.
06-15 14:46:29.111 11322 11322 D NowPlayingListener: onPlaybackStateChanged: PlaybackState {state=3, position=1864, buffered position=0, speed=1.0, updated=368210960, actions=-1, custom actions=[], active item id=-1, error=null}
06-15 14:46:29.111 802 1224 V Avrcp : onPlaybackStateChanged: state PlaybackState {state=3, position=1864, buffered position=0, speed=1.0, updated=368210960, actions=-1, custom actions=[], active item id=-1, error=null}
06-15 14:46:29.111 11322 11322 D NowPlayingManager: onClientPlaybackStateUpdate() called with: state = [3], stateChangeTimeMs = [368210960], currentPosMs = [1864]
06-15 14:46:29.111 11322 11322 D NowPlayingManager: onClientPlaybackStateUpdate: Skipped update, state: 3 was unchanged
06-15 14:46:29.113 11322 11322 D NowPlayingManager: onMediaDataUpdated() called with: mediaData = [com.google.android.tvrecommendations.NowPlayingData@63ac40d]
06-15 14:46:29.122 11322 11322 D TVNotifService: onTVNotificationPosted StatusBarNotification(pkg=com.google.android.tvrecommendations user=UserHandle{0} id=4321 tag=Notification.NowPlaying key=0|com.google.android.tvrecommendations|4321|Notification.NowPlaying|10087: Notification(channel=now_playing pri=0 contentView=null vibrate=null sound=null defaults=0x0 flags=0x0 color=0x00000000 vis=PRIVATE)) userId: 0
06-15 14:46:29.630 802 1224 V Avrcp : onPlaybackStateChanged: state PlaybackState {state=3, position=2511, buffered position=0, speed=1.0, updated=368211479, actions=-1, custom actions=[], active item id=-1, error=null}
06-15 14:46:29.630 11322 11322 D NowPlayingListener: onPlaybackStateChanged: PlaybackState {state=3, position=2511, buffered position=0, speed=1.0, updated=368211479, actions=-1, custom actions=[], active item id=-1, error=null}
06-15 14:46:29.630 11322 11322 D NowPlayingManager: onClientPlaybackStateUpdate() called with: state = [3], stateChangeTimeMs = [368211479], currentPosMs = [2511]
06-15 14:46:29.630 11322 11322 D NowPlayingManager: onClientPlaybackStateUpdate: Skipped update, state: 3 was unchanged
06-15 14:46:29.632 11322 11322 D NowPlayingManager: onMediaDataUpdated() called with: mediaData = [com.google.android.tvrecommendations.NowPlayingData@62051d3]
06-15 14:46:29.641 11322 11322 D TVNotifService: onTVNotificationPosted StatusBarNotification(pkg=com.google.android.tvrecommendations user=UserHandle{0} id=4321 tag=Notification.NowPlaying key=0|com.google.android.tvrecommendations|4321|Notification.NowPlaying|10087: Notification(channel=now_playing pri=0 contentView=null vibrate=null sound=null defaults=0x0 flags=0x0 color=0x00000000 vis=PRIVATE)) userId: 0
06-15 14:46:30.112 802 1224 V Avrcp : MSG_UPDATE_MEDIA
06-15 14:46:30.114 802 1224 V Avrcp : updatePlaybackState (1): -1Ô×í1(PlaybackState {state=3, position=0, buffered position=0, speed=1.0, updated=368211963, actions=-1, custom actions=[], active item id=-1, error=null})
06-15 14:46:30.114 802 1224 V Avrcp : Media update: id -1Ô×í-1? [MediaAttributes: MÔï»2 - by (0 0/0) ]
06-15 14:46:30.114 802 1224 D Avrcp : sendPlayPosNotificationRsp: Not registered or requesting.
06-15 14:46:30.143 11322 11322 D NowPlayingListener: onPlaybackStateChanged: PlaybackState {state=3, position=3065, buffered position=0, speed=1.0, updated=368211992, actions=-1, custom actions=[], active item id=-1, error=null}
06-15 14:46:30.143 11322 11322 D NowPlayingManager: onClientPlaybackStateUpdate() called with: state = [3], stateChangeTimeMs = [368211992], currentPosMs = [3065]
06-15 14:46:30.143 11322 11322 D NowPlayingManager: onClientPlaybackStateUpdate: Skipped update, state: 3 was unchanged
06-15 14:46:30.143 802 1224 V Avrcp : onPlaybackStateChanged: state PlaybackState {state=3, position=3065, buffered position=0, speed=1.0, updated=368211992, actions=-1, custom actions=[], active item id=-1, error=null}
06-15 14:46:30.146 11322 11322 D NowPlayingManager: onMediaDataUpdated() called with: mediaData = [com.google.android.tvrecommendations.NowPlayingData@5dc9409]
06-15 14:46:30.156 11322 11322 D TVNotifService: onTVNotificationPosted StatusBarNotification(pkg=com.google.android.tvrecommendations user=UserHandle{0} id=4321 tag=Notification.NowPlaying key=0|com.google.android.tvrecommendations|4321|Notification.NowPlaying|10087: Notification(channel=now_playing pri=0 contentView=null vibrate=null sound=null defaults=0x0 flags=0x0 color=0x00000000 vis=PRIVATE)) userId: 0
06-15 14:46:30.210 426 23059 D NvOsDebugPrintf: NVMEDIA: FrameRate(for last 120 frames) = 50.000000, AvgFrameRate = 50.000000
06-15 14:46:30.660 802 1224 V Avrcp : onPlaybackStateChanged: state PlaybackState {state=3, position=3613, buffered position=0, speed=1.0, updated=368212509, actions=-1, custom actions=[], active item id=-1, error=null}
06-15 14:46:30.660 11322 11322 D NowPlayingListener: onPlaybackStateChanged: PlaybackState {state=3, position=3613, buffered position=0, speed=1.0, updated=368212509, actions=-1, custom actions=[], active item id=-1, error=null}
06-15 14:46:30.660 11322 11322 D NowPlayingManager: onClientPlaybackStateUpdate() called with: state = [3], stateChangeTimeMs = [368212509], currentPosMs = [3613]
06-15 14:46:30.660 11322 11322 D NowPlayingManager: onClientPlaybackStateUpdate: Skipped update, state: 3 was unchanged
06-15 14:46:30.662 11322 11322 D NowPlayingManager: onMediaDataUpdated() called with: mediaData = [com.google.android.tvrecommendations.NowPlayingData@c14382f]
06-15 14:46:30.674 11322 11322 D TVNotifService: onTVNotificationPosted StatusBarNotification(pkg=com.google.android.tvrecommendations user=UserHandle{0} id=4321 tag=Notification.NowPlaying key=0|com.google.android.tvrecommendations|4321|Notification.NowPlaying|10087: Notification(channel=now_playing pri=0 contentView=null vibrate=null sound=null defaults=0x0 flags=0x0 color=0x00000000 vis=PRIVATE)) userId: 0
06-15 14:46:31.144 802 1224 V Avrcp : MSG_UPDATE_MEDIA
06-15 14:46:31.144 802 1224 V Avrcp : updatePlaybackState (1): -1Ô×í1(PlaybackState {state=3, position=0, buffered position=0, speed=1.0, updated=368212994, actions=-1, custom actions=[], active item id=-1, error=null})
06-15 14:46:31.145 802 1224 V Avrcp : Media update: id -1Ô×í-1? [MediaAttributes: MÔï»2 - by (0 0/0) ]
06-15 14:46:31.145 802 1224 D Avrcp : sendPlayPosNotificationRsp: Not registered or requesting.
06-15 14:46:31.177 802 1224 V Avrcp : onPlaybackStateChanged: state PlaybackState {state=3, position=3895, buffered position=0, speed=1.0, updated=368213025, actions=-1, custom actions=[], active item id=-1, error=null}
06-15 14:46:31.177 11322 11322 D NowPlayingListener: onPlaybackStateChanged: PlaybackState {state=3, position=3895, buffered position=0, speed=1.0, updated=368213025, actions=-1, custom actions=[], active item id=-1, error=null}
06-15 14:46:31.177 11322 11322 D NowPlayingManager: onClientPlaybackStateUpdate() called with: state = [3], stateChangeTimeMs = [368213025], currentPosMs = [3895]
06-15 14:46:31.177 11322 11322 D NowPlayingManager: onClientPlaybackStateUpdate: Skipped update, state: 3 was unchanged
06-15 14:46:31.180 11322 11322 D NowPlayingManager: onMediaDataUpdated() called with: mediaData = [com.google.android.tvrecommendations.NowPlayingData@db167c5]
06-15 14:46:31.189 11322 11322 D TVNotifService: onTVNotificationPosted StatusBarNotification(pkg=com.google.android.tvrecommendations user=UserHandle{0} id=4321 tag=Notification.NowPlaying key=0|com.google.android.tvrecommendations|4321|Notification.NowPlaying|10087: Notification(channel=now_playing pri=0 contentView=null vibrate=null sound=null defaults=0x0 flags=0x0 color=0x00000000 vis=PRIVATE)) userId: 0
06-15 14:46:31.693 802 1224 V Avrcp : onPlaybackStateChanged: state PlaybackState {state=3, position=4452, buffered position=0, speed=1.0, updated=368213542, actions=-1, custom actions=[], active item id=-1, error=null}
06-15 14:46:31.694 11322 11322 D NowPlayingListener: onPlaybackStateChanged: PlaybackState {state=3, position=4452, buffered position=0, speed=1.0, updated=368213542, actions=-1, custom actions=[], active item id=-1, error=null}
06-15 14:46:31.694 11322 11322 D NowPlayingManager: onClientPlaybackStateUpdate() called with: state = [3], stateChangeTimeMs = [368213542], currentPosMs = [4452]
06-15 14:46:31.694 11322 11322 D NowPlayingManager: onClientPlaybackStateUpdate: Skipped update, state: 3 was unchanged
06-15 14:46:31.697 11322 11322 D NowPlayingManager: onMediaDataUpdated() called with: mediaData = [com.google.android.tvrecommendations.NowPlayingData@eb6284b]
06-15 14:46:31.705 11322 11322 D TVNotifService: onTVNotificationPosted StatusBarNotification(pkg=com.google.android.tvrecommendations user=UserHandle{0} id=4321 tag=Notification.NowPlaying key=0|com.google.android.tvrecommendations|4321|Notification.NowPlaying|10087: Notification(channel=now_playing pri=0 contentView=null vibrate=null sound=null defaults=0x0 flags=0x0 color=0x00000000 vis=PRIVATE)) userId: 0
06-15 14:46:32.177 802 1224 V Avrcp : MSG_UPDATE_MEDIA
06-15 14:46:32.177 802 1224 V Avrcp : updatePlaybackState (1): -1Ô×í1(PlaybackState {state=3, position=0, buffered position=0, speed=1.0, updated=368214027, actions=-1, custom actions=[], active item id=-1, error=null})
06-15 14:46:32.178 802 1224 V Avrcp : Media update: id -1Ô×í-1? [MediaAttributes: MÔï»2 - by (0 0/0) ]
06-15 14:46:32.178 802 1224 D Avrcp : sendPlayPosNotificationRsp: Not registered or requesting.
06-15 14:46:32.210 802 1224 V Avrcp : onPlaybackStateChanged: state PlaybackState {state=3, position=5015, buffered position=0, speed=1.0, updated=368214059, actions=-1, custom actions=[], active item id=-1, error=null}
06-15 14:46:32.210 11322 11322 D NowPlayingListener: onPlaybackStateChanged: PlaybackState {state=3, position=5015, buffered position=0, speed=1.0, updated=368214059, actions=-1, custom actions=[], active item id=-1, error=null}
06-15 14:46:32.210 11322 11322 D NowPlayingManager: onClientPlaybackStateUpdate() called with: state = [3], stateChangeTimeMs = [368214059], currentPosMs = [5015]
06-15 14:46:32.210 11322 11322 D NowPlayingManager: onClientPlaybackStateUpdate: Skipped update, state: 3 was unchanged
06-15 14:46:32.213 11322 11322 D NowPlayingManager: onMediaDataUpdated() called with: mediaData = [com.google.android.tvrecommendations.NowPlayingData@645bb41]
06-15 14:46:32.222 11322 11322 D TVNotifService: onTVNotificationPosted StatusBarNotification(pkg=com.google.android.tvrecommendations user=UserHandle{0} id=4321 tag=Notification.NowPlaying key=0|com.google.android.tvrecommendations|4321|Notification.NowPlaying|10087: Notification(channel=now_playing pri=0 contentView=null vibrate=null sound=null defaults=0x0 flags=0x0 color=0x00000000 vis=PRIVATE)) userId: 0
06-15 14:46:32.611 426 23059 D NvOsDebugPrintf: NVMEDIA: FrameRate(for last 120 frames) = 50.000000, AvgFrameRate = 50.000000
06-15 14:46:32.726 11322 11322 D NowPlayingListener: onPlaybackStateChanged: PlaybackState {state=3, position=5621, buffered position=0, speed=1.0, updated=368214575, actions=-1, custom actions=[], active item id=-1, error=null}
06-15 14:46:32.726 802 1224 V Avrcp : onPlaybackStateChanged: state PlaybackState {state=3, position=5621, buffered position=0, speed=1.0, updated=368214575, actions=-1, custom actions=[], active item id=-1, error=null}
06-15 14:46:32.726 11322 11322 D NowPlayingManager: onClientPlaybackStateUpdate() called with: state = [3], stateChangeTimeMs = [368214575], currentPosMs = [5621]
06-15 14:46:32.726 11322 11322 D NowPlayingManager: onClientPlaybackStateUpdate: Skipped update, state: 3 was unchanged
06-15 14:46:32.728 11322 11322 D NowPlayingManager: onMediaDataUpdated() called with: mediaData = [com.google.android.tvrecommendations.NowPlayingData@a3cfe27]
06-15 14:46:32.737 11322 11322 D TVNotifService: onTVNotificationPosted StatusBarNotification(pkg=com.google.android.tvrecommendations user=UserHandle{0} id=4321 tag=Notification.NowPlaying key=0|com.google.android.tvrecommendations|4321|Notification.NowPlaying|10087: Notification(channel=now_playing pri=0 contentView=null vibrate=null sound=null defaults=0x0 flags=0x0 color=0x00000000 vis=PRIVATE)) userId: 0
06-15 14:46:33.210 802 1224 V Avrcp : MSG_UPDATE_MEDIA
06-15 14:46:33.210 802 1224 V Avrcp : updatePlaybackState (1): -1Ô×í1(PlaybackState {state=3, position=0, buffered position=0, speed=1.0, updated=368215060, actions=-1, custom actions=[], active item id=-1, error=null})
06-15 14:46:33.211 802 1224 V Avrcp : Media update: id -1Ô×í-1? [MediaAttributes: MÔï»2 - by (0 0/0) ]
06-15 14:46:33.211 802 1224 D Avrcp : sendPlayPosNotificationRsp: Not registered or requesting.
06-15 14:46:33.227 802 1224 V Avrcp : onPlaybackStateChanged: state PlaybackState {state=3, position=5948, buffered position=0, speed=1.0, updated=368215075, actions=-1, custom actions=[], active item id=-1, error=null}
06-15 14:46:33.227 11322 11322 D NowPlayingListener: onPlaybackStateChanged: PlaybackState {state=3, position=5948, buffered position=0, speed=1.0, updated=368215075, actions=-1, custom actions=[], active item id=-1, error=null}
06-15 14:46:33.227 11322 11322 D NowPlayingManager: onClientPlaybackStateUpdate() called with: state = [3], stateChangeTimeMs = [368215075], currentPosMs = [5948]
06-15 14:46:33.227 11322 11322 D NowPlayingManager: onClientPlaybackStateUpdate: Skipped update, state: 3 was unchanged
06-15 14:46:33.230 11322 11322 D NowPlayingManager: onMediaDataUpdated() called with: mediaData = [com.google.android.tvrecommendations.NowPlayingData@a71ca7d]
06-15 14:46:33.238 11322 11322 D TVNotifService: onTVNotificationPosted StatusBarNotification(pkg=com.google.android.tvrecommendations user=UserHandle{0} id=4321 tag=Notification.NowPlaying key=0|com.google.android.tvrecommendations|4321|Notification.NowPlaying|10087: Notification(channel=now_playing pri=0 contentView=null vibrate=null sound=null defaults=0x0 flags=0x0 color=0x00000000 vis=PRIVATE)) userId: 0
06-15 14:46:33.743 802 1224 V Avrcp : onPlaybackStateChanged: state PlaybackState {state=3, position=6571, buffered position=0, speed=1.0, updated=368215592, actions=-1, custom actions=[], active item id=-1, error=null}
06-15 14:46:33.743 11322 11322 D NowPlayingListener: onPlaybackStateChanged: PlaybackState {state=3, position=6571, buffered position=0, speed=1.0, updated=368215592, actions=-1, custom actions=[], active item id=-1, error=null}
06-15 14:46:33.743 11322 11322 D NowPlayingManager: onClientPlaybackStateUpdate() called with: state = [3], stateChangeTimeMs = [368215592], currentPosMs = [6571]
06-15 14:46:33.743 11322 11322 D NowPlayingManager: onClientPlaybackStateUpdate: Skipped update, state: 3 was unchanged
06-15 14:46:33.746 11322 11322 D NowPlayingManager: onMediaDataUpdated() called with: mediaData = [com.google.android.tvrecommendations.NowPlayingData@d7155c3]
06-15 14:46:33.754 11322 11322 D TVNotifService: onTVNotificationPosted StatusBarNotification(pkg=com.google.android.tvrecommendations user=UserHandle{0} id=4321 tag=Notification.NowPlaying key=0|com.google.android.tvrecommendations|4321|Notification.NowPlaying|10087: Notification(channel=now_playing pri=0 contentView=null vibrate=null sound=null defaults=0x0 flags=0x0 color=0x00000000 vis=PRIVATE)) userId: 0
06-15 14:46:34.229 802 1224 V Avrcp : MSG_UPDATE_MEDIA
06-15 14:46:34.229 802 1224 V Avrcp : updatePlaybackState (1): -1Ô×í1(PlaybackState {state=3, position=0, buffered position=0, speed=1.0, updated=368216078, actions=-1, custom actions=[], active item id=-1, error=null})
06-15 14:46:34.230 802 1224 V Avrcp : Media update: id -1Ô×í-1? [MediaAttributes: MÔï»2 - by (0 0/0) ]
06-15 14:46:34.230 802 1224 D Avrcp : sendPlayPosNotificationRsp: Not registered or requesting.
06-15 14:46:34.260 802 1224 V Avrcp : onPlaybackStateChanged: state PlaybackState {state=3, position=7171, buffered position=0, speed=1.0, updated=368216109, actions=-1, custom actions=[], active item id=-1, error=null}
06-15 14:46:34.260 11322 11322 D NowPlayingListener: onPlaybackStateChanged: PlaybackState {state=3, position=7171, buffered position=0, speed=1.0, updated=368216109, actions=-1, custom actions=[], active item id=-1, error=null}
06-15 14:46:34.260 11322 11322 D NowPlayingManager: onClientPlaybackStateUpdate() called with: state = [3], stateChangeTimeMs = [368216109], currentPosMs = [7171]
06-15 14:46:34.260 11322 11322 D NowPlayingManager: onClientPlaybackStateUpdate: Skipped update, state: 3 was unchanged
06-15 14:46:34.262 11322 11322 D NowPlayingManager: onMediaDataUpdated() called with: mediaData = [com.google.android.tvrecommendations.NowPlayingData@559179]
06-15 14:46:34.268 11322 11322 D TVNotifService: onTVNotificationPosted StatusBarNotification(pkg=com.google.android.tvrecommendations user=UserHandle{0} id=4321 tag=Notification.NowPlaying key=0|com.google.android.tvrecommendations|4321|Notification.NowPlaying|10087: Notification(channel=now_playing pri=0 contentView=null vibrate=null sound=null defaults=0x0 flags=0x0 color=0x00000000 vis=PRIVATE)) userId: 0
06-15 14:46:34.778 11322 11322 D NowPlayingListener: onPlaybackStateChanged: PlaybackState {state=3, position=7466, buffered position=0, speed=1.0, updated=368216625, actions=-1, custom actions=[], active item id=-1, error=null}
06-15 14:46:34.778 11322 11322 D NowPlayingManager: onClientPlaybackStateUpdate() called with: state = [3], stateChangeTimeMs = [368216625], currentPosMs = [7466]
06-15 14:46:34.778 11322 11322 D NowPlayingManager: onClientPlaybackStateUpdate: Skipped update, state: 3 was unchanged
06-15 14:46:34.779 802 1224 V Avrcp : onPlaybackStateChanged: state PlaybackState {state=3, position=7466, buffered position=0, speed=1.0, updated=368216625, actions=-1, custom actions=[], active item id=-1, error=null}
06-15 14:46:34.781 11322 11322 D NowPlayingManager: onMediaDataUpdated() called with: mediaData = [com.google.android.tvrecommendations.NowPlayingData@1098b1f]
06-15 14:46:34.789 11322 11322 D TVNotifService: onTVNotificationPosted StatusBarNotification(pkg=com.google.android.tvrecommendations user=UserHandle{0} id=4321 tag=Notification.NowPlaying key=0|com.google.android.tvrecommendations|4321|Notification.NowPlaying|10087: Notification(channel=now_playing pri=0 contentView=null vibrate=null sound=null defaults=0x0 flags=0x0 color=0x00000000 vis=PRIVATE)) userId: 0
06-15 14:46:35.010 426 23059 D NvOsDebugPrintf: NVMEDIA: FrameRate(for last 120 frames) = 50.000000, AvgFrameRate = 50.000000
06-15 14:46:35.260 802 1224 V Avrcp : MSG_UPDATE_MEDIA
06-15 14:46:35.260 802 1224 V Avrcp : updatePlaybackState (1): -1Ô×í1(PlaybackState {state=3, position=0, buffered position=0, speed=1.0, updated=368217110, actions=-1, custom actions=[], active item id=-1, error=null})
06-15 14:46:35.261 802 1224 V Avrcp : Media update: id -1Ô×í-1? [MediaAttributes: MÔï»2 - by (0 0/0) ]
06-15 14:46:35.261 802 1224 D Avrcp : sendPlayPosNotificationRsp: Not registered or requesting.
06-15 14:46:35.277 802 1224 V Avrcp : onPlaybackStateChanged: state PlaybackState {state=3, position=8062, buffered position=0, speed=1.0, updated=368217125, actions=-1, custom actions=[], active item id=-1, error=null}
06-15 14:46:35.277 11322 11322 D NowPlayingListener: onPlaybackStateChanged: PlaybackState {state=3, position=8062, buffered position=0, speed=1.0, updated=368217125, actions=-1, custom actions=[], active item id=-1, error=null}
06-15 14:46:35.277 11322 11322 D NowPlayingManager: onClientPlaybackStateUpdate() called with: state = [3], stateChangeTimeMs = [368217125], currentPosMs = [8062]
06-15 14:46:35.277 11322 11322 D NowPlayingManager: onClientPlaybackStateUpdate: Skipped update, state: 3 was unchanged
06-15 14:46:35.280 11322 11322 D NowPlayingManager: onMediaDataUpdated() called with: mediaData = [com.google.android.tvrecommendations.NowPlayingData@614cc35]
06-15 14:46:35.288 11322 11322 D TVNotifService: onTVNotificationPosted StatusBarNotification(pkg=com.google.android.tvrecommendations user=UserHandle{0} id=4321 tag=Notification.NowPlaying key=0|com.google.android.tvrecommendations|4321|Notification.NowPlaying|10087: Notification(channel=now_playing pri=0 contentView=null vibrate=null sound=null defaults=0x0 flags=0x0 color=0x00000000 vis=PRIVATE)) userId: 0
06-15 14:46:35.563 700 761 D WindowManager: handleComboKeys keyCode: 92, keyAction: 0
06-15 14:46:35.564 22018 22038 V Kodi : process_input: Failure reading next input event: Try again
06-15 14:46:35.565 22018 22038 V Kodi : CAndroidKey: key down (dev:3; src:769; code: 92; repeat: 0; flags: 0x8; alt: no; shift: no; sym: no)
06-15 14:46:35.600 802 1224 V Avrcp : onMetadataChanged
06-15 14:46:35.601 11322 11322 D NowPlayingManager: onMediaDataUpdated() called with: mediaData = [com.google.android.tvrecommendations.NowPlayingData@8c5ba3b]
06-15 14:46:35.609 11322 11322 D TVNotifService: onTVNotificationPosted StatusBarNotification(pkg=com.google.android.tvrecommendations user=UserHandle{0} id=4321 tag=Notification.NowPlaying key=0|com.google.android.tvrecommendations|4321|Notification.NowPlaying|10087: Notification(channel=now_playing pri=0 contentView=null vibrate=null sound=null defaults=0x0 flags=0x0 color=0x00000000 vis=PRIVATE)) userId: 0
06-15 14:46:35.641 11322 11322 D NowPlayingListener: onPlaybackStateChanged: PlaybackState {state=3, position=8371, buffered position=0, speed=1.0, updated=368217489, actions=-1, custom actions=[], active item id=-1, error=null}
06-15 14:46:35.641 802 1224 V Avrcp : onPlaybackStateChanged: state PlaybackState {state=3, position=8371, buffered position=0, speed=1.0, updated=368217489, actions=-1, custom actions=[], active item id=-1, error=null}
06-15 14:46:35.641 11322 11322 D NowPlayingManager: onClientPlaybackStateUpdate() called with: state = [3], stateChangeTimeMs = [368217489], currentPosMs = [8371]
06-15 14:46:35.641 11322 11322 D NowPlayingManager: onClientPlaybackStateUpdate: Skipped update, state: 3 was unchanged
06-15 14:46:35.641 22018 22043 W AudioManager: Use of stream types is deprecated for operations other than volume control
06-15 14:46:35.641 22018 22043 W AudioManager: See the documentation of requestAudioFocus() for what to use instead with android.media.AudioAttributes to qualify your playback use case
06-15 14:46:35.642 700 4735 I MediaFocusControl: AudioFocus requestAudioFocus() from uid/pid 10103/22018 clientId=android.media.AudioManager@256ac0eorg.xbmc.kodinerds.interfaces.XBMCAudioManagerOnAudioFocusChangeListener@827b62f req=1 flags=0x0
06-15 14:46:35.643 11322 11322 D NowPlayingManager: onMediaDataUpdated() called with: mediaData = [com.google.android.tvrecommendations.NowPlayingData@e52f6b1]
06-15 14:46:35.655 11322 11322 D TVNotifService: onTVNotificationPosted StatusBarNotification(pkg=com.google.android.tvrecommendations user=UserHandle{0} id=4321 tag=Notification.NowPlaying key=0|com.google.android.tvrecommendations|4321|Notification.NowPlaying|10087: Notification(channel=now_playing pri=0 contentView=null vibrate=null sound=null defaults=0x0 flags=0x0 color=0x00000000 vis=PRIVATE)) userId: 0
06-15 14:46:35.722 700 761 D WindowManager: handleComboKeys keyCode: 92, keyAction: 1
06-15 14:46:35.723 22018 22038 V Kodi : process_input: Failure reading next input event: Try again
06-15 14:46:35.723 22018 22038 V Kodi : CAndroidKey: key up (dev:3; src:769; code: 92; repeat: 0; flags: 0x8; alt: no; shift: no; sym: no)
06-15 14:46:35.769 802 1224 V Avrcp : onMetadataChanged
06-15 14:46:35.769 802 1224 V Avrcp : onPlaybackStateChanged: state PlaybackState {state=3, position=0, buffered position=0, speed=1.0, updated=368217618, actions=-1, custom actions=[], active item id=-1, error=null}
06-15 14:46:35.770 22018 22043 W AudioManager: Use of stream types is deprecated for operations other than volume control
06-15 14:46:35.770 22018 22043 W AudioManager: See the documentation of requestAudioFocus() for what to use instead with android.media.AudioAttributes to qualify your playback use case
06-15 14:46:35.770 700 957 I MediaFocusControl: AudioFocus requestAudioFocus() from uid/pid 10103/22018 clientId=android.media.AudioManager@256ac0eorg.xbmc.kodinerds.interfaces.XBMCAudioManagerOnAudioFocusChangeListener@827b62f req=1 flags=0x0
06-15 14:46:35.771 11322 11322 D NowPlayingManager: onMediaDataUpdated() called with: mediaData = [com.google.android.tvrecommendations.NowPlayingData@a4bbf17]
06-15 14:46:35.774 11322 11322 D NowPlayingListener: onPlaybackStateChanged: PlaybackState {state=3, position=0, buffered position=0, speed=1.0, updated=368217618, actions=-1, custom actions=[], active item id=-1, error=null}
06-15 14:46:35.774 11322 11322 D NowPlayingManager: onClientPlaybackStateUpdate() called with: state = [3], stateChangeTimeMs = [368217618], currentPosMs = [0]
06-15 14:46:35.774 11322 11322 D NowPlayingManager: onClientPlaybackStateUpdate: Skipped update, state: 3 was unchanged
06-15 14:46:35.779 802 1224 V Avrcp : onPlaybackStateChanged: state PlaybackState {state=3, position=0, buffered position=0, speed=1.0, updated=368217627, actions=-1, custom actions=[], active item id=-1, error=null}
06-15 14:46:35.779 11322 11322 D NowPlayingManager: onMediaDataUpdated() called with: mediaData = [com.google.android.tvrecommendations.NowPlayingData@86f4ced]
06-15 14:46:35.786 11322 11322 D TVNotifService: onTVNotificationPosted StatusBarNotification(pkg=com.google.android.tvrecommendations user=UserHandle{0} id=4321 tag=Notification.NowPlaying key=0|com.google.android.tvrecommendations|4321|Notification.NowPlaying|10087: Notification(channel=now_playing pri=0 contentView=null vibrate=null sound=null defaults=0x0 flags=0x0 color=0x00000000 vis=PRIVATE)) userId: 0
06-15 14:46:35.786 11322 11322 D NowPlayingListener: onPlaybackStateChanged: PlaybackState {state=3, position=0, buffered position=0, speed=1.0, updated=368217627, actions=-1, custom actions=[], active item id=-1, error=null}
06-15 14:46:35.786 11322 11322 D NowPlayingManager: onClientPlaybackStateUpdate() called with: state = [3], stateChangeTimeMs = [368217627], currentPosMs = [0]
06-15 14:46:35.786 11322 11322 D NowPlayingManager: onClientPlaybackStateUpdate: Skipped update, state: 3 was unchanged
06-15 14:46:35.788 11322 11322 D NowPlayingManager: onMediaDataUpdated() called with: mediaData = [com.google.android.tvrecommendations.NowPlayingData@5c335b3]
06-15 14:46:35.792 11322 11322 D TVNotifService: onTVNotificationPosted StatusBarNotification(pkg=com.google.android.tvrecommendations user=UserHandle{0} id=4321 tag=Notification.NowPlaying key=0|com.google.android.tvrecommendations|4321|Notification.NowPlaying|10087: Notification(channel=now_playing pri=0 contentView=null vibrate=null sound=null defaults=0x0 flags=0x0 color=0x00000000 vis=PRIVATE)) userId: 0
06-15 14:46:35.795 11322 11322 D TVNotifService: onTVNotificationPosted StatusBarNotification(pkg=com.google.android.tvrecommendations user=UserHandle{0} id=4321 tag=Notification.NowPlaying key=0|com.google.android.tvrecommendations|4321|Notification.NowPlaying|10087: Notification(channel=now_playing pri=0 contentView=null vibrate=null sound=null defaults=0x0 flags=0x0 color=0x00000000 vis=PRIVATE)) userId: 0
06-15 14:46:36.278 802 1224 V Avrcp : MSG_UPDATE_MEDIA
06-15 14:46:36.279 802 1224 V Avrcp : updatePlaybackState (1): -1Ô×í1(PlaybackState {state=3, position=0, buffered position=0, speed=1.0, updated=368218128, actions=-1, custom actions=[], active item id=-1, error=null})
06-15 14:46:36.279 11322 11322 D NowPlayingListener: onPlaybackStateChanged: PlaybackState {state=3, position=8803, buffered position=0, speed=1.0, updated=368218128, actions=-1, custom actions=[], active item id=-1, error=null}
06-15 14:46:36.279 11322 11322 D NowPlayingManager: onClientPlaybackStateUpdate() called with: state = [3], stateChangeTimeMs = [368218128], currentPosMs = [8803]
06-15 14:46:36.279 11322 11322 D NowPlayingManager: onClientPlaybackStateUpdate: Skipped update, state: 3 was unchanged
06-15 14:46:36.280 802 1224 V Avrcp : Media update: id -1Ô×í-1? [MediaAttributes: ZÔï»n - by (0 0/0) ]
06-15 14:46:36.280 802 1224 D Avrcp : sendTrackChangedRsp: Not registered or registering.
06-15 14:46:36.280 802 1224 D Avrcp : sendPlayPosNotificationRsp: Not registered or requesting.
06-15 14:46:36.280 802 1224 V Avrcp : onPlaybackStateChanged: state PlaybackState {state=3, position=8803, buffered position=0, speed=1.0, updated=368218128, actions=-1, custom actions=[], active item id=-1, error=null}
06-15 14:46:36.282 11322 11322 D NowPlayingManager: onMediaDataUpdated() called with: mediaData = [com.google.android.tvrecommendations.NowPlayingData@80cae9]
06-15 14:46:36.290 11322 11322 D TVNotifService: onTVNotificationPosted StatusBarNotification(pkg=com.google.android.tvrecommendations user=UserHandle{0} id=4321 tag=Notification.NowPlaying key=0|com.google.android.tvrecommendations|4321|Notification.NowPlaying|10087: Notification(channel=now_playing pri=0 contentView=null vibrate=null sound=null defaults=0x0 flags=0x0 color=0x00000000 vis=PRIVATE)) userId: 0
06-15 14:46:36.794 802 1224 V Avrcp : onPlaybackStateChanged: state PlaybackState {state=3, position=8803, buffered position=0, speed=1.0, updated=368218643, actions=-1, custom actions=[], active item id=-1, error=null}
06-15 14:46:36.794 11322 11322 D NowPlayingListener: onPlaybackStateChanged: PlaybackState {state=3, position=8803, buffered position=0, speed=1.0, updated=368218643, actions=-1, custom actions=[], active item id=-1, error=null}
06-15 14:46:36.794 11322 11322 D NowPlayingManager: onClientPlaybackStateUpdate() called with: state = [3], stateChangeTimeMs = [368218643], currentPosMs = [8803]
06-15 14:46:36.794 11322 11322 D NowPlayingManager: onClientPlaybackStateUpdate: Skipped update, state: 3 was unchanged
06-15 14:46:36.796 11322 11322 D NowPlayingManager: onMediaDataUpdated() called with: mediaData = [com.google.android.tvrecommendations.NowPlayingData@c317a0f]
06-15 14:46:36.804 11322 11322 D TVNotifService: onTVNotificationPosted StatusBarNotification(pkg=com.google.android.tvrecommendations user=UserHandle{0} id=4321 tag=Notification.NowPlaying key=0|com.google.android.tvrecommendations|4321|Notification.NowPlaying|10087: Notification(channel=now_playing pri=0 contentView=null vibrate=null sound=null defaults=0x0 flags=0x0 color=0x00000000 vis=PRIVATE)) userId: 0
06-15 14:46:37.280 802 1224 V Avrcp : MSG_UPDATE_MEDIA
06-15 14:46:37.281 802 1224 V Avrcp : updatePlaybackState (1): -1Ô×í1(PlaybackState {state=3, position=0, buffered position=0, speed=1.0, updated=368219130, actions=-1, custom actions=[], active item id=-1, error=null})
06-15 14:46:37.281 802 1224 V Avrcp : Media update: id -1Ô×í-1? [MediaAttributes: ZÔï»n - by (0 0/0) ]
06-15 14:46:37.281 802 1224 D Avrcp : sendPlayPosNotificationRsp: Not registered or requesting.
06-15 14:46:37.309 802 1224 V Avrcp : onPlaybackStateChanged: state PlaybackState {state=3, position=8803, buffered position=0, speed=1.0, updated=368219158, actions=-1, custom actions=[], active item id=-1, error=null}
06-15 14:46:37.309 11322 11322 D NowPlayingListener: onPlaybackStateChanged: PlaybackState {state=3, position=8803, buffered position=0, speed=1.0, updated=368219158, actions=-1, custom actions=[], active item id=-1, error=null}
06-15 14:46:37.309 11322 11322 D NowPlayingManager: onClientPlaybackStateUpdate() called with: state = [3], stateChangeTimeMs = [368219158], currentPosMs = [8803]
06-15 14:46:37.309 11322 11322 D NowPlayingManager: onClientPlaybackStateUpdate: Skipped update, state: 3 was unchanged
06-15 14:46:37.311 11322 11322 D NowPlayingManager: onMediaDataUpdated() called with: mediaData = [com.google.android.tvrecommendations.NowPlayingData@3122ca5]
06-15 14:46:37.319 11322 11322 D TVNotifService: onTVNotificationPosted StatusBarNotification(pkg=com.google.android.tvrecommendations user=UserHandle{0} id=4321 tag=Notification.NowPlaying key=0|com.google.android.tvrecommendations|4321|Notification.NowPlaying|10087: Notification(channel=now_playing pri=0 contentView=null vibrate=null sound=null defaults=0x0 flags=0x0 color=0x00000000 vis=PRIVATE)) userId: 0
06-15 14:46:37.704 426 23061 D NvOsDebugPrintf: NVMEDIA: NVMEDIAFrameStatusReporting: 1807: Closing NVMEDIA Frame Status Thread -------------
06-15 14:46:37.704 426 23062 D NvOsDebugPrintf: NVMEDIA: NVMEDIAVPRFloorSizeSettingThread: 1628: Closing NVMEDIAVPRFloorSizeSettingThread -------------
06-15 14:46:37.705 426 23060 D NvOsDebugPrintf: NVMEDIA: NVMEDIAFrameDelivery: 1662: Closing NVMEDIA Frame Delivery Thread -------------
06-15 14:46:37.709 426 23057 D NvOsDebugPrintf: NVMEDIA: NvMMLiteTVMRDecBlockClose: 3345: Done
06-15 14:46:37.714 22018 23055 D SurfaceUtils: disconnecting from surface 0x2816a1d010, reason disconnectFromSurface
06-15 14:46:37.738 22018 22018 D XBMCVideoPlayView: Destroyed
06-15 14:46:37.738 371 441 E SurfaceFlinger: Failed to find layer (SurfaceView - org.xbmc.kodinerds/org.xbmc.kodinerds.Main#1) in layer parent (no-parent).
06-15 14:46:37.739 371 1130 E SurfaceFlinger: Failed to find layer (Background for - SurfaceView - org.xbmc.kodinerds/org.xbmc.kodinerds.Main#1) in layer parent (no-parent).
06-15 14:46:37.821 11322 11322 D NowPlayingListener: onPlaybackStateChanged: PlaybackState {state=3, position=0, buffered position=0, speed=1.0, updated=368219670, actions=-1, custom actions=[], active item id=-1, error=null}
06-15 14:46:37.821 11322 11322 D NowPlayingManager: onClientPlaybackStateUpdate() called with: state = [3], stateChangeTimeMs = [368219670], currentPosMs = [0]
06-15 14:46:37.821 11322 11322 D NowPlayingManager: onClientPlaybackStateUpdate: Skipped update, state: 3 was unchanged
06-15 14:46:37.821 802 1224 V Avrcp : onPlaybackStateChanged: state PlaybackState {state=3, position=0, buffered position=0, speed=1.0, updated=368219670, actions=-1, custom actions=[], active item id=-1, error=null}
06-15 14:46:37.823 11322 11322 D NowPlayingManager: onMediaDataUpdated() called with: mediaData = [com.google.android.tvrecommendations.NowPlayingData@f95a82b]
06-15 14:46:37.830 11322 11322 D TVNotifService: onTVNotificationPosted StatusBarNotification(pkg=com.google.android.tvrecommendations user=UserHandle{0} id=4321 tag=Notification.NowPlaying key=0|com.google.android.tvrecommendations|4321|Notification.NowPlaying|10087: Notification(channel=now_playing pri=0 contentView=null vibrate=null sound=null defaults=0x0 flags=0x0 color=0x00000000 vis=PRIVATE)) userId: 0
06-15 14:46:38.310 802 1224 V Avrcp : MSG_UPDATE_MEDIA
06-15 14:46:38.310 802 1224 V Avrcp : updatePlaybackState (1): -1Ô×í1(PlaybackState {state=3, position=0, buffered position=0, speed=1.0, updated=368220160, actions=-1, custom actions=[], active item id=-1, error=null})
06-15 14:46:38.311 802 1224 V Avrcp : Media update: id -1Ô×í-1? [MediaAttributes: ZÔï»n - by (0 0/0) ]
06-15 14:46:38.311 802 1224 D Avrcp : sendPlayPosNotificationRsp: Not registered or requesting.
06-15 14:46:38.331 802 1224 V Avrcp : onPlaybackStateChanged: state PlaybackState {state=3, position=672, buffered position=0, speed=1.0, updated=368220179, actions=-1, custom actions=[], active item id=-1, error=null}
06-15 14:46:38.331 11322 11322 D NowPlayingManager: onClientPlaybackStateUpdate() called with: state = [3], stateChangeTimeMs = [368220179], currentPosMs = [672]
06-15 14:46:38.331 11322 11322 D NowPlayingManager: onClientPlaybackStateUpdate: Skipped update, state: 3 was unchanged
06-15 14:46:38.333 11322 11322 D NowPlayingManager: onMediaDataUpdated() called with: mediaData = [com.google.android.tvrecommendations.NowPlayingData@9dee21]
06-15 14:46:38.342 11322 11322 D TVNotifService: onTVNotificationPosted StatusBarNotification(pkg=com.google.android.tvrecommendations user=UserHandle{0} id=4321 tag=Notification.NowPlaying key=0|com.google.android.tvrecommendations|4321|Notification.NowPlaying|10087: Notification(channel=now_playing pri=0 contentView=null vibrate=null sound=null defaults=0x0 flags=0x0 color=0x00000000 vis=PRIVATE)) userId: 0
06-15 14:46:38.835 802 1224 V Avrcp : onPlaybackStateChanged: state PlaybackState {state=3, position=1177, buffered position=0, speed=1.0, updated=368220684, actions=-1, custom actions=[], active item id=-1, error=null}
06-15 14:46:38.835 11322 11322 D NowPlayingListener: onPlaybackStateChanged: PlaybackState {state=3, position=1177, buffered position=0, speed=1.0, updated=368220684, actions=-1, custom actions=[], active item id=-1, error=null}
06-15 14:46:38.835 11322 11322 D NowPlayingManager: onClientPlaybackStateUpdate() called with: state = [3], stateChangeTimeMs = [368220684], currentPosMs = [1177]
06-15 14:46:38.835 11322 11322 D NowPlayingManager: onClientPlaybackStateUpdate: Skipped update, state: 3 was unchanged
06-15 14:46:38.838 11322 11322 D NowPlayingManager: onMediaDataUpdated() called with: mediaData = [com.google.android.tvrecommendations.NowPlayingData@8c49c07]
06-15 14:46:38.848 11322 11322 D TVNotifService: onTVNotificationPosted StatusBarNotification(pkg=com.google.android.tvrecommendations user=UserHandle{0} id=4321 tag=Notification.NowPlaying key=0|com.google.android.tvrecommendations|4321|Notification.NowPlaying|10087: Notification(channel=now_playing pri=0 contentView=null vibrate=null sound=null defaults=0x0 flags=0x0 color=0x00000000 vis=PRIVATE)) userId: 0
06-15 14:46:39.331 802 1224 V Avrcp : MSG_UPDATE_MEDIA
06-15 14:46:39.331 802 1224 V Avrcp : updatePlaybackState (1): -1Ô×í1(PlaybackState {state=3, position=0, buffered position=0, speed=1.0, updated=368221181, actions=-1, custom actions=[], active item id=-1, error=null})
06-15 14:46:39.332 802 1224 V Avrcp : Media update: id -1Ô×í-1? [MediaAttributes: ZÔï»n - by (0 0/0) ]
06-15 14:46:39.332 802 1224 D Avrcp : sendPlayPosNotificationRsp: Not registered or requesting.
06-15 14:46:39.350 11322 11322 D NowPlayingListener: onPlaybackStateChanged: PlaybackState {state=3, position=1443, buffered position=0, speed=1.0, updated=368221199, actions=-1, custom actions=[], active item id=-1, error=null}
06-15 14:46:39.350 11322 11322 D NowPlayingManager: onClientPlaybackStateUpdate() called with: state = [3], stateChangeTimeMs = [368221199], currentPosMs = [1443]
06-15 14:46:39.350 11322 11322 D NowPlayingManager: onClientPlaybackStateUpdate: Skipped update, state: 3 was unchanged
06-15 14:46:39.350 802 1224 V Avrcp : onPlaybackStateChanged: state PlaybackState {state=3, position=1443, buffered position=0, speed=1.0, updated=368221199, actions=-1, custom actions=[], active item id=-1, error=null}
06-15 14:46:39.352 11322 11322 D NowPlayingManager: onMediaDataUpdated() called with: mediaData = [com.google.android.tvrecommendations.NowPlayingData@cca4b5d]
06-15 14:46:39.360 11322 11322 D TVNotifService: onTVNotificationPosted StatusBarNotification(pkg=com.google.android.tvrecommendations user=UserHandle{0} id=4321 tag=Notification.NowPlaying key=0|com.google.android.tvrecommendations|4321|Notification.NowPlaying|10087: Notification(channel=now_playing pri=0 contentView=null vibrate=null sound=null defaults=0x0 flags=0x0 color=0x00000000 vis=PRIVATE)) userId: 0
06-15 14:46:39.864 11322 11322 D NowPlayingListener: onPlaybackStateChanged: PlaybackState {state=3, position=1987, buffered position=0, speed=1.0, updated=368221713, actions=-1, custom actions=[], active item id=-1, error=null}
06-15 14:46:39.864 802 1224 V Avrcp : onPlaybackStateChanged: state PlaybackState {state=3, position=1987, buffered position=0, speed=1.0, updated=368221713, actions=-1, custom actions=[], active item id=-1, error=null}
06-15 14:46:39.864 11322 11322 D NowPlayingManager: onClientPlaybackStateUpdate() called with: state = [3], stateChangeTimeMs = [368221713], currentPosMs = [1987]
06-15 14:46:39.864 11322 11322 D NowPlayingManager: onClientPlaybackStateUpdate: Skipped update, state: 3 was unchanged
06-15 14:46:39.866 11322 11322 D NowPlayingManager: onMediaDataUpdated() called with: mediaData = [com.google.android.tvrecommendations.NowPlayingData@f04f1a3]
06-15 14:46:39.874 11322 11322 D TVNotifService: onTVNotificationPosted StatusBarNotification(pkg=com.google.android.tvrecommendations user=UserHandle{0} id=4321 tag=Notification.NowPlaying key=0|com.google.android.tvrecommendations|4321|Notification.NowPlaying|10087: Notification(channel=now_playing pri=0 contentView=null vibrate=null sound=null defaults=0x0 flags=0x0 color=0x00000000 vis=PRIVATE)) userId: 0
06-15 14:46:40.350 802 1224 V Avrcp : MSG_UPDATE_MEDIA
06-15 14:46:40.351 802 1224 V Avrcp : updatePlaybackState (1): -1Ô×í1(PlaybackState {state=3, position=0, buffered position=0, speed=1.0, updated=368222200, actions=-1, custom actions=[], active item id=-1, error=null})
06-15 14:46:40.351 802 1224 V Avrcp : Media update: id -1Ô×í-1? [MediaAttributes: ZÔï»n - by (0 0/0) ]
06-15 14:46:40.351 802 1224 D Avrcp : sendPlayPosNotificationRsp: Not registered or requesting.
06-15 14:46:40.380 11322 11322 D NowPlayingListener: onPlaybackStateChanged: PlaybackState {state=3, position=2558, buffered position=0, speed=1.0, updated=368222229, actions=-1, custom actions=[], active item id=-1, error=null}
06-15 14:46:40.380 11322 11322 D NowPlayingManager: onClientPlaybackStateUpdate() called with: state = [3], stateChangeTimeMs = [368222229], currentPosMs = [2558]
06-15 14:46:40.380 11322 11322 D NowPlayingManager: onClientPlaybackStateUpdate: Skipped update, state: 3 was unchanged
06-15 14:46:40.380 802 1224 V Avrcp : onPlaybackStateChanged: state PlaybackState {state=3, position=2558, buffered position=0, speed=1.0, updated=368222229, actions=-1, custom actions=[], active item id=-1, error=null}
06-15 14:46:40.382 11322 11322 D NowPlayingManager: onMediaDataUpdated() called with: mediaData = [com.google.android.tvrecommendations.NowPlayingData@5654059]
06-15 14:46:40.389 11322 11322 D TVNotifService: onTVNotificationPosted StatusBarNotification(pkg=com.google.android.tvrecommendations user=UserHandle{0} id=4321 tag=Notification.NowPlaying key=0|com.google.android.tvrecommendations|4321|Notification.NowPlaying|10087: Notification(channel=now_playing pri=0 contentView=null vibrate=null sound=null defaults=0x0 flags=0x0 color=0x00000000 vis=PRIVATE)) userId: 0
06-15 14:46:40.500 1308 22022 E WakeLock: release without a matched acquire!
06-15 14:46:40.898 802 1224 V Avrcp : onPlaybackStateChanged: state PlaybackState {state=3, position=3109, buffered position=0, speed=1.0, updated=368222747, actions=-1, custom actions=[], active item id=-1, error=null}
06-15 14:46:40.898 11322 11322 D NowPlayingListener: onPlaybackStateChanged: PlaybackState {state=3, position=3109, buffered position=0, speed=1.0, updated=368222747, actions=-1, custom actions=[], active item id=-1, error=null}
06-15 14:46:40.898 11322 11322 D NowPlayingManager: onClientPlaybackStateUpdate() called with: state = [3], stateChangeTimeMs = [368222747], currentPosMs = [3109]
06-15 14:46:40.898 11322 11322 D NowPlayingManager: onClientPlaybackStateUpdate: Skipped update, state: 3 was unchanged
06-15 14:46:40.900 11322 11322 D NowPlayingManager: onMediaDataUpdated() called with: mediaData = [com.google.android.tvrecommendations.NowPlayingData@d6b04ff]
06-15 14:46:40.905 11322 11322 D TVNotifService: onTVNotificationPosted StatusBarNotification(pkg=com.google.android.tvrecommendations user=UserHandle{0} id=4321 tag=Notification.NowPlaying key=0|com.google.android.tvrecommendations|4321|Notification.NowPlaying|10087: Notification(channel=now_playing pri=0 contentView=null vibrate=null sound=null defaults=0x0 flags=0x0 color=0x00000000 vis=PRIVATE)) userId: 0
06-15 14:46:40.950 700 4741 D WificondControl: Scan result ready event
06-15 14:46:40.956 1321 1321 D BlakeWifiIntentManager: SCAN_RESULTS_AVAILABLE_ACTION
06-15 14:46:40.986 700 700 D PackageManager - AppHiding: OnLocationChanged, Country code : DE
06-15 14:46:40.993 1308 887 W ctxmgr : [AclManager]No 2 for (accnt=account#1846457872#, com.google.android.gms(10010):UserLocationProducer, vrsn=12685000, 0, 3pPkg = null , 3pMdlId = null , pid = 1308). Was: 2 for 1, account#1846457872#
06-15 14:46:41.065 1308 1318 I zygote64: Background concurrent copying GC freed 160735(7MB) AllocSpace objects, 3(56KB) LOS objects, 50% free, 13MB/27MB, paused 183us total 106.735ms
06-15 14:46:41.381 802 1224 V Avrcp : MSG_UPDATE_MEDIA
06-15 14:46:41.381 802 1224 V Avrcp : updatePlaybackState (1): -1Ô×í1(PlaybackState {state=3, position=0, buffered position=0, speed=1.0, updated=368223231, actions=-1, custom actions=[], active item id=-1, error=null})
06-15 14:46:41.382 802 1224 V Avrcp : Media update: id -1Ô×í-1? [MediaAttributes: ZÔï»n - by (0 0/0) ]
06-15 14:46:41.382 802 1224 D Avrcp : sendPlayPosNotificationRsp: Not registered or requesting.
06-15 14:46:41.411 802 1224 V Avrcp : onPlaybackStateChanged: state PlaybackState {state=3, position=3648, buffered position=0, speed=1.0, updated=368223261, actions=-1, custom actions=[], active item id=-1, error=null}
06-15 14:46:41.412 11322 11322 D NowPlayingListener: onPlaybackStateChanged: PlaybackState {state=3, position=3648, buffered position=0, speed=1.0, updated=368223261, actions=-1, custom actions=[], active item id=-1, error=null}
06-15 14:46:41.412 11322 11322 D NowPlayingManager: onClientPlaybackStateUpdate() called with: state = [3], stateChangeTimeMs = [368223261], currentPosMs = [3648]
06-15 14:46:41.412 11322 11322 D NowPlayingManager: onClientPlaybackStateUpdate: Skipped update, state: 3 was unchanged
06-15 14:46:41.413 11322 11322 D NowPlayingManager: onMediaDataUpdated() called with: mediaData = [com.google.android.tvrecommendations.NowPlayingData@d208915]
06-15 14:46:41.419 11322 11322 D TVNotifService: onTVNotificationPosted StatusBarNotification(pkg=com.google.android.tvrecommendations user=UserHandle{0} id=4321 tag=Notification.NowPlaying key=0|com.google.android.tvrecommendations|4321|Notification.NowPlaying|10087: Notification(channel=now_playing pri=0 contentView=null vibrate=null sound=null defaults=0x0 flags=0x0 color=0x00000000 vis=PRIVATE)) userId: 0
06-15 14:46:41.928 11322 11322 D NowPlayingListener: onPlaybackStateChanged: PlaybackState {state=3, position=4151, buffered position=0, speed=1.0, updated=368223777, actions=-1, custom actions=[], active item id=-1, error=null}
06-15 14:46:41.928 11322 11322 D NowPlayingManager: onClientPlaybackStateUpdate() called with: state = [3], stateChangeTimeMs = [368223777], currentPosMs = [4151]
06-15 14:46:41.928 11322 11322 D NowPlayingManager: onClientPlaybackStateUpdate: Skipped update, state: 3 was unchanged
06-15 14:46:41.929 802 1224 V Avrcp : onPlaybackStateChanged: state PlaybackState {state=3, position=4151, buffered position=0, speed=1.0, updated=368223777, actions=-1, custom actions=[], active item id=-1, error=null}
06-15 14:46:41.930 11322 11322 D NowPlayingManager: onMediaDataUpdated() called with: mediaData = [com.google.android.tvrecommendations.NowPlayingData@1f4f21b]
06-15 14:46:41.937 11322 11322 D TVNotifService: onTVNotificationPosted StatusBarNotification(pkg=com.google.android.tvrecommendations user=UserHandle{0} id=4321 tag=Notification.NowPlaying key=0|com.google.android.tvrecommendations|4321|Notification.NowPlaying|10087: Notification(channel=now_playing pri=0 contentView=null vibrate=null sound=null defaults=0x0 flags=0x0 color=0x00000000 vis=PRIVATE)) userId: 0
06-15 14:46:42.412 802 1224 V Avrcp : MSG_UPDATE_MEDIA
06-15 14:46:42.432 802 1224 V Avrcp : updatePlaybackState (1): -1Ô×í1(PlaybackState {state=3, position=0, buffered position=0, speed=1.0, updated=368224282, actions=-1, custom actions=[], active item id=-1, error=null})
06-15 14:46:42.433 802 1224 V Avrcp : Media update: id -1Ô×í-1? [MediaAttributes: ZÔï»n - by (0 0/0) ]
06-15 14:46:42.433 802 1224 D Avrcp : sendPlayPosNotificationRsp: Not registered or requesting.
