06-15 14:45:10.947 1321 1321 D BlakeWifiIntentManager: SCAN_RESULTS_AVAILABLE_ACTION
06-15 14:45:10.970 700 700 D PackageManager - AppHiding: OnLocationChanged, Country code : DE
06-15 14:45:10.970 1308 25903 W ctxmgr : [AclManager]No 2 for (accnt=account#1846457872#, com.google.android.gms(10010):UserLocationProducer, vrsn=12685000, 0, 3pPkg = null , 3pMdlId = null , pid = 1308). Was: 2 for 1, account#1846457872#
06-15 14:45:13.944 700 715 D WindowManager: handleComboKeys keyCode: 0, keyAction: 1
06-15 14:45:13.986 700 715 I chatty : uid=1000(system) android.ui identical 5 lines
06-15 14:45:13.995 700 715 D WindowManager: handleComboKeys keyCode: 0, keyAction: 1
06-15 14:45:14.000 2623 21885 I chromium: [2623:21885:INFO:ssdp_device.c(101)] SSDP packets sent for 30 seconds = 14
06-15 14:45:14.005 700 715 D WindowManager: handleComboKeys keyCode: 0, keyAction: 1
06-15 14:45:15.283 700 715 I chatty : uid=1000(system) android.ui identical 96 lines
06-15 14:45:15.291 700 715 D WindowManager: handleComboKeys keyCode: 0, keyAction: 1
06-15 14:45:15.778 700 761 D WindowManager: handleComboKeys keyCode: 96, keyAction: 0
06-15 14:45:15.780 22018 22018 I zygote64: Deoptimizing int com.nvidia.shieldtech.INvHookBinder$Stub$Proxy.deliverInputEvent(android.view.InputEvent, int) due to JIT inline cache
06-15 14:45:15.780 22018 22038 V Kodi : process_input: Failure reading next input event: Try again
06-15 14:45:15.969 700 761 D WindowManager: handleComboKeys keyCode: 96, keyAction: 1
06-15 14:45:15.970 22018 22038 V Kodi : process_input: Failure reading next input event: Try again
06-15 14:45:17.335 700 715 D WindowManager: handleComboKeys keyCode: 0, keyAction: 1
06-15 14:45:17.665 700 715 I chatty : uid=1000(system) android.ui identical 31 lines
06-15 14:45:17.673 700 715 D WindowManager: handleComboKeys keyCode: 0, keyAction: 1
06-15 14:45:18.117 700 761 D WindowManager: handleComboKeys keyCode: 96, keyAction: 0
06-15 14:45:18.119 22018 22038 V Kodi : process_input: Failure reading next input event: Try again
06-15 14:45:18.291 700 761 D WindowManager: handleComboKeys keyCode: 96, keyAction: 1
06-15 14:45:18.292 22018 22038 V Kodi : process_input: Failure reading next input event: Try again
06-15 14:45:20.254 802 1224 V Avrcp : onMetadataChanged
06-15 14:45:20.268 802 1224 V Avrcp : onMetadataChanged
06-15 14:45:20.270 11322 11322 D NowPlayingManager: onClientChanged() called with: clearing = [false]
06-15 14:45:20.272 802 1224 V Avrcp : isBrowseSupported for org.xbmc.kodinerds: false
06-15 14:45:20.272 22018 22043 W AudioManager: Use of stream types is deprecated for operations other than volume control
06-15 14:45:20.272 22018 22043 W AudioManager: See the documentation of requestAudioFocus() for what to use instead with android.media.AudioAttributes to qualify your playback use case
06-15 14:45:20.274 802 1224 D Avrcp : update #14:MediaPlayerInfo org.xbmc.kodinerds (as 'Kodi') Type = 1, SubType = 0, Status = 1 Feature Bits [40 41 42 44 45 47 48 58] Controller: MediaController (org.xbmc.kodinerds@cb36b27) Die K├╝chenschlacht, null, null
06-15 14:45:20.274 802 1224 V Avrcp : updateNewIds: Addressed:14 to 14, Browse:0 to 0
06-15 14:45:20.274 802 1224 D Avrcp : updateCurrentController: MediaController (org.xbmc.kodinerds@3ccb9e6) Die K├╝chenschlacht, null, null to MediaController (org.xbmc.kodinerds@cb36b27) Die K├╝chenschlacht, null, null
06-15 14:45:20.276 700 14300 I MediaFocusControl: AudioFocus requestAudioFocus() from uid/pid 10103/22018 clientId=android.media.AudioManager@256ac0eorg.xbmc.kodinerds.interfaces.XBMCAudioManagerOnAudioFocusChangeListener@827b62f req=1 flags=0x0
06-15 14:45:20.278 802 1224 I AddressedMediaPlayer: null queue from org.xbmc.kodinerds, constructing single-item list
06-15 14:45:20.280 802 1224 E bt_btif : register_notification_rsp: Avrcp device is not connected, handle: 0x0
06-15 14:45:20.280 802 1224 E bt_btif : register_notification_rsp: Avrcp device is not connected, handle: 0x0
06-15 14:45:20.298 11322 11322 D NowPlayingManager: onMediaDataUpdated() called with: mediaData = [com.google.android.tvrecommendations.NowPlayingData@385e70a]
06-15 14:45:20.298 11322 11322 D NowPlayingManager: onClientPlaybackStateUpdate() called with: state = [3], stateChangeTimeMs = [368142148], currentPosMs = [0]
06-15 14:45:20.301 11322 11322 D NowPlayingManager: onMediaDataUpdated() called with: mediaData = [com.google.android.tvrecommendations.NowPlayingData@8249b7b]
06-15 14:45:20.337 11322 11322 D NowPlayingListener: onPlaybackStateChanged: PlaybackState {state=3, position=0, buffered position=0, speed=1.0, updated=368142120, actions=-1, custom actions=[], active item id=-1, error=null}
06-15 14:45:20.337 11322 11322 D NowPlayingManager: onClientPlaybackStateUpdate() called with: state = [3], stateChangeTimeMs = [368142120], currentPosMs = [0]
06-15 14:45:20.337 11322 11322 D NowPlayingManager: onClientPlaybackStateUpdate: Skipped update, state: 3 was unchanged
06-15 14:45:20.340 11322 11322 D NowPlayingManager: onMediaDataUpdated() called with: mediaData = [com.google.android.tvrecommendations.NowPlayingData@8d77457]
06-15 14:45:20.348 11322 11322 D TVNotifService: onTVNotificationPosted StatusBarNotification(pkg=com.google.android.tvrecommendations user=UserHandle{0} id=4321 tag=Notification.NowPlaying key=0|com.google.android.tvrecommendations|4321|Notification.NowPlaying|10087: Notification(channel=now_playing pri=0 contentView=null vibrate=null sound=null defaults=0x0 flags=0x0 color=0x00000000 vis=PRIVATE)) userId: 0
06-15 14:45:20.349 11322 11322 D TVNotifService: onTVNotificationPosted StatusBarNotification(pkg=com.google.android.tvrecommendations user=UserHandle{0} id=4321 tag=Notification.NowPlaying key=0|com.google.android.tvrecommendations|4321|Notification.NowPlaying|10087: Notification(channel=now_playing pri=0 contentView=null vibrate=null sound=null defaults=0x0 flags=0x0 color=0x00000000 vis=PRIVATE)) userId: 0
06-15 14:45:20.755 11322 11322 D NowPlayingListener: onPlaybackStateChanged: PlaybackState {state=3, position=0, buffered position=0, speed=1.0, updated=368142604, actions=-1, custom actions=[], active item id=-1, error=null}
06-15 14:45:20.755 11322 11322 D NowPlayingManager: onClientPlaybackStateUpdate() called with: state = [3], stateChangeTimeMs = [368142604], currentPosMs = [0]
06-15 14:45:20.755 11322 11322 D NowPlayingManager: onClientPlaybackStateUpdate: Skipped update, state: 3 was unchanged
06-15 14:45:20.755 802 1224 V Avrcp : onPlaybackStateChanged: state PlaybackState {state=3, position=0, buffered position=0, speed=1.0, updated=368142604, actions=-1, custom actions=[], active item id=-1, error=null}
06-15 14:45:20.759 11322 11322 D NowPlayingManager: onMediaDataUpdated() called with: mediaData = [com.google.android.tvrecommendations.NowPlayingData@d45242d]
06-15 14:45:20.773 11322 11322 D TVNotifService: onTVNotificationPosted StatusBarNotification(pkg=com.google.android.tvrecommendations user=UserHandle{0} id=4321 tag=Notification.NowPlaying key=0|com.google.android.tvrecommendations|4321|Notification.NowPlaying|10087: Notification(channel=now_playing pri=0 contentView=null vibrate=null sound=null defaults=0x0 flags=0x0 color=0x00000000 vis=PRIVATE)) userId: 0
06-15 14:45:21.255 802 1224 V Avrcp : MSG_UPDATE_MEDIA
06-15 14:45:21.255 802 1224 V Avrcp : updatePlaybackState (1): -1Ô×í1(PlaybackState {state=3, position=0, buffered position=0, speed=1.0, updated=368143105, actions=-1, custom actions=[], active item id=-1, error=null})
06-15 14:45:21.256 802 1224 V Avrcp : Media update: id -1Ô×í-1? [MediaAttributes: DÔï»t - by (0 0/0) ]
06-15 14:45:21.256 802 1224 D Avrcp : sendTrackChangedRsp: Not registered or registering.
06-15 14:45:21.256 802 1224 D Avrcp : sendPlayPosNotificationRsp: Not registered or requesting.
06-15 14:45:21.298 802 1224 V Avrcp : onPlaybackStateChanged: state PlaybackState {state=3, position=0, buffered position=0, speed=1.0, updated=368143147, actions=-1, custom actions=[], active item id=-1, error=null}
06-15 14:45:21.298 11322 11322 D NowPlayingListener: onPlaybackStateChanged: PlaybackState {state=3, position=0, buffered position=0, speed=1.0, updated=368143147, actions=-1, custom actions=[], active item id=-1, error=null}
06-15 14:45:21.298 11322 11322 D NowPlayingManager: onClientPlaybackStateUpdate() called with: state = [3], stateChangeTimeMs = [368143147], currentPosMs = [0]
06-15 14:45:21.299 11322 11322 D NowPlayingManager: onClientPlaybackStateUpdate: Skipped update, state: 3 was unchanged
06-15 14:45:21.302 11322 11322 D NowPlayingManager: onMediaDataUpdated() called with: mediaData = [com.google.android.tvrecommendations.NowPlayingData@b74fef3]
06-15 14:45:21.313 11322 11322 D TVNotifService: onTVNotificationPosted StatusBarNotification(pkg=com.google.android.tvrecommendations user=UserHandle{0} id=4321 tag=Notification.NowPlaying key=0|com.google.android.tvrecommendations|4321|Notification.NowPlaying|10087: Notification(channel=now_playing pri=0 contentView=null vibrate=null sound=null defaults=0x0 flags=0x0 color=0x00000000 vis=PRIVATE)) userId: 0
06-15 14:45:21.827 802 1224 V Avrcp : onPlaybackStateChanged: state PlaybackState {state=3, position=0, buffered position=0, speed=1.0, updated=368143676, actions=-1, custom actions=[], active item id=-1, error=null}
06-15 14:45:21.827 11322 11322 D NowPlayingListener: onPlaybackStateChanged: PlaybackState {state=3, position=0, buffered position=0, speed=1.0, updated=368143676, actions=-1, custom actions=[], active item id=-1, error=null}
06-15 14:45:21.827 11322 11322 D NowPlayingManager: onClientPlaybackStateUpdate() called with: state = [3], stateChangeTimeMs = [368143676], currentPosMs = [0]
06-15 14:45:21.827 11322 11322 D NowPlayingManager: onClientPlaybackStateUpdate: Skipped update, state: 3 was unchanged
06-15 14:45:21.831 11322 11322 D NowPlayingManager: onMediaDataUpdated() called with: mediaData = [com.google.android.tvrecommendations.NowPlayingData@3fcd629]
06-15 14:45:21.841 11322 11322 D TVNotifService: onTVNotificationPosted StatusBarNotification(pkg=com.google.android.tvrecommendations user=UserHandle{0} id=4321 tag=Notification.NowPlaying key=0|com.google.android.tvrecommendations|4321|Notification.NowPlaying|10087: Notification(channel=now_playing pri=0 contentView=null vibrate=null sound=null defaults=0x0 flags=0x0 color=0x00000000 vis=PRIVATE)) userId: 0
06-15 14:45:22.299 802 1224 V Avrcp : MSG_UPDATE_MEDIA
06-15 14:45:22.299 802 1224 V Avrcp : updatePlaybackState (1): -1Ô×í1(PlaybackState {state=3, position=0, buffered position=0, speed=1.0, updated=368144149, actions=-1, custom actions=[], active item id=-1, error=null})
06-15 14:45:22.299 802 1224 V Avrcp : Media update: id -1Ô×í-1? [MediaAttributes: DÔï»t - by (0 0/0) ]
06-15 14:45:22.299 802 1224 D Avrcp : sendPlayPosNotificationRsp: Not registered or requesting.
06-15 14:45:22.355 802 1224 V Avrcp : onPlaybackStateChanged: state PlaybackState {state=3, position=0, buffered position=0, speed=1.0, updated=368144204, actions=-1, custom actions=[], active item id=-1, error=null}
06-15 14:45:22.355 11322 11322 D NowPlayingListener: onPlaybackStateChanged: PlaybackState {state=3, position=0, buffered position=0, speed=1.0, updated=368144204, actions=-1, custom actions=[], active item id=-1, error=null}
06-15 14:45:22.355 11322 11322 D NowPlayingManager: onClientPlaybackStateUpdate() called with: state = [3], stateChangeTimeMs = [368144204], currentPosMs = [0]
06-15 14:45:22.355 11322 11322 D NowPlayingManager: onClientPlaybackStateUpdate: Skipped update, state: 3 was unchanged
06-15 14:45:22.357 11322 11322 D NowPlayingManager: onMediaDataUpdated() called with: mediaData = [com.google.android.tvrecommendations.NowPlayingData@756974f]
06-15 14:45:22.361 371 371 D SurfaceFlinger: duplicate layer name: changing SurfaceView - org.xbmc.kodinerds/org.xbmc.kodinerds.Main to SurfaceView - org.xbmc.kodinerds/org.xbmc.kodinerds.Main#1
06-15 14:45:22.362 371 371 D SurfaceFlinger: duplicate layer name: changing Background for - SurfaceView - org.xbmc.kodinerds/org.xbmc.kodinerds.Main to Background for - SurfaceView - org.xbmc.kodinerds/org.xbmc.kodinerds.Main#1
06-15 14:45:22.366 11322 11322 D TVNotifService: onTVNotificationPosted StatusBarNotification(pkg=com.google.android.tvrecommendations user=UserHandle{0} id=4321 tag=Notification.NowPlaying key=0|com.google.android.tvrecommendations|4321|Notification.NowPlaying|10087: Notification(channel=now_playing pri=0 contentView=null vibrate=null sound=null defaults=0x0 flags=0x0 color=0x00000000 vis=PRIVATE)) userId: 0
06-15 14:45:22.376 22018 22018 D XBMCVideoPlayView: Created
06-15 14:45:22.376 22018 22018 D XBMCVideoPlayView: Changed, format:-3, width:1920, height:1080
06-15 14:45:22.404 426 1188 I OMXMaster: makeComponentInstance(OMX.Nvidia.h264.decode) in android.hardwar process
06-15 14:45:22.416 22018 22954 D XBMCVideoPlayView: getSurface() = Surface(name=null)/@0x9c5143c
06-15 14:45:22.420 22018 22964 D SurfaceUtils: connecting to surface 0x2816329010, reason connectToSurface
06-15 14:45:22.420 22018 22964 I MediaCodec: [OMX.Nvidia.h264.decode] setting surface generation to 22546433
06-15 14:45:22.420 22018 22964 D SurfaceUtils: disconnecting from surface 0x2816329010, reason connectToSurface(reconnect)
06-15 14:45:22.420 22018 22964 D SurfaceUtils: connecting to surface 0x2816329010, reason connectToSurface(reconnect)
06-15 14:45:22.424 426 1014 D NvOsDebugPrintf: NVX_IndexParamAllocateNativeHandle : Using Native Handles
06-15 14:45:22.425 22018 22965 W ACodec : Over-riding the width: 1280 with max-width: 1920
06-15 14:45:22.425 22018 22965 W ACodec : Over-riding the height: 720 with max-height: 1080
06-15 14:45:22.427 426 22966 D NvOsDebugPrintf: NvMMLiteOpen : Block : BlockType = 261
06-15 14:45:22.428 426 22966 D NvOsDebugPrintf: NVMEDIA: NvMMLiteTVMRDecBlockOpen: 3216: NvMMLiteBlockOpen
06-15 14:45:22.456 426 22966 D NvOsDebugPrintf: NVMEDIA: RefreshRate = 60.000000
06-15 14:45:22.457 426 22966 D NvOsDebugPrintf: NVMEDIA: RefreshRate = 60.000000
06-15 14:45:22.457 426 22966 D NvOsDebugPrintf: NvMMLiteBlockCreate : Block : BlockType = 261
06-15 14:45:22.457 426 22966 D NvOsDebugPrintf: WARNING! HDRStatic info being set, even for non SMPTE 2084 case
06-15 14:45:22.457 426 22966 D NvOsDebugPrintf: WARNING! This media may play as non HDR
06-15 14:45:22.457 22018 22965 I ACodec : Enable timestamp filtering for Video Decoder
06-15 14:45:22.459 426 1198 E OMXNodeInstance: getConfig(0x50f23680:Nvidia.h264.decode, ConfigAndroidVendorExtension(0x6f100004)) ERROR: UnsupportedIndex(0x8000101a)
06-15 14:45:22.460 22018 22965 I ACodec : Get OMX_IndexConfigScale: 0x10000/0x10000
06-15 14:45:22.460 22018 22965 I ACodec : Scaled Width is 1280, height is 720
06-15 14:45:22.469 22018 22965 D SurfaceUtils: set up nativeWindow 0x2816329010 for 1280x720, color 0x106, rotation 0, usage 0x2900
06-15 14:45:22.472 371 763 W GrallocMapperPassthrough: buffer descriptor with invalid usage bits 0x2000
06-15 14:45:22.473 426 470 D NvOsDebugPrintf: 134BlockH264Dec: NvxNvMMLiteTransformFillThisBuffer[5212] calling CleanANBLite
06-15 14:45:22.494 371 1130 W GrallocMapperPassthrough: buffer descriptor with invalid usage bits 0x2000
06-15 14:45:22.495 426 1188 D NvOsDebugPrintf: 134BlockH264Dec: NvxNvMMLiteTransformFillThisBuffer[5212] calling CleanANBLite
06-15 14:45:22.501 426 22968 D NvOsDebugPrintf: NVMEDIA: RefreshRate = 60.000000
06-15 14:45:22.501 426 22968 D NvOsDebugPrintf: NVMEDIA: bEnableVideoSmootheningbEnable = 0
06-15 14:45:22.501 426 22968 D NvOsDebugPrintf: NVMEDIA: cbBeginSequence: 129: BeginSequence 1280x720, bVPR = 0
06-15 14:45:22.501 426 22968 D NvOsDebugPrintf: NVMEDIA: NVDEC LowCorner Freq = (100000 * 1024)
06-15 14:45:22.501 426 22968 D NvOsDebugPrintf: NVMEDIA: LowCorner Frequency = 100000
06-15 14:45:22.501 426 22968 D NvOsDebugPrintf: NVMEDIA: cbBeginSequence: 437: DecodeBuffers = 10, pnvsi->eCodec = 0
06-15 14:45:22.505 426 22968 D NvOsDebugPrintf: NVMEDIA: cbBeginSequence: 522: Display Resolution : (1280x720)
06-15 14:45:22.505 426 22968 D NvOsDebugPrintf: NVMEDIA: cbBeginSequence: 523: Display Aspect Ratio : (1280x720)
06-15 14:45:22.505 426 22968 D NvOsDebugPrintf: NVMEDIA: cbBeginSequence: 591: ColorFormat : 5
06-15 14:45:22.505 426 22968 D NvOsDebugPrintf: NVMEDIA: cbBeginSequence:602 ColorSpace = NvColorSpace_YCbCr709
06-15 14:45:22.505 426 22968 D NvOsDebugPrintf: NVMEDIA: cbBeginSequence: 720: SurfaceLayout = 3
06-15 14:45:22.505 426 22968 D NvOsDebugPrintf: NVMEDIA: cbBeginSequence: 815: NumOfSurfaces = 17, InteraceStream = 0, InterlaceEnabled = 0, bSecure = 0, MVC = 0 Semiplanar = 1, bReinit = 1, BitDepthForSurface = 8 LumaBitDepth = 8, ChromaBitDepth = 8, ChromaFormat = 5
06-15 14:45:22.505 426 22968 D NvOsDebugPrintf: NVMEDIA: cbBeginSequence: 817: BeginSequence ColorPrimaries = 1, TransferCharacteristics = 1, MatrixCoefficients = 1
06-15 14:45:22.505 426 22968 D NvOsDebugPrintf: Allocating new output: 1280x720 (x 17), ThumbnailMode = 0
06-15 14:45:22.505 426 22968 D NvOsDebugPrintf: bitDepth is 8 and NewStreamInfo->bValidMasteringDispData is 0 bAllowClientValues is 0
06-15 14:45:22.505 426 22968 D NvOsDebugPrintf: OPENMAX: HandleNewStreamFormat: 3507: Send OMX_EventPortSettingsChanged : nFrameWidth = 1280, nFrameHeight = 720
06-15 14:45:22.506 22018 22965 I ACodec : Get OMX_IndexConfigScale: 0x10000/0x10000
06-15 14:45:22.506 22018 22965 I ACodec : Scaled Width is 1280, height is 720
06-15 14:45:22.509 22018 22965 D SurfaceUtils: set up nativeWindow 0x2816329010 for 1280x720, color 0x146, rotation 0, usage 0x2900
06-15 14:45:22.514 371 763 W GrallocMapperPassthrough: buffer descriptor with invalid usage bits 0x2000
06-15 14:45:22.517 371 441 W GrallocMapperPassthrough: buffer descriptor with invalid usage bits 0x2000
06-15 14:45:22.519 371 763 W GrallocMapperPassthrough: buffer descriptor with invalid usage bits 0x2000
06-15 14:45:22.520 371 1130 W GrallocMapperPassthrough: buffer descriptor with invalid usage bits 0x2000
06-15 14:45:22.527 371 763 W GrallocMapperPassthrough: buffer descriptor with invalid usage bits 0x2000
06-15 14:45:22.535 22018 22052 D AudioTrack: stop() called with 14628088 frames delivered
06-15 14:45:22.536 371 763 W GrallocMapperPassthrough: buffer descriptor with invalid usage bits 0x2000
06-15 14:45:22.538 413 22924 I NvAudioPolicyManager: getOutputForAttr() device 0x400, samplingRate 48000, format d000000, channelMask 3, flags 1 strategy 0x0
06-15 14:45:22.539 413 22924 I AudioFlinger: openOutput() this 0x4d6bd000, module 10 Device 400, SamplingRate 48000, Format 0xd000000, Channels 3, flags 1
06-15 14:45:22.539 413 22924 I AudioFlinger: HAL output buffer size 1024 frames, normal sink buffer size 1024 frames
06-15 14:45:22.539 413 22974 I AudioFlinger: AudioFlinger's thread 0x4feb0000 tid=22974 ready to run
06-15 14:45:22.546 371 762 W GrallocMapperPassthrough: buffer descriptor with invalid usage bits 0x2000
06-15 14:45:22.548 22018 22052 W AudioTrack: Use of stream types is deprecated for operations other than volume control
06-15 14:45:22.548 22018 22052 W AudioTrack: See the documentation of AudioTrack() for what to use instead with android.media.AudioAttributes to qualify your playback use case
06-15 14:45:22.549 22018 22052 W AudioManager: Use of stream types is deprecated for operations other than volume control
06-15 14:45:22.549 22018 22052 W AudioManager: See the documentation of requestAudioFocus() for what to use instead with android.media.AudioAttributes to qualify your playback use case
06-15 14:45:22.550 700 4739 I MediaFocusControl: AudioFocus requestAudioFocus() from uid/pid 10103/22018 clientId=android.media.AudioManager@256ac0eorg.xbmc.kodinerds.interfaces.XBMCAudioManagerOnAudioFocusChangeListener@827b62f req=1 flags=0x0
06-15 14:45:22.558 371 441 W GrallocMapperPassthrough: buffer descriptor with invalid usage bits 0x2000
06-15 14:45:22.559 413 17421 I hash_map_utils: key: 'nv_param_disable_usb_hra' value: ''
06-15 14:45:22.564 413 17421 I chatty : uid=1041(audioserver) Binder:413_E identical 18 lines
06-15 14:45:22.564 413 17421 I hash_map_utils: key: 'nv_param_disable_usb_hra' value: ''
06-15 14:45:22.564 413 5319 I hash_map_utils: key: 'nv_param_disable_usb_hra' value: ''
06-15 14:45:22.564 413 22974 W AudioFlinger: pause because of UNDERRUN, framesReady = 0,minFrames = 1024, mFormat = 0xd000000
06-15 14:45:22.566 413 31498 I hash_map_utils: key: 'nv_param_disable_usb_hra' value: ''
06-15 14:45:22.567 371 441 W GrallocMapperPassthrough: buffer descriptor with invalid usage bits 0x2000
06-15 14:45:22.575 413 22974 W AudioFlinger: pause because of UNDERRUN, framesReady = 3072,minFrames = 1024, mFormat = 0xd000000
06-15 14:45:22.578 371 1130 W GrallocMapperPassthrough: buffer descriptor with invalid usage bits 0x2000
06-15 14:45:22.586 413 22974 W AudioFlinger: pause because of UNDERRUN, framesReady = 4608,minFrames = 1024, mFormat = 0xd000000
06-15 14:45:22.588 371 762 W GrallocMapperPassthrough: buffer descriptor with invalid usage bits 0x2000
06-15 14:45:22.596 413 22974 W AudioFlinger: pause because of UNDERRUN, framesReady = 6144,minFrames = 1024, mFormat = 0xd000000
06-15 14:45:22.598 371 762 W GrallocMapperPassthrough: buffer descriptor with invalid usage bits 0x2000
06-15 14:45:22.607 413 22974 W AudioFlinger: pause because of UNDERRUN, framesReady = 9216,minFrames = 1024, mFormat = 0xd000000
06-15 14:45:22.609 371 443 W GrallocMapperPassthrough: buffer descriptor with invalid usage bits 0x2000
06-15 14:45:22.612 22018 22965 I ACodec : Get OMX_IndexConfigScale: 0x10000/0x10000
06-15 14:45:22.612 22018 22965 I ACodec : Scaled Width is 1280, height is 720
06-15 14:45:22.613 371 441 W GrallocMapperPassthrough: buffer descriptor with invalid usage bits 0x2000
06-15 14:45:22.618 413 22974 W AudioFlinger: pause because of UNDERRUN, framesReady = 10752,minFrames = 1024, mFormat = 0xd000000
06-15 14:45:22.628 413 22974 W AudioFlinger: pause because of UNDERRUN, framesReady = 12288,minFrames = 1024, mFormat = 0xd000000
06-15 14:45:22.647 413 485 I hash_map_utils: key: 'nv_param_disable_usb_hra' value: ''
06-15 14:45:22.648 413 485 I chatty : uid=1041(audioserver) ApmOutput identical 26 lines
06-15 14:45:22.648 413 485 I hash_map_utils: key: 'nv_param_disable_usb_hra' value: ''
06-15 14:45:22.655 413 530 I nvaudio_hw: Stream has IEC958 data, set dev configs(rate=48000,ch=2,periods(count=4, size=1024)
06-15 14:45:22.720 371 443 W GrallocMapperPassthrough: buffer descriptor with invalid usage bits 0x2000
06-15 14:45:22.723 426 22968 D NvOsDebugPrintf: NVMEDIA: FrameRate = 50
06-15 14:45:22.723 426 22968 D NvOsDebugPrintf: NVMEDIA: NVDEC LowCorner Freq = (166666 * 1024)
06-15 14:45:22.736 371 443 W GrallocMapperPassthrough: buffer descriptor with invalid usage bits 0x2000
06-15 14:45:22.739 371 762 W GrallocMapperPassthrough: buffer descriptor with invalid usage bits 0x2000
06-15 14:45:22.741 371 1130 W GrallocMapperPassthrough: buffer descriptor with invalid usage bits 0x2000
06-15 14:45:22.859 22018 22040 V Kodi : static bool CXBMCApp::EnableWakeLock(bool): true
06-15 14:45:22.860 700 956 D PowerManagerNotifier: onWakeLockAcquired: flags=10, tag="org.xbmc.kodinerds", packageName=org.xbmc.kodinerds, ownerUid=10103, ownerPid=22018, workSource=null
06-15 14:45:22.861 802 1224 V Avrcp : onPlaybackStateChanged: state PlaybackState {state=3, position=462, buffered position=0, speed=1.0, updated=368144710, actions=-1, custom actions=[], active item id=-1, error=null}
06-15 14:45:22.861 11322 11322 D NowPlayingListener: onPlaybackStateChanged: PlaybackState {state=3, position=462, buffered position=0, speed=1.0, updated=368144710, actions=-1, custom actions=[], active item id=-1, error=null}
06-15 14:45:22.861 11322 11322 D NowPlayingManager: onClientPlaybackStateUpdate() called with: state = [3], stateChangeTimeMs = [368144710], currentPosMs = [462]
06-15 14:45:22.861 11322 11322 D NowPlayingManager: onClientPlaybackStateUpdate: Skipped update, state: 3 was unchanged
06-15 14:45:22.865 11322 11322 D NowPlayingManager: onMediaDataUpdated() called with: mediaData = [com.google.android.tvrecommendations.NowPlayingData@b63abe5]
06-15 14:45:22.889 11322 11322 D TVNotifService: onTVNotificationPosted StatusBarNotification(pkg=com.google.android.tvrecommendations user=UserHandle{0} id=4321 tag=Notification.NowPlaying key=0|com.google.android.tvrecommendations|4321|Notification.NowPlaying|10087: Notification(channel=now_playing pri=0 contentView=null vibrate=null sound=null defaults=0x0 flags=0x0 color=0x00000000 vis=PRIVATE)) userId: 0
06-15 14:45:23.356 802 1224 V Avrcp : MSG_UPDATE_MEDIA
06-15 14:45:23.356 802 1224 V Avrcp : updatePlaybackState (1): -1Ô×í1(PlaybackState {state=3, position=0, buffered position=0, speed=1.0, updated=368145206, actions=-1, custom actions=[], active item id=-1, error=null})
06-15 14:45:23.356 802 1224 V Avrcp : Media update: id -1Ô×í-1? [MediaAttributes: DÔï»t - by (0 0/0) ]
06-15 14:45:23.356 802 1224 D Avrcp : sendPlayPosNotificationRsp: Not registered or requesting.
06-15 14:45:23.376 802 1224 V Avrcp : onPlaybackStateChanged: state PlaybackState {state=3, position=939, buffered position=0, speed=1.0, updated=368145225, actions=-1, custom actions=[], active item id=-1, error=null}
06-15 14:45:23.376 11322 11322 D NowPlayingListener: onPlaybackStateChanged: PlaybackState {state=3, position=939, buffered position=0, speed=1.0, updated=368145225, actions=-1, custom actions=[], active item id=-1, error=null}
06-15 14:45:23.376 11322 11322 D NowPlayingManager: onClientPlaybackStateUpdate() called with: state = [3], stateChangeTimeMs = [368145225], currentPosMs = [939]
06-15 14:45:23.376 11322 11322 D NowPlayingManager: onClientPlaybackStateUpdate: Skipped update, state: 3 was unchanged
06-15 14:45:23.387 11322 11322 D NowPlayingManager: onMediaDataUpdated() called with: mediaData = [com.google.android.tvrecommendations.NowPlayingData@589dcc8]
06-15 14:45:23.393 371 441 W GrallocMapperPassthrough: buffer descriptor with invalid usage bits 0x2000
06-15 14:45:23.397 371 1130 W GrallocMapperPassthrough: buffer descriptor with invalid usage bits 0x2000
06-15 14:45:23.400 11322 11322 D TVNotifService: onTVNotificationPosted StatusBarNotification(pkg=com.google.android.tvrecommendations user=UserHandle{0} id=4321 tag=Notification.NowPlaying key=0|com.google.android.tvrecommendations|4321|Notification.NowPlaying|10087: Notification(channel=now_playing pri=0 contentView=null vibrate=null sound=null defaults=0x0 flags=0x0 color=0x00000000 vis=PRIVATE)) userId: 0
06-15 14:45:23.410 371 763 W GrallocMapperPassthrough: buffer descriptor with invalid usage bits 0x2000
06-15 14:45:23.893 802 1224 V Avrcp : onPlaybackStateChanged: state PlaybackState {state=3, position=1414, buffered position=0, speed=1.0, updated=368145742, actions=-1, custom actions=[], active item id=-1, error=null}
06-15 14:45:23.893 11322 11322 D NowPlayingListener: onPlaybackStateChanged: PlaybackState {state=3, position=1414, buffered position=0, speed=1.0, updated=368145742, actions=-1, custom actions=[], active item id=-1, error=null}
06-15 14:45:23.893 802 1224 V Avrcp : onPlaybackStateChanged: state PlaybackState {state=3, position=1414, buffered position=0, speed=1.0, updated=368145742, actions=-1, custom actions=[], active item id=-1, error=null}
06-15 14:45:23.893 11322 11322 D NowPlayingManager: onClientPlaybackStateUpdate() called with: state = [3], stateChangeTimeMs = [368145742], currentPosMs = [1414]
06-15 14:45:23.893 11322 11322 D NowPlayingManager: onClientPlaybackStateUpdate: Skipped update, state: 3 was unchanged
06-15 14:45:23.897 11322 11322 D NowPlayingManager: onMediaDataUpdated() called with: mediaData = [com.google.android.tvrecommendations.NowPlayingData@ec7f486]
06-15 14:45:23.907 11322 11322 D TVNotifService: onTVNotificationPosted StatusBarNotification(pkg=com.google.android.tvrecommendations user=UserHandle{0} id=4321 tag=Notification.NowPlaying key=0|com.google.android.tvrecommendations|4321|Notification.NowPlaying|10087: Notification(channel=now_playing pri=0 contentView=null vibrate=null sound=null defaults=0x0 flags=0x0 color=0x00000000 vis=PRIVATE)) userId: 0
06-15 14:45:24.260 426 22968 D NvOsDebugPrintf: ---> NVMEDIA: Video-conferencing detected !!!!!!!!!
06-15 14:45:24.377 802 1224 V Avrcp : MSG_UPDATE_MEDIA
06-15 14:45:24.377 802 1224 V Avrcp : updatePlaybackState (1): -1Ô×í1(PlaybackState {state=3, position=0, buffered position=0, speed=1.0, updated=368146227, actions=-1, custom actions=[], active item id=-1, error=null})
06-15 14:45:24.378 802 1224 V Avrcp : Media update: id -1Ô×í-1? [MediaAttributes: DÔï»t - by (0 0/0) ]
06-15 14:45:24.378 802 1224 D Avrcp : sendPlayPosNotificationRsp: Not registered or requesting.
06-15 14:45:24.410 802 1224 V Avrcp : onPlaybackStateChanged: state PlaybackState {state=3, position=1918, buffered position=0, speed=1.0, updated=368146259, actions=-1, custom actions=[], active item id=-1, error=null}
06-15 14:45:24.410 11322 11322 D NowPlayingListener: onPlaybackStateChanged: PlaybackState {state=3, position=1918, buffered position=0, speed=1.0, updated=368146259, actions=-1, custom actions=[], active item id=-1, error=null}
06-15 14:45:24.410 11322 11322 D NowPlayingManager: onClientPlaybackStateUpdate() called with: state = [3], stateChangeTimeMs = [368146259], currentPosMs = [1918]
06-15 14:45:24.411 11322 11322 D NowPlayingManager: onClientPlaybackStateUpdate: Skipped update, state: 3 was unchanged
06-15 14:45:24.416 11322 11322 D NowPlayingManager: onMediaDataUpdated() called with: mediaData = [com.google.android.tvrecommendations.NowPlayingData@5c3fd74]
06-15 14:45:24.431 11322 11322 D TVNotifService: onTVNotificationPosted StatusBarNotification(pkg=com.google.android.tvrecommendations user=UserHandle{0} id=4321 tag=Notification.NowPlaying key=0|com.google.android.tvrecommendations|4321|Notification.NowPlaying|10087: Notification(channel=now_playing pri=0 contentView=null vibrate=null sound=null defaults=0x0 flags=0x0 color=0x00000000 vis=PRIVATE)) userId: 0
06-15 14:45:24.928 802 1224 V Avrcp : onPlaybackStateChanged: state PlaybackState {state=3, position=2438, buffered position=0, speed=1.0, updated=368146776, actions=-1, custom actions=[], active item id=-1, error=null}
06-15 14:45:24.928 11322 11322 D NowPlayingListener: onPlaybackStateChanged: PlaybackState {state=3, position=2438, buffered position=0, speed=1.0, updated=368146776, actions=-1, custom actions=[], active item id=-1, error=null}
06-15 14:45:24.928 11322 11322 D NowPlayingManager: onClientPlaybackStateUpdate() called with: state = [3], stateChangeTimeMs = [368146776], currentPosMs = [2438]
06-15 14:45:24.928 11322 11322 D NowPlayingManager: onClientPlaybackStateUpdate: Skipped update, state: 3 was unchanged
06-15 14:45:24.933 11322 11322 D NowPlayingManager: onMediaDataUpdated() called with: mediaData = [com.google.android.tvrecommendations.NowPlayingData@31ed312]
06-15 14:45:24.947 11322 11322 D TVNotifService: onTVNotificationPosted StatusBarNotification(pkg=com.google.android.tvrecommendations user=UserHandle{0} id=4321 tag=Notification.NowPlaying key=0|com.google.android.tvrecommendations|4321|Notification.NowPlaying|10087: Notification(channel=now_playing pri=0 contentView=null vibrate=null sound=null defaults=0x0 flags=0x0 color=0x00000000 vis=PRIVATE)) userId: 0
06-15 14:45:25.411 802 1224 V Avrcp : MSG_UPDATE_MEDIA
06-15 14:45:25.412 802 1224 V Avrcp : updatePlaybackState (1): -1Ô×í1(PlaybackState {state=3, position=0, buffered position=0, speed=1.0, updated=368147261, actions=-1, custom actions=[], active item id=-1, error=null})
06-15 14:45:25.412 802 1224 V Avrcp : Media update: id -1Ô×í-1? [MediaAttributes: DÔï»t - by (0 0/0) ]
06-15 14:45:25.412 802 1224 D Avrcp : sendPlayPosNotificationRsp: Not registered or requesting.
06-15 14:45:25.443 11322 11322 D NowPlayingListener: onPlaybackStateChanged: PlaybackState {state=3, position=3011, buffered position=0, speed=1.0, updated=368147292, actions=-1, custom actions=[], active item id=-1, error=null}
06-15 14:45:25.443 11322 11322 D NowPlayingManager: onClientPlaybackStateUpdate() called with: state = [3], stateChangeTimeMs = [368147292], currentPosMs = [3011]
06-15 14:45:25.444 11322 11322 D NowPlayingManager: onClientPlaybackStateUpdate: Skipped update, state: 3 was unchanged
06-15 14:45:25.446 802 1224 V Avrcp : onPlaybackStateChanged: state PlaybackState {state=3, position=3011, buffered position=0, speed=1.0, updated=368147292, actions=-1, custom actions=[], active item id=-1, error=null}
06-15 14:45:25.450 11322 11322 D NowPlayingManager: onMediaDataUpdated() called with: mediaData = [com.google.android.tvrecommendations.NowPlayingData@bdd7ce0]
06-15 14:45:25.462 11322 11322 D TVNotifService: onTVNotificationPosted StatusBarNotification(pkg=com.google.android.tvrecommendations user=UserHandle{0} id=4321 tag=Notification.NowPlaying key=0|com.google.android.tvrecommendations|4321|Notification.NowPlaying|10087: Notification(channel=now_playing pri=0 contentView=null vibrate=null sound=null defaults=0x0 flags=0x0 color=0x00000000 vis=PRIVATE)) userId: 0
06-15 14:45:25.645 426 22968 D NvOsDebugPrintf: NVMEDIA: FrameRate(for last 120 frames) = 50.000000, AvgFrameRate = 50.000000
06-15 14:45:25.948 802 1224 V Avrcp : onPlaybackStateChanged: state PlaybackState {state=3, position=3663, buffered position=0, speed=1.0, updated=368147796, actions=-1, custom actions=[], active item id=-1, error=null}
06-15 14:45:25.948 11322 11322 D NowPlayingListener: onPlaybackStateChanged: PlaybackState {state=3, position=3663, buffered position=0, speed=1.0, updated=368147796, actions=-1, custom actions=[], active item id=-1, error=null}
06-15 14:45:25.948 11322 11322 D NowPlayingManager: onClientPlaybackStateUpdate() called with: state = [3], stateChangeTimeMs = [368147796], currentPosMs = [3663]
06-15 14:45:25.948 11322 11322 D NowPlayingManager: onClientPlaybackStateUpdate: Skipped update, state: 3 was unchanged
06-15 14:45:25.952 11322 11322 D NowPlayingManager: onMediaDataUpdated() called with: mediaData = [com.google.android.tvrecommendations.NowPlayingData@4930e5e]
06-15 14:45:25.961 11322 11322 D TVNotifService: onTVNotificationPosted StatusBarNotification(pkg=com.google.android.tvrecommendations user=UserHandle{0} id=4321 tag=Notification.NowPlaying key=0|com.google.android.tvrecommendations|4321|Notification.NowPlaying|10087: Notification(channel=now_playing pri=0 contentView=null vibrate=null sound=null defaults=0x0 flags=0x0 color=0x00000000 vis=PRIVATE)) userId: 0
06-15 14:45:26.446 802 1224 V Avrcp : MSG_UPDATE_MEDIA
06-15 14:45:26.447 802 1224 V Avrcp : updatePlaybackState (1): -1Ô×í1(PlaybackState {state=3, position=0, buffered position=0, speed=1.0, updated=368148296, actions=-1, custom actions=[], active item id=-1, error=null})
06-15 14:45:26.447 802 1224 V Avrcp : Media update: id -1Ô×í-1? [MediaAttributes: DÔï»t - by (0 0/0) ]
06-15 14:45:26.447 802 1224 D Avrcp : sendPlayPosNotificationRsp: Not registered or requesting.
06-15 14:45:26.460 802 1224 V Avrcp : onPlaybackStateChanged: state PlaybackState {state=3, position=3663, buffered position=0, speed=1.0, updated=368148309, actions=-1, custom actions=[], active item id=-1, error=null}
06-15 14:45:26.460 11322 11322 D NowPlayingListener: onPlaybackStateChanged: PlaybackState {state=3, position=3663, buffered position=0, speed=1.0, updated=368148309, actions=-1, custom actions=[], active item id=-1, error=null}
06-15 14:45:26.460 11322 11322 D NowPlayingManager: onClientPlaybackStateUpdate() called with: state = [3], stateChangeTimeMs = [368148309], currentPosMs = [3663]
06-15 14:45:26.460 11322 11322 D NowPlayingManager: onClientPlaybackStateUpdate: Skipped update, state: 3 was unchanged
06-15 14:45:26.464 11322 11322 D NowPlayingManager: onMediaDataUpdated() called with: mediaData = [com.google.android.tvrecommendations.NowPlayingData@e4d870c]
06-15 14:45:26.474 11322 11322 D TVNotifService: onTVNotificationPosted StatusBarNotification(pkg=com.google.android.tvrecommendations user=UserHandle{0} id=4321 tag=Notification.NowPlaying key=0|com.google.android.tvrecommendations|4321|Notification.NowPlaying|10087: Notification(channel=now_playing pri=0 contentView=null vibrate=null sound=null defaults=0x0 flags=0x0 color=0x00000000 vis=PRIVATE)) userId: 0
06-15 14:45:26.977 802 1224 V Avrcp : onPlaybackStateChanged: state PlaybackState {state=3, position=3663, buffered position=0, speed=1.0, updated=368148825, actions=-1, custom actions=[], active item id=-1, error=null}
06-15 14:45:26.977 11322 11322 D NowPlayingListener: onPlaybackStateChanged: PlaybackState {state=3, position=3663, buffered position=0, speed=1.0, updated=368148825, actions=-1, custom actions=[], active item id=-1, error=null}
06-15 14:45:26.977 11322 11322 D NowPlayingManager: onClientPlaybackStateUpdate() called with: state = [3], stateChangeTimeMs = [368148825], currentPosMs = [3663]
06-15 14:45:26.977 11322 11322 D NowPlayingManager: onClientPlaybackStateUpdate: Skipped update, state: 3 was unchanged
06-15 14:45:26.981 11322 11322 D NowPlayingManager: onMediaDataUpdated() called with: mediaData = [com.google.android.tvrecommendations.NowPlayingData@27db26a]
06-15 14:45:26.992 11322 11322 D TVNotifService: onTVNotificationPosted StatusBarNotification(pkg=com.google.android.tvrecommendations user=UserHandle{0} id=4321 tag=Notification.NowPlaying key=0|com.google.android.tvrecommendations|4321|Notification.NowPlaying|10087: Notification(channel=now_playing pri=0 contentView=null vibrate=null sound=null defaults=0x0 flags=0x0 color=0x00000000 vis=PRIVATE)) userId: 0
06-15 14:45:27.460 802 1224 V Avrcp : MSG_UPDATE_MEDIA
06-15 14:45:27.460 802 1224 V Avrcp : updatePlaybackState (1): -1Ô×í1(PlaybackState {state=3, position=0, buffered position=0, speed=1.0, updated=368149309, actions=-1, custom actions=[], active item id=-1, error=null})
06-15 14:45:27.460 802 1224 V Avrcp : Media update: id -1Ô×í-1? [MediaAttributes: DÔï»t - by (0 0/0) ]
06-15 14:45:27.460 802 1224 D Avrcp : sendPlayPosNotificationRsp: Not registered or requesting.
06-15 14:45:27.494 11322 11322 D NowPlayingListener: onPlaybackStateChanged: PlaybackState {state=3, position=3663, buffered position=0, speed=1.0, updated=368149343, actions=-1, custom actions=[], active item id=-1, error=null}
06-15 14:45:27.494 11322 11322 D NowPlayingManager: onClientPlaybackStateUpdate() called with: state = [3], stateChangeTimeMs = [368149343], currentPosMs = [3663]
06-15 14:45:27.494 11322 11322 D NowPlayingManager: onClientPlaybackStateUpdate: Skipped update, state: 3 was unchanged
06-15 14:45:27.494 802 1224 V Avrcp : onPlaybackStateChanged: state PlaybackState {state=3, position=3663, buffered position=0, speed=1.0, updated=368149343, actions=-1, custom actions=[], active item id=-1, error=null}
06-15 14:45:27.498 11322 11322 D NowPlayingManager: onMediaDataUpdated() called with: mediaData = [com.google.android.tvrecommendations.NowPlayingData@1d207f8]
06-15 14:45:27.507 11322 11322 D TVNotifService: onTVNotificationPosted StatusBarNotification(pkg=com.google.android.tvrecommendations user=UserHandle{0} id=4321 tag=Notification.NowPlaying key=0|com.google.android.tvrecommendations|4321|Notification.NowPlaying|10087: Notification(channel=now_playing pri=0 contentView=null vibrate=null sound=null defaults=0x0 flags=0x0 color=0x00000000 vis=PRIVATE)) userId: 0
06-15 14:45:28.010 802 1224 V Avrcp : onPlaybackStateChanged: state PlaybackState {state=3, position=3663, buffered position=0, speed=1.0, updated=368149859, actions=-1, custom actions=[], active item id=-1, error=null}
06-15 14:45:28.010 11322 11322 D NowPlayingListener: onPlaybackStateChanged: PlaybackState {state=3, position=3663, buffered position=0, speed=1.0, updated=368149859, actions=-1, custom actions=[], active item id=-1, error=null}
06-15 14:45:28.010 11322 11322 D NowPlayingManager: onClientPlaybackStateUpdate() called with: state = [3], stateChangeTimeMs = [368149859], currentPosMs = [3663]
06-15 14:45:28.010 11322 11322 D NowPlayingManager: onClientPlaybackStateUpdate: Skipped update, state: 3 was unchanged
06-15 14:45:28.014 11322 11322 D NowPlayingManager: onMediaDataUpdated() called with: mediaData = [com.google.android.tvrecommendations.NowPlayingData@6bc8b36]
06-15 14:45:28.024 11322 11322 D TVNotifService: onTVNotificationPosted StatusBarNotification(pkg=com.google.android.tvrecommendations user=UserHandle{0} id=4321 tag=Notification.NowPlaying key=0|com.google.android.tvrecommendations|4321|Notification.NowPlaying|10087: Notification(channel=now_playing pri=0 contentView=null vibrate=null sound=null defaults=0x0 flags=0x0 color=0x00000000 vis=PRIVATE)) userId: 0
06-15 14:45:28.495 802 1224 V Avrcp : MSG_UPDATE_MEDIA
06-15 14:45:28.495 802 1224 V Avrcp : updatePlaybackState (1): -1Ô×í1(PlaybackState {state=3, position=0, buffered position=0, speed=1.0, updated=368150344, actions=-1, custom actions=[], active item id=-1, error=null})
06-15 14:45:28.495 802 1224 V Avrcp : Media update: id -1Ô×í-1? [MediaAttributes: DÔï»t - by (0 0/0) ]
06-15 14:45:28.495 802 1224 D Avrcp : sendPlayPosNotificationRsp: Not registered or requesting.
06-15 14:45:28.511 11322 11322 D NowPlayingListener: onPlaybackStateChanged: PlaybackState {state=3, position=3663, buffered position=0, speed=1.0, updated=368150360, actions=-1, custom actions=[], active item id=-1, error=null}
06-15 14:45:28.511 11322 11322 D NowPlayingManager: onClientPlaybackStateUpdate() called with: state = [3], stateChangeTimeMs = [368150360], currentPosMs = [3663]
06-15 14:45:28.511 11322 11322 D NowPlayingManager: onClientPlaybackStateUpdate: Skipped update, state: 3 was unchanged
06-15 14:45:28.512 802 1224 V Avrcp : onPlaybackStateChanged: state PlaybackState {state=3, position=3663, buffered position=0, speed=1.0, updated=368150360, actions=-1, custom actions=[], active item id=-1, error=null}
06-15 14:45:28.515 11322 11322 D NowPlayingManager: onMediaDataUpdated() called with: mediaData = [com.google.android.tvrecommendations.NowPlayingData@71baba4]
06-15 14:45:28.525 11322 11322 D TVNotifService: onTVNotificationPosted StatusBarNotification(pkg=com.google.android.tvrecommendations user=UserHandle{0} id=4321 tag=Notification.NowPlaying key=0|com.google.android.tvrecommendations|4321|Notification.NowPlaying|10087: Notification(channel=now_playing pri=0 contentView=null vibrate=null sound=null defaults=0x0 flags=0x0 color=0x00000000 vis=PRIVATE)) userId: 0
06-15 14:45:29.026 802 1224 V Avrcp : onPlaybackStateChanged: state PlaybackState {state=3, position=3663, buffered position=0, speed=1.0, updated=368150875, actions=-1, custom actions=[], active item id=-1, error=null}
06-15 14:45:29.026 11322 11322 D NowPlayingListener: onPlaybackStateChanged: PlaybackState {state=3, position=3663, buffered position=0, speed=1.0, updated=368150875, actions=-1, custom actions=[], active item id=-1, error=null}
06-15 14:45:29.026 11322 11322 D NowPlayingManager: onClientPlaybackStateUpdate() called with: state = [3], stateChangeTimeMs = [368150875], currentPosMs = [3663]
06-15 14:45:29.026 11322 11322 D NowPlayingManager: onClientPlaybackStateUpdate: Skipped update, state: 3 was unchanged
06-15 14:45:29.030 11322 11322 D NowPlayingManager: onMediaDataUpdated() called with: mediaData = [com.google.android.tvrecommendations.NowPlayingData@93e24c2]
06-15 14:45:29.040 11322 11322 D TVNotifService: onTVNotificationPosted StatusBarNotification(pkg=com.google.android.tvrecommendations user=UserHandle{0} id=4321 tag=Notification.NowPlaying key=0|com.google.android.tvrecommendations|4321|Notification.NowPlaying|10087: Notification(channel=now_playing pri=0 contentView=null vibrate=null sound=null defaults=0x0 flags=0x0 color=0x00000000 vis=PRIVATE)) userId: 0
06-15 14:45:29.513 802 1224 V Avrcp : MSG_UPDATE_MEDIA
06-15 14:45:29.513 802 1224 V Avrcp : updatePlaybackState (1): -1Ô×í1(PlaybackState {state=3, position=0, buffered position=0, speed=1.0, updated=368151363, actions=-1, custom actions=[], active item id=-1, error=null})
06-15 14:45:29.514 802 1224 V Avrcp : Media update: id -1Ô×í-1? [MediaAttributes: DÔï»t - by (0 0/0) ]
06-15 14:45:29.514 802 1224 D Avrcp : sendPlayPosNotificationRsp: Not registered or requesting.
06-15 14:45:29.526 802 1224 V Avrcp : onPlaybackStateChanged: state PlaybackState {state=3, position=3663, buffered position=0, speed=1.0, updated=368151375, actions=-1, custom actions=[], active item id=-1, error=null}
06-15 14:45:29.526 11322 11322 D NowPlayingListener: onPlaybackStateChanged: PlaybackState {state=3, position=3663, buffered position=0, speed=1.0, updated=368151375, actions=-1, custom actions=[], active item id=-1, error=null}
06-15 14:45:29.527 11322 11322 D NowPlayingManager: onClientPlaybackStateUpdate() called with: state = [3], stateChangeTimeMs = [368151375], currentPosMs = [3663]
06-15 14:45:29.527 11322 11322 D NowPlayingManager: onClientPlaybackStateUpdate: Skipped update, state: 3 was unchanged
06-15 14:45:29.531 11322 11322 D NowPlayingManager: onMediaDataUpdated() called with: mediaData = [com.google.android.tvrecommendations.NowPlayingData@739de10]
06-15 14:45:29.541 11322 11322 D TVNotifService: onTVNotificationPosted StatusBarNotification(pkg=com.google.android.tvrecommendations user=UserHandle{0} id=4321 tag=Notification.NowPlaying key=0|com.google.android.tvrecommendations|4321|Notification.NowPlaying|10087: Notification(channel=now_playing pri=0 contentView=null vibrate=null sound=null defaults=0x0 flags=0x0 color=0x00000000 vis=PRIVATE)) userId: 0
06-15 14:45:30.043 11322 11322 D NowPlayingListener: onPlaybackStateChanged: PlaybackState {state=3, position=3663, buffered position=0, speed=1.0, updated=368151892, actions=-1, custom actions=[], active item id=-1, error=null}
06-15 14:45:30.043 11322 11322 D NowPlayingManager: onClientPlaybackStateUpdate() called with: state = [3], stateChangeTimeMs = [368151892], currentPosMs = [3663]
06-15 14:45:30.043 11322 11322 D NowPlayingManager: onClientPlaybackStateUpdate: Skipped update, state: 3 was unchanged
06-15 14:45:30.043 802 1224 V Avrcp : onPlaybackStateChanged: state PlaybackState {state=3, position=3663, buffered position=0, speed=1.0, updated=368151892, actions=-1, custom actions=[], active item id=-1, error=null}
06-15 14:45:30.047 11322 11322 D NowPlayingManager: onMediaDataUpdated() called with: mediaData = [com.google.android.tvrecommendations.NowPlayingData@4dcb0e]
06-15 14:45:30.064 11322 11322 D TVNotifService: onTVNotificationPosted StatusBarNotification(pkg=com.google.android.tvrecommendations user=UserHandle{0} id=4321 tag=Notification.NowPlaying key=0|com.google.android.tvrecommendations|4321|Notification.NowPlaying|10087: Notification(channel=now_playing pri=0 contentView=null vibrate=null sound=null defaults=0x0 flags=0x0 color=0x00000000 vis=PRIVATE)) userId: 0
06-15 14:45:30.527 802 1224 V Avrcp : MSG_UPDATE_MEDIA
06-15 14:45:30.527 802 1224 V Avrcp : updatePlaybackState (1): -1Ô×í1(PlaybackState {state=3, position=0, buffered position=0, speed=1.0, updated=368152377, actions=-1, custom actions=[], active item id=-1, error=null})
06-15 14:45:30.527 802 1224 V Avrcp : Media update: id -1Ô×í-1? [MediaAttributes: DÔï»t - by (0 0/0) ]
06-15 14:45:30.528 802 1224 D Avrcp : sendPlayPosNotificationRsp: Not registered or requesting.
06-15 14:45:30.560 802 1224 V Avrcp : onPlaybackStateChanged: state PlaybackState {state=3, position=3663, buffered position=0, speed=1.0, updated=368152409, actions=-1, custom actions=[], active item id=-1, error=null}
06-15 14:45:30.560 11322 11322 D NowPlayingListener: onPlaybackStateChanged: PlaybackState {state=3, position=3663, buffered position=0, speed=1.0, updated=368152409, actions=-1, custom actions=[], active item id=-1, error=null}
06-15 14:45:30.560 11322 11322 D NowPlayingManager: onClientPlaybackStateUpdate() called with: state = [3], stateChangeTimeMs = [368152409], currentPosMs = [3663]
06-15 14:45:30.561 11322 11322 D NowPlayingManager: onClientPlaybackStateUpdate: Skipped update, state: 3 was unchanged
06-15 14:45:30.565 11322 11322 D NowPlayingManager: onMediaDataUpdated() called with: mediaData = [com.google.android.tvrecommendations.NowPlayingData@ac6cb3c]
06-15 14:45:30.575 11322 11322 D TVNotifService: onTVNotificationPosted StatusBarNotification(pkg=com.google.android.tvrecommendations user=UserHandle{0} id=4321 tag=Notification.NowPlaying key=0|com.google.android.tvrecommendations|4321|Notification.NowPlaying|10087: Notification(channel=now_playing pri=0 contentView=null vibrate=null sound=null defaults=0x0 flags=0x0 color=0x00000000 vis=PRIVATE)) userId: 0
06-15 14:45:31.060 802 1224 V Avrcp : onPlaybackStateChanged: state PlaybackState {state=3, position=3663, buffered position=0, speed=1.0, updated=368152910, actions=-1, custom actions=[], active item id=-1, error=null}
06-15 14:45:31.060 11322 11322 D NowPlayingListener: onPlaybackStateChanged: PlaybackState {state=3, position=3663, buffered position=0, speed=1.0, updated=368152910, actions=-1, custom actions=[], active item id=-1, error=null}
06-15 14:45:31.061 11322 11322 D NowPlayingManager: onClientPlaybackStateUpdate() called with: state = [3], stateChangeTimeMs = [368152910], currentPosMs = [3663]
06-15 14:45:31.061 11322 11322 D NowPlayingManager: onClientPlaybackStateUpdate: Skipped update, state: 3 was unchanged
06-15 14:45:31.064 11322 11322 D NowPlayingManager: onMediaDataUpdated() called with: mediaData = [com.google.android.tvrecommendations.NowPlayingData@99f8a1a]
