06-15 14:47:36.111 11322 11322 D NowPlayingManager: onClientPlaybackStateUpdate() called with: state = [3], stateChangeTimeMs = [368277959], currentPosMs = [14897]
06-15 14:47:36.111 11322 11322 D NowPlayingManager: onClientPlaybackStateUpdate: Skipped update, state: 3 was unchanged
06-15 14:47:36.114 11322 11322 D NowPlayingManager: onMediaDataUpdated() called with: mediaData = [com.google.android.tvrecommendations.NowPlayingData@3eeae17]
06-15 14:47:36.122 11322 11322 D TVNotifService: onTVNotificationPosted StatusBarNotification(pkg=com.google.android.tvrecommendations user=UserHandle{0} id=4321 tag=Notification.NowPlaying key=0|com.google.android.tvrecommendations|4321|Notification.NowPlaying|10087: Notification(channel=now_playing pri=0 contentView=null vibrate=null sound=null defaults=0x0 flags=0x0 color=0x00000000 vis=PRIVATE)) userId: 0
06-15 14:47:36.143 426 23164 D NvOsDebugPrintf: NVMEDIA: FrameRate(for last 120 frames) = 50.000000, AvgFrameRate = 50.000000
06-15 14:47:36.626 802 1224 V Avrcp : onPlaybackStateChanged: state PlaybackState {state=3, position=15533, buffered position=0, speed=1.0, updated=368278475, actions=-1, custom actions=[], active item id=-1, error=null}
06-15 14:47:36.626 11322 11322 D NowPlayingListener: onPlaybackStateChanged: PlaybackState {state=3, position=15533, buffered position=0, speed=1.0, updated=368278475, actions=-1, custom actions=[], active item id=-1, error=null}
06-15 14:47:36.626 11322 11322 D NowPlayingManager: onClientPlaybackStateUpdate() called with: state = [3], stateChangeTimeMs = [368278475], currentPosMs = [15533]
06-15 14:47:36.626 11322 11322 D NowPlayingManager: onClientPlaybackStateUpdate: Skipped update, state: 3 was unchanged
06-15 14:47:36.628 11322 11322 D NowPlayingManager: onMediaDataUpdated() called with: mediaData = [com.google.android.tvrecommendations.NowPlayingData@e0953ed]
06-15 14:47:36.636 11322 11322 D TVNotifService: onTVNotificationPosted StatusBarNotification(pkg=com.google.android.tvrecommendations user=UserHandle{0} id=4321 tag=Notification.NowPlaying key=0|com.google.android.tvrecommendations|4321|Notification.NowPlaying|10087: Notification(channel=now_playing pri=0 contentView=null vibrate=null sound=null defaults=0x0 flags=0x0 color=0x00000000 vis=PRIVATE)) userId: 0
06-15 14:47:37.111 802 1224 V Avrcp : MSG_UPDATE_MEDIA
06-15 14:47:37.111 802 1224 V Avrcp : updatePlaybackState (1): -1Ô×í1(PlaybackState {state=3, position=16019, buffered position=0, speed=1.0, updated=368278961, actions=-1, custom actions=[], active item id=-1, error=null})
06-15 14:47:37.112 802 1224 V Avrcp : Media update: id -1Ô×í-1? [MediaAttributes: DÔï»n - by (16096 0/0) ]
06-15 14:47:37.112 802 1224 D Avrcp : sendPlayPosNotificationRsp: Not registered or requesting.
06-15 14:47:37.145 802 1224 V Avrcp : onPlaybackStateChanged: state PlaybackState {state=3, position=16173, buffered position=0, speed=1.0, updated=368278992, actions=-1, custom actions=[], active item id=-1, error=null}
06-15 14:47:37.145 11322 11322 D NowPlayingListener: onPlaybackStateChanged: PlaybackState {state=3, position=16173, buffered position=0, speed=1.0, updated=368278992, actions=-1, custom actions=[], active item id=-1, error=null}
06-15 14:47:37.145 11322 11322 D NowPlayingManager: onClientPlaybackStateUpdate() called with: state = [3], stateChangeTimeMs = [368278992], currentPosMs = [16173]
06-15 14:47:37.145 11322 11322 D NowPlayingManager: onClientPlaybackStateUpdate: Skipped update, state: 3 was unchanged
06-15 14:47:37.150 11322 11322 D NowPlayingManager: onMediaDataUpdated() called with: mediaData = [com.google.android.tvrecommendations.NowPlayingData@82614b3]
06-15 14:47:37.160 11322 11322 D TVNotifService: onTVNotificationPosted StatusBarNotification(pkg=com.google.android.tvrecommendations user=UserHandle{0} id=4321 tag=Notification.NowPlaying key=0|com.google.android.tvrecommendations|4321|Notification.NowPlaying|10087: Notification(channel=now_playing pri=0 contentView=null vibrate=null sound=null defaults=0x0 flags=0x0 color=0x00000000 vis=PRIVATE)) userId: 0
06-15 14:47:37.660 802 1224 V Avrcp : onPlaybackStateChanged: state PlaybackState {state=3, position=16488, buffered position=0, speed=1.0, updated=368279509, actions=-1, custom actions=[], active item id=-1, error=null}
06-15 14:47:37.660 11322 11322 D NowPlayingListener: onPlaybackStateChanged: PlaybackState {state=3, position=16488, buffered position=0, speed=1.0, updated=368279509, actions=-1, custom actions=[], active item id=-1, error=null}
06-15 14:47:37.660 11322 11322 D NowPlayingManager: onClientPlaybackStateUpdate() called with: state = [3], stateChangeTimeMs = [368279509], currentPosMs = [16488]
06-15 14:47:37.660 11322 11322 D NowPlayingManager: onClientPlaybackStateUpdate: Skipped update, state: 3 was unchanged
06-15 14:47:37.664 11322 11322 D NowPlayingManager: onMediaDataUpdated() called with: mediaData = [com.google.android.tvrecommendations.NowPlayingData@33441e9]
06-15 14:47:37.672 11322 11322 D TVNotifService: onTVNotificationPosted StatusBarNotification(pkg=com.google.android.tvrecommendations user=UserHandle{0} id=4321 tag=Notification.NowPlaying key=0|com.google.android.tvrecommendations|4321|Notification.NowPlaying|10087: Notification(channel=now_playing pri=0 contentView=null vibrate=null sound=null defaults=0x0 flags=0x0 color=0x00000000 vis=PRIVATE)) userId: 0
06-15 14:47:38.098 14870 14870 D SchedulerJobService: job service created
06-15 14:47:38.108 14870 14870 I WifiUtil: WifiLock:acquire 1 ++++
06-15 14:47:38.123 14870 14870 D JobDownloadManager: download job handler created
06-15 14:47:38.123 14870 14870 D JobDownloadManager: job 1080 run
06-15 14:47:38.123 14870 14870 D JobDownloadManager: start job 1080
06-15 14:47:38.135 1308 23187 I AsyncOpDispatcher: 35-GetDeviceDataUploadOptInStatusOperation
06-15 14:47:38.146 802 1224 V Avrcp : MSG_UPDATE_MEDIA
06-15 14:47:38.149 802 1224 V Avrcp : updatePlaybackState (1): -1Ô×í1(PlaybackState {state=3, position=16096, buffered position=0, speed=1.0, updated=368279997, actions=-1, custom actions=[], active item id=-1, error=null})
06-15 14:47:38.151 802 1224 V Avrcp : Media update: id -1Ô×í-1? [MediaAttributes: DÔï»n - by (16096 0/0) ]
06-15 14:47:38.151 802 1224 D Avrcp : sendPlayPosNotificationRsp: Not registered or requesting.
06-15 14:47:38.176 802 1224 V Avrcp : onPlaybackStateChanged: state PlaybackState {state=3, position=17126, buffered position=0, speed=1.0, updated=368280025, actions=-1, custom actions=[], active item id=-1, error=null}
06-15 14:47:38.176 11322 11322 D NowPlayingListener: onPlaybackStateChanged: PlaybackState {state=3, position=17126, buffered position=0, speed=1.0, updated=368280025, actions=-1, custom actions=[], active item id=-1, error=null}
06-15 14:47:38.176 11322 11322 D NowPlayingManager: onClientPlaybackStateUpdate() called with: state = [3], stateChangeTimeMs = [368280025], currentPosMs = [17126]
06-15 14:47:38.176 11322 11322 D NowPlayingManager: onClientPlaybackStateUpdate: Skipped update, state: 3 was unchanged
06-15 14:47:38.178 11322 11322 D NowPlayingManager: onMediaDataUpdated() called with: mediaData = [com.google.android.tvrecommendations.NowPlayingData@b63490f]
06-15 14:47:38.185 11322 11322 D TVNotifService: onTVNotificationPosted StatusBarNotification(pkg=com.google.android.tvrecommendations user=UserHandle{0} id=4321 tag=Notification.NowPlaying key=0|com.google.android.tvrecommendations|4321|Notification.NowPlaying|10087: Notification(channel=now_playing pri=0 contentView=null vibrate=null sound=null defaults=0x0 flags=0x0 color=0x00000000 vis=PRIVATE)) userId: 0
06-15 14:47:38.368 14870 23192 I AccountClient: getDelegateToken: Time: 216 Token eyJh...KWsc [280]
06-15 14:47:38.383 21129 23195 D TelemetryService: event TimingWithHttpHeaders sent because of consent:FULL , event gdpr level:FUNCTIONAL , event client id:94211521738964993
06-15 14:47:38.388 14870 23192 D Retrofit: --> GET https://eu-central-2.cloudmatchbeta.nvidiagrid.net/v2/app?languageCode=de_DE&uplay=false http/1.1
06-15 14:47:38.544 426 23164 D NvOsDebugPrintf: NVMEDIA: FrameRate(for last 120 frames) = 50.000000, AvgFrameRate = 50.000000
06-15 14:47:38.694 11322 11322 D NowPlayingListener: onPlaybackStateChanged: PlaybackState {state=3, position=17450, buffered position=0, speed=1.0, updated=368280542, actions=-1, custom actions=[], active item id=-1, error=null}
06-15 14:47:38.694 11322 11322 D NowPlayingManager: onClientPlaybackStateUpdate() called with: state = [3], stateChangeTimeMs = [368280542], currentPosMs = [17450]
06-15 14:47:38.694 11322 11322 D NowPlayingManager: onClientPlaybackStateUpdate: Skipped update, state: 3 was unchanged
06-15 14:47:38.695 802 1224 V Avrcp : onPlaybackStateChanged: state PlaybackState {state=3, position=17450, buffered position=0, speed=1.0, updated=368280542, actions=-1, custom actions=[], active item id=-1, error=null}
06-15 14:47:38.697 11322 11322 D NowPlayingManager: onMediaDataUpdated() called with: mediaData = [com.google.android.tvrecommendations.NowPlayingData@30613a5]
06-15 14:47:38.705 11322 11322 D TVNotifService: onTVNotificationPosted StatusBarNotification(pkg=com.google.android.tvrecommendations user=UserHandle{0} id=4321 tag=Notification.NowPlaying key=0|com.google.android.tvrecommendations|4321|Notification.NowPlaying|10087: Notification(channel=now_playing pri=0 contentView=null vibrate=null sound=null defaults=0x0 flags=0x0 color=0x00000000 vis=PRIVATE)) userId: 0
06-15 14:47:38.948 14870 23192 D Retrofit: <-- 200 OK https://eu-central-2.cloudmatchbeta.nvidiagrid.net/v2/app?languageCode=de_DE&uplay=false (560ms, 32673-byte body)
06-15 14:47:38.981 14870 23192 D Retrofit: --> GET https://static.nvidiagrid.net/tags/tags_de_DE.json http/1.1
06-15 14:47:39.147 14870 23192 D Retrofit: <-- 200 https://static.nvidiagrid.net/tags/tags_de_DE.json (165ms, 2401-byte body)
06-15 14:47:39.150 14870 23192 D Retrofit: --> GET https://static.nvidiagrid.net/tags/genres_de_DE.json http/1.1
06-15 14:47:39.177 802 1224 V Avrcp : MSG_UPDATE_MEDIA
06-15 14:47:39.177 802 1224 V Avrcp : updatePlaybackState (1): -1Ô×í1(PlaybackState {state=3, position=16096, buffered position=0, speed=1.0, updated=368281027, actions=-1, custom actions=[], active item id=-1, error=null})
06-15 14:47:39.178 802 1224 V Avrcp : Media update: id -1Ô×í-1? [MediaAttributes: DÔï»n - by (16096 0/0) ]
06-15 14:47:39.178 802 1224 D Avrcp : sendPlayPosNotificationRsp: Not registered or requesting.
06-15 14:47:39.211 802 1224 V Avrcp : onPlaybackStateChanged: state PlaybackState {state=3, position=18098, buffered position=0, speed=1.0, updated=368281059, actions=-1, custom actions=[], active item id=-1, error=null}
06-15 14:47:39.211 11322 11322 D NowPlayingListener: onPlaybackStateChanged: PlaybackState {state=3, position=18098, buffered position=0, speed=1.0, updated=368281059, actions=-1, custom actions=[], active item id=-1, error=null}
06-15 14:47:39.211 11322 11322 D NowPlayingManager: onClientPlaybackStateUpdate() called with: state = [3], stateChangeTimeMs = [368281059], currentPosMs = [18098]
06-15 14:47:39.211 11322 11322 D NowPlayingManager: onClientPlaybackStateUpdate: Skipped update, state: 3 was unchanged
06-15 14:47:39.213 11322 11322 D NowPlayingManager: onMediaDataUpdated() called with: mediaData = [com.google.android.tvrecommendations.NowPlayingData@195672b]
06-15 14:47:39.222 11322 11322 D TVNotifService: onTVNotificationPosted StatusBarNotification(pkg=com.google.android.tvrecommendations user=UserHandle{0} id=4321 tag=Notification.NowPlaying key=0|com.google.android.tvrecommendations|4321|Notification.NowPlaying|10087: Notification(channel=now_playing pri=0 contentView=null vibrate=null sound=null defaults=0x0 flags=0x0 color=0x00000000 vis=PRIVATE)) userId: 0
06-15 14:47:39.223 14870 23192 D Retrofit: <-- 200 https://static.nvidiagrid.net/tags/genres_de_DE.json (73ms, 2090-byte body)
06-15 14:47:39.225 14870 23192 D Retrofit: --> GET https://static.nvidiagrid.net/rating/GB/rating_de_DE.json http/1.1
06-15 14:47:39.257 14870 23192 D Retrofit: <-- 200 https://static.nvidiagrid.net/rating/GB/rating_de_DE.json (32ms, 628-byte body)
06-15 14:47:39.265 14870 23192 D BifrostClient: request statusCode : SUCCESS_STATUS
06-15 14:47:39.267 14870 23209 D Retrofit: --> GET https://static.nvidiagrid.net/apps/1140111/1140111_meta.json http/1.1
06-15 14:47:39.268 14870 23210 D Retrofit: --> GET https://static.nvidiagrid.net/apps/1141111/1141111_meta.json http/1.1
06-15 14:47:39.271 14870 23214 D Retrofit: --> GET https://static.nvidiagrid.net/apps/1780111/1780111_meta.json http/1.1
06-15 14:47:39.271 14870 23212 D Retrofit: --> GET https://static.nvidiagrid.net/apps/1386111/1386111_meta.json http/1.1
06-15 14:47:39.271 14870 23214 D Retrofit: --> GET https://static.nvidiagrid.net/apps/1780111/1780111_meta.json http/1.1
06-15 14:47:39.276 14870 23211 D Retrofit: --> GET https://static.nvidiagrid.net/apps/1176111/1176111_meta.json http/1.1
06-15 14:47:39.281 14870 23217 D Retrofit: --> GET https://static.nvidiagrid.net/apps/1820111/1820111_meta.json http/1.1
06-15 14:47:39.282 14870 23213 D Retrofit: --> GET https://static.nvidiagrid.net/apps/1747111/1747111_meta.json http/1.1
06-15 14:47:39.284 14870 23216 D Retrofit: --> GET https://static.nvidiagrid.net/apps/1819111/1819111_meta.json http/1.1
06-15 14:47:39.284 14870 23218 D Retrofit: --> GET https://static.nvidiagrid.net/apps/2479111/2479111_meta.json http/1.1
06-15 14:47:39.287 14870 23222 D Retrofit: --> GET https://static.nvidiagrid.net/apps/4027111/4027111_meta.json http/1.1
06-15 14:47:39.287 21129 23215 D TelemetryService: event FunctionalEvent sent because of consent:FULL , event gdpr level:FUNCTIONAL , event client id:91452636138522988
06-15 14:47:39.289 14870 23220 D Retrofit: --> GET https://static.nvidiagrid.net/apps/3315111/3315111_meta.json http/1.1
06-15 14:47:39.291 14870 23225 D Retrofit: --> GET https://static.nvidiagrid.net/apps/4220111/4220111_meta.json http/1.1
06-15 14:47:39.291 14870 23223 D Retrofit: --> GET https://static.nvidiagrid.net/apps/4072111/4072111_meta.json http/1.1
06-15 14:47:39.296 14870 23224 D Retrofit: --> GET https://static.nvidiagrid.net/apps/4086111/4086111_meta.json http/1.1
06-15 14:47:39.296 14870 23219 D Retrofit: --> GET https://static.nvidiagrid.net/apps/2605111/2605111_meta.json http/1.1
06-15 14:47:39.297 14870 23192 D Retrofit: --> GET https://static.nvidiagrid.net/apps/7785111/7785111_meta.json http/1.1
06-15 14:47:39.299 14870 23227 D Retrofit: --> GET https://static.nvidiagrid.net/apps/7333111/7333111_meta.json http/1.1
06-15 14:47:39.299 14870 23209 D Retrofit: <-- 200 https://static.nvidiagrid.net/apps/1140111/1140111_meta.json (32ms, 4368-byte body)
06-15 14:47:39.307 14870 23209 D Retrofit: --> GET https://static.nvidiagrid.net/apps/1140111/1140111_de_DE.json http/1.1
06-15 14:47:39.323 14870 23207 D Retrofit: <-- 200 https://static.nvidiagrid.net/apps/384111/384111_meta.json (55ms, 3614-byte body)
06-15 14:47:39.324 14870 23207 D Retrofit: --> GET https://static.nvidiagrid.net/apps/384111/384111_de_DE.json http/1.1
06-15 14:47:39.327 14870 23212 D Retrofit: <-- 200 https://static.nvidiagrid.net/apps/1386111/1386111_meta.json (56ms, 3219-byte body)
06-15 14:47:39.328 14870 23212 D Retrofit: --> GET https://static.nvidiagrid.net/apps/1386111/1386111_de_DE.json http/1.1
06-15 14:47:39.332 14870 23210 D Retrofit: <-- 200 https://static.nvidiagrid.net/apps/1141111/1141111_meta.json (63ms, 3622-byte body)
06-15 14:47:39.332 14870 23210 D Retrofit: --> GET https://static.nvidiagrid.net/apps/1141111/1141111_de_DE.json http/1.1
06-15 14:47:39.336 14870 23214 D Retrofit: <-- 200 https://static.nvidiagrid.net/apps/1780111/1780111_meta.json (65ms, 4358-byte body)
06-15 14:47:39.337 14870 23214 D Retrofit: --> GET https://static.nvidiagrid.net/apps/1780111/1780111_de_DE.json http/1.1
06-15 14:47:39.341 14870 23211 D Retrofit: <-- 200 https://static.nvidiagrid.net/apps/1176111/1176111_meta.json (64ms, 4341-byte body)
06-15 14:47:39.341 14870 23211 D Retrofit: --> GET https://static.nvidiagrid.net/apps/1176111/1176111_de_DE.json http/1.1
06-15 14:47:39.350 14870 23217 D Retrofit: <-- 200 https://static.nvidiagrid.net/apps/1820111/1820111_meta.json (69ms, 3224-byte body)
06-15 14:47:39.351 14870 23217 D Retrofit: --> GET https://static.nvidiagrid.net/apps/1820111/1820111_de_DE.json http/1.1
06-15 14:47:39.366 14870 23222 D Retrofit: <-- 200 https://static.nvidiagrid.net/apps/4027111/4027111_meta.json (78ms, 4375-byte body)
06-15 14:47:39.369 14870 23222 D Retrofit: --> GET https://static.nvidiagrid.net/apps/4027111/4027111_de_DE.json http/1.1
06-15 14:47:39.370 14870 23218 D Retrofit: <-- 200 https://static.nvidiagrid.net/apps/2479111/2479111_meta.json (86ms, 4222-byte body)
06-15 14:47:39.371 14870 23218 D Retrofit: --> GET https://static.nvidiagrid.net/apps/2479111/2479111_de_DE.json http/1.1
06-15 14:47:39.381 14870 23192 D Retrofit: <-- 200 https://static.nvidiagrid.net/apps/7785111/7785111_meta.json (83ms, 4163-byte body)
06-15 14:47:39.382 14870 23192 D Retrofit: --> GET https://static.nvidiagrid.net/apps/7785111/7785111_de_DE.json http/1.1
06-15 14:47:39.396 14870 23212 D Retrofit: <-- 200 https://static.nvidiagrid.net/apps/1386111/1386111_de_DE.json (68ms, 1184-byte body)
06-15 14:47:39.398 14870 23212 D Retrofit: --> GET https://static.nvidiagrid.net/apps/1386111/GB/1386111_GB.json http/1.1
06-15 14:47:39.398 14870 23223 D Retrofit: <-- 200 https://static.nvidiagrid.net/apps/4072111/4072111_meta.json (107ms, 3594-byte body)
06-15 14:47:39.400 14870 23223 D Retrofit: --> GET https://static.nvidiagrid.net/apps/4072111/4072111_de_DE.json http/1.1
06-15 14:47:39.402 14870 23224 D Retrofit: <-- 200 https://static.nvidiagrid.net/apps/4086111/4086111_meta.json (106ms, 3395-byte body)
06-15 14:47:39.402 14870 23224 D Retrofit: --> GET https://static.nvidiagrid.net/apps/4086111/4086111_de_DE.json http/1.1
06-15 14:47:39.403 14870 23219 D Retrofit: <-- 200 https://static.nvidiagrid.net/apps/2605111/2605111_meta.json (106ms, 4166-byte body)
06-15 14:47:39.404 14870 23219 D Retrofit: --> GET https://static.nvidiagrid.net/apps/2605111/2605111_de_DE.json http/1.1
06-15 14:47:39.405 14870 23216 D Retrofit: --> GET https://static.nvidiagrid.net/apps/1819111/1819111_de_DE.json http/1.1
06-15 14:47:39.409 14870 23221 D Retrofit: <-- 200 https://static.nvidiagrid.net/apps/4020111/4020111_meta.json (106ms, 3189-byte body)
06-15 14:47:39.409 14870 23221 D Retrofit: --> GET https://static.nvidiagrid.net/apps/4020111/4020111_de_DE.json http/1.1
06-15 14:47:39.413 14870 23209 D Retrofit: <-- 200 https://static.nvidiagrid.net/apps/1140111/1140111_de_DE.json (106ms, 1340-byte body)
06-15 14:47:39.414 14870 23209 D Retrofit: --> GET https://static.nvidiagrid.net/apps/1140111/GB/1140111_GB.json http/1.1
06-15 14:47:39.433 14870 23213 D Retrofit: <-- 200 https://static.nvidiagrid.net/apps/1747111/1747111_meta.json (150ms, 4324-byte body)
06-15 14:47:39.434 14870 23213 D Retrofit: --> GET https://static.nvidiagrid.net/apps/1747111/1747111_de_DE.json http/1.1
06-15 14:47:39.436 14870 23207 D Retrofit: <-- 200 https://static.nvidiagrid.net/apps/384111/384111_de_DE.json (112ms, 2568-byte body)
06-15 14:47:39.437 14870 23207 D Retrofit: --> GET https://static.nvidiagrid.net/apps/384111/GB/384111_GB.json http/1.1
06-15 14:47:39.440 14870 23210 D Retrofit: <-- 200 https://static.nvidiagrid.net/apps/1141111/1141111_de_DE.json (107ms, 2979-byte body)
06-15 14:47:39.440 14870 23210 D Retrofit: --> GET https://static.nvidiagrid.net/apps/1141111/GB/1141111_GB.json http/1.1
06-15 14:47:39.443 14870 23227 D Retrofit: <-- 200 https://static.nvidiagrid.net/apps/7333111/7333111_meta.json (144ms, 3202-byte body)
06-15 14:47:39.444 14870 23227 D Retrofit: --> GET https://static.nvidiagrid.net/apps/7333111/7333111_de_DE.json http/1.1
06-15 14:47:39.448 14870 23220 D Retrofit: <-- 200 https://static.nvidiagrid.net/apps/3315111/3315111_meta.json (158ms, 3214-byte body)
06-15 14:47:39.448 14870 23220 D Retrofit: --> GET https://static.nvidiagrid.net/apps/3315111/3315111_de_DE.json http/1.1
06-15 14:47:39.452 14870 23217 D Retrofit: <-- 200 https://static.nvidiagrid.net/apps/1820111/1820111_de_DE.json (101ms, 2556-byte body)
06-15 14:47:39.452 14870 23217 D Retrofit: --> GET https://static.nvidiagrid.net/apps/1820111/GB/1820111_GB.json http/1.1
06-15 14:47:39.456 14870 23214 D Retrofit: <-- 200 https://static.nvidiagrid.net/apps/1780111/1780111_de_DE.json (118ms, 1293-byte body)
06-15 14:47:39.456 14870 23214 D Retrofit: --> GET https://static.nvidiagrid.net/apps/1780111/GB/1780111_GB.json http/1.1
06-15 14:47:39.458 14870 23225 D Retrofit: <-- 200 https://static.nvidiagrid.net/apps/4220111/4220111_meta.json (167ms, 4382-byte body)
06-15 14:47:39.459 14870 23225 D Retrofit: --> GET https://static.nvidiagrid.net/apps/4220111/4220111_de_DE.json http/1.1
06-15 14:47:39.464 14870 23211 D Retrofit: <-- 200 https://static.nvidiagrid.net/apps/1176111/1176111_de_DE.json (122ms, 1136-byte body)
06-15 14:47:39.464 14870 23211 D Retrofit: --> GET https://static.nvidiagrid.net/apps/1176111/GB/1176111_GB.json http/1.1
06-15 14:47:39.467 14870 23222 D Retrofit: <-- 200 https://static.nvidiagrid.net/apps/4027111/4027111_de_DE.json (97ms, 1255-byte body)
06-15 14:47:39.467 14870 23222 D Retrofit: --> GET https://static.nvidiagrid.net/apps/4027111/GB/4027111_GB.json http/1.1
06-15 14:47:39.485 14870 23216 D Retrofit: <-- 200 https://static.nvidiagrid.net/apps/1819111/1819111_de_DE.json (80ms, 990-byte body)
06-15 14:47:39.485 14870 23216 D Retrofit: --> GET https://static.nvidiagrid.net/apps/1819111/GB/1819111_GB.json http/1.1
06-15 14:47:39.488 14870 23218 D Retrofit: <-- 200 https://static.nvidiagrid.net/apps/2479111/2479111_de_DE.json (117ms, 717-byte body)
06-15 14:47:39.489 14870 23218 D Retrofit: --> GET https://static.nvidiagrid.net/apps/2479111/GB/2479111_GB.json http/1.1
06-15 14:47:39.490 14870 23192 D Retrofit: <-- 200 https://static.nvidiagrid.net/apps/7785111/7785111_de_DE.json (107ms, 639-byte body)
06-15 14:47:39.490 14870 23192 D Retrofit: --> GET https://static.nvidiagrid.net/apps/7785111/GB/7785111_GB.json http/1.1
06-15 14:47:39.493 14870 23212 D Retrofit: <-- 200 https://static.nvidiagrid.net/apps/1386111/GB/1386111_GB.json (95ms, 2750-byte body)
06-15 14:47:39.498 14870 23213 D Retrofit: <-- 200 https://static.nvidiagrid.net/apps/1747111/1747111_de_DE.json (64ms, 955-byte body)
06-15 14:47:39.499 14870 23213 D Retrofit: --> GET https://static.nvidiagrid.net/apps/1747111/GB/1747111_GB.json http/1.1
06-15 14:47:39.500 14870 23209 D Retrofit: <-- 200 https://static.nvidiagrid.net/apps/1140111/GB/1140111_GB.json (86ms, 2242-byte body)
06-15 14:47:39.501 14870 23221 D Retrofit: <-- 200 https://static.nvidiagrid.net/apps/4020111/4020111_de_DE.json (91ms, 2911-byte body)
06-15 14:47:39.502 14870 23221 D Retrofit: --> GET https://static.nvidiagrid.net/apps/4020111/GB/4020111_GB.json http/1.1
06-15 14:47:39.508 14870 23212 D Retrofit: --> GET https://static.nvidiagrid.net/apps/9088111/9088111_meta.json http/1.1
06-15 14:47:39.508 14870 23209 D Retrofit: --> GET https://static.nvidiagrid.net/apps/11668111/11668111_meta.json http/1.1
06-15 14:47:39.517 14870 23219 D Retrofit: <-- 200 https://static.nvidiagrid.net/apps/2605111/2605111_de_DE.json (113ms, 1333-byte body)
06-15 14:47:39.518 14870 23219 D Retrofit: --> GET https://static.nvidiagrid.net/apps/2605111/GB/2605111_GB.json http/1.1
06-15 14:47:39.519 14870 23224 D Retrofit: <-- 200 https://static.nvidiagrid.net/apps/4086111/4086111_de_DE.json (116ms, 901-byte body)
06-15 14:47:39.519 14870 23224 D Retrofit: --> GET https://static.nvidiagrid.net/apps/4086111/GB/4086111_GB.json http/1.1
06-15 14:47:39.520 14870 23223 D Retrofit: <-- 200 https://static.nvidiagrid.net/apps/4072111/4072111_de_DE.json (120ms, 1658-byte body)
06-15 14:47:39.522 14870 23223 D Retrofit: --> GET https://static.nvidiagrid.net/apps/4072111/GB/4072111_GB.json http/1.1
06-15 14:47:39.538 14870 23220 D Retrofit: <-- 200 https://static.nvidiagrid.net/apps/3315111/3315111_de_DE.json (89ms, 2735-byte body)
06-15 14:47:39.538 14870 23220 D Retrofit: --> GET https://static.nvidiagrid.net/apps/3315111/GB/3315111_GB.json http/1.1
06-15 14:47:39.539 14870 23222 D Retrofit: <-- 200 https://static.nvidiagrid.net/apps/4027111/GB/4027111_GB.json (72ms, 2602-byte body)
06-15 14:47:39.541 14870 23210 D Retrofit: <-- 200 https://static.nvidiagrid.net/apps/1141111/GB/1141111_GB.json (100ms, 3282-byte body)
06-15 14:47:39.542 14870 23211 D Retrofit: <-- 200 https://static.nvidiagrid.net/apps/1176111/GB/1176111_GB.json (77ms, 2560-byte body)
06-15 14:47:39.543 14870 23210 D Retrofit: --> GET https://static.nvidiagrid.net/apps/99999111/99999111_meta.json http/1.1
06-15 14:47:39.543 14870 23222 D Retrofit: --> GET https://static.nvidiagrid.net/apps/100063211/100063211_meta.json http/1.1
06-15 14:47:39.543 14870 23211 D Retrofit: --> GET https://static.nvidiagrid.net/apps/18639011/18639011_meta.json http/1.1
06-15 14:47:39.546 14870 23225 D Retrofit: <-- 200 https://static.nvidiagrid.net/apps/4220111/4220111_de_DE.json (87ms, 2334-byte body)
06-15 14:47:39.547 14870 23225 D Retrofit: --> GET https://static.nvidiagrid.net/apps/4220111/GB/4220111_GB.json http/1.1
06-15 14:47:39.557 14870 23227 D Retrofit: <-- 200 https://static.nvidiagrid.net/apps/7333111/7333111_de_DE.json (113ms, 1269-byte body)
06-15 14:47:39.558 14870 23227 D Retrofit: --> GET https://static.nvidiagrid.net/apps/7333111/GB/7333111_GB.json http/1.1
06-15 14:47:39.562 14870 23217 D Retrofit: <-- 200 https://static.nvidiagrid.net/apps/1820111/GB/1820111_GB.json (109ms, 2396-byte body)
06-15 14:47:39.564 14870 23207 D Retrofit: <-- 200 https://static.nvidiagrid.net/apps/384111/GB/384111_GB.json (126ms, 3758-byte body)
06-15 14:47:39.566 14870 23216 D Retrofit: <-- 200 https://static.nvidiagrid.net/apps/1819111/GB/1819111_GB.json (80ms, 3427-byte body)
06-15 14:47:39.567 14870 23207 D Retrofit: --> GET https://static.nvidiagrid.net/apps/17676111/17676111_meta.json http/1.1
06-15 14:47:39.567 14870 23217 D Retrofit: --> GET https://static.nvidiagrid.net/apps/17945811/17945811_meta.json http/1.1
06-15 14:47:39.569 14870 23216 D Retrofit: --> GET https://static.nvidiagrid.net/apps/17483111/17483111_meta.json http/1.1
06-15 14:47:39.578 14870 23221 D Retrofit: <-- 200 https://static.nvidiagrid.net/apps/4020111/GB/4020111_GB.json (76ms, 2408-byte body)
06-15 14:47:39.582 14870 23192 D Retrofit: <-- 200 https://static.nvidiagrid.net/apps/7785111/GB/7785111_GB.json (91ms, 4466-byte body)
06-15 14:47:39.583 14870 23221 D Retrofit: --> GET https://static.nvidiagrid.net/apps/17400111/17400111_meta.json http/1.1
06-15 14:47:39.584 14870 23192 D Retrofit: --> GET https://static.nvidiagrid.net/apps/17386111/17386111_meta.json http/1.1
06-15 14:47:39.587 14870 23213 D Retrofit: <-- 200 https://static.nvidiagrid.net/apps/1747111/GB/1747111_GB.json (88ms, 3581-byte body)
06-15 14:47:39.589 14870 23213 D Retrofit: --> GET https://static.nvidiagrid.net/apps/17285111/17285111_meta.json http/1.1
06-15 14:47:39.595 14870 23223 D Retrofit: <-- 200 https://static.nvidiagrid.net/apps/4072111/GB/4072111_GB.json (72ms, 2226-byte body)
06-15 14:47:39.598 14870 23223 D Retrofit: --> GET https://static.nvidiagrid.net/apps/17278111/17278111_meta.json http/1.1
06-15 14:47:39.606 14870 23219 D Retrofit: <-- 200 https://static.nvidiagrid.net/apps/2605111/GB/2605111_GB.json (88ms, 2074-byte body)
06-15 14:47:39.609 14870 23219 D Retrofit: --> GET https://static.nvidiagrid.net/apps/17277111/17277111_meta.json http/1.1
06-15 14:47:39.613 14870 23224 D Retrofit: <-- 200 https://static.nvidiagrid.net/apps/4086111/GB/4086111_GB.json (94ms, 2413-byte body)
06-15 14:47:39.615 14870 23224 D Retrofit: --> GET https://static.nvidiagrid.net/apps/16978111/16978111_meta.json http/1.1
06-15 14:47:39.616 14870 23212 D Retrofit: <-- 200 https://static.nvidiagrid.net/apps/9088111/9088111_meta.json (108ms, 3200-byte body)
06-15 14:47:39.616 14870 23212 D Retrofit: --> GET https://static.nvidiagrid.net/apps/9088111/9088111_de_DE.json http/1.1
06-15 14:47:39.623 14870 23218 D Retrofit: <-- 200 https://static.nvidiagrid.net/apps/2479111/GB/2479111_GB.json (133ms, 2249-byte body)
06-15 14:47:39.624 14870 23218 D Retrofit: --> GET https://static.nvidiagrid.net/apps/16483111/16483111_meta.json http/1.1
06-15 14:47:39.627 14870 23225 D Retrofit: <-- 200 https://static.nvidiagrid.net/apps/4220111/GB/4220111_GB.json (79ms, 2429-byte body)
06-15 14:47:39.627 14870 23220 D Retrofit: <-- 200 https://static.nvidiagrid.net/apps/3315111/GB/3315111_GB.json (88ms, 4783-byte body)
06-15 14:47:39.629 14870 23225 D Retrofit: --> GET https://static.nvidiagrid.net/apps/16261111/16261111_meta.json http/1.1
06-15 14:47:39.629 14870 23220 D Retrofit: --> GET https://static.nvidiagrid.net/apps/15394111/15394111_meta.json http/1.1
06-15 14:47:39.680 14870 23222 D Retrofit: <-- 200 https://static.nvidiagrid.net/apps/100063211/100063211_meta.json (136ms, 4364-byte body)
06-15 14:47:39.681 14870 23222 D Retrofit: --> GET https://static.nvidiagrid.net/apps/100063211/100063211_de_DE.json http/1.1
06-15 14:47:39.697 14870 23227 D Retrofit: <-- 200 https://static.nvidiagrid.net/apps/7333111/GB/7333111_GB.json (138ms, 3599-byte body)
06-15 14:47:39.700 14870 23211 D Retrofit: <-- 200 https://static.nvidiagrid.net/apps/18639011/18639011_meta.json (156ms, 4339-byte body)
06-15 14:47:39.701 14870 23211 D Retrofit: --> GET https://static.nvidiagrid.net/apps/18639011/18639011_de_DE.json http/1.1
06-15 14:47:39.702 14870 23216 D Retrofit: <-- 200 https://static.nvidiagrid.net/apps/17483111/17483111_meta.json (133ms, 3624-byte body)
06-15 14:47:39.703 14870 23216 D Retrofit: --> GET https://static.nvidiagrid.net/apps/17483111/17483111_de_DE.json http/1.1
06-15 14:47:39.704 14870 23210 D Retrofit: <-- 200 https://static.nvidiagrid.net/apps/99999111/99999111_meta.json (161ms, 3607-byte body)
06-15 14:47:39.704 14870 23227 D Retrofit: --> GET https://static.nvidiagrid.net/apps/15393111/15393111_meta.json http/1.1
06-15 14:47:39.705 14870 23210 D Retrofit: --> GET https://static.nvidiagrid.net/apps/99999111/99999111_de_DE.json http/1.1
06-15 14:47:39.707 14870 23217 D Retrofit: <-- 200 https://static.nvidiagrid.net/apps/17945811/17945811_meta.json (139ms, 3225-byte body)
06-15 14:47:39.708 14870 23217 D Retrofit: --> GET https://static.nvidiagrid.net/apps/17945811/17945811_de_DE.json http/1.1
06-15 14:47:39.717 14870 23224 D Retrofit: <-- 200 https://static.nvidiagrid.net/apps/16978111/16978111_meta.json (101ms, 3620-byte body)
06-15 14:47:39.719 14870 23224 D Retrofit: --> GET https://static.nvidiagrid.net/apps/16978111/16978111_de_DE.json http/1.1
06-15 14:47:39.719 14870 23207 D Retrofit: <-- 200 https://static.nvidiagrid.net/apps/17676111/17676111_meta.json (152ms, 3633-byte body)
06-15 14:47:39.720 14870 23207 D Retrofit: --> GET https://static.nvidiagrid.net/apps/17676111/17676111_de_DE.json http/1.1
06-15 14:47:39.722 14870 23223 D Retrofit: <-- 200 https://static.nvidiagrid.net/apps/17278111/17278111_meta.json (123ms, 4262-byte body)
06-15 14:47:39.722 14870 23223 D Retrofit: --> GET https://static.nvidiagrid.net/apps/17278111/17278111_de_DE.json http/1.1
06-15 14:47:39.724 14870 23213 D Retrofit: <-- 200 https://static.nvidiagrid.net/apps/17285111/17285111_meta.json (135ms, 3226-byte body)
06-15 14:47:39.725 14870 23213 D Retrofit: --> GET https://static.nvidiagrid.net/apps/17285111/17285111_de_DE.json http/1.1
06-15 14:47:39.726 14870 23219 D Retrofit: <-- 200 https://static.nvidiagrid.net/apps/17277111/17277111_meta.json (116ms, 3597-byte body)
06-15 14:47:39.726 11322 11322 D NowPlayingListener: onPlaybackStateChanged: PlaybackState {state=3, position=18726, buffered position=0, speed=1.0, updated=368281575, actions=-1, custom actions=[], active item id=-1, error=null}
06-15 14:47:39.727 11322 11322 D NowPlayingManager: onClientPlaybackStateUpdate() called with: state = [3], stateChangeTimeMs = [368281575], currentPosMs = [18726]
06-15 14:47:39.727 11322 11322 D NowPlayingManager: onClientPlaybackStateUpdate: Skipped update, state: 3 was unchanged
06-15 14:47:39.727 802 1224 V Avrcp : onPlaybackStateChanged: state PlaybackState {state=3, position=18726, buffered position=0, speed=1.0, updated=368281575, actions=-1, custom actions=[], active item id=-1, error=null}
06-15 14:47:39.728 14870 23219 D Retrofit: --> GET https://static.nvidiagrid.net/apps/17277111/17277111_de_DE.json http/1.1
06-15 14:47:39.731 11322 11322 D NowPlayingManager: onMediaDataUpdated() called with: mediaData = [com.google.android.tvrecommendations.NowPlayingData@9694521]
06-15 14:47:39.738 11322 11322 D TVNotifService: onTVNotificationPosted StatusBarNotification(pkg=com.google.android.tvrecommendations user=UserHandle{0} id=4321 tag=Notification.NowPlaying key=0|com.google.android.tvrecommendations|4321|Notification.NowPlaying|10087: Notification(channel=now_playing pri=0 contentView=null vibrate=null sound=null defaults=0x0 flags=0x0 color=0x00000000 vis=PRIVATE)) userId: 0
06-15 14:47:39.780 14870 23212 D Retrofit: <-- 200 https://static.nvidiagrid.net/apps/9088111/9088111_de_DE.json (163ms, 1527-byte body)
06-15 14:47:39.781 14870 23212 D Retrofit: --> GET https://static.nvidiagrid.net/apps/9088111/GB/9088111_GB.json http/1.1
06-15 14:47:39.784 14870 23221 D Retrofit: <-- 200 https://static.nvidiagrid.net/apps/17400111/17400111_meta.json (201ms, 3606-byte body)
06-15 14:47:39.785 14870 23221 D Retrofit: --> GET https://static.nvidiagrid.net/apps/17400111/17400111_de_DE.json http/1.1
06-15 14:47:39.792 14870 23216 D Retrofit: <-- 200 https://static.nvidiagrid.net/apps/17483111/17483111_de_DE.json (88ms, 1381-byte body)
06-15 14:47:39.793 14870 23218 D Retrofit: <-- 200 https://static.nvidiagrid.net/apps/16483111/16483111_meta.json (169ms, 3612-byte body)
06-15 14:47:39.794 14870 23218 D Retrofit: --> GET https://static.nvidiagrid.net/apps/16483111/16483111_de_DE.json http/1.1
06-15 14:47:39.795 14870 23216 D Retrofit: --> GET https://static.nvidiagrid.net/apps/17483111/GB/17483111_GB.json http/1.1
06-15 14:47:39.799 14870 23210 D Retrofit: <-- 200 https://static.nvidiagrid.net/apps/99999111/99999111_de_DE.json (94ms, 3392-byte body)
06-15 14:47:39.800 14870 23210 D Retrofit: --> GET https://static.nvidiagrid.net/apps/99999111/GB/99999111_GB.json http/1.1
06-15 14:47:39.801 14870 23225 D Retrofit: <-- 200 https://static.nvidiagrid.net/apps/16261111/16261111_meta.json (172ms, 3619-byte body)
06-15 14:47:39.801 14870 23225 D Retrofit: --> GET https://static.nvidiagrid.net/apps/16261111/16261111_de_DE.json http/1.1
06-15 14:47:39.803 14870 23211 D Retrofit: <-- 200 https://static.nvidiagrid.net/apps/18639011/18639011_de_DE.json (101ms, 4258-byte body)
06-15 14:47:39.803 14870 23211 D Retrofit: --> GET https://static.nvidiagrid.net/apps/18639011/GB/18639011_GB.json http/1.1
06-15 14:47:39.816 14870 23227 D Retrofit: <-- 200 https://static.nvidiagrid.net/apps/15393111/15393111_meta.json (111ms, 4217-byte body)
06-15 14:47:39.817 14870 23227 D Retrofit: --> GET https://static.nvidiagrid.net/apps/15393111/15393111_de_DE.json http/1.1
06-15 14:47:39.817 14870 23192 D Retrofit: <-- 200 https://static.nvidiagrid.net/apps/17386111/17386111_meta.json (232ms, 3619-byte body)
06-15 14:47:39.818 14870 23192 D Retrofit: --> GET https://static.nvidiagrid.net/apps/17386111/17386111_de_DE.json http/1.1
06-15 14:47:39.819 14870 23217 D Retrofit: <-- 200 https://static.nvidiagrid.net/apps/17945811/17945811_de_DE.json (111ms, 1101-byte body)
06-15 14:47:39.819 14870 23217 D Retrofit: --> GET https://static.nvidiagrid.net/apps/17945811/GB/17945811_GB.json http/1.1
06-15 14:47:39.820 14870 23220 D Retrofit: <-- 200 https://static.nvidiagrid.net/apps/15394111/15394111_meta.json (191ms, 3621-byte body)
06-15 14:47:39.821 14870 23220 D Retrofit: --> GET https://static.nvidiagrid.net/apps/15394111/15394111_de_DE.json http/1.1
06-15 14:47:39.821 14870 23222 D Retrofit: <-- 200 https://static.nvidiagrid.net/apps/100063211/100063211_de_DE.json (139ms, 1420-byte body)
06-15 14:47:39.821 14870 23222 D Retrofit: --> GET https://static.nvidiagrid.net/apps/100063211/GB/100063211_GB.json http/1.1
06-15 14:47:39.834 14870 23224 D Retrofit: <-- 200 https://static.nvidiagrid.net/apps/16978111/16978111_de_DE.json (115ms, 4017-byte body)
06-15 14:47:39.835 14870 23224 D Retrofit: --> GET https://static.nvidiagrid.net/apps/16978111/GB/16978111_GB.json http/1.1
06-15 14:47:39.842 14870 23221 D Retrofit: <-- 200 https://static.nvidiagrid.net/apps/17400111/17400111_de_DE.json (57ms, 2167-byte body)
06-15 14:47:39.843 14870 23221 D Retrofit: --> GET https://static.nvidiagrid.net/apps/17400111/GB/17400111_GB.json http/1.1
06-15 14:47:39.844 14870 23207 D Retrofit: <-- 200 https://static.nvidiagrid.net/apps/17676111/17676111_de_DE.json (123ms, 3669-byte body)
06-15 14:47:39.844 14870 23207 D Retrofit: --> GET https://static.nvidiagrid.net/apps/17676111/GB/17676111_GB.json http/1.1
06-15 14:47:39.847 14870 23213 D Retrofit: <-- 200 https://static.nvidiagrid.net/apps/17285111/17285111_de_DE.json (122ms, 2448-byte body)
06-15 14:47:39.848 14870 23213 D Retrofit: --> GET https://static.nvidiagrid.net/apps/17285111/GB/17285111_GB.json http/1.1
06-15 14:47:39.853 14870 23216 D Retrofit: <-- 200 https://static.nvidiagrid.net/apps/17483111/GB/17483111_GB.json (57ms, 2419-byte body)
06-15 14:47:39.854 14870 23214 D Retrofit: <-- 200 https://static.nvidiagrid.net/apps/1780111/GB/1780111_GB.json (397ms, 2226-byte body)
06-15 14:47:39.854 14870 23216 D Retrofit: --> GET https://static.nvidiagrid.net/apps/15321111/15321111_meta.json http/1.1
06-15 14:47:39.856 14870 23214 D Retrofit: --> GET https://static.nvidiagrid.net/apps/15314111/15314111_meta.json http/1.1
06-15 14:47:39.865 14870 23219 D Retrofit: <-- 200 https://static.nvidiagrid.net/apps/17277111/17277111_de_DE.json (137ms, 1580-byte body)
06-15 14:47:39.866 14870 23219 D Retrofit: --> GET https://static.nvidiagrid.net/apps/17277111/GB/17277111_GB.json http/1.1
06-15 14:47:39.868 700 761 D WindowManager: handleComboKeys keyCode: 22, keyAction: 0
06-15 14:47:39.869 14870 23223 D Retrofit: <-- 200 https://static.nvidiagrid.net/apps/17278111/17278111_de_DE.json (146ms, 1950-byte body)
06-15 14:47:39.869 14870 23223 D Retrofit: --> GET https://static.nvidiagrid.net/apps/17278111/GB/17278111_GB.json http/1.1
06-15 14:47:39.871 22018 22038 V Kodi : process_input: Failure reading next input event: Try again
06-15 14:47:39.871 22018 22038 V Kodi : CAndroidKey: key down (dev:3; src:769; code: 22; repeat: 0; flags: 0x8; alt: no; shift: no; sym: no)
06-15 14:47:39.874 14870 23212 D Retrofit: <-- 200 https://static.nvidiagrid.net/apps/9088111/GB/9088111_GB.json (93ms, 2936-byte body)
06-15 14:47:39.881 14870 23212 D Retrofit: --> GET https://static.nvidiagrid.net/apps/14539111/14539111_meta.json http/1.1
06-15 14:47:39.884 14870 23210 D Retrofit: <-- 200 https://static.nvidiagrid.net/apps/99999111/GB/99999111_GB.json (84ms, 2774-byte body)
06-15 14:47:39.885 14870 23225 D Retrofit: <-- 200 https://static.nvidiagrid.net/apps/16261111/16261111_de_DE.json (83ms, 2674-byte body)
06-15 14:47:39.886 14870 23225 D Retrofit: --> GET https://static.nvidiagrid.net/apps/16261111/GB/16261111_GB.json http/1.1
06-15 14:47:39.886 14870 23210 D Retrofit: --> GET https://static.nvidiagrid.net/apps/14138111/14138111_meta.json http/1.1
06-15 14:47:39.886 14870 23224 D Retrofit: <-- 200 https://static.nvidiagrid.net/apps/16978111/GB/16978111_GB.json (51ms, 3604-byte body)
06-15 14:47:39.888 14870 23222 D Retrofit: <-- 200 https://static.nvidiagrid.net/apps/100063211/GB/100063211_GB.json (66ms, 2434-byte body)
06-15 14:47:39.889 14870 23222 D Retrofit: --> GET https://static.nvidiagrid.net/apps/13331111/13331111_meta.json http/1.1
06-15 14:47:39.890 14870 23224 D Retrofit: --> GET https://static.nvidiagrid.net/apps/13553111/13553111_meta.json http/1.1
06-15 14:47:39.897 14870 23227 D Retrofit: <-- 200 https://static.nvidiagrid.net/apps/15393111/15393111_de_DE.json (80ms, 1028-byte body)
06-15 14:47:39.898 14870 23227 D Retrofit: --> GET https://static.nvidiagrid.net/apps/15393111/GB/15393111_GB.json http/1.1
06-15 14:47:39.900 14870 23192 D Retrofit: <-- 200 https://static.nvidiagrid.net/apps/17386111/17386111_de_DE.json (81ms, 1696-byte body)
06-15 14:47:39.900 14870 23192 D Retrofit: --> GET https://static.nvidiagrid.net/apps/17386111/GB/17386111_GB.json http/1.1
06-15 14:47:39.901 14870 23217 D Retrofit: <-- 200 https://static.nvidiagrid.net/apps/17945811/GB/17945811_GB.json (82ms, 2594-byte body)
06-15 14:47:39.903 14870 23217 D Retrofit: --> GET https://static.nvidiagrid.net/apps/13150111/13150111_meta.json http/1.1
06-15 14:47:39.908 14870 23218 D Retrofit: <-- 200 https://static.nvidiagrid.net/apps/16483111/16483111_de_DE.json (114ms, 2193-byte body)
06-15 14:47:39.909 14870 23218 D Retrofit: --> GET https://static.nvidiagrid.net/apps/16483111/GB/16483111_GB.json http/1.1
06-15 14:47:39.910 14870 23220 D Retrofit: <-- 200 https://static.nvidiagrid.net/apps/15394111/15394111_de_DE.json (89ms, 1855-byte body)
06-15 14:47:39.911 14870 23220 D Retrofit: --> GET https://static.nvidiagrid.net/apps/15394111/GB/15394111_GB.json http/1.1
06-15 14:47:39.923 14870 23207 D Retrofit: <-- 200 https://static.nvidiagrid.net/apps/17676111/GB/17676111_GB.json (78ms, 3444-byte body)
06-15 14:47:39.926 14870 23223 D Retrofit: <-- 200 https://static.nvidiagrid.net/apps/17278111/GB/17278111_GB.json (57ms, 3278-byte body)
06-15 14:47:39.928 14870 23207 D Retrofit: --> GET https://static.nvidiagrid.net/apps/13149111/13149111_meta.json http/1.1
06-15 14:47:39.931 14870 23223 D Retrofit: --> GET https://static.nvidiagrid.net/apps/12612111/12612111_meta.json http/1.1
06-15 14:47:39.939 14870 23213 D Retrofit: <-- 200 https://static.nvidiagrid.net/apps/17285111/GB/17285111_GB.json (90ms, 3601-byte body)
06-15 14:47:39.941 14870 23213 D Retrofit: --> GET https://static.nvidiagrid.net/apps/12547111/12547111_meta.json http/1.1
06-15 14:47:39.944 14870 23214 D Retrofit: <-- 200 https://static.nvidiagrid.net/apps/15314111/15314111_meta.json (88ms, 4186-byte body)
06-15 14:47:39.945 14870 23214 D Retrofit: --> GET https://static.nvidiagrid.net/apps/15314111/15314111_de_DE.json http/1.1
06-15 14:47:39.948 14870 23221 D Retrofit: <-- 200 https://static.nvidiagrid.net/apps/17400111/GB/17400111_GB.json (102ms, 3261-byte body)
06-15 14:47:39.951 14870 23227 D Retrofit: <-- 200 https://static.nvidiagrid.net/apps/15393111/GB/15393111_GB.json (53ms, 2446-byte body)
06-15 14:47:39.952 14870 23221 D Retrofit: --> GET https://static.nvidiagrid.net/apps/12443111/12443111_meta.json http/1.1
06-15 14:47:39.953 14870 23227 D Retrofit: --> GET https://static.nvidiagrid.net/apps/11915111/11915111_meta.json http/1.1
06-15 14:47:39.956 700 761 D WindowManager: handleComboKeys keyCode: 22, keyAction: 1
06-15 14:47:39.957 22018 22038 V Kodi : process_input: Failure reading next input event: Try again
06-15 14:47:39.957 22018 22038 V Kodi : CAndroidKey: key up (dev:3; src:769; code: 22; repeat: 0; flags: 0x8; alt: no; shift: no; sym: no)
06-15 14:47:39.960 14870 23219 D Retrofit: <-- 200 https://static.nvidiagrid.net/apps/17277111/GB/17277111_GB.json (94ms, 3276-byte body)
06-15 14:47:39.964 14870 23219 D Retrofit: --> GET https://static.nvidiagrid.net/apps/11695111/11695111_meta.json http/1.1
06-15 14:47:39.967 14870 23212 D Retrofit: <-- 200 https://static.nvidiagrid.net/apps/14539111/14539111_meta.json (86ms, 3223-byte body)
06-15 14:47:39.968 14870 23212 D Retrofit: --> GET https://static.nvidiagrid.net/apps/14539111/14539111_de_DE.json http/1.1
06-15 14:47:39.970 14870 23216 D Retrofit: <-- 200 https://static.nvidiagrid.net/apps/15321111/15321111_meta.json (115ms, 3213-byte body)
06-15 14:47:39.975 14870 23216 D Retrofit: --> GET https://static.nvidiagrid.net/apps/15321111/15321111_de_DE.json http/1.1
06-15 14:47:39.988 14870 23192 D Retrofit: <-- 200 https://static.nvidiagrid.net/apps/17386111/GB/17386111_GB.json (88ms, 2399-byte body)
06-15 14:47:39.990 14870 23192 D Retrofit: --> GET https://static.nvidiagrid.net/apps/11661111/11661111_meta.json http/1.1
06-15 14:47:39.991 14870 23220 D Retrofit: <-- 200 https://static.nvidiagrid.net/apps/15394111/GB/15394111_GB.json (79ms, 3253-byte body)
06-15 14:47:39.997 14870 23224 D Retrofit: <-- 200 https://static.nvidiagrid.net/apps/13553111/13553111_meta.json (107ms, 3414-byte body)
06-15 14:47:39.998 14870 23224 D Retrofit: --> GET https://static.nvidiagrid.net/apps/13553111/13553111_de_DE.json http/1.1
06-15 14:47:40.005 14870 23220 D Retrofit: --> GET https://static.nvidiagrid.net/apps/11436111/11436111_meta.json http/1.1
06-15 14:47:40.008 14870 23222 D Retrofit: <-- 200 https://static.nvidiagrid.net/apps/13331111/13331111_meta.json (119ms, 4223-byte body)
06-15 14:47:40.009 14870 23222 D Retrofit: --> GET https://static.nvidiagrid.net/apps/13331111/13331111_de_DE.json http/1.1
06-15 14:47:40.011 14870 23217 D Retrofit: <-- 200 https://static.nvidiagrid.net/apps/13150111/13150111_meta.json (107ms, 4218-byte body)
06-15 14:47:40.012 14870 23217 D Retrofit: --> GET https://static.nvidiagrid.net/apps/13150111/13150111_de_DE.json http/1.1
06-15 14:47:40.014 14870 23218 D Retrofit: <-- 200 https://static.nvidiagrid.net/apps/16483111/GB/16483111_GB.json (105ms, 3273-byte body)
06-15 14:47:40.016 14870 23218 D Retrofit: --> GET https://static.nvidiagrid.net/apps/11170111/11170111_meta.json http/1.1
06-15 14:47:40.024 14870 23210 D Retrofit: <-- 200 https://static.nvidiagrid.net/apps/14138111/14138111_meta.json (138ms, 3615-byte body)
06-15 14:47:40.025 14870 23210 D Retrofit: --> GET https://static.nvidiagrid.net/apps/14138111/14138111_de_DE.json http/1.1
06-15 14:47:40.030 2623 3080 I chromium: [2623:3080:INFO:wifi_proximity.cc(209)] Request scan.
06-15 14:47:40.032 14870 23207 D Retrofit: <-- 200 https://static.nvidiagrid.net/apps/13149111/13149111_meta.json (104ms, 4363-byte body)
06-15 14:47:40.033 14870 23207 D Retrofit: --> GET https://static.nvidiagrid.net/apps/13149111/13149111_de_DE.json http/1.1
06-15 14:47:40.039 14870 23216 D Retrofit: <-- 200 https://static.nvidiagrid.net/apps/15321111/15321111_de_DE.json (63ms, 2297-byte body)
06-15 14:47:40.039 14870 23216 D Retrofit: --> GET https://static.nvidiagrid.net/apps/15321111/GB/15321111_GB.json http/1.1
06-15 14:47:40.040 14870 23223 D Retrofit: <-- 200 https://static.nvidiagrid.net/apps/12612111/12612111_meta.json (109ms, 3634-byte body)
06-15 14:47:40.040 14870 23223 D Retrofit: --> GET https://static.nvidiagrid.net/apps/12612111/12612111_de_DE.json http/1.1
06-15 14:47:40.041 14870 23214 D Retrofit: <-- 200 https://static.nvidiagrid.net/apps/15314111/15314111_de_DE.json (90ms, 1354-byte body)
06-15 14:47:40.041 14870 23214 D Retrofit: --> GET https://static.nvidiagrid.net/apps/15314111/GB/15314111_GB.json http/1.1
06-15 14:47:40.044 14870 23224 D Retrofit: <-- 200 https://static.nvidiagrid.net/apps/13553111/13553111_de_DE.json (45ms, 2548-byte body)
06-15 14:47:40.044 14870 23224 D Retrofit: --> GET https://static.nvidiagrid.net/apps/13553111/GB/13553111_GB.json http/1.1
06-15 14:47:40.054 14870 23213 D Retrofit: <-- 200 https://static.nvidiagrid.net/apps/12547111/12547111_meta.json (112ms, 4314-byte body)
06-15 14:47:40.054 14870 23213 D Retrofit: --> GET https://static.nvidiagrid.net/apps/12547111/12547111_de_DE.json http/1.1
06-15 14:47:40.055 14870 23221 D Retrofit: <-- 200 https://static.nvidiagrid.net/apps/12443111/12443111_meta.json (102ms, 4183-byte body)
06-15 14:47:40.055 14870 23221 D Retrofit: --> GET https://static.nvidiagrid.net/apps/12443111/12443111_de_DE.json http/1.1
06-15 14:47:40.056 14870 23227 D Retrofit: <-- 200 https://static.nvidiagrid.net/apps/11915111/11915111_meta.json (103ms, 4345-byte body)
06-15 14:47:40.056 14870 23227 D Retrofit: --> GET https://static.nvidiagrid.net/apps/11915111/11915111_de_DE.json http/1.1
06-15 14:47:40.057 14870 23219 D Retrofit: <-- 200 https://static.nvidiagrid.net/apps/11695111/11695111_meta.json (92ms, 3202-byte body)
06-15 14:47:40.058 14870 23219 D Retrofit: --> GET https://static.nvidiagrid.net/apps/11695111/11695111_de_DE.json http/1.1
06-15 14:47:40.080 14870 23212 D Retrofit: <-- 200 https://static.nvidiagrid.net/apps/14539111/14539111_de_DE.json (112ms, 1744-byte body)
06-15 14:47:40.083 14870 23212 D Retrofit: --> GET https://static.nvidiagrid.net/apps/14539111/GB/14539111_GB.json http/1.1
06-15 14:47:40.085 14870 23220 D Retrofit: <-- 200 https://static.nvidiagrid.net/apps/11436111/11436111_meta.json (79ms, 4219-byte body)
06-15 14:47:40.086 14870 23220 D Retrofit: --> GET https://static.nvidiagrid.net/apps/11436111/11436111_de_DE.json http/1.1
06-15 14:47:40.089 14870 23209 D Retrofit: <-- 200 https://static.nvidiagrid.net/apps/11668111/11668111_meta.json (580ms, 2559-byte body)
06-15 14:47:40.089 14870 23209 D Retrofit: --> GET https://static.nvidiagrid.net/apps/11668111/11668111_de_DE.json http/1.1
06-15 14:47:40.090 14870 23210 D Retrofit: <-- 200 https://static.nvidiagrid.net/apps/14138111/14138111_de_DE.json (65ms, 1733-byte body)
06-15 14:47:40.091 14870 23210 D Retrofit: --> GET https://static.nvidiagrid.net/apps/14138111/GB/14138111_GB.json http/1.1
06-15 14:47:40.104 14870 23222 D Retrofit: <-- 200 https://static.nvidiagrid.net/apps/13331111/13331111_de_DE.json (94ms, 1376-byte body)
06-15 14:47:40.104 14870 23222 D Retrofit: --> GET https://static.nvidiagrid.net/apps/13331111/GB/13331111_GB.json http/1.1
06-15 14:47:40.108 14870 23218 D Retrofit: <-- 200 https://static.nvidiagrid.net/apps/11170111/11170111_meta.json (91ms, 3239-byte body)
06-15 14:47:40.109 14870 23218 D Retrofit: --> GET https://static.nvidiagrid.net/apps/11170111/11170111_de_DE.json http/1.1
06-15 14:47:40.109 14870 23207 D Retrofit: <-- 200 https://static.nvidiagrid.net/apps/13149111/13149111_de_DE.json (76ms, 1045-byte body)
