06-15 14:48:03.943 11322 11322 D NowPlayingManager: onClientPlaybackStateUpdate() called with: state = [3], stateChangeTimeMs = [368305792], currentPosMs = [42671]
06-15 14:48:03.943 11322 11322 D NowPlayingManager: onClientPlaybackStateUpdate: Skipped update, state: 3 was unchanged
06-15 14:48:03.946 11322 11322 D NowPlayingManager: onMediaDataUpdated() called with: mediaData = [com.google.android.tvrecommendations.NowPlayingData@7a706cb]
06-15 14:48:03.954 11322 11322 D TVNotifService: onTVNotificationPosted StatusBarNotification(pkg=com.google.android.tvrecommendations user=UserHandle{0} id=4321 tag=Notification.NowPlaying key=0|com.google.android.tvrecommendations|4321|Notification.NowPlaying|10087: Notification(channel=now_playing pri=0 contentView=null vibrate=null sound=null defaults=0x0 flags=0x0 color=0x00000000 vis=PRIVATE)) userId: 0
06-15 14:48:04.460 11322 11322 D NowPlayingListener: onPlaybackStateChanged: PlaybackState {state=3, position=43263, buffered position=0, speed=1.0, updated=368306308, actions=-1, custom actions=[], active item id=-1, error=null}
06-15 14:48:04.460 11322 11322 D NowPlayingManager: onClientPlaybackStateUpdate() called with: state = [3], stateChangeTimeMs = [368306308], currentPosMs = [43263]
06-15 14:48:04.460 11322 11322 D NowPlayingManager: onClientPlaybackStateUpdate: Skipped update, state: 3 was unchanged
06-15 14:48:04.460 802 1224 V Avrcp : onPlaybackStateChanged: state PlaybackState {state=3, position=43263, buffered position=0, speed=1.0, updated=368306308, actions=-1, custom actions=[], active item id=-1, error=null}
06-15 14:48:04.463 11322 11322 D NowPlayingManager: onMediaDataUpdated() called with: mediaData = [com.google.android.tvrecommendations.NowPlayingData@3e9fdc1]
06-15 14:48:04.471 11322 11322 D TVNotifService: onTVNotificationPosted StatusBarNotification(pkg=com.google.android.tvrecommendations user=UserHandle{0} id=4321 tag=Notification.NowPlaying key=0|com.google.android.tvrecommendations|4321|Notification.NowPlaying|10087: Notification(channel=now_playing pri=0 contentView=null vibrate=null sound=null defaults=0x0 flags=0x0 color=0x00000000 vis=PRIVATE)) userId: 0
06-15 14:48:04.944 426 23164 D NvOsDebugPrintf: NVMEDIA: FrameRate(for last 120 frames) = 50.000000, AvgFrameRate = 50.000000
06-15 14:48:04.945 802 1224 V Avrcp : MSG_UPDATE_MEDIA
06-15 14:48:04.946 802 1224 V Avrcp : updatePlaybackState (1): -1Ô×í1(PlaybackState {state=3, position=16096, buffered position=0, speed=1.0, updated=368306795, actions=-1, custom actions=[], active item id=-1, error=null})
06-15 14:48:04.946 802 1224 V Avrcp : Media update: id -1Ô×í-1? [MediaAttributes: DÔï»n - by (16096 0/0) ]
06-15 14:48:04.946 802 1224 D Avrcp : sendPlayPosNotificationRsp: Not registered or requesting.
06-15 14:48:04.979 802 1224 V Avrcp : onPlaybackStateChanged: state PlaybackState {state=3, position=43779, buffered position=0, speed=1.0, updated=368306825, actions=-1, custom actions=[], active item id=-1, error=null}
06-15 14:48:04.979 11322 11322 D NowPlayingListener: onPlaybackStateChanged: PlaybackState {state=3, position=43779, buffered position=0, speed=1.0, updated=368306825, actions=-1, custom actions=[], active item id=-1, error=null}
06-15 14:48:04.979 11322 11322 D NowPlayingManager: onClientPlaybackStateUpdate() called with: state = [3], stateChangeTimeMs = [368306825], currentPosMs = [43779]
06-15 14:48:04.979 11322 11322 D NowPlayingManager: onClientPlaybackStateUpdate: Skipped update, state: 3 was unchanged
06-15 14:48:04.981 11322 11322 D NowPlayingManager: onMediaDataUpdated() called with: mediaData = [com.google.android.tvrecommendations.NowPlayingData@79d44a7]
06-15 14:48:04.990 11322 11322 D TVNotifService: onTVNotificationPosted StatusBarNotification(pkg=com.google.android.tvrecommendations user=UserHandle{0} id=4321 tag=Notification.NowPlaying key=0|com.google.android.tvrecommendations|4321|Notification.NowPlaying|10087: Notification(channel=now_playing pri=0 contentView=null vibrate=null sound=null defaults=0x0 flags=0x0 color=0x00000000 vis=PRIVATE)) userId: 0
06-15 14:48:05.493 11322 11322 D NowPlayingListener: onPlaybackStateChanged: PlaybackState {state=3, position=44235, buffered position=0, speed=1.0, updated=368307342, actions=-1, custom actions=[], active item id=-1, error=null}
06-15 14:48:05.494 11322 11322 D NowPlayingManager: onClientPlaybackStateUpdate() called with: state = [3], stateChangeTimeMs = [368307342], currentPosMs = [44235]
06-15 14:48:05.494 11322 11322 D NowPlayingManager: onClientPlaybackStateUpdate: Skipped update, state: 3 was unchanged
06-15 14:48:05.495 802 1224 V Avrcp : onPlaybackStateChanged: state PlaybackState {state=3, position=44235, buffered position=0, speed=1.0, updated=368307342, actions=-1, custom actions=[], active item id=-1, error=null}
06-15 14:48:05.497 11322 11322 D NowPlayingManager: onMediaDataUpdated() called with: mediaData = [com.google.android.tvrecommendations.NowPlayingData@e57b4fd]
06-15 14:48:05.505 11322 11322 D TVNotifService: onTVNotificationPosted StatusBarNotification(pkg=com.google.android.tvrecommendations user=UserHandle{0} id=4321 tag=Notification.NowPlaying key=0|com.google.android.tvrecommendations|4321|Notification.NowPlaying|10087: Notification(channel=now_playing pri=0 contentView=null vibrate=null sound=null defaults=0x0 flags=0x0 color=0x00000000 vis=PRIVATE)) userId: 0
06-15 14:48:05.817 700 761 D WindowManager: handleComboKeys keyCode: 19, keyAction: 0
06-15 14:48:05.819 22018 22038 V Kodi : process_input: Failure reading next input event: Try again
06-15 14:48:05.819 22018 22038 V Kodi : CAndroidKey: key down (dev:3; src:769; code: 19; repeat: 0; flags: 0x8; alt: no; shift: no; sym: no)
06-15 14:48:05.965 700 761 D WindowManager: handleComboKeys keyCode: 19, keyAction: 1
06-15 14:48:05.966 22018 22038 V Kodi : process_input: Failure reading next input event: Try again
06-15 14:48:05.966 22018 22038 V Kodi : CAndroidKey: key up (dev:3; src:769; code: 19; repeat: 0; flags: 0x8; alt: no; shift: no; sym: no)
06-15 14:48:05.979 802 1224 V Avrcp : MSG_UPDATE_MEDIA
06-15 14:48:05.979 802 1224 V Avrcp : updatePlaybackState (1): -1Ô×í1(PlaybackState {state=3, position=16096, buffered position=0, speed=1.0, updated=368307829, actions=-1, custom actions=[], active item id=-1, error=null})
06-15 14:48:05.980 802 1224 V Avrcp : Media update: id -1Ô×í-1? [MediaAttributes: DÔï»n - by (16096 0/0) ]
06-15 14:48:05.980 802 1224 D Avrcp : sendPlayPosNotificationRsp: Not registered or requesting.
06-15 14:48:06.011 802 1224 V Avrcp : onPlaybackStateChanged: state PlaybackState {state=3, position=44681, buffered position=0, speed=1.0, updated=368307859, actions=-1, custom actions=[], active item id=-1, error=null}
06-15 14:48:06.011 11322 11322 D NowPlayingListener: onPlaybackStateChanged: PlaybackState {state=3, position=44681, buffered position=0, speed=1.0, updated=368307859, actions=-1, custom actions=[], active item id=-1, error=null}
06-15 14:48:06.011 11322 11322 D NowPlayingManager: onClientPlaybackStateUpdate() called with: state = [3], stateChangeTimeMs = [368307859], currentPosMs = [44681]
06-15 14:48:06.011 11322 11322 D NowPlayingManager: onClientPlaybackStateUpdate: Skipped update, state: 3 was unchanged
06-15 14:48:06.014 11322 11322 D NowPlayingManager: onMediaDataUpdated() called with: mediaData = [com.google.android.tvrecommendations.NowPlayingData@acf8443]
06-15 14:48:06.022 11322 11322 D TVNotifService: onTVNotificationPosted StatusBarNotification(pkg=com.google.android.tvrecommendations user=UserHandle{0} id=4321 tag=Notification.NowPlaying key=0|com.google.android.tvrecommendations|4321|Notification.NowPlaying|10087: Notification(channel=now_playing pri=0 contentView=null vibrate=null sound=null defaults=0x0 flags=0x0 color=0x00000000 vis=PRIVATE)) userId: 0
06-15 14:48:06.527 802 1224 V Avrcp : onPlaybackStateChanged: state PlaybackState {state=3, position=45502, buffered position=0, speed=1.0, updated=368308376, actions=-1, custom actions=[], active item id=-1, error=null}
06-15 14:48:06.528 11322 11322 D NowPlayingListener: onPlaybackStateChanged: PlaybackState {state=3, position=45502, buffered position=0, speed=1.0, updated=368308376, actions=-1, custom actions=[], active item id=-1, error=null}
06-15 14:48:06.528 11322 11322 D NowPlayingManager: onClientPlaybackStateUpdate() called with: state = [3], stateChangeTimeMs = [368308376], currentPosMs = [45502]
06-15 14:48:06.528 11322 11322 D NowPlayingManager: onClientPlaybackStateUpdate: Skipped update, state: 3 was unchanged
06-15 14:48:06.529 11322 11322 D NowPlayingManager: onMediaDataUpdated() called with: mediaData = [com.google.android.tvrecommendations.NowPlayingData@efa3f9]
06-15 14:48:06.537 11322 11322 D TVNotifService: onTVNotificationPosted StatusBarNotification(pkg=com.google.android.tvrecommendations user=UserHandle{0} id=4321 tag=Notification.NowPlaying key=0|com.google.android.tvrecommendations|4321|Notification.NowPlaying|10087: Notification(channel=now_playing pri=0 contentView=null vibrate=null sound=null defaults=0x0 flags=0x0 color=0x00000000 vis=PRIVATE)) userId: 0
06-15 14:48:07.012 802 1224 V Avrcp : MSG_UPDATE_MEDIA
06-15 14:48:07.012 802 1224 V Avrcp : updatePlaybackState (1): -1Ô×í1(PlaybackState {state=3, position=16096, buffered position=0, speed=1.0, updated=368308862, actions=-1, custom actions=[], active item id=-1, error=null})
06-15 14:48:07.013 802 1224 V Avrcp : Media update: id -1Ô×í-1? [MediaAttributes: DÔï»n - by (16096 0/0) ]
06-15 14:48:07.013 802 1224 D Avrcp : sendPlayPosNotificationRsp: Not registered or requesting.
06-15 14:48:07.045 802 1224 V Avrcp : onPlaybackStateChanged: state PlaybackState {state=3, position=45937, buffered position=0, speed=1.0, updated=368308893, actions=-1, custom actions=[], active item id=-1, error=null}
06-15 14:48:07.045 11322 11322 D NowPlayingManager: onClientPlaybackStateUpdate() called with: state = [3], stateChangeTimeMs = [368308893], currentPosMs = [45937]
06-15 14:48:07.045 11322 11322 D NowPlayingManager: onClientPlaybackStateUpdate: Skipped update, state: 3 was unchanged
06-15 14:48:07.047 11322 11322 D NowPlayingManager: onMediaDataUpdated() called with: mediaData = [com.google.android.tvrecommendations.NowPlayingData@45c219f]
06-15 14:48:07.055 11322 11322 D TVNotifService: onTVNotificationPosted StatusBarNotification(pkg=com.google.android.tvrecommendations user=UserHandle{0} id=4321 tag=Notification.NowPlaying key=0|com.google.android.tvrecommendations|4321|Notification.NowPlaying|10087: Notification(channel=now_playing pri=0 contentView=null vibrate=null sound=null defaults=0x0 flags=0x0 color=0x00000000 vis=PRIVATE)) userId: 0
06-15 14:48:07.346 426 23164 D NvOsDebugPrintf: NVMEDIA: FrameRate(for last 120 frames) = 50.000000, AvgFrameRate = 50.000000
06-15 14:48:07.561 11322 11322 D NowPlayingListener: onPlaybackStateChanged: PlaybackState {state=3, position=46322, buffered position=0, speed=1.0, updated=368309409, actions=-1, custom actions=[], active item id=-1, error=null}
06-15 14:48:07.561 802 1224 V Avrcp : onPlaybackStateChanged: state PlaybackState {state=3, position=46322, buffered position=0, speed=1.0, updated=368309409, actions=-1, custom actions=[], active item id=-1, error=null}
06-15 14:48:07.561 11322 11322 D NowPlayingManager: onClientPlaybackStateUpdate() called with: state = [3], stateChangeTimeMs = [368309409], currentPosMs = [46322]
06-15 14:48:07.562 11322 11322 D NowPlayingManager: onClientPlaybackStateUpdate: Skipped update, state: 3 was unchanged
06-15 14:48:07.564 11322 11322 D NowPlayingManager: onMediaDataUpdated() called with: mediaData = [com.google.android.tvrecommendations.NowPlayingData@e7d86b5]
06-15 14:48:07.572 11322 11322 D TVNotifService: onTVNotificationPosted StatusBarNotification(pkg=com.google.android.tvrecommendations user=UserHandle{0} id=4321 tag=Notification.NowPlaying key=0|com.google.android.tvrecommendations|4321|Notification.NowPlaying|10087: Notification(channel=now_playing pri=0 contentView=null vibrate=null sound=null defaults=0x0 flags=0x0 color=0x00000000 vis=PRIVATE)) userId: 0
06-15 14:48:08.045 802 1224 V Avrcp : MSG_UPDATE_MEDIA
06-15 14:48:08.046 802 1224 V Avrcp : updatePlaybackState (1): -1Ô×í1(PlaybackState {state=3, position=16096, buffered position=0, speed=1.0, updated=368309895, actions=-1, custom actions=[], active item id=-1, error=null})
06-15 14:48:08.048 802 1224 V Avrcp : Media update: id -1Ô×í-1? [MediaAttributes: DÔï»n - by (16096 0/0) ]
06-15 14:48:08.048 802 1224 D Avrcp : sendPlayPosNotificationRsp: Not registered or requesting.
06-15 14:48:08.062 11322 11322 D NowPlayingListener: onPlaybackStateChanged: PlaybackState {state=3, position=46816, buffered position=0, speed=1.0, updated=368309911, actions=-1, custom actions=[], active item id=-1, error=null}
06-15 14:48:08.062 11322 11322 D NowPlayingManager: onClientPlaybackStateUpdate() called with: state = [3], stateChangeTimeMs = [368309911], currentPosMs = [46816]
06-15 14:48:08.062 11322 11322 D NowPlayingManager: onClientPlaybackStateUpdate: Skipped update, state: 3 was unchanged
06-15 14:48:08.064 802 1224 V Avrcp : onPlaybackStateChanged: state PlaybackState {state=3, position=46816, buffered position=0, speed=1.0, updated=368309911, actions=-1, custom actions=[], active item id=-1, error=null}
06-15 14:48:08.066 11322 11322 D NowPlayingManager: onMediaDataUpdated() called with: mediaData = [com.google.android.tvrecommendations.NowPlayingData@eb38bb]
06-15 14:48:08.075 11322 11322 D TVNotifService: onTVNotificationPosted StatusBarNotification(pkg=com.google.android.tvrecommendations user=UserHandle{0} id=4321 tag=Notification.NowPlaying key=0|com.google.android.tvrecommendations|4321|Notification.NowPlaying|10087: Notification(channel=now_playing pri=0 contentView=null vibrate=null sound=null defaults=0x0 flags=0x0 color=0x00000000 vis=PRIVATE)) userId: 0
06-15 14:48:08.577 802 1224 V Avrcp : onPlaybackStateChanged: state PlaybackState {state=3, position=47481, buffered position=0, speed=1.0, updated=368310426, actions=-1, custom actions=[], active item id=-1, error=null}
06-15 14:48:08.578 11322 11322 D NowPlayingListener: onPlaybackStateChanged: PlaybackState {state=3, position=47481, buffered position=0, speed=1.0, updated=368310426, actions=-1, custom actions=[], active item id=-1, error=null}
06-15 14:48:08.578 11322 11322 D NowPlayingManager: onClientPlaybackStateUpdate() called with: state = [3], stateChangeTimeMs = [368310426], currentPosMs = [47481]
06-15 14:48:08.578 11322 11322 D NowPlayingManager: onClientPlaybackStateUpdate: Skipped update, state: 3 was unchanged
06-15 14:48:08.581 11322 11322 D NowPlayingManager: onMediaDataUpdated() called with: mediaData = [com.google.android.tvrecommendations.NowPlayingData@ccd931]
06-15 14:48:08.590 11322 11322 D TVNotifService: onTVNotificationPosted StatusBarNotification(pkg=com.google.android.tvrecommendations user=UserHandle{0} id=4321 tag=Notification.NowPlaying key=0|com.google.android.tvrecommendations|4321|Notification.NowPlaying|10087: Notification(channel=now_playing pri=0 contentView=null vibrate=null sound=null defaults=0x0 flags=0x0 color=0x00000000 vis=PRIVATE)) userId: 0
06-15 14:48:09.065 802 1224 V Avrcp : MSG_UPDATE_MEDIA
06-15 14:48:09.065 802 1224 V Avrcp : updatePlaybackState (1): -1Ô×í1(PlaybackState {state=3, position=16096, buffered position=0, speed=1.0, updated=368310915, actions=-1, custom actions=[], active item id=-1, error=null})
06-15 14:48:09.066 802 1224 V Avrcp : Media update: id -1Ô×í-1? [MediaAttributes: DÔï»n - by (16096 0/0) ]
06-15 14:48:09.066 802 1224 D Avrcp : sendPlayPosNotificationRsp: Not registered or requesting.
06-15 14:48:09.078 11322 11322 D NowPlayingListener: onPlaybackStateChanged: PlaybackState {state=3, position=48115, buffered position=0, speed=1.0, updated=368310927, actions=-1, custom actions=[], active item id=-1, error=null}
06-15 14:48:09.078 11322 11322 D NowPlayingManager: onClientPlaybackStateUpdate() called with: state = [3], stateChangeTimeMs = [368310927], currentPosMs = [48115]
06-15 14:48:09.078 11322 11322 D NowPlayingManager: onClientPlaybackStateUpdate: Skipped update, state: 3 was unchanged
06-15 14:48:09.078 802 1224 V Avrcp : onPlaybackStateChanged: state PlaybackState {state=3, position=48115, buffered position=0, speed=1.0, updated=368310927, actions=-1, custom actions=[], active item id=-1, error=null}
06-15 14:48:09.082 11322 11322 D NowPlayingManager: onMediaDataUpdated() called with: mediaData = [com.google.android.tvrecommendations.NowPlayingData@58aa597]
06-15 14:48:09.096 11322 11322 D TVNotifService: onTVNotificationPosted StatusBarNotification(pkg=com.google.android.tvrecommendations user=UserHandle{0} id=4321 tag=Notification.NowPlaying key=0|com.google.android.tvrecommendations|4321|Notification.NowPlaying|10087: Notification(channel=now_playing pri=0 contentView=null vibrate=null sound=null defaults=0x0 flags=0x0 color=0x00000000 vis=PRIVATE)) userId: 0
06-15 14:48:09.591 700 761 D WindowManager: handleComboKeys keyCode: 111, keyAction: 0
06-15 14:48:09.596 22018 22038 V Kodi : process_input: Failure reading next input event: Try again
06-15 14:48:09.596 22018 22038 V Kodi : CAndroidKey: key down (dev:3; src:769; code: 111; repeat: 0; flags: 0x8; alt: no; shift: no; sym: no)
06-15 14:48:09.597 11322 11322 D NowPlayingListener: onPlaybackStateChanged: PlaybackState {state=3, position=48526, buffered position=0, speed=1.0, updated=368311446, actions=-1, custom actions=[], active item id=-1, error=null}
06-15 14:48:09.597 11322 11322 D NowPlayingManager: onClientPlaybackStateUpdate() called with: state = [3], stateChangeTimeMs = [368311446], currentPosMs = [48526]
06-15 14:48:09.597 11322 11322 D NowPlayingManager: onClientPlaybackStateUpdate: Skipped update, state: 3 was unchanged
06-15 14:48:09.597 802 1224 V Avrcp : onPlaybackStateChanged: state PlaybackState {state=3, position=48526, buffered position=0, speed=1.0, updated=368311446, actions=-1, custom actions=[], active item id=-1, error=null}
06-15 14:48:09.599 11322 11322 D NowPlayingManager: onMediaDataUpdated() called with: mediaData = [com.google.android.tvrecommendations.NowPlayingData@8e4d76d]
06-15 14:48:09.608 11322 11322 D TVNotifService: onTVNotificationPosted StatusBarNotification(pkg=com.google.android.tvrecommendations user=UserHandle{0} id=4321 tag=Notification.NowPlaying key=0|com.google.android.tvrecommendations|4321|Notification.NowPlaying|10087: Notification(channel=now_playing pri=0 contentView=null vibrate=null sound=null defaults=0x0 flags=0x0 color=0x00000000 vis=PRIVATE)) userId: 0
06-15 14:48:09.744 426 23164 D NvOsDebugPrintf: NVMEDIA: FrameRate(for last 120 frames) = 50.000000, AvgFrameRate = 50.000000
06-15 14:48:09.756 700 761 D WindowManager: handleComboKeys keyCode: 111, keyAction: 1
06-15 14:48:09.757 22018 22038 V Kodi : process_input: Failure reading next input event: Try again
06-15 14:48:09.758 22018 22038 V Kodi : CAndroidKey: key up (dev:3; src:769; code: 111; repeat: 0; flags: 0x8; alt: no; shift: no; sym: no)
06-15 14:48:10.079 802 1224 V Avrcp : MSG_UPDATE_MEDIA
06-15 14:48:10.080 802 1224 V Avrcp : updatePlaybackState (1): -1Ô×í1(PlaybackState {state=3, position=16096, buffered position=0, speed=1.0, updated=368311929, actions=-1, custom actions=[], active item id=-1, error=null})
06-15 14:48:10.080 802 1224 V Avrcp : Media update: id -1Ô×í-1? [MediaAttributes: DÔï»n - by (16096 0/0) ]
06-15 14:48:10.080 802 1224 D Avrcp : sendPlayPosNotificationRsp: Not registered or requesting.
06-15 14:48:10.111 802 1224 V Avrcp : onPlaybackStateChanged: state PlaybackState {state=3, position=48921, buffered position=0, speed=1.0, updated=368311960, actions=-1, custom actions=[], active item id=-1, error=null}
06-15 14:48:10.112 11322 11322 D NowPlayingListener: onPlaybackStateChanged: PlaybackState {state=3, position=48921, buffered position=0, speed=1.0, updated=368311960, actions=-1, custom actions=[], active item id=-1, error=null}
06-15 14:48:10.113 11322 11322 D NowPlayingManager: onClientPlaybackStateUpdate() called with: state = [3], stateChangeTimeMs = [368311960], currentPosMs = [48921]
06-15 14:48:10.113 11322 11322 D NowPlayingManager: onClientPlaybackStateUpdate: Skipped update, state: 3 was unchanged
06-15 14:48:10.115 11322 11322 D NowPlayingManager: onMediaDataUpdated() called with: mediaData = [com.google.android.tvrecommendations.NowPlayingData@4a0433]
06-15 14:48:10.123 11322 11322 D TVNotifService: onTVNotificationPosted StatusBarNotification(pkg=com.google.android.tvrecommendations user=UserHandle{0} id=4321 tag=Notification.NowPlaying key=0|com.google.android.tvrecommendations|4321|Notification.NowPlaying|10087: Notification(channel=now_playing pri=0 contentView=null vibrate=null sound=null defaults=0x0 flags=0x0 color=0x00000000 vis=PRIVATE)) userId: 0
06-15 14:48:10.626 11322 11322 D NowPlayingListener: onPlaybackStateChanged: PlaybackState {state=3, position=49351, buffered position=0, speed=1.0, updated=368312475, actions=-1, custom actions=[], active item id=-1, error=null}
06-15 14:48:10.626 802 1224 V Avrcp : onPlaybackStateChanged: state PlaybackState {state=3, position=49351, buffered position=0, speed=1.0, updated=368312475, actions=-1, custom actions=[], active item id=-1, error=null}
06-15 14:48:10.626 11322 11322 D NowPlayingManager: onClientPlaybackStateUpdate() called with: state = [3], stateChangeTimeMs = [368312475], currentPosMs = [49351]
06-15 14:48:10.626 11322 11322 D NowPlayingManager: onClientPlaybackStateUpdate: Skipped update, state: 3 was unchanged
06-15 14:48:10.628 11322 11322 D NowPlayingManager: onMediaDataUpdated() called with: mediaData = [com.google.android.tvrecommendations.NowPlayingData@7047d69]
06-15 14:48:10.635 11322 11322 D TVNotifService: onTVNotificationPosted StatusBarNotification(pkg=com.google.android.tvrecommendations user=UserHandle{0} id=4321 tag=Notification.NowPlaying key=0|com.google.android.tvrecommendations|4321|Notification.NowPlaying|10087: Notification(channel=now_playing pri=0 contentView=null vibrate=null sound=null defaults=0x0 flags=0x0 color=0x00000000 vis=PRIVATE)) userId: 0
06-15 14:48:10.956 700 4742 D WificondControl: Scan result ready event
06-15 14:48:10.966 1321 1321 D BlakeWifiIntentManager: SCAN_RESULTS_AVAILABLE_ACTION
06-15 14:48:10.990 1308 25903 W ctxmgr : [AclManager]No 2 for (accnt=account#1846457872#, com.google.android.gms(10010):UserLocationProducer, vrsn=12685000, 0, 3pPkg = null , 3pMdlId = null , pid = 1308). Was: 2 for 1, account#1846457872#
06-15 14:48:10.991 700 700 D PackageManager - AppHiding: OnLocationChanged, Country code : DE
06-15 14:48:11.112 802 1224 V Avrcp : MSG_UPDATE_MEDIA
06-15 14:48:11.112 802 1224 V Avrcp : updatePlaybackState (1): -1Ô×í1(PlaybackState {state=3, position=16096, buffered position=0, speed=1.0, updated=368312962, actions=-1, custom actions=[], active item id=-1, error=null})
06-15 14:48:11.113 802 1224 V Avrcp : Media update: id -1Ô×í-1? [MediaAttributes: DÔï»n - by (16096 0/0) ]
06-15 14:48:11.113 802 1224 D Avrcp : sendPlayPosNotificationRsp: Not registered or requesting.
06-15 14:48:11.143 11322 11322 D NowPlayingListener: onPlaybackStateChanged: PlaybackState {state=3, position=50174, buffered position=0, speed=1.0, updated=368312992, actions=-1, custom actions=[], active item id=-1, error=null}
06-15 14:48:11.143 11322 11322 D NowPlayingManager: onClientPlaybackStateUpdate() called with: state = [3], stateChangeTimeMs = [368312992], currentPosMs = [50174]
06-15 14:48:11.143 11322 11322 D NowPlayingManager: onClientPlaybackStateUpdate: Skipped update, state: 3 was unchanged
06-15 14:48:11.145 11322 11322 D NowPlayingManager: onMediaDataUpdated() called with: mediaData = [com.google.android.tvrecommendations.NowPlayingData@696b08f]
06-15 14:48:11.146 802 1224 V Avrcp : onPlaybackStateChanged: state PlaybackState {state=3, position=50174, buffered position=0, speed=1.0, updated=368312992, actions=-1, custom actions=[], active item id=-1, error=null}
06-15 14:48:11.153 11322 11322 D TVNotifService: onTVNotificationPosted StatusBarNotification(pkg=com.google.android.tvrecommendations user=UserHandle{0} id=4321 tag=Notification.NowPlaying key=0|com.google.android.tvrecommendations|4321|Notification.NowPlaying|10087: Notification(channel=now_playing pri=0 contentView=null vibrate=null sound=null defaults=0x0 flags=0x0 color=0x00000000 vis=PRIVATE)) userId: 0
06-15 14:48:11.659 11322 11322 D NowPlayingListener: onPlaybackStateChanged: PlaybackState {state=3, position=50544, buffered position=0, speed=1.0, updated=368313508, actions=-1, custom actions=[], active item id=-1, error=null}
06-15 14:48:11.660 11322 11322 D NowPlayingManager: onClientPlaybackStateUpdate() called with: state = [3], stateChangeTimeMs = [368313508], currentPosMs = [50544]
06-15 14:48:11.660 11322 11322 D NowPlayingManager: onClientPlaybackStateUpdate: Skipped update, state: 3 was unchanged
06-15 14:48:11.660 802 1224 V Avrcp : onPlaybackStateChanged: state PlaybackState {state=3, position=50544, buffered position=0, speed=1.0, updated=368313508, actions=-1, custom actions=[], active item id=-1, error=null}
06-15 14:48:11.663 11322 11322 D NowPlayingManager: onMediaDataUpdated() called with: mediaData = [com.google.android.tvrecommendations.NowPlayingData@65e8725]
06-15 14:48:11.672 11322 11322 D TVNotifService: onTVNotificationPosted StatusBarNotification(pkg=com.google.android.tvrecommendations user=UserHandle{0} id=4321 tag=Notification.NowPlaying key=0|com.google.android.tvrecommendations|4321|Notification.NowPlaying|10087: Notification(channel=now_playing pri=0 contentView=null vibrate=null sound=null defaults=0x0 flags=0x0 color=0x00000000 vis=PRIVATE)) userId: 0
06-15 14:48:11.684 700 761 D WindowManager: handleComboKeys keyCode: 66, keyAction: 0
06-15 14:48:11.685 22018 22038 V Kodi : process_input: Failure reading next input event: Try again
06-15 14:48:11.685 22018 22038 V Kodi : CAndroidKey: key down (dev:3; src:769; code: 66; repeat: 0; flags: 0x8; alt: no; shift: no; sym: no)
06-15 14:48:11.891 700 761 D WindowManager: handleComboKeys keyCode: 66, keyAction: 1
06-15 14:48:11.892 22018 22038 V Kodi : process_input: Failure reading next input event: Try again
06-15 14:48:11.893 22018 22038 V Kodi : CAndroidKey: key up (dev:3; src:769; code: 66; repeat: 0; flags: 0x8; alt: no; shift: no; sym: no)
06-15 14:48:12.146 426 23164 D NvOsDebugPrintf: NVMEDIA: FrameRate(for last 120 frames) = 50.000000, AvgFrameRate = 50.000000
06-15 14:48:12.147 802 1224 V Avrcp : MSG_UPDATE_MEDIA
06-15 14:48:12.147 802 1224 V Avrcp : updatePlaybackState (1): -1Ô×í1(PlaybackState {state=3, position=16096, buffered position=0, speed=1.0, updated=368313996, actions=-1, custom actions=[], active item id=-1, error=null})
06-15 14:48:12.147 802 1224 V Avrcp : Media update: id -1Ô×í-1? [MediaAttributes: DÔï»n - by (16096 0/0) ]
06-15 14:48:12.148 802 1224 D Avrcp : sendPlayPosNotificationRsp: Not registered or requesting.
06-15 14:48:12.176 11322 11322 D NowPlayingListener: onPlaybackStateChanged: PlaybackState {state=3, position=50915, buffered position=0, speed=1.0, updated=368314025, actions=-1, custom actions=[], active item id=-1, error=null}
06-15 14:48:12.176 802 1224 V Avrcp : onPlaybackStateChanged: state PlaybackState {state=3, position=50915, buffered position=0, speed=1.0, updated=368314025, actions=-1, custom actions=[], active item id=-1, error=null}
06-15 14:48:12.176 11322 11322 D NowPlayingManager: onClientPlaybackStateUpdate() called with: state = [3], stateChangeTimeMs = [368314025], currentPosMs = [50915]
06-15 14:48:12.176 11322 11322 D NowPlayingManager: onClientPlaybackStateUpdate: Skipped update, state: 3 was unchanged
06-15 14:48:12.179 11322 11322 D NowPlayingManager: onMediaDataUpdated() called with: mediaData = [com.google.android.tvrecommendations.NowPlayingData@d57c6ab]
06-15 14:48:12.187 11322 11322 D TVNotifService: onTVNotificationPosted StatusBarNotification(pkg=com.google.android.tvrecommendations user=UserHandle{0} id=4321 tag=Notification.NowPlaying key=0|com.google.android.tvrecommendations|4321|Notification.NowPlaying|10087: Notification(channel=now_playing pri=0 contentView=null vibrate=null sound=null defaults=0x0 flags=0x0 color=0x00000000 vis=PRIVATE)) userId: 0
06-15 14:48:12.693 802 1224 V Avrcp : onPlaybackStateChanged: state PlaybackState {state=3, position=51654, buffered position=0, speed=1.0, updated=368314542, actions=-1, custom actions=[], active item id=-1, error=null}
06-15 14:48:12.693 11322 11322 D NowPlayingListener: onPlaybackStateChanged: PlaybackState {state=3, position=51654, buffered position=0, speed=1.0, updated=368314542, actions=-1, custom actions=[], active item id=-1, error=null}
06-15 14:48:12.693 11322 11322 D NowPlayingManager: onClientPlaybackStateUpdate() called with: state = [3], stateChangeTimeMs = [368314542], currentPosMs = [51654]
06-15 14:48:12.693 11322 11322 D NowPlayingManager: onClientPlaybackStateUpdate: Skipped update, state: 3 was unchanged
06-15 14:48:12.696 11322 11322 D NowPlayingManager: onMediaDataUpdated() called with: mediaData = [com.google.android.tvrecommendations.NowPlayingData@89570a1]
06-15 14:48:12.705 11322 11322 D TVNotifService: onTVNotificationPosted StatusBarNotification(pkg=com.google.android.tvrecommendations user=UserHandle{0} id=4321 tag=Notification.NowPlaying key=0|com.google.android.tvrecommendations|4321|Notification.NowPlaying|10087: Notification(channel=now_playing pri=0 contentView=null vibrate=null sound=null defaults=0x0 flags=0x0 color=0x00000000 vis=PRIVATE)) userId: 0
06-15 14:48:13.177 802 1224 V Avrcp : MSG_UPDATE_MEDIA
06-15 14:48:13.177 802 1224 V Avrcp : updatePlaybackState (1): -1Ô×í1(PlaybackState {state=3, position=16096, buffered position=0, speed=1.0, updated=368315027, actions=-1, custom actions=[], active item id=-1, error=null})
06-15 14:48:13.179 802 1224 V Avrcp : Media update: id -1Ô×í-1? [MediaAttributes: DÔï»n - by (16096 0/0) ]
06-15 14:48:13.179 802 1224 D Avrcp : sendPlayPosNotificationRsp: Not registered or requesting.
06-15 14:48:13.210 11322 11322 D NowPlayingListener: onPlaybackStateChanged: PlaybackState {state=3, position=52038, buffered position=0, speed=1.0, updated=368315058, actions=-1, custom actions=[], active item id=-1, error=null}
06-15 14:48:13.210 11322 11322 D NowPlayingManager: onClientPlaybackStateUpdate() called with: state = [3], stateChangeTimeMs = [368315058], currentPosMs = [52038]
06-15 14:48:13.210 11322 11322 D NowPlayingManager: onClientPlaybackStateUpdate: Skipped update, state: 3 was unchanged
06-15 14:48:13.213 11322 11322 D NowPlayingManager: onMediaDataUpdated() called with: mediaData = [com.google.android.tvrecommendations.NowPlayingData@6ca2287]
06-15 14:48:13.221 11322 11322 D TVNotifService: onTVNotificationPosted StatusBarNotification(pkg=com.google.android.tvrecommendations user=UserHandle{0} id=4321 tag=Notification.NowPlaying key=0|com.google.android.tvrecommendations|4321|Notification.NowPlaying|10087: Notification(channel=now_playing pri=0 contentView=null vibrate=null sound=null defaults=0x0 flags=0x0 color=0x00000000 vis=PRIVATE)) userId: 0
06-15 14:48:13.356 700 761 D WindowManager: handleComboKeys keyCode: 66, keyAction: 0
06-15 14:48:13.357 22018 22038 V Kodi : process_input: Failure reading next input event: Try again
06-15 14:48:13.358 22018 22038 V Kodi : CAndroidKey: key down (dev:3; src:769; code: 66; repeat: 0; flags: 0x8; alt: no; shift: no; sym: no)
06-15 14:48:13.460 700 761 D WindowManager: handleComboKeys keyCode: 66, keyAction: 1
06-15 14:48:13.461 22018 22038 V Kodi : process_input: Failure reading next input event: Try again
06-15 14:48:13.462 22018 22038 V Kodi : CAndroidKey: key up (dev:3; src:769; code: 66; repeat: 0; flags: 0x8; alt: no; shift: no; sym: no)
06-15 14:48:13.711 802 1224 V Avrcp : onPlaybackStateChanged: state PlaybackState {state=3, position=52448, buffered position=0, speed=1.0, updated=368315560, actions=-1, custom actions=[], active item id=-1, error=null}
06-15 14:48:13.711 11322 11322 D NowPlayingListener: onPlaybackStateChanged: PlaybackState {state=3, position=52448, buffered position=0, speed=1.0, updated=368315560, actions=-1, custom actions=[], active item id=-1, error=null}
06-15 14:48:13.711 11322 11322 D NowPlayingManager: onClientPlaybackStateUpdate() called with: state = [3], stateChangeTimeMs = [368315560], currentPosMs = [52448]
06-15 14:48:13.712 11322 11322 D NowPlayingManager: onClientPlaybackStateUpdate: Skipped update, state: 3 was unchanged
06-15 14:48:13.713 11322 11322 D NowPlayingManager: onMediaDataUpdated() called with: mediaData = [com.google.android.tvrecommendations.NowPlayingData@cf775dd]
06-15 14:48:13.722 11322 11322 D TVNotifService: onTVNotificationPosted StatusBarNotification(pkg=com.google.android.tvrecommendations user=UserHandle{0} id=4321 tag=Notification.NowPlaying key=0|com.google.android.tvrecommendations|4321|Notification.NowPlaying|10087: Notification(channel=now_playing pri=0 contentView=null vibrate=null sound=null defaults=0x0 flags=0x0 color=0x00000000 vis=PRIVATE)) userId: 0
06-15 14:48:14.211 802 1224 V Avrcp : MSG_UPDATE_MEDIA
06-15 14:48:14.212 802 1224 V Avrcp : updatePlaybackState (1): -1Ô×í1(PlaybackState {state=3, position=16096, buffered position=0, speed=1.0, updated=368316061, actions=-1, custom actions=[], active item id=-1, error=null})
06-15 14:48:14.213 802 1224 V Avrcp : Media update: id -1Ô×í-1? [MediaAttributes: DÔï»n - by (16096 0/0) ]
06-15 14:48:14.213 802 1224 D Avrcp : sendPlayPosNotificationRsp: Not registered or requesting.
06-15 14:48:14.226 802 1224 V Avrcp : onPlaybackStateChanged: state PlaybackState {state=3, position=53056, buffered position=0, speed=1.0, updated=368316075, actions=-1, custom actions=[], active item id=-1, error=null}
06-15 14:48:14.226 11322 11322 D NowPlayingListener: onPlaybackStateChanged: PlaybackState {state=3, position=53056, buffered position=0, speed=1.0, updated=368316075, actions=-1, custom actions=[], active item id=-1, error=null}
06-15 14:48:14.226 11322 11322 D NowPlayingManager: onClientPlaybackStateUpdate() called with: state = [3], stateChangeTimeMs = [368316075], currentPosMs = [53056]
06-15 14:48:14.226 11322 11322 D NowPlayingManager: onClientPlaybackStateUpdate: Skipped update, state: 3 was unchanged
06-15 14:48:14.228 11322 11322 D NowPlayingManager: onMediaDataUpdated() called with: mediaData = [com.google.android.tvrecommendations.NowPlayingData@21c6023]
06-15 14:48:14.235 11322 11322 D TVNotifService: onTVNotificationPosted StatusBarNotification(pkg=com.google.android.tvrecommendations user=UserHandle{0} id=4321 tag=Notification.NowPlaying key=0|com.google.android.tvrecommendations|4321|Notification.NowPlaying|10087: Notification(channel=now_playing pri=0 contentView=null vibrate=null sound=null defaults=0x0 flags=0x0 color=0x00000000 vis=PRIVATE)) userId: 0
06-15 14:48:14.543 426 23164 D NvOsDebugPrintf: NVMEDIA: FrameRate(for last 120 frames) = 50.000000, AvgFrameRate = 50.000000
06-15 14:48:14.743 802 1224 V Avrcp : onPlaybackStateChanged: state PlaybackState {state=3, position=53512, buffered position=0, speed=1.0, updated=368316592, actions=-1, custom actions=[], active item id=-1, error=null}
06-15 14:48:14.744 11322 11322 D NowPlayingListener: onPlaybackStateChanged: PlaybackState {state=3, position=53512, buffered position=0, speed=1.0, updated=368316592, actions=-1, custom actions=[], active item id=-1, error=null}
06-15 14:48:14.744 11322 11322 D NowPlayingManager: onClientPlaybackStateUpdate() called with: state = [3], stateChangeTimeMs = [368316592], currentPosMs = [53512]
06-15 14:48:14.744 11322 11322 D NowPlayingManager: onClientPlaybackStateUpdate: Skipped update, state: 3 was unchanged
06-15 14:48:14.747 11322 11322 D NowPlayingManager: onMediaDataUpdated() called with: mediaData = [com.google.android.tvrecommendations.NowPlayingData@f7a92d9]
06-15 14:48:14.755 11322 11322 D TVNotifService: onTVNotificationPosted StatusBarNotification(pkg=com.google.android.tvrecommendations user=UserHandle{0} id=4321 tag=Notification.NowPlaying key=0|com.google.android.tvrecommendations|4321|Notification.NowPlaying|10087: Notification(channel=now_playing pri=0 contentView=null vibrate=null sound=null defaults=0x0 flags=0x0 color=0x00000000 vis=PRIVATE)) userId: 0
06-15 14:48:14.866 700 761 D WindowManager: handleComboKeys keyCode: 20, keyAction: 0
06-15 14:48:14.867 22018 22038 V Kodi : process_input: Failure reading next input event: Try again
06-15 14:48:14.868 22018 22038 V Kodi : CAndroidKey: key down (dev:3; src:769; code: 20; repeat: 0; flags: 0x8; alt: no; shift: no; sym: no)
06-15 14:48:15.054 700 761 D WindowManager: handleComboKeys keyCode: 20, keyAction: 1
06-15 14:48:15.055 22018 22038 V Kodi : process_input: Failure reading next input event: Try again
06-15 14:48:15.055 22018 22038 V Kodi : CAndroidKey: key up (dev:3; src:769; code: 20; repeat: 0; flags: 0x8; alt: no; shift: no; sym: no)
06-15 14:48:15.227 802 1224 V Avrcp : MSG_UPDATE_MEDIA
06-15 14:48:15.227 802 1224 V Avrcp : updatePlaybackState (1): -1Ô×í1(PlaybackState {state=3, position=16096, buffered position=0, speed=1.0, updated=368317077, actions=-1, custom actions=[], active item id=-1, error=null})
06-15 14:48:15.228 802 1224 V Avrcp : Media update: id -1Ô×í-1? [MediaAttributes: DÔï»n - by (16096 0/0) ]
06-15 14:48:15.228 802 1224 D Avrcp : sendPlayPosNotificationRsp: Not registered or requesting.
06-15 14:48:15.263 11322 11322 D NowPlayingListener: onPlaybackStateChanged: PlaybackState {state=3, position=54276, buffered position=0, speed=1.0, updated=368317112, actions=-1, custom actions=[], active item id=-1, error=null}
06-15 14:48:15.263 802 1224 V Avrcp : onPlaybackStateChanged: state PlaybackState {state=3, position=54276, buffered position=0, speed=1.0, updated=368317112, actions=-1, custom actions=[], active item id=-1, error=null}
06-15 14:48:15.263 11322 11322 D NowPlayingManager: onClientPlaybackStateUpdate() called with: state = [3], stateChangeTimeMs = [368317112], currentPosMs = [54276]
06-15 14:48:15.263 11322 11322 D NowPlayingManager: onClientPlaybackStateUpdate: Skipped update, state: 3 was unchanged
06-15 14:48:15.266 11322 11322 D NowPlayingManager: onMediaDataUpdated() called with: mediaData = [com.google.android.tvrecommendations.NowPlayingData@8cadb7f]
06-15 14:48:15.273 11322 11322 D TVNotifService: onTVNotificationPosted StatusBarNotification(pkg=com.google.android.tvrecommendations user=UserHandle{0} id=4321 tag=Notification.NowPlaying key=0|com.google.android.tvrecommendations|4321|Notification.NowPlaying|10087: Notification(channel=now_playing pri=0 contentView=null vibrate=null sound=null defaults=0x0 flags=0x0 color=0x00000000 vis=PRIVATE)) userId: 0
06-15 14:48:15.649 700 761 D WindowManager: handleComboKeys keyCode: 22, keyAction: 0
06-15 14:48:15.650 22018 22038 V Kodi : process_input: Failure reading next input event: Try again
06-15 14:48:15.650 22018 22038 V Kodi : CAndroidKey: key down (dev:3; src:769; code: 22; repeat: 0; flags: 0x8; alt: no; shift: no; sym: no)
06-15 14:48:15.778 802 1224 V Avrcp : onPlaybackStateChanged: state PlaybackState {state=3, position=54694, buffered position=0, speed=1.0, updated=368317627, actions=-1, custom actions=[], active item id=-1, error=null}
06-15 14:48:15.778 11322 11322 D NowPlayingListener: onPlaybackStateChanged: PlaybackState {state=3, position=54694, buffered position=0, speed=1.0, updated=368317627, actions=-1, custom actions=[], active item id=-1, error=null}
06-15 14:48:15.778 11322 11322 D NowPlayingManager: onClientPlaybackStateUpdate() called with: state = [3], stateChangeTimeMs = [368317627], currentPosMs = [54694]
06-15 14:48:15.778 11322 11322 D NowPlayingManager: onClientPlaybackStateUpdate: Skipped update, state: 3 was unchanged
06-15 14:48:15.780 11322 11322 D NowPlayingManager: onMediaDataUpdated() called with: mediaData = [com.google.android.tvrecommendations.NowPlayingData@b788395]
06-15 14:48:15.798 700 761 D WindowManager: handleComboKeys keyCode: 22, keyAction: 1
06-15 14:48:15.800 22018 22038 V Kodi : process_input: Failure reading next input event: Try again
06-15 14:48:15.800 22018 22038 V Kodi : CAndroidKey: key up (dev:3; src:769; code: 22; repeat: 0; flags: 0x8; alt: no; shift: no; sym: no)
06-15 14:48:15.801 11322 11322 D TVNotifService: onTVNotificationPosted StatusBarNotification(pkg=com.google.android.tvrecommendations user=UserHandle{0} id=4321 tag=Notification.NowPlaying key=0|com.google.android.tvrecommendations|4321|Notification.NowPlaying|10087: Notification(channel=now_playing pri=0 contentView=null vibrate=null sound=null defaults=0x0 flags=0x0 color=0x00000000 vis=PRIVATE)) userId: 0
06-15 14:48:15.922 700 761 D WindowManager: handleComboKeys keyCode: 22, keyAction: 0
06-15 14:48:15.923 22018 22038 V Kodi : process_input: Failure reading next input event: Try again
06-15 14:48:15.923 22018 22038 V Kodi : CAndroidKey: key down (dev:3; src:769; code: 22; repeat: 0; flags: 0x8; alt: no; shift: no; sym: no)
06-15 14:48:16.051 700 761 D WindowManager: handleComboKeys keyCode: 22, keyAction: 1
06-15 14:48:16.052 22018 22038 V Kodi : process_input: Failure reading next input event: Try again
06-15 14:48:16.052 22018 22038 V Kodi : CAndroidKey: key up (dev:3; src:769; code: 22; repeat: 0; flags: 0x8; alt: no; shift: no; sym: no)
06-15 14:48:16.181 700 761 D WindowManager: handleComboKeys keyCode: 22, keyAction: 0
06-15 14:48:16.182 22018 22038 V Kodi : process_input: Failure reading next input event: Try again
06-15 14:48:16.182 22018 22038 V Kodi : CAndroidKey: key down (dev:3; src:769; code: 22; repeat: 0; flags: 0x8; alt: no; shift: no; sym: no)
06-15 14:48:16.263 802 1224 V Avrcp : MSG_UPDATE_MEDIA
06-15 14:48:16.264 802 1224 V Avrcp : updatePlaybackState (1): -1Ô×í1(PlaybackState {state=3, position=16096, buffered position=0, speed=1.0, updated=368318113, actions=-1, custom actions=[], active item id=-1, error=null})
06-15 14:48:16.265 802 1224 V Avrcp : Media update: id -1Ô×í-1? [MediaAttributes: DÔï»n - by (16096 0/0) ]
06-15 14:48:16.265 802 1224 D Avrcp : sendPlayPosNotificationRsp: Not registered or requesting.
06-15 14:48:16.280 700 761 D WindowManager: handleComboKeys keyCode: 22, keyAction: 1
06-15 14:48:16.281 22018 22038 V Kodi : process_input: Failure reading next input event: Try again
06-15 14:48:16.282 22018 22038 V Kodi : CAndroidKey: key up (dev:3; src:769; code: 22; repeat: 0; flags: 0x8; alt: no; shift: no; sym: no)
06-15 14:48:16.294 11322 11322 D NowPlayingListener: onPlaybackStateChanged: PlaybackState {state=3, position=55113, buffered position=0, speed=1.0, updated=368318143, actions=-1, custom actions=[], active item id=-1, error=null}
06-15 14:48:16.294 11322 11322 D NowPlayingManager: onClientPlaybackStateUpdate() called with: state = [3], stateChangeTimeMs = [368318143], currentPosMs = [55113]
06-15 14:48:16.294 11322 11322 D NowPlayingManager: onClientPlaybackStateUpdate: Skipped update, state: 3 was unchanged
06-15 14:48:16.295 802 1224 V Avrcp : onPlaybackStateChanged: state PlaybackState {state=3, position=55113, buffered position=0, speed=1.0, updated=368318143, actions=-1, custom actions=[], active item id=-1, error=null}
06-15 14:48:16.296 11322 11322 D NowPlayingManager: onMediaDataUpdated() called with: mediaData = [com.google.android.tvrecommendations.NowPlayingData@5bbb09b]
06-15 14:48:16.304 11322 11322 D TVNotifService: onTVNotificationPosted StatusBarNotification(pkg=com.google.android.tvrecommendations user=UserHandle{0} id=4321 tag=Notification.NowPlaying key=0|com.google.android.tvrecommendations|4321|Notification.NowPlaying|10087: Notification(channel=now_playing pri=0 contentView=null vibrate=null sound=null defaults=0x0 flags=0x0 color=0x00000000 vis=PRIVATE)) userId: 0
06-15 14:48:16.810 11322 11322 D NowPlayingListener: onPlaybackStateChanged: PlaybackState {state=3, position=55556, buffered position=0, speed=1.0, updated=368318658, actions=-1, custom actions=[], active item id=-1, error=null}
06-15 14:48:16.810 11322 11322 D NowPlayingManager: onClientPlaybackStateUpdate() called with: state = [3], stateChangeTimeMs = [368318658], currentPosMs = [55556]
06-15 14:48:16.810 11322 11322 D NowPlayingManager: onClientPlaybackStateUpdate: Skipped update, state: 3 was unchanged
06-15 14:48:16.810 802 1224 V Avrcp : onPlaybackStateChanged: state PlaybackState {state=3, position=55556, buffered position=0, speed=1.0, updated=368318658, actions=-1, custom actions=[], active item id=-1, error=null}
06-15 14:48:16.813 11322 11322 D NowPlayingManager: onMediaDataUpdated() called with: mediaData = [com.google.android.tvrecommendations.NowPlayingData@e2ac411]
06-15 14:48:16.820 11322 11322 D TVNotifService: onTVNotificationPosted StatusBarNotification(pkg=com.google.android.tvrecommendations user=UserHandle{0} id=4321 tag=Notification.NowPlaying key=0|com.google.android.tvrecommendations|4321|Notification.NowPlaying|10087: Notification(channel=now_playing pri=0 contentView=null vibrate=null sound=null defaults=0x0 flags=0x0 color=0x00000000 vis=PRIVATE)) userId: 0
06-15 14:48:16.943 426 23164 D NvOsDebugPrintf: NVMEDIA: FrameRate(for last 120 frames) = 50.000000, AvgFrameRate = 50.000000
06-15 14:48:17.044 700 761 D WindowManager: handleComboKeys keyCode: 22, keyAction: 0
06-15 14:48:17.046 22018 22038 V Kodi : process_input: Failure reading next input event: Try again
06-15 14:48:17.047 22018 22038 V Kodi : CAndroidKey: key down (dev:3; src:769; code: 22; repeat: 0; flags: 0x8; alt: no; shift: no; sym: no)
06-15 14:48:17.207 700 761 D WindowManager: handleComboKeys keyCode: 22, keyAction: 1
06-15 14:48:17.208 22018 22038 V Kodi : process_input: Failure reading next input event: Try again
06-15 14:48:17.212 22018 22038 V Kodi : CAndroidKey: key up (dev:3; src:769; code: 22; repeat: 0; flags: 0x8; alt: no; shift: no; sym: no)
06-15 14:48:17.296 802 1224 V Avrcp : MSG_UPDATE_MEDIA
06-15 14:48:17.296 802 1224 V Avrcp : updatePlaybackState (1): -1Ô×í1(PlaybackState {state=3, position=16096, buffered position=0, speed=1.0, updated=368319146, actions=-1, custom actions=[], active item id=-1, error=null})
06-15 14:48:17.298 802 1224 V Avrcp : Media update: id -1Ô×í-1? [MediaAttributes: DÔï»n - by (16096 0/0) ]
06-15 14:48:17.298 802 1224 D Avrcp : sendPlayPosNotificationRsp: Not registered or requesting.
06-15 14:48:17.311 11322 11322 D NowPlayingListener: onPlaybackStateChanged: PlaybackState {state=3, position=56004, buffered position=0, speed=1.0, updated=368319160, actions=-1, custom actions=[], active item id=-1, error=null}
06-15 14:48:17.311 11322 11322 D NowPlayingManager: onClientPlaybackStateUpdate() called with: state = [3], stateChangeTimeMs = [368319160], currentPosMs = [56004]
06-15 14:48:17.311 11322 11322 D NowPlayingManager: onClientPlaybackStateUpdate: Skipped update, state: 3 was unchanged
06-15 14:48:17.312 802 1224 V Avrcp : onPlaybackStateChanged: state PlaybackState {state=3, position=56004, buffered position=0, speed=1.0, updated=368319160, actions=-1, custom actions=[], active item id=-1, error=null}
06-15 14:48:17.314 11322 11322 D NowPlayingManager: onMediaDataUpdated() called with: mediaData = [com.google.android.tvrecommendations.NowPlayingData@21abb77]
06-15 14:48:17.322 11322 11322 D TVNotifService: onTVNotificationPosted StatusBarNotification(pkg=com.google.android.tvrecommendations user=UserHandle{0} id=4321 tag=Notification.NowPlaying key=0|com.google.android.tvrecommendations|4321|Notification.NowPlaying|10087: Notification(channel=now_playing pri=0 contentView=null vibrate=null sound=null defaults=0x0 flags=0x0 color=0x00000000 vis=PRIVATE)) userId: 0
06-15 14:48:17.435 700 761 D WindowManager: handleComboKeys keyCode: 22, keyAction: 0
06-15 14:48:17.435 22018 22038 V Kodi : process_input: Failure reading next input event: Try again
06-15 14:48:17.436 22018 22038 V Kodi : CAndroidKey: key down (dev:3; src:769; code: 22; repeat: 0; flags: 0x8; alt: no; shift: no; sym: no)
06-15 14:48:17.605 700 761 D WindowManager: handleComboKeys keyCode: 22, keyAction: 1
06-15 14:48:17.606 22018 22038 V Kodi : process_input: Failure reading next input event: Try again
06-15 14:48:17.606 22018 22038 V Kodi : CAndroidKey: key up (dev:3; src:769; code: 22; repeat: 0; flags: 0x8; alt: no; shift: no; sym: no)
06-15 14:48:17.813 802 1224 V Avrcp : onPlaybackStateChanged: state PlaybackState {state=3, position=56434, buffered position=0, speed=1.0, updated=368319662, actions=-1, custom actions=[], active item id=-1, error=null}
06-15 14:48:17.813 11322 11322 D NowPlayingListener: onPlaybackStateChanged: PlaybackState {state=3, position=56434, buffered position=0, speed=1.0, updated=368319662, actions=-1, custom actions=[], active item id=-1, error=null}
06-15 14:48:17.813 11322 11322 D NowPlayingManager: onClientPlaybackStateUpdate() called with: state = [3], stateChangeTimeMs = [368319662], currentPosMs = [56434]
06-15 14:48:17.813 11322 11322 D NowPlayingManager: onClientPlaybackStateUpdate: Skipped update, state: 3 was unchanged
06-15 14:48:17.815 11322 11322 D NowPlayingManager: onMediaDataUpdated() called with: mediaData = [com.google.android.tvrecommendations.NowPlayingData@4e6904d]
06-15 14:48:17.829 11322 11322 D TVNotifService: onTVNotificationPosted StatusBarNotification(pkg=com.google.android.tvrecommendations user=UserHandle{0} id=4321 tag=Notification.NowPlaying key=0|com.google.android.tvrecommendations|4321|Notification.NowPlaying|10087: Notification(channel=now_playing pri=0 contentView=null vibrate=null sound=null defaults=0x0 flags=0x0 color=0x00000000 vis=PRIVATE)) userId: 0
06-15 14:48:17.937 700 761 D WindowManager: handleComboKeys keyCode: 22, keyAction: 0
06-15 14:48:17.938 22018 22038 V Kodi : process_input: Failure reading next input event: Try again
