06-15 14:46:01.161 426 22971 D NvOsDebugPrintf: NVMEDIA: NVMEDIAVPRFloorSizeSettingThread: 1628: Closing NVMEDIAVPRFloorSizeSettingThread -------------
06-15 14:46:01.161 426 22969 D NvOsDebugPrintf: NVMEDIA: NVMEDIAFrameDelivery: 1662: Closing NVMEDIA Frame Delivery Thread -------------
06-15 14:46:01.166 426 22966 D NvOsDebugPrintf: NVMEDIA: NvMMLiteTVMRDecBlockClose: 3345: Done
06-15 14:46:01.168 22018 22964 D SurfaceUtils: disconnecting from surface 0x2816329010, reason disconnectFromSurface
06-15 14:46:01.183 420 420 D MediaAnalyticsService: MediaAnalyticsService::newSummarizerSet
06-15 14:46:01.187 22018 22018 D XBMCVideoPlayView: Destroyed
06-15 14:46:01.187 371 1130 E SurfaceFlinger: Failed to find layer (SurfaceView - org.xbmc.kodinerds/org.xbmc.kodinerds.Main#1) in layer parent (no-parent).
06-15 14:46:01.188 371 443 E SurfaceFlinger: Failed to find layer (Background for - SurfaceView - org.xbmc.kodinerds/org.xbmc.kodinerds.Main#1) in layer parent (no-parent).
06-15 14:46:01.444 802 1224 V Avrcp : MSG_UPDATE_MEDIA
06-15 14:46:01.444 802 1224 V Avrcp : updatePlaybackState (1): -1Ô×í1(PlaybackState {state=3, position=0, buffered position=0, speed=1.0, updated=368183293, actions=-1, custom actions=[], active item id=-1, error=null})
06-15 14:46:01.444 802 1224 V Avrcp : Media update: id -1Ô×í-1? [MediaAttributes: dÔï»d - by (0 0/0) ]
06-15 14:46:01.444 802 1224 D Avrcp : sendPlayPosNotificationRsp: Not registered or requesting.
06-15 14:46:01.494 802 1224 V Avrcp : onPlaybackStateChanged: state PlaybackState {state=3, position=0, buffered position=0, speed=1.0, updated=368183343, actions=-1, custom actions=[], active item id=-1, error=null}
06-15 14:46:01.494 11322 11322 D NowPlayingListener: onPlaybackStateChanged: PlaybackState {state=3, position=0, buffered position=0, speed=1.0, updated=368183343, actions=-1, custom actions=[], active item id=-1, error=null}
06-15 14:46:01.494 11322 11322 D NowPlayingManager: onClientPlaybackStateUpdate() called with: state = [3], stateChangeTimeMs = [368183343], currentPosMs = [0]
06-15 14:46:01.494 11322 11322 D NowPlayingManager: onClientPlaybackStateUpdate: Skipped update, state: 3 was unchanged
06-15 14:46:01.508 11322 11322 D NowPlayingManager: onMediaDataUpdated() called with: mediaData = [com.google.android.tvrecommendations.NowPlayingData@e8f79a]
06-15 14:46:01.532 11322 11322 D TVNotifService: onTVNotificationPosted StatusBarNotification(pkg=com.google.android.tvrecommendations user=UserHandle{0} id=4321 tag=Notification.NowPlaying key=0|com.google.android.tvrecommendations|4321|Notification.NowPlaying|10087: Notification(channel=now_playing pri=0 contentView=null vibrate=null sound=null defaults=0x0 flags=0x0 color=0x00000000 vis=PRIVATE)) userId: 0
06-15 14:46:01.997 802 1224 V Avrcp : onPlaybackStateChanged: state PlaybackState {state=3, position=638, buffered position=0, speed=1.0, updated=368183845, actions=-1, custom actions=[], active item id=-1, error=null}
06-15 14:46:01.997 11322 11322 D NowPlayingListener: onPlaybackStateChanged: PlaybackState {state=3, position=638, buffered position=0, speed=1.0, updated=368183845, actions=-1, custom actions=[], active item id=-1, error=null}
06-15 14:46:01.997 11322 11322 D NowPlayingManager: onClientPlaybackStateUpdate() called with: state = [3], stateChangeTimeMs = [368183845], currentPosMs = [638]
06-15 14:46:01.997 11322 11322 D NowPlayingManager: onClientPlaybackStateUpdate: Skipped update, state: 3 was unchanged
06-15 14:46:01.999 11322 11322 D NowPlayingManager: onMediaDataUpdated() called with: mediaData = [com.google.android.tvrecommendations.NowPlayingData@bd048a8]
06-15 14:46:02.008 11322 11322 D TVNotifService: onTVNotificationPosted StatusBarNotification(pkg=com.google.android.tvrecommendations user=UserHandle{0} id=4321 tag=Notification.NowPlaying key=0|com.google.android.tvrecommendations|4321|Notification.NowPlaying|10087: Notification(channel=now_playing pri=0 contentView=null vibrate=null sound=null defaults=0x0 flags=0x0 color=0x00000000 vis=PRIVATE)) userId: 0
06-15 14:46:02.494 802 1224 V Avrcp : MSG_UPDATE_MEDIA
06-15 14:46:02.495 802 1224 V Avrcp : updatePlaybackState (1): -1Ô×í1(PlaybackState {state=3, position=0, buffered position=0, speed=1.0, updated=368184344, actions=-1, custom actions=[], active item id=-1, error=null})
06-15 14:46:02.496 802 1224 V Avrcp : Media update: id -1Ô×í-1? [MediaAttributes: dÔï»d - by (0 0/0) ]
06-15 14:46:02.496 802 1224 D Avrcp : sendPlayPosNotificationRsp: Not registered or requesting.
06-15 14:46:02.499 802 1224 V Avrcp : onPlaybackStateChanged: state PlaybackState {state=3, position=1183, buffered position=0, speed=1.0, updated=368184347, actions=-1, custom actions=[], active item id=-1, error=null}
06-15 14:46:02.499 11322 11322 D NowPlayingListener: onPlaybackStateChanged: PlaybackState {state=3, position=1183, buffered position=0, speed=1.0, updated=368184347, actions=-1, custom actions=[], active item id=-1, error=null}
06-15 14:46:02.499 11322 11322 D NowPlayingManager: onClientPlaybackStateUpdate() called with: state = [3], stateChangeTimeMs = [368184347], currentPosMs = [1183]
06-15 14:46:02.499 11322 11322 D NowPlayingManager: onClientPlaybackStateUpdate: Skipped update, state: 3 was unchanged
06-15 14:46:02.501 11322 11322 D NowPlayingManager: onMediaDataUpdated() called with: mediaData = [com.google.android.tvrecommendations.NowPlayingData@24ef366]
06-15 14:46:02.508 11322 11322 D TVNotifService: onTVNotificationPosted StatusBarNotification(pkg=com.google.android.tvrecommendations user=UserHandle{0} id=4321 tag=Notification.NowPlaying key=0|com.google.android.tvrecommendations|4321|Notification.NowPlaying|10087: Notification(channel=now_playing pri=0 contentView=null vibrate=null sound=null defaults=0x0 flags=0x0 color=0x00000000 vis=PRIVATE)) userId: 0
06-15 14:46:02.885 2623 2623 I chromium: [2623:2623:INFO:metrics_recorder.cc(89)] Metrics stat: total=0
06-15 14:46:03.015 802 1224 V Avrcp : onPlaybackStateChanged: state PlaybackState {state=3, position=1740, buffered position=0, speed=1.0, updated=368184863, actions=-1, custom actions=[], active item id=-1, error=null}
06-15 14:46:03.015 11322 11322 D NowPlayingListener: onPlaybackStateChanged: PlaybackState {state=3, position=1740, buffered position=0, speed=1.0, updated=368184863, actions=-1, custom actions=[], active item id=-1, error=null}
06-15 14:46:03.015 802 1224 V Avrcp : onPlaybackStateChanged: state PlaybackState {state=3, position=1740, buffered position=0, speed=1.0, updated=368184863, actions=-1, custom actions=[], active item id=-1, error=null}
06-15 14:46:03.015 11322 11322 D NowPlayingManager: onClientPlaybackStateUpdate() called with: state = [3], stateChangeTimeMs = [368184863], currentPosMs = [1740]
06-15 14:46:03.015 11322 11322 D NowPlayingManager: onClientPlaybackStateUpdate: Skipped update, state: 3 was unchanged
06-15 14:46:03.016 11322 11322 D NowPlayingManager: onMediaDataUpdated() called with: mediaData = [com.google.android.tvrecommendations.NowPlayingData@7354754]
06-15 14:46:03.024 11322 11322 D TVNotifService: onTVNotificationPosted StatusBarNotification(pkg=com.google.android.tvrecommendations user=UserHandle{0} id=4321 tag=Notification.NowPlaying key=0|com.google.android.tvrecommendations|4321|Notification.NowPlaying|10087: Notification(channel=now_playing pri=0 contentView=null vibrate=null sound=null defaults=0x0 flags=0x0 color=0x00000000 vis=PRIVATE)) userId: 0
06-15 14:46:03.500 802 1224 V Avrcp : MSG_UPDATE_MEDIA
06-15 14:46:03.501 802 1224 V Avrcp : updatePlaybackState (1): -1Ô×í1(PlaybackState {state=3, position=0, buffered position=0, speed=1.0, updated=368185350, actions=-1, custom actions=[], active item id=-1, error=null})
06-15 14:46:03.501 802 1224 V Avrcp : Media update: id -1Ô×í-1? [MediaAttributes: dÔï»d - by (0 0/0) ]
06-15 14:46:03.501 802 1224 D Avrcp : sendPlayPosNotificationRsp: Not registered or requesting.
06-15 14:46:03.531 802 1224 V Avrcp : onPlaybackStateChanged: state PlaybackState {state=3, position=2326, buffered position=0, speed=1.0, updated=368185380, actions=-1, custom actions=[], active item id=-1, error=null}
06-15 14:46:03.531 11322 11322 D NowPlayingListener: onPlaybackStateChanged: PlaybackState {state=3, position=2326, buffered position=0, speed=1.0, updated=368185380, actions=-1, custom actions=[], active item id=-1, error=null}
06-15 14:46:03.531 11322 11322 D NowPlayingManager: onClientPlaybackStateUpdate() called with: state = [3], stateChangeTimeMs = [368185380], currentPosMs = [2326]
06-15 14:46:03.531 11322 11322 D NowPlayingManager: onClientPlaybackStateUpdate: Skipped update, state: 3 was unchanged
06-15 14:46:03.533 11322 11322 D NowPlayingManager: onMediaDataUpdated() called with: mediaData = [com.google.android.tvrecommendations.NowPlayingData@c6dff2]
06-15 14:46:03.541 11322 11322 D TVNotifService: onTVNotificationPosted StatusBarNotification(pkg=com.google.android.tvrecommendations user=UserHandle{0} id=4321 tag=Notification.NowPlaying key=0|com.google.android.tvrecommendations|4321|Notification.NowPlaying|10087: Notification(channel=now_playing pri=0 contentView=null vibrate=null sound=null defaults=0x0 flags=0x0 color=0x00000000 vis=PRIVATE)) userId: 0
06-15 14:46:04.051 802 1224 V Avrcp : onPlaybackStateChanged: state PlaybackState {state=3, position=2637, buffered position=0, speed=1.0, updated=368185900, actions=-1, custom actions=[], active item id=-1, error=null}
06-15 14:46:04.051 11322 11322 D NowPlayingListener: onPlaybackStateChanged: PlaybackState {state=3, position=2637, buffered position=0, speed=1.0, updated=368185900, actions=-1, custom actions=[], active item id=-1, error=null}
06-15 14:46:04.051 11322 11322 D NowPlayingManager: onClientPlaybackStateUpdate() called with: state = [3], stateChangeTimeMs = [368185900], currentPosMs = [2637]
06-15 14:46:04.051 11322 11322 D NowPlayingManager: onClientPlaybackStateUpdate: Skipped update, state: 3 was unchanged
06-15 14:46:04.053 11322 11322 D NowPlayingManager: onMediaDataUpdated() called with: mediaData = [com.google.android.tvrecommendations.NowPlayingData@34984c0]
06-15 14:46:04.062 11322 11322 D TVNotifService: onTVNotificationPosted StatusBarNotification(pkg=com.google.android.tvrecommendations user=UserHandle{0} id=4321 tag=Notification.NowPlaying key=0|com.google.android.tvrecommendations|4321|Notification.NowPlaying|10087: Notification(channel=now_playing pri=0 contentView=null vibrate=null sound=null defaults=0x0 flags=0x0 color=0x00000000 vis=PRIVATE)) userId: 0
06-15 14:46:04.532 802 1224 V Avrcp : MSG_UPDATE_MEDIA
06-15 14:46:04.532 802 1224 V Avrcp : updatePlaybackState (1): -1Ô×í1(PlaybackState {state=3, position=0, buffered position=0, speed=1.0, updated=368186382, actions=-1, custom actions=[], active item id=-1, error=null})
06-15 14:46:04.533 802 1224 V Avrcp : Media update: id -1Ô×í-1? [MediaAttributes: dÔï»d - by (0 0/0) ]
06-15 14:46:04.533 802 1224 D Avrcp : sendPlayPosNotificationRsp: Not registered or requesting.
06-15 14:46:04.563 11322 11322 D NowPlayingListener: onPlaybackStateChanged: PlaybackState {state=3, position=3247, buffered position=0, speed=1.0, updated=368186412, actions=-1, custom actions=[], active item id=-1, error=null}
06-15 14:46:04.563 11322 11322 D NowPlayingManager: onClientPlaybackStateUpdate() called with: state = [3], stateChangeTimeMs = [368186412], currentPosMs = [3247]
06-15 14:46:04.563 11322 11322 D NowPlayingManager: onClientPlaybackStateUpdate: Skipped update, state: 3 was unchanged
06-15 14:46:04.563 802 1224 V Avrcp : onPlaybackStateChanged: state PlaybackState {state=3, position=3247, buffered position=0, speed=1.0, updated=368186412, actions=-1, custom actions=[], active item id=-1, error=null}
06-15 14:46:04.565 11322 11322 D NowPlayingManager: onMediaDataUpdated() called with: mediaData = [com.google.android.tvrecommendations.NowPlayingData@85f093e]
06-15 14:46:04.578 11322 11322 D TVNotifService: onTVNotificationPosted StatusBarNotification(pkg=com.google.android.tvrecommendations user=UserHandle{0} id=4321 tag=Notification.NowPlaying key=0|com.google.android.tvrecommendations|4321|Notification.NowPlaying|10087: Notification(channel=now_playing pri=0 contentView=null vibrate=null sound=null defaults=0x0 flags=0x0 color=0x00000000 vis=PRIVATE)) userId: 0
06-15 14:46:05.082 11322 11322 D NowPlayingListener: onPlaybackStateChanged: PlaybackState {state=3, position=3885, buffered position=0, speed=1.0, updated=368186930, actions=-1, custom actions=[], active item id=-1, error=null}
06-15 14:46:05.082 11322 11322 D NowPlayingManager: onClientPlaybackStateUpdate() called with: state = [3], stateChangeTimeMs = [368186930], currentPosMs = [3885]
06-15 14:46:05.082 11322 11322 D NowPlayingManager: onClientPlaybackStateUpdate: Skipped update, state: 3 was unchanged
06-15 14:46:05.082 802 1224 V Avrcp : onPlaybackStateChanged: state PlaybackState {state=3, position=3885, buffered position=0, speed=1.0, updated=368186930, actions=-1, custom actions=[], active item id=-1, error=null}
06-15 14:46:05.083 11322 11322 D NowPlayingManager: onMediaDataUpdated() called with: mediaData = [com.google.android.tvrecommendations.NowPlayingData@3a22cec]
06-15 14:46:05.089 11322 11322 D TVNotifService: onTVNotificationPosted StatusBarNotification(pkg=com.google.android.tvrecommendations user=UserHandle{0} id=4321 tag=Notification.NowPlaying key=0|com.google.android.tvrecommendations|4321|Notification.NowPlaying|10087: Notification(channel=now_playing pri=0 contentView=null vibrate=null sound=null defaults=0x0 flags=0x0 color=0x00000000 vis=PRIVATE)) userId: 0
06-15 14:46:05.564 802 1224 V Avrcp : MSG_UPDATE_MEDIA
06-15 14:46:05.565 802 1224 V Avrcp : updatePlaybackState (1): -1Ô×í1(PlaybackState {state=3, position=0, buffered position=0, speed=1.0, updated=368187414, actions=-1, custom actions=[], active item id=-1, error=null})
06-15 14:46:05.566 802 1224 V Avrcp : Media update: id -1Ô×í-1? [MediaAttributes: dÔï»d - by (0 0/0) ]
06-15 14:46:05.566 802 1224 D Avrcp : sendPlayPosNotificationRsp: Not registered or requesting.
06-15 14:46:05.595 11322 11322 D NowPlayingListener: onPlaybackStateChanged: PlaybackState {state=3, position=4207, buffered position=0, speed=1.0, updated=368187444, actions=-1, custom actions=[], active item id=-1, error=null}
06-15 14:46:05.595 11322 11322 D NowPlayingManager: onClientPlaybackStateUpdate() called with: state = [3], stateChangeTimeMs = [368187444], currentPosMs = [4207]
06-15 14:46:05.595 11322 11322 D NowPlayingManager: onClientPlaybackStateUpdate: Skipped update, state: 3 was unchanged
06-15 14:46:05.596 802 1224 V Avrcp : onPlaybackStateChanged: state PlaybackState {state=3, position=4207, buffered position=0, speed=1.0, updated=368187444, actions=-1, custom actions=[], active item id=-1, error=null}
06-15 14:46:05.597 11322 11322 D NowPlayingManager: onMediaDataUpdated() called with: mediaData = [com.google.android.tvrecommendations.NowPlayingData@5be7b4a]
06-15 14:46:05.604 11322 11322 D TVNotifService: onTVNotificationPosted StatusBarNotification(pkg=com.google.android.tvrecommendations user=UserHandle{0} id=4321 tag=Notification.NowPlaying key=0|com.google.android.tvrecommendations|4321|Notification.NowPlaying|10087: Notification(channel=now_playing pri=0 contentView=null vibrate=null sound=null defaults=0x0 flags=0x0 color=0x00000000 vis=PRIVATE)) userId: 0
06-15 14:46:06.098 802 1224 V Avrcp : onPlaybackStateChanged: state PlaybackState {state=3, position=4826, buffered position=0, speed=1.0, updated=368187947, actions=-1, custom actions=[], active item id=-1, error=null}
06-15 14:46:06.098 11322 11322 D NowPlayingListener: onPlaybackStateChanged: PlaybackState {state=3, position=4826, buffered position=0, speed=1.0, updated=368187947, actions=-1, custom actions=[], active item id=-1, error=null}
06-15 14:46:06.098 11322 11322 D NowPlayingManager: onClientPlaybackStateUpdate() called with: state = [3], stateChangeTimeMs = [368187947], currentPosMs = [4826]
06-15 14:46:06.098 11322 11322 D NowPlayingManager: onClientPlaybackStateUpdate: Skipped update, state: 3 was unchanged
06-15 14:46:06.100 11322 11322 D NowPlayingManager: onMediaDataUpdated() called with: mediaData = [com.google.android.tvrecommendations.NowPlayingData@dfb2bd8]
06-15 14:46:06.108 11322 11322 D TVNotifService: onTVNotificationPosted StatusBarNotification(pkg=com.google.android.tvrecommendations user=UserHandle{0} id=4321 tag=Notification.NowPlaying key=0|com.google.android.tvrecommendations|4321|Notification.NowPlaying|10087: Notification(channel=now_playing pri=0 contentView=null vibrate=null sound=null defaults=0x0 flags=0x0 color=0x00000000 vis=PRIVATE)) userId: 0
06-15 14:46:06.596 802 1224 V Avrcp : MSG_UPDATE_MEDIA
06-15 14:46:06.596 802 1224 V Avrcp : updatePlaybackState (1): -1Ô×í1(PlaybackState {state=3, position=0, buffered position=0, speed=1.0, updated=368188446, actions=-1, custom actions=[], active item id=-1, error=null})
06-15 14:46:06.597 802 1224 V Avrcp : Media update: id -1Ô×í-1? [MediaAttributes: dÔï»d - by (0 0/0) ]
06-15 14:46:06.597 802 1224 D Avrcp : sendPlayPosNotificationRsp: Not registered or requesting.
06-15 14:46:06.614 11322 11322 D NowPlayingListener: onPlaybackStateChanged: PlaybackState {state=3, position=5451, buffered position=0, speed=1.0, updated=368188463, actions=-1, custom actions=[], active item id=-1, error=null}
06-15 14:46:06.614 11322 11322 D NowPlayingManager: onClientPlaybackStateUpdate() called with: state = [3], stateChangeTimeMs = [368188463], currentPosMs = [5451]
06-15 14:46:06.614 802 1224 V Avrcp : onPlaybackStateChanged: state PlaybackState {state=3, position=5451, buffered position=0, speed=1.0, updated=368188463, actions=-1, custom actions=[], active item id=-1, error=null}
06-15 14:46:06.614 11322 11322 D NowPlayingManager: onClientPlaybackStateUpdate: Skipped update, state: 3 was unchanged
06-15 14:46:06.617 11322 11322 D NowPlayingManager: onMediaDataUpdated() called with: mediaData = [com.google.android.tvrecommendations.NowPlayingData@6f10216]
06-15 14:46:06.624 11322 11322 D TVNotifService: onTVNotificationPosted StatusBarNotification(pkg=com.google.android.tvrecommendations user=UserHandle{0} id=4321 tag=Notification.NowPlaying key=0|com.google.android.tvrecommendations|4321|Notification.NowPlaying|10087: Notification(channel=now_playing pri=0 contentView=null vibrate=null sound=null defaults=0x0 flags=0x0 color=0x00000000 vis=PRIVATE)) userId: 0
06-15 14:46:07.129 802 1224 V Avrcp : onPlaybackStateChanged: state PlaybackState {state=3, position=5774, buffered position=0, speed=1.0, updated=368188977, actions=-1, custom actions=[], active item id=-1, error=null}
06-15 14:46:07.129 11322 11322 D NowPlayingListener: onPlaybackStateChanged: PlaybackState {state=3, position=5774, buffered position=0, speed=1.0, updated=368188977, actions=-1, custom actions=[], active item id=-1, error=null}
06-15 14:46:07.129 11322 11322 D NowPlayingManager: onClientPlaybackStateUpdate() called with: state = [3], stateChangeTimeMs = [368188977], currentPosMs = [5774]
06-15 14:46:07.129 11322 11322 D NowPlayingManager: onClientPlaybackStateUpdate: Skipped update, state: 3 was unchanged
06-15 14:46:07.131 11322 11322 D NowPlayingManager: onMediaDataUpdated() called with: mediaData = [com.google.android.tvrecommendations.NowPlayingData@5e32d84]
06-15 14:46:07.142 11322 11322 D TVNotifService: onTVNotificationPosted StatusBarNotification(pkg=com.google.android.tvrecommendations user=UserHandle{0} id=4321 tag=Notification.NowPlaying key=0|com.google.android.tvrecommendations|4321|Notification.NowPlaying|10087: Notification(channel=now_playing pri=0 contentView=null vibrate=null sound=null defaults=0x0 flags=0x0 color=0x00000000 vis=PRIVATE)) userId: 0
06-15 14:46:07.615 802 1224 V Avrcp : MSG_UPDATE_MEDIA
06-15 14:46:07.616 802 1224 V Avrcp : updatePlaybackState (1): -1Ô×í1(PlaybackState {state=3, position=0, buffered position=0, speed=1.0, updated=368189465, actions=-1, custom actions=[], active item id=-1, error=null})
06-15 14:46:07.616 802 1224 V Avrcp : Media update: id -1Ô×í-1? [MediaAttributes: dÔï»d - by (0 0/0) ]
06-15 14:46:07.616 802 1224 D Avrcp : sendPlayPosNotificationRsp: Not registered or requesting.
06-15 14:46:07.649 802 1224 V Avrcp : onPlaybackStateChanged: state PlaybackState {state=3, position=6396, buffered position=0, speed=1.0, updated=368189498, actions=-1, custom actions=[], active item id=-1, error=null}
06-15 14:46:07.649 11322 11322 D NowPlayingListener: onPlaybackStateChanged: PlaybackState {state=3, position=6396, buffered position=0, speed=1.0, updated=368189498, actions=-1, custom actions=[], active item id=-1, error=null}
06-15 14:46:07.649 11322 11322 D NowPlayingManager: onClientPlaybackStateUpdate() called with: state = [3], stateChangeTimeMs = [368189498], currentPosMs = [6396]
06-15 14:46:07.649 11322 11322 D NowPlayingManager: onClientPlaybackStateUpdate: Skipped update, state: 3 was unchanged
06-15 14:46:07.651 11322 11322 D NowPlayingManager: onMediaDataUpdated() called with: mediaData = [com.google.android.tvrecommendations.NowPlayingData@cf329a2]
06-15 14:46:07.660 11322 11322 D TVNotifService: onTVNotificationPosted StatusBarNotification(pkg=com.google.android.tvrecommendations user=UserHandle{0} id=4321 tag=Notification.NowPlaying key=0|com.google.android.tvrecommendations|4321|Notification.NowPlaying|10087: Notification(channel=now_playing pri=0 contentView=null vibrate=null sound=null defaults=0x0 flags=0x0 color=0x00000000 vis=PRIVATE)) userId: 0
06-15 14:46:08.091 1308 23027 I AsyncOpDispatcher: 35-GetDeviceDataUploadOptInStatusOperation
06-15 14:46:08.146 1308 1897 I AsyncOpDispatcher: 51-GetConfigurationSnapshotOperationCall
06-15 14:46:08.158 1308 1897 I AsyncOpDispatcher: 51-CommitToConfigurationOperationCall
06-15 14:46:08.179 11322 11322 D NowPlayingListener: onPlaybackStateChanged: PlaybackState {state=3, position=7009, buffered position=0, speed=1.0, updated=368190027, actions=-1, custom actions=[], active item id=-1, error=null}
06-15 14:46:08.179 11322 11322 D NowPlayingManager: onClientPlaybackStateUpdate() called with: state = [3], stateChangeTimeMs = [368190027], currentPosMs = [7009]
06-15 14:46:08.179 11322 11322 D NowPlayingManager: onClientPlaybackStateUpdate: Skipped update, state: 3 was unchanged
06-15 14:46:08.180 802 1224 V Avrcp : onPlaybackStateChanged: state PlaybackState {state=3, position=7009, buffered position=0, speed=1.0, updated=368190027, actions=-1, custom actions=[], active item id=-1, error=null}
06-15 14:46:08.184 11322 11322 D NowPlayingManager: onMediaDataUpdated() called with: mediaData = [com.google.android.tvrecommendations.NowPlayingData@c33128f]
06-15 14:46:08.199 11322 11322 D TVNotifService: onTVNotificationPosted StatusBarNotification(pkg=com.google.android.tvrecommendations user=UserHandle{0} id=4321 tag=Notification.NowPlaying key=0|com.google.android.tvrecommendations|4321|Notification.NowPlaying|10087: Notification(channel=now_playing pri=0 contentView=null vibrate=null sound=null defaults=0x0 flags=0x0 color=0x00000000 vis=PRIVATE)) userId: 0
06-15 14:46:08.206 10059 23031 I EventLogChimeraService: Aggregate from 1529065087266 (log), 1529065087266 (data)
06-15 14:46:08.283 1308 1745 I AsyncOpDispatcher: 35-GetDeviceDataUploadOptInStatusOperation
06-15 14:46:08.650 802 1224 V Avrcp : MSG_UPDATE_MEDIA
06-15 14:46:08.650 802 1224 V Avrcp : updatePlaybackState (1): -1Ô×í1(PlaybackState {state=3, position=0, buffered position=0, speed=1.0, updated=368190500, actions=-1, custom actions=[], active item id=-1, error=null})
06-15 14:46:08.651 802 1224 V Avrcp : Media update: id -1Ô×í-1? [MediaAttributes: dÔï»d - by (0 0/0) ]
06-15 14:46:08.651 802 1224 D Avrcp : sendPlayPosNotificationRsp: Not registered or requesting.
06-15 14:46:08.679 802 1224 V Avrcp : onPlaybackStateChanged: state PlaybackState {state=3, position=7313, buffered position=0, speed=1.0, updated=368190528, actions=-1, custom actions=[], active item id=-1, error=null}
06-15 14:46:08.679 11322 11322 D NowPlayingListener: onPlaybackStateChanged: PlaybackState {state=3, position=7313, buffered position=0, speed=1.0, updated=368190528, actions=-1, custom actions=[], active item id=-1, error=null}
06-15 14:46:08.679 11322 11322 D NowPlayingManager: onClientPlaybackStateUpdate() called with: state = [3], stateChangeTimeMs = [368190528], currentPosMs = [7313]
06-15 14:46:08.679 11322 11322 D NowPlayingManager: onClientPlaybackStateUpdate: Skipped update, state: 3 was unchanged
06-15 14:46:08.681 11322 11322 D NowPlayingManager: onMediaDataUpdated() called with: mediaData = [com.google.android.tvrecommendations.NowPlayingData@a76b925]
06-15 14:46:08.688 11322 11322 D TVNotifService: onTVNotificationPosted StatusBarNotification(pkg=com.google.android.tvrecommendations user=UserHandle{0} id=4321 tag=Notification.NowPlaying key=0|com.google.android.tvrecommendations|4321|Notification.NowPlaying|10087: Notification(channel=now_playing pri=0 contentView=null vibrate=null sound=null defaults=0x0 flags=0x0 color=0x00000000 vis=PRIVATE)) userId: 0
06-15 14:46:09.195 802 1224 V Avrcp : onPlaybackStateChanged: state PlaybackState {state=3, position=7909, buffered position=0, speed=1.0, updated=368191044, actions=-1, custom actions=[], active item id=-1, error=null}
06-15 14:46:09.195 11322 11322 D NowPlayingListener: onPlaybackStateChanged: PlaybackState {state=3, position=7909, buffered position=0, speed=1.0, updated=368191044, actions=-1, custom actions=[], active item id=-1, error=null}
06-15 14:46:09.195 11322 11322 D NowPlayingManager: onClientPlaybackStateUpdate() called with: state = [3], stateChangeTimeMs = [368191044], currentPosMs = [7909]
06-15 14:46:09.195 11322 11322 D NowPlayingManager: onClientPlaybackStateUpdate: Skipped update, state: 3 was unchanged
06-15 14:46:09.197 11322 11322 D NowPlayingManager: onMediaDataUpdated() called with: mediaData = [com.google.android.tvrecommendations.NowPlayingData@d5848ab]
06-15 14:46:09.205 11322 11322 D TVNotifService: onTVNotificationPosted StatusBarNotification(pkg=com.google.android.tvrecommendations user=UserHandle{0} id=4321 tag=Notification.NowPlaying key=0|com.google.android.tvrecommendations|4321|Notification.NowPlaying|10087: Notification(channel=now_playing pri=0 contentView=null vibrate=null sound=null defaults=0x0 flags=0x0 color=0x00000000 vis=PRIVATE)) userId: 0
06-15 14:46:09.680 802 1224 V Avrcp : MSG_UPDATE_MEDIA
06-15 14:46:09.680 802 1224 V Avrcp : updatePlaybackState (1): -1Ô×í1(PlaybackState {state=3, position=0, buffered position=0, speed=1.0, updated=368191530, actions=-1, custom actions=[], active item id=-1, error=null})
06-15 14:46:09.681 802 1224 V Avrcp : Media update: id -1Ô×í-1? [MediaAttributes: dÔï»d - by (0 0/0) ]
06-15 14:46:09.681 802 1224 D Avrcp : sendPlayPosNotificationRsp: Not registered or requesting.
06-15 14:46:09.696 802 1224 V Avrcp : onPlaybackStateChanged: state PlaybackState {state=3, position=8439, buffered position=0, speed=1.0, updated=368191545, actions=-1, custom actions=[], active item id=-1, error=null}
06-15 14:46:09.696 11322 11322 D NowPlayingListener: onPlaybackStateChanged: PlaybackState {state=3, position=8439, buffered position=0, speed=1.0, updated=368191545, actions=-1, custom actions=[], active item id=-1, error=null}
06-15 14:46:09.696 11322 11322 D NowPlayingManager: onClientPlaybackStateUpdate() called with: state = [3], stateChangeTimeMs = [368191545], currentPosMs = [8439]
06-15 14:46:09.696 11322 11322 D NowPlayingManager: onClientPlaybackStateUpdate: Skipped update, state: 3 was unchanged
06-15 14:46:09.698 11322 11322 D NowPlayingManager: onMediaDataUpdated() called with: mediaData = [com.google.android.tvrecommendations.NowPlayingData@afec2a1]
06-15 14:46:09.704 11322 11322 D TVNotifService: onTVNotificationPosted StatusBarNotification(pkg=com.google.android.tvrecommendations user=UserHandle{0} id=4321 tag=Notification.NowPlaying key=0|com.google.android.tvrecommendations|4321|Notification.NowPlaying|10087: Notification(channel=now_playing pri=0 contentView=null vibrate=null sound=null defaults=0x0 flags=0x0 color=0x00000000 vis=PRIVATE)) userId: 0
06-15 14:46:10.214 802 1224 V Avrcp : onPlaybackStateChanged: state PlaybackState {state=3, position=8814, buffered position=0, speed=1.0, updated=368192063, actions=-1, custom actions=[], active item id=-1, error=null}
06-15 14:46:10.214 11322 11322 D NowPlayingListener: onPlaybackStateChanged: PlaybackState {state=3, position=8814, buffered position=0, speed=1.0, updated=368192063, actions=-1, custom actions=[], active item id=-1, error=null}
06-15 14:46:10.214 11322 11322 D NowPlayingManager: onClientPlaybackStateUpdate() called with: state = [3], stateChangeTimeMs = [368192063], currentPosMs = [8814]
06-15 14:46:10.214 11322 11322 D NowPlayingManager: onClientPlaybackStateUpdate: Skipped update, state: 3 was unchanged
06-15 14:46:10.216 11322 11322 D NowPlayingManager: onMediaDataUpdated() called with: mediaData = [com.google.android.tvrecommendations.NowPlayingData@350c487]
06-15 14:46:10.223 11322 11322 D TVNotifService: onTVNotificationPosted StatusBarNotification(pkg=com.google.android.tvrecommendations user=UserHandle{0} id=4321 tag=Notification.NowPlaying key=0|com.google.android.tvrecommendations|4321|Notification.NowPlaying|10087: Notification(channel=now_playing pri=0 contentView=null vibrate=null sound=null defaults=0x0 flags=0x0 color=0x00000000 vis=PRIVATE)) userId: 0
06-15 14:46:10.696 802 1224 V Avrcp : MSG_UPDATE_MEDIA
06-15 14:46:10.696 802 1224 V Avrcp : updatePlaybackState (1): -1Ô×í1(PlaybackState {state=3, position=0, buffered position=0, speed=1.0, updated=368192546, actions=-1, custom actions=[], active item id=-1, error=null})
06-15 14:46:10.697 802 1224 V Avrcp : Media update: id -1Ô×í-1? [MediaAttributes: dÔï»d - by (0 0/0) ]
06-15 14:46:10.697 802 1224 D Avrcp : sendPlayPosNotificationRsp: Not registered or requesting.
06-15 14:46:10.728 802 1224 V Avrcp : onPlaybackStateChanged: state PlaybackState {state=3, position=9421, buffered position=0, speed=1.0, updated=368192577, actions=-1, custom actions=[], active item id=-1, error=null}
06-15 14:46:10.729 11322 11322 D NowPlayingListener: onPlaybackStateChanged: PlaybackState {state=3, position=9421, buffered position=0, speed=1.0, updated=368192577, actions=-1, custom actions=[], active item id=-1, error=null}
06-15 14:46:10.729 11322 11322 D NowPlayingManager: onClientPlaybackStateUpdate() called with: state = [3], stateChangeTimeMs = [368192577], currentPosMs = [9421]
06-15 14:46:10.729 11322 11322 D NowPlayingManager: onClientPlaybackStateUpdate: Skipped update, state: 3 was unchanged
06-15 14:46:10.731 11322 11322 D NowPlayingManager: onMediaDataUpdated() called with: mediaData = [com.google.android.tvrecommendations.NowPlayingData@1a3e7dd]
06-15 14:46:10.740 11322 11322 D TVNotifService: onTVNotificationPosted StatusBarNotification(pkg=com.google.android.tvrecommendations user=UserHandle{0} id=4321 tag=Notification.NowPlaying key=0|com.google.android.tvrecommendations|4321|Notification.NowPlaying|10087: Notification(channel=now_playing pri=0 contentView=null vibrate=null sound=null defaults=0x0 flags=0x0 color=0x00000000 vis=PRIVATE)) userId: 0
06-15 14:46:10.946 700 15026 D WificondControl: Scan result ready event
06-15 14:46:10.950 1321 1321 D BlakeWifiIntentManager: SCAN_RESULTS_AVAILABLE_ACTION
06-15 14:46:10.971 1308 887 W ctxmgr : [AclManager]No 2 for (accnt=account#1846457872#, com.google.android.gms(10010):UserLocationProducer, vrsn=12685000, 0, 3pPkg = null , 3pMdlId = null , pid = 1308). Was: 2 for 1, account#1846457872#
06-15 14:46:10.973 700 700 D PackageManager - AppHiding: OnLocationChanged, Country code : DE
06-15 14:46:11.231 11322 11322 D NowPlayingListener: onPlaybackStateChanged: PlaybackState {state=3, position=10052, buffered position=0, speed=1.0, updated=368193079, actions=-1, custom actions=[], active item id=-1, error=null}
06-15 14:46:11.231 11322 11322 D NowPlayingManager: onClientPlaybackStateUpdate() called with: state = [3], stateChangeTimeMs = [368193079], currentPosMs = [10052]
06-15 14:46:11.231 11322 11322 D NowPlayingManager: onClientPlaybackStateUpdate: Skipped update, state: 3 was unchanged
06-15 14:46:11.232 802 1224 V Avrcp : onPlaybackStateChanged: state PlaybackState {state=3, position=10052, buffered position=0, speed=1.0, updated=368193079, actions=-1, custom actions=[], active item id=-1, error=null}
06-15 14:46:11.233 11322 11322 D NowPlayingManager: onMediaDataUpdated() called with: mediaData = [com.google.android.tvrecommendations.NowPlayingData@d6b2223]
06-15 14:46:11.241 11322 11322 D TVNotifService: onTVNotificationPosted StatusBarNotification(pkg=com.google.android.tvrecommendations user=UserHandle{0} id=4321 tag=Notification.NowPlaying key=0|com.google.android.tvrecommendations|4321|Notification.NowPlaying|10087: Notification(channel=now_playing pri=0 contentView=null vibrate=null sound=null defaults=0x0 flags=0x0 color=0x00000000 vis=PRIVATE)) userId: 0
06-15 14:46:11.729 802 1224 V Avrcp : MSG_UPDATE_MEDIA
06-15 14:46:11.730 802 1224 V Avrcp : updatePlaybackState (1): -1Ô×í1(PlaybackState {state=3, position=0, buffered position=0, speed=1.0, updated=368193579, actions=-1, custom actions=[], active item id=-1, error=null})
06-15 14:46:11.731 802 1224 V Avrcp : Media update: id -1Ô×í-1? [MediaAttributes: dÔï»d - by (0 0/0) ]
06-15 14:46:11.731 802 1224 D Avrcp : sendPlayPosNotificationRsp: Not registered or requesting.
06-15 14:46:11.748 802 1224 V Avrcp : onPlaybackStateChanged: state PlaybackState {state=3, position=10371, buffered position=0, speed=1.0, updated=368193597, actions=-1, custom actions=[], active item id=-1, error=null}
06-15 14:46:11.749 11322 11322 D NowPlayingListener: onPlaybackStateChanged: PlaybackState {state=3, position=10371, buffered position=0, speed=1.0, updated=368193597, actions=-1, custom actions=[], active item id=-1, error=null}
06-15 14:46:11.749 11322 11322 D NowPlayingManager: onClientPlaybackStateUpdate() called with: state = [3], stateChangeTimeMs = [368193597], currentPosMs = [10371]
06-15 14:46:11.749 11322 11322 D NowPlayingManager: onClientPlaybackStateUpdate: Skipped update, state: 3 was unchanged
06-15 14:46:11.750 11322 11322 D NowPlayingManager: onMediaDataUpdated() called with: mediaData = [com.google.android.tvrecommendations.NowPlayingData@77c24d9]
06-15 14:46:11.758 11322 11322 D TVNotifService: onTVNotificationPosted StatusBarNotification(pkg=com.google.android.tvrecommendations user=UserHandle{0} id=4321 tag=Notification.NowPlaying key=0|com.google.android.tvrecommendations|4321|Notification.NowPlaying|10087: Notification(channel=now_playing pri=0 contentView=null vibrate=null sound=null defaults=0x0 flags=0x0 color=0x00000000 vis=PRIVATE)) userId: 0
06-15 14:46:11.982 700 761 D WindowManager: handleComboKeys keyCode: 43, keyAction: 0
06-15 14:46:11.984 22018 22038 V Kodi : process_input: Failure reading next input event: Try again
06-15 14:46:11.984 22018 22038 V Kodi : CAndroidKey: key down (dev:3; src:769; code: 43; repeat: 0; flags: 0x8; alt: no; shift: no; sym: no)
06-15 14:46:12.212 700 761 D WindowManager: handleComboKeys keyCode: 43, keyAction: 1
06-15 14:46:12.213 22018 22038 V Kodi : process_input: Failure reading next input event: Try again
06-15 14:46:12.214 22018 22038 V Kodi : CAndroidKey: key up (dev:3; src:769; code: 43; repeat: 0; flags: 0x8; alt: no; shift: no; sym: no)
06-15 14:46:12.250 802 1224 V Avrcp : onPlaybackStateChanged: state PlaybackState {state=3, position=10998, buffered position=0, speed=1.0, updated=368194098, actions=-1, custom actions=[], active item id=-1, error=null}
06-15 14:46:12.250 11322 11322 D NowPlayingListener: onPlaybackStateChanged: PlaybackState {state=3, position=10998, buffered position=0, speed=1.0, updated=368194098, actions=-1, custom actions=[], active item id=-1, error=null}
06-15 14:46:12.251 11322 11322 D NowPlayingManager: onClientPlaybackStateUpdate() called with: state = [3], stateChangeTimeMs = [368194098], currentPosMs = [10998]
06-15 14:46:12.251 11322 11322 D NowPlayingManager: onClientPlaybackStateUpdate: Skipped update, state: 3 was unchanged
06-15 14:46:12.252 11322 11322 D NowPlayingManager: onMediaDataUpdated() called with: mediaData = [com.google.android.tvrecommendations.NowPlayingData@743bd7f]
06-15 14:46:12.263 11322 11322 D TVNotifService: onTVNotificationPosted StatusBarNotification(pkg=com.google.android.tvrecommendations user=UserHandle{0} id=4321 tag=Notification.NowPlaying key=0|com.google.android.tvrecommendations|4321|Notification.NowPlaying|10087: Notification(channel=now_playing pri=0 contentView=null vibrate=null sound=null defaults=0x0 flags=0x0 color=0x00000000 vis=PRIVATE)) userId: 0
06-15 14:46:12.749 802 1224 V Avrcp : MSG_UPDATE_MEDIA
06-15 14:46:12.749 802 1224 V Avrcp : updatePlaybackState (1): -1Ô×í1(PlaybackState {state=3, position=0, buffered position=0, speed=1.0, updated=368194599, actions=-1, custom actions=[], active item id=-1, error=null})
06-15 14:46:12.750 802 1224 V Avrcp : Media update: id -1Ô×í-1? [MediaAttributes: dÔï»d - by (0 0/0) ]
06-15 14:46:12.750 802 1224 D Avrcp : sendPlayPosNotificationRsp: Not registered or requesting.
06-15 14:46:12.777 11322 11322 D NowPlayingListener: onPlaybackStateChanged: PlaybackState {state=3, position=11603, buffered position=0, speed=1.0, updated=368194625, actions=-1, custom actions=[], active item id=-1, error=null}
06-15 14:46:12.777 11322 11322 D NowPlayingManager: onClientPlaybackStateUpdate() called with: state = [3], stateChangeTimeMs = [368194625], currentPosMs = [11603]
06-15 14:46:12.777 11322 11322 D NowPlayingManager: onClientPlaybackStateUpdate: Skipped update, state: 3 was unchanged
06-15 14:46:12.777 802 1224 V Avrcp : onPlaybackStateChanged: state PlaybackState {state=3, position=11603, buffered position=0, speed=1.0, updated=368194625, actions=-1, custom actions=[], active item id=-1, error=null}
06-15 14:46:12.780 11322 11322 D NowPlayingManager: onMediaDataUpdated() called with: mediaData = [com.google.android.tvrecommendations.NowPlayingData@7013595]
06-15 14:46:12.791 11322 11322 D TVNotifService: onTVNotificationPosted StatusBarNotification(pkg=com.google.android.tvrecommendations user=UserHandle{0} id=4321 tag=Notification.NowPlaying key=0|com.google.android.tvrecommendations|4321|Notification.NowPlaying|10087: Notification(channel=now_playing pri=0 contentView=null vibrate=null sound=null defaults=0x0 flags=0x0 color=0x00000000 vis=PRIVATE)) userId: 0
06-15 14:46:13.281 11322 11322 D NowPlayingListener: onPlaybackStateChanged: PlaybackState {state=3, position=11903, buffered position=0, speed=1.0, updated=368195130, actions=-1, custom actions=[], active item id=-1, error=null}
06-15 14:46:13.281 11322 11322 D NowPlayingManager: onClientPlaybackStateUpdate() called with: state = [3], stateChangeTimeMs = [368195130], currentPosMs = [11903]
06-15 14:46:13.281 11322 11322 D NowPlayingManager: onClientPlaybackStateUpdate: Skipped update, state: 3 was unchanged
06-15 14:46:13.282 802 1224 V Avrcp : onPlaybackStateChanged: state PlaybackState {state=3, position=11903, buffered position=0, speed=1.0, updated=368195130, actions=-1, custom actions=[], active item id=-1, error=null}
06-15 14:46:13.285 11322 11322 D NowPlayingManager: onMediaDataUpdated() called with: mediaData = [com.google.android.tvrecommendations.NowPlayingData@fe0b29b]
06-15 14:46:13.294 11322 11322 D TVNotifService: onTVNotificationPosted StatusBarNotification(pkg=com.google.android.tvrecommendations user=UserHandle{0} id=4321 tag=Notification.NowPlaying key=0|com.google.android.tvrecommendations|4321|Notification.NowPlaying|10087: Notification(channel=now_playing pri=0 contentView=null vibrate=null sound=null defaults=0x0 flags=0x0 color=0x00000000 vis=PRIVATE)) userId: 0
06-15 14:46:13.778 802 1224 V Avrcp : MSG_UPDATE_MEDIA
06-15 14:46:13.779 802 1224 V Avrcp : updatePlaybackState (1): -1Ô×í1(PlaybackState {state=3, position=0, buffered position=0, speed=1.0, updated=368195628, actions=-1, custom actions=[], active item id=-1, error=null})
06-15 14:46:13.780 802 1224 V Avrcp : Media update: id -1Ô×í-1? [MediaAttributes: dÔï»d - by (0 0/0) ]
06-15 14:46:13.780 802 1224 D Avrcp : sendPlayPosNotificationRsp: Not registered or requesting.
06-15 14:46:13.782 802 1224 V Avrcp : onPlaybackStateChanged: state PlaybackState {state=3, position=12507, buffered position=0, speed=1.0, updated=368195631, actions=-1, custom actions=[], active item id=-1, error=null}
06-15 14:46:13.782 11322 11322 D NowPlayingListener: onPlaybackStateChanged: PlaybackState {state=3, position=12507, buffered position=0, speed=1.0, updated=368195631, actions=-1, custom actions=[], active item id=-1, error=null}
06-15 14:46:13.782 11322 11322 D NowPlayingManager: onClientPlaybackStateUpdate() called with: state = [3], stateChangeTimeMs = [368195631], currentPosMs = [12507]
06-15 14:46:13.782 11322 11322 D NowPlayingManager: onClientPlaybackStateUpdate: Skipped update, state: 3 was unchanged
06-15 14:46:13.784 11322 11322 D NowPlayingManager: onMediaDataUpdated() called with: mediaData = [com.google.android.tvrecommendations.NowPlayingData@e8c9611]
06-15 14:46:13.791 11322 11322 D TVNotifService: onTVNotificationPosted StatusBarNotification(pkg=com.google.android.tvrecommendations user=UserHandle{0} id=4321 tag=Notification.NowPlaying key=0|com.google.android.tvrecommendations|4321|Notification.NowPlaying|10087: Notification(channel=now_playing pri=0 contentView=null vibrate=null sound=null defaults=0x0 flags=0x0 color=0x00000000 vis=PRIVATE)) userId: 0
06-15 14:46:13.988 700 761 D WindowManager: handleComboKeys keyCode: 43, keyAction: 0
06-15 14:46:13.990 22018 22038 V Kodi : process_input: Failure reading next input event: Try again
06-15 14:46:13.990 22018 22038 V Kodi : CAndroidKey: key down (dev:3; src:769; code: 43; repeat: 0; flags: 0x8; alt: no; shift: no; sym: no)
06-15 14:46:14.195 700 761 D WindowManager: handleComboKeys keyCode: 43, keyAction: 1
06-15 14:46:14.196 22018 22038 V Kodi : process_input: Failure reading next input event: Try again
06-15 14:46:14.197 22018 22038 V Kodi : CAndroidKey: key up (dev:3; src:769; code: 43; repeat: 0; flags: 0x8; alt: no; shift: no; sym: no)
06-15 14:46:14.289 802 1224 V Avrcp : onPlaybackStateChanged: state PlaybackState {state=3, position=13105, buffered position=0, speed=1.0, updated=368196138, actions=-1, custom actions=[], active item id=-1, error=null}
06-15 14:46:14.289 11322 11322 D NowPlayingListener: onPlaybackStateChanged: PlaybackState {state=3, position=13105, buffered position=0, speed=1.0, updated=368196138, actions=-1, custom actions=[], active item id=-1, error=null}
06-15 14:46:14.289 11322 11322 D NowPlayingManager: onClientPlaybackStateUpdate() called with: state = [3], stateChangeTimeMs = [368196138], currentPosMs = [13105]
06-15 14:46:14.289 11322 11322 D NowPlayingManager: onClientPlaybackStateUpdate: Skipped update, state: 3 was unchanged
06-15 14:46:14.291 11322 11322 D NowPlayingManager: onMediaDataUpdated() called with: mediaData = [com.google.android.tvrecommendations.NowPlayingData@68ddd77]
06-15 14:46:14.300 11322 11322 D TVNotifService: onTVNotificationPosted StatusBarNotification(pkg=com.google.android.tvrecommendations user=UserHandle{0} id=4321 tag=Notification.NowPlaying key=0|com.google.android.tvrecommendations|4321|Notification.NowPlaying|10087: Notification(channel=now_playing pri=0 contentView=null vibrate=null sound=null defaults=0x0 flags=0x0 color=0x00000000 vis=PRIVATE)) userId: 0
06-15 14:46:14.782 802 1224 V Avrcp : MSG_UPDATE_MEDIA
06-15 14:46:14.782 802 1224 V Avrcp : updatePlaybackState (1): -1Ô×í1(PlaybackState {state=3, position=0, buffered position=0, speed=1.0, updated=368196631, actions=-1, custom actions=[], active item id=-1, error=null})
06-15 14:46:14.783 802 1224 V Avrcp : Media update: id -1Ô×í-1? [MediaAttributes: dÔï»d - by (0 0/0) ]
06-15 14:46:14.783 802 1224 D Avrcp : sendPlayPosNotificationRsp: Not registered or requesting.
06-15 14:46:14.796 802 1224 V Avrcp : onPlaybackStateChanged: state PlaybackState {state=3, position=13395, buffered position=0, speed=1.0, updated=368196644, actions=-1, custom actions=[], active item id=-1, error=null}
06-15 14:46:14.796 11322 11322 D NowPlayingListener: onPlaybackStateChanged: PlaybackState {state=3, position=13395, buffered position=0, speed=1.0, updated=368196644, actions=-1, custom actions=[], active item id=-1, error=null}
06-15 14:46:14.796 11322 11322 D NowPlayingManager: onClientPlaybackStateUpdate() called with: state = [3], stateChangeTimeMs = [368196644], currentPosMs = [13395]
06-15 14:46:14.796 11322 11322 D NowPlayingManager: onClientPlaybackStateUpdate: Skipped update, state: 3 was unchanged
06-15 14:46:14.797 11322 11322 D NowPlayingManager: onMediaDataUpdated() called with: mediaData = [com.google.android.tvrecommendations.NowPlayingData@e93824d]
06-15 14:46:14.805 11322 11322 D TVNotifService: onTVNotificationPosted StatusBarNotification(pkg=com.google.android.tvrecommendations user=UserHandle{0} id=4321 tag=Notification.NowPlaying key=0|com.google.android.tvrecommendations|4321|Notification.NowPlaying|10087: Notification(channel=now_playing pri=0 contentView=null vibrate=null sound=null defaults=0x0 flags=0x0 color=0x00000000 vis=PRIVATE)) userId: 0
06-15 14:46:15.297 802 1224 V Avrcp : onPlaybackStateChanged: state PlaybackState {state=3, position=13920, buffered position=0, speed=1.0, updated=368197146, actions=-1, custom actions=[], active item id=-1, error=null}
06-15 14:46:15.297 11322 11322 D NowPlayingListener: onPlaybackStateChanged: PlaybackState {state=3, position=13920, buffered position=0, speed=1.0, updated=368197146, actions=-1, custom actions=[], active item id=-1, error=null}
06-15 14:46:15.297 11322 11322 D NowPlayingManager: onClientPlaybackStateUpdate() called with: state = [3], stateChangeTimeMs = [368197146], currentPosMs = [13920]
06-15 14:46:15.297 11322 11322 D NowPlayingManager: onClientPlaybackStateUpdate: Skipped update, state: 3 was unchanged
06-15 14:46:15.299 11322 11322 D NowPlayingManager: onMediaDataUpdated() called with: mediaData = [com.google.android.tvrecommendations.NowPlayingData@978da13]
06-15 14:46:15.305 11322 11322 D TVNotifService: onTVNotificationPosted StatusBarNotification(pkg=com.google.android.tvrecommendations user=UserHandle{0} id=4321 tag=Notification.NowPlaying key=0|com.google.android.tvrecommendations|4321|Notification.NowPlaying|10087: Notification(channel=now_playing pri=0 contentView=null vibrate=null sound=null defaults=0x0 flags=0x0 color=0x00000000 vis=PRIVATE)) userId: 0
06-15 14:46:15.796 802 1224 V Avrcp : MSG_UPDATE_MEDIA
06-15 14:46:15.796 802 1224 V Avrcp : updatePlaybackState (1): -1Ô×í1(PlaybackState {state=3, position=0, buffered position=0, speed=1.0, updated=368197645, actions=-1, custom actions=[], active item id=-1, error=null})
06-15 14:46:15.796 802 1224 V Avrcp : Media update: id -1Ô×í-1? [MediaAttributes: dÔï»d - by (0 0/0) ]
06-15 14:46:15.797 802 1224 D Avrcp : sendPlayPosNotificationRsp: Not registered or requesting.
06-15 14:46:15.820 802 1224 V Avrcp : onPlaybackStateChanged: state PlaybackState {state=3, position=14562, buffered position=0, speed=1.0, updated=368197660, actions=-1, custom actions=[], active item id=-1, error=null}
06-15 14:46:15.820 11322 11322 D NowPlayingListener: onPlaybackStateChanged: PlaybackState {state=3, position=14562, buffered position=0, speed=1.0, updated=368197660, actions=-1, custom actions=[], active item id=-1, error=null}
06-15 14:46:15.820 11322 11322 D NowPlayingManager: onClientPlaybackStateUpdate() called with: state = [3], stateChangeTimeMs = [368197660], currentPosMs = [14562]
06-15 14:46:15.820 11322 11322 D NowPlayingManager: onClientPlaybackStateUpdate: Skipped update, state: 3 was unchanged
06-15 14:46:15.822 11322 11322 D NowPlayingManager: onMediaDataUpdated() called with: mediaData = [com.google.android.tvrecommendations.NowPlayingData@fa2f649]
06-15 14:46:15.837 11322 11322 D TVNotifService: onTVNotificationPosted StatusBarNotification(pkg=com.google.android.tvrecommendations user=UserHandle{0} id=4321 tag=Notification.NowPlaying key=0|com.google.android.tvrecommendations|4321|Notification.NowPlaying|10087: Notification(channel=now_playing pri=0 contentView=null vibrate=null sound=null defaults=0x0 flags=0x0 color=0x00000000 vis=PRIVATE)) userId: 0
06-15 14:46:16.321 802 1224 V Avrcp : onPlaybackStateChanged: state PlaybackState {state=3, position=15142, buffered position=0, speed=1.0, updated=368198169, actions=-1, custom actions=[], active item id=-1, error=null}
06-15 14:46:16.321 11322 11322 D NowPlayingListener: onPlaybackStateChanged: PlaybackState {state=3, position=15142, buffered position=0, speed=1.0, updated=368198169, actions=-1, custom actions=[], active item id=-1, error=null}
06-15 14:46:16.321 11322 11322 D NowPlayingManager: onClientPlaybackStateUpdate() called with: state = [3], stateChangeTimeMs = [368198169], currentPosMs = [15142]
06-15 14:46:16.321 11322 11322 D NowPlayingManager: onClientPlaybackStateUpdate: Skipped update, state: 3 was unchanged
06-15 14:46:16.322 11322 11322 D NowPlayingManager: onMediaDataUpdated() called with: mediaData = [com.google.android.tvrecommendations.NowPlayingData@20d046f]
06-15 14:46:16.336 11322 11322 D TVNotifService: onTVNotificationPosted StatusBarNotification(pkg=com.google.android.tvrecommendations user=UserHandle{0} id=4321 tag=Notification.NowPlaying key=0|com.google.android.tvrecommendations|4321|Notification.NowPlaying|10087: Notification(channel=now_playing pri=0 contentView=null vibrate=null sound=null defaults=0x0 flags=0x0 color=0x00000000 vis=PRIVATE)) userId: 0
06-15 14:46:16.821 802 1224 V Avrcp : MSG_UPDATE_MEDIA
