--------- beginning of system
04-29 12:43:15.476 678 1574 I ActivityManager: START u0 {act=android.intent.action.MAIN cat=[android.intent.category.LAUNCHER] flg=0x10200000 cmp=org.xbmc.kodi/.Splash} from uid 10014 on display 0
04-29 12:43:15.542 678 1603 I ActivityManager: START u0 {act=android.intent.action.MAIN cat=[android.intent.category.LAUNCHER] flg=0x11200000 cmp=org.xbmc.kodi/.Main} from uid 10095 on display 0
04-29 12:43:15.553 678 854 I WindowManager: Failed to capture screenshot of Token{de37cf1 ActivityRecord{3122c98 u0 org.xbmc.kodi/.Splash t5493 f}} appWin=Window{5a7dee5 u0 Starting org.xbmc.kodi} drawState=1
04-29 12:43:15.602 678 698 I WindowManager: Destroying surface Surface(name=Starting org.xbmc.kodi) called by com.android.server.wm.WindowStateAnimator.destroySurface:2018 com.android.server.wm.WindowStateAnimator.destroySurfaceLocked:882 com.android.server.wm.WindowState.removeLocked:1470 com.android.server.wm.WindowManagerService.removeWindowInnerLocked:2497 com.android.server.wm.WindowManagerService.removeWindowLocked:2455 com.android.server.wm.WindowManagerService.removeWindowLocked:2324 com.android.server.wm.WindowManagerService.removeWindow:2319 com.android.server.wm.Session.remove:203
04-29 12:43:16.406 678 1553 D PowerManagerNotifier: onWakeLockAcquired: flags=10, tag="org.xbmc.kodi", packageName=org.xbmc.kodi, ownerUid=10095, ownerPid=3364, workSource=null
04-29 12:43:16.567 678 1554 I WindowManager: Destroying surface Surface(name=com.google.android.leanbacklauncher/com.google.android.leanbacklauncher.MainActivity) called by com.android.server.wm.WindowStateAnimator.destroySurface:2018 com.android.server.wm.WindowStateAnimator.destroySurfaceLocked:882 com.android.server.wm.WindowState.destroyOrSaveSurface:2114 com.android.server.wm.WindowManagerService.tryStartExitingAnimation:3065 com.android.server.wm.WindowManagerService.relayoutWindow:2945 com.android.server.wm.Session.relayout:225 android.view.IWindowSession$Stub.onTransact:286 com.android.server.wm.Session.onTransact:146
04-29 12:43:16.574 678 698 I WindowManager: Destroying surface Surface(name=Starting org.xbmc.kodi) called by com.android.server.wm.WindowStateAnimator.destroySurface:2018 com.android.server.wm.WindowStateAnimator.destroySurfaceLocked:882 com.android.server.wm.WindowState.destroyOrSaveSurface:2114 com.android.server.wm.AppWindowToken.destroySurfaces:391 com.android.server.wm.WindowStateAnimator.finishExit:565 com.android.server.wm.WindowStateAnimator.stepAnimationLocked:491 com.android.server.wm.WindowAnimator.updateWindowsLocked:303 com.android.server.wm.WindowAnimator.animateLocked:704
04-29 12:43:19.480 678 678 D CountryDetector: No listener is left
04-29 12:43:29.374 678 678 W HDMI : [2]:Unexpected parameters: src: 0, dst: 11
04-29 12:43:57.058 678 698 I DisplayManagerService: Display device changed: DisplayDeviceInfo{"Integrierter Bildschirm": uniqueId="local:0", 1920 x 1080, modeId 9, defaultModeId 1, supportedModes [{id=1, width=1920, height=1080, fps=59.94006}, {id=2, width=1280, height=720, fps=60.0}, {id=3, width=1920, height=1080, fps=50.0}, {id=4, width=1920, height=1080, fps=60.0}, {id=5, width=1920, height=1080, fps=24.0}, {id=6, width=1920, height=1080, fps=30.0}, {id=7, width=1280, height=720, fps=50.0}, {id=8, width=1280, height=720, fps=59.94006}, {id=9, width=1920, height=1080, fps=23.976025}, {id=10, width=1920, height=1080, fps=29.97003}], colorTransformId 1, defaultColorTransformId 1, supportedColorTransforms [{id=1, colorTransform=0}], HdrCapabilities android.view.Display$HdrCapabilities@abbf7f0, density 320, 96.0 x 95.0 dpi, appVsyncOff 0, presDeadline 42708331, touch INTERNAL, rotation 0, type BUILT_IN, state ON, FLAG_DEFAULT_DISPLAY, FLAG_ROTATES_WITH_CONTENT, FLAG_SECURE, FLAG_SUPPORTS_PROTECTED_BUFFERS}
04-29 12:43:57.480 678 715 W ActivityManager: Unable to start service Intent { act=com.google.android.gms.drive.ApiService.RESET_AFTER_BOOT flg=0x4 cmp=com.google.android.gms/.drive.api.ApiService (has extras) } U=0: not found
04-29 12:43:57.528 678 717 V WiredAccessoryManager: Headset UEVENT: {SUBSYSTEM=switch, SEQNUM=2236, ACTION=change, SWITCH_STATE=0, SWITCH_NAME=hdmi_audio, DEVPATH=/devices/virtual/switch/hdmi_audio}
04-29 12:43:57.528 678 717 V WiredAccessoryManager: newName=hdmi_audio newState=0 headsetState=0 prev headsetState=16
04-29 12:43:57.529 678 678 V WiredAccessoryManager: headsetName: disconnected
04-29 12:43:57.618 678 691 W ActivityManager: Slow operation: 106ms so far, now at startProcess: returned from zygote!
04-29 12:43:57.618 678 691 W ActivityManager: Slow operation: 107ms so far, now at startProcess: done updating battery stats
04-29 12:43:57.618 678 691 W ActivityManager: Slow operation: 107ms so far, now at startProcess: building log message
04-29 12:43:57.618 678 691 I ActivityManager: Start proc 3848:com.amazon.amazonvideo.livingroom.nvidia/u0a79 for broadcast com.amazon.amazonvideo.livingroom.nvidia/com.amazon.video.rubyandroidlibrary.PlugEventListener
04-29 12:43:57.619 678 691 W ActivityManager: Slow operation: 107ms so far, now at startProcess: starting to update pids map
04-29 12:43:57.619 678 691 W ActivityManager: Slow operation: 108ms so far, now at startProcess: done updating pids map
04-29 12:43:57.619 678 691 W ActivityManager: Slow operation: 109ms so far, now at startProcess: done starting proc!
04-29 12:43:57.752 678 717 V WiredAccessoryManager: Headset UEVENT: {SUBSYSTEM=switch, SEQNUM=2239, ACTION=change, SWITCH_STATE=1, SWITCH_NAME=hdmi_audio, DEVPATH=/devices/virtual/switch/hdmi_audio}
04-29 12:43:57.752 678 717 V WiredAccessoryManager: newName=hdmi_audio newState=16 headsetState=16 prev headsetState=0
04-29 12:43:57.753 678 678 V WiredAccessoryManager: headsetName: connected
04-29 12:43:58.292 678 1435 I ActivityManager: Start proc 3864:com.google.android.tts/u0a42 for service com.google.android.tts/.service.GoogleTTSService
04-29 12:43:58.695 678 1575 I ActivityManager: Killing 3037:com.nvidia.irtuner/1000 (adj 906): empty #17
04-29 12:43:58.749 678 1462 D ActivityManager: cleanUpApplicationRecord -- 3037
04-29 12:43:59.622 678 678 W HDMI : [2]:Unexpected parameters: src: 0, dst: 11
04-29 12:44:14.633 678 797 I WindowManager: Destroying surface Surface(name=SurfaceView - org.xbmc.kodi/org.xbmc.kodi.Main) called by com.android.server.wm.WindowStateAnimator.destroyDeferredSurfaceLocked:911 com.android.server.wm.WindowManagerService.performDeferredDestroyWindow:3162 com.android.server.wm.Session.performDeferredDestroy:235 android.view.IWindowSession$Stub.onTransact:398 com.android.server.wm.Session.onTransact:146 android.os.Binder.execTransact:565
04-29 12:44:14.762 678 698 I DisplayManagerService: Display device changed: DisplayDeviceInfo{"Integrierter Bildschirm": uniqueId="local:0", 1920 x 1080, modeId 1, defaultModeId 1, supportedModes [{id=1, width=1920, height=1080, fps=59.94006}, {id=2, width=1280, height=720, fps=60.0}, {id=3, width=1920, height=1080, fps=50.0}, {id=4, width=1920, height=1080, fps=60.0}, {id=5, width=1920, height=1080, fps=24.0}, {id=6, width=1920, height=1080, fps=30.0}, {id=7, width=1280, height=720, fps=50.0}, {id=8, width=1280, height=720, fps=59.94006}, {id=9, width=1920, height=1080, fps=23.976025}, {id=10, width=1920, height=1080, fps=29.97003}], colorTransformId 1, defaultColorTransformId 1, supportedColorTransforms [{id=1, colorTransform=0}], HdrCapabilities android.view.Display$HdrCapabilities@abbf7f0, density 320, 96.0 x 95.0 dpi, appVsyncOff 0, presDeadline 17683333, touch INTERNAL, rotation 0, type BUILT_IN, state ON, FLAG_DEFAULT_DISPLAY, FLAG_ROTATES_WITH_CONTENT, FLAG_SECURE, FLAG_SUPPORTS_PROTECTED_BUFFERS}
04-29 12:44:14.886 678 717 V WiredAccessoryManager: Headset UEVENT: {SUBSYSTEM=switch, SEQNUM=2240, ACTION=change, SWITCH_STATE=0, SWITCH_NAME=hdmi_audio, DEVPATH=/devices/virtual/switch/hdmi_audio}
04-29 12:44:14.886 678 717 V WiredAccessoryManager: newName=hdmi_audio newState=0 headsetState=0 prev headsetState=16
04-29 12:44:14.887 678 678 V WiredAccessoryManager: headsetName: disconnected
04-29 12:44:15.295 678 717 V WiredAccessoryManager: Headset UEVENT: {SUBSYSTEM=switch, SEQNUM=2243, ACTION=change, SWITCH_STATE=1, SWITCH_NAME=hdmi_audio, DEVPATH=/devices/virtual/switch/hdmi_audio}
04-29 12:44:15.295 678 717 V WiredAccessoryManager: newName=hdmi_audio newState=16 headsetState=16 prev headsetState=0
04-29 12:44:15.296 678 678 V WiredAccessoryManager: headsetName: connected
04-29 12:44:29.559 678 698 I DisplayManagerService: Display device changed: DisplayDeviceInfo{"Integrierter Bildschirm": uniqueId="local:0", 1920 x 1080, modeId 9, defaultModeId 1, supportedModes [{id=1, width=1920, height=1080, fps=59.94006}, {id=2, width=1280, height=720, fps=60.0}, {id=3, width=1920, height=1080, fps=50.0}, {id=4, width=1920, height=1080, fps=60.0}, {id=5, width=1920, height=1080, fps=24.0}, {id=6, width=1920, height=1080, fps=30.0}, {id=7, width=1280, height=720, fps=50.0}, {id=8, width=1280, height=720, fps=59.94006}, {id=9, width=1920, height=1080, fps=23.976025}, {id=10, width=1920, height=1080, fps=29.97003}], colorTransformId 1, defaultColorTransformId 1, supportedColorTransforms [{id=1, colorTransform=0}], HdrCapabilities android.view.Display$HdrCapabilities@abbf7f0, density 320, 96.0 x 95.0 dpi, appVsyncOff 0, presDeadline 42708331, touch INTERNAL, rotation 0, type BUILT_IN, state ON, FLAG_DEFAULT_DISPLAY, FLAG_ROTATES_WITH_CONTENT, FLAG_SECURE, FLAG_SUPPORTS_PROTECTED_BUFFERS}
04-29 12:44:29.606 678 717 V WiredAccessoryManager: Headset UEVENT: {SUBSYSTEM=switch, SEQNUM=2244, ACTION=change, SWITCH_STATE=0, SWITCH_NAME=hdmi_audio, DEVPATH=/devices/virtual/switch/hdmi_audio}
04-29 12:44:29.606 678 717 V WiredAccessoryManager: newName=hdmi_audio newState=0 headsetState=0 prev headsetState=16
04-29 12:44:29.607 678 678 V WiredAccessoryManager: headsetName: disconnected
04-29 12:44:29.862 678 678 W HDMI : [2]:Unexpected parameters: src: 0, dst: 11
04-29 12:44:30.017 678 717 V WiredAccessoryManager: Headset UEVENT: {SUBSYSTEM=switch, SEQNUM=2247, ACTION=change, SWITCH_STATE=1, SWITCH_NAME=hdmi_audio, DEVPATH=/devices/virtual/switch/hdmi_audio}
04-29 12:44:30.017 678 717 V WiredAccessoryManager: newName=hdmi_audio newState=16 headsetState=16 prev headsetState=0
04-29 12:44:30.019 678 678 V WiredAccessoryManager: headsetName: connected
04-29 12:44:49.686 678 1520 I WindowManager: Destroying surface Surface(name=SurfaceView - org.xbmc.kodi/org.xbmc.kodi.Main) called by com.android.server.wm.WindowStateAnimator.destroyDeferredSurfaceLocked:911 com.android.server.wm.WindowManagerService.performDeferredDestroyWindow:3162 com.android.server.wm.Session.performDeferredDestroy:235 android.view.IWindowSession$Stub.onTransact:398 com.android.server.wm.Session.onTransact:146 android.os.Binder.execTransact:565
04-29 12:44:49.787 678 698 I DisplayManagerService: Display device changed: DisplayDeviceInfo{"Integrierter Bildschirm": uniqueId="local:0", 1920 x 1080, modeId 1, defaultModeId 1, supportedModes [{id=1, width=1920, height=1080, fps=59.94006}, {id=2, width=1280, height=720, fps=60.0}, {id=3, width=1920, height=1080, fps=50.0}, {id=4, width=1920, height=1080, fps=60.0}, {id=5, width=1920, height=1080, fps=24.0}, {id=6, width=1920, height=1080, fps=30.0}, {id=7, width=1280, height=720, fps=50.0}, {id=8, width=1280, height=720, fps=59.94006}, {id=9, width=1920, height=1080, fps=23.976025}, {id=10, width=1920, height=1080, fps=29.97003}], colorTransformId 1, defaultColorTransformId 1, supportedColorTransforms [{id=1, colorTransform=0}], HdrCapabilities android.view.Display$HdrCapabilities@abbf7f0, density 320, 96.0 x 95.0 dpi, appVsyncOff 0, presDeadline 17683333, touch INTERNAL, rotation 0, type BUILT_IN, state ON, FLAG_DEFAULT_DISPLAY, FLAG_ROTATES_WITH_CONTENT, FLAG_SECURE, FLAG_SUPPORTS_PROTECTED_BUFFERS}
04-29 12:44:49.908 678 717 V WiredAccessoryManager: Headset UEVENT: {SUBSYSTEM=switch, SEQNUM=2248, ACTION=change, SWITCH_STATE=0, SWITCH_NAME=hdmi_audio, DEVPATH=/devices/virtual/switch/hdmi_audio}
04-29 12:44:49.909 678 717 V WiredAccessoryManager: newName=hdmi_audio newState=0 headsetState=0 prev headsetState=16
04-29 12:44:49.909 678 678 V WiredAccessoryManager: headsetName: disconnected
04-29 12:44:49.933 678 1434 I ActivityManager: Killing 2997:com.nvidia.NvCPLUpdater/1000 (adj 906): empty #17
04-29 12:44:50.104 678 1418 D ActivityManager: cleanUpApplicationRecord -- 2997
04-29 12:44:50.316 678 717 V WiredAccessoryManager: Headset UEVENT: {SUBSYSTEM=switch, SEQNUM=2251, ACTION=change, SWITCH_STATE=1, SWITCH_NAME=hdmi_audio, DEVPATH=/devices/virtual/switch/hdmi_audio}
04-29 12:44:50.317 678 717 V WiredAccessoryManager: newName=hdmi_audio newState=16 headsetState=16 prev headsetState=0
04-29 12:44:50.317 678 678 V WiredAccessoryManager: headsetName: connected
04-29 12:45:00.185 678 678 W HDMI : [2]:Unexpected parameters: src: 0, dst: 11
04-29 12:45:01.733 678 698 I DisplayManagerService: Display device changed: DisplayDeviceInfo{"Integrierter Bildschirm": uniqueId="local:0", 1920 x 1080, modeId 5, defaultModeId 1, supportedModes [{id=1, width=1920, height=1080, fps=59.94006}, {id=2, width=1280, height=720, fps=60.0}, {id=3, width=1920, height=1080, fps=50.0}, {id=4, width=1920, height=1080, fps=60.0}, {id=5, width=1920, height=1080, fps=24.0}, {id=6, width=1920, height=1080, fps=30.0}, {id=7, width=1280, height=720, fps=50.0}, {id=8, width=1280, height=720, fps=59.94006}, {id=9, width=1920, height=1080, fps=23.976025}, {id=10, width=1920, height=1080, fps=29.97003}], colorTransformId 1, defaultColorTransformId 1, supportedColorTransforms [{id=1, colorTransform=0}], HdrCapabilities android.view.Display$HdrCapabilities@abbf7f0, density 320, 96.0 x 95.0 dpi, appVsyncOff 0, presDeadline 42666666, touch INTERNAL, rotation 0, type BUILT_IN, state ON, FLAG_DEFAULT_DISPLAY, FLAG_ROTATES_WITH_CONTENT, FLAG_SECURE, FLAG_SUPPORTS_PROTECTED_BUFFERS}
04-29 12:45:02.179 678 717 V WiredAccessoryManager: Headset UEVENT: {SUBSYSTEM=switch, SEQNUM=2252, ACTION=change, SWITCH_STATE=0, SWITCH_NAME=hdmi_audio, DEVPATH=/devices/virtual/switch/hdmi_audio}
04-29 12:45:02.179 678 717 V WiredAccessoryManager: newName=hdmi_audio newState=0 headsetState=0 prev headsetState=16
04-29 12:45:02.180 678 678 V WiredAccessoryManager: headsetName: disconnected
04-29 12:45:02.186 678 717 V WiredAccessoryManager: Headset UEVENT: {SUBSYSTEM=switch, SEQNUM=2255, ACTION=change, SWITCH_STATE=1, SWITCH_NAME=hdmi_audio, DEVPATH=/devices/virtual/switch/hdmi_audio}
04-29 12:45:02.186 678 717 V WiredAccessoryManager: newName=hdmi_audio newState=16 headsetState=16 prev headsetState=0
04-29 12:45:02.192 678 678 V WiredAccessoryManager: headsetName: connected
04-29 12:45:06.168 678 1491 I ActivityManager: Killing 3016:com.nvidia.feedback/1000 (adj 906): empty #17
04-29 12:45:06.230 678 1463 D ActivityManager: cleanUpApplicationRecord -- 3016 --------- beginning of main
04-29 12:45:23.389 3364 4024 I chatty : uid=10095(org.xbmc.kodi) expire 2 lines
04-29 12:45:23.845 279 4029 D NvOsDebugPrintf: TVMR: FrameRate(for last 120 frames) = 24.000038, AvgFrameRate = 24.000038
04-29 12:45:23.845 770 1141 V Avrcp : MediaController playback changed: PlaybackState {state=3, position=1750150, buffered position=0, speed=1.0, updated=206364, actions=-1, custom actions=[], active item id=-1, error=null}
04-29 12:45:23.845 279 4029 D NvOsDebugPrintf: TVMR: 3961 : LastFrameTSOffsetWithLLPTS = 0
04-29 12:45:24.137 3364 4019 I chatty : uid=10095(org.xbmc.kodi) expire 14 lines
04-29 12:45:24.303 3364 4038 I chatty : uid=10095(org.xbmc.kodi) expire 3 lines
04-29 12:45:24.310 3364 3729 I chatty : uid=10095(org.xbmc.kodi) expire 3 lines
04-29 12:45:24.311 3364 3730 I chatty : uid=10095(org.xbmc.kodi) expire 20 lines
04-29 12:45:24.318 271 741 I NvAudioPolicyManager: getOutputForAttr() device 0x400, samplingRate 44100, format 5, channelMask 3, flags 0 strategy 0x0
04-29 12:45:24.334 3364 4033 I chatty : uid=10095(org.xbmc.kodi) expire 4 lines
04-29 12:45:24.345 279 4031 D NvOsDebugPrintf: TVMR: TVMRFrameStatusReporting: 6502: Closing TVMR Frame Status Thread -------------
04-29 12:45:24.345 279 4032 D NvOsDebugPrintf: TVMR: TVMRVPRFloorSizeSettingThread: 6312: Closing TVMRVPRFloorSizeSettingThread -------------
04-29 12:45:24.346 279 4030 D NvOsDebugPrintf: TVMR: TVMRFrameDelivery: 6352: Closing TVMR Frame Delivery Thread -------------
04-29 12:45:24.348 279 4027 D NvOsDebugPrintf: TVMR: NvMMLiteTVMRDecBlockClose: 8211: Done
04-29 12:45:24.348 279 4027 D NvOsDebugPrintf: De-Allocating Coloraspect/HDRStatic struct
04-29 12:45:24.348 279 4027 D NvOsDebugPrintf: De-Allocating Coloraspect/HDRStatic struct
04-29 12:45:24.349 279 4027 D NvOsDebugPrintf: De-Allocating Coloraspect/HDRStatic struct
04-29 12:45:24.349 279 4027 D NvOsDebugPrintf: De-Allocating Coloraspect/HDRStatic struct
04-29 12:45:24.350 279 4027 D NvOsDebugPrintf: De-Allocating Coloraspect/HDRStatic struct
04-29 12:45:24.350 279 4027 D NvOsDebugPrintf: De-Allocating Coloraspect/HDRStatic struct
04-29 12:45:24.350 279 4027 D NvOsDebugPrintf: De-Allocating Coloraspect/HDRStatic struct
04-29 12:45:24.354 279 4027 D NvOsDebugPrintf: De-Allocating Coloraspect/HDRStatic struct
04-29 12:45:24.364 3364 3364 I chatty : uid=10095(org.xbmc.kodi) expire 1 line
04-29 12:45:24.365 3364 3742 I chatty : uid=10095(org.xbmc.kodi) expire 5 lines
04-29 12:45:24.365 678 1603 I WindowManager: Destroying surface Surface(name=SurfaceView - org.xbmc.kodi/org.xbmc.kodi.Main) called by com.android.server.wm.WindowStateAnimator.destroyDeferredSurfaceLocked:911 com.android.server.wm.WindowManagerService.performDeferredDestroyWindow:3162 com.android.server.wm.Session.performDeferredDestroy:235 android.view.IWindowSession$Stub.onTransact:398 com.android.server.wm.Session.onTransact:146 android.os.Binder.execTransact:565
04-29 12:45:24.367 281 414 I WVCdm : CdmEngine::RemoveKeys
04-29 12:45:24.368 281 3974 I WVCdm : CdmEngine::CloseSession
04-29 12:45:24.369 3364 4019 I chatty : uid=10095(org.xbmc.kodi) expire 5 lines
04-29 12:45:24.374 3364 3721 I chatty : uid=10095(org.xbmc.kodi) expire 47 lines
04-29 12:45:24.394 3364 3724 I chatty : uid=10095(org.xbmc.kodi) expire 6 lines
04-29 12:45:24.402 3364 3762 I chatty : uid=10095(org.xbmc.kodi) expire 1 line
04-29 12:45:24.408 3364 4018 I chatty : uid=10095(org.xbmc.kodi) expire 2 lines
04-29 12:45:24.413 770 1141 V Avrcp : MediaController playback changed: PlaybackState {state=1, position=0, buffered position=0, speed=0.0, updated=206933, actions=-1, custom actions=[], active item id=-1, error=null}
04-29 12:45:24.414 770 1141 V Avrcp : Active sessions changed, 1 sessions
04-29 12:45:24.414 770 1141 V Avrcp : Updating media controller to android.media.session.MediaController@9622e50
04-29 12:45:24.415 770 1141 V Avrcp : MediaAttributes Changed to [MediaAttributes: none]
04-29 12:45:24.418 678 1491 I MediaFocusControl: AudioFocus abandonAudioFocus() from uid/pid 10095/3364 clientId=android.media.AudioManager@aca4849org.xbmc.kodi.interfaces.XBMCAudioManagerOnAudioFocusChangeListener@b9d354e
04-29 12:45:24.441 3364 3730 I chatty : uid=10095(org.xbmc.kodi) expire 1 line
04-29 12:45:24.468 247 247 D SurfaceFlinger: Set active config mode=0, type=0 flinger=0x203f454000
04-29 12:45:24.468 247 247 D hwcomposer: int hwc_setActiveConfig(hwc_composer_device_1*, int, int): set config 0
04-29 12:45:24.468 247 247 D hwcomposer: nvfb_lookup_mode: external: request: 0, real: 102
04-29 12:45:24.468 247 247 D hwcomposer: display type 1: vblank period = 16683333 ns
04-29 12:45:24.468 247 247 D hwcomposer: Display 0 device size is 1920 x 1080
04-29 12:45:24.468 247 247 D hwcomposer: Display 0 device clip is (44, 24, 1875, 1055)
04-29 12:45:24.470 678 698 I DisplayManagerService: Display device changed: DisplayDeviceInfo{"Integrierter Bildschirm": uniqueId="local:0", 1920 x 1080, modeId 1, defaultModeId 1, supportedModes [{id=1, width=1920, height=1080, fps=59.94006}, {id=2, width=1280, height=720, fps=60.0}, {id=3, width=1920, height=1080, fps=50.0}, {id=4, width=1920, height=1080, fps=60.0}, {id=5, width=1920, height=1080, fps=24.0}, {id=6, width=1920, height=1080, fps=30.0}, {id=7, width=1280, height=720, fps=50.0}, {id=8, width=1280, height=720, fps=59.94006}, {id=9, width=1920, height=1080, fps=23.976025}, {id=10, width=1920, height=1080, fps=29.97003}], colorTransformId 1, defaultColorTransformId 1, supportedColorTransforms [{id=1, colorTransform=0}], HdrCapabilities android.view.Display$HdrCapabilities@abbf7f0, density 320, 96.0 x 95.0 dpi, appVsyncOff 0, presDeadline 17683333, touch INTERNAL, rotation 0, type BUILT_IN, state ON, FLAG_DEFAULT_DISPLAY, FLAG_ROTATES_WITH_CONTENT, FLAG_SECURE, FLAG_SUPPORTS_PROTECTED_BUFFERS}
04-29 12:45:24.592 678 717 V WiredAccessoryManager: Headset UEVENT: {SUBSYSTEM=switch, SEQNUM=2256, ACTION=change, SWITCH_STATE=0, SWITCH_NAME=hdmi_audio, DEVPATH=/devices/virtual/switch/hdmi_audio}
04-29 12:45:24.593 678 717 V WiredAccessoryManager: newName=hdmi_audio newState=0 headsetState=0 prev headsetState=16
04-29 12:45:24.593 678 717 I WiredAccessoryManager: MSG_NEW_DEVICE_STATE
04-29 12:45:24.594 3267 3267 D PersonalGridService: HDMI is disconnected
04-29 12:45:24.594 678 678 V WiredAccessoryManager: headsetName: disconnected
04-29 12:45:24.594 3848 3848 D PlugEventListener: HDMI disconnect
04-29 12:45:24.601 1986 1986 D MusicLifecycle: com.google.android.music.playback2.MusicPlaybackService$1 generated event: Broadcast received with context com.google.android.music.playback2.MusicPlaybackService@ba7be78 and intent Intent { act=android.media.AUDIO_BECOMING_NOISY flg=0x14000010 }
04-29 12:45:24.601 1986 1986 I MusicPlaybackService: v2 onReceive: intent=Intent { act=android.media.AUDIO_BECOMING_NOISY flg=0x14000010 } extras=NULL
04-29 12:45:24.602 1986 1986 I PlaybackManager: v2 pause
04-29 12:45:24.602 1986 1986 D PlayPositionManager: performing playposition (PAUSE)
04-29 12:45:24.619 1241 1257 I ShieldBluetoothHandler: HDMI plug state change false
04-29 12:45:24.664 3364 4055 I chatty : uid=10095(org.xbmc.kodi) expire 1 line
04-29 12:45:24.680 3364 3745 I chatty : uid=10095(org.xbmc.kodi) expire 3 lines
04-29 12:45:24.704 3364 3721 I chatty : uid=10095(org.xbmc.kodi) expire 41 lines
04-29 12:45:24.731 2341 2715 I chromium: [2341:2715:INFO:ssdp_device.c(101)] SSDP packets sent for 121 seconds = 6
04-29 12:45:24.731 3364 4055 I chatty : uid=10095(org.xbmc.kodi) expire 2 lines
04-29 12:45:24.995 247 247 D hwcomposer: setting property sys.display-size to 1920x1080
04-29 12:45:24.998 678 717 V WiredAccessoryManager: Headset UEVENT: {SUBSYSTEM=switch, SEQNUM=2259, ACTION=change, SWITCH_STATE=1, SWITCH_NAME=hdmi_audio, DEVPATH=/devices/virtual/switch/hdmi_audio}
04-29 12:45:24.998 678 717 V WiredAccessoryManager: newName=hdmi_audio newState=16 headsetState=16 prev headsetState=0
04-29 12:45:24.998 678 717 I WiredAccessoryManager: MSG_NEW_DEVICE_STATE
04-29 12:45:24.999 678 678 V WiredAccessoryManager: headsetName: connected
04-29 12:45:25.000 1241 1257 I ShieldBluetoothHandler: HDMI plug state change true
04-29 12:45:25.000 3848 3848 D PlugEventListener: HDMI connect
04-29 12:45:25.000 3267 3267 D PersonalGridService: HDMI is connected
04-29 12:45:25.002 3267 3267 I PersonalGridService: Display mode is: {id=1, width=1920, height=1080, fps=59.94006}
04-29 12:45:25.596 271 3899 I NvAudioPolicyManager: setDeviceConnectionStateInt() device: 0x400, state 0, address name
04-29 12:45:25.598 678 678 V MediaRouter: Updating audio routes: AudioRoutesInfo{ type=SPEAKER }
04-29 12:45:25.598 2341 2341 D cr_AvSettingsAndroid: [AvSettingsAndroid.java:147] HDMI plug update: action=android.media.action.HDMI_AUDIO_PLUG, plug=0
04-29 12:45:25.598 2341 2341 D cr_AvSettingsAndroid: [AvSettingsAndroid.java:155] Max channel count = 2
04-29 12:45:25.598 678 678 V MediaRouter: Dispatching route change: RouteInfo{ name=TV, description=null, status=null, category=RouteCategory{ name=null types=ROUTE_TYPE_LIVE_AUDIO ROUTE_TYPE_LIVE_VIDEO groupable=false }, supportedTypes=ROUTE_TYPE_LIVE_AUDIO ROUTE_TYPE_LIVE_VIDEO , presentationDisplay=null }
04-29 12:45:25.599 3364 3364 I chatty : uid=10095(org.xbmc.kodi) expire 6 lines
04-29 12:45:25.599 1986 1986 V MediaRouter: Updating audio routes: AudioRoutesInfo{ type=SPEAKER }
04-29 12:45:25.599 1986 1986 V MediaRouter: Dispatching route change: RouteInfo{ name=TV, description=null, status=null, category=RouteCategory{ name=null types=ROUTE_TYPE_LIVE_AUDIO ROUTE_TYPE_LIVE_VIDEO groupable=false }, supportedTypes=ROUTE_TYPE_LIVE_AUDIO ROUTE_TYPE_LIVE_VIDEO , presentationDisplay=null }
04-29 12:45:25.599 2341 2341 D cr_AvSettingsAndroid: [AvSettingsAndroid.java:138] Supported audio codecs:0
04-29 12:45:25.600 2341 2563 I chromium: [2341:2563:INFO:media_manager_impl.cc(1000)] New audio codecs supported: new_codecs=0, old_codecs=17
04-29 12:45:25.601 831 831 V MediaRouter: Updating audio routes: AudioRoutesInfo{ type=SPEAKER }
04-29 12:45:25.601 831 831 V MediaRouter: Dispatching route change: RouteInfo{ name=TV, description=null, status=null, category=RouteCategory{ name=null types=ROUTE_TYPE_LIVE_AUDIO ROUTE_TYPE_LIVE_VIDEO groupable=false }, supportedTypes=ROUTE_TYPE_LIVE_AUDIO ROUTE_TYPE_LIVE_VIDEO , presentationDisplay=null }
04-29 12:45:25.602 2341 2563 W cr_AvSettingsAndroid: getDolbyVisionFlags() not supported, returning 0
04-29 12:45:25.605 2341 2563 D cr_EstimateResolution: [MaxAnticipatedResolutionEstimator.java:41] Assuming 4K display capabilities because we can decode VP9 4K video.
04-29 12:45:25.605 1986 1986 D MusicPlaybackService: onRouteVolumeChanged: route=MediaRouter.RouteInfo{ uniqueId=android/.support.v7.media.SystemMediaRouteProvider:DEFAULT_ROUTE, name=TV, description=null, iconUri=null, enabled=true, connecting=false, connectionState=0, canDisconnect=false, playbackType=0, playbackStream=3, deviceType=0, volumeHandling=1, volume=14, volumeMax=15, presentationDisplayId=-1, extras=null, settingsIntent=null, providerPackageName=android }
04-29 12:45:25.606 831 914 I vol.Events: writeEvent level_changed STREAM_MUSIC 14
04-29 12:45:25.608 831 914 I vol.Events: writeEvent level_changed STREAM_BLUETOOTH_SCO 14
04-29 12:45:25.625 271 271 I NvAudioPolicyManager: setDeviceConnectionStateInt() device: 0x400, state 1, address name
04-29 12:45:25.625 271 271 I hash_map_utils: key: 'nv_param_passthrough_support' value: ''
04-29 12:45:25.626 271 271 I AudioFlinger: openOutput(), module 10 Device 400, SamplingRate 0, Format 00000000, Channels 0, flags 1
04-29 12:45:25.626 271 271 I AudioFlinger: HAL output buffer size 256 frames, normal sink buffer size 256 frames
04-29 12:45:25.626 271 4056 I AudioFlinger: AudioFlinger's thread 0x47e6a000 ready to run
04-29 12:45:25.626 271 271 W APM_AudioPolicyManager: checkOutputsForDevice() missing param
04-29 12:45:25.627 271 271 W APM_AudioPolicyManager: checkOutputsForDevice() could not open output for device 400
04-29 12:45:25.628 271 271 I hash_map_utils: key: 'nv_param_passthrough_support' value: ''
04-29 12:45:25.628 271 271 I AudioFlinger: openOutput(), module 10 Device 400, SamplingRate 0, Format 00000000, Channels 0, flags 1
04-29 12:45:25.628 271 271 I AudioFlinger: HAL output buffer size 256 frames, normal sink buffer size 256 frames
04-29 12:45:25.629 271 271 D APM_AudioPolicyManager: filterSurroundFormats: forced use = 0
04-29 12:45:25.630 271 4057 I AudioFlinger: AudioFlinger's thread 0x47e6a000 ready to run
04-29 12:45:25.630 271 271 I AudioFlinger: openOutput(), module 10 Device 400, SamplingRate 32000, Format 0x9000000, Channels 1, flags 1
04-29 12:45:25.630 271 271 I AudioHwDevice: openOutputStream(), HAL returned sampleRate 32000, Format 0x9000000, channelMask 0x1, status 22
04-29 12:45:25.630 271 271 I AudioSPDIF: SPDIFEncoder: mBurstBufferSizeBytes = 24576, littleEndian = 1
04-29 12:45:25.631 271 271 I AudioFlinger: SpdifStreamOut::open() AudioFlinger requested sampleRate 32000, format 0x9000000, channelMask 0x1
04-29 12:45:25.631 271 271 I AudioFlinger: SpdifStreamOut::open() HAL configured for sampleRate 32000, format 0x1, channelMask 0x3
04-29 12:45:25.631 271 271 I AudioFlinger: SpdifStreamOut::open() status = 0
04-29 12:45:25.631 271 271 I AudioFlinger: HAL output buffer size 2048 frames, normal sink buffer size 2048 frames
04-29 12:45:25.632 271 4058 I AudioFlinger: AudioFlinger's thread 0x47e6a000 ready to run
04-29 12:45:25.632 271 271 I hash_map_utils: key: 'nv_param_passthrough_support' value: ''
04-29 12:45:25.632 271 271 I hash_map_utils: key: 'nv_param_passthrough_support' value: ''
04-29 12:45:25.632 271 271 I AudioFlinger: openOutput(), module 10 Device 400, SamplingRate 88200, Format 0x000005, Channels 3, flags 1
04-29 12:45:25.632 271 271 W nvaudio_hw: sink doesn't support hra
04-29 12:45:25.633 271 271 I AudioHwDevice: openOutputStream(), HAL returned sampleRate 88200, Format 0x5, channelMask 0x3, status -22
04-29 12:45:25.633 271 271 W APM_AudioPolicyManager: checkOutputsForDevice() could not open output for device 400
04-29 12:45:25.652 678 678 V MediaRouter: Updating audio routes: AudioRoutesInfo{ type=HDMI }
04-29 12:45:25.652 831 831 V MediaRouter: Updating audio routes: AudioRoutesInfo{ type=HDMI }
04-29 12:45:25.652 678 678 V MediaRouter: Dispatching route change: RouteInfo{ name=HDMI, description=null, status=null, category=RouteCategory{ name=null types=ROUTE_TYPE_LIVE_AUDIO ROUTE_TYPE_LIVE_VIDEO groupable=false }, supportedTypes=ROUTE_TYPE_LIVE_AUDIO ROUTE_TYPE_LIVE_VIDEO , presentationDisplay=null }
04-29 12:45:25.652 831 831 V MediaRouter: Dispatching route change: RouteInfo{ name=HDMI, description=null, status=null, category=RouteCategory{ name=null types=ROUTE_TYPE_LIVE_AUDIO ROUTE_TYPE_LIVE_VIDEO groupable=false }, supportedTypes=ROUTE_TYPE_LIVE_AUDIO ROUTE_TYPE_LIVE_VIDEO , presentationDisplay=null }
04-29 12:45:25.652 2341 2341 D cr_AvSettingsAndroid: [AvSettingsAndroid.java:147] HDMI plug update: action=android.media.action.HDMI_AUDIO_PLUG, plug=1
04-29 12:45:25.652 1986 1986 V MediaRouter: Updating audio routes: AudioRoutesInfo{ type=HDMI }
04-29 12:45:25.652 3267 3267 I pgService/AudioEndPointBroadcastReceiver: HDMI Audio receiver channels = 8
04-29 12:45:25.652 1986 1986 V MediaRouter: Dispatching route change: RouteInfo{ name=HDMI, description=null, status=null, category=RouteCategory{ name=null types=ROUTE_TYPE_LIVE_AUDIO ROUTE_TYPE_LIVE_VIDEO groupable=false }, supportedTypes=ROUTE_TYPE_LIVE_AUDIO ROUTE_TYPE_LIVE_VIDEO , presentationDisplay=null }
04-29 12:45:25.652 3267 3267 I pgService/AudioEndPointBroadcastReceiver:
04-29 12:45:25.652 3267 3267 I pgService/AudioEndPointBroadcastReceiver: 2
04-29 12:45:25.652 3267 3267 I pgService/AudioEndPointBroadcastReceiver: 5
04-29 12:45:25.652 3267 3267 I pgService/AudioEndPointBroadcastReceiver: 13
04-29 12:45:25.653 2341 2341 D cr_AvSettingsAndroid: [AvSettingsAndroid.java:155] Max channel count = 8
04-29 12:45:25.653 3267 3267 I pgService/AudioEndPointBroadcastReceiver:
04-29 12:45:25.654 2341 2341 D cr_AvSettingsAndroid: [AvSettingsAndroid.java:138] Supported audio codecs:17
04-29 12:45:25.654 2341 2563 I chromium: [2341:2563:INFO:media_manager_impl.cc(1000)] New audio codecs supported: new_codecs=17, old_codecs=0
04-29 12:45:25.659 2341 2563 W cr_AvSettingsAndroid: getDolbyVisionFlags() not supported, returning 0
04-29 12:45:25.664 1986 1986 D MusicPlaybackService: onRouteVolumeChanged: route=MediaRouter.RouteInfo{ uniqueId=android/.support.v7.media.SystemMediaRouteProvider:DEFAULT_ROUTE, name=HDMI, description=null, iconUri=null, enabled=true, connecting=false, connectionState=0, canDisconnect=false, playbackType=0, playbackStream=3, deviceType=0, volumeHandling=1, volume=15, volumeMax=15, presentationDisplayId=-1, extras=null, settingsIntent=null, providerPackageName=android }
04-29 12:45:25.665 831 914 I vol.Events: writeEvent level_changed STREAM_MUSIC 15
04-29 12:45:25.666 2341 2563 D cr_EstimateResolution: [MaxAnticipatedResolutionEstimator.java:41] Assuming 4K display capabilities because we can decode VP9 4K video.
04-29 12:45:25.666 831 914 I vol.Events: writeEvent level_changed STREAM_BLUETOOTH_SCO 15
04-29 12:45:26.584 3364 3719 I chatty : uid=10095(org.xbmc.kodi) expire 6 lines
04-29 12:45:26.585 678 740 W AudioTrack: dead IAudioTrack, PCM, creating a new one from start()
04-29 12:45:26.585 271 742 I NvAudioPolicyManager: getOutputForAttr() device 0x400, samplingRate 48000, format 1, channelMask 1, flags 4 strategy 0x0
04-29 12:45:26.644 3364 3742 I chatty : uid=10095(org.xbmc.kodi) expire 5 lines
04-29 12:45:26.645 3364 3744 I chatty : uid=10095(org.xbmc.kodi) expire 3 lines
04-29 12:45:26.927 3364 3729 I chatty : uid=10095(org.xbmc.kodi) expire 2 lines
04-29 12:45:26.927 3364 3730 I chatty : uid=10095(org.xbmc.kodi) expire 20 lines
04-29 12:45:26.930 3364 3721 I chatty : uid=10095(org.xbmc.kodi) expire 35 lines
04-29 12:45:26.937 271 3899 I NvAudioPolicyManager: getOutputForAttr() device 0x400, samplingRate 44100, format 5, channelMask 3, flags 0 strategy 0x0
04-29 12:45:26.942 3364 3729 I chatty : uid=10095(org.xbmc.kodi) expire 2 lines
04-29 12:45:26.969 3364 3742 I chatty : uid=10095(org.xbmc.kodi) expire 5 lines
04-29 12:45:26.971 3364 3762 I chatty : uid=10095(org.xbmc.kodi) expire 8 lines
04-29 12:45:27.031 3364 3719 I chatty : uid=10095(org.xbmc.kodi) expire 12 lines
04-29 12:45:27.247 3364 3721 I chatty : uid=10095(org.xbmc.kodi) expire 40 lines
04-29 12:45:27.247 3364 3762 I chatty : uid=10095(org.xbmc.kodi) expire 7 lines
04-29 12:45:27.248 3364 3744 I chatty : uid=10095(org.xbmc.kodi) expire 12 lines
04-29 12:45:27.566 3364 3745 I chatty : uid=10095(org.xbmc.kodi) expire 3 lines
04-29 12:45:27.872 3364 3721 I chatty : uid=10095(org.xbmc.kodi) expire 43 lines
04-29 12:45:27.879 3364 3762 I chatty : uid=10095(org.xbmc.kodi) expire 5 lines
04-29 12:45:27.928 3364 3719 I chatty : uid=10095(org.xbmc.kodi) expire 8 lines
04-29 12:45:28.061 678 740 W AudioTrack: dead IAudioTrack, PCM, creating a new one from start()
04-29 12:45:28.061 271 271 I NvAudioPolicyManager: getOutputForAttr() device 0x400, samplingRate 48000, format 1, channelMask 1, flags 4 strategy 0x0
04-29 12:45:28.106 3364 3742 I chatty : uid=10095(org.xbmc.kodi) expire 10 lines
04-29 12:45:28.107 3364 3744 I chatty : uid=10095(org.xbmc.kodi) expire 4 lines
04-29 12:45:28.391 3364 3721 I chatty : uid=10095(org.xbmc.kodi) expire 43 lines
04-29 12:45:28.404 3364 3719 I chatty : uid=10095(org.xbmc.kodi) expire 11 lines
04-29 12:45:28.551 3364 3742 I chatty : uid=10095(org.xbmc.kodi) expire 9 lines
04-29 12:45:28.556 3364 3745 I chatty : uid=10095(org.xbmc.kodi) expire 3 lines
04-29 12:45:28.776 3364 3762 I chatty : uid=10095(org.xbmc.kodi) expire 6 lines
04-29 12:45:28.968 3364 3719 I chatty : uid=10095(org.xbmc.kodi) expire 9 lines
04-29 12:45:29.007 3364 3721 I chatty : uid=10095(org.xbmc.kodi) expire 43 lines
04-29 12:45:29.020 3364 3742 I chatty : uid=10095(org.xbmc.kodi) expire 5 lines
04-29 12:45:29.022 3364 3744 I chatty : uid=10095(org.xbmc.kodi) expire 5 lines
04-29 12:45:29.328 3364 3745 I chatty : uid=10095(org.xbmc.kodi) expire 12 lines
04-29 12:45:29.656 3364 3742 I chatty : uid=10095(org.xbmc.kodi) expire 5 lines
04-29 12:45:29.656 3364 3721 I chatty : uid=10095(org.xbmc.kodi) expire 40 lines
04-29 12:45:29.657 3364 3744 I chatty : uid=10095(org.xbmc.kodi) expire 1 line
04-29 12:45:29.684 3364 3719 I chatty : uid=10095(org.xbmc.kodi) expire 8 lines
04-29 12:45:29.887 3364 3762 I chatty : uid=10095(org.xbmc.kodi) expire 14 lines
04-29 12:45:30.136 3364 3721 I chatty : uid=10095(org.xbmc.kodi) expire 44 lines
04-29 12:45:30.189 3364 3719 I chatty : uid=10095(org.xbmc.kodi) expire 10 lines
04-29 12:45:30.366 3364 3744 I chatty : uid=10095(org.xbmc.kodi) expire 3 lines
04-29 12:45:30.499 281 2695 I WVCdm : CdmEngine::QueryStatus
04-29 12:45:30.499 281 2695 I WVCdm : Level3 Library 4445 Mar 30 2016 13:23:54
04-29 12:45:30.501 281 2695 W WVCdm : Could not read /data/mediadrm/IDM1013/ay64.dat2: No such file or directory
04-29 12:45:30.502 281 2695 E oemcrypto_cenc: OEMCrypto_APIVersion: 11
04-29 12:45:30.502 281 2695 D WVCdm : OEMCrypto_Initialize Level 1 success. I will use level 1.
04-29 12:45:30.514 678 678 W HDMI : [2]:Unexpected parameters: src: 0, dst: 11
04-29 12:45:30.604 3364 3742 I chatty : uid=10095(org.xbmc.kodi) expire 5 lines
04-29 12:45:30.606 3364 3745 I chatty : uid=10095(org.xbmc.kodi) expire 8 lines
04-29 12:45:30.693 3364 3721 I chatty : uid=10095(org.xbmc.kodi) expire 41 lines
04-29 12:45:30.804 3364 3719 I chatty : uid=10095(org.xbmc.kodi) expire 10 lines
04-29 12:45:30.859 281 4045 I WVCdm : CdmEngine::QueryStatus
04-29 12:45:30.859 281 4045 I WVCdm : Level3 Library 4445 Mar 30 2016 13:23:54
04-29 12:45:30.861 3364 3762 I chatty : uid=10095(org.xbmc.kodi) expire 9 lines
04-29 12:45:30.861 281 4045 W WVCdm : Could not read /data/mediadrm/IDM1013/ay64.dat2: No such file or directory
04-29 12:45:30.864 281 4045 E oemcrypto_cenc: OEMCrypto_APIVersion: 11
04-29 12:45:30.865 281 4045 D WVCdm : OEMCrypto_Initialize Level 1 success. I will use level 1.
04-29 12:45:31.076 3364 3742 I chatty : uid=10095(org.xbmc.kodi) expire 9 lines
04-29 12:45:31.259 2341 2341 I chromium: [2341:2341:INFO:metrics_recorder.cc(89)] Metrics stat: total=0
04-29 12:45:31.320 3364 3721 I chatty : uid=10095(org.xbmc.kodi) expire 43 lines
04-29 12:45:31.332 3364 3762 I chatty : uid=10095(org.xbmc.kodi) expire 5 lines
04-29 12:45:31.333 3364 3745 I chatty : uid=10095(org.xbmc.kodi) expire 6 lines
04-29 12:45:31.409 281 3974 I WVCdm : CdmEngine::QueryStatus
04-29 12:45:31.409 281 3974 I WVCdm : Level3 Library 4445 Mar 30 2016 13:23:54
04-29 12:45:31.411 281 3974 W WVCdm : Could not read /data/mediadrm/IDM1013/ay64.dat2: No such file or directory
04-29 12:45:31.412 281 3974 E oemcrypto_cenc: OEMCrypto_APIVersion: 11
04-29 12:45:31.412 281 3974 D WVCdm : OEMCrypto_Initialize Level 1 success. I will use level 1.
04-29 12:45:31.413 3364 3719 I chatty : uid=10095(org.xbmc.kodi) expire 18 lines
04-29 12:45:31.812 3364 3721 I chatty : uid=10095(org.xbmc.kodi) expire 38 lines
04-29 12:45:31.823 3364 3762 I chatty : uid=10095(org.xbmc.kodi) expire 5 lines
04-29 12:45:31.830 3364 3745 I chatty : uid=10095(org.xbmc.kodi) expire 5 lines
04-29 12:45:32.269 281 281 I WVCdm : CdmEngine::QueryStatus
04-29 12:45:32.269 281 281 I WVCdm : Level3 Library 4445 Mar 30 2016 13:23:54
04-29 12:45:32.271 281 281 W WVCdm : Could not read /data/mediadrm/IDM1013/ay64.dat2: No such file or directory
04-29 12:45:32.272 281 281 E oemcrypto_cenc: OEMCrypto_APIVersion: 11
04-29 12:45:32.272 281 281 D WVCdm : OEMCrypto_Initialize Level 1 success. I will use level 1.
04-29 12:45:33.585 281 414 I WVCdm : CdmEngine::QueryStatus
04-29 12:45:33.585 281 414 I WVCdm : Level3 Library 4445 Mar 30 2016 13:23:54
04-29 12:45:33.589 281 414 W WVCdm : Could not read /data/mediadrm/IDM1013/ay64.dat2: No such file or directory
04-29 12:45:33.589 281 414 E oemcrypto_cenc: OEMCrypto_APIVersion: 11
04-29 12:45:33.590 281 414 D WVCdm : OEMCrypto_Initialize Level 1 success. I will use level 1.
04-29 12:45:34.316 3364 3724 I chatty : uid=10095(org.xbmc.kodi) expire 4 lines
04-29 12:45:34.323 3364 4061 I chatty : uid=10095(org.xbmc.kodi) expire 3 lines
04-29 12:45:34.342 3364 4062 I chatty : uid=10095(org.xbmc.kodi) expire 1 line
04-29 12:45:34.385 3364 4061 I chatty : uid=10095(org.xbmc.kodi) expire 33 lines
04-29 12:45:34.542 3364 3721 I chatty : uid=10095(org.xbmc.kodi) expire 28 lines
04-29 12:45:35.721 281 2695 I WVCdm : CdmEngine::QueryStatus
04-29 12:45:35.722 281 2695 I WVCdm : Level3 Library 4445 Mar 30 2016 13:23:54
04-29 12:45:35.725 281 2695 W WVCdm : Could not read /data/mediadrm/IDM1013/ay64.dat2: No such file or directory
04-29 12:45:35.725 281 2695 E oemcrypto_cenc: OEMCrypto_APIVersion: 11
04-29 12:45:35.725 281 2695 D WVCdm : OEMCrypto_Initialize Level 1 success. I will use level 1.
04-29 12:45:35.793 4068 4068 I chatty : uid=10095(org.xbmc.kodi) /system/bin/ifconfig expire 5 lines
04-29 12:45:35.923 3364 3721 I chatty : uid=10095(org.xbmc.kodi) expire 42 lines
04-29 12:45:36.968 3364 3376 I chatty : uid=10095(org.xbmc.kodi) expire 2 lines
04-29 12:45:39.119 281 4045 I WVCdm : CdmEngine::QueryStatus
04-29 12:45:39.119 281 4045 I WVCdm : Level3 Library 4445 Mar 30 2016 13:23:54
04-29 12:45:39.121 281 4045 W WVCdm : Could not read /data/mediadrm/IDM1013/ay64.dat2: No such file or directory
04-29 12:45:39.122 281 4045 E oemcrypto_cenc: OEMCrypto_APIVersion: 11
04-29 12:45:39.122 281 4045 D WVCdm : OEMCrypto_Initialize Level 1 success. I will use level 1.
04-29 12:45:39.236 3364 4061 I chatty : uid=10095(org.xbmc.kodi) expire 18 lines
04-29 12:45:39.903 3364 4062 I chatty : uid=10095(org.xbmc.kodi) expire 2 lines
04-29 12:45:39.919 3364 4083 I chatty : uid=10095(org.xbmc.kodi) expire 4 lines
04-29 12:45:39.923 3364 4084 I chatty : uid=10095(org.xbmc.kodi) expire 43 lines
04-29 12:45:39.924 3364 4085 I chatty : uid=10095(org.xbmc.kodi) expire 2 lines
04-29 12:45:39.929 3364 3721 I chatty : uid=10095(org.xbmc.kodi) expire 19 lines
04-29 12:45:39.934 3364 3745 I chatty : uid=10095(org.xbmc.kodi) expire 1 line
04-29 12:45:39.949 3364 3724 I chatty : uid=10095(org.xbmc.kodi) expire 6 lines
04-29 12:45:39.962 770 1141 V Avrcp : Active sessions changed, 2 sessions
04-29 12:45:39.962 770 1141 V Avrcp : Updating media controller to android.media.session.MediaController@aca4849
04-29 12:45:39.965 770 1141 V Avrcp : MediaAttributes Changed to [MediaAttributes: Power Rangers - by (0/0) ]
04-29 12:45:39.968 770 1141 V Avrcp : Active sessions changed, 2 sessions
04-29 12:45:39.968 770 1141 V Avrcp : Updating media controller to android.media.session.MediaController@b9d354e
04-29 12:45:39.972 770 1141 V Avrcp : Updated [MediaAttributes: Power Rangers - by (0/0) ] but no change!
04-29 12:45:39.976 678 1434 I MediaFocusControl: AudioFocus requestAudioFocus() from uid/pid 10095/3364 clientId=android.media.AudioManager@aca4849org.xbmc.kodi.interfaces.XBMCAudioManagerOnAudioFocusChangeListener@b9d354e req=1 flags=0x0
04-29 12:45:40.049 3364 3721 I chatty : uid=10095(org.xbmc.kodi) expire 25 lines
04-29 12:45:40.159 770 1141 V Avrcp : MediaController playback changed: PlaybackState {state=3, position=0, buffered position=0, speed=1.0, updated=222679, actions=-1, custom actions=[], active item id=-1, error=null}
04-29 12:45:40.288 3364 4084 I chatty : uid=10095(org.xbmc.kodi) expire 42 lines
04-29 12:45:40.298 281 3974 E WVCdm : App requested unknown string property deviceUniqueId
04-29 12:45:40.299 281 281 I WVCdm : CdmEngine::QueryStatus
04-29 12:45:40.299 281 281 I WVCdm : Level3 Library 4445 Mar 30 2016 13:23:54
04-29 12:45:40.301 281 281 W WVCdm : Could not read /data/mediadrm/IDM1013/ay64.dat2: No such file or directory
04-29 12:45:40.301 281 281 E oemcrypto_cenc: OEMCrypto_APIVersion: 11
04-29 12:45:40.301 281 281 D WVCdm : OEMCrypto_Initialize Level 1 success. I will use level 1.
04-29 12:45:40.302 281 414 I WVCdm : CdmEngine::QueryStatus
04-29 12:45:40.302 281 414 I WVCdm : Level3 Library 4445 Mar 30 2016 13:23:54
04-29 12:45:40.304 281 414 W WVCdm : Could not read /data/mediadrm/IDM1013/ay64.dat2: No such file or directory
04-29 12:45:40.304 281 414 E oemcrypto_cenc: OEMCrypto_APIVersion: 11
04-29 12:45:40.304 281 414 D WVCdm : OEMCrypto_Initialize Level 1 success. I will use level 1.
04-29 12:45:40.306 281 3974 I WVCdm : CdmEngine::OpenSession
04-29 12:45:40.307 281 3974 I WVCdm : Level3 Library 4445 Mar 30 2016 13:23:54
04-29 12:45:40.309 281 3974 W WVCdm : Could not read /data/mediadrm/IDM1013/ay64.dat2: No such file or directory
04-29 12:45:40.310 281 3974 E oemcrypto_cenc: OEMCrypto_APIVersion: 11
04-29 12:45:40.310 281 3974 D WVCdm : OEMCrypto_Initialize Level 1 success. I will use level 1.
04-29 12:45:40.314 281 3974 I WVCdm : CdmEngine::QueryKeyControlInfo
04-29 12:45:40.315 281 281 I WVCdm : CdmEngine::GenerateKeyRequest
04-29 12:45:40.623 281 414 I WVCdm : CdmEngine::AddKey
04-29 12:45:40.625 281 414 I WVCdm : CdmEngine::AddKey: service certificate loaded, no key added
04-29 12:45:40.625 3364 3364 I chatty : uid=10095(org.xbmc.kodi) expire 3 lines
04-29 12:45:40.636 281 2695 I WVCdm : CdmEngine::GenerateKeyRequest
04-29 12:45:40.639 281 2695 E oemcrypto_cenc: OEMCrypto_APIVersion: 11
04-29 12:45:40.640 281 2695 D WVCdm : PrepareKeyRequest: nonce=666273488
04-29 12:45:40.675 770 1141 V Avrcp : MediaController playback changed: PlaybackState {state=3, position=0, buffered position=0, speed=1.0, updated=223195, actions=-1, custom actions=[], active item id=-1, error=null}
04-29 12:45:40.781 281 4045 I WVCdm : CdmEngine::AddKey
04-29 12:45:40.793 281 3974 I WVCdm : CdmEngine::QueryStatus
04-29 12:45:40.796 281 281 I WVCdm : CdmEngine::QueryStatus
04-29 12:45:40.804 3364 4084 I chatty : uid=10095(org.xbmc.kodi) expire 47 lines
04-29 12:45:40.804 3364 3721 I chatty : uid=10095(org.xbmc.kodi) expire 49 lines
04-29 12:45:40.840 3364 4084 I chatty : uid=10095(org.xbmc.kodi) expire 91 lines
04-29 12:45:40.871 3364 3721 I chatty : uid=10095(org.xbmc.kodi) expire 25 lines
04-29 12:45:40.954 3364 3364 I chatty : uid=10095(org.xbmc.kodi) expire 2 lines
04-29 12:45:40.959 283 909 I MediaPlayerService: MediaPlayerService::getOMX
04-29 12:45:40.959 3364 4091 I chatty : uid=10095(org.xbmc.kodi) expire 1 line
04-29 12:45:40.960 279 1115 I OMXMaster: makeComponentInstance(OMX.Nvidia.h264.decode) in mediacodec process
04-29 12:45:40.966 3364 4090 I chatty : uid=10095(org.xbmc.kodi) expire 1 line
04-29 12:45:40.967 3364 4091 I chatty : uid=10095(org.xbmc.kodi) expire 9 lines
04-29 12:45:40.968 279 362 E OMXNodeInstance: setConfig(1170044:Nvidia.h264.decode, ??(0x7fc0001f)) ERROR: UnsupportedIndex(0x8000101a)
04-29 12:45:40.969 279 1825 E OMXNodeInstance: setConfig(1170044:Nvidia.h264.decode, ??(0x7fc00020)) ERROR: UnsupportedIndex(0x8000101a)
04-29 12:45:40.971 279 1104 E OMXNodeInstance: getConfig(1170044:Nvidia.h264.decode, ConfigCommonOutputCrop(0x700000f)) ERROR: BadParameter(0x80001005)
04-29 12:45:40.972 279 1116 E OMXNodeInstance: setConfig(1170044:Nvidia.h264.decode, ??(0x7fc0001f)) ERROR: UnsupportedIndex(0x8000101a)
04-29 12:45:40.972 279 1825 E OMXNodeInstance: getConfig(1170044:Nvidia.h264.decode, ??(0x7fc00020)) ERROR: UnsupportedIndex(0x8000101a)
04-29 12:45:40.976 279 4092 D NvOsDebugPrintf: NvMMLiteOpen : Block : BlockType = 261
04-29 12:45:40.977 279 4092 D NvOsDebugPrintf: TVMR: NvMMLiteTVMRDecBlockOpen: 8019: NvMMLiteBlockOpen
04-29 12:45:40.977 3364 4084 I chatty : uid=10095(org.xbmc.kodi) expire 41 lines
04-29 12:45:40.977 279 4092 D NvOsDebugPrintf: TVMR: RefreshRate = 59.940000
04-29 12:45:40.978 3364 3721 I chatty : uid=10095(org.xbmc.kodi) expire 14 lines
04-29 12:45:40.978 279 4092 D NvOsDebugPrintf: TVMR: RefreshRate = 59.940000
04-29 12:45:40.978 279 4092 D NvOsDebugPrintf: NvMMLiteBlockCreate : Block : BlockType = 261
04-29 12:45:40.979 279 4092 D NvOsDebugPrintf: Allocating Coloraspect/HDRStatic struct
04-29 12:45:40.980 3364 4098 I chatty : uid=10095(org.xbmc.kodi) expire 2 lines
04-29 12:45:40.981 279 960 D NvOsDebugPrintf: 19BlockH264Dec: NvxNvMMLiteTransformFillThisBuffer[5068] calling CleanANBLite
04-29 12:45:41.026 283 910 I MediaPlayerService: MediaPlayerService::getOMX
04-29 12:45:41.027 3364 4100 I chatty : uid=10095(org.xbmc.kodi) expire 1 line
04-29 12:45:41.027 279 362 I OMXMaster: makeComponentInstance(OMX.google.aac.decoder) in mediacodec process
04-29 12:45:41.039 3364 4103 I chatty : uid=10095(org.xbmc.kodi) expire 12 lines
04-29 12:45:41.041 3364 4084 I chatty : uid=10095(org.xbmc.kodi) expire 12 lines
04-29 12:45:41.042 3364 4089 I chatty : uid=10095(org.xbmc.kodi) expire 4 lines
04-29 12:45:41.045 3364 3721 I chatty : uid=10095(org.xbmc.kodi) expire 19 lines
04-29 12:45:41.084 3364 4099 I chatty : uid=10095(org.xbmc.kodi) expire 10 lines
04-29 12:45:41.190 770 1141 V Avrcp : MediaController playback changed: PlaybackState {state=3, position=0, buffered position=0, speed=1.0, updated=223710, actions=-1, custom actions=[], active item id=-1, error=null}
04-29 12:45:41.377 3364 4098 I chatty : uid=10095(org.xbmc.kodi) expire 6 lines
04-29 12:45:41.379 279 1825 D NvOsDebugPrintf: 19BlockH264Dec: NvxNvMMLiteTransformFillThisBuffer[5068] calling CleanANBLite
04-29 12:45:41.379 279 1107 D NvOsDebugPrintf: 19BlockH264Dec: NvxNvMMLiteTransformFillThisBuffer[5068] calling CleanANBLite
04-29 12:45:41.386 3364 3744 I chatty : uid=10095(org.xbmc.kodi) expire 1 line
04-29 12:45:41.397 279 4101 I SoftAAC2: Reconfiguring decoder: 0->48000 Hz, 0->2 channels
04-29 12:45:41.399 3364 3724 I chatty : uid=10095(org.xbmc.kodi) expire 3 lines
04-29 12:45:41.404 279 4094 D NvOsDebugPrintf: TVMR: RefreshRate = 59.940000
04-29 12:45:41.404 279 4094 D NvOsDebugPrintf: TVMR: bEnableVideoSmootheningbEnable = 0
04-29 12:45:41.404 279 4094 D NvOsDebugPrintf: TVMR: cbBeginSequence: 1196: BeginSequence 1920x800, bVPR = 0, fFrameRate = 23.976024
04-29 12:45:41.404 279 4094 D NvOsDebugPrintf: TVMR: LowCorner Frequency = 180000
04-29 12:45:41.404 279 4094 D NvOsDebugPrintf: TVMR: cbBeginSequence: 1587: DecodeBuffers = 5, pnvsi->eCodec = 4, codec = 0
04-29 12:45:41.406 279 4094 D NvOsDebugPrintf: TVMR: cbBeginSequence: 1655: Display Resolution : (1920x800)
04-29 12:45:41.406 279 4094 D NvOsDebugPrintf: TVMR: cbBeginSequence: 1656: Display Aspect Ratio : (1920x800)
04-29 12:45:41.406 279 4094 D NvOsDebugPrintf: TVMR: cbBeginSequence: 1724: ColorFormat : 5
04-29 12:45:41.407 279 4094 D NvOsDebugPrintf: TVMR: cbBeginSequence:1735 ColorSpace = NvColorSpace_YCbCr709
04-29 12:45:41.407 279 4094 D NvOsDebugPrintf: TVMR: cbBeginSequence: 1866: SurfaceLayout = 3
04-29 12:45:41.407 279 4094 D NvOsDebugPrintf: TVMR: cbBeginSequence: 1967: NumOfSurfaces = 12, InteraceStream = 0, InterlaceEnabled = 0, bSecure = 0, MVC = 0 Semiplanar = 1, bReinit = 1, BitDepthForSurface = 8 LumaBitDepth = 8, ChromaBitDepth = 8, ChromaFormat = 5
