04-29 12:45:41.407 279 4094 D NvOsDebugPrintf: TVMR: cbBeginSequence: 1969: BeginSequence ColorPrimaries = 1, TransferCharacteristics = 1, MatrixCoefficients = 1
04-29 12:45:41.407 279 4094 D NvOsDebugPrintf: Allocating new output: 1920x800 (x 14), ThumbnailMode = 0
04-29 12:45:41.407 279 4094 D NvOsDebugPrintf: OMX_BOOL UpdateColorAspectParams(NvU32, NvU8, NvU8, NvU8, SNvxNvMMLiteTransformData*)[990]
04-29 12:45:41.407 279 4094 D NvOsDebugPrintf: Colorspace from decoder is (NvColorSpace) : 13 and R: 2(Limited)
04-29 12:45:41.407 279 4094 D NvOsDebugPrintf: Colorprimaries from decoder is (NvMMLiteColorPrimaries) : 13 and P: 1(BT709_5)
04-29 12:45:41.407 279 4094 D NvOsDebugPrintf: Transfer Characterstics from decoder is (NvMMLiteTransferCharacteristics) : 13 and T: 3(SMPTE170M)
04-29 12:45:41.407 279 4094 D NvOsDebugPrintf: Matrix Coefficients from decoder is (NvMMLiteMatrixCoefficients) : 13 and M: 1(BT709_5)
04-29 12:45:41.408 3364 4091 I chatty : uid=10095(org.xbmc.kodi) expire 11 lines
04-29 12:45:41.409 279 1115 E OMXNodeInstance: setConfig(1170044:Nvidia.h264.decode, ??(0x7fc0001f)) ERROR: UnsupportedIndex(0x8000101a)
04-29 12:45:41.410 279 279 E OMXNodeInstance: getConfig(1170044:Nvidia.h264.decode, ??(0x7fc00020)) ERROR: UnsupportedIndex(0x8000101a)
04-29 12:45:41.414 279 279 E OMXNodeInstance: setParameter(1170044:Nvidia.h264.decode, ParamPortDefinition(0x2000001)) ERROR: UnsupportedSetting(0x80001019)
04-29 12:45:41.415 279 362 E OMXNodeInstance: setParameter(1170044:Nvidia.h264.decode, ParamPortDefinition(0x2000001)) ERROR: UnsupportedSetting(0x80001019)
04-29 12:45:41.417 3364 4103 I chatty : uid=10095(org.xbmc.kodi) expire 8 lines
04-29 12:45:41.419 3364 3721 I chatty : uid=10095(org.xbmc.kodi) expire 24 lines
04-29 12:45:41.421 283 1097 I MediaPlayerService: MediaPlayerService::getOMX
04-29 12:45:41.422 3364 4106 I chatty : uid=10095(org.xbmc.kodi) expire 1 line
04-29 12:45:41.423 279 960 I OMXMaster: makeComponentInstance(OMX.google.aac.decoder) in mediacodec process
04-29 12:45:41.428 3364 4099 I chatty : uid=10095(org.xbmc.kodi) expire 14 lines
04-29 12:45:41.456 279 1825 E OMXNodeInstance: setConfig(1170044:Nvidia.h264.decode, ??(0x7fc0001f)) ERROR: UnsupportedIndex(0x8000101a)
04-29 12:45:41.456 279 1115 E OMXNodeInstance: getConfig(1170044:Nvidia.h264.decode, ??(0x7fc00020)) ERROR: UnsupportedIndex(0x8000101a)
04-29 12:45:41.457 3364 4098 I chatty : uid=10095(org.xbmc.kodi) expire 7 lines
04-29 12:45:41.491 3364 4084 I chatty : uid=10095(org.xbmc.kodi) expire 1 line
04-29 12:45:41.491 3364 3745 I chatty : uid=10095(org.xbmc.kodi) expire 1 line
04-29 12:45:41.495 3364 4089 I chatty : uid=10095(org.xbmc.kodi) expire 4 lines
04-29 12:45:41.504 3364 3724 I chatty : uid=10095(org.xbmc.kodi) expire 3 lines
04-29 12:45:41.505 3364 3721 V Kodi : Debug Print: CSettingsManager: requested setting (videoscreen.limitedrange) was not found.
04-29 12:45:41.524 3364 3730 V Kodi : Debug Print: Previous line repeats 179 times.
04-29 12:45:41.524 3364 3730 V Kodi : Debug Print: CActiveAESink::OpenSink - initialize sink
04-29 12:45:41.524 3364 3730 V Kodi : Debug Print: Draining Audio
04-29 12:45:41.525 3364 3721 V Kodi : Debug Print: CSettingsManager: requested setting (videoscreen.limitedrange) was not found.
04-29 12:45:41.526 3364 3730 V Kodi : Debug Print: Previous line repeats 1 times.
04-29 12:45:41.526 3364 3730 V Kodi : Debug Print: CActiveAESink::OpenSink - trying to open device AUDIOTRACK:AudioTrack
04-29 12:45:41.526 3364 3721 V Kodi : Debug Print: CSettingsManager: requested setting (videoscreen.limitedrange) was not found.
04-29 12:45:41.526 3364 3730 V Kodi : Debug Print: CAESinkAUDIOTRACK::Initialize requested: sampleRate 48000; format: AE_FMT_FLOAT; channels: 2
04-29 12:45:41.527 3364 3730 V Kodi : Debug Print: Updated SampleRate: 32000 Distance: 144000
04-29 12:45:41.527 3364 3730 V Kodi : Debug Print: Updated SampleRate: 44100 Distance: 35100
04-29 12:45:41.527 3364 3721 V Kodi : Debug Print: CSettingsManager: requested setting (videoscreen.limitedrange) was not found.
04-29 12:45:41.527 3364 3730 V Kodi : Debug Print: Updated SampleRate: 48000 Distance: 0
04-29 12:45:41.528 3364 3730 V Kodi : Debug Print: Trying to open: 48000 samplerate 12 channelMask 4 encoding
04-29 12:45:41.528 3364 3721 V Kodi : Debug Print: CSettingsManager: requested setting (videoscreen.limitedrange) was not found.
04-29 12:45:41.529 3364 3730 V Kodi : Debug Print: Previous line repeats 1 times.
04-29 12:45:41.530 3364 3730 V Kodi : Debug Print: Minimum size we need for stream: 16416
04-29 12:45:41.530 3364 3721 V Kodi : Debug Print: CSettingsManager: requested setting (videoscreen.limitedrange) was not found.
04-29 12:45:41.530 3364 3730 V Kodi : Debug Print: Created Audiotrackbuffer with playing time of 85.500000 ms min buffer size: 32832 bytes
04-29 12:45:41.530 3364 3721 V Kodi : Debug Print: CSettingsManager: requested setting (videoscreen.limitedrange) was not found.
04-29 12:45:41.532 271 742 I NvAudioPolicyManager: getOutputForAttr() device 0x400, samplingRate 48000, format 5, channelMask 3, flags 0 strategy 0x0
04-29 12:45:41.532 3364 3730 D AudioTrack: Client defaulted notificationFrames to 2052 for frameCount 4104
04-29 12:45:41.533 3364 3730 V Kodi : Debug Print: Previous line repeats 4 times.
04-29 12:45:41.533 3364 3730 V Kodi : Debug Print: CAESinkAUDIOTRACK::Initializing with: m_sampleRate: 48000 format: AE_FMT_FLOAT (AE) method: PCM stream-type: PCM-STREAM min_buffer_size: 32832 m_frames: 2052 m_frameSize: 8 channels: 2
04-29 12:45:41.533 3364 3721 V Kodi : Debug Print: CSettingsManager: requested setting (videoscreen.limitedrange) was not found.
04-29 12:45:41.534 3364 3730 V Kodi : Debug Print: CActiveAESink::OpenSink - AUDIOTRACK Initialized:
04-29 12:45:41.534 3364 3730 V Kodi : Debug Print: Output Device : android
04-29 12:45:41.534 3364 3730 V Kodi : Debug Print: Sample Rate : 48000
04-29 12:45:41.534 3364 3730 V Kodi : Debug Print: Sample Format : AE_FMT_FLOAT
04-29 12:45:41.534 3364 3721 V Kodi : Debug Print: CSettingsManager: requested setting (videoscreen.limitedrange) was not found.
04-29 12:45:41.534 3364 3730 V Kodi : Debug Print: Channel Count : 2
04-29 12:45:41.535 3364 3730 V Kodi : Debug Print: Channel Layout: FL, FR
04-29 12:45:41.535 3364 3721 V Kodi : Debug Print: CSettingsManager: requested setting (videoscreen.limitedrange) was not found.
04-29 12:45:41.535 3364 3730 V Kodi : Debug Print: Frames : 2052
04-29 12:45:41.535 3364 3730 V Kodi : Debug Print: Frame Size : 8
04-29 12:45:41.535 3364 3721 V Kodi : Debug Print: CSettingsManager: requested setting (videoscreen.limitedrange) was not found.
04-29 12:45:41.537 3364 3729 V Kodi : Debug Print: Previous line repeats 2 times.
04-29 12:45:41.538 3364 3729 V Kodi : Debug Print: CActiveAE::ClearDiscardedBuffers - buffer pool deleted
04-29 12:45:41.539 3364 3721 V Kodi : Debug Print: CSettingsManager: requested setting (videoscreen.limitedrange) was not found.
04-29 12:45:41.539 3364 3729 V Kodi : Debug Print: Previous line repeats 2 times.
04-29 12:45:41.540 3364 3729 V Kodi : Debug Print: CActiveAE::ClearDiscardedBuffers - buffer pool deleted
04-29 12:45:41.541 3364 3721 V Kodi : Debug Print: CSettingsManager: requested setting (videoscreen.limitedrange) was not found.
04-29 12:45:41.626 3364 4099 V Kodi : Debug Print: Previous line repeats 596 times.
04-29 12:45:41.626 3364 4099 V Kodi : Debug Print: CurlFile::ParseAndCorrectUrl() adding custom header option 'Range: bytes=15081324-15097720'
04-29 12:45:41.626 3364 4099 V Kodi : Debug Print: CurlFile::ParseAndCorrectUrl() adding custom header option 'connection: keep-alive'
04-29 12:45:41.627 3364 3721 V Kodi : Debug Print: CSettingsManager: requested setting (videoscreen.limitedrange) was not found.
04-29 12:45:41.627 3364 4099 V Kodi : Debug Print: CurlFile::Open(0x2037460900) https://d1l0nb3g075aoz.cloudfront.net/dm/2$MNXFXkaXrmzpdZJeOJavPzmoji8~/d76f/3392/6357/4ba3-994c-628bef06f983/71e2ea12-58de-4e06-ba1c-2617d7d325f0_audio_17.mp4
04-29 12:45:41.628 3364 3721 V Kodi : Debug Print: CSettingsManager: requested setting (videoscreen.limitedrange) was not found.
04-29 12:45:41.680 3364 4099 V Kodi : Debug Print: Previous line repeats 308 times.
04-29 12:45:41.681 3364 4099 V Kodi : Debug Print: AddOnLog: InputStream Adaptive: Download https://d1l0nb3g075aoz.cloudfront.net/dm/2$MNXFXkaXrmzpdZJeOJavPzmoji8~/d76f/3392/6357/4ba3-994c-628bef06f983/71e2ea12-58de-4e06-ba1c-2617d7d325f0_audio_17.mp4 finished, average download speed: 3469491.6075
04-29 12:45:41.681 3364 4084 V Kodi : Debug Print: CVideoPlayer::HandleMessages - player started 1
04-29 12:45:41.681 3364 3742 V Kodi : Debug Print: OnAVChange: CApplication::OnAVChange
04-29 12:45:41.681 3364 4084 V Kodi : Debug Print: VideoPlayer::Sync - Audio - pts: 1827754666.000000, cache: 369840.313678, totalcache: 685500.025749
04-29 12:45:41.682 3364 4084 V Kodi : Debug Print: VideoPlayer::Sync - Video - pts: 1827575750.000000, cache: 50000.000000, totalcache: 100000.000000
04-29 12:45:41.682 3364 4084 V Kodi : Debug Print: CVideoPlayer::SetCaching - caching state 0
04-29 12:45:41.682 3364 4098 V Kodi : Debug Print: CVideoPlayerVideo - CDVDMsg::GENERAL_RESYNC(1827384825.686322)
04-29 12:45:41.682 3364 4103 V Kodi : Debug Print: CVideoPlayerAudio - CDVDMsg::GENERAL_RESYNC(1827384825.686322), level: 77, cache: 368973.540678
04-29 12:45:41.683 3364 4103 V Kodi : Debug Print: CDVDAudio::Resume - resume audio stream
04-29 12:45:41.683 3364 4084 V Kodi : Debug Print: CDVDClock::SetSpeedAdjust - adjusted:0.000000
04-29 12:45:41.684 3364 3721 V Kodi : Debug Print: CSettingsManager: requested setting (videoscreen.limitedrange) was not found.
04-29 12:45:41.684 3364 3762 V Kodi : Debug Print: OnAVStarted: CApplication::OnAVStarted
04-29 12:45:41.685 3364 3729 V Kodi : Debug Print: ActiveAE - start sync of audio stream
04-29 12:45:41.686 3364 3721 V Kodi : Debug Print: CSettingsManager: requested setting (videoscreen.limitedrange) was not found.
04-29 12:45:41.692 3364 4061 V Kodi : Debug Print: Previous line repeats 3 times.
04-29 12:45:41.692 3364 4061 V Kodi : Debug Print: [Amazon VOD] Player Starting: 1827.38110352/7477.00048828
04-29 12:45:41.692 3364 3721 V Kodi : Debug Print: CSettingsManager: requested setting (videoscreen.limitedrange) was not found.
04-29 12:45:41.703 3364 3724 V Kodi : Debug Print: Previous line repeats 18 times.
04-29 12:45:41.703 3364 3724 V Kodi : Debug Print: CAnnouncementManager - Announcement: OnAVChange from xbmc
04-29 12:45:41.703 3364 3721 V Kodi : Debug Print: CSettingsManager: requested setting (videoscreen.limitedrange) was not found.
04-29 12:45:41.704 3364 3724 V Kodi : Debug Print: GOT ANNOUNCEMENT, type: 1, from xbmc, message OnAVChange
04-29 12:45:41.704 3364 3721 V Kodi : Debug Print: CSettingsManager: requested setting (videoscreen.limitedrange) was not found.
04-29 12:45:41.710 3364 3721 V Kodi : Debug Print: Previous line repeats 76 times.
04-29 12:45:41.711 3364 3721 V Kodi : Debug Print: Activating window ID: 12005
04-29 12:45:41.711 3364 3721 V Kodi : Debug Print: ------ Window Deinit (MyVideoNav.xml) ------
04-29 12:45:41.711 3364 3721 V Kodi : Debug Print: FreeVisualisation() done
04-29 12:45:41.714 3364 3364 D XBMCVideoPlayView: Changed, format:-3, width:1920, height:800
04-29 12:45:41.716 3364 3721 V Kodi : Debug Print: ------ Window Init (VideoFullScreen.xml) ------
04-29 12:45:41.716 3364 3721 V Kodi : Debug Print: Window VideoFullScreen.xml was already loaded
04-29 12:45:41.717 3364 3721 V Kodi : Debug Print: Alloc resources: 0.01ms
04-29 12:45:41.719 770 1141 V Avrcp : MediaController playback changed: PlaybackState {state=3, position=1827381, buffered position=0, speed=1.0, updated=224238, actions=-1, custom actions=[], active item id=-1, error=null}
04-29 12:45:41.722 3364 3721 V Kodi : Debug Print: Display resolution ADJUST : 1920x1080 @ 23.976025 - Full Screen (24) (weight: 0.000)
04-29 12:45:41.723 3364 3724 V Kodi : Debug Print: CAnnouncementManager - Announcement: OnAVStart from xbmc
04-29 12:45:41.723 3364 3724 V Kodi : Debug Print: GOT ANNOUNCEMENT, type: 1, from xbmc, message OnAVStart
04-29 12:45:41.727 3364 3730 V Kodi : Debug Print: Draining Audio
04-29 12:45:41.728 3364 3721 V Kodi : Debug Print: VideoPlayer: OnLostDisplay received
04-29 12:45:41.728 3364 3721 V Kodi : Debug Print: Flush - flushing renderer
04-29 12:45:41.734 3364 4103 V Kodi : Debug Print: CVideoPlayerAudio - CDVDMsg::GENERAL_PAUSE: 1
04-29 12:45:41.734 3364 3721 V Kodi : Debug Print: CAndroidUtils: SetNativeResolution: 9: 1920x1080 1920x1080@23.976025
04-29 12:45:41.737 3364 3721 V Kodi : Debug Print: GLES: Maximum texture width: 16384
04-29 12:45:41.739 3364 3721 V Kodi : Debug Print: CSettingsManager: requested setting (videoscreen.limitedrange) was not found.
04-29 12:45:41.739 3364 4098 V Kodi : Debug Print: CVideoPlayerVideo - CDVDMsg::GENERAL_PAUSE: 1
04-29 12:45:41.740 3364 3721 V Kodi : Debug Print: CSettingsManager: requested setting (videoscreen.limitedrange) was not found.
04-29 12:45:41.748 247 247 D SurfaceFlinger: Set active config mode=8, type=0 flinger=0x203f454000
04-29 12:45:41.749 247 247 D hwcomposer: int hwc_setActiveConfig(hwc_composer_device_1*, int, int): set config 8
04-29 12:45:41.749 247 247 D hwcomposer: nvfb_lookup_mode: external: request: 8, real: 96
04-29 12:45:41.749 247 247 D hwcomposer: display type 1: vblank period = 41708331 ns
04-29 12:45:41.749 247 247 D hwcomposer: Display 0 device size is 1920 x 1080
04-29 12:45:41.749 247 247 D hwcomposer: Display 0 device clip is (44, 24, 1875, 1055)
04-29 12:45:41.752 678 698 I DisplayManagerService: Display device changed: DisplayDeviceInfo{"Integrierter Bildschirm": uniqueId="local:0", 1920 x 1080, modeId 9, defaultModeId 1, supportedModes [{id=1, width=1920, height=1080, fps=59.94006}, {id=2, width=1280, height=720, fps=60.0}, {id=3, width=1920, height=1080, fps=50.0}, {id=4, width=1920, height=1080, fps=60.0}, {id=5, width=1920, height=1080, fps=24.0}, {id=6, width=1920, height=1080, fps=30.0}, {id=7, width=1280, height=720, fps=50.0}, {id=8, width=1280, height=720, fps=59.94006}, {id=9, width=1920, height=1080, fps=23.976025}, {id=10, width=1920, height=1080, fps=29.97003}], colorTransformId 1, defaultColorTransformId 1, supportedColorTransforms [{id=1, colorTransform=0}], HdrCapabilities android.view.Display$HdrCapabilities@abbf7f0, density 320, 96.0 x 95.0 dpi, appVsyncOff 0, presDeadline 42708331, touch INTERNAL, rotation 0, type BUILT_IN, state ON, FLAG_DEFAULT_DISPLAY, FLAG_ROTATES_WITH_CONTENT, FLAG_SECURE, FLAG_SUPPORTS_PROTECTED_BUFFERS}
04-29 12:45:41.789 3364 4089 V Kodi : Debug Print: Previous line repeats 212 times.
04-29 12:45:41.789 3364 4089 V Kodi : Debug Print: AddOnLog: InputStream Adaptive: Download https://d1l0nb3g075aoz.cloudfront.net/dm/2$MNXFXkaXrmzpdZJeOJavPzmoji8~/d76f/3392/6357/4ba3-994c-628bef06f983/71e2ea12-58de-4e06-ba1c-2617d7d325f0_video_15.mp4 finished, average download speed: 3072637.0000
04-29 12:45:41.797 678 717 V WiredAccessoryManager: Headset UEVENT: {SUBSYSTEM=switch, SEQNUM=2260, ACTION=change, SWITCH_STATE=0, SWITCH_NAME=hdmi_audio, DEVPATH=/devices/virtual/switch/hdmi_audio}
04-29 12:45:41.797 678 717 V WiredAccessoryManager: newName=hdmi_audio newState=0 headsetState=0 prev headsetState=16
04-29 12:45:41.797 678 717 I WiredAccessoryManager: MSG_NEW_DEVICE_STATE
04-29 12:45:41.798 678 678 V WiredAccessoryManager: headsetName: disconnected
04-29 12:45:41.800 3267 3267 D PersonalGridService: HDMI is disconnected
04-29 12:45:41.800 3848 3848 D PlugEventListener: HDMI disconnect
04-29 12:45:41.801 1241 1257 I ShieldBluetoothHandler: HDMI plug state change false
04-29 12:45:41.809 1986 1986 D MusicLifecycle: com.google.android.music.playback2.MusicPlaybackService$1 generated event: Broadcast received with context com.google.android.music.playback2.MusicPlaybackService@ba7be78 and intent Intent { act=android.media.AUDIO_BECOMING_NOISY flg=0x14000010 }
04-29 12:45:41.810 1986 1986 I MusicPlaybackService: v2 onReceive: intent=Intent { act=android.media.AUDIO_BECOMING_NOISY flg=0x14000010 } extras=NULL
04-29 12:45:41.810 1986 1986 I PlaybackManager: v2 pause
04-29 12:45:41.810 1986 1986 D PlayPositionManager: performing playposition (PAUSE)
04-29 12:45:42.193 247 247 D hwcomposer: setting property sys.display-size to 1920x1080
04-29 12:45:42.197 3364 3721 V Kodi : Debug Print: CSettingsManager: requested setting (videoscreen.limitedrange) was not found.
04-29 12:45:42.198 678 717 V WiredAccessoryManager: Headset UEVENT: {SUBSYSTEM=switch, SEQNUM=2263, ACTION=change, SWITCH_STATE=1, SWITCH_NAME=hdmi_audio, DEVPATH=/devices/virtual/switch/hdmi_audio}
04-29 12:45:42.199 678 717 V WiredAccessoryManager: newName=hdmi_audio newState=16 headsetState=16 prev headsetState=0
04-29 12:45:42.199 678 717 I WiredAccessoryManager: MSG_NEW_DEVICE_STATE
04-29 12:45:42.200 678 678 V WiredAccessoryManager: headsetName: connected
04-29 12:45:42.200 1241 1257 I ShieldBluetoothHandler: HDMI plug state change true
04-29 12:45:42.200 3267 3267 D PersonalGridService: HDMI is connected
04-29 12:45:42.201 3267 3267 I PersonalGridService: Display mode is: {id=9, width=1920, height=1080, fps=23.976025}
04-29 12:45:42.201 3848 3848 D PlugEventListener: HDMI connect
04-29 12:45:42.208 3364 3721 V Kodi : Debug Print: Previous line repeats 397 times.
04-29 12:45:42.208 3364 3721 V Kodi : Debug Print: ------ Window Deinit (DialogBusy.xml) ------
04-29 12:45:42.231 770 1141 V Avrcp : MediaController playback changed: PlaybackState {state=3, position=1827381, buffered position=0, speed=1.0, updated=224751, actions=-1, custom actions=[], active item id=-1, error=null}
04-29 12:45:42.488 3364 3721 V Kodi : Debug Print: CSettingsManager: requested setting (videoscreen.limitedrange) was not found.
04-29 12:45:42.743 770 1141 V Avrcp : MediaController playback changed: PlaybackState {state=3, position=1827381, buffered position=0, speed=1.0, updated=225263, actions=-1, custom actions=[], active item id=-1, error=null}
04-29 12:45:42.799 271 741 I NvAudioPolicyManager: setDeviceConnectionStateInt() device: 0x400, state 0, address name
04-29 12:45:42.801 678 678 V MediaRouter: Updating audio routes: AudioRoutesInfo{ type=SPEAKER }
04-29 12:45:42.801 678 678 V MediaRouter: Dispatching route change: RouteInfo{ name=TV, description=null, status=null, category=RouteCategory{ name=null types=ROUTE_TYPE_LIVE_AUDIO ROUTE_TYPE_LIVE_VIDEO groupable=false }, supportedTypes=ROUTE_TYPE_LIVE_AUDIO ROUTE_TYPE_LIVE_VIDEO , presentationDisplay=null }
04-29 12:45:42.801 2341 2341 D cr_AvSettingsAndroid: [AvSettingsAndroid.java:147] HDMI plug update: action=android.media.action.HDMI_AUDIO_PLUG, plug=0
04-29 12:45:42.802 3364 3364 V Kodi : Debug Print: Previous line repeats 245 times.
04-29 12:45:42.802 2341 2341 D cr_AvSettingsAndroid: [AvSettingsAndroid.java:155] Max channel count = 2
04-29 12:45:42.802 3364 3364 V Kodi : Debug Print: CXBMCApp::onReceive - Got intent. Action: android.media.action.HDMI_AUDIO_PLUG
04-29 12:45:42.802 1986 1986 V MediaRouter: Updating audio routes: AudioRoutesInfo{ type=SPEAKER }
04-29 12:45:42.803 1986 1986 V MediaRouter: Dispatching route change: RouteInfo{ name=TV, description=null, status=null, category=RouteCategory{ name=null types=ROUTE_TYPE_LIVE_AUDIO ROUTE_TYPE_LIVE_VIDEO groupable=false }, supportedTypes=ROUTE_TYPE_LIVE_AUDIO ROUTE_TYPE_LIVE_VIDEO , presentationDisplay=null }
04-29 12:45:42.803 3364 3364 V Kodi : Debug Print: -- HDMI state: off
04-29 12:45:42.804 831 831 V MediaRouter: Updating audio routes: AudioRoutesInfo{ type=SPEAKER }
04-29 12:45:42.804 2341 2341 D cr_AvSettingsAndroid: [AvSettingsAndroid.java:138] Supported audio codecs:0
04-29 12:45:42.804 831 831 V MediaRouter: Dispatching route change: RouteInfo{ name=TV, description=null, status=null, category=RouteCategory{ name=null types=ROUTE_TYPE_LIVE_AUDIO ROUTE_TYPE_LIVE_VIDEO groupable=false }, supportedTypes=ROUTE_TYPE_LIVE_AUDIO ROUTE_TYPE_LIVE_VIDEO , presentationDisplay=null }
04-29 12:45:42.804 2341 2563 I chromium: [2341:2563:INFO:media_manager_impl.cc(1000)] New audio codecs supported: new_codecs=0, old_codecs=17
04-29 12:45:42.805 2341 2563 W cr_AvSettingsAndroid: getDolbyVisionFlags() not supported, returning 0
04-29 12:45:42.807 2341 2563 D cr_EstimateResolution: [MaxAnticipatedResolutionEstimator.java:41] Assuming 4K display capabilities because we can decode VP9 4K video.
04-29 12:45:42.808 1986 1986 D MusicPlaybackService: onRouteVolumeChanged: route=MediaRouter.RouteInfo{ uniqueId=android/.support.v7.media.SystemMediaRouteProvider:DEFAULT_ROUTE, name=TV, description=null, iconUri=null, enabled=true, connecting=false, connectionState=0, canDisconnect=false, playbackType=0, playbackStream=3, deviceType=0, volumeHandling=1, volume=14, volumeMax=15, presentationDisplayId=-1, extras=null, settingsIntent=null, providerPackageName=android }
04-29 12:45:42.808 831 914 I vol.Events: writeEvent level_changed STREAM_MUSIC 14
04-29 12:45:42.809 831 914 I vol.Events: writeEvent level_changed STREAM_BLUETOOTH_SCO 14
04-29 12:45:42.825 3364 3721 V Kodi : Debug Print: CSettingsManager: requested setting (videoscreen.limitedrange) was not found.
04-29 12:45:42.828 271 472 I NvAudioPolicyManager: setDeviceConnectionStateInt() device: 0x400, state 1, address name
04-29 12:45:42.829 271 472 I hash_map_utils: key: 'nv_param_passthrough_support' value: ''
04-29 12:45:42.829 271 472 I AudioFlinger: openOutput(), module 10 Device 400, SamplingRate 0, Format 00000000, Channels 0, flags 1
04-29 12:45:42.829 271 472 I AudioFlinger: HAL output buffer size 256 frames, normal sink buffer size 256 frames
04-29 12:45:42.829 271 4111 I AudioFlinger: AudioFlinger's thread 0x489fd000 ready to run
04-29 12:45:42.830 271 472 W APM_AudioPolicyManager: checkOutputsForDevice() missing param
04-29 12:45:42.830 271 472 W APM_AudioPolicyManager: checkOutputsForDevice() could not open output for device 400
04-29 12:45:42.831 271 472 I hash_map_utils: key: 'nv_param_passthrough_support' value: ''
04-29 12:45:42.831 271 472 I AudioFlinger: openOutput(), module 10 Device 400, SamplingRate 0, Format 00000000, Channels 0, flags 1
04-29 12:45:42.831 271 472 I AudioFlinger: HAL output buffer size 256 frames, normal sink buffer size 256 frames
04-29 12:45:42.831 271 4112 I AudioFlinger: AudioFlinger's thread 0x489fd000 ready to run
04-29 12:45:42.831 271 472 D APM_AudioPolicyManager: filterSurroundFormats: forced use = 0
04-29 12:45:42.832 271 472 I AudioFlinger: openOutput(), module 10 Device 400, SamplingRate 32000, Format 0x9000000, Channels 1, flags 1
04-29 12:45:42.833 271 472 I AudioHwDevice: openOutputStream(), HAL returned sampleRate 32000, Format 0x9000000, channelMask 0x1, status 22
04-29 12:45:42.833 271 472 I AudioSPDIF: SPDIFEncoder: mBurstBufferSizeBytes = 24576, littleEndian = 1
04-29 12:45:42.833 271 472 I AudioFlinger: SpdifStreamOut::open() AudioFlinger requested sampleRate 32000, format 0x9000000, channelMask 0x1
04-29 12:45:42.833 271 472 I AudioFlinger: SpdifStreamOut::open() HAL configured for sampleRate 32000, format 0x1, channelMask 0x3
04-29 12:45:42.833 271 472 I AudioFlinger: SpdifStreamOut::open() status = 0
04-29 12:45:42.833 271 472 I AudioFlinger: HAL output buffer size 2048 frames, normal sink buffer size 2048 frames
04-29 12:45:42.834 271 4113 I AudioFlinger: AudioFlinger's thread 0x489fd000 ready to run
04-29 12:45:42.834 271 472 I hash_map_utils: key: 'nv_param_passthrough_support' value: ''
04-29 12:45:42.834 271 472 I hash_map_utils: key: 'nv_param_passthrough_support' value: ''
04-29 12:45:42.834 271 472 I AudioFlinger: openOutput(), module 10 Device 400, SamplingRate 88200, Format 0x000005, Channels 3, flags 1
04-29 12:45:42.834 271 472 W nvaudio_hw: sink doesn't support hra
04-29 12:45:42.835 271 472 I AudioHwDevice: openOutputStream(), HAL returned sampleRate 88200, Format 0x5, channelMask 0x3, status -22
04-29 12:45:42.835 271 472 W APM_AudioPolicyManager: checkOutputsForDevice() could not open output for device 400
04-29 12:45:42.851 678 678 V MediaRouter: Updating audio routes: AudioRoutesInfo{ type=HDMI }
04-29 12:45:42.851 831 831 V MediaRouter: Updating audio routes: AudioRoutesInfo{ type=HDMI }
04-29 12:45:42.851 831 831 V MediaRouter: Dispatching route change: RouteInfo{ name=HDMI, description=null, status=null, category=RouteCategory{ name=null types=ROUTE_TYPE_LIVE_AUDIO ROUTE_TYPE_LIVE_VIDEO groupable=false }, supportedTypes=ROUTE_TYPE_LIVE_AUDIO ROUTE_TYPE_LIVE_VIDEO , presentationDisplay=null }
04-29 12:45:42.851 2341 2341 D cr_AvSettingsAndroid: [AvSettingsAndroid.java:147] HDMI plug update: action=android.media.action.HDMI_AUDIO_PLUG, plug=1
04-29 12:45:42.851 678 678 V MediaRouter: Dispatching route change: RouteInfo{ name=HDMI, description=null, status=null, category=RouteCategory{ name=null types=ROUTE_TYPE_LIVE_AUDIO ROUTE_TYPE_LIVE_VIDEO groupable=false }, supportedTypes=ROUTE_TYPE_LIVE_AUDIO ROUTE_TYPE_LIVE_VIDEO , presentationDisplay=null }
04-29 12:45:42.851 2341 2341 D cr_AvSettingsAndroid: [AvSettingsAndroid.java:155] Max channel count = 8
04-29 12:45:42.851 3267 3267 I pgService/AudioEndPointBroadcastReceiver: HDMI Audio receiver channels = 8
04-29 12:45:42.852 1986 1986 V MediaRouter: Updating audio routes: AudioRoutesInfo{ type=HDMI }
04-29 12:45:42.852 3364 3364 V Kodi : Debug Print: Previous line repeats 65 times.
04-29 12:45:42.852 3364 3364 V Kodi : Debug Print: CXBMCApp::onReceive - Got intent. Action: android.media.action.HDMI_AUDIO_PLUG
04-29 12:45:42.852 3267 3267 I pgService/AudioEndPointBroadcastReceiver:
04-29 12:45:42.852 3364 3364 V Kodi : Debug Print: -- HDMI state: on
04-29 12:45:42.852 2341 2341 D cr_AvSettingsAndroid: [AvSettingsAndroid.java:138] Supported audio codecs:17
04-29 12:45:42.852 1986 1986 V MediaRouter: Dispatching route change: RouteInfo{ name=HDMI, description=null, status=null, category=RouteCategory{ name=null types=ROUTE_TYPE_LIVE_AUDIO ROUTE_TYPE_LIVE_VIDEO groupable=false }, supportedTypes=ROUTE_TYPE_LIVE_AUDIO ROUTE_TYPE_LIVE_VIDEO , presentationDisplay=null }
04-29 12:45:42.853 3267 3267 I pgService/AudioEndPointBroadcastReceiver: 2
04-29 12:45:42.853 2341 2563 I chromium: [2341:2563:INFO:media_manager_impl.cc(1000)] New audio codecs supported: new_codecs=17, old_codecs=0
04-29 12:45:42.854 3267 3267 I pgService/AudioEndPointBroadcastReceiver: 5
04-29 12:45:42.854 3267 3267 I pgService/AudioEndPointBroadcastReceiver: 13
04-29 12:45:42.854 2341 2563 W cr_AvSettingsAndroid: getDolbyVisionFlags() not supported, returning 0
04-29 12:45:42.854 3267 3267 I pgService/AudioEndPointBroadcastReceiver:
04-29 12:45:42.856 1986 1986 D MusicPlaybackService: onRouteVolumeChanged: route=MediaRouter.RouteInfo{ uniqueId=android/.support.v7.media.SystemMediaRouteProvider:DEFAULT_ROUTE, name=HDMI, description=null, iconUri=null, enabled=true, connecting=false, connectionState=0, canDisconnect=false, playbackType=0, playbackStream=3, deviceType=0, volumeHandling=1, volume=15, volumeMax=15, presentationDisplayId=-1, extras=null, settingsIntent=null, providerPackageName=android }
04-29 12:45:42.856 831 914 I vol.Events: writeEvent level_changed STREAM_MUSIC 15
04-29 12:45:42.856 2341 2563 D cr_EstimateResolution: [MaxAnticipatedResolutionEstimator.java:41] Assuming 4K display capabilities because we can decode VP9 4K video.
04-29 12:45:42.857 831 914 I vol.Events: writeEvent level_changed STREAM_BLUETOOTH_SCO 15
04-29 12:45:42.866 3364 3721 V Kodi : Debug Print: CSettingsManager: requested setting (videoscreen.limitedrange) was not found.
04-29 12:45:43.282 770 1141 V Avrcp : MediaController playback changed: PlaybackState {state=3, position=1827381, buffered position=0, speed=1.0, updated=225801, actions=-1, custom actions=[], active item id=-1, error=null}
04-29 12:45:43.822 770 1141 V Avrcp : MediaController playback changed: PlaybackState {state=3, position=1827381, buffered position=0, speed=1.0, updated=226342, actions=-1, custom actions=[], active item id=-1, error=null}
04-29 12:45:44.011 770 1131 D bt_btm_pm: Sniff Interval For Device MAC 00:04:4b:4c:66:ce is 100.000000 msec.
04-29 12:45:44.238 3364 3721 V Kodi : Debug Print: Previous line repeats 663 times.
04-29 12:45:44.239 3364 3721 V Kodi : Debug Print: VideoPlayer: OnResetDisplay received
04-29 12:45:44.239 3364 3729 V Kodi : Debug Print: CActiveAE - display reset event
04-29 12:45:44.239 3364 4083 V Kodi : Debug Print: CVideoSyncAndroid::Cleanup cleaning up
04-29 12:45:44.240 3364 4083 V Kodi : Debug Print: CVideoSyncAndroid::Setup setting up
04-29 12:45:44.240 3364 4083 V Kodi : Debug Print: CVideoSyncAndroid::GetFps Detected refreshrate: 23.976025 hertz
04-29 12:45:44.240 3364 4083 V Kodi : Debug Print: CVideoReferenceClock: Detected refreshrate: 23.976 hertz
04-29 12:45:44.241 3364 4103 V Kodi : Debug Print: CVideoPlayerAudio - CDVDMsg::GENERAL_PAUSE: 0
04-29 12:45:44.241 3364 4098 V Kodi : Debug Print: CVideoPlayerVideo - CDVDMsg::GENERAL_PAUSE: 0
04-29 12:45:44.242 3364 3730 V Kodi : Debug Print: CActiveAESink::OpenSink - initialize sink
04-29 12:45:44.242 3364 3730 V Kodi : Debug Print: CActiveAESink::OpenSink - trying to open device AUDIOTRACK:AudioTrack
04-29 12:45:44.242 3364 3730 V Kodi : Debug Print: CAESinkAUDIOTRACK::Initialize requested: sampleRate 48000; format: AE_FMT_FLOAT; channels: 2
04-29 12:45:44.242 3364 3730 V Kodi : Debug Print: Updated SampleRate: 32000 Distance: 144000
04-29 12:45:44.243 3364 3730 V Kodi : Debug Print: Updated SampleRate: 44100 Distance: 35100
04-29 12:45:44.243 3364 3730 V Kodi : Debug Print: Updated SampleRate: 48000 Distance: 0
04-29 12:45:44.243 3364 3730 V Kodi : Debug Print: Trying to open: 48000 samplerate 12 channelMask 4 encoding
04-29 12:45:44.244 3364 4098 V Kodi : Debug Print: CVideoReferenceClock: Clock speed 100.000003%
04-29 12:45:44.245 3364 3730 V Kodi : Debug Print: Minimum size we need for stream: 16416
04-29 12:45:44.246 3364 3730 V Kodi : Debug Print: Created Audiotrackbuffer with playing time of 85.500000 ms min buffer size: 32832 bytes
04-29 12:45:44.246 3364 3745 V Kodi : Debug Print: OnAVChange: CApplication::OnAVChange
04-29 12:45:44.249 271 742 I NvAudioPolicyManager: getOutputForAttr() device 0x400, samplingRate 48000, format 5, channelMask 3, flags 0 strategy 0x0
04-29 12:45:44.253 3364 3730 D AudioTrack: Client defaulted notificationFrames to 2052 for frameCount 4104
04-29 12:45:44.254 3364 3730 V Kodi : Debug Print: CAESinkAUDIOTRACK::Initializing with: m_sampleRate: 48000 format: AE_FMT_FLOAT (AE) method: PCM stream-type: PCM-STREAM min_buffer_size: 32832 m_frames: 2052 m_frameSize: 8 channels: 2
04-29 12:45:44.255 3364 3730 V Kodi : Debug Print: CActiveAESink::OpenSink - AUDIOTRACK Initialized:
04-29 12:45:44.255 3364 3730 V Kodi : Debug Print: Output Device : android
04-29 12:45:44.256 3364 3730 V Kodi : Debug Print: Sample Rate : 48000
04-29 12:45:44.256 3364 3730 V Kodi : Debug Print: Sample Format : AE_FMT_FLOAT
04-29 12:45:44.256 3364 3730 V Kodi : Debug Print: Channel Count : 2
04-29 12:45:44.257 3364 3730 V Kodi : Debug Print: Channel Layout: FL, FR
04-29 12:45:44.257 3364 3730 V Kodi : Debug Print: Frames : 2052
04-29 12:45:44.258 3364 3730 V Kodi : Debug Print: Frame Size : 8
04-29 12:45:44.260 3364 3729 V Kodi : Debug Print: CActiveAE::ClearDiscardedBuffers - buffer pool deleted
04-29 12:45:44.261 3364 3729 V Kodi : Debug Print: Previous line repeats 2 times.
04-29 12:45:44.261 3364 3729 V Kodi : Debug Print: ActiveAE::SyncStream - average error of 117.215118, start adjusting
04-29 12:45:44.261 3364 3729 V Kodi : Debug Print: ActiveAE::SyncStream - average error 0.215118 below threshold of 30.000000
04-29 12:45:44.265 3364 3724 V Kodi : Debug Print: CAnnouncementManager - Announcement: OnAVChange from xbmc
04-29 12:45:44.265 3364 3724 V Kodi : Debug Print: GOT ANNOUNCEMENT, type: 1, from xbmc, message OnAVChange
04-29 12:45:44.282 3364 3721 V Kodi : Debug Print: CSettingsManager: requested setting (videoscreen.limitedrange) was not found.
04-29 12:45:44.324 770 1141 V Avrcp : MediaController playback changed: PlaybackState {state=3, position=1827356, buffered position=0, speed=1.0, updated=226844, actions=-1, custom actions=[], active item id=-1, error=null}
04-29 12:45:44.380 3364 4099 V Kodi : Debug Print: Previous line repeats 241 times.
04-29 12:45:44.380 3364 4099 V Kodi : Debug Print: CurlFile::ParseAndCorrectUrl() adding custom header option 'Range: bytes=15097721-15114118'
04-29 12:45:44.381 3364 4099 V Kodi : Debug Print: CurlFile::ParseAndCorrectUrl() adding custom header option 'connection: keep-alive'
04-29 12:45:44.381 3364 4099 V Kodi : Debug Print: CurlFile::Open(0x2037460900) https://d1l0nb3g075aoz.cloudfront.net/dm/2$MNXFXkaXrmzpdZJeOJavPzmoji8~/d76f/3392/6357/4ba3-994c-628bef06f983/71e2ea12-58de-4e06-ba1c-2617d7d325f0_audio_17.mp4
04-29 12:45:44.409 3364 3721 V Kodi : Debug Print: CSettingsManager: requested setting (videoscreen.limitedrange) was not found.
04-29 12:45:44.432 3364 4099 V Kodi : Debug Print: Previous line repeats 65 times.
04-29 12:45:44.432 3364 4099 V Kodi : Debug Print: AddOnLog: InputStream Adaptive: Download https://d1l0nb3g075aoz.cloudfront.net/dm/2$MNXFXkaXrmzpdZJeOJavPzmoji8~/d76f/3392/6357/4ba3-994c-628bef06f983/71e2ea12-58de-4e06-ba1c-2617d7d325f0_audio_17.mp4 finished, average download speed: 3024842.4604
04-29 12:45:44.453 3364 3721 V Kodi : Debug Print: CSettingsManager: requested setting (videoscreen.limitedrange) was not found.
04-29 12:45:44.659 279 4094 D NvOsDebugPrintf: TVMR: FrameRate = 23
04-29 12:45:44.659 279 4094 D NvOsDebugPrintf: TVMR: NVDEC LowCorner Freq = (138000 * 1024)
04-29 12:45:44.769 281 2695 I WVCdm : CdmEngine::QueryStatus
04-29 12:45:44.826 770 1141 V Avrcp : MediaController playback changed: PlaybackState {state=3, position=1827773, buffered position=0, speed=1.0, updated=227346, actions=-1, custom actions=[], active item id=-1, error=null}
04-29 12:45:45.129 281 4045 I WVCdm : CdmEngine::QueryStatus
04-29 12:45:45.309 3364 3729 V Kodi : Debug Print: Previous line repeats 631 times.
04-29 12:45:45.310 3364 3729 V Kodi : Debug Print: ActiveAE::SyncStream - average error 247.907219 above threshold of 200.000000
04-29 12:45:45.327 770 1141 V Avrcp : MediaController playback changed: PlaybackState {state=3, position=1828565, buffered position=0, speed=1.0, updated=227847, actions=-1, custom actions=[], active item id=-1, error=null}
04-29 12:45:45.332 3364 3721 V Kodi : Debug Print: CSettingsManager: requested setting (videoscreen.limitedrange) was not found.
04-29 12:45:45.513 3364 3729 V Kodi : Debug Print: Previous line repeats 303 times.
04-29 12:45:45.513 3364 3729 V Kodi : Debug Print: ActiveAE::SyncStream - average error 0.907219 below threshold of 30.000000
04-29 12:45:45.537 3364 3721 V Kodi : Debug Print: CSettingsManager: requested setting (videoscreen.limitedrange) was not found.
04-29 12:45:45.543 3364 4089 V Kodi : Debug Print: Previous line repeats 65 times.
04-29 12:45:45.543 3364 4089 V Kodi : Debug Print: CurlFile::ParseAndCorrectUrl() adding custom header option 'Range: bytes=2023989112-2026751072'
04-29 12:45:45.543 3364 4089 V Kodi : Debug Print: CurlFile::ParseAndCorrectUrl() adding custom header option 'connection: keep-alive'
04-29 12:45:45.544 3364 4089 V Kodi : Debug Print: CurlFile::Open(0x2059bdab00) https://d1l0nb3g075aoz.cloudfront.net/dm/2$MNXFXkaXrmzpdZJeOJavPzmoji8~/d76f/3392/6357/4ba3-994c-628bef06f983/71e2ea12-58de-4e06-ba1c-2617d7d325f0_video_15.mp4
04-29 12:45:45.579 3364 3721 V Kodi : Debug Print: CSettingsManager: requested setting (videoscreen.limitedrange) was not found.
04-29 12:45:45.679 281 414 I WVCdm : CdmEngine::QueryStatus
04-29 12:45:45.798 3364 4089 V Kodi : Debug Print: Previous line repeats 263 times.
04-29 12:45:45.799 3364 4089 V Kodi : Debug Print: AddOnLog: InputStream Adaptive: Download https://d1l0nb3g075aoz.cloudfront.net/dm/2$MNXFXkaXrmzpdZJeOJavPzmoji8~/d76f/3392/6357/4ba3-994c-628bef06f983/71e2ea12-58de-4e06-ba1c-2617d7d325f0_video_15.mp4 finished, average download speed: 2761961.0000
04-29 12:45:45.869 770 1141 V Avrcp : MediaController playback changed: PlaybackState {state=3, position=1829024, buffered position=0, speed=1.0, updated=228389, actions=-1, custom actions=[], active item id=-1, error=null}
04-29 12:45:45.872 3364 3721 V Kodi : Debug Print: CSettingsManager: requested setting (videoscreen.limitedrange) was not found.
04-29 12:45:46.075 279 4094 D NvOsDebugPrintf: ---> TVMR: Video-conferencing detected !!!!!!!!!
04-29 12:45:46.133 3364 4099 V Kodi : Debug Print: Previous line repeats 171 times.
04-29 12:45:46.134 3364 4099 V Kodi : Debug Print: CurlFile::ParseAndCorrectUrl() adding custom header option 'Range: bytes=15114119-15130206'
04-29 12:45:46.134 3364 4099 V Kodi : Debug Print: CurlFile::ParseAndCorrectUrl() adding custom header option 'connection: keep-alive'
04-29 12:45:46.134 3364 4099 V Kodi : Debug Print: CurlFile::Open(0x2037460900) https://d1l0nb3g075aoz.cloudfront.net/dm/2$MNXFXkaXrmzpdZJeOJavPzmoji8~/d76f/3392/6357/4ba3-994c-628bef06f983/71e2ea12-58de-4e06-ba1c-2617d7d325f0_audio_17.mp4
04-29 12:45:46.155 3364 4099 V Kodi : Debug Print: AddOnLog: InputStream Adaptive: Download https://d1l0nb3g075aoz.cloudfront.net/dm/2$MNXFXkaXrmzpdZJeOJavPzmoji8~/d76f/3392/6357/4ba3-994c-628bef06f983/71e2ea12-58de-4e06-ba1c-2617d7d325f0_audio_17.mp4 finished, average download speed: 2719831.8603
04-29 12:45:46.286 3364 3721 V Kodi : Debug Print: CSettingsManager: requested setting (videoscreen.limitedrange) was not found.
04-29 12:45:46.413 770 1141 V Avrcp : MediaController playback changed: PlaybackState {state=3, position=1829483, buffered position=0, speed=1.0, updated=228931, actions=-1, custom actions=[], active item id=-1, error=null}
04-29 12:45:46.539 281 2695 I WVCdm : CdmEngine::QueryStatus
04-29 12:45:46.540 281 414 E WVCdm : Skipping submission. Submission has time travelled.Start=1524998746540111 End=1524998746540464 Tail=1524998746540240. Should be Tail<=Start<=End.
04-29 12:45:46.867 3364 4061 V Kodi : Debug Print: Previous line repeats 735 times.
04-29 12:45:46.868 3364 4061 V Kodi : Debug Print: [Amazon VOD] Player Caching: 1829.85913086/7477.00048828
04-29 12:45:46.912 3364 4061 V Kodi : Debug Print: [Amazon VOD] Player Resuming: 1829.98413086/7477.00048828
04-29 12:45:46.913 3364 4061 V Kodi : Debug Print: [Amazon VOD] Codec:aac Samplerate:48000 Channels:I(2)R(2)
04-29 12:45:46.913 770 1141 V Avrcp : MediaController playback changed: PlaybackState {state=3, position=1829984, buffered position=0, speed=1.0, updated=229433, actions=-1, custom actions=[], active item id=-1, error=null}
04-29 12:45:46.918 3364 4061 V Kodi : Debug Print: [Amazon VOD] Video ContentType Movie? 1
04-29 12:45:46.919 3364 4061 V Kodi : Debug Print: [Amazon VOD] Video ContentType Episode? 0
04-29 12:45:46.924 3364 4061 V Kodi : Debug Print: CPythonInvoker(9, /storage/emulated/0/Android/data/org.xbmc.kodi/files/.kodi/addons/plugin.video.amazon-test/default.py): script successfully run
04-29 12:45:46.925 3364 3721 V Kodi : Debug Print: CSettingsManager: requested setting (videoscreen.limitedrange) was not found.
04-29 12:45:47.010 3364 4061 V Kodi : Debug Print: Previous line repeats 301 times.
04-29 12:45:47.010 3364 4061 V Kodi : Debug Print: Python script stopped
04-29 12:45:47.010 3364 4061 V Kodi : Debug Print: Thread LanguageInvoker 138835133520 terminating
04-29 12:45:47.035 3364 3721 V Kodi : Debug Print: CSettingsManager: requested setting (videoscreen.limitedrange) was not found.
04-29 12:45:47.453 770 1141 V Avrcp : MediaController playback changed: PlaybackState {state=3, position=1830609, buffered position=0, speed=1.0, updated=229973, actions=-1, custom actions=[], active item id=-1, error=null}
04-29 12:45:47.889 281 4045 I WVCdm : CdmEngine::QueryStatus
04-29 12:45:47.995 770 1141 V Avrcp : MediaController playback changed: PlaybackState {state=3, position=1831068, buffered position=0, speed=1.0, updated=230515, actions=-1, custom actions=[], active item id=-1, error=null}
04-29 12:45:48.094 3364 4099 V Kodi : Debug Print: Previous line repeats 935 times.
04-29 12:45:48.095 3364 4099 V Kodi : Debug Print: CurlFile::ParseAndCorrectUrl() adding custom header option 'Range: bytes=15130207-15146601'
04-29 12:45:48.095 3364 4099 V Kodi : Debug Print: CurlFile::ParseAndCorrectUrl() adding custom header option 'connection: keep-alive'
04-29 12:45:48.095 3364 4099 V Kodi : Debug Print: CurlFile::Open(0x2037460900) https://d1l0nb3g075aoz.cloudfront.net/dm/2$MNXFXkaXrmzpdZJeOJavPzmoji8~/d76f/3392/6357/4ba3-994c-628bef06f983/71e2ea12-58de-4e06-ba1c-2617d7d325f0_audio_17.mp4
04-29 12:45:48.117 3364 4099 V Kodi : Debug Print: AddOnLog: InputStream Adaptive: Download https://d1l0nb3g075aoz.cloudfront.net/dm/2$MNXFXkaXrmzpdZJeOJavPzmoji8~/d76f/3392/6357/4ba3-994c-628bef06f983/71e2ea12-58de-4e06-ba1c-2617d7d325f0_audio_17.mp4 finished, average download speed: 2677562.2991
04-29 12:45:48.121 3364 3721 V Kodi : Debug Print: CSettingsManager: requested setting (videoscreen.limitedrange) was not found.
04-29 12:45:48.496 770 1141 V Avrcp : MediaController playback changed: PlaybackState {state=3, position=1831443, buffered position=0, speed=1.0, updated=231016, actions=-1, custom actions=[], active item id=-1, error=null} --------- beginning of crash
04-29 12:45:48.601 3364 3378 F libc : Fatal signal 11 (SIGSEGV), code 1, fault addr 0x50 in tid 3378 (HeapTaskDaemon)
04-29 12:45:48.612 207 207 W : debuggerd: handling request: pid=3364 uid=10095 gid=10095 tid=3378
04-29 12:45:48.623 4116 4116 W debuggerd64: type=1400 audit(0.0:114): avc: denied { search } for name="expand" dev="tmpfs" ino=13593 scontext=u:r:debuggerd:s0 tcontext=u:object_r:mnt_expand_file:s0 tclass=dir permissive=0
04-29 12:45:48.623 4116 4116 W debuggerd64: type=1400 audit(0.0:115): avc: denied { search } for name="expand" dev="tmpfs" ino=13593 scontext=u:r:debuggerd:s0 tcontext=u:object_r:mnt_expand_file:s0 tclass=dir permissive=0
04-29 12:45:48.633 4116 4116 W debuggerd64: type=1400 audit(0.0:116): avc: denied { search } for name="expand" dev="tmpfs" ino=13593 scontext=u:r:debuggerd:s0 tcontext=u:object_r:mnt_expand_file:s0 tclass=dir permissive=0
04-29 12:45:48.633 4116 4116 W debuggerd64: type=1400 audit(0.0:117): avc: denied { search } for name="expand" dev="tmpfs" ino=13593 scontext=u:r:debuggerd:s0 tcontext=u:object_r:mnt_expand_file:s0 tclass=dir permissive=0
04-29 12:45:48.633 4116 4116 W debuggerd64: type=1400 audit(0.0:118): avc: denied { search } for name="expand" dev="tmpfs" ino=13593 scontext=u:r:debuggerd:s0 tcontext=u:object_r:mnt_expand_file:s0 tclass=dir permissive=0
04-29 12:45:48.698 4116 4116 F DEBUG : *** *** *** *** *** *** *** *** *** *** *** *** *** *** *** ***
04-29 12:45:48.699 4116 4116 F DEBUG : Build fingerprint: 'NVIDIA/foster_e/foster:7.0/NRD90M/2427173_1038.2788:user/release-keys'
04-29 12:45:48.699 4116 4116 F DEBUG : Revision: '0'
04-29 12:45:48.699 4116 4116 F DEBUG : ABI: 'arm64'
04-29 12:45:48.700 4116 4116 F DEBUG : pid: 3364, tid: 3378, name: HeapTaskDaemon >>> org.xbmc.kodi <<<
04-29 12:45:48.700 4116 4116 F DEBUG : signal 11 (SIGSEGV), code 1 (SEGV_MAPERR), fault addr 0x50
04-29 12:45:48.700 4116 4116 F DEBUG : x0 0000000032cacc00 x1 000000202feffa20 x2 000000202feffa18 x3 0000000000000018
04-29 12:45:48.700 4116 4116 F DEBUG : x4 0000000000000058 x5 0000000000000000 x6 000000202aaa2000 x7 0000000000000000
04-29 12:45:48.701 4116 4116 F DEBUG : x8 000000202feffa38 x9 000000202ec46bc0 x10 00000000000000a0 x11 0000000000000000
04-29 12:45:48.701 4116 4116 F DEBUG : x12 0000000000000001 x13 00000000000fa080 x14 001f0b31c6000000 x15 003b9aca00000000
04-29 12:45:48.701 4116 4116 F DEBUG : x16 000000202f5f5908 x17 000000202c8f60f8 x18 000000202ac03000 x19 000000202feffa20
04-29 12:45:48.701 4116 4116 F DEBUG : x20 0000000032cacc00 x21 0000000000000000 x22 000000202feffa18 x23 7cca9bbb3e8f023c
04-29 12:45:48.702 4116 4116 F DEBUG : x24 fffffffffffffffc x25 0000000000000003 x26 000000202e4a2344 x27 000000202ec58700
04-29 12:45:48.702 4116 4116 F DEBUG : x28 7cca9bbb3e8f023c x29 000000202feffa00 x30 000000202f1c776c
04-29 12:45:48.702 4116 4116 F DEBUG : sp 000000202feff9c0 pc 000000202f1cc988 pstate 0000000060000000
04-29 12:45:48.882 4116 4116 F DEBUG :
04-29 12:45:48.882 4116 4116 F DEBUG : backtrace:
04-29 12:45:48.882 4116 4116 F DEBUG : #00 pc 00000000001ef988 /system/lib64/libart.so (_ZN3art6mirror6Object15VisitReferencesILb1ELNS_17VerifyObjectFlagsE0ELNS_17ReadBarrierOptionE0ENS_2gc9collector11MarkVisitorENS6_29DelayReferenceReferentVisitorEEEvRKT2_RKT3_+64)
04-29 12:45:48.882 4116 4116 F DEBUG : #01 pc 00000000001ea768 /system/lib64/libart.so (_ZN3art2gc9collector9MarkSweep16ProcessMarkStackEb+352)
04-29 12:45:48.882 4116 4116 F DEBUG : #02 pc 00000000001e8fe4 /system/lib64/libart.so (_ZN3art2gc9collector9MarkSweep20MarkReachableObjectsEv+56)
04-29 12:45:48.882 4116 4116 F DEBUG : #03 pc 00000000001e7920 /system/lib64/libart.so (_ZN3art2gc9collector9MarkSweep12MarkingPhaseEv+212)
04-29 12:45:48.883 4116 4116 F DEBUG : #04 pc 00000000001e7730 /system/lib64/libart.so (_ZN3art2gc9collector9MarkSweep9RunPhasesEv+212)
04-29 12:45:48.883 4116 4116 F DEBUG : #05 pc 00000000001dfe88 /system/lib64/libart.so (_ZN3art2gc9collector16GarbageCollector3RunENS0_7GcCauseEb+332)
04-29 12:45:48.883 4116 4116 F DEBUG : #06 pc 000000000020fa9c /system/lib64/libart.so (_ZN3art2gc4Heap22CollectGarbageInternalENS0_9collector6GcTypeENS0_7GcCauseEb+3104)
04-29 12:45:48.883 4116 4116 F DEBUG : #07 pc 0000000000216fd4 /system/lib64/libart.so (_ZN3art2gc4Heap12ConcurrentGCEPNS_6ThreadEb+124)
04-29 12:45:48.883 4116 4116 F DEBUG : #08 pc 000000000021e060 /system/lib64/libart.so (_ZN3art2gc4Heap16ConcurrentGCTask3RunEPNS_6ThreadE+36)
04-29 12:45:48.883 4116 4116 F DEBUG : #09 pc 000000000023fcbc /system/lib64/libart.so (_ZN3art2gc13TaskProcessor11RunAllTasksEPNS_6ThreadE+64)
04-29 12:45:48.883 4116 4116 F DEBUG : #10 pc 0000000000684ff0 /system/framework/arm64/boot-core-libart.oat (offset 0x4a0000) (dalvik.system.VMRuntime.runHeapTasks+124)
04-29 12:45:48.883 4116 4116 F DEBUG : #11 pc 000000000068a8c0 /system/framework/arm64/boot-core-libart.oat (offset 0x4a0000) (java.lang.Daemons$HeapTaskDaemon.run+204)
04-29 12:45:48.883 4116 4116 F DEBUG : #12 pc 000000000065ea70 /system/framework/arm64/boot.oat (offset 0x5a1000) (java.lang.Thread.run+60)
04-29 12:45:48.884 4116 4116 F DEBUG : #13 pc 00000000000d19b4 /system/lib64/libart.so (art_quick_invoke_stub+580)
04-29 12:45:48.884 4116 4116 F DEBUG : #14 pc 00000000000de680 /system/lib64/libart.so (_ZN3art9ArtMethod6InvokeEPNS_6ThreadEPjjPNS_6JValueEPKc+204)
04-29 12:45:48.884 4116 4116 F DEBUG : #15 pc 0000000000425e74 /system/lib64/libart.so (_ZN3artL18InvokeWithArgArrayERKNS_33ScopedObjectAccessAlreadyRunnableEPNS_9ArtMethodEPNS_8ArgArrayEPNS_6JValueEPKc+108)
04-29 12:45:48.884 4116 4116 F DEBUG : #16 pc 000000000042717c /system/lib64/libart.so (_ZN3art35InvokeVirtualOrInterfaceWithJValuesERKNS_33ScopedObjectAccessAlreadyRunnableEP8_jobjectP10_jmethodIDP6jvalue+372)
04-29 12:45:48.884 4116 4116 F DEBUG : #17 pc 000000000044654c /system/lib64/libart.so (_ZN3art6Thread14CreateCallbackEPv+1100)
04-29 12:45:48.884 4116 4116 F DEBUG : #18 pc 0000000000067f50 /system/lib64/libc.so (_ZL15__pthread_startPv+196)
04-29 12:45:48.884 4116 4116 F DEBUG : #19 pc 000000000001d940 /system/lib64/libc.so (__start_thread+16)
04-29 12:45:49.218 271 455 I AudioFlinger: BUFFER TIMEOUT: remove(4096) from active list on thread 0x48606b00
04-29 12:45:49.933 4116 4116 W debuggerd64: type=1400 audit(0.0:127): avc: denied { search } for name="expand" dev="tmpfs" ino=13593 scontext=u:r:debuggerd:s0 tcontext=u:object_r:mnt_expand_file:s0 tclass=dir permissive=0
04-29 12:45:50.019 281 3974 I WVCdm : CdmEngine::QueryStatus
04-29 12:45:50.062 3364 3364 I Choreographer: Skipped 86 frames! The application may be doing too much work on its main thread.
04-29 12:45:50.064 3364 3730 W AudioTrack: releaseBuffer() track 0x20374b7000 disabled due to previous underrun, restarting
04-29 12:45:50.070 207 207 W : debuggerd: resuming target 3364
04-29 12:45:50.079 770 1141 V Avrcp : MediaController playback changed: PlaybackState {state=3, position=1833404, buffered position=0, speed=1.0, updated=232599, actions=-1, custom actions=[], active item id=-1, error=null}
04-29 12:45:50.082 271 454 W nvaudio_hw: UNDERRUN DETECTED for hdmi-playback ret 0 avail 741
04-29 12:45:50.083 3364 3729 V Kodi : Debug Print: Previous line repeats 433 times.
04-29 12:45:50.084 3364 3729 V Kodi : Debug Print: ActiveAE - large audio sync error: -1446.187975
04-29 12:45:50.084 3364 3721 V Kodi : Debug Print: CSettingsManager: requested setting (videoscreen.limitedrange) was not found.
04-29 12:45:50.084 3364 3729 V Kodi : Debug Print: ActiveAE::SyncStream - average error -495.721305 above threshold of 200.000000
04-29 12:45:50.085 3364 3721 V Kodi : Debug Print: CSettingsManager: requested setting (videoscreen.limitedrange) was not found.
04-29 12:45:50.143 678 695 I BootReceiver: Copying /data/tombstones/tombstone_09 to DropBox (SYSTEM_TOMBSTONE)
04-29 12:45:50.160 678 718 W InputDispatcher: channel '27b6a3c org.xbmc.kodi/org.xbmc.kodi.Main (server)' ~ Consumer closed input channel or an error occurred. events=0x9
04-29 12:45:50.160 678 718 E InputDispatcher: channel '27b6a3c org.xbmc.kodi/org.xbmc.kodi.Main (server)' ~ Channel is unrecoverably broken and will be disposed!
04-29 12:45:50.163 678 1490 D GraphicsStats: Buffer count: 3
04-29 12:45:50.163 281 3974 I WVCdm : CdmEngine::CloseSession
04-29 12:45:50.164 279 1104 E OMXNodeInstance: !!! Observer died. Quickly, do something, ... anything...
04-29 12:45:50.164 279 362 E OMXNodeInstance: !!! Observer died. Quickly, do something, ... anything...
04-29 12:45:50.175 269 269 I Zygote : Process 3364 exited due to signal (11)
04-29 12:45:50.221 678 1418 I WindowManager: WIN DEATH: Window{27b6a3c u0 org.xbmc.kodi/org.xbmc.kodi.Main}
