04-29 12:45:50.221 678 1418 W InputDispatcher: Attempted to unregister already unregistered input channel '27b6a3c org.xbmc.kodi/org.xbmc.kodi.Main (server)'
04-29 12:45:50.235 678 1520 W MediaFocusControl: AudioFocus audio focus client died
04-29 12:45:50.235 678 1520 I MediaFocusControl: AudioFocus removeFocusStackEntry(): removing entry for android.os.BinderProxy@d1f7656
04-29 12:45:50.260 678 688 D PowerManagerNotifier: onWakeLockReleased: flags=10, tag="org.xbmc.kodi", packageName=org.xbmc.kodi, ownerUid=10095, ownerPid=3364, workSource=null
04-29 12:45:50.266 678 1418 W WindowManager: Force-removing child win Window{8f7c6d7 u0 SurfaceView - org.xbmc.kodi/org.xbmc.kodi.Main} from container Window{27b6a3c u0 org.xbmc.kodi/org.xbmc.kodi.Main}
04-29 12:45:50.267 678 1418 I WindowManager: Destroying surface Surface(name=SurfaceView - org.xbmc.kodi/org.xbmc.kodi.Main) called by com.android.server.wm.WindowStateAnimator.destroySurface:2018 com.android.server.wm.WindowStateAnimator.destroySurfaceLocked:882 com.android.server.wm.WindowState.removeLocked:1470 com.android.server.wm.WindowManagerService.removeWindowInnerLocked:2497 com.android.server.wm.WindowManagerService.removeWindowInnerLocked:2476 com.android.server.wm.WindowManagerService.removeWindowLocked:2455 com.android.server.wm.WindowState$DeathRecipient.binderDied:1801 android.os.BinderProxy.sendDeathNotice:688
04-29 12:45:50.268 279 4096 D NvOsDebugPrintf: TVMR: TVMRFrameStatusReporting: 6502: Closing TVMR Frame Status Thread -------------
04-29 12:45:50.269 279 4097 D NvOsDebugPrintf: TVMR: TVMRVPRFloorSizeSettingThread: 6312: Closing TVMRVPRFloorSizeSettingThread -------------
04-29 12:45:50.270 279 4095 D NvOsDebugPrintf: TVMR: TVMRFrameDelivery: 6352: Closing TVMR Frame Delivery Thread -------------
04-29 12:45:50.273 279 4092 D NvOsDebugPrintf: TVMR: NvMMLiteTVMRDecBlockClose: 8211: Done
04-29 12:45:50.274 279 4092 D NvOsDebugPrintf: De-Allocating Coloraspect/HDRStatic struct
04-29 12:45:50.280 770 1141 V Avrcp : MediaController session destroyed
04-29 12:45:50.281 770 1141 V Avrcp : Active sessions changed, 1 sessions
04-29 12:45:50.281 770 1141 V Avrcp : Updating media controller to android.media.session.MediaController@81a66f
04-29 12:45:50.282 770 1141 V Avrcp : MediaAttributes Changed to [MediaAttributes: none]
04-29 12:45:50.333 678 1418 W WindowManager: Force-removing child win Window{15f5bc4 u0 SurfaceView - org.xbmc.kodi/org.xbmc.kodi.Main} from container Window{27b6a3c u0 org.xbmc.kodi/org.xbmc.kodi.Main}
04-29 12:45:50.334 678 1418 I WindowManager: Destroying surface Surface(name=SurfaceView - org.xbmc.kodi/org.xbmc.kodi.Main) called by com.android.server.wm.WindowStateAnimator.destroySurface:2018 com.android.server.wm.WindowStateAnimator.destroySurfaceLocked:882 com.android.server.wm.WindowState.removeLocked:1470 com.android.server.wm.WindowManagerService.removeWindowInnerLocked:2497 com.android.server.wm.WindowManagerService.removeWindowInnerLocked:2476 com.android.server.wm.WindowManagerService.removeWindowLocked:2455 com.android.server.wm.WindowState$DeathRecipient.binderDied:1801 android.os.BinderProxy.sendDeathNotice:688
04-29 12:45:50.335 678 1418 I WindowManager: Destroying surface Surface(name=org.xbmc.kodi/org.xbmc.kodi.Main) called by com.android.server.wm.WindowStateAnimator.destroySurface:2018 com.android.server.wm.WindowStateAnimator.destroySurfaceLocked:882 com.android.server.wm.WindowState.removeLocked:1470 com.android.server.wm.WindowManagerService.removeWindowInnerLocked:2497 com.android.server.wm.WindowManagerService.removeWindowLocked:2455 com.android.server.wm.WindowState$DeathRecipient.binderDied:1801 android.os.BinderProxy.sendDeathNotice:688
04-29 12:45:50.336 247 247 D SurfaceFlinger: Set active config mode=0, type=0 flinger=0x203f454000
04-29 12:45:50.336 247 247 D hwcomposer: int hwc_setActiveConfig(hwc_composer_device_1*, int, int): set config 0
04-29 12:45:50.336 247 247 D hwcomposer: nvfb_lookup_mode: external: request: 0, real: 102
04-29 12:45:50.336 247 247 D hwcomposer: display type 1: vblank period = 16683333 ns
04-29 12:45:50.336 247 247 D hwcomposer: Display 0 device size is 1920 x 1080
04-29 12:45:50.336 247 247 D hwcomposer: Display 0 device clip is (44, 24, 1875, 1055)
04-29 12:45:50.339 751 2498 D RSMouse : mFeatureEnabled=true mPackageEnabled=false
04-29 12:45:50.341 678 854 W WindowManager: Failed looking up window
04-29 12:45:50.341 678 854 W WindowManager: java.lang.IllegalArgumentException: Requested window android.os.BinderProxy@f52b3c5 does not exist
04-29 12:45:50.341 678 854 W WindowManager: at com.android.server.wm.WindowManagerService.windowForClientLocked(WindowManagerService.java:9165)
04-29 12:45:50.341 678 854 W WindowManager: at com.android.server.wm.WindowManagerService.windowForClientLocked(WindowManagerService.java:9156)
04-29 12:45:50.341 678 854 W WindowManager: at com.android.server.wm.WindowState$DeathRecipient.binderDied(WindowState.java:1798)
04-29 12:45:50.341 678 854 W WindowManager: at android.os.BinderProxy.sendDeathNotice(Binder.java:688)
04-29 12:45:50.341 678 854 I WindowManager: WIN DEATH: null
04-29 12:45:50.342 678 1434 W WindowManager: Failed looking up window
04-29 12:45:50.342 678 1434 W WindowManager: java.lang.IllegalArgumentException: Requested window android.os.BinderProxy@3acc5fb does not exist
04-29 12:45:50.342 678 1434 W WindowManager: at com.android.server.wm.WindowManagerService.windowForClientLocked(WindowManagerService.java:9165)
04-29 12:45:50.342 678 1434 W WindowManager: at com.android.server.wm.WindowManagerService.windowForClientLocked(WindowManagerService.java:9156)
04-29 12:45:50.342 678 1434 W WindowManager: at com.android.server.wm.WindowState$DeathRecipient.binderDied(WindowState.java:1798)
04-29 12:45:50.342 678 1434 W WindowManager: at android.os.BinderProxy.sendDeathNotice(Binder.java:688)
04-29 12:45:50.342 678 1434 I WindowManager: WIN DEATH: null
04-29 12:45:50.343 678 4117 W ActivityManager: Force finishing activity org.xbmc.kodi/.Main
04-29 12:45:50.344 678 698 I DisplayManagerService: Display device changed: DisplayDeviceInfo{"Integrierter Bildschirm": uniqueId="local:0", 1920 x 1080, modeId 1, defaultModeId 1, supportedModes [{id=1, width=1920, height=1080, fps=59.94006}, {id=2, width=1280, height=720, fps=60.0}, {id=3, width=1920, height=1080, fps=50.0}, {id=4, width=1920, height=1080, fps=60.0}, {id=5, width=1920, height=1080, fps=24.0}, {id=6, width=1920, height=1080, fps=30.0}, {id=7, width=1280, height=720, fps=50.0}, {id=8, width=1280, height=720, fps=59.94006}, {id=9, width=1920, height=1080, fps=23.976025}, {id=10, width=1920, height=1080, fps=29.97003}], colorTransformId 1, defaultColorTransformId 1, supportedColorTransforms [{id=1, colorTransform=0}], HdrCapabilities android.view.Display$HdrCapabilities@abbf7f0, density 320, 96.0 x 95.0 dpi, appVsyncOff 0, presDeadline 17683333, touch INTERNAL, rotation 0, type BUILT_IN, state ON, FLAG_DEFAULT_DISPLAY, FLAG_ROTATES_WITH_CONTENT, FLAG_SECURE, FLAG_SUPPORTS_PROTECTED_BUFFERS}
04-29 12:45:50.361 678 4117 W ActivityManager: Exception thrown during pause
04-29 12:45:50.361 678 4117 W ActivityManager: android.os.DeadObjectException
04-29 12:45:50.361 678 4117 W ActivityManager: at android.os.BinderProxy.transactNative(Native Method)
04-29 12:45:50.361 678 4117 W ActivityManager: at android.os.BinderProxy.transact(Binder.java:615)
04-29 12:45:50.361 678 4117 W ActivityManager: at android.app.ApplicationThreadProxy.schedulePauseActivity(ApplicationThreadNative.java:784)
04-29 12:45:50.361 678 4117 W ActivityManager: at com.android.server.am.ActivityStack.startPausingLocked(ActivityStack.java:1156)
04-29 12:45:50.361 678 4117 W ActivityManager: at com.android.server.am.ActivityStack.finishActivityLocked(ActivityStack.java:3551)
04-29 12:45:50.361 678 4117 W ActivityManager: at com.android.server.am.ActivityStack.finishTopRunningActivityLocked(ActivityStack.java:3387)
04-29 12:45:50.361 678 4117 W ActivityManager: at com.android.server.am.ActivityStackSupervisor.finishTopRunningActivityLocked(ActivityStackSupervisor.java:1844)
04-29 12:45:50.361 678 4117 W ActivityManager: at com.android.server.am.AppErrors.handleAppCrashLocked(AppErrors.java:619)
04-29 12:45:50.361 678 4117 W ActivityManager: at com.android.server.am.AppErrors.makeAppCrashingLocked(AppErrors.java:481)
04-29 12:45:50.361 678 4117 W ActivityManager: at com.android.server.am.AppErrors.crashApplicationInner(AppErrors.java:357)
04-29 12:45:50.361 678 4117 W ActivityManager: at com.android.server.am.AppErrors.crashApplication(AppErrors.java:309)
04-29 12:45:50.361 678 4117 W ActivityManager: at com.android.server.am.ActivityManagerService.handleApplicationCrashInner(ActivityManagerService.java:13391)
04-29 12:45:50.361 678 4117 W ActivityManager: at com.android.server.am.NativeCrashListener$NativeCrashReporter.run(NativeCrashListener.java:86)
04-29 12:45:50.365 245 245 E lowmemorykiller: Error opening /proc/3364/oom_score_adj; errno=2
04-29 12:45:50.388 678 1491 I ActivityManager: Process org.xbmc.kodi (pid 3364) has died
04-29 12:45:50.388 678 1491 D ActivityManager: cleanUpApplicationRecord -- 3364
04-29 12:45:50.497 271 454 E nvaudio_hw: cannot open pcm: cannot open device '/dev/snd/pcmC0D3p': No such device
04-29 12:45:50.497 271 454 W nvaudio_hw: open_out_pcm_devices : Failed to open pcm dev hdmi-playback
04-29 12:45:50.502 271 454 E nvaudio_hw: cannot open pcm: cannot open device '/dev/snd/pcmC0D3p': No such device
04-29 12:45:50.503 271 454 W nvaudio_hw: open_out_pcm_devices : Failed to open pcm dev hdmi-playback
04-29 12:45:50.922 247 247 D hwcomposer: setting property sys.display-size to 1920x1080
04-29 12:45:50.927 1620 1620 D ViewRootImpl[MainActivity]: changeCanvasOpacity: opaque=true
04-29 12:45:50.930 678 717 V WiredAccessoryManager: Headset UEVENT: {SUBSYSTEM=switch, SEQNUM=2264, ACTION=change, SWITCH_STATE=0, SWITCH_NAME=hdmi_audio, DEVPATH=/devices/virtual/switch/hdmi_audio}
04-29 12:45:50.931 678 717 V WiredAccessoryManager: newName=hdmi_audio newState=0 headsetState=0 prev headsetState=16
04-29 12:45:50.932 678 717 I WiredAccessoryManager: MSG_NEW_DEVICE_STATE
04-29 12:45:50.932 678 678 V WiredAccessoryManager: headsetName: disconnected
04-29 12:45:50.934 1241 1257 I ShieldBluetoothHandler: HDMI plug state change false
04-29 12:45:50.934 3267 3267 D PersonalGridService: HDMI is disconnected
04-29 12:45:50.937 1986 1986 D MusicLifecycle: com.google.android.music.playback2.MusicPlaybackService$1 generated event: Broadcast received with context com.google.android.music.playback2.MusicPlaybackService@ba7be78 and intent Intent { act=android.media.AUDIO_BECOMING_NOISY flg=0x14000010 }
04-29 12:45:50.937 1986 1986 I MusicPlaybackService: v2 onReceive: intent=Intent { act=android.media.AUDIO_BECOMING_NOISY flg=0x14000010 } extras=NULL
04-29 12:45:50.937 1986 1986 I PlaybackManager: v2 pause
04-29 12:45:50.938 1986 1986 D PlayPositionManager: performing playposition (PAUSE)
04-29 12:45:50.941 678 717 V WiredAccessoryManager: Headset UEVENT: {SUBSYSTEM=switch, SEQNUM=2267, ACTION=change, SWITCH_STATE=1, SWITCH_NAME=hdmi_audio, DEVPATH=/devices/virtual/switch/hdmi_audio}
04-29 12:45:50.942 678 717 V WiredAccessoryManager: newName=hdmi_audio newState=16 headsetState=16 prev headsetState=0
04-29 12:45:50.942 678 717 I WiredAccessoryManager: MSG_NEW_DEVICE_STATE
04-29 12:45:50.942 678 678 V WiredAccessoryManager: headsetName: connected
04-29 12:45:50.943 3267 3267 D PersonalGridService: HDMI is connected
04-29 12:45:50.943 1241 1257 I ShieldBluetoothHandler: HDMI plug state change true
04-29 12:45:50.946 3267 3267 I PersonalGridService: Display mode is: {id=1, width=1920, height=1080, fps=59.94006}
04-29 12:45:50.954 1620 1620 I Choreographer: Skipped 33 frames! The application may be doing too much work on its main thread.
04-29 12:45:50.963 3848 3848 D PlugEventListener: HDMI disconnect
04-29 12:45:50.964 751 2498 D RSMouse : mFeatureEnabled=true mPackageEnabled=false
04-29 12:45:50.966 3848 3848 D PlugEventListener: HDMI connect
04-29 12:45:50.990 678 4127 D NVSI : ### NVSI v2 TEST DEBUG OUTPUT ###
04-29 12:45:50.991 678 4127 D NVSI : TegraVersion is t210
04-29 12:45:51.006 678 4127 I OpenGLRenderer: Initialized EGL, version 1.4
04-29 12:45:51.007 678 4127 D OpenGLRenderer: Swap behavior 2
04-29 12:45:51.139 1241 1257 I ShieldBluetoothScanPolicy: Scans allowed due to PACKAGE POLL
04-29 12:45:51.147 1241 1257 D BluetoothAdapter: STATE_ON
04-29 12:45:51.148 770 1290 D BtGatt.GattService: registerClient() - UUID=f31c65ae-e0eb-47f7-83d6-52ef8d88f6af
04-29 12:45:51.149 770 887 D BtGatt.GattService: onClientRegistered() - UUID=f31c65ae-e0eb-47f7-83d6-52ef8d88f6af, clientIf=5
04-29 12:45:51.149 1241 1254 D BluetoothLeScanner: onClientRegistered() - status=0 clientIf=5 mClientIf=0
04-29 12:45:51.154 770 786 D BtGatt.GattService: start scan with filters
04-29 12:45:51.168 770 944 D BtGatt.ScanManager: handling starting scan
04-29 12:45:51.170 770 887 D BluetoothAdapterProperties: Discoverable Timeout:-1
04-29 12:45:51.171 770 887 D BluetoothAdapterProperties: Scan Mode:23
04-29 12:45:51.172 770 887 D BtGatt.GattService: onScanFilterEnableDisabled() - clientIf=5, status=0, action=1
04-29 12:45:51.172 770 887 D BtGatt.ScanManager: callback done for clientIf - 5 status - 0
04-29 12:45:51.172 770 944 D BtGatt.ScanManager: addFilterToController: 4
04-29 12:45:51.172 770 944 D BtGatt.ScanManager: adding filters: SHIELD Remote
04-29 12:45:51.221 770 887 D BtGatt.GattService: onScanFilterConfig() - clientIf=5, action = 0 status = 0, filterType=4, availableSpace=47
04-29 12:45:51.222 770 887 D BtGatt.ScanManager: callback done for clientIf - 5 status - 0
04-29 12:45:51.222 770 944 D BtGatt.ScanManager: addFilterToController: 2
04-29 12:45:51.223 770 887 D BtGatt.GattService: onScanFilterConfig() - clientIf=5, action = 0 status = 0, filterType=2, availableSpace=46
04-29 12:45:51.223 770 887 D BtGatt.ScanManager: callback done for clientIf - 5 status - 0
04-29 12:45:51.223 770 944 D BtGatt.ScanManager: configureFilterParamter 500 10000 1 0
04-29 12:45:51.242 770 887 D BtGatt.GattService: onScanFilterParamsConfigured() - clientIf=5, status=0, action=0, availableSpace=15
04-29 12:45:51.242 770 887 D BtGatt.ScanManager: callback done for clientIf - 5 status - 0
04-29 12:45:51.242 770 944 D BtGatt.ScanManager: configureRegularScanParams() - queue=1
04-29 12:45:51.243 770 944 D BtGatt.ScanManager: configureRegularScanParams() - ScanSetting Scan mode=0 mLastConfiguredScanSetting=-2147483648
04-29 12:45:51.243 770 944 D BtGatt.ScanManager: configureRegularScanParams - scanInterval = 640configureRegularScanParams - scanWindow = 48
04-29 12:45:51.243 770 887 D BtGatt.GattService: onScanParamSetupCompleted : 0
04-29 12:45:51.934 271 742 I NvAudioPolicyManager: setDeviceConnectionStateInt() device: 0x400, state 0, address name
04-29 12:45:51.949 678 678 V MediaRouter: Updating audio routes: AudioRoutesInfo{ type=SPEAKER }
04-29 12:45:51.949 678 678 V MediaRouter: Dispatching route change: RouteInfo{ name=TV, description=null, status=null, category=RouteCategory{ name=null types=ROUTE_TYPE_LIVE_AUDIO ROUTE_TYPE_LIVE_VIDEO groupable=false }, supportedTypes=ROUTE_TYPE_LIVE_AUDIO ROUTE_TYPE_LIVE_VIDEO , presentationDisplay=null }
04-29 12:45:51.949 1986 1986 V MediaRouter: Updating audio routes: AudioRoutesInfo{ type=SPEAKER }
04-29 12:45:51.949 2341 2341 D cr_AvSettingsAndroid: [AvSettingsAndroid.java:147] HDMI plug update: action=android.media.action.HDMI_AUDIO_PLUG, plug=0
04-29 12:45:51.949 1986 1986 V MediaRouter: Dispatching route change: RouteInfo{ name=TV, description=null, status=null, category=RouteCategory{ name=null types=ROUTE_TYPE_LIVE_AUDIO ROUTE_TYPE_LIVE_VIDEO groupable=false }, supportedTypes=ROUTE_TYPE_LIVE_AUDIO ROUTE_TYPE_LIVE_VIDEO , presentationDisplay=null }
04-29 12:45:51.950 2341 2341 D cr_AvSettingsAndroid: [AvSettingsAndroid.java:155] Max channel count = 2
04-29 12:45:51.951 831 831 V MediaRouter: Updating audio routes: AudioRoutesInfo{ type=SPEAKER }
04-29 12:45:51.951 831 831 V MediaRouter: Dispatching route change: RouteInfo{ name=TV, description=null, status=null, category=RouteCategory{ name=null types=ROUTE_TYPE_LIVE_AUDIO ROUTE_TYPE_LIVE_VIDEO groupable=false }, supportedTypes=ROUTE_TYPE_LIVE_AUDIO ROUTE_TYPE_LIVE_VIDEO , presentationDisplay=null }
04-29 12:45:51.951 2341 2341 D cr_AvSettingsAndroid: [AvSettingsAndroid.java:138] Supported audio codecs:0
04-29 12:45:51.951 2341 2563 I chromium: [2341:2563:INFO:media_manager_impl.cc(1000)] New audio codecs supported: new_codecs=0, old_codecs=17
04-29 12:45:51.952 2341 2563 W cr_AvSettingsAndroid: getDolbyVisionFlags() not supported, returning 0
04-29 12:45:51.955 2341 2563 D cr_EstimateResolution: [MaxAnticipatedResolutionEstimator.java:41] Assuming 4K display capabilities because we can decode VP9 4K video.
04-29 12:45:51.955 1986 1986 D MusicPlaybackService: onRouteVolumeChanged: route=MediaRouter.RouteInfo{ uniqueId=android/.support.v7.media.SystemMediaRouteProvider:DEFAULT_ROUTE, name=TV, description=null, iconUri=null, enabled=true, connecting=false, connectionState=0, canDisconnect=false, playbackType=0, playbackStream=3, deviceType=0, volumeHandling=1, volume=14, volumeMax=15, presentationDisplayId=-1, extras=null, settingsIntent=null, providerPackageName=android }
04-29 12:45:51.955 831 914 I vol.Events: writeEvent level_changed STREAM_MUSIC 14
04-29 12:45:51.956 831 914 I vol.Events: writeEvent level_changed STREAM_BLUETOOTH_SCO 14
04-29 12:45:51.962 271 271 I NvAudioPolicyManager: setDeviceConnectionStateInt() device: 0x400, state 1, address name
04-29 12:45:51.963 271 271 I hash_map_utils: key: 'nv_param_passthrough_support' value: ''
04-29 12:45:51.963 271 271 I AudioFlinger: openOutput(), module 10 Device 400, SamplingRate 0, Format 00000000, Channels 0, flags 1
04-29 12:45:51.964 271 271 I AudioFlinger: HAL output buffer size 256 frames, normal sink buffer size 256 frames
04-29 12:45:51.964 271 4134 I AudioFlinger: AudioFlinger's thread 0x47e6a000 ready to run
04-29 12:45:51.964 271 271 W APM_AudioPolicyManager: checkOutputsForDevice() missing param
04-29 12:45:51.965 271 271 W APM_AudioPolicyManager: checkOutputsForDevice() could not open output for device 400
04-29 12:45:51.966 271 271 I hash_map_utils: key: 'nv_param_passthrough_support' value: ''
04-29 12:45:51.966 271 271 I AudioFlinger: openOutput(), module 10 Device 400, SamplingRate 0, Format 00000000, Channels 0, flags 1
04-29 12:45:51.966 271 271 I AudioFlinger: HAL output buffer size 256 frames, normal sink buffer size 256 frames
04-29 12:45:51.967 271 4135 I AudioFlinger: AudioFlinger's thread 0x47e6a000 ready to run
04-29 12:45:51.967 271 271 D APM_AudioPolicyManager: filterSurroundFormats: forced use = 0
04-29 12:45:51.968 271 271 I AudioFlinger: openOutput(), module 10 Device 400, SamplingRate 32000, Format 0x9000000, Channels 1, flags 1
04-29 12:45:51.968 271 271 I AudioHwDevice: openOutputStream(), HAL returned sampleRate 32000, Format 0x9000000, channelMask 0x1, status 22
04-29 12:45:51.969 271 271 I AudioSPDIF: SPDIFEncoder: mBurstBufferSizeBytes = 24576, littleEndian = 1
04-29 12:45:51.969 271 271 I AudioFlinger: SpdifStreamOut::open() AudioFlinger requested sampleRate 32000, format 0x9000000, channelMask 0x1
04-29 12:45:51.969 271 271 I AudioFlinger: SpdifStreamOut::open() HAL configured for sampleRate 32000, format 0x1, channelMask 0x3
04-29 12:45:51.969 271 271 I AudioFlinger: SpdifStreamOut::open() status = 0
04-29 12:45:51.969 271 271 I AudioFlinger: HAL output buffer size 2048 frames, normal sink buffer size 2048 frames
04-29 12:45:51.970 271 4136 I AudioFlinger: AudioFlinger's thread 0x47e6a000 ready to run
04-29 12:45:51.970 271 271 I hash_map_utils: key: 'nv_param_passthrough_support' value: ''
04-29 12:45:51.970 271 271 I hash_map_utils: key: 'nv_param_passthrough_support' value: ''
04-29 12:45:51.970 271 271 I AudioFlinger: openOutput(), module 10 Device 400, SamplingRate 88200, Format 0x000005, Channels 3, flags 1
04-29 12:45:51.970 271 271 W nvaudio_hw: sink doesn't support hra
04-29 12:45:51.971 271 271 I AudioHwDevice: openOutputStream(), HAL returned sampleRate 88200, Format 0x5, channelMask 0x3, status -22
04-29 12:45:51.971 271 271 W APM_AudioPolicyManager: checkOutputsForDevice() could not open output for device 400
04-29 12:45:51.975 678 678 V MediaRouter: Updating audio routes: AudioRoutesInfo{ type=HDMI }
04-29 12:45:51.975 831 831 V MediaRouter: Updating audio routes: AudioRoutesInfo{ type=HDMI }
04-29 12:45:51.975 831 831 V MediaRouter: Dispatching route change: RouteInfo{ name=HDMI, description=null, status=null, category=RouteCategory{ name=null types=ROUTE_TYPE_LIVE_AUDIO ROUTE_TYPE_LIVE_VIDEO groupable=false }, supportedTypes=ROUTE_TYPE_LIVE_AUDIO ROUTE_TYPE_LIVE_VIDEO , presentationDisplay=null }
04-29 12:45:51.975 678 678 V MediaRouter: Dispatching route change: RouteInfo{ name=HDMI, description=null, status=null, category=RouteCategory{ name=null types=ROUTE_TYPE_LIVE_AUDIO ROUTE_TYPE_LIVE_VIDEO groupable=false }, supportedTypes=ROUTE_TYPE_LIVE_AUDIO ROUTE_TYPE_LIVE_VIDEO , presentationDisplay=null }
04-29 12:45:51.975 1986 1986 V MediaRouter: Updating audio routes: AudioRoutesInfo{ type=HDMI }
04-29 12:45:51.975 3267 3267 I pgService/AudioEndPointBroadcastReceiver: HDMI Audio receiver channels = 8
04-29 12:45:51.976 2341 2341 D cr_AvSettingsAndroid: [AvSettingsAndroid.java:147] HDMI plug update: action=android.media.action.HDMI_AUDIO_PLUG, plug=1
04-29 12:45:51.976 3267 3267 I pgService/AudioEndPointBroadcastReceiver:
04-29 12:45:51.976 1986 1986 V MediaRouter: Dispatching route change: RouteInfo{ name=HDMI, description=null, status=null, category=RouteCategory{ name=null types=ROUTE_TYPE_LIVE_AUDIO ROUTE_TYPE_LIVE_VIDEO groupable=false }, supportedTypes=ROUTE_TYPE_LIVE_AUDIO ROUTE_TYPE_LIVE_VIDEO , presentationDisplay=null }
04-29 12:45:51.976 3267 3267 I pgService/AudioEndPointBroadcastReceiver: 2
04-29 12:45:51.976 3267 3267 I pgService/AudioEndPointBroadcastReceiver: 5
04-29 12:45:51.976 3267 3267 I pgService/AudioEndPointBroadcastReceiver: 13
04-29 12:45:51.976 3267 3267 I pgService/AudioEndPointBroadcastReceiver:
04-29 12:45:51.977 2341 2341 D cr_AvSettingsAndroid: [AvSettingsAndroid.java:155] Max channel count = 8
04-29 12:45:51.978 2341 2341 D cr_AvSettingsAndroid: [AvSettingsAndroid.java:138] Supported audio codecs:17
04-29 12:45:51.978 2341 2563 I chromium: [2341:2563:INFO:media_manager_impl.cc(1000)] New audio codecs supported: new_codecs=17, old_codecs=0
04-29 12:45:51.980 2341 2563 W cr_AvSettingsAndroid: getDolbyVisionFlags() not supported, returning 0
04-29 12:45:51.980 1986 1986 D MusicPlaybackService: onRouteVolumeChanged: route=MediaRouter.RouteInfo{ uniqueId=android/.support.v7.media.SystemMediaRouteProvider:DEFAULT_ROUTE, name=HDMI, description=null, iconUri=null, enabled=true, connecting=false, connectionState=0, canDisconnect=false, playbackType=0, playbackStream=3, deviceType=0, volumeHandling=1, volume=15, volumeMax=15, presentationDisplayId=-1, extras=null, settingsIntent=null, providerPackageName=android }
04-29 12:45:51.980 831 914 I vol.Events: writeEvent level_changed STREAM_MUSIC 15
04-29 12:45:51.981 831 914 I vol.Events: writeEvent level_changed STREAM_BLUETOOTH_SCO 15
04-29 12:45:51.981 2341 2563 D cr_EstimateResolution: [MaxAnticipatedResolutionEstimator.java:41] Assuming 4K display capabilities because we can decode VP9 4K video.
04-29 12:45:53.636 281 281 I WVCdm : CdmEngine::QueryStatus
04-29 12:45:53.636 281 281 I WVCdm : Level3 Library 4445 Mar 30 2016 13:23:54
04-29 12:45:53.639 281 281 W WVCdm : Could not read /data/mediadrm/IDM1013/ay64.dat2: No such file or directory
04-29 12:45:53.640 281 281 E oemcrypto_cenc: OEMCrypto_APIVersion: 11
04-29 12:45:53.640 281 281 D WVCdm : OEMCrypto_Initialize Level 1 success. I will use level 1.
04-29 12:45:54.001 281 414 I WVCdm : CdmEngine::QueryStatus
04-29 12:45:54.002 281 414 I WVCdm : Level3 Library 4445 Mar 30 2016 13:23:54
04-29 12:45:54.005 281 414 W WVCdm : Could not read /data/mediadrm/IDM1013/ay64.dat2: No such file or directory
04-29 12:45:54.005 281 414 E oemcrypto_cenc: OEMCrypto_APIVersion: 11
04-29 12:45:54.006 281 414 D WVCdm : OEMCrypto_Initialize Level 1 success. I will use level 1.
04-29 12:45:54.546 281 3974 I WVCdm : CdmEngine::QueryStatus
04-29 12:45:54.546 281 3974 I WVCdm : Level3 Library 4445 Mar 30 2016 13:23:54
04-29 12:45:54.549 281 3974 W WVCdm : Could not read /data/mediadrm/IDM1013/ay64.dat2: No such file or directory
04-29 12:45:54.550 281 3974 E oemcrypto_cenc: OEMCrypto_APIVersion: 11
04-29 12:45:54.550 281 3974 D WVCdm : OEMCrypto_Initialize Level 1 success. I will use level 1.
04-29 12:45:55.374 281 2695 I WVCdm : CdmEngine::QueryStatus
04-29 12:45:55.374 281 2695 I WVCdm : Level3 Library 4445 Mar 30 2016 13:23:54
04-29 12:45:55.377 281 2695 W WVCdm : Could not read /data/mediadrm/IDM1013/ay64.dat2: No such file or directory
04-29 12:45:55.378 281 2695 E oemcrypto_cenc: OEMCrypto_APIVersion: 11
04-29 12:45:55.378 281 2695 D WVCdm : OEMCrypto_Initialize Level 1 success. I will use level 1.
04-29 12:45:56.729 281 4119 I WVCdm : CdmEngine::QueryStatus
04-29 12:45:56.730 281 4119 I WVCdm : Level3 Library 4445 Mar 30 2016 13:23:54
04-29 12:45:56.733 281 4119 W WVCdm : Could not read /data/mediadrm/IDM1013/ay64.dat2: No such file or directory
04-29 12:45:56.733 281 4119 E oemcrypto_cenc: OEMCrypto_APIVersion: 11
04-29 12:45:56.734 281 4119 D WVCdm : OEMCrypto_Initialize Level 1 success. I will use level 1.
04-29 12:45:58.872 281 4045 I WVCdm : CdmEngine::QueryStatus
04-29 12:45:58.872 281 4045 I WVCdm : Level3 Library 4445 Mar 30 2016 13:23:54
04-29 12:45:58.875 281 4045 W WVCdm : Could not read /data/mediadrm/IDM1013/ay64.dat2: No such file or directory
04-29 12:45:58.876 281 4045 E oemcrypto_cenc: OEMCrypto_APIVersion: 11
04-29 12:45:58.876 281 4045 D WVCdm : OEMCrypto_Initialize Level 1 success. I will use level 1.
04-29 12:46:00.843 678 678 W HDMI : [2]:Unexpected parameters: src: 0, dst: 11
04-29 12:46:02.267 281 281 I WVCdm : CdmEngine::QueryStatus
04-29 12:46:02.268 281 281 I WVCdm : Level3 Library 4445 Mar 30 2016 13:23:54
04-29 12:46:02.271 281 281 W WVCdm : Could not read /data/mediadrm/IDM1013/ay64.dat2: No such file or directory
04-29 12:46:02.271 281 281 E oemcrypto_cenc: OEMCrypto_APIVersion: 11
04-29 12:46:02.272 281 281 D WVCdm : OEMCrypto_Initialize Level 1 success. I will use level 1.
04-29 12:46:07.654 281 414 I WVCdm : CdmEngine::QueryStatus
04-29 12:46:07.655 281 414 I WVCdm : Level3 Library 4445 Mar 30 2016 13:23:54
04-29 12:46:07.658 281 414 W WVCdm : Could not read /data/mediadrm/IDM1013/ay64.dat2: No such file or directory
04-29 12:46:07.658 281 414 E oemcrypto_cenc: OEMCrypto_APIVersion: 11
04-29 12:46:07.659 281 414 D WVCdm : OEMCrypto_Initialize Level 1 success. I will use level 1.